01-01 08:00:45.972 E/swr-wcd wsa_swr_ctrl( 0): swrm_get_logical_dev_num: device 0x1021170213 is not ready
01-01 08:00:45.981 E/swr_get_logical_dev_num( 0): Error -22 to get logical addr for device 1021170213
01-01 08:00:45.981 D/cnss ( 0): Sending respond memory message, state: 0x9
01-01 08:00:45.989 D/cnss ( 0): Memory for FW, va: 0xffffff8025d2b000, pa: 0x00000000a1000000, size: 0x5e0000, type: 1
01-01 08:00:45.989 D/cnss ( 0): Memory for FW, va: 0xffffff801f6da000, pa: 0x00000000a1600000, size: 0xd8000, type: 4
01-01 08:00:45.991 W/wsa881x ( 0): probe of wsa881x.1021170213 failed with error -22
01-01 08:00:45.995 W/QSEECOM ( 0): qseecom_load_app: App with id 5 (featenabler) now loaded
01-01 08:00:46.005 D/cnss ( 0): PM relax, state: 0x9, count: 0
01-01 08:00:46.005 E/swr-wcd wsa_swr_ctrl( 0): swrm_get_logical_dev_num: device 0x1021170214 is not ready
01-01 08:00:46.008 D/cnss ( 0): Received QMI WLFW FW memory ready indication
01-01 08:00:46.012 W/subsys-pil-tz soc( 0): qcom,kgsl-hyp: Falling back to syfs fallback for: a650_zap.mdt
01-01 08:00:46.014 E/swr_get_logical_dev_num( 0): Error -22 to get logical addr for device 1021170214
01-01 08:00:46.014 D/cnss ( 0): Posting event: FW_MEM_READY(3), state: 0x9 flags: 0x0
01-01 08:00:46.023 D/cnss ( 0): PM stay awake, state: 0x9, count: 1
01-01 08:00:46.023 D/cnss ( 0): PM relax, state: 0x9, count: 0
01-01 08:00:46.023 D/cnss ( 0): PM stay awake, state: 0x9, count: 1
01-01 08:00:46.023 D/cnss ( 0): Processing driver event: FW_MEM_READY(3), state: 0x9
01-01 08:00:46.023 D/cnss ( 0): Sending target capability message, state: 0xb
01-01 08:00:46.024 W/wsa881x ( 0): probe of wsa881x.1021170214 failed with error -22
01-01 08:00:46.029 D/cnss ( 0): Voltage for CPR: 948mV
01-01 08:00:46.029 D/cnss ( 0): Got voltage 800mV from i: 0, j: 0
01-01 08:00:46.029 D/cnss ( 0): Got voltage 1012mV from i: 4, j: 1
01-01 08:00:46.029 D/cnss ( 0): Update TCS CMD data address 0x000000000b2e5844 with voltage 950mV
01-01 08:00:46.029 D/cnss ( 0): Device frequency is 24000000 HZ
01-01 08:00:46.029 D/cnss ( 0): Target capability: chip_id: 0x0, chip_family: 0xb, board_id: 0xff, soc_id: 0xffffffff, fw_version: 0x101a0521, fw_build_timestamp: 2021-12-20 07:54, fw_build_id: QC_IMAGE_VERSION_STRING=WLAN.HST.1.0.1.r1-01313-QCAHSTSWPL_SILICONZ-1, otp_version: 0x0
01-01 08:00:46.029 D/cnss ( 0): Sending BDF download message, state: 0xb, type: 4
01-01 08:00:46.029 D/cnss ( 0): FW name added with prefix: qca6390/regdb.bin
01-01 08:00:46.030 W/cnss2 b0000000.qcom,cnss-qca6390( 0): Falling back to syfs fallback for: qca6390/regdb.bin
01-01 08:00:46.038 E/register_client_adhoc( 0): find path.src 1 dest 589
01-01 08:00:46.039 E/register_client_adhoc( 0): Failed to find path.src 1 dest 589
01-01 08:00:46.044 W/QSEECOM ( 0): qseecom_load_app: App (fingerpr) does'nt exist, loading apps for first time
01-01 08:00:46.045 I/ueventd ( 0): firmware: loading 'a650_zap.mdt' for '/devices/platform/soc/soc:qcom,kgsl-hyp/firmware/a650_zap.mdt'
01-01 08:00:46.053 E/ ( 0): [drm:dp_display_init_aux_switch][msm-dp-err][447 ]failed to register notifier (-22)
01-01 08:00:46.054 I/ueventd ( 0): loading /devices/platform/soc/soc:qcom,kgsl-hyp/firmware/a650_zap.mdt took 16ms
01-01 08:00:46.055 I/ueventd ( 0): firmware: loading 'qca6390/regdb.bin' for '/devices/platform/soc/b0000000.qcom,cnss-qca6390/firmware/qca6390!regdb.bin'
01-01 08:00:46.065 E/ueventd ( 0): firmware: could not find firmware for qca6390/regdb.bin
01-01 08:00:46.073 E/ueventd ( 0): firmware: attempted /etc/firmware/qca6390/regdb.bin, open failed: No such file or directory
01-01 08:00:46.075 E/swr-wcd rx_swr_ctrl( 0): swrm_get_logical_dev_num: device 0xd01170224 is not ready
01-01 08:00:46.084 E/ueventd ( 0): firmware: attempted /odm/firmware/qca6390/regdb.bin, open failed: No such file or directory
01-01 08:00:46.092 E/swr_get_logical_dev_num( 0): Error -22 to get logical addr for device d01170224
01-01 08:00:46.099 I/IntentFirewall( 1017): Read new rules (A:0 B:0 S:0)
01-01 08:00:46.103 E/ueventd ( 0): firmware: attempted /vendor/firmware/qca6390/regdb.bin, open failed: No such file or directory
01-01 08:00:46.103 E/ueventd ( 0): firmware: attempted /firmware/image/qca6390/regdb.bin, open failed: No such file or directory
01-01 08:00:46.103 E/ueventd ( 0): firmware: attempted /vendor/firmware_mnt/image/qca6390/regdb.bin, open failed: No such file or directory
01-01 08:00:46.103 I/ueventd ( 0): loading /devices/platform/soc/b0000000.qcom,cnss-qca6390/firmware/qca6390!regdb.bin took 47ms
01-01 08:00:46.107 E/cnss ( 0): Failed to load BDF: qca6390/regdb.bin
01-01 08:00:46.107 D/cnss ( 0): Sending BDF download message, state: 0xb, type: 1
01-01 08:00:46.107 D/cnss ( 0): FW name added with prefix: qca6390/bdwlan.elf
01-01 08:00:46.107 W/cnss2 b0000000.qcom,cnss-qca6390( 0): Falling back to syfs fallback for: qca6390/bdwlan.elf
01-01 08:00:46.111 E/swr-wcd rx_swr_ctrl( 0): swrm_get_logical_dev_num: device 0xd01170224 is not ready
01-01 08:00:46.112 I/subsys-pil-tz soc( 0): qcom,kgsl-hyp: a650_zap: loading from 0x00000000fcf00000 to 0x00000000fcf01000
01-01 08:00:46.144 E/swr_get_logical_dev_num( 0): Error -22 to get logical addr for device d01170224
01-01 08:00:46.144 D/AppOps ( 1017): AppOpsService published
01-01 08:00:46.146 D/SystemServerTiming( 1017): StartActivityManager took to complete: 4222ms
01-01 08:00:46.146 I/SystemServerTiming( 1017): StartDataLoaderManagerService
01-01 08:00:46.146 I/SystemServiceManager( 1017): Starting com.android.server.pm.DataLoaderManagerService
01-01 08:00:46.146 E/swr-wcd rx_swr_ctrl( 0): swrm_get_logical_dev_num: device 0xd01170224 is not ready
01-01 08:00:46.147 W/QSEECOM ( 0): qseecom_load_app: App with id 6 (fingerpr) now loaded
01-01 08:00:46.151 W/subsys-pil-tz soc( 0): qcom,kgsl-hyp: Falling back to syfs fallback for: a650_zap.b02
01-01 08:00:46.157 D/cnss ( 0): Downloading BDF: qca6390/bdwlan.elf, size: 57908
01-01 08:00:46.159 E/swr_get_logical_dev_num( 0): Error -22 to get logical addr for device d01170224
01-01 08:00:46.162 D/SystemServerTiming( 1017): StartDataLoaderManagerService took to complete: 16ms
01-01 08:00:46.162 I/SystemServerTiming( 1017): StartIncrementalService
01-01 08:00:46.166 I/qcom_rpmh DRV( 0): apps_rsc TCS Busy, retrying RPMH message send: addr=0x30080
01-01 08:00:46.176 W/ ( 0): ------------[ cut here ]------------
01-01 08:00:46.176 I/ ( 0): IRQs not enabled as expected
01-01 08:00:46.176 W/ ( 0): WARNING: CPU: 0 PID: 660 at kernel/softirq.c:161 __local_bh_enable_ip+0x140/0x158
01-01 08:00:46.176 I/ ( 0): Modules linked in: wlan(O+) tsnv(O) machine_dlkm(O) wcd938x_slave_dlkm(O) wcd938x_dlkm(O) wcd9xxx_dlkm(O) mbhc_dlkm(O) tx_macro_dlkm(O) rx_macro_dlkm(O) va_macro_dlkm(O) wsa_macro_dlkm(O) swr_ctrl_dlkm(O) bolero_cdc_dlkm(O) wsa881x_dlkm(O) wcd_core_dlkm(O) stub_dlkm(O) hdmi_dlkm(O) swr_dlkm(O) pinctrl_lpi_dlkm(O) pinctrl_wcd_dlkm(O) usf_dlkm(O) native_dlkm(O) platform_dlkm(O) q6_dlkm(O) adsp_loader_dlkm(O) apr_dlkm(O) snd_event_dlkm(O) q6_notifier_dlkm(O) q6_pdr_dlkm(O) msm_11ad_proxy
01-01 08:00:46.176 I/ ( 0): CPU: 0 PID: 660 Comm: vendor.ts.uart@ Tainted: G S W O 4.19.157+ #1
01-01 08:00:46.176 I/Hardware name( 0): Qualcomm Technologies, Inc. kona MTP-RmPM8150b. VX1(MCE) EVT1 (DT)
01-01 08:00:46.176 I/pstate ( 0): 60400085 (nZCv daIf +PAN -UAO)
01-01 08:00:46.176 I/pc ( 0): __local_bh_enable_ip+0x140/0x158
01-01 08:00:46.176 I/lr ( 0): __local_bh_enable_ip+0x140/0x158
01-01 08:00:46.176 I/sp ( 0): ffffff801e3a3a20
01-01 08:00:46.176 I/ ( 0): x29: ffffff801e3a3a20 x28: ffffffc1f8100980
01-01 08:00:46.176 I/ ( 0): x27: ffffffc1af658040 x26: ffffffa9286eecf8
01-01 08:00:46.176 I/ ( 0): x25: ffffffc178a75dd8 x24: ffffffc178a75dd0
01-01 08:00:46.181 D/SystemServerTiming( 1017): StartIncrementalService took to complete: 19ms
01-01 08:00:46.181 I/SystemServerTiming( 1017): StartPowerManager
01-01 08:00:46.181 I/SystemServiceManager( 1017): Starting com.android.server.power.PowerManagerService
01-01 08:00:46.176 I/ ( 0): x23: ffffffc178a75dc8 x22: ffffffa928001018
01-01 08:00:46.176 I/ ( 0): x21: ffffffc1af658040 x20: ffffffa926f0b150
01-01 08:00:46.176 I/ ( 0): x19: 0000000000000200 x18: 000000000000002c
01-01 08:00:46.176 I/ ( 0): x17: ffffffa92963e000 x16: 00000000fffbf4bc
01-01 08:00:46.176 I/ ( 0): x15: 00000000000bf4bc x14: ffffffc1ff023348
01-01 08:00:46.184 I/ ( 0): x13: 0000000000000000 x12: 00000000000000e0
01-01 08:00:46.184 I/ ( 0): x11: 0000000000000000 x10: 0000000000000000
01-01 08:00:46.184 I/ ( 0): x9 : e9f16285cf075b00 x8 : e9f16285cf075b00
01-01 08:00:46.184 I/ ( 0): x7 : ffffffa925b820f4 x6 : 0000000000000000
01-01 08:00:46.184 I/ ( 0): x5 : 0000000000000080 x4 : 0000000000000001
01-01 08:00:46.184 I/ ( 0): x3 : 0000000000000000 x2 : 0000000000000003
01-01 08:00:46.184 I/ ( 0): x1 : 0000000000000003 x0 : 000000000000001c
01-01 08:00:46.184 I/Call trace( 0):
01-01 08:00:46.184 I/ ( 0): __local_bh_enable_ip+0x140/0x158
01-01 08:00:46.184 I/ ( 0): local_bh_enable+0x18/0x20
01-01 08:00:46.184 I/ ( 0): destroy_conntrack+0xb0/0x1d0
01-01 08:00:46.184 I/ ( 0): nf_conntrack_destroy+0xb8/0x118
01-01 08:00:46.184 I/ ( 0): skb_release_head_state+0x94/0xb8
01-01 08:00:46.184 I/ ( 0): consume_skb+0x158/0x1e8
01-01 08:00:46.184 I/ ( 0): lan743x_tx_release_desc+0xbc/0x130
01-01 08:00:46.184 I/ ( 0): lan743x_tx_napi_poll+0xe8/0x260
01-01 08:00:46.184 I/ ( 0): net_rx_action+0x144/0x5d0
01-01 08:00:46.184 I/ ( 0): __do_softirq+0x280/0x554
01-01 08:00:46.184 I/ ( 0): __local_bh_enable_ip+0x118/0x158
01-01 08:00:46.184 I/ ( 0): local_bh_enable+0x18/0x20
01-01 08:00:46.184 I/ ( 0): fpsimd_restore_current_state+0x80/0x90
01-01 08:00:46.184 I/ ( 0): do_notify_resume+0x730/0x788
01-01 08:00:46.184 I/ ( 0): work_pending+0x8/0x14
01-01 08:00:46.184 I/ ( 0): irq event stamp: 9667
01-01 08:00:46.184 I/ ( 0): hardirqs last enabled at (9666): [] net_rx_action+0xb4/0x5d0
01-01 08:00:46.184 I/ ( 0): hardirqs last disabled at (9667): [] _raw_spin_lock_irqsave+0x28/0x98
01-01 08:00:46.184 I/ ( 0): softirqs last enabled at (9656): [] local_bh_enable+0x0/0x20
01-01 08:00:46.184 I/ ( 0): softirqs last disabled at (9657): [] __local_bh_enable_ip+0x118/0x158
01-01 08:00:46.184 W/ ( 0): ---[ end trace afc781580c54b6fd ]---
01-01 08:00:46.185 E/swr-wcd rx_swr_ctrl( 0): swrm_get_logical_dev_num: device 0xd01170224 is not ready
01-01 08:00:46.189 I/subsys-pil-tz soc( 0): qcom,kgsl-hyp: a650_zap: Brought out of reset
01-01 08:00:46.194 E/swr_get_logical_dev_num( 0): Error -22 to get logical addr for device d01170224
01-01 08:00:46.205 E/swr-wcd rx_swr_ctrl( 0): swrm_get_logical_dev_num: device 0xd01170224 is not ready
01-01 08:00:46.213 E/swr_get_logical_dev_num( 0): Error -22 to get logical addr for device d01170224
01-01 08:00:46.222 E/wcd938x_codec wcd938x-codec( 0): wcd938x_bind: Slave bind failed, ret = -517
01-01 08:00:46.229 D/cnss ( 0): FW name added with prefix: qca6390/m3.bin
01-01 08:00:46.230 W/cnss_pci 0000( 0): 01:00.0: Falling back to syfs fallback for: qca6390/m3.bin
01-01 08:00:46.249 I/binder ( 0): 1125:1144 ioctl 40046210 702608a144 returned -22
01-01 08:00:46.243 D/SystemServerTiming( 1017): StartPowerManager took to complete: 63ms
01-01 08:00:46.243 I/SystemServerTiming( 1017): StartThermalManager
01-01 08:00:46.243 I/SystemServiceManager( 1017): Starting com.android.server.power.ThermalManagerService
01-01 08:00:46.244 D/SystemServerTiming( 1017): StartThermalManager took to complete: 1ms
01-01 08:00:46.245 I/SystemServerTiming( 1017): StartHintManager
01-01 08:00:46.245 I/SystemServiceManager( 1017): Starting com.android.server.power.hint.HintManagerService
01-01 08:00:46.247 D/SystemServerTiming( 1017): StartHintManager took to complete: 2ms
01-01 08:00:46.247 I/SystemServerTiming( 1017): InitPowerManagement
01-01 08:00:46.253 D/SystemServerTiming( 1017): InitPowerManagement took to complete: 7ms
01-01 08:00:46.253 I/SystemServerTiming( 1017): StartRecoverySystemService
01-01 08:00:46.254 I/SystemServiceManager( 1017): Starting com.android.server.recoverysystem.RecoverySystemService$Lifecycle
01-01 08:00:46.257 D/SystemServerTiming( 1017): StartRecoverySystemService took to complete: 3ms
01-01 08:00:46.261 I/SystemServerTiming( 1017): StartLightsService
01-01 08:00:46.261 I/SystemServiceManager( 1017): Starting com.android.server.lights.LightsService
01-01 08:00:46.267 E/init ( 0): Control message: Could not find 'android.frameworks.sensorservice@1.0::ISensorManager/default' for ctl.interface_start from pid: 506 (/system/bin/hwservicemanager)
01-01 08:00:46.283 D/cnss ( 0): Sending M3 information message, state: 0xb
01-01 08:00:46.283 D/cnss ( 0): M3 memory, va: 0xffffff8020001000, pa: 0x00000000a1800000, size: 0x411bc
01-01 08:00:46.290 D/cnss ( 0): PM relax, state: 0xb, count: 0
01-01 08:00:46.285 D/SystemServerTiming( 1017): StartLightsService took to complete: 24ms
01-01 08:00:46.285 I/SystemServerTiming( 1017): StartSidekickService
01-01 08:00:46.285 D/SystemServerTiming( 1017): StartSidekickService took to complete: 0ms
01-01 08:00:46.285 I/SystemServerTiming( 1017): StartDisplayManager
01-01 08:00:46.285 I/SystemServiceManager( 1017): Starting com.android.server.display.DisplayManagerService
01-01 08:00:46.292 D/cnss ( 0): Received QMI WLFW FW initialization done indication
01-01 08:00:46.304 D/SystemServerTiming( 1017): StartDisplayManager took to complete: 19ms
01-01 08:00:46.304 I/SystemServerTiming( 1017): WaitForDisplay
01-01 08:00:46.304 I/SystemServiceManager( 1017): Starting phase 100
01-01 08:00:46.304 I/SystemServerTiming( 1017): OnBootPhase_100
01-01 08:00:46.304 I/SystemServerTiming( 1017): OnBootPhase_100_com.android.server.security.FileIntegrityService
01-01 08:00:46.305 D/SystemServerTiming( 1017): OnBootPhase_100_com.android.server.security.FileIntegrityService took to complete: 0ms
01-01 08:00:46.305 I/SystemServerTiming( 1017): OnBootPhase_100_com.android.server.pm.Installer
01-01 08:00:46.305 D/SystemServerTiming( 1017): OnBootPhase_100_com.android.server.pm.Installer took to complete: 0ms
01-01 08:00:46.305 I/SystemServerTiming( 1017): OnBootPhase_100_com.android.server.os.DeviceIdentifiersPolicyService
01-01 08:00:46.305 D/SystemServerTiming( 1017): OnBootPhase_100_com.android.server.os.DeviceIdentifiersPolicyService took to complete: 0ms
01-01 08:00:46.305 I/SystemServerTiming( 1017): OnBootPhase_100_com.android.server.uri.UriGrantsManagerService$Lifecycle
01-01 08:00:46.305 D/SystemServerTiming( 1017): OnBootPhase_100_com.android.server.uri.UriGrantsManagerService$Lifecycle took to complete: 0ms
01-01 08:00:46.305 I/SystemServerTiming( 1017): OnBootPhase_100_com.android.server.powerstats.PowerStatsService
01-01 08:00:46.305 D/SystemServerTiming( 1017): OnBootPhase_100_com.android.server.powerstats.PowerStatsService took to complete: 0ms
01-01 08:00:46.305 I/SystemServerTiming( 1017): OnBootPhase_100_com.android.server.wm.ActivityTaskManagerService$Lifecycle
01-01 08:00:46.306 D/SystemServerTiming( 1017): OnBootPhase_100_com.android.server.wm.ActivityTaskManagerService$Lifecycle took to complete: 0ms
01-01 08:00:46.306 I/SystemServerTiming( 1017): OnBootPhase_100_com.android.server.am.ActivityManagerService$Lifecycle
01-01 08:00:46.306 D/SystemServerTiming( 1017): OnBootPhase_100_com.android.server.am.ActivityManagerService$Lifecycle took to complete: 0ms
01-01 08:00:46.306 I/SystemServerTiming( 1017): OnBootPhase_100_com.android.server.pm.DataLoaderManagerService
01-01 08:00:46.306 D/SystemServerTiming( 1017): OnBootPhase_100_com.android.server.pm.DataLoaderManagerService took to complete: 0ms
01-01 08:00:46.306 I/SystemServerTiming( 1017): OnBootPhase_100_com.android.server.power.PowerManagerService
01-01 08:00:46.306 D/SystemServerTiming( 1017): OnBootPhase_100_com.android.server.power.PowerManagerService took to complete: 0ms
01-01 08:00:46.306 I/SystemServerTiming( 1017): OnBootPhase_100_com.android.server.power.ThermalManagerService
01-01 08:00:46.306 D/SystemServerTiming( 1017): OnBootPhase_100_com.android.server.power.ThermalManagerService took to complete: 0ms
01-01 08:00:46.292 D/cnss ( 0): Posting event: FW_READY(4), state: 0xb flags: 0x0
01-01 08:00:46.292 D/cnss ( 0): PM stay awake, state: 0xb, count: 1
01-01 08:00:46.292 D/cnss ( 0): PM relax, state: 0xb, count: 0
01-01 08:00:46.292 D/cnss ( 0): PM stay awake, state: 0xb, count: 1
01-01 08:00:46.292 D/cnss ( 0): Processing driver event: FW_READY(4), state: 0xb
01-01 08:00:46.292 D/cnss ( 0): PCIE Gen speed not setup
01-01 08:00:46.292 D/cnss ( 0): Sending antenna switch sync request, state: 0xf
01-01 08:00:46.295 E/init ( 0): Control message: Could not find 'android.frameworks.sensorservice@1.0::ISensorManager/default' for ctl.interface_start from pid: 506 (/system/bin/hwservicemanager)
01-01 08:00:46.306 I/SystemServerTiming( 1017): OnBootPhase_100_com.android.server.power.hint.HintManagerService
01-01 08:00:46.308 D/SystemServerTiming( 1017): OnBootPhase_100_com.android.server.power.hint.HintManagerService took to complete: 0ms
01-01 08:00:46.308 I/SystemServerTiming( 1017): OnBootPhase_100_com.android.server.recoverysystem.RecoverySystemService$Lifecycle
01-01 08:00:46.308 D/SystemServerTiming( 1017): OnBootPhase_100_com.android.server.recoverysystem.RecoverySystemService$Lifecycle took to complete: 0ms
01-01 08:00:46.308 I/SystemServerTiming( 1017): OnBootPhase_100_com.android.server.lights.LightsService
01-01 08:00:46.308 D/SystemServerTiming( 1017): OnBootPhase_100_com.android.server.lights.LightsService took to complete: 0ms
01-01 08:00:46.308 I/SystemServerTiming( 1017): OnBootPhase_100_com.android.server.display.DisplayManagerService
01-01 08:00:46.312 E/cnss ( 0): Antenna switch request failed, result: 1, err: 94
01-01 08:00:46.318 D/cnss ( 0): Sending mode message, mode: CALIBRATION(7), state: 0xf
01-01 08:00:46.335 I/DisplayDeviceRepository( 1017): Display device added: DisplayDeviceInfo{"内置屏幕": uniqueId="local:4630946370410392961", 2380 x 1020, modeId 1, defaultModeId 1, supportedModes [{id=1, width=2380, height=1020, fps=60.000004, alternativeRefreshRates=[30.000002, 45.0]}, {id=2, width=2380, height=1020, fps=45.0, alternativeRefreshRates=[30.000002, 60.000004]}, {id=3, width=2380, height=1020, fps=30.000002, alternativeRefreshRates=[45.0, 60.000004]}], colorMode 0, supportedColorModes [0], hdrCapabilities HdrCapabilities{mSupportedHdrTypes=[2, 3, 4], mMaxLuminance=500.0, mMaxAverageLuminance=500.0, mMinLuminance=0.0}, allmSupported false, gameContentTypeSupported false, density 240, 319.851 x 319.851 dpi, appVsyncOff 1000000, presDeadline 16666666, touch INTERNAL, rotation 0, type INTERNAL, address {port=129, model=0x40446d3026322d}, deviceProductInfo DeviceProductInfo{name=, manufacturerPnpId=QCM, productId=1, modelYear=null, manufactureDate=ManufactureDate{week=27, year=2006}, connectionToSinkType=0}, state UNKNOWN, frameRateOverride , brightnessMinimum 0.0, brightnessMaximum 1.0, brightnessDefault 1.0, FLAG_DEFAULT_DISPLAY, FLAG_ROTATES_WITH_CONTENT, FLAG_SECURE, FLAG_SUPPORTS_PROTECTED_BUFFERS}
01-01 08:00:46.342 I/LogicalDisplayMapper( 1017): Applying layout: [{addr: {port=129, model=0x40446d3026322d}, dispId: 0(ON)}], Previous layout: null
01-01 08:00:46.357 I/LogicalDisplayMapper( 1017): Adding new display: 0: DisplayInfo{"内置屏幕", displayId 0", displayGroupId -1, FLAG_SECURE, FLAG_SUPPORTS_PROTECTED_BUFFERS, FLAG_TRUSTED, real 2380 x 1020, largest app 2380 x 1020, smallest app 2380 x 1020, appVsyncOff 1000000, presDeadline 16666666, mode 1, defaultMode 1, modes [{id=1, width=2380, height=1020, fps=60.000004, alternativeRefreshRates=[30.000002, 45.0]}, {id=2, width=2380, height=1020, fps=45.0, alternativeRefreshRates=[30.000002, 60.000004]}, {id=3, width=2380, height=1020, fps=30.000002, alternativeRefreshRates=[45.0, 60.000004]}], hdrCapabilities HdrCapabilities{mSupportedHdrTypes=[2, 3, 4], mMaxLuminance=500.0, mMaxAverageLuminance=500.0, mMinLuminance=0.0}, userDisabledHdrTypes [], minimalPostProcessingSupported false, rotation 0, state UNKNOWN, type INTERNAL, uniqueId "local:4630946370410392961", app 2380 x 1020, density 240 (319.851 x 319.851) dpi, layerStack 0, colorMode 0, supportedColorModes [0], address {port=129, model=0x40446d3026322d}, deviceProductInfo DeviceProductInfo{name=, manufacturerPnpId=QCM, productId=1, modelYear=null, manufactureDate=ManufactureDate{week=27, year=2006}, connectionToSinkType=0}, removeMode 0, refreshRateOverride 0.0, brightnessMinimum 0.0, brightnessMaximum 1.0, brightnessDefault 1.0}
01-01 08:00:46.358 I/LogicalDisplayMapper( 1017): Setting new display group 0 for display 0, from previous group: null
01-01 08:00:46.376 E/DisplayDeviceConfig( 1017): requesting nits when no mapping exists.
01-01 08:00:46.379 E/DisplayDeviceConfig( 1017): requesting nits when no mapping exists.
01-01 08:00:46.382 W/SystemServiceManager( 1017): Service com.android.server.display.DisplayManagerService took 73 ms in onBootPhase
01-01 08:00:46.382 D/SystemServerTiming( 1017): OnBootPhase_100_com.android.server.display.DisplayManagerService took to complete: 73ms
01-01 08:00:46.382 D/SystemServerTiming( 1017): OnBootPhase_100 took to complete: 77ms
01-01 08:00:46.382 D/SystemServerTiming( 1017): WaitForDisplay took to complete: 78ms
01-01 08:00:46.382 I/SystemServerTiming( 1017): StartDomainVerificationService
01-01 08:00:46.383 D/SystemServerTiming( 1017): StartDomainVerificationService took to complete: 2ms
01-01 08:00:46.384 I/SystemServerTiming( 1017): StartPackageManagerService
01-01 08:00:46.384 I/Watchdog( 1017): Pausing HandlerChecker: main thread for reason: packagemanagermain. Pause count: 1
01-01 08:00:46.385 I/PackageManagerTiming( 1017): create package manager
01-01 08:00:46.394 I/DisplayDeviceRepository( 1017): Display device changed state: "内置屏幕", ON
01-01 08:00:46.396 I/PackageManagerTiming( 1017): readListOfPackagesToBeDisabled
01-01 08:00:46.396 D/PackageManager( 1017): Disabling packages for wifi-only device, source: /vendor/etc/telephony_packages.xml
01-01 08:00:46.397 D/PackageManagerTiming( 1017): readListOfPackagesToBeDisabled took to complete: 1ms
01-01 08:00:46.397 I/PackageManagerTiming( 1017): createSubComponents
01-01 08:00:46.432 W/QSEECOM ( 0): __qseecom_unload_app: App (6) is unloaded
01-01 08:00:46.435 D/qbt ( 0): qbt_release: entry minor_no=0 fd_available=0
01-01 08:00:46.436 D/qbt ( 0): qbt_release: Releasing wakelock
01-01 08:00:46.436 D/qbt ( 0): qbt_release: exit : fd_available=1
01-01 08:00:46.436 D/qbt ( 0): qbt_release: entry minor_no=1 fd_available=1
01-01 08:00:46.436 D/qbt ( 0): qbt_release: exit : fd_available=1
01-01 08:00:46.444 D/PackageManagerTiming( 1017): createSubComponents took to complete: 47ms
01-01 08:00:46.444 I/PackageManagerTiming( 1017): addSharedUsers
01-01 08:00:46.444 D/PackageManagerTiming( 1017): addSharedUsers took to complete: 0ms
01-01 08:00:46.446 I/PackageManagerTiming( 1017): get system config
01-01 08:00:46.446 D/PackageManagerTiming( 1017): get system config took to complete: 0ms
01-01 08:00:46.464 D/PackageManager( 1017): Directories scanned as system partitions: [/system:0, /vendor:524288, /odm:4194304, /oem:262144, /product:1048576, /system_ext:2097152, /apex/com.android.vndk.v30:8388608, /apex/com.android.wifi:8388608, /apex/com.android.vndk.v31:8388608, /apex/com.android.tzdata:8388608, /apex/com.android.tethering:8388608, /apex/com.android.sdkext:8388608, /apex/com.android.scheduling:8388608, /apex/com.android.runtime:8388608, /apex/com.android.resolv:8388608, /apex/com.android.permission:8388608, /apex/com.android.os.statsd:8388608, /apex/com.android.neuralnetworks:8388608, /apex/com.android.mediaprovider:8388608, /apex/com.android.media.swcodec:8388608, /apex/com.android.media:8388608, /apex/com.android.ipsec:8388608, /apex/com.android.i18n:8388608, /apex/com.android.extservices:8388608, /apex/com.android.conscrypt:8388608, /apex/com.android.art:8388608, /apex/com.android.appsearch:8388608, /apex/com.android.adbd:8388608]
01-01 08:00:46.470 W/ProcessCpuTracker( 1017): Failed to stat(/proc/1664): android.system.ErrnoException: stat failed: ENOENT (No such file or directory)
01-01 08:00:46.470 W/ProcessCpuTracker( 1017): Skipping unknown process pid 1664
01-01 08:00:46.472 D/SELinuxMMAC( 1017): Using policy file /system/etc/selinux/plat_mac_permissions.xml
01-01 08:00:46.474 D/SELinuxMMAC( 1017): Using policy file /system_ext/etc/selinux/system_ext_mac_permissions.xml
01-01 08:00:46.476 D/SELinuxMMAC( 1017): Using policy file /product/etc/selinux/product_mac_permissions.xml
01-01 08:00:46.477 D/SELinuxMMAC( 1017): Using policy file /vendor/etc/selinux/vendor_mac_permissions.xml
01-01 08:00:46.478 D/SELinuxMMAC( 1017): Using policy file /odm/etc/selinux/odm_mac_permissions.xml
01-01 08:00:46.479 I/PackageManagerTiming( 1017): loadFallbacks
01-01 08:00:46.480 D/PackageManagerTiming( 1017): loadFallbacks took to complete: 0ms
01-01 08:00:46.480 I/PackageManagerTiming( 1017): read user settings
01-01 08:00:46.484 D/cnss ( 0): Received QMI WLFW pin connect result indication
01-01 08:00:46.484 D/cnss ( 0): Removing vote for Regulator vdd-wlan-rfa2
01-01 08:00:46.484 D/cnss ( 0): Pin connect Result: pwr_pin: 0x1 phy_io_pin: 0x0 rf_io_pin: 0x0
01-01 08:00:46.484 D/cnss ( 0): Removing vote for Regulator vdd-wlan-rfa1
01-01 08:00:46.484 D/cnss ( 0): Removing vote for Regulator vdd-wlan-dig
01-01 08:00:46.484 D/cnss ( 0): Removing vote for Regulator vdd-wlan-aon
01-01 08:00:46.484 D/cnss ( 0): Removing vote for Regulator vdd-wlan-io
01-01 08:00:46.484 D/cnss ( 0): PM relax, state: 0xf, count: 0
01-01 08:00:46.543 W/android.permission.PermissionManager( 1017): Missing ActivityManager; assuming 1000 holds android.permission.SET_PREFERRED_APPLICATIONS
01-01 08:00:46.544 W/android.permission.PermissionManager( 1017): Missing ActivityManager; assuming 1000 holds android.permission.SET_PREFERRED_APPLICATIONS
01-01 08:00:46.545 W/android.permission.PermissionManager( 1017): Missing ActivityManager; assuming 1000 holds android.permission.SET_PREFERRED_APPLICATIONS
01-01 08:00:46.546 W/android.permission.PermissionManager( 1017): Missing ActivityManager; assuming 1000 holds android.permission.SET_PREFERRED_APPLICATIONS
01-01 08:00:46.547 W/android.permission.PermissionManager( 1017): Missing ActivityManager; assuming 1000 holds android.permission.SET_PREFERRED_APPLICATIONS
01-01 08:00:46.547 W/android.permission.PermissionManager( 1017): Missing ActivityManager; assuming 1000 holds android.permission.SET_PREFERRED_APPLICATIONS
01-01 08:00:46.548 W/android.permission.PermissionManager( 1017): Missing ActivityManager; assuming 1000 holds android.permission.SET_PREFERRED_APPLICATIONS
01-01 08:00:46.549 W/android.permission.PermissionManager( 1017): Missing ActivityManager; assuming 1000 holds android.permission.SET_PREFERRED_APPLICATIONS
01-01 08:00:46.549 W/android.permission.PermissionManager( 1017): Missing ActivityManager; assuming 1000 holds android.permission.SET_PREFERRED_APPLICATIONS
01-01 08:00:46.550 W/android.permission.PermissionManager( 1017): Missing ActivityManager; assuming 1000 holds android.permission.SET_PREFERRED_APPLICATIONS
01-01 08:00:46.551 W/android.permission.PermissionManager( 1017): Missing ActivityManager; assuming 1000 holds android.permission.SET_PREFERRED_APPLICATIONS
01-01 08:00:46.552 W/android.permission.PermissionManager( 1017): Missing ActivityManager; assuming 1000 holds android.permission.SET_PREFERRED_APPLICATIONS
01-01 08:00:46.553 W/android.permission.PermissionManager( 1017): Missing ActivityManager; assuming 1000 holds android.permission.SET_PREFERRED_APPLICATIONS
01-01 08:00:46.553 W/android.permission.PermissionManager( 1017): Missing ActivityManager; assuming 1000 holds android.permission.SET_PREFERRED_APPLICATIONS
01-01 08:00:46.554 W/android.permission.PermissionManager( 1017): Missing ActivityManager; assuming 1000 holds android.permission.SET_PREFERRED_APPLICATIONS
01-01 08:00:46.554 W/android.permission.PermissionManager( 1017): Missing ActivityManager; assuming 1000 holds android.permission.SET_PREFERRED_APPLICATIONS
01-01 08:00:46.555 W/android.permission.PermissionManager( 1017): Missing ActivityManager; assuming 1000 holds android.permission.SET_PREFERRED_APPLICATIONS
01-01 08:00:46.555 W/android.permission.PermissionManager( 1017): Missing ActivityManager; assuming 1000 holds android.permission.SET_PREFERRED_APPLICATIONS
01-01 08:00:46.556 W/android.permission.PermissionManager( 1017): Missing ActivityManager; assuming 1000 holds android.permission.SET_PREFERRED_APPLICATIONS
01-01 08:00:46.556 W/android.permission.PermissionManager( 1017): Missing ActivityManager; assuming 1000 holds android.permission.SET_PREFERRED_APPLICATIONS
01-01 08:00:46.557 W/android.permission.PermissionManager( 1017): Missing ActivityManager; assuming 1000 holds android.permission.SET_PREFERRED_APPLICATIONS
01-01 08:00:46.557 W/android.permission.PermissionManager( 1017): Missing ActivityManager; assuming 1000 holds android.permission.SET_PREFERRED_APPLICATIONS
01-01 08:00:46.557 W/android.permission.PermissionManager( 1017): Missing ActivityManager; assuming 1000 holds android.permission.SET_PREFERRED_APPLICATIONS
01-01 08:00:46.558 W/android.permission.PermissionManager( 1017): Missing ActivityManager; assuming 1000 holds android.permission.SET_PREFERRED_APPLICATIONS
01-01 08:00:46.559 W/android.permission.PermissionManager( 1017): Missing ActivityManager; assuming 1000 holds android.permission.SET_PREFERRED_APPLICATIONS
01-01 08:00:46.559 W/android.permission.PermissionManager( 1017): Missing ActivityManager; assuming 1000 holds android.permission.SET_PREFERRED_APPLICATIONS
01-01 08:00:46.560 W/android.permission.PermissionManager( 1017): Missing ActivityManager; assuming 1000 holds android.permission.SET_PREFERRED_APPLICATIONS
01-01 08:00:46.561 W/android.permission.PermissionManager( 1017): Missing ActivityManager; assuming 1000 holds android.permission.SET_PREFERRED_APPLICATIONS
01-01 08:00:46.564 W/android.permission.PermissionManager( 1017): Missing ActivityManager; assuming 1000 holds android.permission.SET_PREFERRED_APPLICATIONS
01-01 08:00:46.565 W/android.permission.PermissionManager( 1017): Missing ActivityManager; assuming 1000 holds android.permission.SET_PREFERRED_APPLICATIONS
01-01 08:00:46.565 W/android.permission.PermissionManager( 1017): Missing ActivityManager; assuming 1000 holds android.permission.SET_PREFERRED_APPLICATIONS
01-01 08:00:46.566 W/android.permission.PermissionManager( 1017): Missing ActivityManager; assuming 1000 holds android.permission.SET_PREFERRED_APPLICATIONS
01-01 08:00:46.566 W/android.permission.PermissionManager( 1017): Missing ActivityManager; assuming 1000 holds android.permission.SET_PREFERRED_APPLICATIONS
01-01 08:00:46.567 W/android.permission.PermissionManager( 1017): Missing ActivityManager; assuming 1000 holds android.permission.SET_PREFERRED_APPLICATIONS
01-01 08:00:46.567 W/android.permission.PermissionManager( 1017): Missing ActivityManager; assuming 1000 holds android.permission.SET_PREFERRED_APPLICATIONS
01-01 08:00:46.567 W/android.permission.PermissionManager( 1017): Missing ActivityManager; assuming 1000 holds android.permission.SET_PREFERRED_APPLICATIONS
01-01 08:00:46.568 W/android.permission.PermissionManager( 1017): Missing ActivityManager; assuming 1000 holds android.permission.SET_PREFERRED_APPLICATIONS
01-01 08:00:46.568 W/android.permission.PermissionManager( 1017): Missing ActivityManager; assuming 1000 holds android.permission.SET_PREFERRED_APPLICATIONS
01-01 08:00:46.568 W/android.permission.PermissionManager( 1017): Missing ActivityManager; assuming 1000 holds android.permission.SET_PREFERRED_APPLICATIONS
01-01 08:00:46.569 W/android.permission.PermissionManager( 1017): Missing ActivityManager; assuming 1000 holds android.permission.SET_PREFERRED_APPLICATIONS
01-01 08:00:46.569 W/android.permission.PermissionManager( 1017): Missing ActivityManager; assuming 1000 holds android.permission.SET_PREFERRED_APPLICATIONS
01-01 08:00:46.570 W/android.permission.PermissionManager( 1017): Missing ActivityManager; assuming 1000 holds android.permission.SET_PREFERRED_APPLICATIONS
01-01 08:00:46.570 W/android.permission.PermissionManager( 1017): Missing ActivityManager; assuming 1000 holds android.permission.SET_PREFERRED_APPLICATIONS
01-01 08:00:46.571 W/android.permission.PermissionManager( 1017): Missing ActivityManager; assuming 1000 holds android.permission.SET_PREFERRED_APPLICATIONS
01-01 08:00:46.571 W/android.permission.PermissionManager( 1017): Missing ActivityManager; assuming 1000 holds android.permission.SET_PREFERRED_APPLICATIONS
01-01 08:00:46.572 W/android.permission.PermissionManager( 1017): Missing ActivityManager; assuming 1000 holds android.permission.SET_PREFERRED_APPLICATIONS
01-01 08:00:46.572 W/android.permission.PermissionManager( 1017): Missing ActivityManager; assuming 1000 holds android.permission.SET_PREFERRED_APPLICATIONS
01-01 08:00:46.573 W/android.permission.PermissionManager( 1017): Missing ActivityManager; assuming 1000 holds android.permission.SET_PREFERRED_APPLICATIONS
01-01 08:00:46.573 W/android.permission.PermissionManager( 1017): Missing ActivityManager; assuming 1000 holds android.permission.SET_PREFERRED_APPLICATIONS
01-01 08:00:46.575 W/android.permission.PermissionManager( 1017): Missing ActivityManager; assuming 1000 holds android.permission.SET_PREFERRED_APPLICATIONS
01-01 08:00:46.576 W/android.permission.PermissionManager( 1017): Missing ActivityManager; assuming 1000 holds android.permission.SET_PREFERRED_APPLICATIONS
01-01 08:00:46.577 W/android.permission.PermissionManager( 1017): Missing ActivityManager; assuming 1000 holds android.permission.SET_PREFERRED_APPLICATIONS
01-01 08:00:46.578 W/android.permission.PermissionManager( 1017): Missing ActivityManager; assuming 1000 holds android.permission.SET_PREFERRED_APPLICATIONS
01-01 08:00:46.579 W/android.permission.PermissionManager( 1017): Missing ActivityManager; assuming 1000 holds android.permission.SET_PREFERRED_APPLICATIONS
01-01 08:00:46.580 W/android.permission.PermissionManager( 1017): Missing ActivityManager; assuming 1000 holds android.permission.SET_PREFERRED_APPLICATIONS
01-01 08:00:46.581 W/android.permission.PermissionManager( 1017): Missing ActivityManager; assuming 1000 holds android.permission.SET_PREFERRED_APPLICATIONS
01-01 08:00:46.582 W/android.permission.PermissionManager( 1017): Missing ActivityManager; assuming 1000 holds android.permission.SET_PREFERRED_APPLICATIONS
01-01 08:00:46.583 W/android.permission.PermissionManager( 1017): Missing ActivityManager; assuming 1000 holds android.permission.SET_PREFERRED_APPLICATIONS
01-01 08:00:46.583 W/android.permission.PermissionManager( 1017): Missing ActivityManager; assuming 1000 holds android.permission.SET_PREFERRED_APPLICATIONS
01-01 08:00:46.585 W/android.permission.PermissionManager( 1017): Missing ActivityManager; assuming 1000 holds android.permission.SET_PREFERRED_APPLICATIONS
01-01 08:00:46.585 W/android.permission.PermissionManager( 1017): Missing ActivityManager; assuming 1000 holds android.permission.SET_PREFERRED_APPLICATIONS
01-01 08:00:46.587 W/android.permission.PermissionManager( 1017): Missing ActivityManager; assuming 1000 holds android.permission.SET_PREFERRED_APPLICATIONS
01-01 08:00:46.588 W/android.permission.PermissionManager( 1017): Missing ActivityManager; assuming 1000 holds android.permission.SET_PREFERRED_APPLICATIONS
01-01 08:00:46.590 W/android.permission.PermissionManager( 1017): Missing ActivityManager; assuming 1000 holds android.permission.SET_PREFERRED_APPLICATIONS
01-01 08:00:46.591 W/android.permission.PermissionManager( 1017): Missing ActivityManager; assuming 1000 holds android.permission.SET_PREFERRED_APPLICATIONS
01-01 08:00:46.592 W/android.permission.PermissionManager( 1017): Missing ActivityManager; assuming 1000 holds android.permission.SET_PREFERRED_APPLICATIONS
01-01 08:00:46.593 I/qcom_rpmh DRV( 0): apps_rsc TCS Busy, retrying RPMH message send: addr=0x50000
01-01 08:00:46.594 W/android.permission.PermissionManager( 1017): Missing ActivityManager; assuming 1000 holds android.permission.SET_PREFERRED_APPLICATIONS
01-01 08:00:46.595 W/android.permission.PermissionManager( 1017): Missing ActivityManager; assuming 1000 holds android.permission.SET_PREFERRED_APPLICATIONS
01-01 08:00:46.595 W/android.permission.PermissionManager( 1017): Missing ActivityManager; assuming 1000 holds android.permission.SET_PREFERRED_APPLICATIONS
01-01 08:00:46.597 W/android.permission.PermissionManager( 1017): Missing ActivityManager; assuming 1000 holds android.permission.SET_PREFERRED_APPLICATIONS
01-01 08:00:46.598 W/android.permission.PermissionManager( 1017): Missing ActivityManager; assuming 1000 holds android.permission.SET_PREFERRED_APPLICATIONS
01-01 08:00:46.599 W/android.permission.PermissionManager( 1017): Missing ActivityManager; assuming 1000 holds android.permission.SET_PREFERRED_APPLICATIONS
01-01 08:00:46.602 W/android.permission.PermissionManager( 1017): Missing ActivityManager; assuming 1000 holds android.permission.SET_PREFERRED_APPLICATIONS
01-01 08:00:46.603 W/android.permission.PermissionManager( 1017): Missing ActivityManager; assuming 1000 holds android.permission.SET_PREFERRED_APPLICATIONS
01-01 08:00:46.603 W/android.permission.PermissionManager( 1017): Missing ActivityManager; assuming 1000 holds android.permission.SET_PREFERRED_APPLICATIONS
01-01 08:00:46.604 W/android.permission.PermissionManager( 1017): Missing ActivityManager; assuming 1000 holds android.permission.SET_PREFERRED_APPLICATIONS
01-01 08:00:46.604 W/android.permission.PermissionManager( 1017): Missing ActivityManager; assuming 1000 holds android.permission.SET_PREFERRED_APPLICATIONS
01-01 08:00:46.604 W/android.permission.PermissionManager( 1017): Missing ActivityManager; assuming 1000 holds android.permission.SET_PREFERRED_APPLICATIONS
01-01 08:00:46.605 W/android.permission.PermissionManager( 1017): Missing ActivityManager; assuming 1000 holds android.permission.SET_PREFERRED_APPLICATIONS
01-01 08:00:46.605 W/android.permission.PermissionManager( 1017): Missing ActivityManager; assuming 1000 holds android.permission.SET_PREFERRED_APPLICATIONS
01-01 08:00:46.606 W/android.permission.PermissionManager( 1017): Missing ActivityManager; assuming 1000 holds android.permission.SET_PREFERRED_APPLICATIONS
01-01 08:00:46.610 W/android.permission.PermissionManager( 1017): Missing ActivityManager; assuming 1000 holds android.permission.SET_PREFERRED_APPLICATIONS
01-01 08:00:46.610 W/android.permission.PermissionManager( 1017): Missing ActivityManager; assuming 1000 holds android.permission.SET_PREFERRED_APPLICATIONS
01-01 08:00:46.611 W/android.permission.PermissionManager( 1017): Missing ActivityManager; assuming 1000 holds android.permission.SET_PREFERRED_APPLICATIONS
01-01 08:00:46.611 W/android.permission.PermissionManager( 1017): Missing ActivityManager; assuming 1000 holds android.permission.SET_PREFERRED_APPLICATIONS
01-01 08:00:46.612 W/android.permission.PermissionManager( 1017): Missing ActivityManager; assuming 1000 holds android.permission.SET_PREFERRED_APPLICATIONS
01-01 08:00:46.613 W/android.permission.PermissionManager( 1017): Missing ActivityManager; assuming 1000 holds android.permission.SET_PREFERRED_APPLICATIONS
01-01 08:00:46.613 W/android.permission.PermissionManager( 1017): Missing ActivityManager; assuming 1000 holds android.permission.SET_PREFERRED_APPLICATIONS
01-01 08:00:46.615 W/android.permission.PermissionManager( 1017): Missing ActivityManager; assuming 1000 holds android.permission.SET_PREFERRED_APPLICATIONS
01-01 08:00:46.616 W/android.permission.PermissionManager( 1017): Missing ActivityManager; assuming 1000 holds android.permission.SET_PREFERRED_APPLICATIONS
01-01 08:00:46.617 W/android.permission.PermissionManager( 1017): Missing ActivityManager; assuming 1000 holds android.permission.SET_PREFERRED_APPLICATIONS
01-01 08:00:46.618 W/android.permission.PermissionManager( 1017): Missing ActivityManager; assuming 1000 holds android.permission.SET_PREFERRED_APPLICATIONS
01-01 08:00:46.619 W/android.permission.PermissionManager( 1017): Missing ActivityManager; assuming 1000 holds android.permission.SET_PREFERRED_APPLICATIONS
01-01 08:00:46.619 W/android.permission.PermissionManager( 1017): Missing ActivityManager; assuming 1000 holds android.permission.SET_PREFERRED_APPLICATIONS
01-01 08:00:46.620 W/android.permission.PermissionManager( 1017): Missing ActivityManager; assuming 1000 holds android.permission.SET_PREFERRED_APPLICATIONS
01-01 08:00:46.620 W/android.permission.PermissionManager( 1017): Missing ActivityManager; assuming 1000 holds android.permission.SET_PREFERRED_APPLICATIONS
01-01 08:00:46.620 W/android.permission.PermissionManager( 1017): Missing ActivityManager; assuming 1000 holds android.permission.SET_PREFERRED_APPLICATIONS
01-01 08:00:46.622 W/android.permission.PermissionManager( 1017): Missing ActivityManager; assuming 1000 holds android.permission.SET_PREFERRED_APPLICATIONS
01-01 08:00:46.623 W/android.permission.PermissionManager( 1017): Missing ActivityManager; assuming 1000 holds android.permission.SET_PREFERRED_APPLICATIONS
01-01 08:00:46.624 W/android.permission.PermissionManager( 1017): Missing ActivityManager; assuming 1000 holds android.permission.SET_PREFERRED_APPLICATIONS
01-01 08:00:46.624 W/android.permission.PermissionManager( 1017): Missing ActivityManager; assuming 1000 holds android.permission.SET_PREFERRED_APPLICATIONS
01-01 08:00:46.625 W/android.permission.PermissionManager( 1017): Missing ActivityManager; assuming 1000 holds android.permission.SET_PREFERRED_APPLICATIONS
01-01 08:00:46.626 W/android.permission.PermissionManager( 1017): Missing ActivityManager; assuming 1000 holds android.permission.SET_PREFERRED_APPLICATIONS
01-01 08:00:46.627 W/android.permission.PermissionManager( 1017): Missing ActivityManager; assuming 1000 holds android.permission.SET_PREFERRED_APPLICATIONS
01-01 08:00:46.628 W/android.permission.PermissionManager( 1017): Missing ActivityManager; assuming 1000 holds android.permission.SET_PREFERRED_APPLICATIONS
01-01 08:00:46.628 W/android.permission.PermissionManager( 1017): Missing ActivityManager; assuming 1000 holds android.permission.SET_PREFERRED_APPLICATIONS
01-01 08:00:46.629 W/android.permission.PermissionManager( 1017): Missing ActivityManager; assuming 1000 holds android.permission.SET_PREFERRED_APPLICATIONS
01-01 08:00:46.629 W/android.permission.PermissionManager( 1017): Missing ActivityManager; assuming 1000 holds android.permission.SET_PREFERRED_APPLICATIONS
01-01 08:00:46.631 W/android.permission.PermissionManager( 1017): Missing ActivityManager; assuming 1000 holds android.permission.SET_PREFERRED_APPLICATIONS
01-01 08:00:46.632 W/android.permission.PermissionManager( 1017): Missing ActivityManager; assuming 1000 holds android.permission.SET_PREFERRED_APPLICATIONS
01-01 08:00:46.632 W/android.permission.PermissionManager( 1017): Missing ActivityManager; assuming 1000 holds android.permission.SET_PREFERRED_APPLICATIONS
01-01 08:00:46.633 W/android.permission.PermissionManager( 1017): Missing ActivityManager; assuming 1000 holds android.permission.SET_PREFERRED_APPLICATIONS
01-01 08:00:46.633 W/android.permission.PermissionManager( 1017): Missing ActivityManager; assuming 1000 holds android.permission.SET_PREFERRED_APPLICATIONS
01-01 08:00:46.634 W/android.permission.PermissionManager( 1017): Missing ActivityManager; assuming 1000 holds android.permission.SET_PREFERRED_APPLICATIONS
01-01 08:00:46.634 W/android.permission.PermissionManager( 1017): Missing ActivityManager; assuming 1000 holds android.permission.SET_PREFERRED_APPLICATIONS
01-01 08:00:46.635 W/android.permission.PermissionManager( 1017): Missing ActivityManager; assuming 1000 holds android.permission.SET_PREFERRED_APPLICATIONS
01-01 08:00:46.635 W/android.permission.PermissionManager( 1017): Missing ActivityManager; assuming 1000 holds android.permission.SET_PREFERRED_APPLICATIONS
01-01 08:00:46.636 W/android.permission.PermissionManager( 1017): Missing ActivityManager; assuming 1000 holds android.permission.SET_PREFERRED_APPLICATIONS
01-01 08:00:46.636 W/android.permission.PermissionManager( 1017): Missing ActivityManager; assuming 1000 holds android.permission.SET_PREFERRED_APPLICATIONS
01-01 08:00:46.637 W/android.permission.PermissionManager( 1017): Missing ActivityManager; assuming 1000 holds android.permission.SET_PREFERRED_APPLICATIONS
01-01 08:00:46.637 W/android.permission.PermissionManager( 1017): Missing ActivityManager; assuming 1000 holds android.permission.SET_PREFERRED_APPLICATIONS
01-01 08:00:46.638 W/android.permission.PermissionManager( 1017): Missing ActivityManager; assuming 1000 holds android.permission.SET_PREFERRED_APPLICATIONS
01-01 08:00:46.638 W/android.permission.PermissionManager( 1017): Missing ActivityManager; assuming 1000 holds android.permission.SET_PREFERRED_APPLICATIONS
01-01 08:00:46.639 W/android.permission.PermissionManager( 1017): Missing ActivityManager; assuming 1000 holds android.permission.SET_PREFERRED_APPLICATIONS
01-01 08:00:46.639 W/android.permission.PermissionManager( 1017): Missing ActivityManager; assuming 1000 holds android.permission.SET_PREFERRED_APPLICATIONS
01-01 08:00:46.639 W/android.permission.PermissionManager( 1017): Missing ActivityManager; assuming 1000 holds android.permission.SET_PREFERRED_APPLICATIONS
01-01 08:00:46.640 W/android.permission.PermissionManager( 1017): Missing ActivityManager; assuming 1000 holds android.permission.SET_PREFERRED_APPLICATIONS
01-01 08:00:46.640 W/android.permission.PermissionManager( 1017): Missing ActivityManager; assuming 1000 holds android.permission.SET_PREFERRED_APPLICATIONS
01-01 08:00:46.641 W/android.permission.PermissionManager( 1017): Missing ActivityManager; assuming 1000 holds android.permission.SET_PREFERRED_APPLICATIONS
01-01 08:00:46.642 W/android.permission.PermissionManager( 1017): Missing ActivityManager; assuming 1000 holds android.permission.SET_PREFERRED_APPLICATIONS
01-01 08:00:46.642 W/android.permission.PermissionManager( 1017): Missing ActivityManager; assuming 1000 holds android.permission.SET_PREFERRED_APPLICATIONS
01-01 08:00:46.642 W/android.permission.PermissionManager( 1017): Missing ActivityManager; assuming 1000 holds android.permission.SET_PREFERRED_APPLICATIONS
01-01 08:00:46.643 W/android.permission.PermissionManager( 1017): Missing ActivityManager; assuming 1000 holds android.permission.SET_PREFERRED_APPLICATIONS
01-01 08:00:46.643 W/android.permission.PermissionManager( 1017): Missing ActivityManager; assuming 1000 holds android.permission.SET_PREFERRED_APPLICATIONS
01-01 08:00:46.644 W/android.permission.PermissionManager( 1017): Missing ActivityManager; assuming 1000 holds android.permission.SET_PREFERRED_APPLICATIONS
01-01 08:00:46.645 W/android.permission.PermissionManager( 1017): Missing ActivityManager; assuming 1000 holds android.permission.SET_PREFERRED_APPLICATIONS
01-01 08:00:46.645 W/android.permission.PermissionManager( 1017): Missing ActivityManager; assuming 1000 holds android.permission.SET_PREFERRED_APPLICATIONS
01-01 08:00:46.646 W/android.permission.PermissionManager( 1017): Missing ActivityManager; assuming 1000 holds android.permission.SET_PREFERRED_APPLICATIONS
01-01 08:00:46.646 W/android.permission.PermissionManager( 1017): Missing ActivityManager; assuming 1000 holds android.permission.SET_PREFERRED_APPLICATIONS
01-01 08:00:46.647 W/android.permission.PermissionManager( 1017): Missing ActivityManager; assuming 1000 holds android.permission.SET_PREFERRED_APPLICATIONS
01-01 08:00:46.647 W/android.permission.PermissionManager( 1017): Missing ActivityManager; assuming 1000 holds android.permission.SET_PREFERRED_APPLICATIONS
01-01 08:00:46.647 W/android.permission.PermissionManager( 1017): Missing ActivityManager; assuming 1000 holds android.permission.SET_PREFERRED_APPLICATIONS
01-01 08:00:46.667 W/PackageSettings( 1017): Missing permission state for package: android.frameworkres.overlay
01-01 08:00:46.667 W/PackageSettings( 1017): Missing permission state for package: com.android.cts.priv.ctsshim
01-01 08:00:46.667 W/PackageSettings( 1017): Missing permission state for package: com.thundercomm.gamemode.provider
01-01 08:00:46.667 W/PackageSettings( 1017): Missing permission state for package: com.android.internal.systemui.navbar.gestural_wide_back
01-01 08:00:46.667 W/PackageSettings( 1017): Missing permission state for package: com.qualcomm.qti.gpudrivers.kona.api30
01-01 08:00:46.667 W/PackageSettings( 1017): Missing permission state for package: com.android.htmlviewer
01-01 08:00:46.667 W/PackageSettings( 1017): Missing permission state for package: com.android.internal.systemui.onehanded.gestural
01-01 08:00:46.667 W/PackageSettings( 1017): Missing permission state for package: com.qualcomm.qti.optinoverlay
01-01 08:00:46.667 W/PackageSettings( 1017): Missing permission state for package: android.qvaoverlay.common
01-01 08:00:46.667 W/PackageSettings( 1017): Missing permission state for package: android.overlay.common
01-01 08:00:46.667 W/PackageSettings( 1017): Missing permission state for package: com.android.connectivity.resources
01-01 08:00:46.667 W/PackageSettings( 1017): Missing permission state for package: com.android.modulemetadata
01-01 08:00:46.667 W/PackageSettings( 1017): Missing permission state for package: android.overlay.target
01-01 08:00:46.668 W/PackageSettings( 1017): Missing permission state for package: com.android.internal.systemui.navbar.gestural_extra_wide_back
01-01 08:00:46.668 W/PackageSettings( 1017): Missing permission state for package: com.android.wifi.resources.overlay.common
01-01 08:00:46.668 W/PackageSettings( 1017): Missing permission state for package: com.android.dreams.basic
01-01 08:00:46.668 W/PackageSettings( 1017): Missing permission state for package: com.android.settings.overlay.common
01-01 08:00:46.668 W/PackageSettings( 1017): Missing permission state for package: android.ext.shared
