03-28 10:38:18.505 E/DisplayDeviceConfig( 1017): requesting nits when no mapping exists.
03-28 10:38:18.505 E/DisplayDeviceConfig( 1017): requesting nits when no mapping exists.
03-28 10:38:18.520 E/DisplayDeviceConfig( 1017): requesting nits when no mapping exists.
03-28 10:38:18.521 E/DisplayDeviceConfig( 1017): requesting nits when no mapping exists.
01-01 09:16:28.971 I/init ( 0): Service 'hht_ota_mgr_service' (pid 7809) exited with status 0
01-01 09:16:28.995 I/init ( 0): Sending signal 9 to service 'hht_ota_mgr_service' (pid 7809) process group...
01-01 09:16:29.005 I/libprocessgroup( 0): Successfully killed process cgroup uid 0 pid 7809 in 0ms
01-01 09:16:33.808 I/init ( 0): starting service 'hht_ota_mgr_service'...
01-01 09:16:34.017 I/init ( 0): Service 'hht_ota_mgr_service' (pid 7813) exited with status 0
01-01 09:16:34.042 I/init ( 0): Sending signal 9 to service 'hht_ota_mgr_service' (pid 7813) process group...
01-01 09:16:34.051 I/libprocessgroup( 0): Successfully killed process cgroup uid 0 pid 7813 in 0ms
03-28 10:38:24.546 I/PowerManagerService( 1017): Napping display group (groupId=0, uid=1000)...
03-28 10:38:24.546 I/PowerManagerService( 1017): Nap time (uid 1000)...
03-28 10:38:24.551 I/DreamManagerService( 1017): Entering dreamland.
03-28 10:38:24.556 I/PowerManagerService( 1017): Dreaming...
03-28 10:38:24.558 I/DreamController( 1017): Starting dream: name=ComponentInfo{com.thundercomm.screensaver/com.thundercomm.saverclock.service.ClockScreensaver}, isTest=false, canDoze=false, userId=0
03-28 10:38:24.561 D/CompatibilityChangeReporter( 1017): Compat change id reported: 135634846; UID 10052; state: DISABLED
03-28 10:38:24.561 D/CompatibilityChangeReporter( 1017): Compat change id reported: 177438394; UID 10052; state: DISABLED
03-28 10:38:24.561 D/CompatibilityChangeReporter( 1017): Compat change id reported: 135772972; UID 10052; state: DISABLED
03-28 10:38:24.561 D/CompatibilityChangeReporter( 1017): Compat change id reported: 135754954; UID 10052; state: ENABLED
03-28 10:38:24.562 D/CompatibilityChangeReporter( 1017): Compat change id reported: 143937733; UID 10052; state: ENABLED
03-28 10:38:24.625 W/ActivityManager( 1017): Slow operation: 65ms so far, now at startProcess: returned from zygote!
03-28 10:38:24.625 W/ActivityManager( 1017): Slow operation: 65ms so far, now at startProcess: done updating battery stats
03-28 10:38:24.625 W/ActivityManager( 1017): Slow operation: 65ms so far, now at startProcess: building log message
03-28 10:38:24.625 I/ActivityManager( 1017): Start proc 7814:com.thundercomm.screensaver/u0a52 for service {com.thundercomm.screensaver/com.thundercomm.saverclock.service.ClockScreensaver}
03-28 10:38:24.625 W/ActivityManager( 1017): Slow operation: 65ms so far, now at startProcess: starting to update pids map
03-28 10:38:24.626 W/ActivityManager( 1017): Slow operation: 65ms so far, now at startProcess: done updating pids map
01-01 09:16:34.981 I/binder ( 0): 7814:7814 ioctl 40046210 7fecc80914 returned -22
03-28 10:38:24.774 D/MicroServiceManager( 7814): add linkToDeath
03-28 10:38:24.774 D/MicroServiceManager( 7814): bindMicroService: called already get service
03-28 10:38:24.775 I/MicroServiceManager( 7814): addCommonCallbackListener add listener
03-28 10:38:24.775 I/MicroServiceManager( 7814): addConnectChangedListener add listener
03-28 10:38:24.779 I/ActivityTaskManager( 1017): START u0 {flg=0x10000000 pkg=com.thundercomm.screensaver cmp=com.thundercomm.screensaver/android.service.dreams.DreamActivity (has extras)} from uid 10052
03-28 10:38:24.780 W/ActivityTaskManager( 1017): Can't find TaskDisplayArea to determine support for multi window. Task id=344 attached=false
03-28 10:38:24.794 I/MicroServiceManager( 7814): requestResult(requestOperationInfo) parameters isnull.
03-28 10:38:24.795 I/ActivityTaskManager( 1017): FOREGROUND_APPLICATION_CHANGED to android.service.dreams.DreamActivity
03-28 10:38:24.796 I/ActivityTaskManager( 1017): The Process com.thundercomm.screensaver Already Exists in BG. So sending its PID: 7814
03-28 10:38:24.824 W/WindowManager( 1017): Failed looking up window session=Session{f40cde3 7814:u0a10052} callers=com.android.server.wm.WindowManagerService.windowForClientLocked:5628 com.android.server.wm.Session.insetsModified:629 android.view.IWindowSession$Stub.onTransact:1151
01-01 09:16:35.167 I/binder ( 0): 7814:7839 ioctl 40046210 7460cc81f4 returned -22
03-28 10:38:24.903 W/FreeFormWindowHelper( 1017): Current Display FreeFormTask is null
03-28 10:38:24.912 V/DisplayPowerController[0]( 1017): Brightness [1.0] reason changing to: 'manual', previous reason: 'manual [ dim ]'.
03-28 10:38:24.919 E/DisplayDeviceConfig( 1017): requesting nits when no mapping exists.
03-28 10:38:24.919 E/DisplayDeviceConfig( 1017): requesting nits when no mapping exists.
03-28 10:38:24.936 E/DisplayDeviceConfig( 1017): requesting nits when no mapping exists.
03-28 10:38:24.937 E/DisplayDeviceConfig( 1017): requesting nits when no mapping exists.
03-28 10:38:24.953 E/DisplayDeviceConfig( 1017): requesting nits when no mapping exists.
03-28 10:38:24.953 E/DisplayDeviceConfig( 1017): requesting nits when no mapping exists.
03-28 10:38:24.971 E/DisplayDeviceConfig( 1017): requesting nits when no mapping exists.
03-28 10:38:24.971 E/DisplayDeviceConfig( 1017): requesting nits when no mapping exists.
03-28 10:38:24.986 E/DisplayDeviceConfig( 1017): requesting nits when no mapping exists.
03-28 10:38:24.986 E/DisplayDeviceConfig( 1017): requesting nits when no mapping exists.
03-28 10:38:25.003 E/DisplayDeviceConfig( 1017): requesting nits when no mapping exists.
03-28 10:38:25.003 E/DisplayDeviceConfig( 1017): requesting nits when no mapping exists.
03-28 10:38:25.020 E/DisplayDeviceConfig( 1017): requesting nits when no mapping exists.
03-28 10:38:25.020 E/DisplayDeviceConfig( 1017): requesting nits when no mapping exists.
03-28 10:38:25.036 E/DisplayDeviceConfig( 1017): requesting nits when no mapping exists.
03-28 10:38:25.036 E/DisplayDeviceConfig( 1017): requesting nits when no mapping exists.
03-28 10:38:25.053 E/DisplayDeviceConfig( 1017): requesting nits when no mapping exists.
03-28 10:38:25.054 E/DisplayDeviceConfig( 1017): requesting nits when no mapping exists.
03-28 10:38:25.070 E/DisplayDeviceConfig( 1017): requesting nits when no mapping exists.
03-28 10:38:25.071 E/DisplayDeviceConfig( 1017): requesting nits when no mapping exists.
03-28 10:38:25.086 E/DisplayDeviceConfig( 1017): requesting nits when no mapping exists.
03-28 10:38:25.086 E/DisplayDeviceConfig( 1017): requesting nits when no mapping exists.
03-28 10:38:25.104 E/DisplayDeviceConfig( 1017): requesting nits when no mapping exists.
03-28 10:38:25.104 E/DisplayDeviceConfig( 1017): requesting nits when no mapping exists.
03-28 10:38:25.119 E/DisplayDeviceConfig( 1017): requesting nits when no mapping exists.
03-28 10:38:25.120 E/DisplayDeviceConfig( 1017): requesting nits when no mapping exists.
03-28 10:38:25.137 E/DisplayDeviceConfig( 1017): requesting nits when no mapping exists.
03-28 10:38:25.137 E/DisplayDeviceConfig( 1017): requesting nits when no mapping exists.
03-28 10:38:25.153 E/DisplayDeviceConfig( 1017): requesting nits when no mapping exists.
03-28 10:38:25.154 E/DisplayDeviceConfig( 1017): requesting nits when no mapping exists.
03-28 10:38:25.171 E/DisplayDeviceConfig( 1017): requesting nits when no mapping exists.
03-28 10:38:25.171 E/DisplayDeviceConfig( 1017): requesting nits when no mapping exists.
03-28 10:38:25.188 E/DisplayDeviceConfig( 1017): requesting nits when no mapping exists.
03-28 10:38:25.188 E/DisplayDeviceConfig( 1017): requesting nits when no mapping exists.
03-28 10:38:25.203 E/DisplayDeviceConfig( 1017): requesting nits when no mapping exists.
03-28 10:38:25.203 E/DisplayDeviceConfig( 1017): requesting nits when no mapping exists.
03-28 10:38:25.221 E/DisplayDeviceConfig( 1017): requesting nits when no mapping exists.
03-28 10:38:25.222 E/DisplayDeviceConfig( 1017): requesting nits when no mapping exists.
03-28 10:38:25.236 E/DisplayDeviceConfig( 1017): requesting nits when no mapping exists.
03-28 10:38:25.237 E/DisplayDeviceConfig( 1017): requesting nits when no mapping exists.
03-28 10:38:25.253 E/DisplayDeviceConfig( 1017): requesting nits when no mapping exists.
03-28 10:38:25.254 E/DisplayDeviceConfig( 1017): requesting nits when no mapping exists.
03-28 10:38:25.270 E/DisplayDeviceConfig( 1017): requesting nits when no mapping exists.
03-28 10:38:25.270 E/DisplayDeviceConfig( 1017): requesting nits when no mapping exists.
03-28 10:38:25.288 E/DisplayDeviceConfig( 1017): requesting nits when no mapping exists.
03-28 10:38:25.288 E/DisplayDeviceConfig( 1017): requesting nits when no mapping exists.
03-28 10:38:25.305 E/DisplayDeviceConfig( 1017): requesting nits when no mapping exists.
03-28 10:38:25.305 E/DisplayDeviceConfig( 1017): requesting nits when no mapping exists.
03-28 10:38:25.321 E/DisplayDeviceConfig( 1017): requesting nits when no mapping exists.
03-28 10:38:25.321 E/DisplayDeviceConfig( 1017): requesting nits when no mapping exists.
03-28 10:38:25.338 E/DisplayDeviceConfig( 1017): requesting nits when no mapping exists.
03-28 10:38:25.338 E/DisplayDeviceConfig( 1017): requesting nits when no mapping exists.
03-28 10:38:25.355 E/DisplayDeviceConfig( 1017): requesting nits when no mapping exists.
03-28 10:38:25.355 E/DisplayDeviceConfig( 1017): requesting nits when no mapping exists.
03-28 10:38:25.371 E/DisplayDeviceConfig( 1017): requesting nits when no mapping exists.
03-28 10:38:25.372 E/DisplayDeviceConfig( 1017): requesting nits when no mapping exists.
03-28 10:38:25.387 E/DisplayDeviceConfig( 1017): requesting nits when no mapping exists.
03-28 10:38:25.388 E/DisplayDeviceConfig( 1017): requesting nits when no mapping exists.
03-28 10:38:25.404 E/DisplayDeviceConfig( 1017): requesting nits when no mapping exists.
03-28 10:38:25.404 E/DisplayDeviceConfig( 1017): requesting nits when no mapping exists.
03-28 10:38:25.420 E/DisplayDeviceConfig( 1017): requesting nits when no mapping exists.
03-28 10:38:25.421 E/DisplayDeviceConfig( 1017): requesting nits when no mapping exists.
03-28 10:38:25.437 E/DisplayDeviceConfig( 1017): requesting nits when no mapping exists.
03-28 10:38:25.438 E/DisplayDeviceConfig( 1017): requesting nits when no mapping exists.
03-28 10:38:25.454 E/DisplayDeviceConfig( 1017): requesting nits when no mapping exists.
03-28 10:38:25.454 E/DisplayDeviceConfig( 1017): requesting nits when no mapping exists.
03-28 10:38:25.471 E/DisplayDeviceConfig( 1017): requesting nits when no mapping exists.
03-28 10:38:25.471 E/DisplayDeviceConfig( 1017): requesting nits when no mapping exists.
03-28 10:38:25.489 E/DisplayDeviceConfig( 1017): requesting nits when no mapping exists.
03-28 10:38:25.489 E/DisplayDeviceConfig( 1017): requesting nits when no mapping exists.
03-28 10:38:25.504 E/DisplayDeviceConfig( 1017): requesting nits when no mapping exists.
03-28 10:38:25.505 E/DisplayDeviceConfig( 1017): requesting nits when no mapping exists.
03-28 10:38:25.521 E/DisplayDeviceConfig( 1017): requesting nits when no mapping exists.
03-28 10:38:25.521 E/DisplayDeviceConfig( 1017): requesting nits when no mapping exists.
03-28 10:38:25.539 E/DisplayDeviceConfig( 1017): requesting nits when no mapping exists.
03-28 10:38:25.539 E/DisplayDeviceConfig( 1017): requesting nits when no mapping exists.
03-28 10:38:25.556 E/DisplayDeviceConfig( 1017): requesting nits when no mapping exists.
03-28 10:38:25.556 E/DisplayDeviceConfig( 1017): requesting nits when no mapping exists.
03-28 10:38:25.572 E/DisplayDeviceConfig( 1017): requesting nits when no mapping exists.
03-28 10:38:25.572 E/DisplayDeviceConfig( 1017): requesting nits when no mapping exists.
03-28 10:38:25.588 E/DisplayDeviceConfig( 1017): requesting nits when no mapping exists.
03-28 10:38:25.588 E/DisplayDeviceConfig( 1017): requesting nits when no mapping exists.
03-28 10:38:25.605 E/DisplayDeviceConfig( 1017): requesting nits when no mapping exists.
03-28 10:38:25.605 E/DisplayDeviceConfig( 1017): requesting nits when no mapping exists.
03-28 10:38:25.622 E/DisplayDeviceConfig( 1017): requesting nits when no mapping exists.
03-28 10:38:25.622 E/DisplayDeviceConfig( 1017): requesting nits when no mapping exists.
03-28 10:38:25.639 E/DisplayDeviceConfig( 1017): requesting nits when no mapping exists.
03-28 10:38:25.639 E/DisplayDeviceConfig( 1017): requesting nits when no mapping exists.
03-28 10:38:25.654 E/DisplayDeviceConfig( 1017): requesting nits when no mapping exists.
03-28 10:38:25.655 E/DisplayDeviceConfig( 1017): requesting nits when no mapping exists.
03-28 10:38:25.671 E/DisplayDeviceConfig( 1017): requesting nits when no mapping exists.
03-28 10:38:25.672 E/DisplayDeviceConfig( 1017): requesting nits when no mapping exists.
03-28 10:38:25.703 E/DisplayDeviceConfig( 1017): requesting nits when no mapping exists.
03-28 10:38:25.703 E/DisplayDeviceConfig( 1017): requesting nits when no mapping exists.
03-28 10:38:25.706 E/DisplayDeviceConfig( 1017): requesting nits when no mapping exists.
03-28 10:38:25.706 E/DisplayDeviceConfig( 1017): requesting nits when no mapping exists.
03-28 10:38:25.721 E/DisplayDeviceConfig( 1017): requesting nits when no mapping exists.
03-28 10:38:25.722 E/DisplayDeviceConfig( 1017): requesting nits when no mapping exists.
03-28 10:38:25.738 E/DisplayDeviceConfig( 1017): requesting nits when no mapping exists.
03-28 10:38:25.738 E/DisplayDeviceConfig( 1017): requesting nits when no mapping exists.
03-28 10:38:25.755 E/DisplayDeviceConfig( 1017): requesting nits when no mapping exists.
03-28 10:38:25.755 E/DisplayDeviceConfig( 1017): requesting nits when no mapping exists.
03-28 10:38:25.771 E/DisplayDeviceConfig( 1017): requesting nits when no mapping exists.
03-28 10:38:25.772 E/DisplayDeviceConfig( 1017): requesting nits when no mapping exists.
03-28 10:38:25.788 E/DisplayDeviceConfig( 1017): requesting nits when no mapping exists.
03-28 10:38:25.788 E/DisplayDeviceConfig( 1017): requesting nits when no mapping exists.
03-28 10:38:25.805 E/DisplayDeviceConfig( 1017): requesting nits when no mapping exists.
03-28 10:38:25.805 E/DisplayDeviceConfig( 1017): requesting nits when no mapping exists.
03-28 10:38:25.822 E/DisplayDeviceConfig( 1017): requesting nits when no mapping exists.
03-28 10:38:25.822 E/DisplayDeviceConfig( 1017): requesting nits when no mapping exists.
03-28 10:38:25.838 E/DisplayDeviceConfig( 1017): requesting nits when no mapping exists.
03-28 10:38:25.838 E/DisplayDeviceConfig( 1017): requesting nits when no mapping exists.
03-28 10:38:25.855 E/DisplayDeviceConfig( 1017): requesting nits when no mapping exists.
03-28 10:38:25.855 E/DisplayDeviceConfig( 1017): requesting nits when no mapping exists.
03-28 10:38:25.872 E/DisplayDeviceConfig( 1017): requesting nits when no mapping exists.
03-28 10:38:25.872 E/DisplayDeviceConfig( 1017): requesting nits when no mapping exists.
01-01 09:16:38.864 I/init ( 0): starting service 'hht_ota_mgr_service'...
01-01 09:16:39.078 I/init ( 0): Service 'hht_ota_mgr_service' (pid 7874) exited with status 0
01-01 09:16:39.101 I/init ( 0): Sending signal 9 to service 'hht_ota_mgr_service' (pid 7874) process group...
01-01 09:16:39.111 I/libprocessgroup( 0): Successfully killed process cgroup uid 0 pid 7874 in 0ms
01-01 09:16:43.918 I/init ( 0): starting service 'hht_ota_mgr_service'...
01-01 09:16:44.130 I/init ( 0): Service 'hht_ota_mgr_service' (pid 7880) exited with status 0
01-01 09:16:44.153 I/init ( 0): Sending signal 9 to service 'hht_ota_mgr_service' (pid 7880) process group...
01-01 09:16:44.164 I/libprocessgroup( 0): Successfully killed process cgroup uid 0 pid 7880 in 1ms
01-01 09:16:48.945 I/init ( 0): starting service 'hht_ota_mgr_service'...
01-01 09:16:49.159 I/init ( 0): Service 'hht_ota_mgr_service' (pid 7882) exited with status 0
01-01 09:16:49.185 I/init ( 0): Sending signal 9 to service 'hht_ota_mgr_service' (pid 7882) process group...
01-01 09:16:49.196 I/libprocessgroup( 0): Successfully killed process cgroup uid 0 pid 7882 in 0ms
01-01 09:16:53.995 I/init ( 0): starting service 'hht_ota_mgr_service'...
01-01 09:16:54.199 I/init ( 0): Service 'hht_ota_mgr_service' (pid 7886) exited with status 0
01-01 09:16:54.222 I/init ( 0): Sending signal 9 to service 'hht_ota_mgr_service' (pid 7886) process group...
01-01 09:16:54.232 I/libprocessgroup( 0): Successfully killed process cgroup uid 0 pid 7886 in 0ms
01-01 09:16:59.034 I/init ( 0): starting service 'hht_ota_mgr_service'...
01-01 09:16:59.255 I/init ( 0): Service 'hht_ota_mgr_service' (pid 7887) exited with status 0
01-01 09:16:59.277 I/init ( 0): Sending signal 9 to service 'hht_ota_mgr_service' (pid 7887) process group...
01-01 09:16:59.287 I/libprocessgroup( 0): Successfully killed process cgroup uid 0 pid 7887 in 0ms
01-01 09:17:04.091 I/init ( 0): starting service 'hht_ota_mgr_service'...
01-01 09:17:04.308 I/init ( 0): Service 'hht_ota_mgr_service' (pid 7891) exited with status 0
01-01 09:17:04.333 I/init ( 0): Sending signal 9 to service 'hht_ota_mgr_service' (pid 7891) process group...
01-01 09:17:04.343 I/libprocessgroup( 0): Successfully killed process cgroup uid 0 pid 7891 in 0ms
01-01 09:17:09.149 I/init ( 0): starting service 'hht_ota_mgr_service'...
01-01 09:17:09.349 I/init ( 0): Service 'hht_ota_mgr_service' (pid 7893) exited with status 0
01-01 09:17:09.372 I/init ( 0): Sending signal 9 to service 'hht_ota_mgr_service' (pid 7893) process group...
01-01 09:17:09.381 I/libprocessgroup( 0): Successfully killed process cgroup uid 0 pid 7893 in 0ms
01-01 09:17:09.846 W/audit ( 0): audit_lost=2701 audit_rate_limit=5 audit_backlog_limit=64
01-01 09:17:09.875 E/audit ( 0): rate limit exceeded
01-01 09:17:14.175 I/init ( 0): starting service 'hht_ota_mgr_service'...
01-01 09:17:14.371 I/init ( 0): Service 'hht_ota_mgr_service' (pid 7898) exited with status 0
01-01 09:17:14.395 I/init ( 0): Sending signal 9 to service 'hht_ota_mgr_service' (pid 7898) process group...
01-01 09:17:14.406 I/libprocessgroup( 0): Successfully killed process cgroup uid 0 pid 7898 in 0ms
01-01 09:17:19.205 I/init ( 0): starting service 'hht_ota_mgr_service'...
01-01 09:17:19.398 I/init ( 0): Service 'hht_ota_mgr_service' (pid 7903) exited with status 0
01-01 09:17:19.420 I/init ( 0): Sending signal 9 to service 'hht_ota_mgr_service' (pid 7903) process group...
01-01 09:17:19.429 I/libprocessgroup( 0): Successfully killed process cgroup uid 0 pid 7903 in 0ms
01-01 09:17:24.229 I/init ( 0): starting service 'hht_ota_mgr_service'...
01-01 09:17:24.435 I/init ( 0): Service 'hht_ota_mgr_service' (pid 7906) exited with status 0
01-01 09:17:24.458 I/init ( 0): Sending signal 9 to service 'hht_ota_mgr_service' (pid 7906) process group...
01-01 09:17:24.467 I/libprocessgroup( 0): Successfully killed process cgroup uid 0 pid 7906 in 0ms
01-01 09:17:29.255 I/init ( 0): starting service 'hht_ota_mgr_service'...
01-01 09:17:29.443 I/init ( 0): Service 'hht_ota_mgr_service' (pid 7912) exited with status 0
01-01 09:17:29.466 I/init ( 0): Sending signal 9 to service 'hht_ota_mgr_service' (pid 7912) process group...
01-01 09:17:29.475 I/libprocessgroup( 0): Successfully killed process cgroup uid 0 pid 7912 in 0ms
01-01 09:17:34.277 I/init ( 0): starting service 'hht_ota_mgr_service'...
01-01 09:17:34.469 I/init ( 0): Service 'hht_ota_mgr_service' (pid 7913) exited with status 0
01-01 09:17:34.493 I/init ( 0): Sending signal 9 to service 'hht_ota_mgr_service' (pid 7913) process group...
01-01 09:17:34.502 I/libprocessgroup( 0): Successfully killed process cgroup uid 0 pid 7913 in 0ms
01-01 09:17:39.304 I/init ( 0): starting service 'hht_ota_mgr_service'...
01-01 09:17:39.525 I/init ( 0): Service 'hht_ota_mgr_service' (pid 7918) exited with status 0
01-01 09:17:39.550 I/init ( 0): Sending signal 9 to service 'hht_ota_mgr_service' (pid 7918) process group...
01-01 09:17:39.561 I/libprocessgroup( 0): Successfully killed process cgroup uid 0 pid 7918 in 0ms
01-01 09:17:44.350 I/init ( 0): starting service 'hht_ota_mgr_service'...
01-01 09:17:44.565 I/init ( 0): Service 'hht_ota_mgr_service' (pid 7919) exited with status 0
01-01 09:17:44.588 I/init ( 0): Sending signal 9 to service 'hht_ota_mgr_service' (pid 7919) process group...
01-01 09:17:44.598 I/libprocessgroup( 0): Successfully killed process cgroup uid 0 pid 7919 in 0ms
01-01 09:17:47.967 W/audit ( 0): audit_lost=2703 audit_rate_limit=5 audit_backlog_limit=64
01-01 09:17:47.983 E/audit ( 0): rate limit exceeded
01-01 09:17:49.405 I/init ( 0): starting service 'hht_ota_mgr_service'...
01-01 09:17:49.603 I/init ( 0): Service 'hht_ota_mgr_service' (pid 7924) exited with status 0
01-01 09:17:49.627 I/init ( 0): Sending signal 9 to service 'hht_ota_mgr_service' (pid 7924) process group...
01-01 09:17:49.636 I/libprocessgroup( 0): Successfully killed process cgroup uid 0 pid 7924 in 0ms
01-01 09:17:54.434 I/init ( 0): starting service 'hht_ota_mgr_service'...
01-01 09:17:54.657 I/init ( 0): Service 'hht_ota_mgr_service' (pid 7925) exited with status 0
01-01 09:17:54.681 I/init ( 0): Sending signal 9 to service 'hht_ota_mgr_service' (pid 7925) process group...
01-01 09:17:54.691 I/libprocessgroup( 0): Successfully killed process cgroup uid 0 pid 7925 in 1ms
01-01 09:17:59.485 I/init ( 0): starting service 'hht_ota_mgr_service'...
01-01 09:17:59.696 I/init ( 0): Service 'hht_ota_mgr_service' (pid 7930) exited with status 0
01-01 09:17:59.720 I/init ( 0): Sending signal 9 to service 'hht_ota_mgr_service' (pid 7930) process group...
01-01 09:17:59.730 I/libprocessgroup( 0): Successfully killed process cgroup uid 0 pid 7930 in 0ms
01-01 09:18:00.641 W/audit ( 0): audit_lost=2704 audit_rate_limit=5 audit_backlog_limit=64
01-01 09:18:00.670 E/audit ( 0): rate limit exceeded
01-01 09:18:02.967 W/audit ( 0): audit_lost=2705 audit_rate_limit=5 audit_backlog_limit=64
01-01 09:18:02.974 E/audit ( 0): rate limit exceeded
01-01 09:18:04.533 I/init ( 0): starting service 'hht_ota_mgr_service'...
01-01 09:18:04.755 I/init ( 0): Service 'hht_ota_mgr_service' (pid 7938) exited with status 0
01-01 09:18:04.779 I/init ( 0): Sending signal 9 to service 'hht_ota_mgr_service' (pid 7938) process group...
01-01 09:18:04.789 I/libprocessgroup( 0): Successfully killed process cgroup uid 0 pid 7938 in 0ms
01-01 09:18:09.581 I/init ( 0): starting service 'hht_ota_mgr_service'...
01-01 09:18:09.780 I/init ( 0): Service 'hht_ota_mgr_service' (pid 7939) exited with status 0
01-01 09:18:09.804 I/init ( 0): Sending signal 9 to service 'hht_ota_mgr_service' (pid 7939) process group...
01-01 09:18:09.814 I/libprocessgroup( 0): Successfully killed process cgroup uid 0 pid 7939 in 0ms
01-01 09:18:14.609 I/init ( 0): starting service 'hht_ota_mgr_service'...
01-01 09:18:14.803 I/init ( 0): Service 'hht_ota_mgr_service' (pid 7944) exited with status 0
01-01 09:18:14.828 I/init ( 0): Sending signal 9 to service 'hht_ota_mgr_service' (pid 7944) process group...
01-01 09:18:14.838 I/libprocessgroup( 0): Successfully killed process cgroup uid 0 pid 7944 in 0ms
01-01 09:18:19.638 I/init ( 0): starting service 'hht_ota_mgr_service'...
01-01 09:18:19.829 I/init ( 0): Service 'hht_ota_mgr_service' (pid 7946) exited with status 0
01-01 09:18:19.852 I/init ( 0): Sending signal 9 to service 'hht_ota_mgr_service' (pid 7946) process group...
01-01 09:18:19.862 I/libprocessgroup( 0): Successfully killed process cgroup uid 0 pid 7946 in 0ms
01-01 09:18:20.118 W/audit ( 0): audit_lost=2710 audit_rate_limit=5 audit_backlog_limit=64
01-01 09:18:20.150 E/audit ( 0): rate limit exceeded
01-01 09:18:24.662 I/init ( 0): starting service 'hht_ota_mgr_service'...
01-01 09:18:24.857 I/init ( 0): Service 'hht_ota_mgr_service' (pid 7952) exited with status 0
01-01 09:18:24.879 I/init ( 0): Sending signal 9 to service 'hht_ota_mgr_service' (pid 7952) process group...
01-01 09:18:24.888 I/libprocessgroup( 0): Successfully killed process cgroup uid 0 pid 7952 in 0ms
01-01 09:18:29.687 I/init ( 0): starting service 'hht_ota_mgr_service'...
01-01 09:18:29.893 I/init ( 0): Service 'hht_ota_mgr_service' (pid 7954) exited with status 0
01-01 09:18:29.917 I/init ( 0): Sending signal 9 to service 'hht_ota_mgr_service' (pid 7954) process group...
01-01 09:18:29.927 I/libprocessgroup( 0): Successfully killed process cgroup uid 0 pid 7954 in 0ms
01-01 09:18:34.738 I/init ( 0): starting service 'hht_ota_mgr_service'...
01-01 09:18:34.933 I/init ( 0): Service 'hht_ota_mgr_service' (pid 7958) exited with status 0
01-01 09:18:34.956 I/init ( 0): Sending signal 9 to service 'hht_ota_mgr_service' (pid 7958) process group...
01-01 09:18:34.965 I/libprocessgroup( 0): Successfully killed process cgroup uid 0 pid 7958 in 0ms
01-01 09:18:39.766 I/init ( 0): starting service 'hht_ota_mgr_service'...
01-01 09:18:39.957 I/init ( 0): Service 'hht_ota_mgr_service' (pid 7959) exited with status 0
01-01 09:18:39.982 I/init ( 0): Sending signal 9 to service 'hht_ota_mgr_service' (pid 7959) process group...
01-01 09:18:39.991 I/libprocessgroup( 0): Successfully killed process cgroup uid 0 pid 7959 in 0ms
01-01 09:18:44.787 I/init ( 0): starting service 'hht_ota_mgr_service'...
01-01 09:18:44.995 I/init ( 0): Service 'hht_ota_mgr_service' (pid 7963) exited with status 0
01-01 09:18:45.018 I/init ( 0): Sending signal 9 to service 'hht_ota_mgr_service' (pid 7963) process group...
01-01 09:18:45.027 I/libprocessgroup( 0): Successfully killed process cgroup uid 0 pid 7963 in 0ms
01-01 09:18:49.814 I/init ( 0): starting service 'hht_ota_mgr_service'...
01-01 09:18:50.005 I/init ( 0): Service 'hht_ota_mgr_service' (pid 7967) exited with status 0
01-01 09:18:50.027 I/init ( 0): Sending signal 9 to service 'hht_ota_mgr_service' (pid 7967) process group...
01-01 09:18:50.036 I/libprocessgroup( 0): Successfully killed process cgroup uid 0 pid 7967 in 0ms
01-01 09:18:54.838 I/init ( 0): starting service 'hht_ota_mgr_service'...
01-01 09:18:55.033 I/init ( 0): Service 'hht_ota_mgr_service' (pid 7968) exited with status 0
01-01 09:18:55.055 I/init ( 0): Sending signal 9 to service 'hht_ota_mgr_service' (pid 7968) process group...
01-01 09:18:55.064 I/libprocessgroup( 0): Successfully killed process cgroup uid 0 pid 7968 in 0ms
01-01 09:18:59.864 I/init ( 0): starting service 'hht_ota_mgr_service'...
01-01 09:19:00.056 I/init ( 0): Service 'hht_ota_mgr_service' (pid 7973) exited with status 0
01-01 09:19:00.079 I/init ( 0): Sending signal 9 to service 'hht_ota_mgr_service' (pid 7973) process group...
01-01 09:19:00.088 I/libprocessgroup( 0): Successfully killed process cgroup uid 0 pid 7973 in 0ms
01-01 09:19:04.887 I/init ( 0): starting service 'hht_ota_mgr_service'...
01-01 09:19:05.093 I/init ( 0): Service 'hht_ota_mgr_service' (pid 7974) exited with status 0
01-01 09:19:05.116 I/init ( 0): Sending signal 9 to service 'hht_ota_mgr_service' (pid 7974) process group...
01-01 09:19:05.126 I/libprocessgroup( 0): Successfully killed process cgroup uid 0 pid 7974 in 0ms
01-01 09:19:09.937 I/init ( 0): starting service 'hht_ota_mgr_service'...
01-01 09:19:10.151 I/init ( 0): Service 'hht_ota_mgr_service' (pid 7978) exited with status 0
01-01 09:19:10.169 I/init ( 0): Sending signal 9 to service 'hht_ota_mgr_service' (pid 7978) process group...
01-01 09:19:10.179 I/libprocessgroup( 0): Successfully killed process cgroup uid 0 pid 7978 in 0ms
01-01 09:19:14.965 I/init ( 0): starting service 'hht_ota_mgr_service'...
01-01 09:19:15.155 I/init ( 0): Service 'hht_ota_mgr_service' (pid 7981) exited with status 0
01-01 09:19:15.180 I/init ( 0): Sending signal 9 to service 'hht_ota_mgr_service' (pid 7981) process group...
01-01 09:19:15.189 I/libprocessgroup( 0): Successfully killed process cgroup uid 0 pid 7981 in 0ms
01-01 09:19:19.991 I/init ( 0): starting service 'hht_ota_mgr_service'...
01-01 09:19:20.184 I/init ( 0): Service 'hht_ota_mgr_service' (pid 7987) exited with status 0
01-01 09:19:20.208 I/init ( 0): Sending signal 9 to service 'hht_ota_mgr_service' (pid 7987) process group...
01-01 09:19:20.217 I/libprocessgroup( 0): Successfully killed process cgroup uid 0 pid 7987 in 0ms
01-01 09:19:24.967 W/audit ( 0): audit_lost=2711 audit_rate_limit=5 audit_backlog_limit=64
01-01 09:19:24.975 E/audit ( 0): rate limit exceeded
01-01 09:19:25.015 I/init ( 0): starting service 'hht_ota_mgr_service'...
01-01 09:19:25.234 I/init ( 0): Service 'hht_ota_mgr_service' (pid 7990) exited with status 0
01-01 09:19:25.256 I/init ( 0): Sending signal 9 to service 'hht_ota_mgr_service' (pid 7990) process group...
01-01 09:19:25.266 I/libprocessgroup( 0): Successfully killed process cgroup uid 0 pid 7990 in 0ms
01-01 09:19:30.059 I/init ( 0): starting service 'hht_ota_mgr_service'...
01-01 09:19:30.274 I/init ( 0): Service 'hht_ota_mgr_service' (pid 7994) exited with status 0
01-01 09:19:30.298 I/init ( 0): Sending signal 9 to service 'hht_ota_mgr_service' (pid 7994) process group...
01-01 09:19:30.308 I/libprocessgroup( 0): Successfully killed process cgroup uid 0 pid 7994 in 0ms
01-01 09:19:35.100 I/init ( 0): starting service 'hht_ota_mgr_service'...
01-01 09:19:35.318 I/init ( 0): Service 'hht_ota_mgr_service' (pid 7998) exited with status 0
01-01 09:19:35.342 I/init ( 0): Sending signal 9 to service 'hht_ota_mgr_service' (pid 7998) process group...
01-01 09:19:35.352 I/libprocessgroup( 0): Successfully killed process cgroup uid 0 pid 7998 in 0ms
01-01 09:19:39.869 W/audit ( 0): audit_lost=2712 audit_rate_limit=5 audit_backlog_limit=64
01-01 09:19:39.900 E/audit ( 0): rate limit exceeded
01-01 09:19:40.146 I/init ( 0): starting service 'hht_ota_mgr_service'...
01-01 09:19:40.369 I/init ( 0): Service 'hht_ota_mgr_service' (pid 8002) exited with status 0
01-01 09:19:40.394 I/init ( 0): Sending signal 9 to service 'hht_ota_mgr_service' (pid 8002) process group...
01-01 09:19:40.404 I/libprocessgroup( 0): Successfully killed process cgroup uid 0 pid 8002 in 0ms
01-01 09:19:45.199 I/init ( 0): starting service 'hht_ota_mgr_service'...
01-01 09:19:45.413 I/init ( 0): Service 'hht_ota_mgr_service' (pid 8007) exited with status 0
01-01 09:19:45.434 I/init ( 0): Sending signal 9 to service 'hht_ota_mgr_service' (pid 8007) process group...
01-01 09:19:45.444 I/libprocessgroup( 0): Successfully killed process cgroup uid 0 pid 8007 in 0ms
01-01 09:19:50.245 I/init ( 0): starting service 'hht_ota_mgr_service'...
01-01 09:19:50.440 I/init ( 0): Service 'hht_ota_mgr_service' (pid 8009) exited with status 0
01-01 09:19:50.462 I/init ( 0): Sending signal 9 to service 'hht_ota_mgr_service' (pid 8009) process group...
01-01 09:19:50.472 I/libprocessgroup( 0): Successfully killed process cgroup uid 0 pid 8009 in 0ms
01-01 09:19:55.266 I/init ( 0): starting service 'hht_ota_mgr_service'...
01-01 09:19:55.459 I/init ( 0): Service 'hht_ota_mgr_service' (pid 8014) exited with status 0
01-01 09:19:55.482 I/init ( 0): Sending signal 9 to service 'hht_ota_mgr_service' (pid 8014) process group...
01-01 09:19:55.492 I/libprocessgroup( 0): Successfully killed process cgroup uid 0 pid 8014 in 0ms
01-01 09:20:00.290 I/init ( 0): starting service 'hht_ota_mgr_service'...
01-01 09:20:00.501 I/init ( 0): Service 'hht_ota_mgr_service' (pid 8015) exited with status 0
01-01 09:20:00.527 I/init ( 0): Sending signal 9 to service 'hht_ota_mgr_service' (pid 8015) process group...
01-01 09:20:00.537 I/libprocessgroup( 0): Successfully killed process cgroup uid 0 pid 8015 in 0ms
01-01 09:20:05.335 I/init ( 0): starting service 'hht_ota_mgr_service'...
01-01 09:20:05.546 I/init ( 0): Service 'hht_ota_mgr_service' (pid 8019) exited with status 0
01-01 09:20:05.570 I/init ( 0): Sending signal 9 to service 'hht_ota_mgr_service' (pid 8019) process group...
01-01 09:20:05.580 I/libprocessgroup( 0): Successfully killed process cgroup uid 0 pid 8019 in 0ms
01-01 09:20:10.385 I/init ( 0): starting service 'hht_ota_mgr_service'...
01-01 09:20:10.598 I/init ( 0): Service 'hht_ota_mgr_service' (pid 8021) exited with status 0
01-01 09:20:10.622 I/init ( 0): Sending signal 9 to service 'hht_ota_mgr_service' (pid 8021) process group...
01-01 09:20:10.633 I/libprocessgroup( 0): Successfully killed process cgroup uid 0 pid 8021 in 0ms
01-01 09:20:15.430 I/init ( 0): starting service 'hht_ota_mgr_service'...
01-01 09:20:15.650 I/init ( 0): Service 'hht_ota_mgr_service' (pid 8025) exited with status 0
01-01 09:20:15.673 I/init ( 0): Sending signal 9 to service 'hht_ota_mgr_service' (pid 8025) process group...
01-01 09:20:15.683 I/libprocessgroup( 0): Successfully killed process cgroup uid 0 pid 8025 in 0ms
01-01 09:20:20.486 I/init ( 0): starting service 'hht_ota_mgr_service'...
01-01 09:20:20.689 I/init ( 0): Service 'hht_ota_mgr_service' (pid 8029) exited with status 0
01-01 09:20:20.713 I/init ( 0): Sending signal 9 to service 'hht_ota_mgr_service' (pid 8029) process group...
01-01 09:20:20.722 I/libprocessgroup( 0): Successfully killed process cgroup uid 0 pid 8029 in 0ms
01-01 09:20:25.517 I/init ( 0): starting service 'hht_ota_mgr_service'...
01-01 09:20:25.716 I/init ( 0): Service 'hht_ota_mgr_service' (pid 8030) exited with status 0
01-01 09:20:25.741 I/init ( 0): Sending signal 9 to service 'hht_ota_mgr_service' (pid 8030) process group...
01-01 09:20:25.751 I/libprocessgroup( 0): Successfully killed process cgroup uid 0 pid 8030 in 0ms
01-01 09:20:30.547 I/init ( 0): starting service 'hht_ota_mgr_service'...
01-01 09:20:30.757 I/init ( 0): Service 'hht_ota_mgr_service' (pid 8035) exited with status 0
01-01 09:20:30.780 I/init ( 0): Sending signal 9 to service 'hht_ota_mgr_service' (pid 8035) process group...
01-01 09:20:30.791 I/libprocessgroup( 0): Successfully killed process cgroup uid 0 pid 8035 in 0ms
01-01 09:20:35.599 I/init ( 0): starting service 'hht_ota_mgr_service'...
01-01 09:20:35.795 I/init ( 0): Service 'hht_ota_mgr_service' (pid 8036) exited with status 0
01-01 09:20:35.819 I/init ( 0): Sending signal 9 to service 'hht_ota_mgr_service' (pid 8036) process group...
01-01 09:20:35.830 I/libprocessgroup( 0): Successfully killed process cgroup uid 0 pid 8036 in 0ms
01-01 09:20:40.629 I/init ( 0): starting service 'hht_ota_mgr_service'...
01-01 09:20:40.820 I/init ( 0): Service 'hht_ota_mgr_service' (pid 8040) exited with status 0
01-01 09:20:40.843 I/init ( 0): Sending signal 9 to service 'hht_ota_mgr_service' (pid 8040) process group...
01-01 09:20:40.852 I/libprocessgroup( 0): Successfully killed process cgroup uid 0 pid 8040 in 0ms
01-01 09:20:45.654 I/init ( 0): starting service 'hht_ota_mgr_service'...
01-01 09:20:45.847 I/init ( 0): Service 'hht_ota_mgr_service' (pid 8042) exited with status 0
01-01 09:20:45.868 I/init ( 0): Sending signal 9 to service 'hht_ota_mgr_service' (pid 8042) process group...
01-01 09:20:45.878 I/libprocessgroup( 0): Successfully killed process cgroup uid 0 pid 8042 in 0ms
03-28 10:42:38.577 I/UsageStatsService( 1017): User[0] Flushing usage stats to disk
01-01 09:20:50.677 I/init ( 0): starting service 'hht_ota_mgr_service'...
01-01 09:20:50.866 I/init ( 0): Service 'hht_ota_mgr_service' (pid 8046) exited with status 0
01-01 09:20:50.888 I/init ( 0): Sending signal 9 to service 'hht_ota_mgr_service' (pid 8046) process group...
01-01 09:20:50.898 I/libprocessgroup( 0): Successfully killed process cgroup uid 0 pid 8046 in 0ms
01-01 09:20:55.433 I/[schedu][0x15b49a66cd][10:42:45.151699] wlan( 0): [2762:I:OSIF] scan start scan id 40992
01-01 09:20:55.704 I/init ( 0): starting service 'hht_ota_mgr_service'...
01-01 09:20:55.894 I/init ( 0): Service 'hht_ota_mgr_service' (pid 8052) exited with status 0
01-01 09:20:55.917 I/init ( 0): Sending signal 9 to service 'hht_ota_mgr_service' (pid 8052) process group...
01-01 09:20:55.926 I/libprocessgroup( 0): Successfully killed process cgroup uid 0 pid 8052 in 0ms
03-28 10:42:45.694 W/ProcessCpuTracker( 1017): Failed to stat(/proc/8052): android.system.ErrnoException: stat failed: ENOENT (No such file or directory)
03-28 10:42:45.695 W/ProcessCpuTracker( 1017): Skipping unknown process pid 8052
01-01 09:20:57.432 I/[schedu][0x15b6e40a77][10:42:47.150681] wlan( 0): [2762:I:OSIF] vdev 0, scan id 40992 type COMPLETED(1) reason COMPLETED(1) scan found 41 bss
01-01 09:21:00.728 I/init ( 0): starting service 'hht_ota_mgr_service'...
01-01 09:21:00.917 I/init ( 0): Service 'hht_ota_mgr_service' (pid 8053) exited with status 0
01-01 09:21:00.940 I/init ( 0): Sending signal 9 to service 'hht_ota_mgr_service' (pid 8053) process group...
01-01 09:21:00.949 I/libprocessgroup( 0): Successfully killed process cgroup uid 0 pid 8053 in 0ms
01-01 09:21:05.749 I/init ( 0): starting service 'hht_ota_mgr_service'...
01-01 09:21:05.941 I/init ( 0): Service 'hht_ota_mgr_service' (pid 8057) exited with status 0
01-01 09:21:05.964 I/init ( 0): Sending signal 9 to service 'hht_ota_mgr_service' (pid 8057) process group...
01-01 09:21:05.973 I/libprocessgroup( 0): Successfully killed process cgroup uid 0 pid 8057 in 0ms
01-01 09:21:10.769 I/init ( 0): starting service 'hht_ota_mgr_service'...
01-01 09:21:10.963 I/init ( 0): Service 'hht_ota_mgr_service' (pid 8058) exited with status 0
01-01 09:21:10.986 I/init ( 0): Sending signal 9 to service 'hht_ota_mgr_service' (pid 8058) process group...
01-01 09:21:10.986 I/libprocessgroup( 0): Successfully killed process cgroup uid 0 pid 8058 in 0ms
01-01 09:21:15.797 I/init ( 0): starting service 'hht_ota_mgr_service'...
01-01 09:21:15.988 I/init ( 0): Service 'hht_ota_mgr_service' (pid 8062) exited with status 0
01-01 09:21:15.995 I/init ( 0): Sending signal 9 to service 'hht_ota_mgr_service' (pid 8062) process group...
01-01 09:21:15.996 I/libprocessgroup( 0): Successfully killed process cgroup uid 0 pid 8062 in 0ms
01-01 09:21:20.818 I/init ( 0): starting service 'hht_ota_mgr_service'...
01-01 09:21:21.028 I/init ( 0): Service 'hht_ota_mgr_service' (pid 8063) exited with status 0
01-01 09:21:21.051 I/init ( 0): Sending signal 9 to service 'hht_ota_mgr_service' (pid 8063) process group...
01-01 09:21:21.062 I/libprocessgroup( 0): Successfully killed process cgroup uid 0 pid 8063 in 0ms
01-01 09:21:25.843 I/init ( 0): starting service 'hht_ota_mgr_service'...
01-01 09:21:26.052 I/init ( 0): Service 'hht_ota_mgr_service' (pid 8067) exited with status 0
01-01 09:21:26.075 I/init ( 0): Sending signal 9 to service 'hht_ota_mgr_service' (pid 8067) process group...
01-01 09:21:26.085 I/libprocessgroup( 0): Successfully killed process cgroup uid 0 pid 8067 in 0ms
01-01 09:21:30.893 I/init ( 0): starting service 'hht_ota_mgr_service'...
01-01 09:21:31.103 I/init ( 0): Service 'hht_ota_mgr_service' (pid 8070) exited with status 0
01-01 09:21:31.127 I/init ( 0): Sending signal 9 to service 'hht_ota_mgr_service' (pid 8070) process group...
01-01 09:21:31.137 I/libprocessgroup( 0): Successfully killed process cgroup uid 0 pid 8070 in 0ms
01-01 09:21:31.511 W/audit ( 0): audit_lost=2716 audit_rate_limit=5 audit_backlog_limit=64
01-01 09:21:31.518 E/audit ( 0): rate limit exceeded
01-01 09:21:35.937 I/init ( 0): starting service 'hht_ota_mgr_service'...
01-01 09:21:36.153 I/init ( 0): Service 'hht_ota_mgr_service' (pid 8078) exited with status 0
01-01 09:21:36.175 I/init ( 0): Sending signal 9 to service 'hht_ota_mgr_service' (pid 8078) process group...
01-01 09:21:36.185 I/libprocessgroup( 0): Successfully killed process cgroup uid 0 pid 8078 in 0ms
01-01 09:21:40.988 I/init ( 0): starting service 'hht_ota_mgr_service'...
01-01 09:21:41.203 I/init ( 0): Service 'hht_ota_mgr_service' (pid 8083) exited with status 0
01-01 09:21:41.227 I/init ( 0): Sending signal 9 to service 'hht_ota_mgr_service' (pid 8083) process group...
01-01 09:21:41.238 I/libprocessgroup( 0): Successfully killed process cgroup uid 0 pid 8083 in 1ms
01-01 09:21:46.040 I/init ( 0): starting service 'hht_ota_mgr_service'...
01-01 09:21:46.242 I/init ( 0): Service 'hht_ota_mgr_service' (pid 8085) exited with status 0
01-01 09:21:46.266 I/init ( 0): Sending signal 9 to service 'hht_ota_mgr_service' (pid 8085) process group...
01-01 09:21:46.275 I/libprocessgroup( 0): Successfully killed process cgroup uid 0 pid 8085 in 0ms
01-01 09:21:51.066 I/init ( 0): starting service 'hht_ota_mgr_service'...
01-01 09:21:51.293 I/init ( 0): Service 'hht_ota_mgr_service' (pid 8091) exited with status 0
01-01 09:21:51.317 I/init ( 0): Sending signal 9 to service 'hht_ota_mgr_service' (pid 8091) process group...
01-01 09:21:51.327 I/libprocessgroup( 0): Successfully killed process cgroup uid 0 pid 8091 in 0ms
01-01 09:21:56.112 I/init ( 0): starting service 'hht_ota_mgr_service'...
01-01 09:21:56.326 I/init ( 0): Service 'hht_ota_mgr_service' (pid 8093) exited with status 0
01-01 09:21:56.351 I/init ( 0): Sending signal 9 to service 'hht_ota_mgr_service' (pid 8093) process group...
01-01 09:21:56.360 I/libprocessgroup( 0): Successfully killed process cgroup uid 0 pid 8093 in 0ms
01-01 09:22:01.166 I/init ( 0): starting service 'hht_ota_mgr_service'...
01-01 09:22:01.380 I/init ( 0): Service 'hht_ota_mgr_service' (pid 8097) exited with status 0
01-01 09:22:01.403 I/init ( 0): Sending signal 9 to service 'hht_ota_mgr_service' (pid 8097) process group...
01-01 09:22:01.413 I/libprocessgroup( 0): Successfully killed process cgroup uid 0 pid 8097 in 0ms
01-01 09:22:06.219 I/init ( 0): starting service 'hht_ota_mgr_service'...
01-01 09:22:06.443 I/init ( 0): Service 'hht_ota_mgr_service' (pid 8098) exited with status 0
01-01 09:22:06.467 I/init ( 0): Sending signal 9 to service 'hht_ota_mgr_service' (pid 8098) process group...
01-01 09:22:06.477 I/libprocessgroup( 0): Successfully killed process cgroup uid 0 pid 8098 in 0ms
01-01 09:22:11.257 I/init ( 0): starting service 'hht_ota_mgr_service'...
01-01 09:22:11.462 I/init ( 0): Service 'hht_ota_mgr_service' (pid 8102) exited with status 0
01-01 09:22:11.485 I/init ( 0): Sending signal 9 to service 'hht_ota_mgr_service' (pid 8102) process group...
01-01 09:22:11.495 I/libprocessgroup( 0): Successfully killed process cgroup uid 0 pid 8102 in 0ms
01-01 09:22:16.305 I/init ( 0): starting service 'hht_ota_mgr_service'...
01-01 09:22:16.501 I/init ( 0): Service 'hht_ota_mgr_service' (pid 8103) exited with status 0
01-01 09:22:16.525 I/init ( 0): Sending signal 9 to service 'hht_ota_mgr_service' (pid 8103) process group...
01-01 09:22:16.536 I/libprocessgroup( 0): Successfully killed process cgroup uid 0 pid 8103 in 0ms
01-01 09:22:21.334 I/init ( 0): starting service 'hht_ota_mgr_service'...
01-01 09:22:21.539 I/init ( 0): Service 'hht_ota_mgr_service' (pid 8107) exited with status 0
01-01 09:22:21.562 I/init ( 0): Sending signal 9 to service 'hht_ota_mgr_service' (pid 8107) process group...
01-01 09:22:21.571 I/libprocessgroup( 0): Successfully killed process cgroup uid 0 pid 8107 in 0ms
01-01 09:22:22.907 I/ ( 0): kworker/dying (80) used greatest stack depth: 8048 bytes left
01-01 09:22:25.955 I/[dp_rx_][0x161c327591][10:44:15.673499] wlan( 0): [2793:I:QDF] DHCP-D RX: SA:c6:6b:f9:33:3e:e9 DA:ff:ff:ff:ff:ff:ff
01-01 09:22:25.970 I/[dp_rx_][0x161c36f066][10:44:15.688787] wlan( 0): [2793:I:QDF] DHCP-R RX: SA:c6:6b:f9:33:3e:e9 DA:ff:ff:ff:ff:ff:ff
01-01 09:22:26.353 I/init ( 0): starting service 'hht_ota_mgr_service'...
01-01 09:22:26.547 I/init ( 0): Service 'hht_ota_mgr_service' (pid 8111) exited with status 0
01-01 09:22:26.569 I/init ( 0): Sending signal 9 to service 'hht_ota_mgr_service' (pid 8111) process group...
01-01 09:22:26.578 I/libprocessgroup( 0): Successfully killed process cgroup uid 0 pid 8111 in 0ms
01-01 09:22:31.381 I/init ( 0): starting service 'hht_ota_mgr_service'...
01-01 09:22:31.584 I/init ( 0): Service 'hht_ota_mgr_service' (pid 8113) exited with status 0
01-01 09:22:31.607 I/init ( 0): Sending signal 9 to service 'hht_ota_mgr_service' (pid 8113) process group...
01-01 09:22:31.616 I/libprocessgroup( 0): Successfully killed process cgroup uid 0 pid 8113 in 0ms
01-01 09:22:33.473 I/[schedu][0x1624cd16d6][10:44:23.191806] wlan( 0): [2762:I:PE] Assoc rsp RX: subtype 1 vdev 0 sys role 3 lim state 1 rssi 0 from 98:f1:81:81:79:a1
01-01 09:22:33.494 W/[schedu][0x1624d353d7][10:44:23.213098] wlan( 0): [2762:W:SME] sme_qos_process_ft_reassoc_req_ev: 3318: Flow List empty, nothing to update
01-01 09:22:33.508 E/[schedu][0x1624d75057][10:44:23.226705] wlan( 0): [2762:E:SME] sme_qos_process_reassoc_success_ev: 4605: session or RIC data is not present
01-01 09:22:33.522 E/[schedu][0x1624db5717][10:44:23.240448] wlan( 0): [2762:E:QDF] qdf_mem_malloc_debug: 1206: Cannot malloc 0 bytes @ csr_get_cfg_max_tx_power:14199
01-01 09:22:33.536 E/[schedu][0x1624df97b1][10:44:23.254963] wlan( 0): [2762:E:QDF] qdf_mem_malloc_debug: 1206: Cannot malloc 0 bytes @ csr_get_cfg_max_tx_power:14199
01-01 09:22:33.552 I/[schedu][0x1624e43ec4][10:44:23.270844] wlan( 0): [2762:I:HDD] wlan0(vdevid-0): 96:49:80:62:22:bf connected to 98:f1:81:81:79:a1
01-01 09:22:33.585 I/[schedu][0x1624ee0a09][10:44:23.304274] wlan( 0): [2762:I:WMA] LFR3: Posting WMA_ROAM_OFFLOAD_SYNCH_CNF
01-01 09:22:33.592 I/[soft_i][0x1624effa7b][10:44:23.310893] wlan( 0): [0:I:TXRX] HTT_T2H_MSG_TYPE_PEER_MAP msg for peer id 15 vdev id 0 n
01-01 09:22:33.598 E/[schedu][0x1624f1ad05][10:44:23.316688] wlan( 0): [2762:E:QDF] qdf_mem_malloc_debug: 1206: Cannot malloc 0 bytes @ csr_get_cfg_max_tx_power:14199
01-01 09:22:33.607 E/[soft_i][0x1624f47d3f][10:44:23.326290] wlan( 0): [0:E:DP] dp_peer_find_add_id: peer ffffffc1c8258000 ID 15 vid 0 mac 98:f1:81:81:79:a1
01-01 09:22:33.623 I/[schedu][0x1624f8eab5][10:44:23.341403] wlan( 0): [2762:I:WMA] [10:44:21.553000] [ROAM_TRIGGER]: VDEV[0] Reason: "PER"
01-01 09:22:33.635 I/[soft_i][0x1624fc7d71][10:44:23.353600] wlan( 0): [0:I:DP] dp_peer_find_add_id: ref_cnt: 2
01-01 09:22:33.635 E/[soft_i][0x1624fc7e4d][10:44:23.353611] wlan( 0): [0:E:DP] dp_peer_map_ast: peer ffffffc1c8258000 ID 73 vid 0 mac 98:f1:81:81:79:a1
01-01 09:22:33.647 I/[schedu][0x1624fff464][10:44:23.365425] wlan( 0): [2762:I:WMA] [10:44:21.553000] [ROAM_SCAN]: VDEV[0] Scan_type: PARTIAL {2412 2437 2462 5180 5260 5280 5300 5745 5785 }
03-28 10:44:23.400 I/DropBoxManagerService( 1017): add tag=system_server_wtf isTagEnabled=true flags=0x2
01-01 09:22:33.685 I/[schedu][0x16250b40f0][10:44:23.403993] wlan( 0): [2762:I:WMA] ============================================================================================================================
01-01 09:22:33.703 I/[schedu][0x1625107e21][10:44:23.421875] wlan( 0): [2762:I:WMA] AP BSSID TSTAMP CH TY ETP RSSI/SCR CU%/SCR TOT_SCR BL_RSN BL_SRC BL_TSTAMP BL_TIMEOUT(ms)
01-01 09:22:33.721 I/[schedu][0x162515b9e2][10:44:23.439738] wlan( 0): [2762:I:WMA] ============================================================================================================================
01-01 09:22:33.739 I/[schedu][0x16251af405][10:44:23.457580] wlan( 0): [2762:I:WMA] 98:f1:81:80:45:61 [10:44:21.553000] 5180 P_AP 0 73/0 0/0 2579 0 0 [00:00:00.000000] 0
01-01 09:22:33.756 I/[schedu][0x1625200d27][10:44:23.474982] wlan( 0): [2762:I:WMA] 98:f1:81:81:79:a1 [10:44:22.749000] 5280 R_AP 189 72/0 50/0 2579 0 0 [00:00:00.000000] 0
01-01 09:22:33.774 I/[schedu][0x1625252643][10:44:23.492384] wlan( 0): [2762:I:WMA] 98:f1:81:81:83:11 [10:44:21.939000] 5745 C_AP 171 78/0 50/0 1535 0 0 [00:00:00.000000] 0
01-01 09:22:33.791 I/[schedu][0x16252a428a][10:44:23.509827] wlan( 0): [2762:I:WMA] 98:f1:81:81:83:01 [10:44:22.514000] 5260 C_AP 180 77/0 50/0 1535 0 0 [00:00:00.000000] 0
01-01 09:22:33.809 I/[schedu][0x16252f6814][10:44:23.527394] wlan( 0): [2762:I:WMA] 98:f1:81:81:79:c0 [10:44:21.631000] 2437 C_AP 21 86/0 50/0 1005 0 0 [00:00:00.000000] 0
01-01 09:22:33.826 I/[schedu][0x1625348123][10:44:23.544795] wlan( 0): [2762:I:WMA] 98:f1:81:80:9c:30 [10:44:21.584000] 5180 C_AP 134 82/0 50/0 860 0 0 [00:00:00.000000] 0
01-01 09:22:33.843 I/[schedu][0x1625399a1d][10:44:23.562195] wlan( 0): [2762:I:WMA] 98:f1:81:81:82:d1 [10:44:22.506000] 5260 C_AP 67 89/0 50/0 860 0 0 [00:00:00.000000] 0
01-01 09:22:33.861 I/[schedu][0x16253eb361][10:44:23.579598] wlan( 0): [2762:I:WMA] 98:f1:81:81:6f:e0 [10:44:22.874000] 5300 C_AP 86 87/0 50/0 860 0 0 [00:00:00.000000] 0
01-01 09:22:33.878 I/[schedu][0x162543cdd7][10:44:23.597018] wlan( 0): [2762:I:WMA] [10:44:23.284000] [ROAM_RESULT]: VDEV[0] SUCCESS
01-01 09:22:34.439 W/audit ( 0): audit_lost=2719 audit_rate_limit=5 audit_backlog_limit=64
01-01 09:22:34.470 E/audit ( 0): rate limit exceeded
01-01 09:22:36.408 I/init ( 0): starting service 'hht_ota_mgr_service'...
01-01 09:22:36.607 W/audit ( 0): audit_lost=2823 audit_rate_limit=5 audit_backlog_limit=64
01-01 09:22:36.614 E/audit ( 0): rate limit exceeded
01-01 09:22:36.625 I/init ( 0): Service 'hht_ota_mgr_service' (pid 8138) exited with status 0
01-01 09:22:36.633 I/init ( 0): Sending signal 9 to service 'hht_ota_mgr_service' (pid 8138) process group...
01-01 09:22:36.644 I/libprocessgroup( 0): Successfully killed process cgroup uid 0 pid 8138 in 1ms
01-01 09:22:40.453 I/[schedu][0x162cc9e8cd][10:44:30.171461] wlan( 0): [2762:I:OSIF] scan start scan id 40993
01-01 09:22:41.435 I/init ( 0): starting service 'hht_ota_mgr_service'...
01-01 09:22:41.668 I/init ( 0): Service 'hht_ota_mgr_service' (pid 8141) exited with status 0
01-01 09:22:41.675 I/init ( 0): Sending signal 9 to service 'hht_ota_mgr_service' (pid 8141) process group...
01-01 09:22:41.685 I/libprocessgroup( 0): Successfully killed process cgroup uid 0 pid 8141 in 0ms
01-01 09:22:42.328 I/[schedu][0x162eef3b01][10:44:32.046476] wlan( 0): [2762:I:OSIF] vdev 0, scan id 40993 type COMPLETED(1) reason COMPLETED(1) scan found 34 bss
01-01 09:22:46.487 I/init ( 0): starting service 'hht_ota_mgr_service'...
01-01 09:22:46.675 I/init ( 0): Service 'hht_ota_mgr_service' (pid 8147) exited with status 0
01-01 09:22:46.699 I/init ( 0): Sending signal 9 to service 'hht_ota_mgr_service' (pid 8147) process group...
01-01 09:22:46.708 I/libprocessgroup( 0): Successfully killed process cgroup uid 0 pid 8147 in 0ms
01-01 09:22:46.967 W/audit ( 0): audit_lost=2824 audit_rate_limit=5 audit_backlog_limit=64
