03-14 03:53:41.748 I/SystemServerTimingAsync( 1017): ssm.onUnlockingUser-0_com.android.server.StorageManagerService$Lifecycle
03-14 03:53:41.748 D/StorageManagerService( 1017): onUnlockUser 0
03-14 03:53:41.748 I/StorageSessionController( 1017): On user unlock 0
03-14 03:53:41.748 I/StorageSessionController( 1017): Initialialising...
03-14 03:53:41.749 I/vold ( 551): onUserStarted: 0
03-14 03:53:41.751 V/StorageManagerService( 1017): Found primary storage at VolumeInfo{emulated;0}:
03-14 03:53:41.751 V/StorageManagerService( 1017): type=EMULATED diskId=null partGuid= mountFlags=0 mountUserId=0
03-14 03:53:41.751 V/StorageManagerService( 1017): state=UNMOUNTED
03-14 03:53:41.751 V/StorageManagerService( 1017): fsType=null fsUuid=null fsLabel=null
03-14 03:53:41.751 V/StorageManagerService( 1017): path=null internalPath=null
03-14 03:53:41.757 I/StorageManagerService( 1017): Mounting volume VolumeInfo{emulated;0}:
03-14 03:53:41.757 I/StorageManagerService( 1017): type=EMULATED diskId=null partGuid= mountFlags=PRIMARY|VISIBLE
03-14 03:53:41.757 I/StorageManagerService( 1017): mountUserId=0 state=UNMOUNTED
03-14 03:53:41.757 I/StorageManagerService( 1017): fsType=null fsUuid=null fsLabel=null
03-14 03:53:41.757 I/StorageManagerService( 1017): path=null internalPath=null
03-14 03:53:41.759 I/vold ( 551): Executing sdcardfs
01-01 08:00:54.989 W/QSEECOM ( 0): __qseecom_unload_app: App (9) is unloaded
01-01 08:00:54.990 D/qbt ( 0): qbt_release: entry minor_no=0 fd_available=0
01-01 08:00:54.990 D/qbt ( 0): qbt_release: Releasing wakelock
01-01 08:00:54.990 D/qbt ( 0): qbt_release: exit : fd_available=1
01-01 08:00:54.990 D/qbt ( 0): qbt_release: entry minor_no=1 fd_available=1
01-01 08:00:54.990 D/qbt ( 0): qbt_release: exit : fd_available=1
03-14 03:53:41.769 D/vold ( 551): Waiting for sdcardfs to spin up...
03-14 03:53:41.805 W/SystemServiceManager( 1017): Service com.android.server.StorageManagerService$Lifecycle took 57 ms in onUnlockingUser-0
03-14 03:53:41.805 D/SystemServerTimingAsync( 1017): ssm.onUnlockingUser-0_com.android.server.StorageManagerService$Lifecycle took to complete: 57ms
03-14 03:53:41.805 I/SystemServerTimingAsync( 1017): ssm.onUnlockingUser-0_com.android.server.usage.StorageStatsService$Lifecycle
03-14 03:53:41.805 D/SystemServerTimingAsync( 1017): ssm.onUnlockingUser-0_com.android.server.usage.StorageStatsService$Lifecycle took to complete: 0ms
03-14 03:53:41.805 I/SystemServerTimingAsync( 1017): ssm.onUnlockingUser-0_com.android.server.UiModeManagerService
03-14 03:53:41.805 D/SystemServerTimingAsync( 1017): ssm.onUnlockingUser-0_com.android.server.UiModeManagerService took to complete: 0ms
03-14 03:53:41.806 I/SystemServerTimingAsync( 1017): ssm.onUnlockingUser-0_com.android.server.locksettings.LockSettingsService$Lifecycle
03-14 03:53:41.806 D/SystemServerTimingAsync( 1017): ssm.onUnlockingUser-0_com.android.server.locksettings.LockSettingsService$Lifecycle took to complete: 0ms
03-14 03:53:41.806 I/SystemServerTimingAsync( 1017): ssm.onUnlockingUser-0_com.android.server.PersistentDataBlockService
03-14 03:53:41.806 D/SystemServerTimingAsync( 1017): ssm.onUnlockingUser-0_com.android.server.PersistentDataBlockService took to complete: 0ms
03-14 03:53:41.806 I/SystemServerTimingAsync( 1017): ssm.onUnlockingUser-0_com.android.server.testharness.TestHarnessModeService
03-14 03:53:41.806 D/SystemServerTimingAsync( 1017): ssm.onUnlockingUser-0_com.android.server.testharness.TestHarnessModeService took to complete: 0ms
03-14 03:53:41.806 I/SystemServerTimingAsync( 1017): ssm.onUnlockingUser-0_com.android.server.oemlock.OemLockService
03-14 03:53:41.806 D/SystemServerTimingAsync( 1017): ssm.onUnlockingUser-0_com.android.server.oemlock.OemLockService took to complete: 0ms
03-14 03:53:41.806 I/SystemServerTimingAsync( 1017): ssm.onUnlockingUser-0_com.android.server.DeviceIdleController
03-14 03:53:41.807 D/SystemServerTimingAsync( 1017): ssm.onUnlockingUser-0_com.android.server.DeviceIdleController took to complete: 0ms
03-14 03:53:41.807 I/SystemServerTimingAsync( 1017): ssm.onUnlockingUser-0_com.android.server.devicepolicy.DevicePolicyManagerService$Lifecycle
03-14 03:53:41.807 D/SystemServerTimingAsync( 1017): ssm.onUnlockingUser-0_com.android.server.devicepolicy.DevicePolicyManagerService$Lifecycle took to complete: 0ms
03-14 03:53:41.807 I/SystemServerTimingAsync( 1017): ssm.onUnlockingUser-0_com.android.server.texttospeech.TextToSpeechManagerService
03-14 03:53:41.807 D/SystemServerTimingAsync( 1017): ssm.onUnlockingUser-0_com.android.server.texttospeech.TextToSpeechManagerService took to complete: 1ms
03-14 03:53:41.808 I/SystemServerTimingAsync( 1017): ssm.onUnlockingUser-0_com.android.server.speech.SpeechRecognitionManagerService
03-14 03:53:41.808 D/SystemServerTimingAsync( 1017): ssm.onUnlockingUser-0_com.android.server.speech.SpeechRecognitionManagerService took to complete: 0ms
03-14 03:53:41.808 I/SystemServerTimingAsync( 1017): ssm.onUnlockingUser-0_com.android.server.searchui.SearchUiManagerService
03-14 03:53:41.809 D/SystemServerTimingAsync( 1017): ssm.onUnlockingUser-0_com.android.server.searchui.SearchUiManagerService took to complete: 0ms
03-14 03:53:41.809 I/SystemServerTimingAsync( 1017): ssm.onUnlockingUser-0_com.android.server.smartspace.SmartspaceManagerService
03-14 03:53:41.809 D/SystemServerTimingAsync( 1017): ssm.onUnlockingUser-0_com.android.server.smartspace.SmartspaceManagerService took to complete: 0ms
03-14 03:53:41.809 W/sdcard ( 2916): Device explicitly enabled sdcardfs
01-01 08:00:55.034 I/ ( 0): sdcardfs version 2.0
03-14 03:53:41.809 I/SystemServerTimingAsync( 1017): ssm.onUnlockingUser-0_com.android.server.graphics.fonts.FontManagerService$Lifecycle
03-14 03:53:41.810 D/SystemServerTimingAsync( 1017): ssm.onUnlockingUser-0_com.android.server.graphics.fonts.FontManagerService$Lifecycle took to complete: 0ms
03-14 03:53:41.810 I/SystemServerTimingAsync( 1017): ssm.onUnlockingUser-0_com.android.server.textservices.TextServicesManagerService$Lifecycle
03-14 03:53:41.819 D/vold ( 551): Waiting for sdcardfs to spin up...
03-14 03:53:41.825 D/SystemServerTimingAsync( 1017): ssm.onUnlockingUser-0_com.android.server.textservices.TextServicesManagerService$Lifecycle took to complete: 15ms
03-14 03:53:41.825 I/SystemServerTimingAsync( 1017): ssm.onUnlockingUser-0_com.android.server.textclassifier.TextClassificationManagerService$Lifecycle
03-14 03:53:41.825 D/SystemServerTimingAsync( 1017): ssm.onUnlockingUser-0_com.android.server.textclassifier.TextClassificationManagerService$Lifecycle took to complete: 1ms
03-14 03:53:41.826 I/SystemServerTimingAsync( 1017): ssm.onUnlockingUser-0_com.android.server.NetworkScoreService$Lifecycle
01-01 08:00:55.034 I/sdcardfs( 0): dev_name -> /data/media
03-14 03:53:41.826 D/SystemServerTimingAsync( 1017): ssm.onUnlockingUser-0_com.android.server.NetworkScoreService$Lifecycle took to complete: 0ms
01-01 08:00:55.034 I/sdcardfs( 0): options -> fsuid=1023,fsgid=1023,multiuser,derive_gid,default_normal,unshared_obb,mask=6,userid=0,gid=1015
01-01 08:00:55.034 I/sdcardfs( 0): mnt -> ffffffc138647060
03-14 03:53:41.826 I/SystemServerTimingAsync( 1017): ssm.onUnlockingUser-0_com.android.server.wifi.WifiService
01-01 08:00:55.039 I/sdcardfs( 0): mounted on top of /data/media type f2fs
03-14 03:53:41.826 D/SystemServerTimingAsync( 1017): ssm.onUnlockingUser-0_com.android.server.wifi.WifiService took to complete: 1ms
03-14 03:53:41.827 I/SystemServerTimingAsync( 1017): ssm.onUnlockingUser-0_com.android.server.wifi.scanner.WifiScanningService
03-14 03:53:41.827 D/SystemServerTimingAsync( 1017): ssm.onUnlockingUser-0_com.android.server.wifi.scanner.WifiScanningService took to complete: 0ms
01-01 08:00:55.041 I/ ( 0): Remount options were mask=23,gid=9997 for vfsmnt ffffffc135245b60.
01-01 08:00:55.041 I/sdcardfs( 0): options - debug:1
03-14 03:53:41.827 I/SystemServerTimingAsync( 1017): ssm.onUnlockingUser-0_com.android.server.wifi.rtt.RttService
01-01 08:00:55.041 I/sdcardfs( 0): options - gid:9997
01-01 08:00:55.041 I/sdcardfs( 0): options - mask:23
03-14 03:53:41.827 D/SystemServerTimingAsync( 1017): ssm.onUnlockingUser-0_com.android.server.wifi.rtt.RttService took to complete: 0ms
01-01 08:00:55.042 I/ ( 0): Remount options were mask=7,gid=9997 for vfsmnt ffffffc1352450e0.
01-01 08:00:55.042 I/sdcardfs( 0): options - debug:1
03-14 03:53:41.827 I/SystemServerTimingAsync( 1017): ssm.onUnlockingUser-0_com.android.server.wifi.aware.WifiAwareService
01-01 08:00:55.042 I/sdcardfs( 0): options - gid:9997
01-01 08:00:55.042 I/sdcardfs( 0): options - mask:7
03-14 03:53:41.827 D/SystemServerTimingAsync( 1017): ssm.onUnlockingUser-0_com.android.server.wifi.aware.WifiAwareService took to complete: 0ms
01-01 08:00:55.043 I/ ( 0): Remount options were mask=7,gid=9997 for vfsmnt ffffffc135328760.
01-01 08:00:55.043 I/sdcardfs( 0): options - debug:1
01-01 08:00:55.043 I/sdcardfs( 0): options - gid:9997
03-14 03:53:41.827 I/SystemServerTimingAsync( 1017): ssm.onUnlockingUser-0_com.android.server.wifi.p2p.WifiP2pService
01-01 08:00:55.043 I/sdcardfs( 0): options - mask:7
03-14 03:53:41.827 D/SystemServerTimingAsync( 1017): ssm.onUnlockingUser-0_com.android.server.wifi.p2p.WifiP2pService took to complete: 0ms
03-14 03:53:41.827 I/SystemServerTimingAsync( 1017): ssm.onUnlockingUser-0_com.android.server.ethernet.EthernetService
03-14 03:53:41.828 D/SystemServerTimingAsync( 1017): ssm.onUnlockingUser-0_com.android.server.ethernet.EthernetService took to complete: 0ms
03-14 03:53:41.828 I/SystemServerTimingAsync( 1017): ssm.onUnlockingUser-0_com.android.server.ConnectivityServiceInitializer
03-14 03:53:41.828 D/SystemServerTimingAsync( 1017): ssm.onUnlockingUser-0_com.android.server.ConnectivityServiceInitializer took to complete: 0ms
03-14 03:53:41.828 I/SystemServerTimingAsync( 1017): ssm.onUnlockingUser-0_com.android.server.notification.NotificationManagerService
03-14 03:53:41.828 D/SystemServerTimingAsync( 1017): ssm.onUnlockingUser-0_com.android.server.notification.NotificationManagerService took to complete: 0ms
03-14 03:53:41.828 I/SystemServerTimingAsync( 1017): ssm.onUnlockingUser-0_com.android.server.storage.DeviceStorageMonitorService
03-14 03:53:41.828 D/SystemServerTimingAsync( 1017): ssm.onUnlockingUser-0_com.android.server.storage.DeviceStorageMonitorService took to complete: 1ms
03-14 03:53:41.828 I/SystemServerTimingAsync( 1017): ssm.onUnlockingUser-0_com.android.server.location.LocationManagerService$Lifecycle
03-14 03:53:41.828 D/SystemServerTimingAsync( 1017): ssm.onUnlockingUser-0_com.android.server.location.LocationManagerService$Lifecycle took to complete: 0ms
03-14 03:53:41.828 I/SystemServerTimingAsync( 1017): ssm.onUnlockingUser-0_com.android.server.timedetector.TimeDetectorService$Lifecycle
03-14 03:53:41.829 D/SystemServerTimingAsync( 1017): ssm.onUnlockingUser-0_com.android.server.timedetector.TimeDetectorService$Lifecycle took to complete: 0ms
03-14 03:53:41.829 I/SystemServerTimingAsync( 1017): ssm.onUnlockingUser-0_com.android.server.timezonedetector.TimeZoneDetectorService$Lifecycle
03-14 03:53:41.829 D/SystemServerTimingAsync( 1017): ssm.onUnlockingUser-0_com.android.server.timezonedetector.TimeZoneDetectorService$Lifecycle took to complete: 0ms
03-14 03:53:41.829 I/SystemServerTimingAsync( 1017): ssm.onUnlockingUser-0_com.android.server.timezonedetector.location.LocationTimeZoneManagerService$Lifecycle
03-14 03:53:41.829 D/SystemServerTimingAsync( 1017): ssm.onUnlockingUser-0_com.android.server.timezonedetector.location.LocationTimeZoneManagerService$Lifecycle took to complete: 0ms
03-14 03:53:41.829 I/SystemServerTimingAsync( 1017): ssm.onUnlockingUser-0_com.android.server.search.SearchManagerService$Lifecycle
03-14 03:53:41.833 D/SystemServerTimingAsync( 1017): ssm.onUnlockingUser-0_com.android.server.search.SearchManagerService$Lifecycle took to complete: 3ms
03-14 03:53:41.833 I/SystemServerTimingAsync( 1017): ssm.onUnlockingUser-0_com.android.server.wallpaper.WallpaperManagerService$Lifecycle
03-14 03:53:41.833 I/WallpaperManagerService( 1017): on-unlock-user-0
03-14 03:53:41.833 D/WallpaperManagerService( 1017): on-unlock-user-0 took to complete: 0ms
03-14 03:53:41.833 D/SystemServerTimingAsync( 1017): ssm.onUnlockingUser-0_com.android.server.wallpaper.WallpaperManagerService$Lifecycle took to complete: 0ms
03-14 03:53:41.833 I/SystemServerTimingAsync( 1017): ssm.onUnlockingUser-0_com.android.server.audio.AudioService$Lifecycle
03-14 03:53:41.833 D/SystemServerTimingAsync( 1017): ssm.onUnlockingUser-0_com.android.server.audio.AudioService$Lifecycle took to complete: 0ms
03-14 03:53:41.833 I/SystemServerTimingAsync( 1017): ssm.onUnlockingUser-0_com.android.server.soundtrigger_middleware.SoundTriggerMiddlewareService$Lifecycle
03-14 03:53:41.833 D/SystemServerTimingAsync( 1017): ssm.onUnlockingUser-0_com.android.server.soundtrigger_middleware.SoundTriggerMiddlewareService$Lifecycle took to complete: 0ms
03-14 03:53:41.833 I/SystemServerTimingAsync( 1017): ssm.onUnlockingUser-0_com.android.server.DockObserver
03-14 03:53:41.833 D/SystemServerTimingAsync( 1017): ssm.onUnlockingUser-0_com.android.server.DockObserver took to complete: 0ms
03-14 03:53:41.837 I/SystemServerTimingAsync( 1017): ssm.onUnlockingUser-0_com.android.server.midi.MidiService$Lifecycle
03-14 03:53:41.837 D/SystemServerTimingAsync( 1017): ssm.onUnlockingUser-0_com.android.server.midi.MidiService$Lifecycle took to complete: 0ms
03-14 03:53:41.837 I/SystemServerTimingAsync( 1017): ssm.onUnlockingUser-0_com.android.server.adb.AdbService$Lifecycle
03-14 03:53:41.837 D/SystemServerTimingAsync( 1017): ssm.onUnlockingUser-0_com.android.server.adb.AdbService$Lifecycle took to complete: 0ms
03-14 03:53:41.837 I/SystemServerTimingAsync( 1017): ssm.onUnlockingUser-0_com.android.server.usb.UsbService$Lifecycle
03-14 03:53:41.839 D/SystemServerTimingAsync( 1017): ssm.onUnlockingUser-0_com.android.server.usb.UsbService$Lifecycle took to complete: 1ms
03-14 03:53:41.839 I/SystemServerTimingAsync( 1017): ssm.onUnlockingUser-0_com.android.server.twilight.TwilightService
03-14 03:53:41.839 D/SystemServerTimingAsync( 1017): ssm.onUnlockingUser-0_com.android.server.twilight.TwilightService took to complete: 0ms
03-14 03:53:41.839 I/SystemServerTimingAsync( 1017): ssm.onUnlockingUser-0_com.android.server.display.color.ColorDisplayService
03-14 03:53:41.839 D/SystemServerTimingAsync( 1017): ssm.onUnlockingUser-0_com.android.server.display.color.ColorDisplayService took to complete: 0ms
03-14 03:53:41.839 I/SystemServerTimingAsync( 1017): ssm.onUnlockingUser-0_com.android.server.job.JobSchedulerService
03-14 03:53:41.839 D/SystemServerTimingAsync( 1017): ssm.onUnlockingUser-0_com.android.server.job.JobSchedulerService took to complete: 0ms
03-14 03:53:41.839 I/SystemServerTimingAsync( 1017): ssm.onUnlockingUser-0_com.android.server.soundtrigger.SoundTriggerService
03-14 03:53:41.839 D/SystemServerTimingAsync( 1017): ssm.onUnlockingUser-0_com.android.server.soundtrigger.SoundTriggerService took to complete: 0ms
03-14 03:53:41.839 I/SystemServerTimingAsync( 1017): ssm.onUnlockingUser-0_com.android.server.trust.TrustManagerService
03-14 03:53:41.839 D/SystemServerTimingAsync( 1017): ssm.onUnlockingUser-0_com.android.server.trust.TrustManagerService took to complete: 0ms
03-14 03:53:41.839 I/SystemServerTimingAsync( 1017): ssm.onUnlockingUser-0_com.android.server.backup.BackupManagerService$Lifecycle
03-14 03:53:41.839 D/SystemServerTimingAsync( 1017): ssm.onUnlockingUser-0_com.android.server.backup.BackupManagerService$Lifecycle took to complete: 0ms
03-14 03:53:41.839 I/SystemServerTimingAsync( 1017): ssm.onUnlockingUser-0_com.android.server.appwidget.AppWidgetService
03-14 03:53:41.839 D/SystemServerTimingAsync( 1017): ssm.onUnlockingUser-0_com.android.server.appwidget.AppWidgetService took to complete: 0ms
03-14 03:53:41.840 I/SystemServerTimingAsync( 1017): ssm.onUnlockingUser-0_com.android.server.voiceinteraction.VoiceInteractionManagerService
03-14 03:53:41.840 W/VoiceInteractionManager( 1017): no available voice recognition services found for user 0
03-14 03:53:41.840 D/SystemServerTimingAsync( 1017): ssm.onUnlockingUser-0_com.android.server.voiceinteraction.VoiceInteractionManagerService took to complete: 0ms
03-14 03:53:41.840 I/SystemServerTimingAsync( 1017): ssm.onUnlockingUser-0_com.android.server.apphibernation.AppHibernationService
03-14 03:53:41.841 D/SystemServerTimingAsync( 1017): ssm.onUnlockingUser-0_com.android.server.apphibernation.AppHibernationService took to complete: 1ms
03-14 03:53:41.841 I/SystemServerTimingAsync( 1017): ssm.onUnlockingUser-0_com.android.server.SensorNotificationService
03-14 03:53:41.841 D/SystemServerTimingAsync( 1017): ssm.onUnlockingUser-0_com.android.server.SensorNotificationService took to complete: 0ms
03-14 03:53:41.841 I/SystemServerTimingAsync( 1017): ssm.onUnlockingUser-0_com.android.server.emergency.EmergencyAffordanceService
03-14 03:53:41.842 D/SystemServerTimingAsync( 1017): ssm.onUnlockingUser-0_com.android.server.emergency.EmergencyAffordanceService took to complete: 0ms
03-14 03:53:41.842 I/SystemServerTimingAsync( 1017): ssm.onUnlockingUser-0_com.android.server.blob.BlobStoreManagerService
03-14 03:53:41.842 D/SystemServerTimingAsync( 1017): ssm.onUnlockingUser-0_com.android.server.blob.BlobStoreManagerService took to complete: 0ms
03-14 03:53:41.842 I/SystemServerTimingAsync( 1017): ssm.onUnlockingUser-0_com.android.server.dreams.DreamManagerService
03-14 03:53:41.842 D/SystemServerTimingAsync( 1017): ssm.onUnlockingUser-0_com.android.server.dreams.DreamManagerService took to complete: 0ms
03-14 03:53:41.842 I/SystemServerTimingAsync( 1017): ssm.onUnlockingUser-0_com.android.server.companion.CompanionDeviceManagerService
03-14 03:53:41.842 D/SystemServerTimingAsync( 1017): ssm.onUnlockingUser-0_com.android.server.companion.CompanionDeviceManagerService took to complete: 0ms
03-14 03:53:41.842 I/SystemServerTimingAsync( 1017): ssm.onUnlockingUser-0_com.android.server.restrictions.RestrictionsManagerService
03-14 03:53:41.842 D/SystemServerTimingAsync( 1017): ssm.onUnlockingUser-0_com.android.server.restrictions.RestrictionsManagerService took to complete: 0ms
03-14 03:53:41.842 I/SystemServerTimingAsync( 1017): ssm.onUnlockingUser-0_com.android.server.media.MediaSessionService
03-14 03:53:41.842 D/SystemServerTimingAsync( 1017): ssm.onUnlockingUser-0_com.android.server.media.MediaSessionService took to complete: 0ms
03-14 03:53:41.842 I/SystemServerTimingAsync( 1017): ssm.onUnlockingUser-0_com.android.server.media.MediaResourceMonitorService
03-14 03:53:41.842 D/SystemServerTimingAsync( 1017): ssm.onUnlockingUser-0_com.android.server.media.MediaResourceMonitorService took to complete: 0ms
03-14 03:53:41.842 I/SystemServerTimingAsync( 1017): ssm.onUnlockingUser-0_com.android.server.biometrics.sensors.fingerprint.FingerprintService
03-14 03:53:41.842 D/SystemServerTimingAsync( 1017): ssm.onUnlockingUser-0_com.android.server.biometrics.sensors.fingerprint.FingerprintService took to complete: 0ms
03-14 03:53:41.842 I/SystemServerTimingAsync( 1017): ssm.onUnlockingUser-0_com.android.server.biometrics.BiometricService
03-14 03:53:41.842 D/SystemServerTimingAsync( 1017): ssm.onUnlockingUser-0_com.android.server.biometrics.BiometricService took to complete: 0ms
03-14 03:53:41.842 I/SystemServerTimingAsync( 1017): ssm.onUnlockingUser-0_com.android.server.biometrics.AuthService
03-14 03:53:41.842 D/SystemServerTimingAsync( 1017): ssm.onUnlockingUser-0_com.android.server.biometrics.AuthService took to complete: 0ms
03-14 03:53:41.842 I/SystemServerTimingAsync( 1017): ssm.onUnlockingUser-0_com.android.server.pm.ShortcutService$Lifecycle
03-14 03:53:41.843 D/Fingerprint21( 1017): handleError, client: FingerprintInternalCleanupClient, error: 2, vendorCode: 0
03-14 03:53:41.843 E/Fingerprint21( 1017): onError for non-error consumer: FingerprintInternalCleanupClient
03-14 03:53:41.843 I/NotificationHistory( 1017): Attempted to unlock gone/disabled user 0
03-14 03:53:41.844 I/HibernationStateDiskStore( 1017): No hibernation file on disk for file /data/system_ce/0/hibernation/states
03-14 03:53:41.845 W/BatteryExternalStatsWorker( 1017): error reading modem stats:ERROR_PHONE_NOT_AVAILABLE
03-14 03:53:41.845 D/SystemServerTimingAsync( 1017): ssm.onUnlockingUser-0_com.android.server.pm.ShortcutService$Lifecycle took to complete: 0ms
03-14 03:53:41.845 I/SystemServerTimingAsync( 1017): ssm.onUnlockingUser-0_com.android.server.pm.LauncherAppsService
03-14 03:53:41.846 D/SystemServerTimingAsync( 1017): ssm.onUnlockingUser-0_com.android.server.pm.LauncherAppsService took to complete: 0ms
03-14 03:53:41.846 I/SystemServerTimingAsync( 1017): ssm.onUnlockingUser-0_com.android.server.pm.CrossProfileAppsService
03-14 03:53:41.846 D/SystemServerTimingAsync( 1017): ssm.onUnlockingUser-0_com.android.server.pm.CrossProfileAppsService took to complete: 0ms
03-14 03:53:41.846 I/SystemServerTimingAsync( 1017): ssm.onUnlockingUser-0_com.android.server.people.PeopleService
03-14 03:53:41.846 D/SystemServerTimingAsync( 1017): ssm.onUnlockingUser-0_com.android.server.people.PeopleService took to complete: 0ms
03-14 03:53:41.846 I/SystemServerTimingAsync( 1017): ssm.onUnlockingUser-0_com.android.server.media.metrics.MediaMetricsManagerService
03-14 03:53:41.846 D/SystemServerTimingAsync( 1017): ssm.onUnlockingUser-0_com.android.server.media.metrics.MediaMetricsManagerService took to complete: 0ms
03-14 03:53:41.846 I/SystemServerTimingAsync( 1017): ssm.onUnlockingUser-0_com.android.server.media.projection.MediaProjectionManagerService
03-14 03:53:41.846 D/SystemServerTimingAsync( 1017): ssm.onUnlockingUser-0_com.android.server.media.projection.MediaProjectionManagerService took to complete: 0ms
03-14 03:53:41.846 I/SystemServerTimingAsync( 1017): ssm.onUnlockingUser-0_com.android.server.slice.SliceManagerService$Lifecycle
03-14 03:53:41.846 D/SystemServerTimingAsync( 1017): ssm.onUnlockingUser-0_com.android.server.slice.SliceManagerService$Lifecycle took to complete: 0ms
03-14 03:53:41.847 I/SystemServerTimingAsync( 1017): ssm.onUnlockingUser-0_com.android.server.stats.StatsCompanion$Lifecycle
03-14 03:53:41.847 D/SystemServerTimingAsync( 1017): ssm.onUnlockingUser-0_com.android.server.stats.StatsCompanion$Lifecycle took to complete: 0ms
03-14 03:53:41.847 I/SystemServerTimingAsync( 1017): ssm.onUnlockingUser-0_com.android.server.scheduling.RebootReadinessManagerService$Lifecycle
03-14 03:53:41.847 D/SystemServerTimingAsync( 1017): ssm.onUnlockingUser-0_com.android.server.scheduling.RebootReadinessManagerService$Lifecycle took to complete: 0ms
03-14 03:53:41.847 I/SystemServerTimingAsync( 1017): ssm.onUnlockingUser-0_com.android.server.stats.pull.StatsPullAtomService
03-14 03:53:41.847 D/SystemServerTimingAsync( 1017): ssm.onUnlockingUser-0_com.android.server.stats.pull.StatsPullAtomService took to complete: 0ms
03-14 03:53:41.847 I/SystemServerTimingAsync( 1017): ssm.onUnlockingUser-0_com.android.server.incident.IncidentCompanionService
03-14 03:53:41.847 D/SystemServerTimingAsync( 1017): ssm.onUnlockingUser-0_com.android.server.incident.IncidentCompanionService took to complete: 0ms
03-14 03:53:41.847 I/SystemServerTimingAsync( 1017): ssm.onUnlockingUser-0_com.android.server.MmsServiceBroker
03-14 03:53:41.847 D/SystemServerTimingAsync( 1017): ssm.onUnlockingUser-0_com.android.server.MmsServiceBroker took to complete: 0ms
03-14 03:53:41.847 I/SystemServerTimingAsync( 1017): ssm.onUnlockingUser-0_com.android.server.autofill.AutofillManagerService
03-14 03:53:41.848 D/SystemServerTimingAsync( 1017): ssm.onUnlockingUser-0_com.android.server.autofill.AutofillManagerService took to complete: 1ms
03-14 03:53:41.848 I/SystemServerTimingAsync( 1017): ssm.onUnlockingUser-0_com.android.server.clipboard.ClipboardService
03-14 03:53:41.848 D/SystemServerTimingAsync( 1017): ssm.onUnlockingUser-0_com.android.server.clipboard.ClipboardService took to complete: 0ms
03-14 03:53:41.848 I/SystemServerTimingAsync( 1017): ssm.onUnlockingUser-0_com.android.server.appbinding.AppBindingService$Lifecycle
03-14 03:53:41.850 W/AppBindingService( 1017): [Default SMS app] u0 Target package not found
03-14 03:53:41.850 D/SystemServerTimingAsync( 1017): ssm.onUnlockingUser-0_com.android.server.appbinding.AppBindingService$Lifecycle took to complete: 2ms
03-14 03:53:41.850 I/SystemServerTimingAsync( 1017): ssm.onUnlockingUser-0_com.android.server.tracing.TracingServiceProxy
03-14 03:53:41.851 D/SystemServerTimingAsync( 1017): ssm.onUnlockingUser-0_com.android.server.tracing.TracingServiceProxy took to complete: 0ms
03-14 03:53:41.851 I/SystemServerTimingAsync( 1017): ssm.onUnlockingUser-0_com.android.server.policy.PermissionPolicyService
03-14 03:53:41.851 D/SystemServerTimingAsync( 1017): ssm.onUnlockingUser-0_com.android.server.policy.PermissionPolicyService took to complete: 0ms
03-14 03:53:41.851 I/SystemServerTimingAsync( 1017): ssm.onUnlockingUser-0_com.android.server.pm.StagingManager$Lifecycle
03-14 03:53:41.851 D/SystemServerTimingAsync( 1017): ssm.onUnlockingUser-0_com.android.server.pm.StagingManager$Lifecycle took to complete: 0ms
03-14 03:53:41.851 I/SystemServerTimingAsync( 1017): ssm.onUnlockingUser-0_com.android.server.app.GameManagerService$Lifecycle
03-14 03:53:41.851 D/SystemServerTimingAsync( 1017): ssm.onUnlockingUser-0_com.android.server.app.GameManagerService$Lifecycle took to complete: 0ms
03-14 03:53:41.851 I/SystemServerTimingAsync( 1017): ssm.onUnlockingUser-0_com.android.server.appsearch.AppSearchManagerService
03-14 03:53:41.853 D/SystemServerTimingAsync( 1017): ssm.onUnlockingUser-0_com.android.server.appsearch.AppSearchManagerService took to complete: 2ms
03-14 03:53:41.853 I/SystemServerTimingAsync( 1017): ssm.onUnlockingUser-0_com.android.server.media.MediaCommunicationService
03-14 03:53:41.853 D/SystemServerTimingAsync( 1017): ssm.onUnlockingUser-0_com.android.server.media.MediaCommunicationService took to complete: 0ms
03-14 03:53:41.853 D/SystemServerTimingAsync( 1017): ssm.UnlockingUser-0 took to complete: 153ms
03-14 03:53:41.853 W/ActivityManager( 1017): UserLifecycleEvent 5 received without an active userJourneySession.
03-14 03:53:41.853 W/ActivityManager( 1017): UserLifecycleEvent 6 received without an active userJourneySession.
03-14 03:53:41.854 I/ActivityManager( 1017): User 0 state changed from RUNNING_UNLOCKING to RUNNING_UNLOCKED
03-14 03:53:41.857 D/SystemServerTiming( 1017): SystemUserUnlock took to complete: 1209ms
03-14 03:53:41.858 D/CompatibilityChangeReporter( 1017): Compat change id reported: 135634846; UID 10090; state: DISABLED
03-14 03:53:41.859 D/CompatibilityChangeReporter( 1017): Compat change id reported: 135634846; UID 10056; state: DISABLED
03-14 03:53:41.859 D/CompatibilityChangeReporter( 1017): Compat change id reported: 177438394; UID 10056; state: DISABLED
03-14 03:53:41.860 I/BackupManagerService( 1017): Starting service for user: 0
03-14 03:53:41.860 D/CompatibilityChangeReporter( 1017): Compat change id reported: 135772972; UID 10056; state: DISABLED
03-14 03:53:41.860 D/CompatibilityChangeReporter( 1017): Compat change id reported: 135754954; UID 10056; state: ENABLED
03-14 03:53:41.860 V/BackupManagerService( 1017): [UserID:0] Starting with transport com.android.localtransport/.LocalTransport
03-14 03:53:41.861 D/CompatibilityChangeReporter( 1017): Compat change id reported: 135634846; UID 1000; state: DISABLED
03-14 03:53:41.861 D/CompatibilityChangeReporter( 1017): Compat change id reported: 177438394; UID 1000; state: DISABLED
03-14 03:53:41.861 D/CompatibilityChangeReporter( 1017): Compat change id reported: 135772972; UID 1000; state: DISABLED
03-14 03:53:41.862 D/CompatibilityChangeReporter( 1017): Compat change id reported: 135754954; UID 1000; state: ENABLED
03-14 03:53:41.862 D/CompatibilityChangeReporter( 1017): Compat change id reported: 135634846; UID 10054; state: DISABLED
03-14 03:53:41.862 D/CompatibilityChangeReporter( 1017): Compat change id reported: 177438394; UID 10054; state: DISABLED
03-14 03:53:41.862 D/CompatibilityChangeReporter( 1017): Compat change id reported: 135772972; UID 10054; state: DISABLED
03-14 03:53:41.862 D/CompatibilityChangeReporter( 1017): Compat change id reported: 135754954; UID 10054; state: ENABLED
03-14 03:53:41.863 D/CompatibilityChangeReporter( 1017): Compat change id reported: 135634846; UID 10078; state: DISABLED
03-14 03:53:41.863 D/BackupManagerService( 1017): [UserID:0] Started thread backup-0
03-14 03:53:41.869 D/CompatibilityChangeReporter( 1017): Compat change id reported: 177438394; UID 10078; state: DISABLED
03-14 03:53:41.870 D/CompatibilityChangeReporter( 1017): Compat change id reported: 135772972; UID 10078; state: DISABLED
03-14 03:53:41.870 D/CompatibilityChangeReporter( 1017): Compat change id reported: 135754954; UID 10078; state: DISABLED
03-14 03:53:41.870 I/vold ( 551): Mounting emulated fuse volume
03-14 03:53:41.870 D/CompatibilityChangeReporter( 1017): Compat change id reported: 135634846; UID 10085; state: DISABLED
03-14 03:53:41.871 D/CompatibilityChangeReporter( 1017): Compat change id reported: 177438394; UID 10085; state: DISABLED
03-14 03:53:41.871 I/ActivityTaskManager( 1017): Loading recents for user 0 into memory.
03-14 03:53:41.871 D/CompatibilityChangeReporter( 1017): Compat change id reported: 135772972; UID 10085; state: DISABLED
03-14 03:53:41.871 D/CompatibilityChangeReporter( 1017): Compat change id reported: 135754954; UID 10085; state: ENABLED
03-14 03:53:41.874 D/CompatibilityChangeReporter( 1017): Compat change id reported: 143937733; UID 10090; state: ENABLED
03-14 03:53:41.876 E/KernelCpuSpeedReader( 1017): Failed to read cpu-freq: /sys/devices/system/cpu/cpu4/cpufreq/stats/time_in_state: open failed: ENOENT (No such file or directory)
03-14 03:53:41.876 E/KernelCpuSpeedReader( 1017): Failed to read cpu-freq: /sys/devices/system/cpu/cpu0/cpufreq/stats/time_in_state: open failed: ENOENT (No such file or directory)
03-14 03:53:41.877 W/BatteryStatsImpl( 1017): Attempted to remove untracked isolated uid (1037)
03-14 03:53:41.914 E/TimeSparseArray( 1017): Overwriting value android.util.AtomicFile@54a2ad3 by android.util.AtomicFile@bd2b610
03-14 03:53:41.918 I/vold ( 551): Bind mounting /mnt/runtime/full/emulated to /mnt/pass_through/0/emulated
03-14 03:53:41.921 V/PackageConfigPersister( 1017): loadPackages: empty list files from /data/system_ce/0/package_configs
03-14 03:53:41.921 I/StorageSessionController( 1017): On volume mount VolumeInfo{emulated;0}:
03-14 03:53:41.921 I/StorageSessionController( 1017): type=EMULATED diskId=null partGuid= mountFlags=PRIMARY|VISIBLE
03-14 03:53:41.921 I/StorageSessionController( 1017): mountUserId=0 state=CHECKING
03-14 03:53:41.921 I/StorageSessionController( 1017): fsType=null fsUuid=null fsLabel=null
03-14 03:53:41.921 I/StorageSessionController( 1017): path=/storage/emulated internalPath=/data/media
03-14 03:53:41.933 I/StorageSessionController( 1017): Creating connection for user: 0
03-14 03:53:41.935 I/StorageSessionController( 1017): Creating and starting session with id: emulated;0
03-14 03:53:41.936 I/StorageUserConnection( 1017): Binding to the ExternalStorageService for user 0
03-14 03:53:41.938 D/CompatibilityChangeReporter( 1017): Compat change id reported: 135634846; UID 10091; state: DISABLED
03-14 03:53:41.938 D/CompatibilityChangeReporter( 1017): Compat change id reported: 177438394; UID 10091; state: DISABLED
03-14 03:53:41.938 D/CompatibilityChangeReporter( 1017): Compat change id reported: 135772972; UID 10091; state: DISABLED
03-14 03:53:41.938 D/CompatibilityChangeReporter( 1017): Compat change id reported: 135754954; UID 10091; state: ENABLED
03-14 03:53:41.940 I/ActivityManager( 1017): Posting BOOT_COMPLETED user #0
01-01 08:00:55.163 I/binder ( 0): 2891:2891 ioctl 40046210 7fecc80914 returned -22
03-14 03:53:41.946 I/DropBoxManagerService( 1017): add tag=system_server_wtf isTagEnabled=true flags=0x2
03-14 03:53:41.953 D/CompatibilityChangeReporter( 1017): Compat change id reported: 135634846; UID 10097; state: DISABLED
03-14 03:53:41.953 D/CompatibilityChangeReporter( 1017): Compat change id reported: 177438394; UID 10097; state: DISABLED
03-14 03:53:41.954 D/CompatibilityChangeReporter( 1017): Compat change id reported: 135772972; UID 10097; state: DISABLED
03-14 03:53:41.954 D/CompatibilityChangeReporter( 1017): Compat change id reported: 135754954; UID 10097; state: ENABLED
01-01 08:00:55.226 I/ ( 0): read descriptors
03-14 03:53:41.955 I/StorageUserConnection( 1017): Bound to the ExternalStorageService for user 0
03-14 03:53:41.959 E/BackupPasswordManager( 1017): Unable to read backup pw version
03-14 03:53:41.959 E/BackupPasswordManager( 1017): Unable to read saved backup pw hash
03-14 03:53:41.965 V/NotificationAssistants( 1017): disabling notification assistant for user 0: ComponentInfo{android.ext.services/android.ext.services.notification.Assistant}
03-14 03:53:41.973 D/NotificationListeners( 1017): Removing active service ComponentInfo{android.ext.services/android.ext.services.notification.Assistant}
03-14 03:53:41.975 I/SystemServerTimingAsync( 1017): ssm.UnlockedUser-0
03-14 03:53:41.976 I/SystemServiceManager( 1017): Calling onUnlockedUser 0
03-14 03:53:41.976 I/SystemServerTimingAsync( 1017): ssm.onUnlockedUser-0_com.android.server.security.FileIntegrityService
03-14 03:53:41.976 D/SystemServerTimingAsync( 1017): ssm.onUnlockedUser-0_com.android.server.security.FileIntegrityService took to complete: 0ms
03-14 03:53:41.976 I/SystemServerTimingAsync( 1017): ssm.onUnlockedUser-0_com.android.server.pm.Installer
03-14 03:53:41.976 D/SystemServerTimingAsync( 1017): ssm.onUnlockedUser-0_com.android.server.pm.Installer took to complete: 0ms
03-14 03:53:41.976 I/SystemServerTimingAsync( 1017): ssm.onUnlockedUser-0_com.android.server.os.DeviceIdentifiersPolicyService
03-14 03:53:41.976 D/SystemServerTimingAsync( 1017): ssm.onUnlockedUser-0_com.android.server.os.DeviceIdentifiersPolicyService took to complete: 0ms
03-14 03:53:41.976 I/SystemServerTimingAsync( 1017): ssm.onUnlockedUser-0_com.android.server.uri.UriGrantsManagerService$Lifecycle
03-14 03:53:41.976 D/SystemServerTimingAsync( 1017): ssm.onUnlockedUser-0_com.android.server.uri.UriGrantsManagerService$Lifecycle took to complete: 0ms
03-14 03:53:41.976 I/SystemServerTimingAsync( 1017): ssm.onUnlockedUser-0_com.android.server.powerstats.PowerStatsService
03-14 03:53:41.976 D/SystemServerTimingAsync( 1017): ssm.onUnlockedUser-0_com.android.server.powerstats.PowerStatsService took to complete: 0ms
03-14 03:53:41.976 I/SystemServerTimingAsync( 1017): ssm.onUnlockedUser-0_com.android.server.wm.ActivityTaskManagerService$Lifecycle
03-14 03:53:41.978 V/NotificationAssistants( 1017): enabling notification assistant for 0: ComponentInfo{android.ext.services/android.ext.services.notification.Assistant}
03-14 03:53:41.978 V/NotificationAssistants( 1017): binding: Intent { act=android.service.notification.NotificationAssistantService cmp=android.ext.services/.notification.Assistant (has extras) }
03-14 03:53:41.984 I/LaunchParamsPersister( 1017): Didn't find launch param folder for user 0
01-01 08:00:55.226 I/ ( 0): read strings
03-14 03:53:41.985 W/UsageStatsService( 1017): User[0] Some stats have no latest available
03-14 03:53:42.005 D/SystemServerTimingAsync( 1017): ssm.onUnlockedUser-0_com.android.server.wm.ActivityTaskManagerService$Lifecycle took to complete: 9ms
03-14 03:53:42.005 D/CompatibilityChangeReporter( 1017): Compat change id reported: 168419799; UID 10098; state: DISABLED
03-14 03:53:42.006 V/BackupManagerConstants( 1017): getKeyValueBackupIntervalMilliseconds(...) returns 14400000
03-14 03:53:42.009 I/SystemServerTimingAsync( 1017): ssm.onUnlockedUser-0_com.android.server.am.ActivityManagerService$Lifecycle
03-14 03:53:42.009 D/SystemServerTimingAsync( 1017): ssm.onUnlockedUser-0_com.android.server.am.ActivityManagerService$Lifecycle took to complete: 0ms
03-14 03:53:42.009 I/SystemServerTimingAsync( 1017): ssm.onUnlockedUser-0_com.android.server.pm.DataLoaderManagerService
03-14 03:53:42.009 D/SystemServerTimingAsync( 1017): ssm.onUnlockedUser-0_com.android.server.pm.DataLoaderManagerService took to complete: 0ms
03-14 03:53:42.009 I/SystemServerTimingAsync( 1017): ssm.onUnlockedUser-0_com.android.server.power.PowerManagerService
03-14 03:53:42.009 D/SystemServerTimingAsync( 1017): ssm.onUnlockedUser-0_com.android.server.power.PowerManagerService took to complete: 0ms
03-14 03:53:42.009 I/SystemServerTimingAsync( 1017): ssm.onUnlockedUser-0_com.android.server.power.ThermalManagerService
03-14 03:53:42.009 D/SystemServerTimingAsync( 1017): ssm.onUnlockedUser-0_com.android.server.power.ThermalManagerService took to complete: 0ms
03-14 03:53:42.010 I/SystemServerTimingAsync( 1017): ssm.onUnlockedUser-0_com.android.server.power.hint.HintManagerService
03-14 03:53:42.010 D/SystemServerTimingAsync( 1017): ssm.onUnlockedUser-0_com.android.server.power.hint.HintManagerService took to complete: 0ms
03-14 03:53:42.010 I/SystemServerTimingAsync( 1017): ssm.onUnlockedUser-0_com.android.server.recoverysystem.RecoverySystemService$Lifecycle
03-14 03:53:42.010 D/SystemServerTimingAsync( 1017): ssm.onUnlockedUser-0_com.android.server.recoverysystem.RecoverySystemService$Lifecycle took to complete: 0ms
03-14 03:53:42.010 I/SystemServerTimingAsync( 1017): ssm.onUnlockedUser-0_com.android.server.lights.LightsService
03-14 03:53:42.010 D/SystemServerTimingAsync( 1017): ssm.onUnlockedUser-0_com.android.server.lights.LightsService took to complete: 0ms
03-14 03:53:42.010 I/SystemServerTimingAsync( 1017): ssm.onUnlockedUser-0_com.android.server.display.DisplayManagerService
03-14 03:53:42.010 D/SystemServerTimingAsync( 1017): ssm.onUnlockedUser-0_com.android.server.display.DisplayManagerService took to complete: 0ms
03-14 03:53:42.010 I/SystemServerTimingAsync( 1017): ssm.onUnlockedUser-0_com.android.server.pm.verify.domain.DomainVerificationService
03-14 03:53:42.012 D/SystemServerTimingAsync( 1017): ssm.onUnlockedUser-0_com.android.server.pm.verify.domain.DomainVerificationService took to complete: 0ms
03-14 03:53:42.012 I/SystemServerTimingAsync( 1017): ssm.onUnlockedUser-0_com.android.server.pm.PackageInstallerService$Lifecycle
03-14 03:53:42.012 D/SystemServerTimingAsync( 1017): ssm.onUnlockedUser-0_com.android.server.pm.PackageInstallerService$Lifecycle took to complete: 0ms
03-14 03:53:42.012 I/SystemServerTimingAsync( 1017): ssm.onUnlockedUser-0_com.android.server.pm.UserManagerService$LifeCycle
03-14 03:53:42.012 D/SystemServerTimingAsync( 1017): ssm.onUnlockedUser-0_com.android.server.pm.UserManagerService$LifeCycle took to complete: 0ms
03-14 03:53:42.012 I/SystemServerTimingAsync( 1017): ssm.onUnlockedUser-0_com.android.server.om.OverlayManagerService
03-14 03:53:42.012 D/SystemServerTimingAsync( 1017): ssm.onUnlockedUser-0_com.android.server.om.OverlayManagerService took to complete: 0ms
03-14 03:53:42.012 I/SystemServerTimingAsync( 1017): ssm.onUnlockedUser-0_com.android.server.SensorPrivacyService
03-14 03:53:42.013 D/SystemServerTimingAsync( 1017): ssm.onUnlockedUser-0_com.android.server.SensorPrivacyService took to complete: 0ms
03-14 03:53:42.013 V/BackupManagerConstants( 1017): getKeyValueBackupFuzzMilliseconds(...) returns 600000
03-14 03:53:42.013 I/SystemServerTimingAsync( 1017): ssm.onUnlockedUser-0_com.android.server.thunderperf.ThunderBoostPerfService
03-14 03:53:42.013 D/SystemServerTimingAsync( 1017): ssm.onUnlockedUser-0_com.android.server.thunderperf.ThunderBoostPerfService took to complete: 0ms
03-14 03:53:42.013 I/SystemServerTimingAsync( 1017): ssm.onUnlockedUser-0_com.android.server.sensors.SensorService
03-14 03:53:42.013 D/SystemServerTimingAsync( 1017): ssm.onUnlockedUser-0_com.android.server.sensors.SensorService took to complete: 0ms
03-14 03:53:42.013 I/SystemServerTimingAsync( 1017): ssm.onUnlockedUser-0_com.android.server.SystemConfigService
03-14 03:53:42.013 D/SystemServerTimingAsync( 1017): ssm.onUnlockedUser-0_com.android.server.SystemConfigService took to complete: 0ms
03-14 03:53:42.013 I/SystemServerTimingAsync( 1017): ssm.onUnlockedUser-0_com.android.server.BatteryService
03-14 03:53:42.013 D/SystemServerTimingAsync( 1017): ssm.onUnlockedUser-0_com.android.server.BatteryService took to complete: 0ms
03-14 03:53:42.013 I/SystemServerTimingAsync( 1017): ssm.onUnlockedUser-0_com.android.server.usage.UsageStatsService
03-14 03:53:42.013 D/SystemServerTimingAsync( 1017): ssm.onUnlockedUser-0_com.android.server.usage.UsageStatsService took to complete: 0ms
03-14 03:53:42.013 I/SystemServerTimingAsync( 1017): ssm.onUnlockedUser-0_com.android.server.webkit.WebViewUpdateService
03-14 03:53:42.013 D/SystemServerTimingAsync( 1017): ssm.onUnlockedUser-0_com.android.server.webkit.WebViewUpdateService took to complete: 0ms
03-14 03:53:42.013 I/SystemServerTimingAsync( 1017): ssm.onUnlockedUser-0_com.android.server.CachedDeviceStateService
03-14 03:53:42.013 D/SystemServerTimingAsync( 1017): ssm.onUnlockedUser-0_com.android.server.CachedDeviceStateService took to complete: 0ms
03-14 03:53:42.014 I/SystemServerTimingAsync( 1017): ssm.onUnlockedUser-0_com.android.server.BinderCallsStatsService$LifeCycle
03-14 03:53:42.014 D/SystemServerTimingAsync( 1017): ssm.onUnlockedUser-0_com.android.server.BinderCallsStatsService$LifeCycle took to complete: 0ms
03-14 03:53:42.014 I/SystemServerTimingAsync( 1017): ssm.onUnlockedUser-0_com.android.server.LooperStatsService$Lifecycle
03-14 03:53:42.014 D/SystemServerTimingAsync( 1017): ssm.onUnlockedUser-0_com.android.server.LooperStatsService$Lifecycle took to complete: 0ms
03-14 03:53:42.014 I/SystemServerTimingAsync( 1017): ssm.onUnlockedUser-0_com.android.server.rollback.RollbackManagerService
03-14 03:53:42.014 D/SystemServerTimingAsync( 1017): ssm.onUnlockedUser-0_com.android.server.rollback.RollbackManagerService took to complete: 0ms
03-14 03:53:42.014 I/SystemServerTimingAsync( 1017): ssm.onUnlockedUser-0_com.android.server.os.NativeTombstoneManagerService
03-14 03:53:42.014 D/SystemServerTimingAsync( 1017): ssm.onUnlockedUser-0_com.android.server.os.NativeTombstoneManagerService took to complete: 0ms
03-14 03:53:42.014 I/SystemServerTimingAsync( 1017): ssm.onUnlockedUser-0_com.android.server.os.BugreportManagerService
03-14 03:53:42.014 D/SystemServerTimingAsync( 1017): ssm.onUnlockedUser-0_com.android.server.os.BugreportManagerService took to complete: 0ms
03-14 03:53:42.014 I/SystemServerTimingAsync( 1017): ssm.onUnlockedUser-0_com.android.server.gpu.GpuService
03-14 03:53:42.014 D/SystemServerTimingAsync( 1017): ssm.onUnlockedUser-0_com.android.server.gpu.GpuService took to complete: 0ms
03-14 03:53:42.014 I/SystemServerTimingAsync( 1017): ssm.onUnlockedUser-0_com.android.server.security.KeyChainSystemService
03-14 03:53:42.014 D/SystemServerTimingAsync( 1017): ssm.onUnlockedUser-0_com.android.server.security.KeyChainSystemService took to complete: 0ms
03-14 03:53:42.014 I/SystemServerTimingAsync( 1017): ssm.onUnlockedUser-0_com.android.server.telecom.TelecomLoaderService
03-14 03:53:42.014 D/SystemServerTimingAsync( 1017): ssm.onUnlockedUser-0_com.android.server.telecom.TelecomLoaderService took to complete: 0ms
03-14 03:53:42.014 V/BackupManagerConstants( 1017): getKeyValueBackupRequiredNetworkType(...) returns 1
03-14 03:53:42.014 I/SystemServerTimingAsync( 1017): ssm.onUnlockedUser-0_com.android.server.accounts.AccountManagerService$Lifecycle
03-14 03:53:42.016 V/BackupManagerConstants( 1017): getKeyValueBackupRequireCharging(...) returns true
03-14 03:53:42.016 V/KeyValueBackupJob( 1017): Scheduling k/v pass in 243 minutes
03-14 03:53:42.017 V/BackupManagerService( 1017): [UserID:0] No ancestral data
03-14 03:53:42.017 D/SystemServerTimingAsync( 1017): ssm.onUnlockedUser-0_com.android.server.accounts.AccountManagerService$Lifecycle took to complete: 0ms
03-14 03:53:42.017 I/SystemServerTimingAsync( 1017): ssm.onUnlockedUser-0_com.android.server.content.ContentService$Lifecycle
03-14 03:53:42.017 D/SystemServerTimingAsync( 1017): ssm.onUnlockedUser-0_com.android.server.content.ContentService$Lifecycle took to complete: 0ms
03-14 03:53:42.017 I/SystemServerTimingAsync( 1017): ssm.onUnlockedUser-0_com.android.server.DropBoxManagerService
03-14 03:53:42.017 D/SystemServerTimingAsync( 1017): ssm.onUnlockedUser-0_com.android.server.DropBoxManagerService took to complete: 0ms
03-14 03:53:42.017 I/SystemServerTimingAsync( 1017): ssm.onUnlockedUser-0_com.android.role.RoleService
03-14 03:53:42.017 D/SystemServerTimingAsync( 1017): ssm.onUnlockedUser-0_com.android.role.RoleService took to complete: 0ms
03-14 03:53:42.017 I/SystemServerTimingAsync( 1017): ssm.onUnlockedUser-0_com.android.server.vibrator.VibratorManagerService$Lifecycle
03-14 03:53:42.017 D/SystemServerTimingAsync( 1017): ssm.onUnlockedUser-0_com.android.server.vibrator.VibratorManagerService$Lifecycle took to complete: 0ms
03-14 03:53:42.017 I/SystemServerTimingAsync( 1017): ssm.onUnlockedUser-0_com.android.server.alarm.AlarmManagerService
03-14 03:53:42.017 D/SystemServerTimingAsync( 1017): ssm.onUnlockedUser-0_com.android.server.alarm.AlarmManagerService took to complete: 0ms
03-14 03:53:42.017 I/SystemServerTimingAsync( 1017): ssm.onUnlockedUser-0_com.android.server.devicestate.DeviceStateManagerService
03-14 03:53:42.018 D/SystemServerTimingAsync( 1017): ssm.onUnlockedUser-0_com.android.server.devicestate.DeviceStateManagerService took to complete: 0ms
03-14 03:53:42.018 I/SystemServerTimingAsync( 1017): ssm.onUnlockedUser-0_com.android.server.camera.CameraServiceProxy
03-14 03:53:42.018 D/SystemServerTimingAsync( 1017): ssm.onUnlockedUser-0_com.android.server.camera.CameraServiceProxy took to complete: 0ms
03-14 03:53:42.018 I/SystemServerTimingAsync( 1017): ssm.onUnlockedUser-0_com.android.server.BluetoothService
03-14 03:53:42.018 D/SystemServerTimingAsync( 1017): ssm.onUnlockedUser-0_com.android.server.BluetoothService took to complete: 0ms
03-14 03:53:42.018 I/SystemServerTimingAsync( 1017): ssm.onUnlockedUser-0_com.android.server.connectivity.IpConnectivityMetrics
03-14 03:53:42.018 D/SystemServerTimingAsync( 1017): ssm.onUnlockedUser-0_com.android.server.connectivity.IpConnectivityMetrics took to complete: 0ms
03-14 03:53:42.018 I/SystemServerTimingAsync( 1017): ssm.onUnlockedUser-0_com.android.server.net.watchlist.NetworkWatchlistService$Lifecycle
03-14 03:53:42.018 D/SystemServerTimingAsync( 1017): ssm.onUnlockedUser-0_com.android.server.net.watchlist.NetworkWatchlistService$Lifecycle took to complete: 0ms
03-14 03:53:42.018 I/SystemServerTimingAsync( 1017): ssm.onUnlockedUser-0_com.android.server.PinnerService
03-14 03:53:42.018 D/SystemServerTimingAsync( 1017): ssm.onUnlockedUser-0_com.android.server.PinnerService took to complete: 0ms
03-14 03:53:42.018 I/ActivityTaskManager( 1017): START u0 {act=android.intent.action.MAIN cat=[android.intent.category.HOME] flg=0x10000100 cmp=com.android.launcher3/.uioverrides.QuickstepLauncher (has extras)} from uid 0
03-14 03:53:42.018 I/SystemServerTimingAsync( 1017): ssm.onUnlockedUser-0_com.google.android.startop.iorap.IorapForwardingService
03-14 03:53:42.018 D/SystemServerTimingAsync( 1017): ssm.onUnlockedUser-0_com.google.android.startop.iorap.IorapForwardingService took to complete: 0ms
03-14 03:53:42.018 I/SystemServerTimingAsync( 1017): ssm.onUnlockedUser-0_com.android.server.ActivityTriggerService
03-14 03:53:42.018 D/SystemServerTimingAsync( 1017): ssm.onUnlockedUser-0_com.android.server.ActivityTriggerService took to complete: 0ms
03-14 03:53:42.018 I/SystemServerTimingAsync( 1017): ssm.onUnlockedUser-0_com.android.server.integrity.AppIntegrityManagerService
03-14 03:53:42.018 D/SystemServerTimingAsync( 1017): ssm.onUnlockedUser-0_com.android.server.integrity.AppIntegrityManagerService took to complete: 0ms
03-14 03:53:42.018 I/SystemServerTimingAsync( 1017): ssm.onUnlockedUser-0_com.android.server.inputmethod.InputMethodManagerService$Lifecycle
03-14 03:53:42.019 D/SystemServerTimingAsync( 1017): ssm.onUnlockedUser-0_com.android.server.inputmethod.InputMethodManagerService$Lifecycle took to complete: 0ms
03-14 03:53:42.019 I/SystemServerTimingAsync( 1017): ssm.onUnlockedUser-0_com.android.server.accessibility.AccessibilityManagerService$Lifecycle
03-14 03:53:42.019 D/SystemServerTimingAsync( 1017): ssm.onUnlockedUser-0_com.android.server.accessibility.AccessibilityManagerService$Lifecycle took to complete: 0ms
03-14 03:53:42.019 I/SystemServerTimingAsync( 1017): ssm.onUnlockedUser-0_com.android.server.StorageManagerService$Lifecycle
03-14 03:53:42.019 D/SystemServerTimingAsync( 1017): ssm.onUnlockedUser-0_com.android.server.StorageManagerService$Lifecycle took to complete: 0ms
03-14 03:53:42.019 I/SystemServerTimingAsync( 1017): ssm.onUnlockedUser-0_com.android.server.usage.StorageStatsService$Lifecycle
03-14 03:53:42.019 D/SystemServerTimingAsync( 1017): ssm.onUnlockedUser-0_com.android.server.usage.StorageStatsService$Lifecycle took to complete: 0ms
03-14 03:53:42.019 I/SystemServerTimingAsync( 1017): ssm.onUnlockedUser-0_com.android.server.UiModeManagerService
03-14 03:53:42.019 D/SystemServerTimingAsync( 1017): ssm.onUnlockedUser-0_com.android.server.UiModeManagerService took to complete: 0ms
03-14 03:53:42.019 I/SystemServerTimingAsync( 1017): ssm.onUnlockedUser-0_com.android.server.locksettings.LockSettingsService$Lifecycle
03-14 03:53:42.019 D/SystemServerTimingAsync( 1017): ssm.onUnlockedUser-0_com.android.server.locksettings.LockSettingsService$Lifecycle took to complete: 0ms
03-14 03:53:42.019 I/SystemServerTimingAsync( 1017): ssm.onUnlockedUser-0_com.android.server.PersistentDataBlockService
03-14 03:53:42.019 D/SystemServerTimingAsync( 1017): ssm.onUnlockedUser-0_com.android.server.PersistentDataBlockService took to complete: 0ms
03-14 03:53:42.019 I/SystemServerTimingAsync( 1017): ssm.onUnlockedUser-0_com.android.server.testharness.TestHarnessModeService
