03-14 03:53:51.262 W/ContextImpl( 2992): Calling a method in the system process without a qualified user: android.app.ContextImpl.startService:1816 android.content.ContextWrapper.startService:774 com.hryt.hiphishowfsecontrol.mce_app.broadcasts.FseReceiver.onReceive:49 android.app.ActivityThread.handleReceiver:4309 android.app.ActivityThread.access$1600:248
03-14 03:53:51.275 D/CompatibilityChangeReporter( 1017): Compat change id reported: 135634846; UID 10079; state: DISABLED
03-14 03:53:51.275 D/CompatibilityChangeReporter( 1017): Compat change id reported: 177438394; UID 10079; state: DISABLED
03-14 03:53:51.275 D/CompatibilityChangeReporter( 1017): Compat change id reported: 135772972; UID 10079; state: DISABLED
03-14 03:53:51.275 D/CompatibilityChangeReporter( 1017): Compat change id reported: 135754954; UID 10079; state: ENABLED
03-14 03:53:51.275 D/CompatibilityChangeReporter( 1017): Compat change id reported: 143937733; UID 10079; state: ENABLED
03-14 03:53:51.307 D/CompatibilityChangeReporter( 1017): Compat change id reported: 149924527; UID 10090; state: ENABLED
03-14 03:53:51.308 D/CompatibilityChangeReporter( 1017): Compat change id reported: 132649864; UID 10090; state: DISABLED
03-14 03:53:51.313 I/ActivityManager( 1017): Start proc 3967:com.qti.ltebc/u0a79 for broadcast {com.qti.ltebc/com.qualcomm.ltebc.LTEBroadcastBootReceiver}
01-01 08:01:04.589 I/binder ( 0): 3967:3967 ioctl 40046210 7fecc80914 returned -22
03-14 03:53:51.374 D/CompatibilityChangeReporter( 1017): Compat change id reported: 168419799; UID 10079; state: DISABLED
01-01 08:01:04.616 I/init ( 0): Service 'hht_ota_mgr_service' (pid 3963) exited with status 0
01-01 08:01:04.617 I/init ( 0): Sending signal 9 to service 'hht_ota_mgr_service' (pid 3963) process group...
01-01 08:01:04.617 I/libprocessgroup( 0): Successfully killed process cgroup uid 0 pid 3963 in 0ms
03-14 03:53:51.910 E/ActivityThread( 2948): Failed to find provider info for com.tcl.xian.StartandroidService.MyContentProvider
01-01 08:01:05.151 W/audit ( 0): audit_lost=38 audit_rate_limit=5 audit_backlog_limit=64
01-01 08:01:05.151 E/audit ( 0): rate limit exceeded
01-01 08:01:05.159 I/logd ( 0): start watching /data/system/packages.list ...
01-01 08:01:05.161 I/logd ( 0): ReadPackageList, total packages: 106
03-14 03:53:53.727 I/GameModeConfig( 1017): isGameModeOn = false
03-14 03:53:53.727 I/GameModeConfig( 1017): isGameModeOn = false
01-01 08:01:07.134 I/[soft_i][0x4cd46d28][03:53:53.911259] wlan( 0): [0:I:DP] dp_addba_requestprocess_wifi3 restore BA win 64 based on addba req
03-14 03:53:53.961 W/ActivityManager( 1017): Unable to start service Intent { act=android.intent.action.START_LEBO_SERVICE pkg=com.hpplay.happyplay.aw } U=0: not found
01-01 08:01:09.323 W/audit ( 0): audit_lost=41 audit_rate_limit=5 audit_backlog_limit=64
01-01 08:01:09.323 E/audit ( 0): rate limit exceeded
03-14 03:53:56.124 I/ActivityManager( 1017): Waited long enough for: ServiceRecord{477f43b u0 com.qualcomm.location/.LocationService}
03-14 03:53:56.127 I/ActivityManager( 1017): Waited long enough for: ServiceRecord{41f2758 u0 com.qualcomm.location/.izat.IzatService}
01-01 08:01:09.415 I/init ( 0): starting service 'hht_ota_mgr_service'...
01-01 08:01:09.634 I/init ( 0): Service 'hht_ota_mgr_service' (pid 4105) exited with status 0
01-01 08:01:09.634 I/init ( 0): Sending signal 9 to service 'hht_ota_mgr_service' (pid 4105) process group...
01-01 08:01:09.635 I/libprocessgroup( 0): Successfully killed process cgroup uid 0 pid 4105 in 0ms
03-14 03:53:56.854 D/CompatibilityChangeReporter( 1017): Compat change id reported: 168419799; UID 10054; state: DISABLED
03-14 03:53:56.867 D/CompatibilityChangeReporter( 1017): Compat change id reported: 171306433; UID 10079; state: ENABLED
03-14 03:53:56.889 D/CompatibilityChangeReporter( 1017): Compat change id reported: 168419799; UID 10074; state: DISABLED
03-14 03:53:56.905 D/CompatibilityChangeReporter( 1017): Compat change id reported: 168419799; UID 10077; state: DISABLED
03-14 03:53:56.925 D/CompatibilityChangeReporter( 1017): Compat change id reported: 168419799; UID 10088; state: DISABLED
03-14 03:53:56.952 D/CompatibilityChangeReporter( 1017): Compat change id reported: 168419799; UID 10085; state: DISABLED
03-14 03:53:56.964 D/CompatibilityChangeReporter( 1017): Compat change id reported: 135634846; UID 10057; state: DISABLED
03-14 03:53:56.965 D/CompatibilityChangeReporter( 1017): Compat change id reported: 143937733; UID 10057; state: DISABLED
03-14 03:53:57.016 W/ActivityManager( 1017): Slow operation: 53ms so far, now at startProcess: returned from zygote!
03-14 03:53:57.017 W/ActivityManager( 1017): Slow operation: 53ms so far, now at startProcess: done updating battery stats
03-14 03:53:57.017 W/ActivityManager( 1017): Slow operation: 53ms so far, now at startProcess: building log message
03-14 03:53:57.017 I/ActivityManager( 1017): Start proc 4112:com.qualcomm.qti.qms.service.connectionsecurity/u0a57 for broadcast {com.qualcomm.qti.qms.service.connectionsecurity/com.qualcomm.qti.qms.service.connectionsecurity.ConnSecBroadcastReceiver}
03-14 03:53:57.017 W/ActivityManager( 1017): Slow operation: 53ms so far, now at startProcess: starting to update pids map
03-14 03:53:57.017 W/ActivityManager( 1017): Slow operation: 53ms so far, now at startProcess: done updating pids map
01-01 08:01:10.297 I/binder ( 0): 4112:4112 ioctl 40046210 ff9a1818 returned -22
03-14 03:53:57.095 D/CompatibilityChangeReporter( 1017): Compat change id reported: 168419799; UID 10057; state: DISABLED
03-14 03:53:57.149 I/ActivityManager( 1017): Process com.qti.ltebc (pid 3967) has died: cch+5 CEM
03-14 03:53:57.269 I/GameModeConfig( 1017): isGameModeOn = false
03-14 03:53:57.270 I/GameModeConfig( 1017): isGameModeOn = false
03-14 03:53:57.325 D/CompatibilityChangeReporter( 1017): Compat change id reported: 168419799; UID 10091; state: DISABLED
01-01 08:01:10.552 I/binder ( 0): 3108:3108 ioctl 40046210 7fecc7ffc4 returned -22
03-14 03:53:57.342 D/CompatibilityChangeReporter( 1017): Compat change id reported: 168419799; UID 10089; state: DISABLED
03-14 03:53:57.442 I/ActivityManager( 1017): Finished processing BOOT_COMPLETED for u0
03-14 03:53:57.455 D/CompatibilityChangeReporter( 1017): Compat change id reported: 168419799; UID 10067; state: DISABLED
03-14 03:53:57.478 D/CompatibilityChangeReporter( 1017): Compat change id reported: 168419799; UID 10036; state: DISABLED
03-14 03:53:57.494 D/CompatibilityChangeReporter( 1017): Compat change id reported: 135634846; UID 10022; state: DISABLED
03-14 03:53:57.494 W/ContextImpl( 2109): Calling a method in the system process without a qualified user: android.app.ContextImpl.startService:1816 android.content.ContextWrapper.startService:774 com.thundercomm.gamemode.ingame.services.GameModeActionUtils.startGameModeService:118 com.thundercomm.gamemode.ingame.services.GameModeActionUtils.startGameModeEntry:29 com.thundercomm.gamemode.ingame.services.ActivityMonitoringService$1.onActivityLaunch:140
03-14 03:53:57.495 D/CompatibilityChangeReporter( 1017): Compat change id reported: 177438394; UID 10022; state: DISABLED
03-14 03:53:57.495 D/CompatibilityChangeReporter( 1017): Compat change id reported: 135772972; UID 10022; state: DISABLED
03-14 03:53:57.496 D/CompatibilityChangeReporter( 1017): Compat change id reported: 135754954; UID 10022; state: ENABLED
03-14 03:53:57.496 D/CompatibilityChangeReporter( 1017): Compat change id reported: 143937733; UID 10022; state: ENABLED
01-01 08:01:10.737 I/binder ( 0): 2109:2109 ioctl 40046210 7fecc7f454 returned -22
03-14 03:53:57.517 I/GameModeConfig( 1017): Current uri is uri = content://com.thundercomm.gamemode.api/gamemode_settings/gamemode_isgaming
03-14 03:53:57.525 I/GameModeConfig( 1017): isGameModeOn = false
03-14 03:53:57.526 I/GameModeConfig( 1017): isGameModeOn = false
03-14 03:53:57.526 I/GameModeConfig( 1017): isDisableVoice = true
03-14 03:53:57.526 I/GameModeConfig( 1017): isGameModeOn = false
03-14 03:53:57.527 I/GameModeConfig( 1017): isGameModeOn = false
03-14 03:53:57.552 W/ActivityManager( 1017): Slow operation: 59ms so far, now at startProcess: returned from zygote!
03-14 03:53:57.552 W/ActivityManager( 1017): Slow operation: 59ms so far, now at startProcess: done updating battery stats
03-14 03:53:57.552 W/ActivityManager( 1017): Slow operation: 59ms so far, now at startProcess: building log message
03-14 03:53:57.552 I/ActivityManager( 1017): Start proc 4145:com.android.externalstorage/u0a22 for broadcast {com.android.externalstorage/com.android.externalstorage.MountReceiver}
03-14 03:53:57.552 W/ActivityManager( 1017): Slow operation: 59ms so far, now at startProcess: starting to update pids map
03-14 03:53:57.552 W/ActivityManager( 1017): Slow operation: 60ms so far, now at startProcess: done updating pids map
01-01 08:01:10.854 I/binder ( 0): 4145:4145 ioctl 40046210 7fecc80914 returned -22
03-14 03:53:57.646 D/CompatibilityChangeReporter( 1017): Compat change id reported: 168419799; UID 10022; state: DISABLED
03-14 03:53:57.900 D/CompatibilityChangeReporter( 1017): Compat change id reported: 168419799; UID 10018; state: DISABLED
03-14 03:53:57.901 I/GameModeConfig( 1017): isGameModeOn = false
03-14 03:53:57.914 D/CompatibilityChangeReporter( 1017): Compat change id reported: 135634846; UID 10079; state: DISABLED
03-14 03:53:57.914 D/CompatibilityChangeReporter( 1017): Compat change id reported: 177438394; UID 10079; state: DISABLED
03-14 03:53:57.914 D/CompatibilityChangeReporter( 1017): Compat change id reported: 135772972; UID 10079; state: DISABLED
03-14 03:53:57.914 D/CompatibilityChangeReporter( 1017): Compat change id reported: 135754954; UID 10079; state: ENABLED
03-14 03:53:57.915 D/CompatibilityChangeReporter( 1017): Compat change id reported: 143937733; UID 10079; state: ENABLED
03-14 03:53:57.957 I/ActivityManager( 1017): Start proc 4166:com.qti.ltebc/u0a79 for broadcast {com.qti.ltebc/com.qualcomm.ltebc.LTEBroadcastReceiver}
03-14 03:53:57.971 I/GameModeConfig( 1017): isGameModeOn = false
03-14 03:53:57.972 I/GameModeConfig( 1017): isGameModeOn = false
03-14 03:53:57.972 I/GameModeConfig( 1017): isGameModeOn = false
01-01 08:01:11.242 I/binder ( 0): 4166:4166 ioctl 40046210 7fecc80914 returned -22
03-14 03:53:58.028 D/CompatibilityChangeReporter( 1017): Compat change id reported: 168419799; UID 10079; state: DISABLED
03-14 03:53:58.515 I/GameModeConfig( 1017): isGameModeOn = false
01-01 08:01:14.452 I/init ( 0): starting service 'hht_ota_mgr_service'...
01-01 08:01:14.692 I/init ( 0): Service 'hht_ota_mgr_service' (pid 4197) exited with status 0
01-01 08:01:14.692 I/init ( 0): Sending signal 9 to service 'hht_ota_mgr_service' (pid 4197) process group...
01-01 08:01:14.693 I/libprocessgroup( 0): Successfully killed process cgroup uid 0 pid 4197 in 0ms
01-01 08:01:15.637 I/binder ( 0): 2309:4198 ioctl 40046210 74ca1e8184 returned -22
03-14 03:54:03.010 I/ActivityManager( 1017): Waited long enough for: ServiceRecord{b435e18 u0 com.qti.diagservices/.QTIDiagServices}
01-01 08:01:16.323 I/init ( 0): Untracked pid 4208 exited with status 0
03-14 03:54:03.502 I/ActivityManager( 1017): Process com.qti.ltebc (pid 4166) has died: fg RCVR
03-14 03:54:03.518 D/CompatibilityChangeReporter( 1017): Compat change id reported: 135634846; UID 10079; state: DISABLED
03-14 03:54:03.518 D/CompatibilityChangeReporter( 1017): Compat change id reported: 177438394; UID 10079; state: DISABLED
03-14 03:54:03.519 D/CompatibilityChangeReporter( 1017): Compat change id reported: 135772972; UID 10079; state: DISABLED
03-14 03:54:03.519 D/CompatibilityChangeReporter( 1017): Compat change id reported: 135754954; UID 10079; state: ENABLED
03-14 03:54:03.520 D/CompatibilityChangeReporter( 1017): Compat change id reported: 143937733; UID 10079; state: ENABLED
03-14 03:54:03.580 W/ActivityManager( 1017): Slow operation: 62ms so far, now at startProcess: returned from zygote!
03-14 03:54:03.580 W/ActivityManager( 1017): Slow operation: 63ms so far, now at startProcess: done updating battery stats
03-14 03:54:03.580 W/ActivityManager( 1017): Slow operation: 63ms so far, now at startProcess: building log message
03-14 03:54:03.581 I/ActivityManager( 1017): Start proc 4213:com.qti.ltebc/u0a79 for broadcast {com.qti.ltebc/com.qualcomm.ltebc.LTEBroadcastReceiver}
03-14 03:54:03.581 W/ActivityManager( 1017): Slow operation: 63ms so far, now at startProcess: starting to update pids map
03-14 03:54:03.581 W/ActivityManager( 1017): Slow operation: 63ms so far, now at startProcess: done updating pids map
01-01 08:01:16.878 I/binder ( 0): 4213:4213 ioctl 40046210 7fecc80914 returned -22
01-01 08:01:19.488 I/init ( 0): starting service 'hht_ota_mgr_service'...
01-01 08:01:19.719 I/init ( 0): Service 'hht_ota_mgr_service' (pid 4251) exited with status 0
01-01 08:01:19.719 I/init ( 0): Sending signal 9 to service 'hht_ota_mgr_service' (pid 4251) process group...
01-01 08:01:19.720 I/libprocessgroup( 0): Successfully killed process cgroup uid 0 pid 4251 in 0ms
03-14 03:54:07.568 I/GameModeConfig( 1017): isGameModeOn = false
01-01 08:01:22.533 I/ ( 0): VideoDecMsgThre (2313) used greatest stack depth: 8384 bytes left
01-01 08:01:22.538 I/msm_vidc( 0): high: 00000001: h264d: Closed video instance: ffffffc179cc8000
03-14 03:54:09.459 I/ActivityManager( 1017): Process com.qti.ltebc (pid 4213) has died: fg RCVR
01-01 08:01:22.684 I/binder ( 0): undelivered transaction 68827, process died.
01-01 08:01:22.686 I/init ( 0): Service 'bootanim' (pid 1125) exited with status 0 oneshot service took 41.709999 seconds in background
01-01 08:01:22.686 I/init ( 0): Sending signal 9 to service 'bootanim' (pid 1125) process group...
01-01 08:01:22.687 I/libprocessgroup( 0): Successfully killed process cgroup uid 1003 pid 1125 in 0ms
03-14 03:54:09.469 D/CompatibilityChangeReporter( 1017): Compat change id reported: 135634846; UID 10079; state: DISABLED
03-14 03:54:09.470 D/CompatibilityChangeReporter( 1017): Compat change id reported: 177438394; UID 10079; state: DISABLED
03-14 03:54:09.470 D/CompatibilityChangeReporter( 1017): Compat change id reported: 135772972; UID 10079; state: DISABLED
03-14 03:54:09.470 D/CompatibilityChangeReporter( 1017): Compat change id reported: 135754954; UID 10079; state: ENABLED
03-14 03:54:09.472 D/CompatibilityChangeReporter( 1017): Compat change id reported: 143937733; UID 10079; state: ENABLED
03-14 03:54:09.509 I/ActivityManager( 1017): Start proc 4258:com.qti.ltebc/u0a79 for broadcast {com.qti.ltebc/com.qualcomm.ltebc.LTEBroadcastAlarmReceiver}
01-01 08:01:22.807 I/binder ( 0): 4258:4258 ioctl 40046210 7fecc80914 returned -22
01-01 08:01:24.062 I/msm_vidc( 0): err : ffffffff: .....: DBLP Set: status 0
01-01 08:01:24.520 I/init ( 0): starting service 'hht_ota_mgr_service'...
01-01 08:01:24.759 I/init ( 0): Service 'hht_ota_mgr_service' (pid 4275) exited with status 0
01-01 08:01:24.759 I/init ( 0): Sending signal 9 to service 'hht_ota_mgr_service' (pid 4275) process group...
01-01 08:01:24.760 I/libprocessgroup( 0): Successfully killed process cgroup uid 0 pid 4275 in 0ms
03-14 03:54:15.041 D/CompatibilityChangeReporter( 1017): Compat change id reported: 135634846; UID 10053; state: DISABLED
03-14 03:54:15.041 D/CompatibilityChangeReporter( 1017): Compat change id reported: 177438394; UID 10053; state: DISABLED
03-14 03:54:15.041 D/CompatibilityChangeReporter( 1017): Compat change id reported: 135772972; UID 10053; state: DISABLED
03-14 03:54:15.042 D/CompatibilityChangeReporter( 1017): Compat change id reported: 135754954; UID 10053; state: DISABLED
03-14 03:54:15.043 D/CompatibilityChangeReporter( 1017): Compat change id reported: 143937733; UID 10053; state: DISABLED
03-14 03:54:15.095 W/ActivityManager( 1017): Slow operation: 55ms so far, now at startProcess: returned from zygote!
03-14 03:54:15.095 W/ActivityManager( 1017): Slow operation: 55ms so far, now at startProcess: done updating battery stats
03-14 03:54:15.095 W/ActivityManager( 1017): Slow operation: 55ms so far, now at startProcess: building log message
03-14 03:54:15.095 I/ActivityManager( 1017): Start proc 4281:com.qualcomm.qti.qms.service.trustzoneaccess/u0a53 for service {com.qualcomm.qti.qms.service.trustzoneaccess/com.qualcomm.qti.qms.service.trustzoneaccess.TZAccessService}
03-14 03:54:15.095 W/ActivityManager( 1017): Slow operation: 56ms so far, now at startProcess: starting to update pids map
03-14 03:54:15.095 W/ActivityManager( 1017): Slow operation: 56ms so far, now at startProcess: done updating pids map
01-01 08:01:28.387 I/binder ( 0): 4281:4281 ioctl 40046210 7fecc80914 returned -22
03-14 03:54:15.198 D/CompatibilityChangeReporter( 1017): Compat change id reported: 168419799; UID 10053; state: DISABLED
03-14 03:54:15.599 I/ActivityManager( 1017): Process com.qti.ltebc (pid 4258) has died: cch+5 CEM
01-01 08:01:29.559 I/init ( 0): starting service 'hht_ota_mgr_service'...
01-01 08:01:29.800 I/init ( 0): Service 'hht_ota_mgr_service' (pid 4308) exited with status 0
01-01 08:01:29.800 I/init ( 0): Sending signal 9 to service 'hht_ota_mgr_service' (pid 4308) process group...
01-01 08:01:29.802 I/libprocessgroup( 0): Successfully killed process cgroup uid 0 pid 4308 in 1ms
01-01 08:01:34.612 I/init ( 0): starting service 'hht_ota_mgr_service'...
01-01 08:01:34.875 I/init ( 0): Service 'hht_ota_mgr_service' (pid 4309) exited with status 0
01-01 08:01:34.875 I/init ( 0): Sending signal 9 to service 'hht_ota_mgr_service' (pid 4309) process group...
01-01 08:01:34.877 I/libprocessgroup( 0): Successfully killed process cgroup uid 0 pid 4309 in 1ms
01-01 08:01:35.424 I/perf ( 0): interrupt took too long (2532 > 2500), lowering kernel.perf_event_max_sample_rate to 78750
01-01 08:01:39.669 I/init ( 0): starting service 'hht_ota_mgr_service'...
01-01 08:01:39.906 I/init ( 0): Service 'hht_ota_mgr_service' (pid 4310) exited with status 0
01-01 08:01:39.907 I/init ( 0): Sending signal 9 to service 'hht_ota_mgr_service' (pid 4310) process group...
01-01 08:01:39.909 I/libprocessgroup( 0): Successfully killed process cgroup uid 0 pid 4310 in 1ms
01-01 08:01:44.719 I/init ( 0): starting service 'hht_ota_mgr_service'...
01-01 08:01:44.960 I/init ( 0): Service 'hht_ota_mgr_service' (pid 4311) exited with status 0
01-01 08:01:44.961 I/init ( 0): Sending signal 9 to service 'hht_ota_mgr_service' (pid 4311) process group...
01-01 08:01:44.962 I/libprocessgroup( 0): Successfully killed process cgroup uid 0 pid 4311 in 1ms
01-01 08:01:47.672 I/ ( 0): boot log copy done
03-14 03:54:36.170 D/CompatibilityChangeReporter( 1017): Compat change id reported: 168419799; UID 10096; state: DISABLED
01-01 08:01:49.760 I/init ( 0): starting service 'hht_ota_mgr_service'...
01-01 08:01:50.003 I/init ( 0): Service 'hht_ota_mgr_service' (pid 4322) exited with status 0
01-01 08:01:50.003 I/init ( 0): Sending signal 9 to service 'hht_ota_mgr_service' (pid 4322) process group...
01-01 08:01:50.004 I/libprocessgroup( 0): Successfully killed process cgroup uid 0 pid 4322 in 0ms
01-01 08:01:54.808 I/init ( 0): starting service 'hht_ota_mgr_service'...
01-01 08:01:55.044 I/init ( 0): Service 'hht_ota_mgr_service' (pid 4324) exited with status 0
01-01 08:01:55.044 I/init ( 0): Sending signal 9 to service 'hht_ota_mgr_service' (pid 4324) process group...
01-01 08:01:55.045 I/libprocessgroup( 0): Successfully killed process cgroup uid 0 pid 4324 in 0ms
01-01 08:01:56.074 I/[schedu][0x84d63715][03:54:42.850913] wlan( 0): [2762:I:WMA] [03:54:41.795000] [ROAM_TRIGGER]: VDEV[0] Reason: "DENSE ENVIRONMENT"
01-01 08:01:56.074 I/[schedu][0x84d64675][03:54:42.851117] wlan( 0): [2762:I:WMA] [03:54:41.795000] [ROAM_SCAN]: VDEV[0] Scan_type: PARTIAL {2412 2462 5260 5280 5300 5745 5785 }
01-01 08:01:56.075 I/[schedu][0x84d68486][03:54:42.851945] wlan( 0): [2762:I:WMA] ============================================================================================================================
01-01 08:01:56.075 I/[schedu][0x84d688b2][03:54:42.852000] wlan( 0): [2762:I:WMA] AP BSSID TSTAMP CH TY ETP RSSI/SCR CU%/SCR TOT_SCR BL_RSN BL_SRC BL_TSTAMP BL_TIMEOUT(ms)
01-01 08:01:56.075 I/[schedu][0x84d68c42][03:54:42.852048] wlan( 0): [2762:I:WMA] ============================================================================================================================
01-01 08:01:56.075 I/[schedu][0x84d69087][03:54:42.852105] wlan( 0): [2762:I:WMA] 98:f1:81:80:45:61 [03:54:41.795000] 5280 P_AP 0 65/0 0/0 4542 0 0 [00:00:00.000000] 0
01-01 08:01:56.075 I/[schedu][0x84d694a7][03:54:42.852160] wlan( 0): [2762:I:WMA] 98:f1:81:81:83:01 [03:54:42.486000] 5260 C_AP 189 74/0 50/0 2579 0 0 [00:00:00.000000] 0
01-01 08:01:56.075 I/[schedu][0x84d698bb][03:54:42.852214] wlan( 0): [2762:I:WMA] 98:f1:81:81:79:a1 [03:54:42.591000] 5280 C_AP 189 72/0 50/0 2579 0 0 [00:00:00.000000] 0
01-01 08:01:56.075 I/[schedu][0x84d6a5b6][03:54:42.852387] wlan( 0): [2762:I:WMA] [03:54:42.846000] [ROAM_RESULT]: VDEV[0] FAILED Reason: NO CANDIDATE FOUND
01-01 08:01:57.041 I/perf ( 0): interrupt took too long (4883 > 3165), lowering kernel.perf_event_max_sample_rate to 40750
01-01 08:01:59.790 I/[dp_rx_][0x891717b2][03:54:46.567616] wlan( 0): [2793:I:QDF] DHCP-D RX: SA:8e:9d:45:75:87:e5 DA:ff:ff:ff:ff:ff:ff
01-01 08:01:59.855 I/init ( 0): starting service 'hht_ota_mgr_service'...
01-01 08:02:00.086 I/init ( 0): Service 'hht_ota_mgr_service' (pid 4326) exited with status 0
01-01 08:02:00.086 I/init ( 0): Sending signal 9 to service 'hht_ota_mgr_service' (pid 4326) process group...
01-01 08:02:00.088 I/libprocessgroup( 0): Successfully killed process cgroup uid 0 pid 4326 in 1ms
01-01 08:02:01.326 I/[dp_rx_][0x8ad8e445][03:54:48.102930] wlan( 0): [2793:I:QDF] DHCP-R RX: SA:8e:9d:45:75:87:e5 DA:ff:ff:ff:ff:ff:ff
01-01 08:02:04.900 I/init ( 0): starting service 'hht_ota_mgr_service'...
01-01 08:02:05.138 I/init ( 0): Service 'hht_ota_mgr_service' (pid 4327) exited with status 0
01-01 08:02:05.138 I/init ( 0): Sending signal 9 to service 'hht_ota_mgr_service' (pid 4327) process group...
01-01 08:02:05.139 I/libprocessgroup( 0): Successfully killed process cgroup uid 0 pid 4327 in 0ms
01-01 08:02:09.951 I/init ( 0): starting service 'hht_ota_mgr_service'...
01-01 08:02:10.188 I/init ( 0): Service 'hht_ota_mgr_service' (pid 4328) exited with status 0
01-01 08:02:10.188 I/init ( 0): Sending signal 9 to service 'hht_ota_mgr_service' (pid 4328) process group...
01-01 08:02:10.189 I/libprocessgroup( 0): Successfully killed process cgroup uid 0 pid 4328 in 0ms
01-01 08:02:14.986 I/init ( 0): starting service 'hht_ota_mgr_service'...
01-01 08:02:15.238 I/init ( 0): Service 'hht_ota_mgr_service' (pid 4329) exited with status 0
01-01 08:02:15.238 I/init ( 0): Sending signal 9 to service 'hht_ota_mgr_service' (pid 4329) process group...
01-01 08:02:15.239 I/libprocessgroup( 0): Successfully killed process cgroup uid 0 pid 4329 in 0ms
01-01 08:02:20.043 I/init ( 0): starting service 'hht_ota_mgr_service'...
01-01 08:02:20.293 I/init ( 0): Service 'hht_ota_mgr_service' (pid 4330) exited with status 0
01-01 08:02:20.293 I/init ( 0): Sending signal 9 to service 'hht_ota_mgr_service' (pid 4330) process group...
01-01 08:02:20.294 I/libprocessgroup( 0): Successfully killed process cgroup uid 0 pid 4330 in 0ms
01-01 08:02:21.501 I/nf_conntrack( 0): default automatic helper assignment has been turned off for security reasons and CT-based firewall rule not found. Use the iptables CT target to attach helpers instead.
01-01 08:02:25.097 I/init ( 0): starting service 'hht_ota_mgr_service'...
01-01 08:02:25.344 I/init ( 0): Service 'hht_ota_mgr_service' (pid 4332) exited with status 0
01-01 08:02:25.344 I/init ( 0): Sending signal 9 to service 'hht_ota_mgr_service' (pid 4332) process group...
01-01 08:02:25.346 I/libprocessgroup( 0): Successfully killed process cgroup uid 0 pid 4332 in 1ms
01-01 08:02:30.149 I/init ( 0): starting service 'hht_ota_mgr_service'...
01-01 08:02:30.391 I/init ( 0): Service 'hht_ota_mgr_service' (pid 4333) exited with status 0
01-01 08:02:30.391 I/init ( 0): Sending signal 9 to service 'hht_ota_mgr_service' (pid 4333) process group...
01-01 08:02:30.393 I/libprocessgroup( 0): Successfully killed process cgroup uid 0 pid 4333 in 2ms
01-01 08:02:35.201 I/init ( 0): starting service 'hht_ota_mgr_service'...
01-01 08:02:35.443 I/init ( 0): Service 'hht_ota_mgr_service' (pid 4334) exited with status 0
01-01 08:02:35.443 I/init ( 0): Sending signal 9 to service 'hht_ota_mgr_service' (pid 4334) process group...
01-01 08:02:35.444 I/libprocessgroup( 0): Successfully killed process cgroup uid 0 pid 4334 in 0ms
01-01 08:02:40.251 I/init ( 0): starting service 'hht_ota_mgr_service'...
01-01 08:02:40.498 I/init ( 0): Service 'hht_ota_mgr_service' (pid 4338) exited with status 0
01-01 08:02:40.498 I/init ( 0): Sending signal 9 to service 'hht_ota_mgr_service' (pid 4338) process group...
01-01 08:02:40.499 I/libprocessgroup( 0): Successfully killed process cgroup uid 0 pid 4338 in 0ms
01-01 08:02:45.299 I/init ( 0): starting service 'hht_ota_mgr_service'...
01-01 08:02:45.550 I/init ( 0): Service 'hht_ota_mgr_service' (pid 4339) exited with status 0
01-01 08:02:45.550 I/init ( 0): Sending signal 9 to service 'hht_ota_mgr_service' (pid 4339) process group...
01-01 08:02:45.552 I/libprocessgroup( 0): Successfully killed process cgroup uid 0 pid 4339 in 1ms
01-01 08:02:50.342 I/init ( 0): starting service 'hht_ota_mgr_service'...
01-01 08:02:50.579 I/init ( 0): Service 'hht_ota_mgr_service' (pid 4340) exited with status 0
01-01 08:02:50.579 I/init ( 0): Sending signal 9 to service 'hht_ota_mgr_service' (pid 4340) process group...
01-01 08:02:50.580 I/libprocessgroup( 0): Successfully killed process cgroup uid 0 pid 4340 in 0ms
01-01 08:02:55.391 I/init ( 0): starting service 'hht_ota_mgr_service'...
01-01 08:02:55.641 I/init ( 0): Service 'hht_ota_mgr_service' (pid 4341) exited with status 0
01-01 08:02:55.641 I/init ( 0): Sending signal 9 to service 'hht_ota_mgr_service' (pid 4341) process group...
01-01 08:02:55.642 I/libprocessgroup( 0): Successfully killed process cgroup uid 0 pid 4341 in 0ms
01-01 08:03:00.439 I/init ( 0): starting service 'hht_ota_mgr_service'...
01-01 08:03:00.693 I/init ( 0): Service 'hht_ota_mgr_service' (pid 4342) exited with status 0
01-01 08:03:00.693 I/init ( 0): Sending signal 9 to service 'hht_ota_mgr_service' (pid 4342) process group...
01-01 08:03:00.695 I/libprocessgroup( 0): Successfully killed process cgroup uid 0 pid 4342 in 0ms
01-01 08:03:03.999 I/[dp_rx_][0xd2923fdc][03:55:50.776365] wlan( 0): [2793:I:QDF] DHCP-D RX: SA:52:a5:fc:c9:4b:72 DA:ff:ff:ff:ff:ff:ff
01-01 08:03:04.001 I/[dp_rx_][0xd292c1d6][03:55:50.778095] wlan( 0): [2793:I:QDF] DHCP-R RX: SA:52:a5:fc:c9:4b:72 DA:ff:ff:ff:ff:ff:ff
01-01 08:03:05.487 I/init ( 0): starting service 'hht_ota_mgr_service'...
01-01 08:03:05.736 I/init ( 0): Service 'hht_ota_mgr_service' (pid 4344) exited with status 0
01-01 08:03:05.737 I/init ( 0): Sending signal 9 to service 'hht_ota_mgr_service' (pid 4344) process group...
01-01 08:03:05.737 I/libprocessgroup( 0): Successfully killed process cgroup uid 0 pid 4344 in 0ms
01-01 08:03:10.542 I/init ( 0): starting service 'hht_ota_mgr_service'...
01-01 08:03:10.788 I/init ( 0): Service 'hht_ota_mgr_service' (pid 4345) exited with status 0
01-01 08:03:10.788 I/init ( 0): Sending signal 9 to service 'hht_ota_mgr_service' (pid 4345) process group...
01-01 08:03:10.790 I/libprocessgroup( 0): Successfully killed process cgroup uid 0 pid 4345 in 2ms
01-01 08:03:15.600 I/init ( 0): starting service 'hht_ota_mgr_service'...
01-01 08:03:15.841 I/init ( 0): Service 'hht_ota_mgr_service' (pid 4346) exited with status 0
01-01 08:03:15.841 I/init ( 0): Sending signal 9 to service 'hht_ota_mgr_service' (pid 4346) process group...
01-01 08:03:15.842 I/libprocessgroup( 0): Successfully killed process cgroup uid 0 pid 4346 in 0ms
01-01 08:03:20.655 I/init ( 0): starting service 'hht_ota_mgr_service'...
01-01 08:03:20.898 I/init ( 0): Service 'hht_ota_mgr_service' (pid 4348) exited with status 0
01-01 08:03:20.898 I/init ( 0): Sending signal 9 to service 'hht_ota_mgr_service' (pid 4348) process group...
01-01 08:03:20.900 I/libprocessgroup( 0): Successfully killed process cgroup uid 0 pid 4348 in 1ms
01-01 08:03:25.707 I/init ( 0): starting service 'hht_ota_mgr_service'...
01-01 08:03:25.954 I/init ( 0): Service 'hht_ota_mgr_service' (pid 4350) exited with status 0
01-01 08:03:25.954 I/init ( 0): Sending signal 9 to service 'hht_ota_mgr_service' (pid 4350) process group...
01-01 08:03:25.955 I/libprocessgroup( 0): Successfully killed process cgroup uid 0 pid 4350 in 0ms
01-01 08:03:30.761 I/init ( 0): starting service 'hht_ota_mgr_service'...
01-01 08:03:31.017 I/init ( 0): Service 'hht_ota_mgr_service' (pid 4351) exited with status 0
01-01 08:03:31.018 I/init ( 0): Sending signal 9 to service 'hht_ota_mgr_service' (pid 4351) process group...
01-01 08:03:31.019 I/libprocessgroup( 0): Successfully killed process cgroup uid 0 pid 4351 in 0ms
01-01 08:03:35.817 I/init ( 0): starting service 'hht_ota_mgr_service'...
01-01 08:03:36.070 I/init ( 0): Service 'hht_ota_mgr_service' (pid 4352) exited with status 0
01-01 08:03:36.070 I/init ( 0): Sending signal 9 to service 'hht_ota_mgr_service' (pid 4352) process group...
01-01 08:03:36.071 I/libprocessgroup( 0): Successfully killed process cgroup uid 0 pid 4352 in 0ms
01-01 08:03:40.875 I/init ( 0): starting service 'hht_ota_mgr_service'...
01-01 08:03:41.121 I/init ( 0): Service 'hht_ota_mgr_service' (pid 4353) exited with status 0
01-01 08:03:41.121 I/init ( 0): Sending signal 9 to service 'hht_ota_mgr_service' (pid 4353) process group...
01-01 08:03:41.122 I/libprocessgroup( 0): Successfully killed process cgroup uid 0 pid 4353 in 0ms
01-01 08:03:45.927 I/init ( 0): starting service 'hht_ota_mgr_service'...
01-01 08:03:46.177 I/init ( 0): Service 'hht_ota_mgr_service' (pid 4354) exited with status 0
01-01 08:03:46.177 I/init ( 0): Sending signal 9 to service 'hht_ota_mgr_service' (pid 4354) process group...
01-01 08:03:46.178 I/libprocessgroup( 0): Successfully killed process cgroup uid 0 pid 4354 in 0ms
01-01 08:03:50.980 I/init ( 0): starting service 'hht_ota_mgr_service'...
01-01 08:03:51.219 I/init ( 0): Service 'hht_ota_mgr_service' (pid 4355) exited with status 0
01-01 08:03:51.219 I/init ( 0): Sending signal 9 to service 'hht_ota_mgr_service' (pid 4355) process group...
01-01 08:03:51.219 I/libprocessgroup( 0): Successfully killed process cgroup uid 0 pid 4355 in 0ms
01-01 08:03:54.105 I/qcom_rpmh DRV( 0): apps_rsc TCS Busy, retrying RPMH message send: addr=0x40d00
01-01 08:03:56.030 I/init ( 0): starting service 'hht_ota_mgr_service'...
01-01 08:03:56.276 I/init ( 0): Service 'hht_ota_mgr_service' (pid 4356) exited with status 0
01-01 08:03:56.276 I/init ( 0): Sending signal 9 to service 'hht_ota_mgr_service' (pid 4356) process group...
01-01 08:03:56.277 I/libprocessgroup( 0): Successfully killed process cgroup uid 0 pid 4356 in 0ms
01-01 08:04:01.079 I/init ( 0): starting service 'hht_ota_mgr_service'...
01-01 08:04:01.326 I/init ( 0): Service 'hht_ota_mgr_service' (pid 4357) exited with status 0
01-01 08:04:01.326 I/init ( 0): Sending signal 9 to service 'hht_ota_mgr_service' (pid 4357) process group...
01-01 08:04:01.327 I/libprocessgroup( 0): Successfully killed process cgroup uid 0 pid 4357 in 1ms
01-01 08:04:06.123 I/init ( 0): starting service 'hht_ota_mgr_service'...
01-01 08:04:06.370 I/init ( 0): Service 'hht_ota_mgr_service' (pid 4358) exited with status 0
01-01 08:04:06.370 I/init ( 0): Sending signal 9 to service 'hht_ota_mgr_service' (pid 4358) process group...
01-01 08:04:06.371 I/libprocessgroup( 0): Successfully killed process cgroup uid 0 pid 4358 in 0ms
01-01 08:04:11.178 I/init ( 0): starting service 'hht_ota_mgr_service'...
01-01 08:04:11.426 I/init ( 0): Service 'hht_ota_mgr_service' (pid 4359) exited with status 0
01-01 08:04:11.426 I/init ( 0): Sending signal 9 to service 'hht_ota_mgr_service' (pid 4359) process group...
01-01 08:04:11.427 I/libprocessgroup( 0): Successfully killed process cgroup uid 0 pid 4359 in 0ms
01-01 08:04:16.232 I/init ( 0): starting service 'hht_ota_mgr_service'...
01-01 08:04:16.471 I/init ( 0): Service 'hht_ota_mgr_service' (pid 4360) exited with status 0
01-01 08:04:16.471 I/init ( 0): Sending signal 9 to service 'hht_ota_mgr_service' (pid 4360) process group...
01-01 08:04:16.477 I/libprocessgroup( 0): Successfully killed process cgroup uid 0 pid 4360 in 5ms
01-01 08:04:21.133 I/perf ( 0): interrupt took too long (7037 > 6103), lowering kernel.perf_event_max_sample_rate to 28250
01-01 08:04:21.278 I/init ( 0): starting service 'hht_ota_mgr_service'...
01-01 08:04:21.516 I/init ( 0): Service 'hht_ota_mgr_service' (pid 4362) exited with status 0
01-01 08:04:21.516 I/init ( 0): Sending signal 9 to service 'hht_ota_mgr_service' (pid 4362) process group...
01-01 08:04:21.518 I/libprocessgroup( 0): Successfully killed process cgroup uid 0 pid 4362 in 2ms
01-01 08:04:26.320 I/init ( 0): starting service 'hht_ota_mgr_service'...
01-01 08:04:26.566 I/init ( 0): Service 'hht_ota_mgr_service' (pid 4365) exited with status 0
01-01 08:04:26.566 I/init ( 0): Sending signal 9 to service 'hht_ota_mgr_service' (pid 4365) process group...
01-01 08:04:26.568 I/libprocessgroup( 0): Successfully killed process cgroup uid 0 pid 4365 in 1ms
01-01 08:04:31.362 I/init ( 0): starting service 'hht_ota_mgr_service'...
01-01 08:04:31.600 I/init ( 0): Service 'hht_ota_mgr_service' (pid 4366) exited with status 0
01-01 08:04:31.600 I/init ( 0): Sending signal 9 to service 'hht_ota_mgr_service' (pid 4366) process group...
01-01 08:04:31.602 I/libprocessgroup( 0): Successfully killed process cgroup uid 0 pid 4366 in 1ms
01-01 08:04:36.416 I/init ( 0): starting service 'hht_ota_mgr_service'...
01-01 08:04:36.657 I/init ( 0): Service 'hht_ota_mgr_service' (pid 4367) exited with status 0
01-01 08:04:36.657 I/init ( 0): Sending signal 9 to service 'hht_ota_mgr_service' (pid 4367) process group...
01-01 08:04:36.658 I/libprocessgroup( 0): Successfully killed process cgroup uid 0 pid 4367 in 0ms
01-01 08:04:41.467 I/init ( 0): starting service 'hht_ota_mgr_service'...
01-01 08:04:41.727 I/init ( 0): Service 'hht_ota_mgr_service' (pid 4368) exited with status 0
01-01 08:04:41.727 I/init ( 0): Sending signal 9 to service 'hht_ota_mgr_service' (pid 4368) process group...
01-01 08:04:41.729 I/libprocessgroup( 0): Successfully killed process cgroup uid 0 pid 4368 in 1ms
01-01 08:04:46.515 I/init ( 0): starting service 'hht_ota_mgr_service'...
01-01 08:04:46.759 I/init ( 0): Service 'hht_ota_mgr_service' (pid 4369) exited with status 0
01-01 08:04:46.759 I/init ( 0): Sending signal 9 to service 'hht_ota_mgr_service' (pid 4369) process group...
01-01 08:04:46.761 I/libprocessgroup( 0): Successfully killed process cgroup uid 0 pid 4369 in 1ms
01-01 08:04:51.566 I/init ( 0): starting service 'hht_ota_mgr_service'...
01-01 08:04:51.810 I/init ( 0): Service 'hht_ota_mgr_service' (pid 4370) exited with status 0
01-01 08:04:51.810 I/init ( 0): Sending signal 9 to service 'hht_ota_mgr_service' (pid 4370) process group...
01-01 08:04:51.811 I/libprocessgroup( 0): Successfully killed process cgroup uid 0 pid 4370 in 0ms
01-01 08:04:56.619 I/init ( 0): starting service 'hht_ota_mgr_service'...
01-01 08:04:56.871 I/init ( 0): Service 'hht_ota_mgr_service' (pid 4371) exited with status 0
01-01 08:04:56.871 I/init ( 0): Sending signal 9 to service 'hht_ota_mgr_service' (pid 4371) process group...
01-01 08:04:56.872 I/libprocessgroup( 0): Successfully killed process cgroup uid 0 pid 4371 in 0ms
01-01 08:05:01.672 I/init ( 0): starting service 'hht_ota_mgr_service'...
01-01 08:05:01.920 I/init ( 0): Service 'hht_ota_mgr_service' (pid 4372) exited with status 0
01-01 08:05:01.920 I/init ( 0): Sending signal 9 to service 'hht_ota_mgr_service' (pid 4372) process group...
01-01 08:05:01.922 I/libprocessgroup( 0): Successfully killed process cgroup uid 0 pid 4372 in 1ms
01-01 08:05:02.149 I/perf ( 0): interrupt took too long (9945 > 8796), lowering kernel.perf_event_max_sample_rate to 20000
01-01 08:05:06.733 I/init ( 0): starting service 'hht_ota_mgr_service'...
01-01 08:05:06.974 I/init ( 0): Service 'hht_ota_mgr_service' (pid 4373) exited with status 0
01-01 08:05:06.974 I/init ( 0): Sending signal 9 to service 'hht_ota_mgr_service' (pid 4373) process group...
01-01 08:05:06.975 I/libprocessgroup( 0): Successfully killed process cgroup uid 0 pid 4373 in 0ms
01-01 08:05:11.786 I/init ( 0): starting service 'hht_ota_mgr_service'...
01-01 08:05:12.035 I/init ( 0): Service 'hht_ota_mgr_service' (pid 4374) exited with status 0
01-01 08:05:12.035 I/init ( 0): Sending signal 9 to service 'hht_ota_mgr_service' (pid 4374) process group...
01-01 08:05:12.037 I/libprocessgroup( 0): Successfully killed process cgroup uid 0 pid 4374 in 1ms
01-01 08:05:16.836 I/init ( 0): starting service 'hht_ota_mgr_service'...
01-01 08:05:17.089 I/init ( 0): Service 'hht_ota_mgr_service' (pid 4375) exited with status 0
01-01 08:05:17.090 I/init ( 0): Sending signal 9 to service 'hht_ota_mgr_service' (pid 4375) process group...
01-01 08:05:17.091 I/libprocessgroup( 0): Successfully killed process cgroup uid 0 pid 4375 in 1ms
01-01 08:05:18.967 W/audit ( 0): audit_lost=65 audit_rate_limit=5 audit_backlog_limit=64
01-01 08:05:18.967 E/audit ( 0): rate limit exceeded
01-01 08:05:21.880 I/init ( 0): starting service 'hht_ota_mgr_service'...
01-01 08:05:22.122 I/init ( 0): Service 'hht_ota_mgr_service' (pid 4377) exited with status 0
01-01 08:05:22.122 I/init ( 0): Sending signal 9 to service 'hht_ota_mgr_service' (pid 4377) process group...
01-01 08:05:22.124 I/libprocessgroup( 0): Successfully killed process cgroup uid 0 pid 4377 in 1ms
01-01 08:05:26.932 I/init ( 0): starting service 'hht_ota_mgr_service'...
01-01 08:05:27.170 I/init ( 0): Service 'hht_ota_mgr_service' (pid 4378) exited with status 0
01-01 08:05:27.171 I/init ( 0): Sending signal 9 to service 'hht_ota_mgr_service' (pid 4378) process group...
01-01 08:05:27.172 I/libprocessgroup( 0): Successfully killed process cgroup uid 0 pid 4378 in 1ms
01-01 08:05:31.983 I/init ( 0): starting service 'hht_ota_mgr_service'...
01-01 08:05:32.230 I/init ( 0): Service 'hht_ota_mgr_service' (pid 4379) exited with status 0
01-01 08:05:32.230 I/init ( 0): Sending signal 9 to service 'hht_ota_mgr_service' (pid 4379) process group...
01-01 08:05:32.231 I/libprocessgroup( 0): Successfully killed process cgroup uid 0 pid 4379 in 1ms
01-01 08:05:37.031 I/init ( 0): starting service 'hht_ota_mgr_service'...
01-01 08:05:37.278 I/init ( 0): Service 'hht_ota_mgr_service' (pid 4381) exited with status 0
01-01 08:05:37.279 I/init ( 0): Sending signal 9 to service 'hht_ota_mgr_service' (pid 4381) process group...
01-01 08:05:37.280 I/libprocessgroup( 0): Successfully killed process cgroup uid 0 pid 4381 in 1ms
03-14 03:58:25.788 E/spcomlib( 574): [spcom_wait_for_event] event [1] [nvm_ready] EVENT_STATUS_TIMEOUT
03-14 03:58:25.789 E/spdaemon( 574): spcom_wait_for_nvm_ready() failed. ret [-110] [Connection timed out].
03-14 03:58:25.789 E/spdaemon( 574): Initial SP initialization failed. ret [-110].
03-14 03:58:25.789 D/spdaemon( 574): going to sleep for a day.
01-01 08:05:39.003 E/spss_utils [spss_wait_for_event]( 0): wait for event [1] timeout [300] sec expired
01-01 08:05:42.089 I/init ( 0): starting service 'hht_ota_mgr_service'...
01-01 08:05:42.337 I/init ( 0): Service 'hht_ota_mgr_service' (pid 4382) exited with status 0
01-01 08:05:42.337 I/init ( 0): Sending signal 9 to service 'hht_ota_mgr_service' (pid 4382) process group...
01-01 08:05:42.338 I/libprocessgroup( 0): Successfully killed process cgroup uid 0 pid 4382 in 0ms
01-01 08:05:47.139 I/init ( 0): starting service 'hht_ota_mgr_service'...
01-01 08:05:47.370 I/init ( 0): Service 'hht_ota_mgr_service' (pid 4383) exited with status 0
01-01 08:05:47.370 I/init ( 0): Sending signal 9 to service 'hht_ota_mgr_service' (pid 4383) process group...
01-01 08:05:47.372 I/libprocessgroup( 0): Successfully killed process cgroup uid 0 pid 4383 in 0ms
03-14 03:58:36.346 I/DropBoxManagerService( 1017): add tag=system_server_strictmode isTagEnabled=true flags=0x2
03-14 03:58:36.350 I/DropBoxManagerService( 1017): add tag=system_server_strictmode isTagEnabled=true flags=0x2
03-14 03:58:36.353 I/DropBoxManagerService( 1017): add tag=system_server_strictmode isTagEnabled=true flags=0x2
03-14 03:58:36.356 I/DropBoxManagerService( 1017): add tag=system_server_strictmode isTagEnabled=true flags=0x2
03-14 03:58:36.359 I/DropBoxManagerService( 1017): add tag=system_server_strictmode isTagEnabled=true flags=0x2
03-14 03:58:36.361 I/DropBoxManagerService( 1017): add tag=system_server_strictmode isTagEnabled=true flags=0x2
03-14 03:58:36.364 I/DropBoxManagerService( 1017): add tag=system_server_strictmode isTagEnabled=true flags=0x2
03-14 03:58:36.365 I/DropBoxManagerService( 1017): add tag=system_server_strictmode isTagEnabled=true flags=0x2
03-14 03:58:36.367 I/DropBoxManagerService( 1017): add tag=system_server_strictmode isTagEnabled=true flags=0x2
03-14 03:58:36.368 I/DropBoxManagerService( 1017): add tag=system_server_strictmode isTagEnabled=true flags=0x2
01-01 08:05:52.178 I/init ( 0): starting service 'hht_ota_mgr_service'...
01-01 08:05:52.418 I/init ( 0): Service 'hht_ota_mgr_service' (pid 4384) exited with status 0
01-01 08:05:52.418 I/init ( 0): Sending signal 9 to service 'hht_ota_mgr_service' (pid 4384) process group...
01-01 08:05:52.419 I/libprocessgroup( 0): Successfully killed process cgroup uid 0 pid 4384 in 0ms
01-01 08:05:57.233 I/init ( 0): starting service 'hht_ota_mgr_service'...
01-01 08:05:57.469 I/init ( 0): Service 'hht_ota_mgr_service' (pid 4387) exited with status 0
01-01 08:05:57.469 I/init ( 0): Sending signal 9 to service 'hht_ota_mgr_service' (pid 4387) process group...
01-01 08:05:57.470 I/libprocessgroup( 0): Successfully killed process cgroup uid 0 pid 4387 in 0ms
01-01 08:06:02.279 I/init ( 0): starting service 'hht_ota_mgr_service'...
01-01 08:06:02.519 I/init ( 0): Service 'hht_ota_mgr_service' (pid 4390) exited with status 0
01-01 08:06:02.519 I/init ( 0): Sending signal 9 to service 'hht_ota_mgr_service' (pid 4390) process group...
01-01 08:06:02.520 I/libprocessgroup( 0): Successfully killed process cgroup uid 0 pid 4390 in 0ms
01-01 08:06:06.288 W/audit ( 0): audit_lost=66 audit_rate_limit=5 audit_backlog_limit=64
01-01 08:06:06.288 E/audit ( 0): rate limit exceeded
01-01 08:06:07.323 I/init ( 0): starting service 'hht_ota_mgr_service'...
01-01 08:06:07.568 I/init ( 0): Service 'hht_ota_mgr_service' (pid 4393) exited with status 0
01-01 08:06:07.568 I/init ( 0): Sending signal 9 to service 'hht_ota_mgr_service' (pid 4393) process group...
01-01 08:06:07.570 I/libprocessgroup( 0): Successfully killed process cgroup uid 0 pid 4393 in 1ms
01-01 08:06:10.088 I/perf ( 0): interrupt took too long (12548 > 12431), lowering kernel.perf_event_max_sample_rate to 15750
01-01 08:06:12.374 I/init ( 0): starting service 'hht_ota_mgr_service'...
01-01 08:06:12.606 W/audit ( 0): audit_lost=68 audit_rate_limit=5 audit_backlog_limit=64
01-01 08:06:12.606 E/audit ( 0): rate limit exceeded
01-01 08:06:12.617 I/init ( 0): Service 'hht_ota_mgr_service' (pid 4398) exited with status 0
01-01 08:06:12.617 I/init ( 0): Sending signal 9 to service 'hht_ota_mgr_service' (pid 4398) process group...
01-01 08:06:12.618 I/libprocessgroup( 0): Successfully killed process cgroup uid 0 pid 4398 in 0ms
01-01 08:06:13.960 W/audit ( 0): audit_lost=70 audit_rate_limit=5 audit_backlog_limit=64
01-01 08:06:13.960 E/audit ( 0): rate limit exceeded
01-01 08:06:15.915 W/audit ( 0): audit_lost=73 audit_rate_limit=5 audit_backlog_limit=64
01-01 08:06:15.915 E/audit ( 0): rate limit exceeded
01-01 08:06:17.412 I/init ( 0): starting service 'hht_ota_mgr_service'...
01-01 08:06:17.650 I/init ( 0): Service 'hht_ota_mgr_service' (pid 4404) exited with status 0
01-01 08:06:17.650 I/init ( 0): Sending signal 9 to service 'hht_ota_mgr_service' (pid 4404) process group...
01-01 08:06:17.652 I/libprocessgroup( 0): Successfully killed process cgroup uid 0 pid 4404 in 1ms
01-01 08:06:22.459 I/init ( 0): starting service 'hht_ota_mgr_service'...
01-01 08:06:22.706 I/init ( 0): Service 'hht_ota_mgr_service' (pid 4407) exited with status 0
01-01 08:06:22.706 I/init ( 0): Sending signal 9 to service 'hht_ota_mgr_service' (pid 4407) process group...
01-01 08:06:22.706 I/libprocessgroup( 0): Successfully killed process cgroup uid 0 pid 4407 in 0ms
01-01 08:06:27.510 I/init ( 0): starting service 'hht_ota_mgr_service'...
01-01 08:06:27.736 W/audit ( 0): audit_lost=78 audit_rate_limit=5 audit_backlog_limit=64
01-01 08:06:27.736 E/audit ( 0): rate limit exceeded
01-01 08:06:27.748 I/init ( 0): Service 'hht_ota_mgr_service' (pid 4409) exited with status 0
01-01 08:06:27.748 I/init ( 0): Sending signal 9 to service 'hht_ota_mgr_service' (pid 4409) process group...
01-01 08:06:27.749 I/libprocessgroup( 0): Successfully killed process cgroup uid 0 pid 4409 in 1ms
01-01 08:06:32.554 I/init ( 0): starting service 'hht_ota_mgr_service'...
01-01 08:06:32.794 I/init ( 0): Service 'hht_ota_mgr_service' (pid 4410) exited with status 0
01-01 08:06:32.794 I/init ( 0): Sending signal 9 to service 'hht_ota_mgr_service' (pid 4410) process group...
01-01 08:06:32.796 I/libprocessgroup( 0): Successfully killed process cgroup uid 0 pid 4410 in 1ms
01-01 08:06:33.967 W/audit ( 0): audit_lost=79 audit_rate_limit=5 audit_backlog_limit=64
01-01 08:06:33.967 E/audit ( 0): rate limit exceeded
01-01 08:06:35.967 W/audit ( 0): audit_lost=80 audit_rate_limit=5 audit_backlog_limit=64
01-01 08:06:35.967 E/audit ( 0): rate limit exceeded
01-01 08:06:37.601 I/init ( 0): starting service 'hht_ota_mgr_service'...
01-01 08:06:37.848 I/init ( 0): Service 'hht_ota_mgr_service' (pid 4414) exited with status 0
01-01 08:06:37.849 I/init ( 0): Sending signal 9 to service 'hht_ota_mgr_service' (pid 4414) process group...
01-01 08:06:37.849 I/libprocessgroup( 0): Successfully killed process cgroup uid 0 pid 4414 in 0ms
01-01 08:06:41.967 W/audit ( 0): audit_lost=81 audit_rate_limit=5 audit_backlog_limit=64
01-01 08:06:41.967 E/audit ( 0): rate limit exceeded
01-01 08:06:42.652 I/init ( 0): starting service 'hht_ota_mgr_service'...
01-01 08:06:42.897 I/init ( 0): Service 'hht_ota_mgr_service' (pid 4416) exited with status 0
01-01 08:06:42.897 I/init ( 0): Sending signal 9 to service 'hht_ota_mgr_service' (pid 4416) process group...
01-01 08:06:42.900 I/libprocessgroup( 0): Successfully killed process cgroup uid 0 pid 4416 in 2ms
01-01 08:06:47.705 I/init ( 0): starting service 'hht_ota_mgr_service'...
01-01 08:06:47.958 I/init ( 0): Service 'hht_ota_mgr_service' (pid 4418) exited with status 0
01-01 08:06:47.958 I/init ( 0): Sending signal 9 to service 'hht_ota_mgr_service' (pid 4418) process group...
01-01 08:06:47.959 I/libprocessgroup( 0): Successfully killed process cgroup uid 0 pid 4418 in 0ms
01-01 08:06:52.759 I/init ( 0): starting service 'hht_ota_mgr_service'...
01-01 08:06:52.995 I/init ( 0): Service 'hht_ota_mgr_service' (pid 4420) exited with status 0
01-01 08:06:52.995 I/init ( 0): Sending signal 9 to service 'hht_ota_mgr_service' (pid 4420) process group...
01-01 08:06:52.996 I/libprocessgroup( 0): Successfully killed process cgroup uid 0 pid 4420 in 0ms
01-01 08:06:57.802 I/init ( 0): starting service 'hht_ota_mgr_service'...
01-01 08:06:58.049 I/init ( 0): Service 'hht_ota_mgr_service' (pid 4421) exited with status 0
01-01 08:06:58.049 I/init ( 0): Sending signal 9 to service 'hht_ota_mgr_service' (pid 4421) process group...
01-01 08:06:58.051 I/libprocessgroup( 0): Successfully killed process cgroup uid 0 pid 4421 in 1ms
01-01 08:07:02.853 I/init ( 0): starting service 'hht_ota_mgr_service'...
01-01 08:07:03.089 I/init ( 0): Service 'hht_ota_mgr_service' (pid 4422) exited with status 0
01-01 08:07:03.089 I/init ( 0): Sending signal 9 to service 'hht_ota_mgr_service' (pid 4422) process group...
01-01 08:07:03.091 I/libprocessgroup( 0): Successfully killed process cgroup uid 0 pid 4422 in 1ms
01-01 08:07:07.899 I/init ( 0): starting service 'hht_ota_mgr_service'...
01-01 08:07:08.147 I/init ( 0): Service 'hht_ota_mgr_service' (pid 4423) exited with status 0
01-01 08:07:08.147 I/init ( 0): Sending signal 9 to service 'hht_ota_mgr_service' (pid 4423) process group...
01-01 08:07:08.149 I/libprocessgroup( 0): Successfully killed process cgroup uid 0 pid 4423 in 1ms
01-01 08:07:12.958 I/init ( 0): starting service 'hht_ota_mgr_service'...
01-01 08:07:13.206 I/init ( 0): Service 'hht_ota_mgr_service' (pid 4424) exited with status 0
01-01 08:07:13.206 I/init ( 0): Sending signal 9 to service 'hht_ota_mgr_service' (pid 4424) process group...
01-01 08:07:13.207 I/libprocessgroup( 0): Successfully killed process cgroup uid 0 pid 4424 in 0ms
01-01 08:07:18.012 I/init ( 0): starting service 'hht_ota_mgr_service'...
01-01 08:07:18.257 I/init ( 0): Service 'hht_ota_mgr_service' (pid 4425) exited with status 0
01-01 08:07:18.257 I/init ( 0): Sending signal 9 to service 'hht_ota_mgr_service' (pid 4425) process group...
01-01 08:07:18.258 I/libprocessgroup( 0): Successfully killed process cgroup uid 0 pid 4425 in 0ms
01-01 08:07:23.066 I/init ( 0): starting service 'hht_ota_mgr_service'...
01-01 08:07:23.306 I/init ( 0): Service 'hht_ota_mgr_service' (pid 4426) exited with status 0
01-01 08:07:23.306 I/init ( 0): Sending signal 9 to service 'hht_ota_mgr_service' (pid 4426) process group...
01-01 08:07:23.307 I/libprocessgroup( 0): Successfully killed process cgroup uid 0 pid 4426 in 1ms
01-01 08:07:28.103 I/init ( 0): starting service 'hht_ota_mgr_service'...
01-01 08:07:28.352 I/init ( 0): Service 'hht_ota_mgr_service' (pid 4427) exited with status 0
01-01 08:07:28.352 I/init ( 0): Sending signal 9 to service 'hht_ota_mgr_service' (pid 4427) process group...
