03-14 03:53:36.578 D/SystemServerTiming( 1017): OnBootPhase_550_com.android.server.policy.PermissionPolicyService took to complete: 43ms
03-14 03:53:36.579 I/SystemServerTiming( 1017): OnBootPhase_550_com.android.server.pm.StagingManager$Lifecycle
03-14 03:53:36.579 D/SystemServerTiming( 1017): OnBootPhase_550_com.android.server.pm.StagingManager$Lifecycle took to complete: 0ms
03-14 03:53:36.579 I/SystemServerTiming( 1017): OnBootPhase_550_com.android.server.app.GameManagerService$Lifecycle
03-14 03:53:36.579 D/SystemServerTiming( 1017): OnBootPhase_550_com.android.server.app.GameManagerService$Lifecycle took to complete: 0ms
03-14 03:53:36.579 I/SystemServerTiming( 1017): OnBootPhase_550_com.android.server.appsearch.AppSearchManagerService
03-14 03:53:36.579 D/SystemServerTiming( 1017): OnBootPhase_550_com.android.server.appsearch.AppSearchManagerService took to complete: 0ms
03-14 03:53:36.579 I/SystemServerTiming( 1017): OnBootPhase_550_com.android.server.media.MediaCommunicationService
03-14 03:53:36.579 D/SystemServerTiming( 1017): OnBootPhase_550_com.android.server.media.MediaCommunicationService took to complete: 0ms
03-14 03:53:36.579 D/SystemServerTiming( 1017): OnBootPhase_550 took to complete: 263ms
03-14 03:53:36.579 D/SystemServerTiming( 1017): StartActivityManagerReadyPhase took to complete: 263ms
03-14 03:53:36.579 I/SystemServerTiming( 1017): StartObservingNativeCrashes
03-14 03:53:36.579 D/SystemServerTiming( 1017): StartObservingNativeCrashes took to complete: 1ms
03-14 03:53:36.579 I/SystemServerTiming( 1017): RegisterAppOpsPolicy
03-14 03:53:36.581 D/SystemServerTiming( 1017): RegisterAppOpsPolicy took to complete: 1ms
03-14 03:53:36.581 I/SystemServerTimingAsync( 1017): InitThreadPoolExec:WebViewFactoryPreparation
03-14 03:53:36.581 D/SystemServerInitThreadPool( 1017): Started executing WebViewFactoryPreparation
03-14 03:53:36.581 I/SystemServerTiming( 1017): MakeNetworkManagementServiceReady
03-14 03:53:36.581 I/SystemServer( 1017): WebViewFactoryPreparation
03-14 03:53:36.581 I/SystemServerTimingAsync( 1017): WebViewFactoryPreparation
03-14 03:53:36.583 D/CompatibilityChangeReporter( 1017): Compat change id reported: 135634846; UID 1000; state: DISABLED
03-14 03:53:36.583 D/CompatibilityChangeReporter( 1017): Compat change id reported: 177438394; UID 1000; state: DISABLED
03-14 03:53:36.583 D/CompatibilityChangeReporter( 1017): Compat change id reported: 135772972; UID 1000; state: DISABLED
03-14 03:53:36.583 D/CompatibilityChangeReporter( 1017): Compat change id reported: 178038272; UID 1000; state: DISABLED
03-14 03:53:36.584 D/SystemServerTimingAsync( 1017): WebViewFactoryPreparation took to complete: 2ms
03-14 03:53:36.584 D/SystemServerInitThreadPool( 1017): Finished executing WebViewFactoryPreparation
03-14 03:53:36.584 D/SystemServerTimingAsync( 1017): InitThreadPoolExec:WebViewFactoryPreparation took to complete: 3ms
03-14 03:53:36.585 D/SystemServerTiming( 1017): MakeNetworkManagementServiceReady took to complete: 4ms
03-14 03:53:36.585 I/SystemServerTiming( 1017): MakeIpSecServiceReady
03-14 03:53:36.586 D/IpSecService( 1017): IpSecService is ready
03-14 03:53:36.586 D/SystemServerTiming( 1017): MakeIpSecServiceReady took to complete: 1ms
03-14 03:53:36.586 I/SystemServerTiming( 1017): MakeNetworkStatsServiceReady
01-01 08:00:49.805 E/ ( 0): the code is fine but needs lockdep annotation.
01-01 08:00:49.810 I/ ( 0): CPU: 7 PID: 276 Comm: kworker/u16:4 Tainted: G S W O 4.19.157+ #1
01-01 08:00:49.810 I/Hardware name( 0): Qualcomm Technologies, Inc. kona MTP-RmPM8150b. VX1(MCE) EVT1 (DT)
01-01 08:00:49.810 I/Workqueue( 0): events_unbound ion_system_secure_heap_prefetch_work
01-01 08:00:49.810 I/Call trace( 0):
01-01 08:00:49.810 I/ ( 0): dump_backtrace+0x0/0x258
01-01 08:00:49.810 I/ ( 0): show_stack+0x20/0x30
01-01 08:00:49.810 I/ ( 0): dump_stack+0xd8/0x12c
01-01 08:00:49.810 I/ ( 0): register_lock_class+0x4d0/0x5c8
01-01 08:00:49.810 I/ ( 0): __lock_acquire+0xbc/0x1e58
01-01 08:00:49.810 I/ ( 0): lock_acquire+0x1cc/0x218
01-01 08:00:49.810 I/ ( 0): _raw_spin_lock_irqsave+0x54/0x98
01-01 08:00:49.810 I/ ( 0): ion_system_secure_heap_prefetch_work+0x94/0x2c0
01-01 08:00:49.810 I/ ( 0): process_one_work+0x38c/0x660
01-01 08:00:49.810 I/ ( 0): worker_thread+0x268/0x4b8
01-01 08:00:49.810 I/ ( 0): kthread+0x140/0x150
01-01 08:00:49.810 I/ ( 0): ret_from_fork+0x10/0x1c
01-01 08:00:49.819 E/ ( 0): INFO: trying to register non-static key.
01-01 08:00:49.824 E/ ( 0): the code is fine but needs lockdep annotation.
01-01 08:00:49.830 I/ ( 0): CPU: 7 PID: 276 Comm: kworker/u16:4 Tainted: G S W O 4.19.157+ #1
01-01 08:00:49.830 I/Hardware name( 0): Qualcomm Technologies, Inc. kona MTP-RmPM8150b. VX1(MCE) EVT1 (DT)
01-01 08:00:49.830 I/Workqueue( 0): events_unbound ion_system_secure_heap_prefetch_work
01-01 08:00:49.830 I/Call trace( 0):
01-01 08:00:49.830 I/ ( 0): dump_backtrace+0x0/0x258
01-01 08:00:49.830 I/ ( 0): show_stack+0x20/0x30
01-01 08:00:49.830 I/ ( 0): dump_stack+0xd8/0x12c
01-01 08:00:49.830 I/ ( 0): register_lock_class+0x4d0/0x5c8
01-01 08:00:49.830 I/ ( 0): __lock_acquire+0xbc/0x1e58
01-01 08:00:49.830 I/ ( 0): lock_acquire+0x1cc/0x218
01-01 08:00:49.830 I/ ( 0): _raw_spin_lock_irqsave+0x54/0x98
01-01 08:00:49.830 I/ ( 0): ion_system_secure_heap_prefetch_work+0x94/0x2c0
01-01 08:00:49.830 I/ ( 0): process_one_work+0x38c/0x660
01-01 08:00:49.830 I/ ( 0): worker_thread+0x268/0x4b8
01-01 08:00:49.830 I/ ( 0): kthread+0x140/0x150
01-01 08:00:49.830 I/ ( 0): ret_from_fork+0x10/0x1c
03-14 03:53:36.606 W/NetworkPolicy( 1017): setRestrictBackgroundUL: already false
01-01 08:00:49.838 E/ ( 0): INFO: trying to register non-static key.
01-01 08:00:49.843 E/ ( 0): the code is fine but needs lockdep annotation.
01-01 08:00:49.848 I/msm_vidc( 0): high: 00000001: ....d: Opening video instance: ffffffc1d8b14000, 1
01-01 08:00:49.849 I/ ( 0): CPU: 7 PID: 276 Comm: kworker/u16:4 Tainted: G S W O 4.19.157+ #1
01-01 08:00:49.849 I/Hardware name( 0): Qualcomm Technologies, Inc. kona MTP-RmPM8150b. VX1(MCE) EVT1 (DT)
01-01 08:00:49.849 I/Workqueue( 0): events_unbound ion_system_secure_heap_prefetch_work
01-01 08:00:49.849 I/Call trace( 0):
01-01 08:00:49.849 I/ ( 0): dump_backtrace+0x0/0x258
01-01 08:00:49.849 I/ ( 0): show_stack+0x20/0x30
01-01 08:00:49.849 I/ ( 0): dump_stack+0xd8/0x12c
01-01 08:00:49.849 I/ ( 0): register_lock_class+0x4d0/0x5c8
01-01 08:00:49.849 I/ ( 0): __lock_acquire+0xbc/0x1e58
01-01 08:00:49.849 I/ ( 0): lock_acquire+0x1cc/0x218
01-01 08:00:49.849 I/ ( 0): _raw_spin_lock_irqsave+0x54/0x98
01-01 08:00:49.849 I/ ( 0): ion_system_secure_heap_prefetch_work+0x94/0x2c0
01-01 08:00:49.849 I/ ( 0): process_one_work+0x38c/0x660
01-01 08:00:49.849 I/ ( 0): worker_thread+0x268/0x4b8
01-01 08:00:49.849 I/ ( 0): kthread+0x140/0x150
01-01 08:00:49.849 I/ ( 0): ret_from_fork+0x10/0x1c
01-01 08:00:49.850 I/cnss-daemon( 0): wlfw_qmi_ind_cb: Receive Ind : 0x2a
01-01 08:00:49.857 E/ ( 0): INFO: trying to register non-static key.
01-01 08:00:49.862 E/ ( 0): the code is fine but needs lockdep annotation.
01-01 08:00:49.865 I/binder ( 0): 1980:1980 ioctl 40046210 7fecc80914 returned -22
01-01 08:00:49.868 I/ ( 0): CPU: 7 PID: 276 Comm: kworker/u16:4 Tainted: G S W O 4.19.157+ #1
01-01 08:00:49.868 I/Hardware name( 0): Qualcomm Technologies, Inc. kona MTP-RmPM8150b. VX1(MCE) EVT1 (DT)
01-01 08:00:49.868 I/Workqueue( 0): events_unbound ion_system_secure_heap_prefetch_work
01-01 08:00:49.868 I/Call trace( 0):
01-01 08:00:49.868 I/ ( 0): dump_backtrace+0x0/0x258
01-01 08:00:49.868 I/ ( 0): show_stack+0x20/0x30
01-01 08:00:49.868 I/ ( 0): dump_stack+0xd8/0x12c
01-01 08:00:49.868 I/ ( 0): register_lock_class+0x4d0/0x5c8
01-01 08:00:49.868 I/ ( 0): __lock_acquire+0xbc/0x1e58
01-01 08:00:49.868 I/ ( 0): lock_acquire+0x1cc/0x218
01-01 08:00:49.868 I/ ( 0): _raw_spin_lock_irqsave+0x54/0x98
01-01 08:00:49.868 I/ ( 0): ion_system_secure_heap_prefetch_work+0x94/0x2c0
01-01 08:00:49.868 I/ ( 0): process_one_work+0x38c/0x660
01-01 08:00:49.868 I/ ( 0): worker_thread+0x268/0x4b8
01-01 08:00:49.868 I/ ( 0): kthread+0x140/0x150
01-01 08:00:49.868 I/ ( 0): ret_from_fork+0x10/0x1c
01-01 08:00:49.869 I/msm_vidc( 0): high: 00000001: vp9d: Closed video instance: ffffffc1d8b14000
01-01 08:00:49.877 E/ ( 0): INFO: trying to register non-static key.
01-01 08:00:49.882 E/ ( 0): the code is fine but needs lockdep annotation.
01-01 08:00:49.888 I/ ( 0): CPU: 7 PID: 276 Comm: kworker/u16:4 Tainted: G S W O 4.19.157+ #1
01-01 08:00:49.888 I/Hardware name( 0): Qualcomm Technologies, Inc. kona MTP-RmPM8150b. VX1(MCE) EVT1 (DT)
01-01 08:00:49.888 I/Workqueue( 0): events_unbound ion_system_secure_heap_prefetch_work
01-01 08:00:49.888 I/Call trace( 0):
01-01 08:00:49.888 I/ ( 0): dump_backtrace+0x0/0x258
01-01 08:00:49.888 I/ ( 0): show_stack+0x20/0x30
01-01 08:00:49.888 I/ ( 0): dump_stack+0xd8/0x12c
01-01 08:00:49.888 I/ ( 0): register_lock_class+0x4d0/0x5c8
01-01 08:00:49.888 I/ ( 0): __lock_acquire+0xbc/0x1e58
01-01 08:00:49.888 I/ ( 0): lock_acquire+0x1cc/0x218
01-01 08:00:49.888 I/ ( 0): _raw_spin_lock_irqsave+0x54/0x98
01-01 08:00:49.888 I/ ( 0): ion_system_secure_heap_prefetch_work+0x94/0x2c0
01-01 08:00:49.888 I/ ( 0): process_one_work+0x38c/0x660
01-01 08:00:49.888 I/ ( 0): worker_thread+0x268/0x4b8
01-01 08:00:49.888 I/ ( 0): kthread+0x140/0x150
01-01 08:00:49.888 I/ ( 0): ret_from_fork+0x10/0x1c
01-01 08:00:49.893 E/ ( 0): INFO: trying to register non-static key.
01-01 08:00:49.896 I/msm_vidc( 0): high: 00000001: ....d: Opening video instance: ffffffc1d7ba8000, 1
01-01 08:00:49.898 E/ ( 0): the code is fine but needs lockdep annotation.
01-01 08:00:49.898 I/ ( 0): CPU: 7 PID: 276 Comm: kworker/u16:4 Tainted: G S W O 4.19.157+ #1
01-01 08:00:49.898 I/Hardware name( 0): Qualcomm Technologies, Inc. kona MTP-RmPM8150b. VX1(MCE) EVT1 (DT)
01-01 08:00:49.898 I/Workqueue( 0): events_unbound ion_system_secure_heap_prefetch_work
01-01 08:00:49.898 I/Call trace( 0):
01-01 08:00:49.898 I/ ( 0): dump_backtrace+0x0/0x258
01-01 08:00:49.898 I/ ( 0): show_stack+0x20/0x30
01-01 08:00:49.898 I/ ( 0): dump_stack+0xd8/0x12c
01-01 08:00:49.898 I/ ( 0): register_lock_class+0x4d0/0x5c8
01-01 08:00:49.898 I/ ( 0): __lock_acquire+0xbc/0x1e58
01-01 08:00:49.898 I/ ( 0): lock_acquire+0x1cc/0x218
01-01 08:00:49.898 I/ ( 0): _raw_spin_lock_irqsave+0x54/0x98
01-01 08:00:49.898 I/ ( 0): ion_system_secure_heap_prefetch_work+0x94/0x2c0
01-01 08:00:49.898 I/ ( 0): process_one_work+0x38c/0x660
01-01 08:00:49.904 I/ ( 0): worker_thread+0x268/0x4b8
01-01 08:00:49.904 I/ ( 0): kthread+0x140/0x150
01-01 08:00:49.904 I/ ( 0): ret_from_fork+0x10/0x1c
01-01 08:00:49.910 E/ ( 0): INFO: trying to register non-static key.
03-14 03:53:36.660 W/ActivityManager( 1017): Slow operation: 143ms so far, now at startProcess: returned from zygote!
03-14 03:53:36.661 W/ActivityManager( 1017): Slow operation: 143ms so far, now at startProcess: done updating battery stats
03-14 03:53:36.661 W/ActivityManager( 1017): Slow operation: 143ms so far, now at startProcess: building log message
03-14 03:53:36.661 I/ActivityManager( 1017): Start proc 2013:com.android.systemui/u0a84 for service {com.android.systemui/com.android.systemui.ImageWallpaper}
03-14 03:53:36.661 W/ActivityManager( 1017): Slow operation: 143ms so far, now at startProcess: starting to update pids map
03-14 03:53:36.661 W/ActivityManager( 1017): Slow operation: 143ms so far, now at startProcess: done updating pids map
03-14 03:53:36.661 W/ActivityManager( 1017): Slow operation: 78ms so far, now at startProcess: asking zygote to start proc
03-14 03:53:36.667 D/CompatibilityChangeReporter( 1017): Compat change id reported: 168419799; UID 1002; state: DISABLED
03-14 03:53:36.681 E/NativeTombstoneManager( 1017): Tombstone's UID (1000) not an app, ignoring
03-14 03:53:36.681 I/DropBoxManagerService( 1017): add tag=SYSTEM_TOMBSTONE_PROTO isTagEnabled=true flags=0x4
01-01 08:00:49.915 E/ ( 0): the code is fine but needs lockdep annotation.
01-01 08:00:49.917 I/msm_vidc( 0): high: 00000001: vp9d: Closed video instance: ffffffc1d7ba8000
01-01 08:00:49.921 I/ ( 0): CPU: 7 PID: 276 Comm: kworker/u16:4 Tainted: G S W O 4.19.157+ #1
01-01 08:00:49.921 I/Hardware name( 0): Qualcomm Technologies, Inc. kona MTP-RmPM8150b. VX1(MCE) EVT1 (DT)
01-01 08:00:49.921 I/Workqueue( 0): events_unbound ion_system_secure_heap_prefetch_work
01-01 08:00:49.921 I/Call trace( 0):
01-01 08:00:49.921 I/ ( 0): dump_backtrace+0x0/0x258
01-01 08:00:49.921 I/ ( 0): show_stack+0x20/0x30
01-01 08:00:49.921 I/ ( 0): dump_stack+0xd8/0x12c
01-01 08:00:49.921 I/ ( 0): register_lock_class+0x4d0/0x5c8
01-01 08:00:49.921 I/ ( 0): __lock_acquire+0xbc/0x1e58
01-01 08:00:49.921 I/ ( 0): lock_acquire+0x1cc/0x218
01-01 08:00:49.921 I/ ( 0): _raw_spin_lock_irqsave+0x54/0x98
01-01 08:00:49.921 I/ ( 0): ion_system_secure_heap_prefetch_work+0x94/0x2c0
01-01 08:00:49.921 I/ ( 0): process_one_work+0x38c/0x660
01-01 08:00:49.921 I/ ( 0): worker_thread+0x268/0x4b8
01-01 08:00:49.921 I/ ( 0): kthread+0x140/0x150
01-01 08:00:49.921 I/ ( 0): ret_from_fork+0x10/0x1c
01-01 08:00:49.924 E/ ( 0): INFO: trying to register non-static key.
01-01 08:00:49.929 E/ ( 0): the code is fine but needs lockdep annotation.
01-01 08:00:49.934 I/ ( 0): CPU: 7 PID: 276 Comm: kworker/u16:4 Tainted: G S W O 4.19.157+ #1
01-01 08:00:49.934 I/Hardware name( 0): Qualcomm Technologies, Inc. kona MTP-RmPM8150b. VX1(MCE) EVT1 (DT)
01-01 08:00:49.934 I/Workqueue( 0): events_unbound ion_system_secure_heap_prefetch_work
01-01 08:00:49.934 I/Call trace( 0):
01-01 08:00:49.934 I/ ( 0): dump_backtrace+0x0/0x258
01-01 08:00:49.934 I/ ( 0): show_stack+0x20/0x30
01-01 08:00:49.934 I/ ( 0): dump_stack+0xd8/0x12c
01-01 08:00:49.934 I/ ( 0): register_lock_class+0x4d0/0x5c8
01-01 08:00:49.934 I/ ( 0): __lock_acquire+0xbc/0x1e58
01-01 08:00:49.934 I/ ( 0): lock_acquire+0x1cc/0x218
01-01 08:00:49.934 I/ ( 0): _raw_spin_lock_irqsave+0x54/0x98
01-01 08:00:49.934 I/ ( 0): ion_system_secure_heap_prefetch_work+0x94/0x2c0
01-01 08:00:49.934 I/ ( 0): process_one_work+0x38c/0x660
01-01 08:00:49.934 I/ ( 0): worker_thread+0x268/0x4b8
01-01 08:00:49.934 I/ ( 0): kthread+0x140/0x150
01-01 08:00:49.934 I/ ( 0): ret_from_fork+0x10/0x1c
01-01 08:00:49.937 E/ ( 0): INFO: trying to register non-static key.
01-01 08:00:49.942 E/ ( 0): the code is fine but needs lockdep annotation.
01-01 08:00:49.948 I/ ( 0): CPU: 7 PID: 276 Comm: kworker/u16:4 Tainted: G S W O 4.19.157+ #1
01-01 08:00:49.948 I/Hardware name( 0): Qualcomm Technologies, Inc. kona MTP-RmPM8150b. VX1(MCE) EVT1 (DT)
01-01 08:00:49.948 I/Workqueue( 0): events_unbound ion_system_secure_heap_prefetch_work
01-01 08:00:49.948 I/Call trace( 0):
01-01 08:00:49.948 I/ ( 0): dump_backtrace+0x0/0x258
01-01 08:00:49.948 I/ ( 0): show_stack+0x20/0x30
01-01 08:00:49.948 I/ ( 0): dump_stack+0xd8/0x12c
01-01 08:00:49.948 I/ ( 0): register_lock_class+0x4d0/0x5c8
01-01 08:00:49.948 I/ ( 0): __lock_acquire+0xbc/0x1e58
01-01 08:00:49.948 I/ ( 0): lock_acquire+0x1cc/0x218
01-01 08:00:49.948 I/ ( 0): _raw_spin_lock_irqsave+0x54/0x98
01-01 08:00:49.948 I/ ( 0): ion_system_secure_heap_prefetch_work+0x94/0x2c0
01-01 08:00:49.948 I/ ( 0): process_one_work+0x38c/0x660
01-01 08:00:49.948 I/ ( 0): worker_thread+0x268/0x4b8
01-01 08:00:49.948 I/ ( 0): kthread+0x140/0x150
01-01 08:00:49.948 I/ ( 0): ret_from_fork+0x10/0x1c
01-01 08:00:49.954 E/ ( 0): INFO: trying to register non-static key.
01-01 08:00:49.959 E/ ( 0): the code is fine but needs lockdep annotation.
01-01 08:00:49.962 I/binder ( 0): 2013:2013 ioctl 40046210 7fecc80914 returned -22
01-01 08:00:49.965 I/ ( 0): CPU: 7 PID: 276 Comm: kworker/u16:4 Tainted: G S W O 4.19.157+ #1
01-01 08:00:49.965 I/Hardware name( 0): Qualcomm Technologies, Inc. kona MTP-RmPM8150b. VX1(MCE) EVT1 (DT)
01-01 08:00:49.965 I/Workqueue( 0): events_unbound ion_system_secure_heap_prefetch_work
01-01 08:00:49.965 I/Call trace( 0):
01-01 08:00:49.965 I/ ( 0): dump_backtrace+0x0/0x258
01-01 08:00:49.965 I/ ( 0): show_stack+0x20/0x30
01-01 08:00:49.965 I/ ( 0): dump_stack+0xd8/0x12c
01-01 08:00:49.965 I/ ( 0): register_lock_class+0x4d0/0x5c8
01-01 08:00:49.965 I/ ( 0): __lock_acquire+0xbc/0x1e58
01-01 08:00:49.965 I/ ( 0): lock_acquire+0x1cc/0x218
01-01 08:00:49.965 I/ ( 0): _raw_spin_lock_irqsave+0x54/0x98
01-01 08:00:49.965 I/ ( 0): ion_system_secure_heap_prefetch_work+0x94/0x2c0
01-01 08:00:49.965 I/ ( 0): process_one_work+0x38c/0x660
01-01 08:00:49.965 I/ ( 0): worker_thread+0x268/0x4b8
01-01 08:00:49.965 I/ ( 0): kthread+0x140/0x150
01-01 08:00:49.965 I/ ( 0): ret_from_fork+0x10/0x1c
01-01 08:00:49.967 E/ ( 0): INFO: trying to register non-static key.
01-01 08:00:49.972 E/ ( 0): the code is fine but needs lockdep annotation.
01-01 08:00:49.978 I/ ( 0): CPU: 7 PID: 276 Comm: kworker/u16:4 Tainted: G S W O 4.19.157+ #1
01-01 08:00:49.978 I/Hardware name( 0): Qualcomm Technologies, Inc. kona MTP-RmPM8150b. VX1(MCE) EVT1 (DT)
01-01 08:00:49.978 I/Workqueue( 0): events_unbound ion_system_secure_heap_prefetch_work
01-01 08:00:49.978 I/Call trace( 0):
01-01 08:00:49.978 I/ ( 0): dump_backtrace+0x0/0x258
01-01 08:00:49.978 I/ ( 0): show_stack+0x20/0x30
01-01 08:00:49.978 I/ ( 0): dump_stack+0xd8/0x12c
01-01 08:00:49.978 I/ ( 0): register_lock_class+0x4d0/0x5c8
01-01 08:00:49.978 I/ ( 0): __lock_acquire+0xbc/0x1e58
01-01 08:00:49.978 I/ ( 0): lock_acquire+0x1cc/0x218
01-01 08:00:49.978 I/ ( 0): _raw_spin_lock_irqsave+0x54/0x98
01-01 08:00:49.978 I/ ( 0): ion_system_secure_heap_prefetch_work+0x94/0x2c0
01-01 08:00:49.978 I/ ( 0): process_one_work+0x38c/0x660
01-01 08:00:49.978 I/ ( 0): worker_thread+0x268/0x4b8
01-01 08:00:49.978 I/ ( 0): kthread+0x140/0x150
01-01 08:00:49.978 I/ ( 0): ret_from_fork+0x10/0x1c
01-01 08:00:49.980 E/ ( 0): INFO: trying to register non-static key.
01-01 08:00:49.983 I/msm_vidc( 0): high: 00000001: ....e: Opening video instance: ffffffc1d934c000, 0
01-01 08:00:49.985 E/ ( 0): the code is fine but needs lockdep annotation.
01-01 08:00:49.985 I/ ( 0): CPU: 7 PID: 276 Comm: kworker/u16:4 Tainted: G S W O 4.19.157+ #1
01-01 08:00:49.985 I/Hardware name( 0): Qualcomm Technologies, Inc. kona MTP-RmPM8150b. VX1(MCE) EVT1 (DT)
01-01 08:00:49.985 I/Workqueue( 0): events_unbound ion_system_secure_heap_prefetch_work
01-01 08:00:49.985 I/Call trace( 0):
01-01 08:00:49.985 I/ ( 0): dump_backtrace+0x0/0x258
01-01 08:00:49.985 I/ ( 0): show_stack+0x20/0x30
01-01 08:00:49.985 I/ ( 0): dump_stack+0xd8/0x12c
01-01 08:00:49.985 I/ ( 0): register_lock_class+0x4d0/0x5c8
01-01 08:00:49.985 I/ ( 0): __lock_acquire+0xbc/0x1e58
01-01 08:00:49.985 I/ ( 0): lock_acquire+0x1cc/0x218
01-01 08:00:49.985 I/ ( 0): _raw_spin_lock_irqsave+0x54/0x98
01-01 08:00:49.985 I/ ( 0): ion_system_secure_heap_prefetch_work+0x94/0x2c0
01-01 08:00:49.985 I/ ( 0): process_one_work+0x38c/0x660
01-01 08:00:49.991 I/ ( 0): worker_thread+0x268/0x4b8
01-01 08:00:49.991 I/ ( 0): kthread+0x140/0x150
01-01 08:00:49.991 I/ ( 0): ret_from_fork+0x10/0x1c
03-14 03:53:36.741 D/SystemServerTiming( 1017): MakeNetworkStatsServiceReady took to complete: 154ms
03-14 03:53:36.741 I/SystemServerTiming( 1017): MakeConnectivityServiceReady
01-01 08:00:49.994 E/ ( 0): INFO: trying to register non-static key.
01-01 08:00:50.000 E/ ( 0): the code is fine but needs lockdep annotation.
03-14 03:53:36.764 D/CompatibilityChangeReporter( 1017): Compat change id reported: 168419799; UID 10084; state: DISABLED
01-01 08:00:50.005 I/ ( 0): CPU: 7 PID: 276 Comm: kworker/u16:4 Tainted: G S W O 4.19.157+ #1
01-01 08:00:50.005 I/Hardware name( 0): Qualcomm Technologies, Inc. kona MTP-RmPM8150b. VX1(MCE) EVT1 (DT)
01-01 08:00:50.005 I/Workqueue( 0): events_unbound ion_system_secure_heap_prefetch_work
01-01 08:00:50.005 I/Call trace( 0):
01-01 08:00:50.005 I/ ( 0): dump_backtrace+0x0/0x258
01-01 08:00:50.005 I/ ( 0): show_stack+0x20/0x30
01-01 08:00:50.005 I/ ( 0): dump_stack+0xd8/0x12c
01-01 08:00:50.005 I/ ( 0): register_lock_class+0x4d0/0x5c8
01-01 08:00:50.005 I/ ( 0): __lock_acquire+0xbc/0x1e58
01-01 08:00:50.005 I/ ( 0): lock_acquire+0x1cc/0x218
01-01 08:00:50.005 I/ ( 0): _raw_spin_lock_irqsave+0x54/0x98
01-01 08:00:50.005 I/ ( 0): ion_system_secure_heap_prefetch_work+0x94/0x2c0
01-01 08:00:50.005 I/ ( 0): process_one_work+0x38c/0x660
01-01 08:00:50.005 I/ ( 0): worker_thread+0x268/0x4b8
01-01 08:00:50.005 I/ ( 0): kthread+0x140/0x150
01-01 08:00:50.005 I/ ( 0): ret_from_fork+0x10/0x1c
01-01 08:00:50.013 E/ ( 0): INFO: trying to register non-static key.
03-14 03:53:36.794 D/SystemServerTiming( 1017): MakeConnectivityServiceReady took to complete: 53ms
03-14 03:53:36.794 I/SystemServerTiming( 1017): MakeVpnManagerServiceReady
01-01 08:00:50.018 E/ ( 0): the code is fine but needs lockdep annotation.
01-01 08:00:50.021 I/msm_vidc( 0): high: 00000001: h264e: Closed video instance: ffffffc1d934c000
01-01 08:00:50.024 I/ ( 0): CPU: 7 PID: 276 Comm: kworker/u16:4 Tainted: G S W O 4.19.157+ #1
01-01 08:00:50.024 I/Hardware name( 0): Qualcomm Technologies, Inc. kona MTP-RmPM8150b. VX1(MCE) EVT1 (DT)
01-01 08:00:50.024 I/Workqueue( 0): events_unbound ion_system_secure_heap_prefetch_work
01-01 08:00:50.024 I/Call trace( 0):
01-01 08:00:50.024 I/ ( 0): dump_backtrace+0x0/0x258
01-01 08:00:50.024 I/ ( 0): show_stack+0x20/0x30
01-01 08:00:50.024 I/ ( 0): dump_stack+0xd8/0x12c
01-01 08:00:50.024 I/ ( 0): register_lock_class+0x4d0/0x5c8
01-01 08:00:50.024 I/ ( 0): __lock_acquire+0xbc/0x1e58
01-01 08:00:50.024 I/ ( 0): lock_acquire+0x1cc/0x218
01-01 08:00:50.024 I/ ( 0): _raw_spin_lock_irqsave+0x54/0x98
01-01 08:00:50.024 I/ ( 0): ion_system_secure_heap_prefetch_work+0x94/0x2c0
01-01 08:00:50.024 I/ ( 0): process_one_work+0x38c/0x660
01-01 08:00:50.024 I/ ( 0): worker_thread+0x268/0x4b8
01-01 08:00:50.024 I/ ( 0): kthread+0x140/0x150
01-01 08:00:50.024 I/ ( 0): ret_from_fork+0x10/0x1c
01-01 08:00:50.027 E/ ( 0): INFO: trying to register non-static key.
01-01 08:00:50.032 E/ ( 0): the code is fine but needs lockdep annotation.
01-01 08:00:50.038 I/ ( 0): CPU: 7 PID: 276 Comm: kworker/u16:4 Tainted: G S W O 4.19.157+ #1
01-01 08:00:50.038 I/Hardware name( 0): Qualcomm Technologies, Inc. kona MTP-RmPM8150b. VX1(MCE) EVT1 (DT)
01-01 08:00:50.038 I/Workqueue( 0): events_unbound ion_system_secure_heap_prefetch_work
01-01 08:00:50.038 I/Call trace( 0):
01-01 08:00:50.038 I/ ( 0): dump_backtrace+0x0/0x258
01-01 08:00:50.038 I/ ( 0): show_stack+0x20/0x30
01-01 08:00:50.038 I/ ( 0): dump_stack+0xd8/0x12c
01-01 08:00:50.038 I/ ( 0): register_lock_class+0x4d0/0x5c8
01-01 08:00:50.038 I/ ( 0): __lock_acquire+0xbc/0x1e58
01-01 08:00:50.038 I/ ( 0): lock_acquire+0x1cc/0x218
01-01 08:00:50.038 I/ ( 0): _raw_spin_lock_irqsave+0x54/0x98
01-01 08:00:50.038 I/ ( 0): ion_system_secure_heap_prefetch_work+0x94/0x2c0
01-01 08:00:50.038 I/ ( 0): process_one_work+0x38c/0x660
01-01 08:00:50.038 I/ ( 0): worker_thread+0x268/0x4b8
01-01 08:00:50.038 I/ ( 0): kthread+0x140/0x150
01-01 08:00:50.038 I/ ( 0): ret_from_fork+0x10/0x1c
03-14 03:53:36.816 D/SystemServerTiming( 1017): MakeVpnManagerServiceReady took to complete: 21ms
03-14 03:53:36.816 I/SystemServerTiming( 1017): MakeVcnManagementServiceReady
03-14 03:53:36.827 D/SystemServerTiming( 1017): MakeVcnManagementServiceReady took to complete: 10ms
03-14 03:53:36.827 I/SystemServerTiming( 1017): MakeNetworkPolicyServiceReady
01-01 08:00:50.042 E/ ( 0): INFO: trying to register non-static key.
01-01 08:00:50.047 E/ ( 0): the code is fine but needs lockdep annotation.
01-01 08:00:50.052 I/ ( 0): CPU: 7 PID: 276 Comm: kworker/u16:4 Tainted: G S W O 4.19.157+ #1
01-01 08:00:50.052 I/Hardware name( 0): Qualcomm Technologies, Inc. kona MTP-RmPM8150b. VX1(MCE) EVT1 (DT)
01-01 08:00:50.052 I/Workqueue( 0): events_unbound ion_system_secure_heap_prefetch_work
01-01 08:00:50.052 I/Call trace( 0):
01-01 08:00:50.052 I/ ( 0): dump_backtrace+0x0/0x258
01-01 08:00:50.052 I/ ( 0): show_stack+0x20/0x30
01-01 08:00:50.052 I/ ( 0): dump_stack+0xd8/0x12c
01-01 08:00:50.052 I/ ( 0): register_lock_class+0x4d0/0x5c8
01-01 08:00:50.052 I/ ( 0): __lock_acquire+0xbc/0x1e58
01-01 08:00:50.052 I/ ( 0): lock_acquire+0x1cc/0x218
01-01 08:00:50.052 I/ ( 0): _raw_spin_lock_irqsave+0x54/0x98
01-01 08:00:50.052 I/ ( 0): ion_system_secure_heap_prefetch_work+0x94/0x2c0
01-01 08:00:50.052 I/ ( 0): process_one_work+0x38c/0x660
01-01 08:00:50.052 I/ ( 0): worker_thread+0x268/0x4b8
01-01 08:00:50.052 I/ ( 0): kthread+0x140/0x150
01-01 08:00:50.052 I/ ( 0): ret_from_fork+0x10/0x1c
03-14 03:53:36.833 W/ActivityManager( 1017): Slow operation: 250ms so far, now at startProcess: returned from zygote!
03-14 03:53:36.834 W/ActivityManager( 1017): Slow operation: 252ms so far, now at startProcess: done updating battery stats
03-14 03:53:36.834 W/ActivityManager( 1017): Slow operation: 252ms so far, now at startProcess: building log message
03-14 03:53:36.834 I/ActivityManager( 1017): Start proc 2043:WebViewLoader-armeabi-v7a/1037 [android.webkit.WebViewLibraryLoader$RelroFileCreator] for null
03-14 03:53:36.834 W/ActivityManager( 1017): Slow operation: 252ms so far, now at startProcess: starting to update pids map
03-14 03:53:36.835 W/ActivityManager( 1017): Slow operation: 252ms so far, now at startProcess: done updating pids map
03-14 03:53:36.835 W/ActivityManager( 1017): Slow operation: 251ms so far, now at startProcess: asking zygote to start proc
03-14 03:53:36.835 D/SystemServerTiming( 1017): MakeNetworkPolicyServiceReady took to complete: 8ms
03-14 03:53:36.836 I/SystemServerTiming( 1017): PhaseThirdPartyAppsCanStart
03-14 03:53:36.836 I/SystemServiceManager( 1017): Starting phase 600
03-14 03:53:36.836 I/SystemServerTiming( 1017): OnBootPhase_600
03-14 03:53:36.836 I/SystemServerTiming( 1017): OnBootPhase_600_com.android.server.security.FileIntegrityService
03-14 03:53:36.836 D/SystemServerTiming( 1017): OnBootPhase_600_com.android.server.security.FileIntegrityService took to complete: 0ms
03-14 03:53:36.836 I/SystemServerTiming( 1017): OnBootPhase_600_com.android.server.pm.Installer
03-14 03:53:36.836 D/SystemServerTiming( 1017): OnBootPhase_600_com.android.server.pm.Installer took to complete: 0ms
03-14 03:53:36.836 I/SystemServerTiming( 1017): OnBootPhase_600_com.android.server.os.DeviceIdentifiersPolicyService
03-14 03:53:36.836 D/SystemServerTiming( 1017): OnBootPhase_600_com.android.server.os.DeviceIdentifiersPolicyService took to complete: 0ms
03-14 03:53:36.836 I/SystemServerTiming( 1017): OnBootPhase_600_com.android.server.uri.UriGrantsManagerService$Lifecycle
03-14 03:53:36.836 D/SystemServerTiming( 1017): OnBootPhase_600_com.android.server.uri.UriGrantsManagerService$Lifecycle took to complete: 0ms
03-14 03:53:36.836 I/SystemServerTiming( 1017): OnBootPhase_600_com.android.server.powerstats.PowerStatsService
03-14 03:53:36.836 D/SystemServerTiming( 1017): OnBootPhase_600_com.android.server.powerstats.PowerStatsService took to complete: 0ms
03-14 03:53:36.836 I/SystemServerTiming( 1017): OnBootPhase_600_com.android.server.wm.ActivityTaskManagerService$Lifecycle
03-14 03:53:36.836 D/SystemServerTiming( 1017): OnBootPhase_600_com.android.server.wm.ActivityTaskManagerService$Lifecycle took to complete: 0ms
03-14 03:53:36.836 I/SystemServerTiming( 1017): OnBootPhase_600_com.android.server.am.ActivityManagerService$Lifecycle
03-14 03:53:36.837 I/ExplicitHealthCheckController( 1017): Explicit health checks enabled.
03-14 03:53:36.837 I/PackageWatchdog( 1017): Syncing state, reason: health check state enabled
03-14 03:53:36.837 I/PackageWatchdog( 1017): Discarding observer rollback-observer. All packages expired
03-14 03:53:36.837 D/SystemServerTiming( 1017): OnBootPhase_600_com.android.server.am.ActivityManagerService$Lifecycle took to complete: 1ms
03-14 03:53:36.837 I/SystemServerTiming( 1017): OnBootPhase_600_com.android.server.pm.DataLoaderManagerService
03-14 03:53:36.837 D/SystemServerTiming( 1017): OnBootPhase_600_com.android.server.pm.DataLoaderManagerService took to complete: 0ms
03-14 03:53:36.837 I/SystemServerTiming( 1017): OnBootPhase_600_com.android.server.power.PowerManagerService
03-14 03:53:36.838 D/SystemServerTiming( 1017): OnBootPhase_600_com.android.server.power.PowerManagerService took to complete: 0ms
03-14 03:53:36.838 I/SystemServerTiming( 1017): OnBootPhase_600_com.android.server.power.ThermalManagerService
03-14 03:53:36.838 D/SystemServerTiming( 1017): OnBootPhase_600_com.android.server.power.ThermalManagerService took to complete: 0ms
03-14 03:53:36.838 I/SystemServerTiming( 1017): OnBootPhase_600_com.android.server.power.hint.HintManagerService
03-14 03:53:36.838 D/SystemServerTiming( 1017): OnBootPhase_600_com.android.server.power.hint.HintManagerService took to complete: 0ms
03-14 03:53:36.838 I/SystemServerTiming( 1017): OnBootPhase_600_com.android.server.recoverysystem.RecoverySystemService$Lifecycle
03-14 03:53:36.838 D/SystemServerTiming( 1017): OnBootPhase_600_com.android.server.recoverysystem.RecoverySystemService$Lifecycle took to complete: 0ms
03-14 03:53:36.838 I/SystemServerTiming( 1017): OnBootPhase_600_com.android.server.lights.LightsService
03-14 03:53:36.838 D/SystemServerTiming( 1017): OnBootPhase_600_com.android.server.lights.LightsService took to complete: 0ms
03-14 03:53:36.838 I/SystemServerTiming( 1017): OnBootPhase_600_com.android.server.display.DisplayManagerService
03-14 03:53:36.838 D/SystemServerTiming( 1017): OnBootPhase_600_com.android.server.display.DisplayManagerService took to complete: 0ms
03-14 03:53:36.838 I/SystemServerTiming( 1017): OnBootPhase_600_com.android.server.pm.verify.domain.DomainVerificationService
03-14 03:53:36.838 D/SystemServerTiming( 1017): OnBootPhase_600_com.android.server.pm.verify.domain.DomainVerificationService took to complete: 0ms
03-14 03:53:36.838 I/SystemServerTiming( 1017): OnBootPhase_600_com.android.server.pm.PackageInstallerService$Lifecycle
03-14 03:53:36.838 D/SystemServerTiming( 1017): OnBootPhase_600_com.android.server.pm.PackageInstallerService$Lifecycle took to complete: 0ms
03-14 03:53:36.838 I/SystemServerTiming( 1017): OnBootPhase_600_com.android.server.pm.UserManagerService$LifeCycle
03-14 03:53:36.839 D/SystemServerTiming( 1017): OnBootPhase_600_com.android.server.pm.UserManagerService$LifeCycle took to complete: 0ms
03-14 03:53:36.839 I/SystemServerTiming( 1017): OnBootPhase_600_com.android.server.om.OverlayManagerService
03-14 03:53:36.839 D/SystemServerTiming( 1017): OnBootPhase_600_com.android.server.om.OverlayManagerService took to complete: 0ms
03-14 03:53:36.839 I/SystemServerTiming( 1017): OnBootPhase_600_com.android.server.SensorPrivacyService
03-14 03:53:36.839 D/SystemServerTiming( 1017): OnBootPhase_600_com.android.server.SensorPrivacyService took to complete: 0ms
03-14 03:53:36.839 I/SystemServerTiming( 1017): OnBootPhase_600_com.android.server.thunderperf.ThunderBoostPerfService
03-14 03:53:36.839 D/SystemServerTiming( 1017): OnBootPhase_600_com.android.server.thunderperf.ThunderBoostPerfService took to complete: 0ms
03-14 03:53:36.839 I/SystemServerTiming( 1017): OnBootPhase_600_com.android.server.sensors.SensorService
03-14 03:53:36.839 D/SystemServerTiming( 1017): OnBootPhase_600_com.android.server.sensors.SensorService took to complete: 0ms
03-14 03:53:36.839 I/SystemServerTiming( 1017): OnBootPhase_600_com.android.server.SystemConfigService
03-14 03:53:36.839 D/SystemServerTiming( 1017): OnBootPhase_600_com.android.server.SystemConfigService took to complete: 0ms
03-14 03:53:36.839 I/SystemServerTiming( 1017): OnBootPhase_600_com.android.server.BatteryService
03-14 03:53:36.839 D/SystemServerTiming( 1017): OnBootPhase_600_com.android.server.BatteryService took to complete: 0ms
03-14 03:53:36.839 I/SystemServerTiming( 1017): OnBootPhase_600_com.android.server.usage.UsageStatsService
03-14 03:53:36.839 D/SystemServerTiming( 1017): OnBootPhase_600_com.android.server.usage.UsageStatsService took to complete: 0ms
03-14 03:53:36.839 I/SystemServerTiming( 1017): OnBootPhase_600_com.android.server.webkit.WebViewUpdateService
03-14 03:53:36.839 D/SystemServerTiming( 1017): OnBootPhase_600_com.android.server.webkit.WebViewUpdateService took to complete: 0ms
03-14 03:53:36.839 I/SystemServerTiming( 1017): OnBootPhase_600_com.android.server.CachedDeviceStateService
03-14 03:53:36.839 D/SystemServerTiming( 1017): OnBootPhase_600_com.android.server.CachedDeviceStateService took to complete: 0ms
03-14 03:53:36.839 I/SystemServerTiming( 1017): OnBootPhase_600_com.android.server.BinderCallsStatsService$LifeCycle
03-14 03:53:36.839 D/SystemServerTiming( 1017): OnBootPhase_600_com.android.server.BinderCallsStatsService$LifeCycle took to complete: 0ms
03-14 03:53:36.839 I/SystemServerTiming( 1017): OnBootPhase_600_com.android.server.LooperStatsService$Lifecycle
03-14 03:53:36.839 D/SystemServerTiming( 1017): OnBootPhase_600_com.android.server.LooperStatsService$Lifecycle took to complete: 0ms
03-14 03:53:36.840 I/SystemServerTiming( 1017): OnBootPhase_600_com.android.server.rollback.RollbackManagerService
03-14 03:53:36.840 D/SystemServerTiming( 1017): OnBootPhase_600_com.android.server.rollback.RollbackManagerService took to complete: 0ms
03-14 03:53:36.840 I/SystemServerTiming( 1017): OnBootPhase_600_com.android.server.os.NativeTombstoneManagerService
03-14 03:53:36.840 D/SystemServerTiming( 1017): OnBootPhase_600_com.android.server.os.NativeTombstoneManagerService took to complete: 0ms
03-14 03:53:36.840 I/SystemServerTiming( 1017): OnBootPhase_600_com.android.server.os.BugreportManagerService
03-14 03:53:36.840 D/SystemServerTiming( 1017): OnBootPhase_600_com.android.server.os.BugreportManagerService took to complete: 0ms
03-14 03:53:36.840 I/SystemServerTiming( 1017): OnBootPhase_600_com.android.server.gpu.GpuService
03-14 03:53:36.840 D/SystemServerTiming( 1017): OnBootPhase_600_com.android.server.gpu.GpuService took to complete: 0ms
03-14 03:53:36.840 I/SystemServerTiming( 1017): OnBootPhase_600_com.android.server.security.KeyChainSystemService
03-14 03:53:36.840 D/SystemServerTiming( 1017): OnBootPhase_600_com.android.server.security.KeyChainSystemService took to complete: 0ms
03-14 03:53:36.840 I/SystemServerTiming( 1017): OnBootPhase_600_com.android.server.telecom.TelecomLoaderService
03-14 03:53:36.840 D/SystemServerTiming( 1017): OnBootPhase_600_com.android.server.telecom.TelecomLoaderService took to complete: 0ms
03-14 03:53:36.840 I/SystemServerTiming( 1017): OnBootPhase_600_com.android.server.accounts.AccountManagerService$Lifecycle
03-14 03:53:36.840 D/SystemServerTiming( 1017): OnBootPhase_600_com.android.server.accounts.AccountManagerService$Lifecycle took to complete: 0ms
03-14 03:53:36.840 I/SystemServerTiming( 1017): OnBootPhase_600_com.android.server.content.ContentService$Lifecycle
03-14 03:53:36.840 D/SystemServerTiming( 1017): OnBootPhase_600_com.android.server.content.ContentService$Lifecycle took to complete: 0ms
03-14 03:53:36.840 I/SystemServerTiming( 1017): OnBootPhase_600_com.android.server.DropBoxManagerService
03-14 03:53:36.840 D/SystemServerTiming( 1017): OnBootPhase_600_com.android.server.DropBoxManagerService took to complete: 0ms
03-14 03:53:36.840 I/SystemServerTiming( 1017): OnBootPhase_600_com.android.role.RoleService
03-14 03:53:36.841 D/SystemServerTiming( 1017): OnBootPhase_600_com.android.role.RoleService took to complete: 0ms
03-14 03:53:36.841 I/SystemServerTiming( 1017): OnBootPhase_600_com.android.server.vibrator.VibratorManagerService$Lifecycle
03-14 03:53:36.841 D/SystemServerTiming( 1017): OnBootPhase_600_com.android.server.vibrator.VibratorManagerService$Lifecycle took to complete: 0ms
03-14 03:53:36.841 I/SystemServerTiming( 1017): OnBootPhase_600_com.android.server.alarm.AlarmManagerService
03-14 03:53:36.841 D/SystemServerTiming( 1017): OnBootPhase_600_com.android.server.alarm.AlarmManagerService took to complete: 0ms
03-14 03:53:36.841 I/SystemServerTiming( 1017): OnBootPhase_600_com.android.server.devicestate.DeviceStateManagerService
03-14 03:53:36.841 D/SystemServerTiming( 1017): OnBootPhase_600_com.android.server.devicestate.DeviceStateManagerService took to complete: 0ms
03-14 03:53:36.841 I/SystemServerTiming( 1017): OnBootPhase_600_com.android.server.camera.CameraServiceProxy
03-14 03:53:36.841 D/SystemServerTiming( 1017): OnBootPhase_600_com.android.server.camera.CameraServiceProxy took to complete: 0ms
03-14 03:53:36.841 I/SystemServerTiming( 1017): OnBootPhase_600_com.android.server.BluetoothService
03-14 03:53:36.841 D/SystemServerTiming( 1017): OnBootPhase_600_com.android.server.BluetoothService took to complete: 0ms
03-14 03:53:36.841 I/SystemServerTiming( 1017): OnBootPhase_600_com.android.server.connectivity.IpConnectivityMetrics
03-14 03:53:36.841 D/SystemServerTiming( 1017): OnBootPhase_600_com.android.server.connectivity.IpConnectivityMetrics took to complete: 0ms
03-14 03:53:36.841 I/SystemServerTiming( 1017): OnBootPhase_600_com.android.server.net.watchlist.NetworkWatchlistService$Lifecycle
03-14 03:53:36.841 D/SystemServerTiming( 1017): OnBootPhase_600_com.android.server.net.watchlist.NetworkWatchlistService$Lifecycle took to complete: 0ms
03-14 03:53:36.841 I/SystemServerTiming( 1017): OnBootPhase_600_com.android.server.PinnerService
03-14 03:53:36.841 D/SystemServerTiming( 1017): OnBootPhase_600_com.android.server.PinnerService took to complete: 0ms
03-14 03:53:36.841 I/SystemServerTiming( 1017): OnBootPhase_600_com.google.android.startop.iorap.IorapForwardingService
03-14 03:53:36.841 D/SystemServerTiming( 1017): OnBootPhase_600_com.google.android.startop.iorap.IorapForwardingService took to complete: 0ms
03-14 03:53:36.841 I/SystemServerTiming( 1017): OnBootPhase_600_com.android.server.ActivityTriggerService
03-14 03:53:36.841 D/SystemServerTiming( 1017): OnBootPhase_600_com.android.server.ActivityTriggerService took to complete: 0ms
03-14 03:53:36.841 I/SystemServerTiming( 1017): OnBootPhase_600_com.android.server.integrity.AppIntegrityManagerService
03-14 03:53:36.842 D/SystemServerTiming( 1017): OnBootPhase_600_com.android.server.integrity.AppIntegrityManagerService took to complete: 0ms
03-14 03:53:36.842 I/SystemServerTiming( 1017): OnBootPhase_600_com.android.server.inputmethod.InputMethodManagerService$Lifecycle
03-14 03:53:36.842 D/SystemServerTiming( 1017): OnBootPhase_600_com.android.server.inputmethod.InputMethodManagerService$Lifecycle took to complete: 0ms
03-14 03:53:36.842 I/SystemServerTiming( 1017): OnBootPhase_600_com.android.server.accessibility.AccessibilityManagerService$Lifecycle
03-14 03:53:36.842 D/SystemServerTiming( 1017): OnBootPhase_600_com.android.server.accessibility.AccessibilityManagerService$Lifecycle took to complete: 0ms
03-14 03:53:36.842 I/SystemServerTiming( 1017): OnBootPhase_600_com.android.server.StorageManagerService$Lifecycle
03-14 03:53:36.842 D/SystemServerTiming( 1017): OnBootPhase_600_com.android.server.StorageManagerService$Lifecycle took to complete: 0ms
03-14 03:53:36.842 I/SystemServerTiming( 1017): OnBootPhase_600_com.android.server.usage.StorageStatsService$Lifecycle
03-14 03:53:36.842 D/SystemServerTiming( 1017): OnBootPhase_600_com.android.server.usage.StorageStatsService$Lifecycle took to complete: 0ms
03-14 03:53:36.842 I/SystemServerTiming( 1017): OnBootPhase_600_com.android.server.UiModeManagerService
03-14 03:53:36.842 D/SystemServerTiming( 1017): OnBootPhase_600_com.android.server.UiModeManagerService took to complete: 0ms
03-14 03:53:36.842 I/SystemServerTiming( 1017): OnBootPhase_600_com.android.server.locksettings.LockSettingsService$Lifecycle
03-14 03:53:36.842 D/SystemServerTiming( 1017): OnBootPhase_600_com.android.server.locksettings.LockSettingsService$Lifecycle took to complete: 0ms
03-14 03:53:36.842 I/SystemServerTiming( 1017): OnBootPhase_600_com.android.server.PersistentDataBlockService
03-14 03:53:36.842 D/SystemServerTiming( 1017): OnBootPhase_600_com.android.server.PersistentDataBlockService took to complete: 0ms
03-14 03:53:36.842 I/SystemServerTiming( 1017): OnBootPhase_600_com.android.server.testharness.TestHarnessModeService
03-14 03:53:36.842 D/SystemServerTiming( 1017): OnBootPhase_600_com.android.server.testharness.TestHarnessModeService took to complete: 0ms
03-14 03:53:36.842 I/SystemServerTiming( 1017): OnBootPhase_600_com.android.server.oemlock.OemLockService
03-14 03:53:36.842 D/SystemServerTiming( 1017): OnBootPhase_600_com.android.server.oemlock.OemLockService took to complete: 0ms
03-14 03:53:36.842 I/SystemServerTiming( 1017): OnBootPhase_600_com.android.server.DeviceIdleController
03-14 03:53:36.842 D/SystemServerTiming( 1017): OnBootPhase_600_com.android.server.DeviceIdleController took to complete: 0ms
03-14 03:53:36.843 I/SystemServerTiming( 1017): OnBootPhase_600_com.android.server.devicepolicy.DevicePolicyManagerService$Lifecycle
03-14 03:53:36.843 D/SystemServerTiming( 1017): OnBootPhase_600_com.android.server.devicepolicy.DevicePolicyManagerService$Lifecycle took to complete: 0ms
03-14 03:53:36.843 I/SystemServerTiming( 1017): OnBootPhase_600_com.android.server.texttospeech.TextToSpeechManagerService
03-14 03:53:36.843 D/SystemServerTiming( 1017): OnBootPhase_600_com.android.server.texttospeech.TextToSpeechManagerService took to complete: 0ms
03-14 03:53:36.843 I/SystemServerTiming( 1017): OnBootPhase_600_com.android.server.speech.SpeechRecognitionManagerService
03-14 03:53:36.843 D/SystemServerTiming( 1017): OnBootPhase_600_com.android.server.speech.SpeechRecognitionManagerService took to complete: 1ms
03-14 03:53:36.844 I/SystemServerTiming( 1017): OnBootPhase_600_com.android.server.searchui.SearchUiManagerService
03-14 03:53:36.844 D/SystemServerTiming( 1017): OnBootPhase_600_com.android.server.searchui.SearchUiManagerService took to complete: 0ms
03-14 03:53:36.844 I/SystemServerTiming( 1017): OnBootPhase_600_com.android.server.smartspace.SmartspaceManagerService
03-14 03:53:36.844 D/SystemServerTiming( 1017): OnBootPhase_600_com.android.server.smartspace.SmartspaceManagerService took to complete: 0ms
01-01 08:00:50.073 E/ ( 0): INFO: trying to register non-static key.
01-01 08:00:50.078 E/ ( 0): the code is fine but needs lockdep annotation.
01-01 08:00:50.084 I/ ( 0): CPU: 7 PID: 276 Comm: kworker/u16:4 Tainted: G S W O 4.19.157+ #1
01-01 08:00:50.084 I/Hardware name( 0): Qualcomm Technologies, Inc. kona MTP-RmPM8150b. VX1(MCE) EVT1 (DT)
01-01 08:00:50.084 I/Workqueue( 0): events_unbound ion_system_secure_heap_prefetch_work
01-01 08:00:50.084 I/Call trace( 0):
01-01 08:00:50.084 I/ ( 0): dump_backtrace+0x0/0x258
01-01 08:00:50.084 I/ ( 0): show_stack+0x20/0x30
01-01 08:00:50.084 I/ ( 0): dump_stack+0xd8/0x12c
01-01 08:00:50.084 I/ ( 0): register_lock_class+0x4d0/0x5c8
01-01 08:00:50.084 I/ ( 0): __lock_acquire+0xbc/0x1e58
01-01 08:00:50.084 I/ ( 0): lock_acquire+0x1cc/0x218
01-01 08:00:50.084 I/ ( 0): _raw_spin_lock_irqsave+0x54/0x98
01-01 08:00:50.084 I/ ( 0): ion_system_secure_heap_prefetch_work+0x94/0x2c0
01-01 08:00:50.084 I/ ( 0): process_one_work+0x38c/0x660
01-01 08:00:50.084 I/ ( 0): worker_thread+0x268/0x4b8
01-01 08:00:50.084 I/ ( 0): kthread+0x140/0x150
01-01 08:00:50.084 I/ ( 0): ret_from_fork+0x10/0x1c
03-14 03:53:36.844 I/SystemServerTiming( 1017): OnBootPhase_600_com.android.server.graphics.fonts.FontManagerService$Lifecycle
03-14 03:53:36.844 D/SystemServerTiming( 1017): OnBootPhase_600_com.android.server.graphics.fonts.FontManagerService$Lifecycle took to complete: 0ms
03-14 03:53:36.844 I/SystemServerTiming( 1017): OnBootPhase_600_com.android.server.textservices.TextServicesManagerService$Lifecycle
03-14 03:53:36.844 D/SystemServerTiming( 1017): OnBootPhase_600_com.android.server.textservices.TextServicesManagerService$Lifecycle took to complete: 0ms
03-14 03:53:36.844 I/SystemServerTiming( 1017): OnBootPhase_600_com.android.server.textclassifier.TextClassificationManagerService$Lifecycle
03-14 03:53:36.844 D/SystemServerTiming( 1017): OnBootPhase_600_com.android.server.textclassifier.TextClassificationManagerService$Lifecycle took to complete: 0ms
03-14 03:53:36.844 I/SystemServerTiming( 1017): OnBootPhase_600_com.android.server.NetworkScoreService$Lifecycle
03-14 03:53:36.844 D/SystemServerTiming( 1017): OnBootPhase_600_com.android.server.NetworkScoreService$Lifecycle took to complete: 0ms
03-14 03:53:36.844 I/SystemServerTiming( 1017): OnBootPhase_600_com.android.server.wifi.WifiService
03-14 03:53:36.844 D/SystemServerTiming( 1017): OnBootPhase_600_com.android.server.wifi.WifiService took to complete: 0ms
03-14 03:53:36.844 I/SystemServerTiming( 1017): OnBootPhase_600_com.android.server.wifi.scanner.WifiScanningService
03-14 03:53:36.844 D/SystemServerTiming( 1017): OnBootPhase_600_com.android.server.wifi.scanner.WifiScanningService took to complete: 0ms
03-14 03:53:36.844 I/SystemServerTiming( 1017): OnBootPhase_600_com.android.server.wifi.rtt.RttService
03-14 03:53:36.844 D/SystemServerTiming( 1017): OnBootPhase_600_com.android.server.wifi.rtt.RttService took to complete: 0ms
03-14 03:53:36.844 I/SystemServerTiming( 1017): OnBootPhase_600_com.android.server.wifi.aware.WifiAwareService
03-14 03:53:36.845 D/SystemServerTiming( 1017): OnBootPhase_600_com.android.server.wifi.aware.WifiAwareService took to complete: 0ms
03-14 03:53:36.845 I/SystemServerTiming( 1017): OnBootPhase_600_com.android.server.wifi.p2p.WifiP2pService
03-14 03:53:36.845 D/SystemServerTiming( 1017): OnBootPhase_600_com.android.server.wifi.p2p.WifiP2pService took to complete: 0ms
03-14 03:53:36.845 I/SystemServerTiming( 1017): OnBootPhase_600_com.android.server.ethernet.EthernetService
03-14 03:53:36.845 D/SystemServerTiming( 1017): OnBootPhase_600_com.android.server.ethernet.EthernetService took to complete: 0ms
03-14 03:53:36.845 I/SystemServerTiming( 1017): OnBootPhase_600_com.android.server.ConnectivityServiceInitializer
03-14 03:53:36.845 D/SystemServerTiming( 1017): OnBootPhase_600_com.android.server.ConnectivityServiceInitializer took to complete: 0ms
03-14 03:53:36.845 I/SystemServerTiming( 1017): OnBootPhase_600_com.android.server.notification.NotificationManagerService
03-14 03:53:36.847 I/PackageWatchdog( 1017): Saving observer state to file
03-14 03:53:36.849 D/SystemServerTiming( 1017): OnBootPhase_600_com.android.server.notification.NotificationManagerService took to complete: 4ms
03-14 03:53:36.849 I/SystemServerTiming( 1017): OnBootPhase_600_com.android.server.storage.DeviceStorageMonitorService
03-14 03:53:36.849 D/SystemServerTiming( 1017): OnBootPhase_600_com.android.server.storage.DeviceStorageMonitorService took to complete: 0ms
03-14 03:53:36.849 I/SystemServerTiming( 1017): OnBootPhase_600_com.android.server.location.LocationManagerService$Lifecycle
03-14 03:53:36.877 W/ActivityManager( 1017): Slow operation: 293ms so far, now at startProcess: returned from zygote!
03-14 03:53:36.877 W/ActivityManager( 1017): Slow operation: 293ms so far, now at startProcess: done updating battery stats
03-14 03:53:36.877 W/ActivityManager( 1017): Slow operation: 294ms so far, now at startProcess: building log message
03-14 03:53:36.877 I/ActivityManager( 1017): Start proc 2046:WebViewLoader-arm64-v8a/1037 [android.webkit.WebViewLibraryLoader$RelroFileCreator] for null
03-14 03:53:36.877 W/ActivityManager( 1017): Slow operation: 294ms so far, now at startProcess: starting to update pids map
03-14 03:53:36.878 W/ActivityManager( 1017): Slow operation: 294ms so far, now at startProcess: done updating pids map
01-01 08:00:50.093 E/ ( 0): INFO: trying to register non-static key.
01-01 08:00:50.099 E/ ( 0): the code is fine but needs lockdep annotation.
01-01 08:00:50.104 I/ ( 0): CPU: 7 PID: 276 Comm: kworker/u16:4 Tainted: G S W O 4.19.157+ #1
01-01 08:00:50.104 I/Hardware name( 0): Qualcomm Technologies, Inc. kona MTP-RmPM8150b. VX1(MCE) EVT1 (DT)
01-01 08:00:50.104 I/Workqueue( 0): events_unbound ion_system_secure_heap_prefetch_work
01-01 08:00:50.104 I/Call trace( 0):
01-01 08:00:50.104 I/ ( 0): dump_backtrace+0x0/0x258
01-01 08:00:50.104 I/ ( 0): show_stack+0x20/0x30
01-01 08:00:50.104 I/ ( 0): dump_stack+0xd8/0x12c
01-01 08:00:50.104 I/ ( 0): register_lock_class+0x4d0/0x5c8
01-01 08:00:50.104 I/ ( 0): __lock_acquire+0xbc/0x1e58
01-01 08:00:50.104 I/ ( 0): lock_acquire+0x1cc/0x218
01-01 08:00:50.104 I/ ( 0): _raw_spin_lock_irqsave+0x54/0x98
01-01 08:00:50.104 I/ ( 0): ion_system_secure_heap_prefetch_work+0x94/0x2c0
01-01 08:00:50.104 I/ ( 0): process_one_work+0x38c/0x660
01-01 08:00:50.104 I/ ( 0): worker_thread+0x268/0x4b8
01-01 08:00:50.104 I/ ( 0): kthread+0x140/0x150
01-01 08:00:50.104 I/ ( 0): ret_from_fork+0x10/0x1c
01-01 08:00:50.112 E/ ( 0): INFO: trying to register non-static key.
01-01 08:00:50.117 E/ ( 0): the code is fine but needs lockdep annotation.
01-01 08:00:50.122 I/ ( 0): CPU: 7 PID: 276 Comm: kworker/u16:4 Tainted: G S W O 4.19.157+ #1
01-01 08:00:50.122 I/Hardware name( 0): Qualcomm Technologies, Inc. kona MTP-RmPM8150b. VX1(MCE) EVT1 (DT)
01-01 08:00:50.122 I/Workqueue( 0): events_unbound ion_system_secure_heap_prefetch_work
01-01 08:00:50.122 I/Call trace( 0):
01-01 08:00:50.122 I/ ( 0): dump_backtrace+0x0/0x258
01-01 08:00:50.122 I/ ( 0): show_stack+0x20/0x30
01-01 08:00:50.122 I/ ( 0): dump_stack+0xd8/0x12c
01-01 08:00:50.122 I/ ( 0): register_lock_class+0x4d0/0x5c8
01-01 08:00:50.122 I/ ( 0): __lock_acquire+0xbc/0x1e58
01-01 08:00:50.122 I/ ( 0): lock_acquire+0x1cc/0x218
01-01 08:00:50.122 I/ ( 0): _raw_spin_lock_irqsave+0x54/0x98
01-01 08:00:50.122 I/ ( 0): ion_system_secure_heap_prefetch_work+0x94/0x2c0
01-01 08:00:50.122 I/ ( 0): process_one_work+0x38c/0x660
01-01 08:00:50.122 I/ ( 0): worker_thread+0x268/0x4b8
01-01 08:00:50.122 I/ ( 0): kthread+0x140/0x150
01-01 08:00:50.122 I/ ( 0): ret_from_fork+0x10/0x1c
01-01 08:00:50.127 E/ ( 0): INFO: trying to register non-static key.
01-01 08:00:50.127 I/binder ( 0): 2043:2043 ioctl 40046210 ff9a1818 returned -22
01-01 08:00:50.132 E/ ( 0): the code is fine but needs lockdep annotation.
01-01 08:00:50.132 I/ ( 0): CPU: 7 PID: 276 Comm: kworker/u16:4 Tainted: G S W O 4.19.157+ #1
01-01 08:00:50.132 I/Hardware name( 0): Qualcomm Technologies, Inc. kona MTP-RmPM8150b. VX1(MCE) EVT1 (DT)
