--------- beginning of kernel
01-01 08:00:31.302 I/msm_11ad soc( 0): qcom,wil6210: Linked as a consumer to regulator.26
01-01 08:00:31.310 E/msm_pcie_enumerate( 0): PCIe: RC1: has already been enumerated.
01-01 08:00:31.317 E/msm_11ad soc( 0): qcom,wil6210: Wigig device not found
01-01 08:00:31.323 I/msm_11ad soc( 0): qcom,wil6210: Dropping the link to regulator.26
01-01 08:00:31.330 I/msm_11ad soc( 0): qcom,wil6210: Dropping the link to regulator.0
01-01 08:00:31.338 I/msm_11ad soc( 0): qcom,wil6210: Dropping the link to regulator.8
01-01 08:00:31.349 I/ ( 0): modprobe (478) used greatest stack depth: 10512 bytes left
01-01 08:00:31.435 W/q6_pdr_dlkm( 0): loading out-of-tree module taints kernel.
01-01 08:00:31.449 W/apr_dlkm( 0): no symbol version for snd_event_notify
01-01 08:00:31.461 E/register_client_adhoc( 0): find path.src 1 dest 589
01-01 08:00:31.461 E/register_client_adhoc( 0): Failed to find path.src 1 dest 589
01-01 08:00:31.468 E/ ( 0): [drm:dp_display_init_aux_switch][msm-dp-err][355 ]failed to register notifier (-22)
01-01 08:00:31.492 E/register_client_adhoc( 0): find path.src 1 dest 589
01-01 08:00:31.493 E/register_client_adhoc( 0): Failed to find path.src 1 dest 589
01-01 08:00:31.591 W/ ( 0): **********************************************************
01-01 08:00:31.598 W/ ( 0): ** NOTICE NOTICE NOTICE NOTICE NOTICE NOTICE NOTICE **
01-01 08:00:31.605 W/ ( 0): ** **
01-01 08:00:31.614 W/ ( 0): ** trace_printk() being used. Allocating extra memory. **
01-01 08:00:31.621 W/ ( 0): ** **
01-01 08:00:31.628 W/ ( 0): ** This means that this is a DEBUG kernel and it is **
01-01 08:00:31.637 W/ ( 0): ** unsafe for production use. **
01-01 08:00:31.644 W/ ( 0): ** **
01-01 08:00:31.650 W/ ( 0): ** If you see this message and you are not debugging **
01-01 08:00:31.654 E/ ( 0): [drm:dp_display_init_aux_switch][msm-dp-err][70 ]failed to register notifier (-22)
01-01 08:00:31.657 W/ ( 0): ** the kernel, report this immediately to your vendor! **
01-01 08:00:31.666 E/DTC_ETH,link_delay_work_func( 0): 3003, SQI=0, link=0
01-01 08:00:31.673 W/ ( 0): ** **
01-01 08:00:31.673 W/ ( 0): ** NOTICE NOTICE NOTICE NOTICE NOTICE NOTICE NOTICE **
01-01 08:00:31.673 W/ ( 0): **********************************************************
01-01 08:00:31.709 E/register_client_adhoc( 0): find path.src 1 dest 589
01-01 08:00:31.709 E/register_client_adhoc( 0): Failed to find path.src 1 dest 589
01-01 08:00:31.716 E/ ( 0): [drm:dp_display_init_aux_switch][msm-dp-err][46 ]failed to register notifier (-22)
01-01 08:00:31.763 E/register_client_adhoc( 0): find path.src 1 dest 589
01-01 08:00:31.763 E/register_client_adhoc( 0): Failed to find path.src 1 dest 589
01-01 08:00:31.770 E/ ( 0): [drm:dp_display_init_aux_switch][msm-dp-err][491 ]failed to register notifier (-22)
01-01 08:00:31.787 E/register_client_adhoc( 0): find path.src 1 dest 589
01-01 08:00:31.787 E/register_client_adhoc( 0): Failed to find path.src 1 dest 589
01-01 08:00:31.794 E/ ( 0): [drm:dp_display_init_aux_switch][msm-dp-err][491 ]failed to register notifier (-22)
01-01 08:00:31.810 E/register_client_adhoc( 0): find path.src 1 dest 589
01-01 08:00:31.811 E/register_client_adhoc( 0): Failed to find path.src 1 dest 589
01-01 08:00:31.818 E/ ( 0): [drm:dp_display_init_aux_switch][msm-dp-err][491 ]failed to register notifier (-22)
01-01 08:00:31.834 E/register_client_adhoc( 0): find path.src 1 dest 589
01-01 08:00:31.834 E/register_client_adhoc( 0): Failed to find path.src 1 dest 589
01-01 08:00:31.841 E/ ( 0): [drm:dp_display_init_aux_switch][msm-dp-err][491 ]failed to register notifier (-22)
01-01 08:00:31.858 E/register_client_adhoc( 0): find path.src 1 dest 589
01-01 08:00:31.858 E/register_client_adhoc( 0): Failed to find path.src 1 dest 589
01-01 08:00:31.865 E/ ( 0): [drm:dp_display_init_aux_switch][msm-dp-err][491 ]failed to register notifier (-22)
01-01 08:00:31.883 E/register_client_adhoc( 0): find path.src 1 dest 589
01-01 08:00:31.883 E/register_client_adhoc( 0): Failed to find path.src 1 dest 589
01-01 08:00:31.909 E/ ( 0): [drm:dp_display_init_aux_switch][msm-dp-err][486 ]failed to register notifier (-22)
01-01 08:00:31.927 E/register_client_adhoc( 0): find path.src 1 dest 589
01-01 08:00:31.927 E/register_client_adhoc( 0): Failed to find path.src 1 dest 589
01-01 08:00:31.928 E/kona-pinctrl f000000.pinctrl( 0): invalid function func2 in map table
01-01 08:00:31.947 E/kona-pinctrl f000000.pinctrl( 0): invalid function func2 in map table
01-01 08:00:31.954 E/ ( 0): [drm:dp_display_init_aux_switch][msm-dp-err][486 ]failed to register notifier (-22)
01-01 08:00:31.954 E/kona-pinctrl f000000.pinctrl( 0): invalid function func2 in map table
01-01 08:00:31.971 E/kona-pinctrl f000000.pinctrl( 0): invalid function func2 in map table
01-01 08:00:31.982 E/register_client_adhoc( 0): find path.src 1 dest 589
01-01 08:00:31.982 E/register_client_adhoc( 0): Failed to find path.src 1 dest 589
01-01 08:00:31.989 E/ ( 0): [drm:dp_display_init_aux_switch][msm-dp-err][486 ]failed to register notifier (-22)
01-01 08:00:32.038 E/register_client_adhoc( 0): find path.src 1 dest 589
01-01 08:00:32.038 E/register_client_adhoc( 0): Failed to find path.src 1 dest 589
01-01 08:00:32.045 E/ ( 0): [drm:dp_display_init_aux_switch][msm-dp-err][77 ]failed to register notifier (-22)
01-01 08:00:32.064 E/register_client_adhoc( 0): find path.src 1 dest 589
01-01 08:00:32.064 E/register_client_adhoc( 0): Failed to find path.src 1 dest 589
01-01 08:00:32.071 E/ ( 0): [drm:dp_display_init_aux_switch][msm-dp-err][77 ]failed to register notifier (-22)
01-01 08:00:32.295 E/ ( 0): Trying to create more than 6 SchedTune boosting groups
01-01 08:00:32.302 E/ ( 0): Trying to create more than 6 SchedTune boosting groups
01-01 08:00:32.353 I/ ( 0): Registered swp emulation handler
01-01 08:00:32.413 I/logd.auditd( 0): start
01-01 08:00:32.433 I/binder ( 0): 505:505 ioctl 40046210 7ff7047864 returned -22
01-01 08:00:32.446 I/binder ( 0): 506:506 ioctl 40046210 7ff7bd9f74 returned -22
01-01 08:00:32.495 I/binder ( 0): 504:504 ioctl 40046210 7fdb0832b4 returned -22
01-01 08:00:32.688 I/init ( 0): wait for '/dev/block/platform/soc/1d84000.ufshc' took 0ms
01-01 08:00:33.045 I/ ( 0): tsnv tsnv_init register TSNV Driver v0.01
01-01 08:00:33.053 I/init ( 0): wait for '/dev/qseecom' took 0ms
01-01 08:00:33.126 E/FAT-fs (sde51)( 0): bogus number of reserved sectors
01-01 08:00:33.132 I/FAT-fs (sde51)( 0): Can't find a valid FAT filesystem --------- beginning of system
01-01 08:00:33.156 I/QISL ( 549): QSEE Interrupt Service Listener Thread is started
01-01 08:00:33.158 I/QISL ( 549): QSEE Interrupt Service Listener was activated successfully
01-01 08:00:33.160 D/SPL ( 549): Call QSEECom_register_listener()
01-01 08:00:33.161 D/SPL ( 549): Registered listener sucessfully!
01-01 08:00:33.161 D/SPL ( 549): pipe read-fd [32] write-fd [33]
01-01 08:00:33.161 D/SPL ( 549): Create thread
01-01 08:00:33.161 D/SPL ( 549): Thread created sucessfully.
01-01 08:00:33.161 D/SPL ( 549): spl_dispatch() started
01-01 08:00:33.161 D/SPL ( 549): ==== Wait For Request ======
01-01 08:00:33.183 I/vold ( 551): Vold 3.0 (the awakening) firing up
01-01 08:00:33.183 D/vold ( 551): Detected support for: ext4 f2fs vfat
01-01 08:00:33.190 D/vold ( 551): Found unmanaged dm device named system_ext_b
01-01 08:00:33.190 D/vold ( 551): Found unmanaged dm device named odm_b-cow
01-01 08:00:33.190 D/vold ( 551): Found unmanaged dm device named system_ext_b-cow
01-01 08:00:33.190 D/vold ( 551): Found unmanaged dm device named vendor_b-cow
01-01 08:00:33.190 D/vold ( 551): Found unmanaged dm device named odm_b
01-01 08:00:33.190 D/vold ( 551): Found unmanaged dm device named system_b
01-01 08:00:33.190 D/vold ( 551): Found unmanaged dm device named vendor_b
01-01 08:00:33.190 D/vold ( 551): Found unmanaged dm device named product_b-cow
01-01 08:00:33.190 D/vold ( 551): Found unmanaged dm device named product_b
01-01 08:00:33.190 D/vold ( 551): Found unmanaged dm device named system_b-cow
01-01 08:00:33.180 I/fsck_msdos( 0): ** /dev/block/bootdevice/by-name/spunvm
01-01 08:00:33.193 I/vold ( 551): [libfs_mgr]dt_fstab: Skip disabled entry for partition vendor
01-01 08:00:33.193 I/vold ( 551): [libfs_mgr]GetFstabPath()fstab_path:/odm/etc/fstab.default
01-01 08:00:33.193 I/vold ( 551): [libfs_mgr]GetFstabPath()fstab_path:/vendor/etc/fstab.default
01-01 08:00:33.193 I/vold ( 551): [libfs_mgr]GetFstabPath()fstab_path:/system/etc/fstab.default
01-01 08:00:33.193 I/vold ( 551): [libfs_mgr]GetFstabPath()fstab_path:/first_stage_ramdisk/system/etc/fstab.default
01-01 08:00:33.193 I/vold ( 551): [libfs_mgr]GetFstabPath()fstab_path:/fstab.default
01-01 08:00:33.193 I/vold ( 551): [libfs_mgr]GetFstabPath()fstab_path:/first_stage_ramdisk/fstab.default
01-01 08:00:33.194 I/vold ( 551): [libfs_mgr]GetFstabPath()fstab_path:/odm/etc/fstab.qcom
01-01 08:00:33.194 I/vold ( 551): [libfs_mgr]GetFstabPath()fstab_path:/vendor/etc/fstab.qcom
01-01 08:00:33.194 I/vold ( 551): [libfs_mgr]GetFstabPath()fstab_path.c_str():/vendor/etc/fstab.qcom
01-01 08:00:33.193 I/fsck_msdos( 0): Can't open `/dev/block/bootdevice/by-name/spunvm'
01-01 08:00:33.201 I/binder ( 0): 551:551 ioctl 40046210 7fedd2c344 returned -22
01-01 08:00:33.201 I/binder ( 0): 551:551 ioctl 40046210 7fedd2c2e4 returned -22
01-01 08:00:33.203 D/vold ( 551): VoldNativeService::start() completed OK
01-01 08:00:33.218 I/fsck_msdos( 0): fsck_msdos terminated by exit(8)
01-01 08:00:33.260 E/FAT-fs (sde51)( 0): bogus number of reserved sectors
01-01 08:00:33.266 I/FAT-fs (sde51)( 0): Can't find a valid FAT filesystem
01-01 08:00:33.288 I/EXT4-fs (sde32)( 0): mounted filesystem with ordered data mode. Opts: barrier=1
01-01 08:00:33.340 I/e2fsck ( 0): e2fsck 1.45.4 (23-Sep-2019)
01-01 08:00:33.361 I/e2fsck ( 0): /system/bin/e2fsck: Permission denied while trying to open /dev/block/bootdevice/by-name/persist
01-01 08:00:33.389 I/e2fsck ( 0): You must have r/w access to the filesystem or be root
01-01 08:00:33.415 I/e2fsck ( 0): e2fsck terminated by exit(8)
01-01 08:00:33.509 I/binder ( 0): 572:572 ioctl 40046210 7fccf0e9b4 returned -22
01-01 08:00:33.516 D/ProcessState( 0): Binder ioctl to enable oneway spam detection failed: Invalid argument
01-01 08:00:33.517 D/vdc ( 0): Waited 0ms for vold
01-01 08:00:33.564 W/subsys-pil-tz soc( 0): qcom,ipa_fws: Falling back to syfs fallback for: ipa_fws.mdt
01-01 08:00:33.575 I/init ( 0): wait for '/mnt/vendor/spunvm' took 0ms
01-01 08:00:33.619 I/subsys-pil-tz soc( 0): qcom,ipa_fws: ipa_fws: loading from 0x0000000086810000 to 0x0000000086819000
01-01 08:00:33.636 W/subsys-pil-tz soc( 0): qcom,ipa_fws: Falling back to syfs fallback for: ipa_fws.b02
01-01 08:00:33.636 W/subsys-pil-tz soc( 0): qcom,ipa_fws: Falling back to syfs fallback for: ipa_fws.b03
01-01 08:00:33.639 I/binder ( 0): 575:575 ioctl 40046210 7ff78381b4 returned -22
01-01 08:00:33.640 I/binder ( 0): 575:575 ioctl 40046210 7ff78380f4 returned -22
01-01 08:00:33.641 D/spdaemon( 574): Firmware Name [spss2p].
01-01 08:00:33.642 D/spdaemon( 574): Prod FW.
01-01 08:00:33.642 D/spdaemon( 574): firmware_type [p].
01-01 08:00:33.642 D/spdaemon( 574): machine_name [SXR2130]
01-01 08:00:33.642 E/iardb ( 574): [iar_db_get_iar_state] failed to open file /mnt/vendor/spunvm/iar_db/iar_state.bin [13] [Permission denied]
01-01 08:00:33.642 D/iarlib ( 574): [iar_get_state] Can't get iar_state, return DISABLED
01-01 08:00:33.642 I/spdaemon( 574): IAR is not activated
01-01 08:00:33.642 D/spdaemon( 574): ------ going to start SP From kernel ------
01-01 08:00:33.642 I/spcomlib( 574): [spcom_restart_sp_subsystem] restart_sp starts
01-01 08:00:33.642 D/spcomlib( 574): [spcom_restart_sp_subsystem] restart_sp - Send PIL request [1]
01-01 08:00:33.643 I/ ( 0): SW_INIT_DONE - 2nd phase loading [spss] completed ok
01-01 08:00:33.644 I/ ( 0): PBL_DONE - 1st phase loading [spss] completed ok
01-01 08:00:33.657 W/subsys-pil-tz soc( 0): qcom,ipa_fws: Falling back to syfs fallback for: ipa_fws.b04
01-01 08:00:33.663 D/spcomlib( 574): [spcom_restart_sp_subsystem] restart_sp - Restart SP command ok.
01-01 08:00:33.663 D/spcomlib( 574): [spcom_signal_event] event [0] [pil_called] EVENT_STATUS_SIGNALED
01-01 08:00:33.663 I/spcomlib( 574): [spcom_reset_all_app_loaded_prop] start reset all spcomlib apploaded props.
01-01 08:00:33.660 E/register_client_adhoc( 0): find path.src 1 dest 589
01-01 08:00:33.660 E/register_client_adhoc( 0): Failed to find path.src 1 dest 589
01-01 08:00:33.680 I/ ( 0): ueventd (585) used greatest stack depth: 10336 bytes left
01-01 08:00:33.688 E/ ( 0): [drm:dp_display_init_aux_switch][msm-dp-err][81 ]failed to register notifier (-22)
01-01 08:00:33.690 I/subsys-pil-tz soc( 0): qcom,ipa_fws: ipa_fws: Brought out of reset
01-01 08:00:33.692 I/ ( 0): IPA FW loaded successfully
01-01 08:00:33.710 E/gsi soc ( 0): qcom,msm_gsi: gsi_register_device:1203 GSI irq is wake enabled 34
01-01 08:00:33.782 I/ ( 0): rmnet_ipa3 started initialization
01-01 08:00:33.782 I/ ( 0): IPA driver initialization was successful.
01-01 08:00:33.786 I/ ( 0): IPA SSR support = True
01-01 08:00:33.792 W/subsys-pil-tz soc( 0): qcom,ipa_uc: Falling back to syfs fallback for: ipa_uc.mdt
01-01 08:00:33.800 I/ ( 0): IPA SG support = True
01-01 08:00:33.801 I/binder ( 0): 577:577 ioctl 40046210 7ff74c0ba4 returned -22
01-01 08:00:33.812 I/binder ( 0): 577:577 ioctl 40046210 7ff74c0104 returned -22
01-01 08:00:33.813 I/ ( 0): IPA Napi Enable = True
01-01 08:00:33.813 I/ ( 0): using default for wan-rx-desc-size = 256
01-01 08:00:33.818 I/subsys-pil-tz soc( 0): qcom,ipa_uc: ipa_uc: loading from 0x0000000086800000 to 0x0000000086810000
01-01 08:00:33.821 E/ipa-wan ipa3_wwan_probe( 0): 2530 rmnet_ipa completed initialization
01-01 08:00:33.827 I/wait_for_keymaster( 0): Waiting for Keymaster device
01-01 08:00:33.836 W/subsys-pil-tz soc( 0): qcom,ipa_uc: Falling back to syfs fallback for: ipa_uc.b02
01-01 08:00:33.839 I/binder ( 0): 602:602 ioctl 40046210 7fd698e434 returned -22
01-01 08:00:33.856 I/subsys-pil-tz soc( 0): qcom,ipa_uc: ipa_uc: Brought out of reset
01-01 08:00:33.857 E/ipa3_uc_wdi_event_log_info_handler( 0): 351 WDI protocol missing 0x21
01-01 08:00:33.857 E/ipa3_uc_ntn_event_log_info_handler( 0): 34 NTN stats ofst=0x500e0
01-01 08:00:33.860 D/ProcessState( 0): Binder ioctl to enable oneway spam detection failed: Invalid argument
01-01 08:00:33.890 I/wait_for_keymaster( 0): Keymaster device ready
01-01 08:00:33.927 I/binder ( 0): 612:612 ioctl 40046210 7fd5646004 returned -22
01-01 08:00:33.933 D/ProcessState( 0): Binder ioctl to enable oneway spam detection failed: Invalid argument
01-01 08:00:33.934 D/vdc ( 0): Waited 0ms for vold
01-01 08:00:34.000 I/binder ( 0): 614:614 ioctl 40046210 7fc56dd244 returned -22
01-01 08:00:34.006 D/ProcessState( 0): Binder ioctl to enable oneway spam detection failed: Invalid argument
01-01 08:00:34.007 D/vdc ( 0): Waited 0ms for vold
01-01 08:00:34.007 D/vold ( 551): fscrypt_mount_metadata_encrypted: /data encrypt: 0 format: 0 with null
01-01 08:00:34.007 D/vold ( 551): metadata_key_dir/key: /metadata/vold/metadata_encryption/key
01-01 08:00:34.009 D/vold ( 551): Key exists, using: /metadata/vold/metadata_encryption/key
01-01 08:00:34.032 D/vold ( 551): Mounting metadata-encrypted filesystem:/data
01-01 08:00:34.036 I/vold ( 551): [libfs_mgr]Running /system/bin/fsck.f2fs -a -c 10000 --debug-cache /dev/block/dm-10
01-01 08:00:34.057 I/fsck.f2fs( 0): Info: Fix the reported corruption.
01-01 08:00:34.062 I/fsck.f2fs( 0): Info: No support kernel version!
01-01 08:00:34.068 I/fsck.f2fs( 0): Info: Segments per section = 1
01-01 08:00:34.073 I/fsck.f2fs( 0): Info: Sections per zone = 1
01-01 08:00:34.078 I/fsck.f2fs( 0): Info: sector size = 4096
01-01 08:00:34.083 I/fsck.f2fs( 0): Info: total sectors = 28958163 (113117 MB)
01-01 08:00:34.089 I/fsck.f2fs( 0): Info: MKFS version
01-01 08:00:34.093 I/fsck.f2fs( 0): "4.15.0-197-generic #208-Ubuntu SMP Tue Nov 1 17:23:37 UTC 2022"
01-01 08:00:34.102 I/fsck.f2fs( 0): Info: FSCK version
01-01 08:00:34.106 I/fsck.f2fs( 0): from "4.19.157+"
01-01 08:00:34.569 I/F2FS-fs (dm-10)( 0): recover_inode: ino = 8c80, name = , inline = 1
01-01 08:00:34.577 I/F2FS-fs (dm-10)( 0): recover_data: ino = 8c80 (i_size: recover) recovered = 0, err = 0
01-01 08:00:34.586 I/F2FS-fs (dm-10)( 0): recover_inode: ino = 8c80, name = , inline = 1
01-01 08:00:34.594 I/F2FS-fs (dm-10)( 0): recover_data: ino = 8c80 (i_size: recover) recovered = 0, err = 0
01-01 08:00:34.603 I/F2FS-fs (dm-10)( 0): recover_inode: ino = 8c80, name = , inline = 1
01-01 08:00:34.611 I/F2FS-fs (dm-10)( 0): recover_data: ino = 8c80 (i_size: recover) recovered = 0, err = 0
01-01 08:00:34.620 I/F2FS-fs (dm-10)( 0): recover_inode: ino = 8c80, name = , inline = 1
01-01 08:00:34.628 I/F2FS-fs (dm-10)( 0): recover_data: ino = 8c80 (i_size: recover) recovered = 0, err = 0
01-01 08:00:34.637 I/F2FS-fs (dm-10)( 0): recover_inode: ino = 8c80, name = , inline = 1
01-01 08:00:34.645 I/F2FS-fs (dm-10)( 0): recover_data: ino = 8c80 (i_size: recover) recovered = 0, err = 0
01-01 08:00:34.654 I/F2FS-fs (dm-10)( 0): recover_inode: ino = 8c80, name = , inline = 1
01-01 08:00:34.662 I/F2FS-fs (dm-10)( 0): recover_data: ino = 8c80 (i_size: recover) recovered = 0, err = 0
01-01 08:00:34.671 I/F2FS-fs (dm-10)( 0): recover_inode: ino = 8c80, name = , inline = 1
01-01 08:00:34.679 I/F2FS-fs (dm-10)( 0): recover_data: ino = 8c80 (i_size: recover) recovered = 0, err = 0
01-01 08:00:34.688 I/F2FS-fs (dm-10)( 0): recover_inode: ino = 8c80, name = , inline = 1
01-01 08:00:34.696 I/F2FS-fs (dm-10)( 0): recover_data: ino = 8c80 (i_size: recover) recovered = 0, err = 0
01-01 08:00:34.705 I/F2FS-fs (dm-10)( 0): recover_inode: ino = 8c80, name = , inline = 1
01-01 08:00:34.714 I/F2FS-fs (dm-10)( 0): recover_data: ino = 8c80 (i_size: recover) recovered = 0, err = 0
01-01 08:00:34.722 I/F2FS-fs (dm-10)( 0): recover_inode: ino = 8c80, name = , inline = 1
01-01 08:00:34.731 I/F2FS-fs (dm-10)( 0): recover_data: ino = 8c80 (i_size: recover) recovered = 0, err = 0
01-01 08:00:34.740 I/F2FS-fs (dm-10)( 0): recover_inode: ino = 8c80, name = , inline = 1
01-01 08:00:34.748 I/F2FS-fs (dm-10)( 0): recover_data: ino = 8c80 (i_size: recover) recovered = 0, err = 0
01-01 08:00:34.757 I/F2FS-fs (dm-10)( 0): recover_inode: ino = 8c80, name = , inline = 1
01-01 08:00:34.765 I/F2FS-fs (dm-10)( 0): recover_data: ino = 8c80 (i_size: recover) recovered = 0, err = 0
01-01 08:00:34.774 I/F2FS-fs (dm-10)( 0): recover_inode: ino = 8c80, name = , inline = 1
01-01 08:00:34.782 I/F2FS-fs (dm-10)( 0): recover_data: ino = 8c80 (i_size: recover) recovered = 0, err = 0
01-01 08:00:34.791 I/F2FS-fs (dm-10)( 0): recover_inode: ino = 8c80, name = , inline = 1
01-01 08:00:34.799 I/F2FS-fs (dm-10)( 0): recover_data: ino = 8c80 (i_size: recover) recovered = 0, err = 0
01-01 08:00:34.808 I/F2FS-fs (dm-10)( 0): recover_inode: ino = 8c80, name = , inline = 1
01-01 08:00:34.816 I/F2FS-fs (dm-10)( 0): recover_data: ino = 8c80 (i_size: recover) recovered = 0, err = 0
01-01 08:00:34.825 I/F2FS-fs (dm-10)( 0): recover_inode: ino = 8c80, name = , inline = 1
01-01 08:00:34.833 I/F2FS-fs (dm-10)( 0): recover_data: ino = 8c80 (i_size: recover) recovered = 0, err = 0
01-01 08:00:34.842 I/F2FS-fs (dm-10)( 0): recover_inode: ino = 8c80, name = , inline = 1
01-01 08:00:34.851 I/F2FS-fs (dm-10)( 0): recover_data: ino = 8c80 (i_size: recover) recovered = 0, err = 0
01-01 08:00:34.860 I/F2FS-fs (dm-10)( 0): recover_inode: ino = 8c80, name = , inline = 1
01-01 08:00:34.868 I/F2FS-fs (dm-10)( 0): recover_data: ino = 8c80 (i_size: recover) recovered = 0, err = 0
01-01 08:00:34.877 I/F2FS-fs (dm-10)( 0): recover_inode: ino = 8c80, name = , inline = 1
01-01 08:00:34.885 I/F2FS-fs (dm-10)( 0): recover_data: ino = 8c80 (i_size: recover) recovered = 0, err = 0
01-01 08:00:34.894 I/F2FS-fs (dm-10)( 0): recover_inode: ino = 8c80, name = , inline = 1
01-01 08:00:34.902 I/F2FS-fs (dm-10)( 0): recover_data: ino = 8c80 (i_size: recover) recovered = 0, err = 0
01-01 08:00:34.911 I/F2FS-fs (dm-10)( 0): recover_inode: ino = 8c80, name = , inline = 1
01-01 08:00:34.919 I/F2FS-fs (dm-10)( 0): recover_data: ino = 8c80 (i_size: recover) recovered = 0, err = 0
01-01 08:00:34.928 I/F2FS-fs (dm-10)( 0): recover_inode: ino = 8c80, name = , inline = 1
01-01 08:00:34.936 I/F2FS-fs (dm-10)( 0): recover_data: ino = 8c80 (i_size: recover) recovered = 0, err = 0
01-01 08:00:34.945 I/F2FS-fs (dm-10)( 0): recover_inode: ino = 8c80, name = , inline = 1
01-01 08:00:34.953 I/F2FS-fs (dm-10)( 0): recover_data: ino = 8c80 (i_size: recover) recovered = 0, err = 0
01-01 08:00:34.962 I/F2FS-fs (dm-10)( 0): recover_inode: ino = 8c80, name = , inline = 1
01-01 08:00:34.971 I/F2FS-fs (dm-10)( 0): recover_data: ino = 8c80 (i_size: recover) recovered = 0, err = 0
01-01 08:00:34.980 I/F2FS-fs (dm-10)( 0): recover_inode: ino = 8c80, name = , inline = 1
01-01 08:00:34.988 I/F2FS-fs (dm-10)( 0): recover_data: ino = 8c80 (i_size: recover) recovered = 0, err = 0
01-01 08:00:34.997 I/F2FS-fs (dm-10)( 0): recover_inode: ino = 8c80, name = , inline = 1
01-01 08:00:35.005 I/F2FS-fs (dm-10)( 0): recover_data: ino = 8c80 (i_size: recover) recovered = 0, err = 0
01-01 08:00:35.014 I/F2FS-fs (dm-10)( 0): recover_inode: ino = 8c80, name = , inline = 1
01-01 08:00:35.022 I/F2FS-fs (dm-10)( 0): recover_data: ino = 8c80 (i_size: recover) recovered = 0, err = 0
01-01 08:00:35.031 I/F2FS-fs (dm-10)( 0): recover_inode: ino = 8c80, name = , inline = 1
01-01 08:00:35.039 I/F2FS-fs (dm-10)( 0): recover_data: ino = 8c80 (i_size: recover) recovered = 0, err = 0
01-01 08:00:35.048 I/F2FS-fs (dm-10)( 0): recover_inode: ino = 8c80, name = , inline = 1
01-01 08:00:35.056 I/F2FS-fs (dm-10)( 0): recover_data: ino = 8c80 (i_size: recover) recovered = 0, err = 0
01-01 08:00:35.065 I/F2FS-fs (dm-10)( 0): recover_inode: ino = 8c80, name = , inline = 1
01-01 08:00:35.073 I/F2FS-fs (dm-10)( 0): recover_data: ino = 8c80 (i_size: recover) recovered = 0, err = 0
01-01 08:00:35.082 I/F2FS-fs (dm-10)( 0): recover_inode: ino = 8c80, name = , inline = 1
01-01 08:00:35.090 I/F2FS-fs (dm-10)( 0): recover_data: ino = 8c80 (i_size: recover) recovered = 0, err = 0
01-01 08:00:35.099 I/F2FS-fs (dm-10)( 0): recover_inode: ino = 8c80, name = , inline = 1
01-01 08:00:35.107 I/F2FS-fs (dm-10)( 0): recover_data: ino = 8c80 (i_size: recover) recovered = 0, err = 0
01-01 08:00:35.116 I/F2FS-fs (dm-10)( 0): recover_inode: ino = 8c80, name = , inline = 1
01-01 08:00:35.124 I/F2FS-fs (dm-10)( 0): recover_data: ino = 8c80 (i_size: recover) recovered = 0, err = 0
01-01 08:00:35.133 I/F2FS-fs (dm-10)( 0): recover_inode: ino = 8c80, name = , inline = 1
01-01 08:00:35.142 I/F2FS-fs (dm-10)( 0): recover_data: ino = 8c80 (i_size: recover) recovered = 0, err = 0
01-01 08:00:35.150 I/F2FS-fs (dm-10)( 0): recover_inode: ino = 8c80, name = , inline = 1
01-01 08:00:35.159 I/F2FS-fs (dm-10)( 0): recover_data: ino = 8c80 (i_size: recover) recovered = 0, err = 0
01-01 08:00:35.168 I/F2FS-fs (dm-10)( 0): recover_inode: ino = 8c80, name = , inline = 1
01-01 08:00:35.176 I/F2FS-fs (dm-10)( 0): recover_data: ino = 8c80 (i_size: recover) recovered = 0, err = 0
01-01 08:00:35.185 I/F2FS-fs (dm-10)( 0): recover_inode: ino = 8c80, name = , inline = 1
01-01 08:00:35.193 I/F2FS-fs (dm-10)( 0): recover_data: ino = 8c80 (i_size: recover) recovered = 0, err = 0
01-01 08:00:35.202 I/F2FS-fs (dm-10)( 0): recover_inode: ino = 8c80, name = , inline = 1
01-01 08:00:35.210 I/F2FS-fs (dm-10)( 0): recover_data: ino = 8c80 (i_size: recover) recovered = 0, err = 0
01-01 08:00:35.219 I/F2FS-fs (dm-10)( 0): recover_inode: ino = 8c80, name = , inline = 1
01-01 08:00:35.227 I/F2FS-fs (dm-10)( 0): recover_data: ino = 8c80 (i_size: recover) recovered = 0, err = 0
01-01 08:00:35.236 I/F2FS-fs (dm-10)( 0): recover_inode: ino = 8c80, name = , inline = 1
01-01 08:00:35.244 I/F2FS-fs (dm-10)( 0): recover_data: ino = 8c80 (i_size: recover) recovered = 0, err = 0
01-01 08:00:35.253 I/F2FS-fs (dm-10)( 0): recover_inode: ino = 8c80, name = , inline = 1
01-01 08:00:35.261 I/F2FS-fs (dm-10)( 0): recover_data: ino = 8c80 (i_size: recover) recovered = 0, err = 0
01-01 08:00:35.270 I/F2FS-fs (dm-10)( 0): recover_inode: ino = 8c80, name = , inline = 1
01-01 08:00:35.278 I/F2FS-fs (dm-10)( 0): recover_data: ino = 8c80 (i_size: recover) recovered = 0, err = 0
01-01 08:00:35.287 I/F2FS-fs (dm-10)( 0): recover_inode: ino = 8d32, name = , inline = 1
01-01 08:00:35.298 I/F2FS-fs (dm-10)( 0): recover_dentry: ino = 8d32, name = , dir = 92d, err = 0
01-01 08:00:35.307 I/F2FS-fs (dm-10)( 0): recover_data: ino = 8d32 (i_size: recover) recovered = 0, err = 0
01-01 08:00:35.316 I/F2FS-fs (dm-10)( 0): recover_inode: ino = 8d32, name = , inline = 1
01-01 08:00:35.324 I/F2FS-fs (dm-10)( 0): recover_data: ino = 8d32 (i_size: recover) recovered = 1, err = 0
01-01 08:00:35.333 I/F2FS-fs (dm-10)( 0): recover_inode: ino = 8d32, name = , inline = 1
01-01 08:00:35.341 I/F2FS-fs (dm-10)( 0): recover_data: ino = 8d32 (i_size: recover) recovered = 0, err = 0
01-01 08:00:35.350 I/F2FS-fs (dm-10)( 0): recover_inode: ino = 8d32, name = , inline = 1
01-01 08:00:35.358 I/F2FS-fs (dm-10)( 0): recover_data: ino = 8d32 (i_size: recover) recovered = 0, err = 0
01-01 08:00:35.367 I/F2FS-fs (dm-10)( 0): recover_inode: ino = 8d32, name = , inline = 1
01-01 08:00:35.375 I/F2FS-fs (dm-10)( 0): recover_data: ino = 8d32 (i_size: recover) recovered = 0, err = 0
01-01 08:00:35.384 I/F2FS-fs (dm-10)( 0): recover_inode: ino = 8d32, name = , inline = 1
01-01 08:00:35.392 I/F2FS-fs (dm-10)( 0): recover_data: ino = 8d32 (i_size: recover) recovered = 0, err = 0
01-01 08:00:35.401 I/F2FS-fs (dm-10)( 0): recover_inode: ino = 8d32, name = , inline = 1
01-01 08:00:35.409 I/F2FS-fs (dm-10)( 0): recover_data: ino = 8d32 (i_size: recover) recovered = 0, err = 0
01-01 08:00:35.418 I/F2FS-fs (dm-10)( 0): recover_inode: ino = 8d32, name = , inline = 1
01-01 08:00:35.426 I/F2FS-fs (dm-10)( 0): recover_data: ino = 8d32 (i_size: recover) recovered = 0, err = 0
01-01 08:00:35.435 I/F2FS-fs (dm-10)( 0): recover_inode: ino = 8d36, name = , inline = 1
01-01 08:00:35.445 I/F2FS-fs (dm-10)( 0): recover_dentry: ino = 8d36, name = , dir = 947, err = 0
01-01 08:00:35.454 I/F2FS-fs (dm-10)( 0): recover_data: ino = 8d36 (i_size: recover) recovered = 2, err = 0
01-01 08:00:35.463 I/F2FS-fs (dm-10)( 0): recover_inode: ino = 8d37, name = , inline = 1
01-01 08:00:35.472 I/F2FS-fs (dm-10)( 0): recover_dentry: ino = 8d37, name = , dir = 94a, err = 0
01-01 08:00:35.481 I/F2FS-fs (dm-10)( 0): recover_data: ino = 8d37 (i_size: recover) recovered = 1, err = 0
01-01 08:00:35.490 I/F2FS-fs (dm-10)( 0): recover_inode: ino = 8d38, name = , inline = 1
01-01 08:00:35.499 I/F2FS-fs (dm-10)( 0): recover_dentry: ino = 8d38, name = , dir = 94b, err = 0
01-01 08:00:35.508 I/F2FS-fs (dm-10)( 0): recover_data: ino = 8d38 (i_size: recover) recovered = 1, err = 0
01-01 08:00:35.517 I/F2FS-fs (dm-10)( 0): recover_inode: ino = 8d39, name = , inline = 1
01-01 08:00:35.526 I/F2FS-fs (dm-10)( 0): recover_dentry: ino = 8d39, name = , dir = 94c, err = 0
01-01 08:00:35.535 I/F2FS-fs (dm-10)( 0): recover_data: ino = 8d39 (i_size: recover) recovered = 1, err = 0
01-01 08:00:35.544 I/F2FS-fs (dm-10)( 0): recover_inode: ino = 8d3a, name = , inline = 1
01-01 08:00:35.553 I/F2FS-fs (dm-10)( 0): recover_dentry: ino = 8d3a, name = , dir = 94d, err = 0
01-01 08:00:35.562 I/F2FS-fs (dm-10)( 0): recover_data: ino = 8d3a (i_size: recover) recovered = 1, err = 0
01-01 08:00:35.571 I/F2FS-fs (dm-10)( 0): recover_inode: ino = 8d3c, name = , inline = 1
01-01 08:00:35.581 I/F2FS-fs (dm-10)( 0): recover_dentry: ino = 8d3c, name = , dir = 9f, err = 0
01-01 08:00:35.590 I/F2FS-fs (dm-10)( 0): recover_data: ino = 8d3c (i_size: recover) recovered = 3, err = 0
01-01 08:00:35.598 I/F2FS-fs (dm-10)( 0): recover_inode: ino = 8d3d, name = , inline = 1
01-01 08:00:35.608 I/F2FS-fs (dm-10)( 0): recover_dentry: ino = 8d3d, name = , dir = 714, err = 0
01-01 08:00:35.617 I/F2FS-fs (dm-10)( 0): recover_data: ino = 8d3d (i_size: recover) recovered = 1, err = 0
01-01 08:00:35.626 I/F2FS-fs (dm-10)( 0): recover_inode: ino = 8d3e, name = , inline = 1
01-01 08:00:35.634 I/F2FS-fs (dm-10)( 0): recover_dentry: ino = 8d3e, name = , dir = 9f, err = 0
01-01 08:00:35.643 I/F2FS-fs (dm-10)( 0): recover_data: ino = 8d3e (i_size: recover) recovered = 3, err = 0
01-01 08:00:35.652 I/F2FS-fs (dm-10)( 0): recover_inode: ino = 8d3f, name = , inline = 1
01-01 08:00:35.660 I/F2FS-fs (dm-10)( 0): recover_dentry: ino = 8d3f, name = , dir = 714, err = 0
01-01 08:00:35.669 I/F2FS-fs (dm-10)( 0): recover_data: ino = 8d3f (i_size: recover) recovered = 1, err = 0
01-01 08:00:35.678 I/F2FS-fs (dm-10)( 0): recover_inode: ino = 17d, name = , inline = 1
01-01 08:00:35.686 I/F2FS-fs (dm-10)( 0): recover_data: ino = 17d (i_size: recover) recovered = 2, err = 0
01-01 08:00:35.709 I/F2FS-fs (dm-10)( 0): checkpoint: version = 78613ddc
01-01 08:00:35.718 I/F2FS-fs (dm-10)( 0): Mounted with checkpoint version = 78613ddc
01-01 08:00:35.726 I/vold ( 551): [libfs_mgr]__mount(source=/dev/block/dm-10,target=/data,type=f2fs)=0: Success
01-01 08:00:35.727 D/vold ( 551): Mounted /data
01-01 08:00:35.728 D/vold ( 551): Disk at 252:10 changed
01-01 08:00:35.759 I/init ( 0): Userdata mounted using /vendor/etc/fstab.qcom result : 7
01-01 08:00:35.766 I/init ( 0): Keyring created with id 184691967 in process 1
01-01 08:00:35.773 I/init ( 0): Command 'mount_all /vendor/etc/fstab.qcom --late' action=late-fs (/vendor/etc/init/hw/init.target.rc:69) took 1871ms and succeeded
01-01 08:00:35.788 I/init ( 0): processing action (late-fs) from (/vendor/etc/init/keymasterd.rc:5)
01-01 08:00:35.797 I/init ( 0): starting service 'vendor.keymasterd'...
01-01 08:00:35.813 I/init ( 0): processing action (post-fs-data) from (/system/etc/init/hw/init.rc:633)
01-01 08:00:35.822 I/init ( 0): starting service 'exec 10 (/system/bin/vdc checkpoint prepareCheckpoint)'...
01-01 08:00:35.839 I/init ( 0): SVC_EXEC service 'exec 10 (/system/bin/vdc checkpoint prepareCheckpoint)' pid 622 (uid 1000 gid 1000+0 context default) started; waiting...
01-01 08:00:35.860 D/spcomlib( 620): [spcom_register_service] spcom_register_service() name [sp_keymaster_ssr] pid [469315452080]
01-01 08:00:35.860 D/spcomlib( 620): [spcom_open] ch [sp_keymaster_ssr] doesn't exist, create it.
01-01 08:00:35.861 D/spcomlib( 620): [spcom_create_channel] Create Channel [sp_keymaster_ssr].
01-01 08:00:35.857 I/binder ( 0): 622:622 ioctl 40046210 7fe4559c34 returned -22
01-01 08:00:35.864 D/ProcessState( 0): Binder ioctl to enable oneway spam detection failed: Invalid argument
01-01 08:00:35.865 D/vdc ( 0): Waited 0ms for vold
01-01 08:00:35.865 I/Checkpoint( 551): cp_prepareCheckpoint called
01-01 08:00:35.885 D/spcomlib( 620): [add_ssr_cb] ssr cb added!
01-01 08:00:35.885 D/spcomlib( 620): [start_ssr_thread] ch [spcom] ready!
01-01 08:00:35.885 D/spcomlib( 620): [start_ssr_thread] main pthread self_id [0x45617cb0].
01-01 08:00:35.885 D/spcomlib( 620): [start_ssr_thread] pthread_create() ret [0] thread-id [0x44519cb0].
01-01 08:00:35.885 D/spcomlib( 620): [start_ssr_thread] Wait for SSR thread to run.
01-01 08:00:35.885 D/spcomlib( 620): [notify_ssr_thread] SSR pthread self_id [0x44519cb0].
01-01 08:00:35.885 D/spcomlib( 620): [start_ssr_thread] pthread_cond_wait() ret [0].
01-01 08:00:35.886 D/spcomlib( 620): [start_ssr_thread] done.
01-01 08:00:35.886 D/spcomlib( 620): [add_ch] add ch [sp_keymaster_ssr].
01-01 08:00:35.886 D/spcomlib( 620): [spcom_register_service] spcom_register_service() name [sp_keymaster_ssr] pid [469315452080] done
01-01 08:00:35.867 I/init ( 0): Service 'exec 10 (/system/bin/vdc checkpoint prepareCheckpoint)' (pid 622) exited with status 0 waiting took 0.030000 seconds
01-01 08:00:35.880 I/init ( 0): Sending signal 9 to service 'exec 10 (/system/bin/vdc checkpoint prepareCheckpoint)' (pid 622) process group...
01-01 08:00:35.922 I/binder ( 0): 624:624 ioctl 40046210 7fedb2e034 returned -22
01-01 08:00:35.929 D/ProcessState( 0): Binder ioctl to enable oneway spam detection failed: Invalid argument
01-01 08:00:35.930 D/vdc ( 0): Waited 0ms for vold
01-01 08:00:35.930 I/vold ( 551): fscrypt_initialize_systemwide_keys
01-01 08:00:35.931 D/vold ( 551): Key exists, using: /data/unencrypted/key
01-01 08:00:35.949 D/vold ( 551): Installed fscrypt key with ref e2797b7b2bda1acf885bcc2fcbfcb3ad to /data
01-01 08:00:35.949 D/vold ( 551): Added fscrypt-provisioning key for e2797b7b2bda1acf885bcc2fcbfcb3ad to session keyring
01-01 08:00:35.955 I/vold ( 551): Wrote system DE key reference to:/data/unencrypted/ref
01-01 08:00:35.955 D/vold ( 551): Generating wrapped storage key
01-01 08:00:35.957 E/vold ( 551): keystore2 Keystore generateKey returned service specific error: -67
01-01 08:00:35.957 W/vold ( 551): Failed to generate rollback-resistant key. This is expected if keymaster doesn't support rollback resistance. Falling back to non-rollback-resistant key.
01-01 08:00:35.968 D/vold ( 551): Installed fscrypt key with ref 727484afc6f407c3c1ba1bb60f918c4a to /data
01-01 08:00:35.969 D/vold ( 551): Added fscrypt-provisioning key for 727484afc6f407c3c1ba1bb60f918c4a to session keyring
01-01 08:00:35.970 I/vold ( 551): Wrote per boot key reference to:/data/unencrypted/per_boot_ref
01-01 08:00:35.977 I/fscrypt ( 0): AES-256-CTS-CBC using implementation "cts(cbc-aes-ce)"
01-01 08:00:36.038 I/binder ( 0): 633:633 ioctl 40046210 7fee521304 returned -22
01-01 08:00:36.045 D/ProcessState( 0): Binder ioctl to enable oneway spam detection failed: Invalid argument
01-01 08:00:36.045 D/vdc ( 0): Waited 0ms for vold
01-01 08:00:36.046 I/incfs ( 551): Initial API level of the device: 30
01-01 08:00:36.046 I/incfs ( 551): ro.incremental.enable: 1
01-01 08:00:36.046 I/incfs ( 551): isFsAvailable: true
01-01 08:00:36.046 I/incfs ( 551): isFsAvailable: true
01-01 08:00:36.046 I/incfs ( 551): IncFs_Features: v1
01-01 08:00:36.066 E/vold ( 551): keystore2 Keystore earlyBootEnded returned service specific error: -68
01-01 08:00:36.110 I/apexd ( 0): This device does not support updatable APEX. Exiting
01-01 08:00:36.117 I/apexd ( 0): Marking APEXd as activated
01-01 08:00:36.275 I/binder ( 0): 639:639 ioctl 40046210 7fe73b3ba4 returned -22
01-01 08:00:36.281 D/ProcessState( 0): Binder ioctl to enable oneway spam detection failed: Invalid argument
01-01 08:00:36.282 D/vold ( 551): fscrypt_init_user0
01-01 08:00:36.282 D/vold ( 551): Preparing: /data/misc/vold/user_keys
01-01 08:00:36.282 D/vdc ( 0): Waited 0ms for vold
01-01 08:00:36.283 D/vold ( 551): Preparing: /data/misc/vold/user_keys/ce
01-01 08:00:36.284 D/vold ( 551): Preparing: /data/misc/vold/user_keys/de
01-01 08:00:36.303 D/vold ( 551): Installed fscrypt key with ref 040962ea09117eb25255ad74e0cb3ca2 to /data
01-01 08:00:36.303 D/vold ( 551): Added fscrypt-provisioning key for 040962ea09117eb25255ad74e0cb3ca2 to session keyring
01-01 08:00:36.303 D/vold ( 551): Installed de key for user 0
01-01 08:00:36.303 D/vold ( 551): fscrypt_prepare_user_storage for volume null, user 0, serial 0, flags 1
01-01 08:00:36.303 D/vold ( 551): Preparing: /data/system/users/0
01-01 08:00:36.304 D/vold ( 551): Preparing: /data/misc/profiles/cur/0
01-01 08:00:36.305 D/vold ( 551): Preparing: /data/system_de/0
01-01 08:00:36.305 D/vold ( 551): Preparing: /data/misc_de/0
01-01 08:00:36.306 D/vold ( 551): Preparing: /data/vendor_de/0
01-01 08:00:36.306 D/vold ( 551): Preparing: /data/user_de/0
01-01 08:00:36.307 I/vold ( 551): Verified that /data/system_de/0 has the encryption policy 040962ea09117eb25255ad74e0cb3ca2 v2 modes 1/4 flags 0xa
01-01 08:00:36.307 I/vold ( 551): Verified that /data/misc_de/0 has the encryption policy 040962ea09117eb25255ad74e0cb3ca2 v2 modes 1/4 flags 0xa
01-01 08:00:36.307 I/vold ( 551): Verified that /data/vendor_de/0 has the encryption policy 040962ea09117eb25255ad74e0cb3ca2 v2 modes 1/4 flags 0xa
01-01 08:00:36.307 I/vold ( 551): Verified that /data/user_de/0 has the encryption policy 040962ea09117eb25255ad74e0cb3ca2 v2 modes 1/4 flags 0xa
01-01 08:00:36.307 D/vold ( 551): /system/bin/vold_prepare_subdirs
01-01 08:00:36.307 D/vold ( 551): prepare
01-01 08:00:36.308 D/vold ( 551):
01-01 08:00:36.308 D/vold ( 551): 0
01-01 08:00:36.308 D/vold ( 551): 1
01-01 08:00:36.369 D/vold ( 551): Detected support for FS_IOC_ADD_ENCRYPTION_KEY
01-01 08:00:36.532 I/apexd ( 0): This device does not support updatable APEX. Exiting
01-01 08:00:36.539 I/apexd ( 0): Marking APEXd as ready
01-01 08:00:36.633 D/cnss ( 0): File system is ready, fs_ready is 1, count is 1
01-01 08:00:36.633 D/cnss ( 0): Posting event: COLD_BOOT_CAL_START(5), state: 0x0 flags: 0x0
01-01 08:00:36.633 D/cnss ( 0): PM stay awake, state: 0x0, count: 1
01-01 08:00:36.634 D/cnss ( 0): PM relax, state: 0x0, count: 0
01-01 08:00:36.634 D/cnss ( 0): PM stay awake, state: 0x0, count: 1
01-01 08:00:36.634 D/cnss ( 0): Processing driver event: COLD_BOOT_CAL_START(5), state: 0x0
01-01 08:00:36.634 D/cnss ( 0): Regulator vdd-wlan-io is being enabled
01-01 08:00:36.634 D/cnss ( 0): Regulator wlan-ant-switch is being enabled
01-01 08:00:36.635 D/cnss ( 0): Regulator vdd-wlan-aon is being enabled
01-01 08:00:36.635 D/cnss ( 0): Regulator vdd-wlan-dig is being enabled
01-01 08:00:36.636 D/cnss ( 0): Regulator vdd-wlan-rfa1 is being enabled
01-01 08:00:36.636 D/cnss ( 0): Regulator vdd-wlan-rfa2 is being enabled
01-01 08:00:36.636 D/cnss ( 0): BT_EN_GPIO State: Off. Delay WLAN_GPIO enable
01-01 08:00:36.741 D/cnss ( 0): Assert WLAN_EN GPIO successfully
01-01 08:00:36.741 D/cnss ( 0): Resuming PCI link
01-01 08:00:36.742 I/msm_pcie_enable( 0): PCIe: Assert the reset of endpoint of RC0.
01-01 08:00:36.754 I/msm_pcie_enable( 0): PCIe: RC0: PCIE20_PARF_INT_ALL_MASK: 0x7f80d202
01-01 08:00:36.763 I/pcie_phy_init( 0): PCIe RC0 PHY is ready!
01-01 08:00:36.778 I/msm_pcie_enable( 0): PCIe: Release the reset of endpoint of RC0.
01-01 08:00:36.803 I/msm_pcie_link_train( 0): PCIe RC0 link initialized
01-01 08:00:36.832 I/cnss_pci 0000( 0): 01:00.0: enabling device (0000 -> 0002)
01-01 08:00:36.839 D/cnss ( 0): Read register offset 0x1f8031c, val = 0x6
01-01 08:00:36.839 D/cnss ( 0): Write val 0x2 to register offset 0x1f8031c
01-01 08:00:36.839 D/cnss ( 0): Setting MHI state: INIT(0)
01-01 08:00:36.851 D/cnss ( 0): Setting MHI state: POWER_ON(2)
01-01 08:00:36.855 W/cnss_pci 0000( 0): 01:00.0: Falling back to syfs fallback for: qca6390/amss20.bin
01-01 08:00:36.872 I/ueventd ( 0): firmware: loading 'qca6390/amss20.bin' for '/devices/platform/soc/1c00000.qcom,pcie/pci0000:00/0000:00:00.0/0000:01:00.0/firmware/qca6390!amss20.bin'
01-01 08:00:36.896 E/DTC_ETH,link_delay_work_func( 0): 3003, SQI=0, link=0
01-01 08:00:36.916 I/ueventd ( 0): loading /devices/platform/soc/1c00000.qcom,pcie/pci0000:00/0000:00:00.0/0000:01:00.0/firmware/qca6390!amss20.bin took 43ms
01-01 08:00:37.189 I/update_verifier( 0): Started with arg 1: nonencrypted
01-01 08:00:37.195 I/binder ( 0): 673:673 ioctl 40046210 7fd835f134 returned -22
01-01 08:00:37.202 D/hw-ProcessState( 0): Binder ioctl to enable oneway spam detection failed: Invalid argument
01-01 08:00:37.205 I/update_verifier( 0): Booting slot 1: isSlotMarkedSuccessful=1
01-01 08:00:37.212 I/update_verifier( 0): Leaving update_verifier.
01-01 08:00:37.263 I/binder ( 0): 674:674 ioctl 40046210 7fdeee4884 returned -22
01-01 08:00:37.274 W/subsys-pil-tz 17300000.qcom,lpass( 0): Falling back to syfs fallback for: adsp.mdt
01-01 08:00:37.286 W/subsys-pil-tz 8300000.qcom,turing( 0): Falling back to syfs fallback for: cdsp.mdt
01-01 08:00:37.293 I/ueventd ( 0): firmware: loading 'adsp.mdt' for '/devices/platform/soc/17300000.qcom,lpass/firmware/adsp.mdt'
01-01 08:00:37.304 I/ueventd ( 0): firmware: loading 'cdsp.mdt' for '/devices/platform/soc/8300000.qcom,turing/firmware/cdsp.mdt'
01-01 08:00:37.308 I/subsys-pil-tz 17300000.qcom,lpass( 0): adsp: loading from 0x000000008a100000 to 0x000000008be00000
01-01 08:00:37.309 I/ueventd ( 0): loading /devices/platform/soc/17300000.qcom,lpass/firmware/adsp.mdt took 15ms
01-01 08:00:37.318 I/ueventd ( 0): loading /devices/platform/soc/8300000.qcom,turing/firmware/cdsp.mdt took 14ms
01-01 08:00:37.319 I/subsys-pil-tz 8300000.qcom,turing( 0): cdsp: loading from 0x0000000087800000 to 0x0000000088c00000
01-01 08:00:37.323 D/cnss ( 0): MHI status cb is called with reason MISSION_MODE(6)
01-01 08:00:37.323 D/cnss ( 0): Notify MHI to use already allocated images
01-01 08:00:37.323 D/cnss ( 0): PM relax, state: 0x8, count: 0
01-01 08:00:37.323 E/ueventd ( 0): firmware: could not find firmware for dsi_prop
01-01 08:00:37.323 E/ueventd ( 0): firmware: attempted /etc/firmware/dsi_prop, open failed: No such file or directory
01-01 08:00:37.323 E/ueventd ( 0): firmware: attempted /odm/firmware/dsi_prop, open failed: No such file or directory
01-01 08:00:37.323 E/ueventd ( 0): firmware: attempted /vendor/firmware/dsi_prop, open failed: No such file or directory
01-01 08:00:37.333 E/OF ( 0): graph: no port node found in /soc/qcom,dsi-display-primary
01-01 08:00:37.339 W/subsys-pil-tz 8300000.qcom,turing( 0): Falling back to syfs fallback for: cdsp.b02
01-01 08:00:37.341 W/subsys-pil-tz 8300000.qcom,turing( 0): Falling back to syfs fallback for: cdsp.b03
01-01 08:00:37.347 W/[drm] [msm-dsi-warn]( 0): [hx82101+hx8692 video mode dsi truly panel] fallback to default te-pin-select
01-01 08:00:37.366 E/register_client_adhoc( 0): find path.src 1 dest 589
01-01 08:00:37.366 E/register_client_adhoc( 0): Failed to find path.src 1 dest 589
01-01 08:00:37.378 I/msm_drm ae00000.qcom,mdss_mdp( 0): Linked as a consumer to regulator.31
01-01 08:00:37.380 W/subsys-pil-tz 8300000.qcom,turing( 0): Falling back to syfs fallback for: cdsp.b04
01-01 08:00:37.382 W/subsys-pil-tz 8300000.qcom,turing( 0): Falling back to syfs fallback for: cdsp.b05
01-01 08:00:37.382 W/subsys-pil-tz 8300000.qcom,turing( 0): Falling back to syfs fallback for: cdsp.b06
01-01 08:00:37.384 W/subsys-pil-tz 8300000.qcom,turing( 0): Falling back to syfs fallback for: cdsp.b08
01-01 08:00:37.396 W/subsys-pil-tz 8300000.qcom,turing( 0): Falling back to syfs fallback for: cdsp.b09
01-01 08:00:37.399 E/register_client_adhoc( 0): find path.src 1 dest 590
01-01 08:00:37.400 W/subsys-pil-tz 8300000.qcom,turing( 0): Falling back to syfs fallback for: cdsp.b11
01-01 08:00:37.401 E/register_client_adhoc( 0): Client handle 15 mdss_reg
01-01 08:00:37.401 E/register_client_adhoc( 0): find path.src 22 dest 512
01-01 08:00:37.402 E/register_client_adhoc( 0): find path.src 23 dest 512
01-01 08:00:37.403 E/ ( 0): [drm:dp_display_init_aux_switch][msm-dp-err][493 ]failed to register notifier (-22)
01-01 08:00:37.404 E/register_client_adhoc( 0): Client handle 53 mdss_sde
01-01 08:00:37.404 I/[drm:sde_dbg_init:4676] evtlog_status( 0): enable:11, panic:1, dump:2
01-01 08:00:37.405 I/msm_drm ae00000.qcom,mdss_mdp( 0): bound soc:qcom,wb-display@0 (ops sde_wb_comp_ops)
01-01 08:00:37.406 E/register_client_adhoc( 0): find path.src 1 dest 589
01-01 08:00:37.406 E/register_client_adhoc( 0): Failed to find path.src 1 dest 589
01-01 08:00:37.407 I/msm-dsi-display soc( 0): qcom,dsi-display-primary: Linked as a consumer to regulator.25
01-01 08:00:37.407 I/[drm:dsi_display_bind] [msm-dsi-info]( 0): Successfully bind display panel 'qcom,mdss_dsi_panel_hx82101_hx8692_truly_v2_video'
01-01 08:00:37.409 W/subsys-pil-tz 17300000.qcom,lpass( 0): Falling back to syfs fallback for: adsp.b02
01-01 08:00:37.413 W/subsys-pil-tz 17300000.qcom,lpass( 0): Falling back to syfs fallback for: adsp.b03
01-01 08:00:37.413 W/subsys-pil-tz 17300000.qcom,lpass( 0): Falling back to syfs fallback for: adsp.b04
01-01 08:00:37.414 W/subsys-pil-tz 17300000.qcom,lpass( 0): Falling back to syfs fallback for: adsp.b05
01-01 08:00:37.416 W/subsys-pil-tz 17300000.qcom,lpass( 0): Falling back to syfs fallback for: adsp.b06
01-01 08:00:37.421 W/subsys-pil-tz 17300000.qcom,lpass( 0): Falling back to syfs fallback for: adsp.b07
01-01 08:00:37.423 W/subsys-pil-tz 17300000.qcom,lpass( 0): Falling back to syfs fallback for: adsp.b08
01-01 08:00:37.423 W/subsys-pil-tz 17300000.qcom,lpass( 0): Falling back to syfs fallback for: adsp.b09
01-01 08:00:37.424 W/subsys-pil-tz 17300000.qcom,lpass( 0): Falling back to syfs fallback for: adsp.b10
01-01 08:00:37.425 W/subsys-pil-tz 17300000.qcom,lpass( 0): Falling back to syfs fallback for: adsp.b11
01-01 08:00:37.428 W/subsys-pil-tz 17300000.qcom,lpass( 0): Falling back to syfs fallback for: adsp.b12
01-01 08:00:37.433 W/subsys-pil-tz 17300000.qcom,lpass( 0): Falling back to syfs fallback for: adsp.b13
01-01 08:00:37.433 I/msm_drm ae00000.qcom,mdss_mdp( 0): bound soc:qcom,dsi-display-primary (ops dsi_display_comp_ops)
01-01 08:00:37.433 I/msm_drm ae00000.qcom,mdss_mdp( 0): bound af20000.qcom,sde_rscc (ops sde_rsc_comp_ops)
01-01 08:00:37.433 I/ ( 0): [drm] mapped mdp address space @ffffff8023f00000
01-01 08:00:37.443 I/qcom_rpmh DRV( 0): apps_rsc TCS Busy, retrying RPMH message send: addr=0x30080
01-01 08:00:37.443 W/subsys-pil-tz 17300000.qcom,lpass( 0): Falling back to syfs fallback for: adsp.b14
01-01 08:00:37.447 W/subsys-pil-tz 17300000.qcom,lpass( 0): Falling back to syfs fallback for: adsp.b15
01-01 08:00:37.447 W/subsys-pil-tz 17300000.qcom,lpass( 0): Falling back to syfs fallback for: adsp.b16
01-01 08:00:37.449 W/subsys-pil-tz 17300000.qcom,lpass( 0): Falling back to syfs fallback for: adsp.b17
01-01 08:00:37.450 W/subsys-pil-tz 17300000.qcom,lpass( 0): Falling back to syfs fallback for: adsp.b18
01-01 08:00:37.456 I/ ( 0): [drm:_sde_kms_hw_init_blocks:3613] sde hardware revision:0x60000000
01-01 08:00:37.622 I/subsys-pil-tz 8300000.qcom,turing( 0): cdsp: Brought out of reset
01-01 08:00:37.622 I/subsys-pil-tz 8300000.qcom,turing( 0): cdsp: Power/Clock ready interrupt received
01-01 08:00:37.632 I/msmdrm_smmu ae00000.qcom,mdss_mdp( 0): qcom,smmu_sde_unsec_cb: Linked as a consumer to 15000000.apps-smmu
01-01 08:00:37.639 I/subsys-pil-tz 8300000.qcom,turing( 0): Subsystem error monitoring/handling services are up
01-01 08:00:37.653 I/iommu ( 0): Adding device ae00000.qcom,mdss_mdp:qcom,smmu_sde_unsec_cb to group 51
01-01 08:00:37.674 I/qcom_smd_qrtr_probe( 0): Entered
01-01 08:00:37.679 E/ ( 0): [drm:dp_display_init_aux_switch][msm-dp-err][77 ]failed to register notifier (-22)
01-01 08:00:37.680 I/ ( 0): [drm] probing device qcom,smmu_sde_unsec
01-01 08:00:37.681 I/ ( 0): [drm] Created domain mdp_ns, secure=0
01-01 08:00:37.683 E/register_client_adhoc( 0): find path.src 1 dest 589
01-01 08:00:37.683 I/msmdrm_smmu ae00000.qcom,mdss_mdp( 0): qcom,smmu_sde_sec_cb: Linked as a consumer to 15000000.apps-smmu
01-01 08:00:37.683 E/register_client_adhoc( 0): Failed to find path.src 1 dest 589
01-01 08:00:37.689 I/adsprpc ( 0): fastrpc_restart_notifier_cb: cdsp subsystem is up
01-01 08:00:37.690 I/msm_cvp ( 0): info: Opening cvp instance: ffffffc1a803a280
01-01 08:00:37.695 I/qcom_smd_qrtr_probe( 0): SMD QRTR driver probed
01-01 08:00:37.707 I/iommu ( 0): Adding device ae00000.qcom,mdss_mdp:qcom,smmu_sde_sec_cb to group 52
01-01 08:00:37.710 E/ ( 0): [drm:dp_display_init_aux_switch][msm-dp-err][77 ]failed to register notifier (-22)
01-01 08:00:37.715 I/ ( 0): [drm] probing device qcom,smmu_sde_sec
01-01 08:00:37.716 I/msm_cvp_v4l2 ab00000.qcom,cvp( 0): Linked as a consumer to regulator.77
01-01 08:00:37.718 I/msm_cvp_v4l2 ab00000.qcom,cvp( 0): Linked as a consumer to regulator.76
01-01 08:00:37.724 I/binder ( 0): 675:675 ioctl 40046210 7ff1c8b924 returned -22
01-01 08:00:37.729 E/register_client_adhoc( 0): find path.src 1 dest 589
01-01 08:00:37.729 E/register_client_adhoc( 0): Failed to find path.src 1 dest 589
01-01 08:00:37.732 I/ ( 0): [drm] Created domain mdp_s, secure=1
01-01 08:00:37.735 E/ ( 0): [drm:dp_display_init_aux_switch][msm-dp-err][77 ]failed to register notifier (-22)
01-01 08:00:37.739 W/subsys-pil-tz 9800000.qcom,npu( 0): Falling back to syfs fallback for: npu.mdt
01-01 08:00:37.742 I/adsprpc ( 0): fastrpc_rpmsg_probe: opened rpmsg channel for cdsp
01-01 08:00:37.745 I/binder ( 0): 675:675 ioctl 40046210 7ff1c8bb34 returned -22
01-01 08:00:37.757 E/register_client_adhoc( 0): find path.src 1 dest 589
01-01 08:00:37.758 E/register_client_adhoc( 0): Failed to find path.src 1 dest 589
01-01 08:00:37.822 I/[drm:dsi_panel_get_mode] [msm-dsi-info]( 0): default topology: lm: 1 comp_enc:0 intf: 1
01-01 08:00:37.832 I/subsys-pil-tz 9800000.qcom,npu( 0): npu: loading from 0x0000000086900000 to 0x0000000086e00000
01-01 08:00:37.936 I/subsys-pil-tz 17300000.qcom,lpass( 0): adsp: Power/Clock ready interrupt received
01-01 08:00:37.939 E/ ( 0): [drm:dp_display_init_aux_switch][msm-dp-err][77 ]failed to register notifier (-22)
01-01 08:00:37.942 I/qcom_rpmh DRV( 0): apps_rsc TCS Busy, retrying RPMH message send: addr=0x30030
01-01 08:00:37.963 I/subsys-pil-tz 17300000.qcom,lpass( 0): adsp: Brought out of reset
01-01 08:00:37.966 E/register_client_adhoc( 0): find path.src 1 dest 589
01-01 08:00:37.966 E/register_client_adhoc( 0): Failed to find path.src 1 dest 589
01-01 08:00:37.966 I/qcom_rpmh DRV( 0): apps_rsc TCS Busy, retrying RPMH message send: addr=0x30040
01-01 08:00:37.996 W/subsys-pil-tz 9800000.qcom,npu( 0): Falling back to syfs fallback for: npu.b02
01-01 08:00:37.997 W/subsys-pil-tz 9800000.qcom,npu( 0): Falling back to syfs fallback for: npu.b03
01-01 08:00:38.001 W/subsys-pil-tz 9800000.qcom,npu( 0): Falling back to syfs fallback for: npu.b04
01-01 08:00:38.001 W/subsys-pil-tz 9800000.qcom,npu( 0): Falling back to syfs fallback for: npu.b05
01-01 08:00:38.002 W/subsys-pil-tz 9800000.qcom,npu( 0): Falling back to syfs fallback for: npu.b06
01-01 08:00:38.004 I/subsys-pil-tz 17300000.qcom,lpass( 0): Subsystem error monitoring/handling services are up
01-01 08:00:38.023 I/subsys-restart( 0): __subsystem_get(): Changing subsys fw_name to cvpss
01-01 08:00:38.025 I/ ( 0): [drm] Supports vblank timestamp caching Rev 2 (21.10.2013).
