03-14 03:53:37.089 W/ActivityManager( 1017): Slow operation: 86ms so far, now at startProcess: starting to update pids map
01-01 08:00:50.314 I/msm_vidc( 0): high: 00000001: ....e: Opening video instance: ffffffc160414000, 0
03-14 03:53:37.092 V/StorageManagerService( 1017): Package com.android.localtransport does not have legacy storage
03-14 03:53:37.092 V/StorageManagerService( 1017): Package com.android.packageinstaller does not have legacy storage
03-14 03:53:37.092 V/StorageManagerService( 1017): Package com.qualcomm.qti.devicestatisticsservice does not have legacy storage
03-14 03:53:37.092 V/StorageManagerService( 1017): Package com.android.theme.font.notoserifsource does not have legacy storage
03-14 03:53:37.093 V/StorageManagerService( 1017): Package com.android.proxyhandler does not have legacy storage
03-14 03:53:37.093 V/StorageManagerService( 1017): Package com.android.internal.display.cutout.emulation.waterfall does not have legacy storage
03-14 03:53:37.093 V/StorageManagerService( 1017): Package com.qualcomm.qti.workloadclassifier does not have legacy storage
03-14 03:53:37.094 V/StorageManagerService( 1017): Package com.android.inputmethod.latin does not have legacy storage
03-14 03:53:37.094 V/StorageManagerService( 1017): Package com.android.providers.settings.overlay does not have legacy storage
03-14 03:53:37.094 W/ActivityManager( 1017): Slow operation: 91ms so far, now at startProcess: done updating pids map
03-14 03:53:37.094 V/StorageManagerService( 1017): Package com.android.managedprovisioning does not have legacy storage
03-14 03:53:37.094 V/StorageManagerService( 1017): Package com.android.networkstack.tethering does not have legacy storage
03-14 03:53:37.095 V/StorageManagerService( 1017): Package com.android.soundpicker does not have legacy storage
03-14 03:53:37.095 V/StorageManagerService( 1017): Package com.android.dreams.phototable does not have legacy storage
03-14 03:53:37.095 V/StorageManagerService( 1017): Package com.thundercomm.screensaver does not have legacy storage
03-14 03:53:37.095 V/StorageManagerService( 1017): Package com.android.wallpaper.livepicker does not have legacy storage
03-14 03:53:37.095 V/StorageManagerService( 1017): Package com.android.apps.tag does not have legacy storage
03-14 03:53:37.096 V/StorageManagerService( 1017): Package com.android.storagemanager does not have legacy storage
03-14 03:53:37.096 V/StorageManagerService( 1017): Package com.android.bookmarkprovider does not have legacy storage
03-14 03:53:37.096 V/StorageManagerService( 1017): Package com.android.settings does not have legacy storage
03-14 03:53:37.096 V/StorageManagerService( 1017): Package com.android.networkstack.permissionconfig does not have legacy storage
03-14 03:53:37.097 V/StorageManagerService( 1017): Package com.qualcomm.location does not have legacy storage
03-14 03:53:37.097 V/StorageManagerService( 1017): Package com.android.cts.ctsshim does not have legacy storage
03-14 03:53:37.097 V/StorageManagerService( 1017): Package com.qti.diagservices does not have legacy storage
03-14 03:53:37.097 V/StorageManagerService( 1017): Package com.android.vpndialogs does not have legacy storage
03-14 03:53:37.097 V/StorageManagerService( 1017): Package com.qualcomm.location.XT does not have legacy storage
03-14 03:53:37.098 V/StorageManagerService( 1017): Package com.android.music does not have legacy storage
03-14 03:53:37.098 V/StorageManagerService( 1017): Package com.android.shell does not have legacy storage
03-14 03:53:37.098 V/StorageManagerService( 1017): Package com.android.wallpaperbackup does not have legacy storage
03-14 03:53:37.098 V/StorageManagerService( 1017): Package com.android.providers.userdictionary does not have legacy storage
03-14 03:53:37.098 V/StorageManagerService( 1017): Package com.android.providers.media.module does not have legacy storage
03-14 03:53:37.098 V/StorageManagerService( 1017): Package com.android.emergency does not have legacy storage
03-14 03:53:37.099 V/StorageManagerService( 1017): Package com.android.hotspot2.osulogin does not have legacy storage
03-14 03:53:37.099 V/StorageManagerService( 1017): Package com.qualcomm.qti.qdma does not have legacy storage
03-14 03:53:37.099 V/StorageManagerService( 1017): Package com.qualcomm.qti.qmmi does not have legacy storage
03-14 03:53:37.099 V/StorageManagerService( 1017): Package com.qualcomm.qti.usta does not have legacy storage
03-14 03:53:37.099 V/StorageManagerService( 1017): Package com.qualcomm.qti.xrcb does not have legacy storage
03-14 03:53:37.099 V/StorageManagerService( 1017): Package com.android.internal.systemui.navbar.gestural does not have legacy storage
03-14 03:53:37.099 V/StorageManagerService( 1017): Package com.android.location.fused does not have legacy storage
03-14 03:53:37.100 V/StorageManagerService( 1017): Package com.android.systemui does not have legacy storage
03-14 03:53:37.100 V/StorageManagerService( 1017): Package com.android.bluetoothmidiservice does not have legacy storage
03-14 03:53:37.100 V/StorageManagerService( 1017): Package com.qti.ltebc does not have legacy storage
03-14 03:53:37.100 V/StorageManagerService( 1017): Package com.android.permissioncontroller does not have legacy storage
03-14 03:53:37.100 V/StorageManagerService( 1017): Package com.android.traceur does not have legacy storage
03-14 03:53:37.100 V/StorageManagerService( 1017): Package com.qualcomm.qti.qccauthmgr does not have legacy storage
03-14 03:53:37.100 V/StorageManagerService( 1017): Package com.qualcomm.qti.qms.service.trustzoneaccess does not have legacy storage
03-14 03:53:37.101 V/StorageManagerService( 1017): Package com.qualcomm.qtil.aptxui does not have legacy storage
03-14 03:53:37.101 V/StorageManagerService( 1017): Package com.android.bluetooth does not have legacy storage
03-14 03:53:37.101 V/StorageManagerService( 1017): Package com.qualcomm.timeservice does not have legacy storage
03-14 03:53:37.101 V/StorageManagerService( 1017): Package com.qualcomm.embms does not have legacy storage
03-14 03:53:37.101 V/StorageManagerService( 1017): Package com.android.providers.contacts does not have legacy storage
03-14 03:53:37.101 V/StorageManagerService( 1017): Package com.android.captiveportallogin does not have legacy storage
03-14 03:53:37.102 V/StorageManagerService( 1017): Package com.android.internal.systemui.navbar.gestural_narrow_back does not have legacy storage
03-14 03:53:37.108 W/BluetoothManagerService( 1017): bindBluetoothProfileService:Trying to bind to profile: 1, while Bluetooth is disabled
03-14 03:53:37.108 V/StorageManagerService( 1017): Package com.android.cellbroadcastreceiver.overlay.common does not have legacy storage
03-14 03:53:37.108 V/StorageManagerService( 1017): Package com.qualcomm.qti.sensors.qsensortest does not have legacy storage
01-01 08:00:50.339 E/ ( 0): INFO: trying to register non-static key.
01-01 08:00:50.341 I/msm_vidc( 0): high: 00000001: h265e: Closed video instance: ffffffc160414000
01-01 08:00:50.344 E/ ( 0): the code is fine but needs lockdep annotation.
01-01 08:00:50.344 I/ ( 0): CPU: 6 PID: 276 Comm: kworker/u16:4 Tainted: G S W O 4.19.157+ #1
01-01 08:00:50.344 I/Hardware name( 0): Qualcomm Technologies, Inc. kona MTP-RmPM8150b. VX1(MCE) EVT1 (DT)
01-01 08:00:50.344 I/Workqueue( 0): events_unbound ion_system_secure_heap_prefetch_work
01-01 08:00:50.350 I/Call trace( 0):
01-01 08:00:50.350 I/ ( 0): dump_backtrace+0x0/0x258
01-01 08:00:50.350 I/ ( 0): show_stack+0x20/0x30
01-01 08:00:50.350 I/ ( 0): dump_stack+0xd8/0x12c
01-01 08:00:50.350 I/ ( 0): register_lock_class+0x4d0/0x5c8
01-01 08:00:50.350 I/ ( 0): __lock_acquire+0xbc/0x1e58
01-01 08:00:50.350 I/ ( 0): lock_acquire+0x1cc/0x218
01-01 08:00:50.350 I/ ( 0): _raw_spin_lock_irqsave+0x54/0x98
01-01 08:00:50.350 I/ ( 0): ion_system_secure_heap_prefetch_work+0x94/0x2c0
01-01 08:00:50.350 I/ ( 0): process_one_work+0x38c/0x660
01-01 08:00:50.350 I/ ( 0): worker_thread+0x268/0x4b8
01-01 08:00:50.350 I/ ( 0): kthread+0x140/0x150
01-01 08:00:50.350 I/ ( 0): ret_from_fork+0x10/0x1c
03-14 03:53:37.110 D/SystemServerTiming( 1017): ssm.onStartUser-0_com.android.server.StorageManagerService$Lifecycle took to complete: 43ms
03-14 03:53:37.110 I/SystemServerTiming( 1017): ssm.onStartUser-0_com.android.server.usage.StorageStatsService$Lifecycle
03-14 03:53:37.110 D/SystemServerTiming( 1017): ssm.onStartUser-0_com.android.server.usage.StorageStatsService$Lifecycle took to complete: 0ms
03-14 03:53:37.110 I/SystemServerTiming( 1017): ssm.onStartUser-0_com.android.server.UiModeManagerService
03-14 03:53:37.110 D/SystemServerTiming( 1017): ssm.onStartUser-0_com.android.server.UiModeManagerService took to complete: 0ms
03-14 03:53:37.110 I/SystemServerTiming( 1017): ssm.onStartUser-0_com.android.server.locksettings.LockSettingsService$Lifecycle
03-14 03:53:37.110 D/SystemServerTiming( 1017): ssm.onStartUser-0_com.android.server.locksettings.LockSettingsService$Lifecycle took to complete: 0ms
03-14 03:53:37.111 I/SystemServerTiming( 1017): ssm.onStartUser-0_com.android.server.PersistentDataBlockService
03-14 03:53:37.111 D/SystemServerTiming( 1017): ssm.onStartUser-0_com.android.server.PersistentDataBlockService took to complete: 0ms
03-14 03:53:37.111 I/SystemServerTiming( 1017): ssm.onStartUser-0_com.android.server.testharness.TestHarnessModeService
03-14 03:53:37.111 D/SystemServerTiming( 1017): ssm.onStartUser-0_com.android.server.testharness.TestHarnessModeService took to complete: 0ms
03-14 03:53:37.111 I/SystemServerTiming( 1017): ssm.onStartUser-0_com.android.server.oemlock.OemLockService
03-14 03:53:37.111 D/SystemServerTiming( 1017): ssm.onStartUser-0_com.android.server.oemlock.OemLockService took to complete: 0ms
03-14 03:53:37.111 I/SystemServerTiming( 1017): ssm.onStartUser-0_com.android.server.DeviceIdleController
03-14 03:53:37.111 D/SystemServerTiming( 1017): ssm.onStartUser-0_com.android.server.DeviceIdleController took to complete: 0ms
03-14 03:53:37.111 I/SystemServerTiming( 1017): ssm.onStartUser-0_com.android.server.devicepolicy.DevicePolicyManagerService$Lifecycle
03-14 03:53:37.112 D/SystemServerTiming( 1017): ssm.onStartUser-0_com.android.server.devicepolicy.DevicePolicyManagerService$Lifecycle took to complete: 1ms
03-14 03:53:37.112 I/SystemServerTiming( 1017): ssm.onStartUser-0_com.android.server.texttospeech.TextToSpeechManagerService
03-14 03:53:37.112 D/SystemServerTiming( 1017): ssm.onStartUser-0_com.android.server.texttospeech.TextToSpeechManagerService took to complete: 0ms
03-14 03:53:37.113 I/SystemServerTiming( 1017): ssm.onStartUser-0_com.android.server.speech.SpeechRecognitionManagerService
03-14 03:53:37.113 D/SystemServerTiming( 1017): ssm.onStartUser-0_com.android.server.speech.SpeechRecognitionManagerService took to complete: 0ms
03-14 03:53:37.113 I/SystemServerTiming( 1017): ssm.onStartUser-0_com.android.server.searchui.SearchUiManagerService
03-14 03:53:37.113 D/SystemServerTiming( 1017): ssm.onStartUser-0_com.android.server.searchui.SearchUiManagerService took to complete: 0ms
03-14 03:53:37.113 I/SystemServerTiming( 1017): ssm.onStartUser-0_com.android.server.smartspace.SmartspaceManagerService
03-14 03:53:37.113 D/SystemServerTiming( 1017): ssm.onStartUser-0_com.android.server.smartspace.SmartspaceManagerService took to complete: 0ms
03-14 03:53:37.113 I/SystemServerTiming( 1017): ssm.onStartUser-0_com.android.server.graphics.fonts.FontManagerService$Lifecycle
03-14 03:53:37.113 D/SystemServerTiming( 1017): ssm.onStartUser-0_com.android.server.graphics.fonts.FontManagerService$Lifecycle took to complete: 0ms
03-14 03:53:37.113 I/SystemServerTiming( 1017): ssm.onStartUser-0_com.android.server.textservices.TextServicesManagerService$Lifecycle
03-14 03:53:37.113 D/SystemServerTiming( 1017): ssm.onStartUser-0_com.android.server.textservices.TextServicesManagerService$Lifecycle took to complete: 0ms
03-14 03:53:37.113 I/SystemServerTiming( 1017): ssm.onStartUser-0_com.android.server.textclassifier.TextClassificationManagerService$Lifecycle
03-14 03:53:37.115 D/SystemServerTiming( 1017): ssm.onStartUser-0_com.android.server.textclassifier.TextClassificationManagerService$Lifecycle took to complete: 1ms
03-14 03:53:37.115 I/SystemServerTiming( 1017): ssm.onStartUser-0_com.android.server.NetworkScoreService$Lifecycle
03-14 03:53:37.115 D/SystemServerTiming( 1017): ssm.onStartUser-0_com.android.server.NetworkScoreService$Lifecycle took to complete: 0ms
03-14 03:53:37.115 I/SystemServerTiming( 1017): ssm.onStartUser-0_com.android.server.wifi.WifiService
03-14 03:53:37.115 D/SystemServerTiming( 1017): ssm.onStartUser-0_com.android.server.wifi.WifiService took to complete: 0ms
03-14 03:53:37.115 I/SystemServerTiming( 1017): ssm.onStartUser-0_com.android.server.wifi.scanner.WifiScanningService
03-14 03:53:37.115 D/SystemServerTiming( 1017): ssm.onStartUser-0_com.android.server.wifi.scanner.WifiScanningService took to complete: 0ms
03-14 03:53:37.115 I/SystemServerTiming( 1017): ssm.onStartUser-0_com.android.server.wifi.rtt.RttService
03-14 03:53:37.115 D/SystemServerTiming( 1017): ssm.onStartUser-0_com.android.server.wifi.rtt.RttService took to complete: 0ms
03-14 03:53:37.116 I/SystemServerTiming( 1017): ssm.onStartUser-0_com.android.server.wifi.aware.WifiAwareService
03-14 03:53:37.116 D/SystemServerTiming( 1017): ssm.onStartUser-0_com.android.server.wifi.aware.WifiAwareService took to complete: 0ms
03-14 03:53:37.116 I/SystemServerTiming( 1017): ssm.onStartUser-0_com.android.server.wifi.p2p.WifiP2pService
03-14 03:53:37.116 D/SystemServerTiming( 1017): ssm.onStartUser-0_com.android.server.wifi.p2p.WifiP2pService took to complete: 0ms
03-14 03:53:37.116 I/SystemServerTiming( 1017): ssm.onStartUser-0_com.android.server.ethernet.EthernetService
03-14 03:53:37.116 D/SystemServerTiming( 1017): ssm.onStartUser-0_com.android.server.ethernet.EthernetService took to complete: 0ms
03-14 03:53:37.117 I/SystemServerTiming( 1017): ssm.onStartUser-0_com.android.server.ConnectivityServiceInitializer
03-14 03:53:37.117 D/SystemServerTiming( 1017): ssm.onStartUser-0_com.android.server.ConnectivityServiceInitializer took to complete: 0ms
03-14 03:53:37.117 I/SystemServerTiming( 1017): ssm.onStartUser-0_com.android.server.notification.NotificationManagerService
03-14 03:53:37.117 D/SystemServerTiming( 1017): ssm.onStartUser-0_com.android.server.notification.NotificationManagerService took to complete: 0ms
03-14 03:53:37.117 I/SystemServerTiming( 1017): ssm.onStartUser-0_com.android.server.storage.DeviceStorageMonitorService
03-14 03:53:37.117 D/SystemServerTiming( 1017): ssm.onStartUser-0_com.android.server.storage.DeviceStorageMonitorService took to complete: 0ms
03-14 03:53:37.117 I/SystemServerTiming( 1017): ssm.onStartUser-0_com.android.server.location.LocationManagerService$Lifecycle
03-14 03:53:37.118 D/SystemServerTiming( 1017): ssm.onStartUser-0_com.android.server.location.LocationManagerService$Lifecycle took to complete: 1ms
03-14 03:53:37.118 I/SystemServerTiming( 1017): ssm.onStartUser-0_com.android.server.timedetector.TimeDetectorService$Lifecycle
03-14 03:53:37.118 D/SystemServerTiming( 1017): ssm.onStartUser-0_com.android.server.timedetector.TimeDetectorService$Lifecycle took to complete: 0ms
03-14 03:53:37.118 I/SystemServerTiming( 1017): ssm.onStartUser-0_com.android.server.timezonedetector.TimeZoneDetectorService$Lifecycle
03-14 03:53:37.118 D/SystemServerTiming( 1017): ssm.onStartUser-0_com.android.server.timezonedetector.TimeZoneDetectorService$Lifecycle took to complete: 0ms
03-14 03:53:37.118 I/SystemServerTiming( 1017): ssm.onStartUser-0_com.android.server.timezonedetector.location.LocationTimeZoneManagerService$Lifecycle
03-14 03:53:37.118 D/SystemServerTiming( 1017): ssm.onStartUser-0_com.android.server.timezonedetector.location.LocationTimeZoneManagerService$Lifecycle took to complete: 0ms
03-14 03:53:37.118 I/SystemServerTiming( 1017): ssm.onStartUser-0_com.android.server.search.SearchManagerService$Lifecycle
03-14 03:53:37.118 D/SystemServerTiming( 1017): ssm.onStartUser-0_com.android.server.search.SearchManagerService$Lifecycle took to complete: 0ms
03-14 03:53:37.118 I/SystemServerTiming( 1017): ssm.onStartUser-0_com.android.server.wallpaper.WallpaperManagerService$Lifecycle
03-14 03:53:37.118 D/SystemServerTiming( 1017): ssm.onStartUser-0_com.android.server.wallpaper.WallpaperManagerService$Lifecycle took to complete: 0ms
03-14 03:53:37.118 I/SystemServerTiming( 1017): ssm.onStartUser-0_com.android.server.audio.AudioService$Lifecycle
03-14 03:53:37.118 D/SystemServerTiming( 1017): ssm.onStartUser-0_com.android.server.audio.AudioService$Lifecycle took to complete: 0ms
03-14 03:53:37.118 I/SystemServerTiming( 1017): ssm.onStartUser-0_com.android.server.soundtrigger_middleware.SoundTriggerMiddlewareService$Lifecycle
03-14 03:53:37.118 D/SystemServerTiming( 1017): ssm.onStartUser-0_com.android.server.soundtrigger_middleware.SoundTriggerMiddlewareService$Lifecycle took to complete: 0ms
03-14 03:53:37.119 I/SystemServerTiming( 1017): ssm.onStartUser-0_com.android.server.DockObserver
03-14 03:53:37.119 D/SystemServerTiming( 1017): ssm.onStartUser-0_com.android.server.DockObserver took to complete: 0ms
03-14 03:53:37.119 I/SystemServerTiming( 1017): ssm.onStartUser-0_com.android.server.midi.MidiService$Lifecycle
03-14 03:53:37.119 D/SystemServerTiming( 1017): ssm.onStartUser-0_com.android.server.midi.MidiService$Lifecycle took to complete: 0ms
03-14 03:53:37.119 I/SystemServerTiming( 1017): ssm.onStartUser-0_com.android.server.adb.AdbService$Lifecycle
03-14 03:53:37.119 D/SystemServerTiming( 1017): ssm.onStartUser-0_com.android.server.adb.AdbService$Lifecycle took to complete: 0ms
03-14 03:53:37.119 I/SystemServerTiming( 1017): ssm.onStartUser-0_com.android.server.usb.UsbService$Lifecycle
03-14 03:53:37.119 D/SystemServerTiming( 1017): ssm.onStartUser-0_com.android.server.usb.UsbService$Lifecycle took to complete: 0ms
03-14 03:53:37.119 I/SystemServerTiming( 1017): ssm.onStartUser-0_com.android.server.twilight.TwilightService
03-14 03:53:37.119 D/SystemServerTiming( 1017): ssm.onStartUser-0_com.android.server.twilight.TwilightService took to complete: 0ms
03-14 03:53:37.119 I/SystemServerTiming( 1017): ssm.onStartUser-0_com.android.server.display.color.ColorDisplayService
03-14 03:53:37.119 D/SystemServerTiming( 1017): ssm.onStartUser-0_com.android.server.display.color.ColorDisplayService took to complete: 0ms
03-14 03:53:37.119 I/SystemServerTiming( 1017): ssm.onStartUser-0_com.android.server.job.JobSchedulerService
03-14 03:53:37.120 D/SystemServerTiming( 1017): ssm.onStartUser-0_com.android.server.job.JobSchedulerService took to complete: 0ms
03-14 03:53:37.120 I/SystemServerTiming( 1017): ssm.onStartUser-0_com.android.server.soundtrigger.SoundTriggerService
03-14 03:53:37.120 D/SystemServerTiming( 1017): ssm.onStartUser-0_com.android.server.soundtrigger.SoundTriggerService took to complete: 0ms
03-14 03:53:37.120 I/SystemServerTiming( 1017): ssm.onStartUser-0_com.android.server.trust.TrustManagerService
03-14 03:53:37.120 D/SystemServerTiming( 1017): ssm.onStartUser-0_com.android.server.trust.TrustManagerService took to complete: 0ms
03-14 03:53:37.120 I/SystemServerTiming( 1017): ssm.onStartUser-0_com.android.server.backup.BackupManagerService$Lifecycle
03-14 03:53:37.120 D/SystemServerTiming( 1017): ssm.onStartUser-0_com.android.server.backup.BackupManagerService$Lifecycle took to complete: 0ms
03-14 03:53:37.120 I/SystemServerTiming( 1017): ssm.onStartUser-0_com.android.server.appwidget.AppWidgetService
03-14 03:53:37.120 D/SystemServerTiming( 1017): ssm.onStartUser-0_com.android.server.appwidget.AppWidgetService took to complete: 0ms
03-14 03:53:37.120 I/SystemServerTiming( 1017): ssm.onStartUser-0_com.android.server.voiceinteraction.VoiceInteractionManagerService
03-14 03:53:37.121 W/VoiceInteractionManager( 1017): no available voice recognition services found for user 0
03-14 03:53:37.121 D/SystemServerTiming( 1017): ssm.onStartUser-0_com.android.server.voiceinteraction.VoiceInteractionManagerService took to complete: 0ms
03-14 03:53:37.121 I/SystemServerTiming( 1017): ssm.onStartUser-0_com.android.server.apphibernation.AppHibernationService
03-14 03:53:37.121 D/SystemServerTiming( 1017): ssm.onStartUser-0_com.android.server.apphibernation.AppHibernationService took to complete: 0ms
03-14 03:53:37.122 I/SystemServerTiming( 1017): ssm.onStartUser-0_com.android.server.SensorNotificationService
03-14 03:53:37.122 D/SystemServerTiming( 1017): ssm.onStartUser-0_com.android.server.SensorNotificationService took to complete: 0ms
03-14 03:53:37.122 I/SystemServerTiming( 1017): ssm.onStartUser-0_com.android.server.emergency.EmergencyAffordanceService
03-14 03:53:37.122 D/SystemServerTiming( 1017): ssm.onStartUser-0_com.android.server.emergency.EmergencyAffordanceService took to complete: 0ms
03-14 03:53:37.122 I/SystemServerTiming( 1017): ssm.onStartUser-0_com.android.server.blob.BlobStoreManagerService
03-14 03:53:37.122 D/SystemServerTiming( 1017): ssm.onStartUser-0_com.android.server.blob.BlobStoreManagerService took to complete: 0ms
03-14 03:53:37.122 I/SystemServerTiming( 1017): ssm.onStartUser-0_com.android.server.dreams.DreamManagerService
03-14 03:53:37.122 D/SystemServerTiming( 1017): ssm.onStartUser-0_com.android.server.dreams.DreamManagerService took to complete: 0ms
03-14 03:53:37.122 I/SystemServerTiming( 1017): ssm.onStartUser-0_com.android.server.companion.CompanionDeviceManagerService
03-14 03:53:37.122 D/SystemServerTiming( 1017): ssm.onStartUser-0_com.android.server.companion.CompanionDeviceManagerService took to complete: 0ms
03-14 03:53:37.122 I/SystemServerTiming( 1017): ssm.onStartUser-0_com.android.server.restrictions.RestrictionsManagerService
03-14 03:53:37.122 D/SystemServerTiming( 1017): ssm.onStartUser-0_com.android.server.restrictions.RestrictionsManagerService took to complete: 0ms
03-14 03:53:37.122 I/SystemServerTiming( 1017): ssm.onStartUser-0_com.android.server.media.MediaSessionService
03-14 03:53:37.122 D/SystemServerTiming( 1017): ssm.onStartUser-0_com.android.server.media.MediaSessionService took to complete: 0ms
03-14 03:53:37.122 I/SystemServerTiming( 1017): ssm.onStartUser-0_com.android.server.media.MediaResourceMonitorService
03-14 03:53:37.123 D/SystemServerTiming( 1017): ssm.onStartUser-0_com.android.server.media.MediaResourceMonitorService took to complete: 0ms
03-14 03:53:37.123 I/SystemServerTiming( 1017): ssm.onStartUser-0_com.android.server.biometrics.sensors.fingerprint.FingerprintService
03-14 03:53:37.123 D/SystemServerTiming( 1017): ssm.onStartUser-0_com.android.server.biometrics.sensors.fingerprint.FingerprintService took to complete: 0ms
03-14 03:53:37.123 I/SystemServerTiming( 1017): ssm.onStartUser-0_com.android.server.biometrics.BiometricService
03-14 03:53:37.123 D/SystemServerTiming( 1017): ssm.onStartUser-0_com.android.server.biometrics.BiometricService took to complete: 0ms
03-14 03:53:37.123 I/SystemServerTiming( 1017): ssm.onStartUser-0_com.android.server.biometrics.AuthService
03-14 03:53:37.123 D/SystemServerTiming( 1017): ssm.onStartUser-0_com.android.server.biometrics.AuthService took to complete: 0ms
03-14 03:53:37.123 I/SystemServerTiming( 1017): ssm.onStartUser-0_com.android.server.pm.ShortcutService$Lifecycle
03-14 03:53:37.123 D/SystemServerTiming( 1017): ssm.onStartUser-0_com.android.server.pm.ShortcutService$Lifecycle took to complete: 0ms
03-14 03:53:37.123 I/SystemServerTiming( 1017): ssm.onStartUser-0_com.android.server.pm.LauncherAppsService
03-14 03:53:37.123 D/SystemServerTiming( 1017): ssm.onStartUser-0_com.android.server.pm.LauncherAppsService took to complete: 0ms
03-14 03:53:37.123 I/SystemServerTiming( 1017): ssm.onStartUser-0_com.android.server.pm.CrossProfileAppsService
03-14 03:53:37.123 D/SystemServerTiming( 1017): ssm.onStartUser-0_com.android.server.pm.CrossProfileAppsService took to complete: 0ms
03-14 03:53:37.123 I/SystemServerTiming( 1017): ssm.onStartUser-0_com.android.server.people.PeopleService
03-14 03:53:37.123 D/SystemServerTiming( 1017): ssm.onStartUser-0_com.android.server.people.PeopleService took to complete: 0ms
03-14 03:53:37.123 I/SystemServerTiming( 1017): ssm.onStartUser-0_com.android.server.media.metrics.MediaMetricsManagerService
03-14 03:53:37.124 D/SystemServerTiming( 1017): ssm.onStartUser-0_com.android.server.media.metrics.MediaMetricsManagerService took to complete: 0ms
03-14 03:53:37.124 I/SystemServerTiming( 1017): ssm.onStartUser-0_com.android.server.media.projection.MediaProjectionManagerService
03-14 03:53:37.124 D/SystemServerTiming( 1017): ssm.onStartUser-0_com.android.server.media.projection.MediaProjectionManagerService took to complete: 0ms
03-14 03:53:37.124 I/SystemServerTiming( 1017): ssm.onStartUser-0_com.android.server.slice.SliceManagerService$Lifecycle
03-14 03:53:37.124 D/SystemServerTiming( 1017): ssm.onStartUser-0_com.android.server.slice.SliceManagerService$Lifecycle took to complete: 0ms
03-14 03:53:37.124 I/SystemServerTiming( 1017): ssm.onStartUser-0_com.android.server.stats.StatsCompanion$Lifecycle
03-14 03:53:37.124 D/SystemServerTiming( 1017): ssm.onStartUser-0_com.android.server.stats.StatsCompanion$Lifecycle took to complete: 0ms
03-14 03:53:37.124 I/SystemServerTiming( 1017): ssm.onStartUser-0_com.android.server.scheduling.RebootReadinessManagerService$Lifecycle
03-14 03:53:37.124 D/SystemServerTiming( 1017): ssm.onStartUser-0_com.android.server.scheduling.RebootReadinessManagerService$Lifecycle took to complete: 0ms
03-14 03:53:37.124 I/SystemServerTiming( 1017): ssm.onStartUser-0_com.android.server.stats.pull.StatsPullAtomService
03-14 03:53:37.124 D/SystemServerTiming( 1017): ssm.onStartUser-0_com.android.server.stats.pull.StatsPullAtomService took to complete: 0ms
03-14 03:53:37.124 I/SystemServerTiming( 1017): ssm.onStartUser-0_com.android.server.incident.IncidentCompanionService
03-14 03:53:37.124 D/SystemServerTiming( 1017): ssm.onStartUser-0_com.android.server.incident.IncidentCompanionService took to complete: 0ms
03-14 03:53:37.124 I/SystemServerTiming( 1017): ssm.onStartUser-0_com.android.server.MmsServiceBroker
03-14 03:53:37.124 D/SystemServerTiming( 1017): ssm.onStartUser-0_com.android.server.MmsServiceBroker took to complete: 0ms
03-14 03:53:37.125 I/SystemServerTiming( 1017): ssm.onStartUser-0_com.android.server.autofill.AutofillManagerService
03-14 03:53:37.125 D/SystemServerTiming( 1017): ssm.onStartUser-0_com.android.server.autofill.AutofillManagerService took to complete: 0ms
03-14 03:53:37.125 I/SystemServerTiming( 1017): ssm.onStartUser-0_com.android.server.clipboard.ClipboardService
03-14 03:53:37.125 D/SystemServerTiming( 1017): ssm.onStartUser-0_com.android.server.clipboard.ClipboardService took to complete: 0ms
03-14 03:53:37.125 I/SystemServerTiming( 1017): ssm.onStartUser-0_com.android.server.appbinding.AppBindingService$Lifecycle
03-14 03:53:37.126 W/AppBindingService( 1017): [Default SMS app] u0 Target package not found
03-14 03:53:37.126 D/SystemServerTiming( 1017): ssm.onStartUser-0_com.android.server.appbinding.AppBindingService$Lifecycle took to complete: 1ms
03-14 03:53:37.126 I/SystemServerTiming( 1017): ssm.onStartUser-0_com.android.server.tracing.TracingServiceProxy
03-14 03:53:37.126 D/SystemServerTiming( 1017): ssm.onStartUser-0_com.android.server.tracing.TracingServiceProxy took to complete: 0ms
03-14 03:53:37.126 I/SystemServerTiming( 1017): ssm.onStartUser-0_com.android.server.policy.PermissionPolicyService
03-14 03:53:37.126 D/SystemServerTiming( 1017): ssm.onStartUser-0_com.android.server.policy.PermissionPolicyService took to complete: 0ms
03-14 03:53:37.126 I/SystemServerTiming( 1017): ssm.onStartUser-0_com.android.server.pm.StagingManager$Lifecycle
03-14 03:53:37.126 D/SystemServerTiming( 1017): ssm.onStartUser-0_com.android.server.pm.StagingManager$Lifecycle took to complete: 0ms
03-14 03:53:37.126 I/SystemServerTiming( 1017): ssm.onStartUser-0_com.android.server.app.GameManagerService$Lifecycle
03-14 03:53:37.132 V/GameManagerService( 1017): Settings file doesn't exists, skip reading
03-14 03:53:37.132 D/SystemServerTiming( 1017): ssm.onStartUser-0_com.android.server.app.GameManagerService$Lifecycle took to complete: 6ms
03-14 03:53:37.135 I/SystemServerTiming( 1017): ssm.onStartUser-0_com.android.server.appsearch.AppSearchManagerService
03-14 03:53:37.135 D/SystemServerTiming( 1017): ssm.onStartUser-0_com.android.server.appsearch.AppSearchManagerService took to complete: 0ms
03-14 03:53:37.135 I/SystemServerTiming( 1017): ssm.onStartUser-0_com.android.server.media.MediaCommunicationService
03-14 03:53:37.135 D/SystemServerTiming( 1017): ssm.onStartUser-0_com.android.server.media.MediaCommunicationService took to complete: 0ms
03-14 03:53:37.135 D/SystemServerTiming( 1017): ssm.StartUser-0 took to complete: 93ms
03-14 03:53:37.135 I/SystemServerTiming( 1017): startPersistentApps
03-14 03:53:37.145 W/PackageManager( 1017): Loading a package that does not exist for the calling user. package=null, user=0
01-01 08:00:50.368 E/ ( 0): INFO: trying to register non-static key.
01-01 08:00:50.373 E/ ( 0): the code is fine but needs lockdep annotation.
01-01 08:00:50.379 I/ ( 0): CPU: 6 PID: 276 Comm: kworker/u16:4 Tainted: G S W O 4.19.157+ #1
01-01 08:00:50.379 I/Hardware name( 0): Qualcomm Technologies, Inc. kona MTP-RmPM8150b. VX1(MCE) EVT1 (DT)
01-01 08:00:50.379 I/Workqueue( 0): events_unbound ion_system_secure_heap_prefetch_work
01-01 08:00:50.379 I/Call trace( 0):
01-01 08:00:50.379 I/ ( 0): dump_backtrace+0x0/0x258
01-01 08:00:50.379 I/ ( 0): show_stack+0x20/0x30
01-01 08:00:50.379 I/ ( 0): dump_stack+0xd8/0x12c
01-01 08:00:50.379 I/ ( 0): register_lock_class+0x4d0/0x5c8
01-01 08:00:50.379 I/ ( 0): __lock_acquire+0xbc/0x1e58
01-01 08:00:50.379 I/ ( 0): lock_acquire+0x1cc/0x218
01-01 08:00:50.379 I/ ( 0): _raw_spin_lock_irqsave+0x54/0x98
01-01 08:00:50.379 I/ ( 0): ion_system_secure_heap_prefetch_work+0x94/0x2c0
01-01 08:00:50.379 I/ ( 0): process_one_work+0x38c/0x660
01-01 08:00:50.379 I/ ( 0): worker_thread+0x268/0x4b8
01-01 08:00:50.379 I/ ( 0): kthread+0x140/0x150
01-01 08:00:50.379 I/ ( 0): ret_from_fork+0x10/0x1c
03-14 03:53:37.157 D/CompatibilityChangeReporter( 1017): Compat change id reported: 135634846; UID 1000; state: DISABLED
03-14 03:53:37.157 D/CompatibilityChangeReporter( 1017): Compat change id reported: 177438394; UID 1000; state: DISABLED
03-14 03:53:37.158 D/CompatibilityChangeReporter( 1017): Compat change id reported: 135772972; UID 1000; state: DISABLED
03-14 03:53:37.158 D/CompatibilityChangeReporter( 1017): Compat change id reported: 135754954; UID 1000; state: ENABLED
03-14 03:53:37.164 D/CompatibilityChangeReporter( 1017): Compat change id reported: 135634846; UID 1001; state: DISABLED
03-14 03:53:37.164 D/CompatibilityChangeReporter( 1017): Compat change id reported: 177438394; UID 1001; state: DISABLED
03-14 03:53:37.165 D/CompatibilityChangeReporter( 1017): Compat change id reported: 135772972; UID 1001; state: DISABLED
03-14 03:53:37.165 D/CompatibilityChangeReporter( 1017): Compat change id reported: 135754954; UID 1001; state: ENABLED
03-14 03:53:37.167 D/CompatibilityChangeReporter( 1017): Compat change id reported: 135634846; UID 10060; state: DISABLED
03-14 03:53:37.167 D/CompatibilityChangeReporter( 1017): Compat change id reported: 177438394; UID 10060; state: DISABLED
03-14 03:53:37.167 D/CompatibilityChangeReporter( 1017): Compat change id reported: 135772972; UID 10060; state: DISABLED
03-14 03:53:37.168 D/CompatibilityChangeReporter( 1017): Compat change id reported: 135754954; UID 10060; state: DISABLED
03-14 03:53:37.174 D/CompatibilityChangeReporter( 1017): Compat change id reported: 135634846; UID 10086; state: DISABLED
03-14 03:53:37.175 D/CompatibilityChangeReporter( 1017): Compat change id reported: 177438394; UID 10086; state: DISABLED
03-14 03:53:37.176 D/CompatibilityChangeReporter( 1017): Compat change id reported: 135772972; UID 10086; state: DISABLED
03-14 03:53:37.176 D/CompatibilityChangeReporter( 1017): Compat change id reported: 135754954; UID 10086; state: DISABLED
03-14 03:53:37.179 D/CompatibilityChangeReporter( 1017): Compat change id reported: 135634846; UID 1068; state: DISABLED
03-14 03:53:37.182 D/CompatibilityChangeReporter( 1017): Compat change id reported: 135634846; UID 10070; state: DISABLED
03-14 03:53:37.182 D/CompatibilityChangeReporter( 1017): Compat change id reported: 177438394; UID 10070; state: DISABLED
03-14 03:53:37.182 D/CompatibilityChangeReporter( 1017): Compat change id reported: 135772972; UID 10070; state: DISABLED
03-14 03:53:37.183 D/CompatibilityChangeReporter( 1017): Compat change id reported: 135754954; UID 10070; state: ENABLED
03-14 03:53:37.184 D/SystemServerTiming( 1017): startPersistentApps took to complete: 49ms
03-14 03:53:37.184 I/SystemServerTiming( 1017): startHomeOnAllDisplays
01-01 08:00:50.402 E/ ( 0): INFO: trying to register non-static key.
01-01 08:00:50.407 E/ ( 0): the code is fine but needs lockdep annotation.
01-01 08:00:50.413 I/ ( 0): CPU: 6 PID: 276 Comm: kworker/u16:4 Tainted: G S W O 4.19.157+ #1
01-01 08:00:50.413 I/Hardware name( 0): Qualcomm Technologies, Inc. kona MTP-RmPM8150b. VX1(MCE) EVT1 (DT)
01-01 08:00:50.413 I/Workqueue( 0): events_unbound ion_system_secure_heap_prefetch_work
01-01 08:00:50.413 I/Call trace( 0):
01-01 08:00:50.413 I/ ( 0): dump_backtrace+0x0/0x258
01-01 08:00:50.413 I/ ( 0): show_stack+0x20/0x30
01-01 08:00:50.413 I/ ( 0): dump_stack+0xd8/0x12c
01-01 08:00:50.413 I/ ( 0): register_lock_class+0x4d0/0x5c8
01-01 08:00:50.413 I/ ( 0): __lock_acquire+0xbc/0x1e58
01-01 08:00:50.413 I/ ( 0): lock_acquire+0x1cc/0x218
01-01 08:00:50.413 I/ ( 0): _raw_spin_lock_irqsave+0x54/0x98
01-01 08:00:50.413 I/ ( 0): ion_system_secure_heap_prefetch_work+0x94/0x2c0
01-01 08:00:50.413 I/ ( 0): process_one_work+0x38c/0x660
01-01 08:00:50.413 I/ ( 0): worker_thread+0x268/0x4b8
01-01 08:00:50.413 I/ ( 0): kthread+0x140/0x150
01-01 08:00:50.413 I/ ( 0): ret_from_fork+0x10/0x1c
03-14 03:53:37.186 I/ActivityTaskManager( 1017): START u0 {act=android.intent.action.MAIN cat=[android.intent.category.HOME] flg=0x10000100 cmp=com.android.settings/.FallbackHome (has extras)} from uid 0
03-14 03:53:37.197 W/PackageManager( 1017): Loading a package that does not exist for the calling user. package=null, user=0
01-01 08:00:50.424 D/cnss ( 0): Received QMI WLFW pin connect result indication
01-01 08:00:50.424 D/cnss ( 0): Pin connect Result: pwr_pin: 0x0 phy_io_pin: 0x0 rf_io_pin: 0x2b
01-01 08:00:50.424 D/cnss ( 0): Received QMI WLFW calibration done indication
01-01 08:00:50.424 D/cnss ( 0): Posting event: COLD_BOOT_CAL_DONE(6), state: 0xf flags: 0x0
01-01 08:00:50.424 D/cnss ( 0): PM stay awake, state: 0xf, count: 1
01-01 08:00:50.424 D/cnss ( 0): PM relax, state: 0xf, count: 0
01-01 08:00:50.424 D/cnss ( 0): PM stay awake, state: 0xf, count: 1
01-01 08:00:50.424 D/cnss ( 0): Processing driver event: COLD_BOOT_CAL_DONE(6), state: 0xf
01-01 08:00:50.424 D/cnss ( 0): Calibration completed successfully
01-01 08:00:50.424 D/cnss ( 0): Sending mode message, mode: OFF(4), state: 0xf
01-01 08:00:50.425 I/cnss-daemon( 0): wlfw_qmi_ind_cb: Receive Ind : 0x21
01-01 08:00:50.427 E/ ( 0): INFO: trying to register non-static key.
01-01 08:00:50.428 D/cnss ( 0): Received QMI WLFW FW ready indication
01-01 08:00:50.433 E/ ( 0): the code is fine but needs lockdep annotation.
01-01 08:00:50.433 I/ ( 0): CPU: 5 PID: 276 Comm: kworker/u16:4 Tainted: G S W O 4.19.157+ #1
01-01 08:00:50.433 I/Hardware name( 0): Qualcomm Technologies, Inc. kona MTP-RmPM8150b. VX1(MCE) EVT1 (DT)
01-01 08:00:50.433 I/Workqueue( 0): events_unbound ion_system_secure_heap_prefetch_work
01-01 08:00:50.433 I/Call trace( 0):
01-01 08:00:50.433 I/ ( 0): dump_backtrace+0x0/0x258
01-01 08:00:50.433 I/ ( 0): show_stack+0x20/0x30
01-01 08:00:50.433 I/ ( 0): dump_stack+0xd8/0x12c
01-01 08:00:50.433 I/ ( 0): register_lock_class+0x4d0/0x5c8
01-01 08:00:50.433 I/ ( 0): __lock_acquire+0xbc/0x1e58
01-01 08:00:50.433 I/ ( 0): lock_acquire+0x1cc/0x218
01-01 08:00:50.433 I/ ( 0): _raw_spin_lock_irqsave+0x54/0x98
01-01 08:00:50.433 I/ ( 0): ion_system_secure_heap_prefetch_work+0x94/0x2c0
01-01 08:00:50.433 I/ ( 0): process_one_work+0x38c/0x660
01-01 08:00:50.433 I/ ( 0): worker_thread+0x268/0x4b8
01-01 08:00:50.433 I/ ( 0): kthread+0x140/0x150
01-01 08:00:50.433 I/ ( 0): ret_from_fork+0x10/0x1c
03-14 03:53:37.202 E/NativeTombstoneManager( 1017): Tombstone's UID (1000) not an app, ignoring
03-14 03:53:37.203 I/DropBoxManagerService( 1017): add tag=SYSTEM_TOMBSTONE_PROTO isTagEnabled=true flags=0x4
03-14 03:53:37.215 W/ActivityManager( 1017): Slow operation: 80ms so far, now at startProcess: returned from zygote!
01-01 08:00:50.443 I/cnss-daemon( 0): wlfw_qmi_err_cb: Server disconnect, err -2 client 0x3K
01-01 08:00:50.445 E/ ( 0): INFO: trying to register non-static key.
01-01 08:00:50.450 E/ ( 0): the code is fine but needs lockdep annotation.
01-01 08:00:50.455 I/ ( 0): CPU: 5 PID: 276 Comm: kworker/u16:4 Tainted: G S W O 4.19.157+ #1
01-01 08:00:50.455 I/Hardware name( 0): Qualcomm Technologies, Inc. kona MTP-RmPM8150b. VX1(MCE) EVT1 (DT)
01-01 08:00:50.455 I/Workqueue( 0): events_unbound ion_system_secure_heap_prefetch_work
01-01 08:00:50.455 I/Call trace( 0):
01-01 08:00:50.455 I/ ( 0): dump_backtrace+0x0/0x258
01-01 08:00:50.455 I/ ( 0): show_stack+0x20/0x30
01-01 08:00:50.455 I/ ( 0): dump_stack+0xd8/0x12c
01-01 08:00:50.455 I/ ( 0): register_lock_class+0x4d0/0x5c8
01-01 08:00:50.455 I/ ( 0): __lock_acquire+0xbc/0x1e58
01-01 08:00:50.455 I/ ( 0): lock_acquire+0x1cc/0x218
01-01 08:00:50.455 I/ ( 0): _raw_spin_lock_irqsave+0x54/0x98
01-01 08:00:50.455 I/ ( 0): ion_system_secure_heap_prefetch_work+0x94/0x2c0
01-01 08:00:50.455 I/ ( 0): process_one_work+0x38c/0x660
01-01 08:00:50.455 I/ ( 0): worker_thread+0x268/0x4b8
01-01 08:00:50.455 I/ ( 0): kthread+0x140/0x150
01-01 08:00:50.455 I/ ( 0): ret_from_fork+0x10/0x1c
01-01 08:00:50.457 D/cnss ( 0): Posting event: COLD_BOOT_CAL_DONE(6), state: 0xf flags: 0x0
01-01 08:00:50.458 D/cnss ( 0): WLFW server exiting
01-01 08:00:50.458 D/cnss ( 0): Posting event: SERVER_EXIT(1), state: 0x2000f flags: 0x0
01-01 08:00:50.458 D/cnss ( 0): Skip driver remove
01-01 08:00:50.458 D/cnss ( 0): Read register offset 0x1f8031c, val = 0x2
01-01 08:00:50.458 D/cnss ( 0): Write val 0x3 to register offset 0x1f8031c
03-14 03:53:37.237 D/CompatibilityChangeReporter( 1017): Compat change id reported: 174042980; UID 1000; state: DISABLED
01-01 08:00:50.461 D/cnss ( 0): Setting MHI state: POWER_OFF(4)
01-01 08:00:50.464 I/msm_vidc( 0): high: 00000001: ....e: Opening video instance: ffffffc165d24000, 0
01-01 08:00:50.465 E/ ( 0): INFO: trying to register non-static key.
01-01 08:00:50.469 I/msm_vidc( 0): err : 00000001: ....e: msm_vidc_comm_update_ctrl: failed: control name Ltr Count, min 0, max 0, step 0, default_value 0
01-01 08:00:50.470 E/ ( 0): the code is fine but needs lockdep annotation.
01-01 08:00:50.470 I/ ( 0): CPU: 5 PID: 276 Comm: kworker/u16:4 Tainted: G S W O 4.19.157+ #1
01-01 08:00:50.470 I/Hardware name( 0): Qualcomm Technologies, Inc. kona MTP-RmPM8150b. VX1(MCE) EVT1 (DT)
01-01 08:00:50.470 I/Workqueue( 0): events_unbound ion_system_secure_heap_prefetch_work
01-01 08:00:50.470 I/Call trace( 0):
01-01 08:00:50.470 I/ ( 0): dump_backtrace+0x0/0x258
01-01 08:00:50.470 I/ ( 0): show_stack+0x20/0x30
01-01 08:00:50.470 I/ ( 0): dump_stack+0xd8/0x12c
01-01 08:00:50.470 I/ ( 0): register_lock_class+0x4d0/0x5c8
01-01 08:00:50.470 I/ ( 0): __lock_acquire+0xbc/0x1e58
01-01 08:00:50.470 I/ ( 0): lock_acquire+0x1cc/0x218
01-01 08:00:50.470 I/ ( 0): _raw_spin_lock_irqsave+0x54/0x98
01-01 08:00:50.470 I/ ( 0): ion_system_secure_heap_prefetch_work+0x94/0x2c0
01-01 08:00:50.470 I/ ( 0): process_one_work+0x38c/0x660
01-01 08:00:50.470 I/ ( 0): worker_thread+0x268/0x4b8
01-01 08:00:50.470 I/ ( 0): kthread+0x140/0x150
01-01 08:00:50.470 I/ ( 0): ret_from_fork+0x10/0x1c
01-01 08:00:50.479 E/ ( 0): INFO: trying to register non-static key.
01-01 08:00:50.484 E/ ( 0): the code is fine but needs lockdep annotation.
01-01 08:00:50.490 I/ ( 0): CPU: 5 PID: 276 Comm: kworker/u16:4 Tainted: G S W O 4.19.157+ #1
01-01 08:00:50.490 I/Hardware name( 0): Qualcomm Technologies, Inc. kona MTP-RmPM8150b. VX1(MCE) EVT1 (DT)
01-01 08:00:50.490 I/Workqueue( 0): events_unbound ion_system_secure_heap_prefetch_work
01-01 08:00:50.490 I/Call trace( 0):
01-01 08:00:50.490 I/ ( 0): dump_backtrace+0x0/0x258
01-01 08:00:50.490 I/ ( 0): show_stack+0x20/0x30
01-01 08:00:50.490 I/ ( 0): dump_stack+0xd8/0x12c
01-01 08:00:50.490 I/ ( 0): register_lock_class+0x4d0/0x5c8
01-01 08:00:50.490 I/ ( 0): __lock_acquire+0xbc/0x1e58
01-01 08:00:50.490 I/ ( 0): lock_acquire+0x1cc/0x218
01-01 08:00:50.490 I/ ( 0): _raw_spin_lock_irqsave+0x54/0x98
01-01 08:00:50.490 I/ ( 0): ion_system_secure_heap_prefetch_work+0x94/0x2c0
01-01 08:00:50.490 I/ ( 0): process_one_work+0x38c/0x660
01-01 08:00:50.490 I/ ( 0): worker_thread+0x268/0x4b8
01-01 08:00:50.490 I/ ( 0): kthread+0x140/0x150
01-01 08:00:50.490 I/ ( 0): ret_from_fork+0x10/0x1c
01-01 08:00:50.498 E/ ( 0): INFO: trying to register non-static key.
01-01 08:00:50.503 E/ ( 0): the code is fine but needs lockdep annotation.
01-01 08:00:50.509 I/ ( 0): CPU: 5 PID: 276 Comm: kworker/u16:4 Tainted: G S W O 4.19.157+ #1
01-01 08:00:50.509 I/Hardware name( 0): Qualcomm Technologies, Inc. kona MTP-RmPM8150b. VX1(MCE) EVT1 (DT)
01-01 08:00:50.509 I/Workqueue( 0): events_unbound ion_system_secure_heap_prefetch_work
01-01 08:00:50.509 I/Call trace( 0):
01-01 08:00:50.509 I/ ( 0): dump_backtrace+0x0/0x258
01-01 08:00:50.509 I/ ( 0): show_stack+0x20/0x30
01-01 08:00:50.509 I/ ( 0): dump_stack+0xd8/0x12c
01-01 08:00:50.509 I/ ( 0): register_lock_class+0x4d0/0x5c8
01-01 08:00:50.509 I/ ( 0): __lock_acquire+0xbc/0x1e58
01-01 08:00:50.509 I/ ( 0): lock_acquire+0x1cc/0x218
01-01 08:00:50.509 I/ ( 0): _raw_spin_lock_irqsave+0x54/0x98
01-01 08:00:50.509 I/ ( 0): ion_system_secure_heap_prefetch_work+0x94/0x2c0
01-01 08:00:50.509 I/ ( 0): process_one_work+0x38c/0x660
01-01 08:00:50.509 I/ ( 0): worker_thread+0x268/0x4b8
01-01 08:00:50.509 I/ ( 0): kthread+0x140/0x150
01-01 08:00:50.509 I/ ( 0): ret_from_fork+0x10/0x1c
01-01 08:00:50.511 I/msm_vidc( 0): high: 00000001: vp8e: Closed video instance: ffffffc165d24000
01-01 08:00:50.513 I/binder ( 0): 2094:2094 ioctl 40046210 7fecc80914 returned -22
01-01 08:00:50.519 E/ ( 0): INFO: trying to register non-static key.
01-01 08:00:50.524 E/ ( 0): the code is fine but needs lockdep annotation.
01-01 08:00:50.530 I/ ( 0): CPU: 5 PID: 276 Comm: kworker/u16:4 Tainted: G S W O 4.19.157+ #1
01-01 08:00:50.530 I/Hardware name( 0): Qualcomm Technologies, Inc. kona MTP-RmPM8150b. VX1(MCE) EVT1 (DT)
01-01 08:00:50.530 I/Workqueue( 0): events_unbound ion_system_secure_heap_prefetch_work
01-01 08:00:50.530 I/Call trace( 0):
01-01 08:00:50.530 I/ ( 0): dump_backtrace+0x0/0x258
01-01 08:00:50.530 I/ ( 0): show_stack+0x20/0x30
01-01 08:00:50.530 I/ ( 0): dump_stack+0xd8/0x12c
01-01 08:00:50.530 I/ ( 0): register_lock_class+0x4d0/0x5c8
01-01 08:00:50.530 I/ ( 0): __lock_acquire+0xbc/0x1e58
01-01 08:00:50.530 I/ ( 0): lock_acquire+0x1cc/0x218
01-01 08:00:50.530 I/ ( 0): _raw_spin_lock_irqsave+0x54/0x98
01-01 08:00:50.530 I/ ( 0): ion_system_secure_heap_prefetch_work+0x94/0x2c0
01-01 08:00:50.530 I/ ( 0): process_one_work+0x38c/0x660
01-01 08:00:50.530 I/ ( 0): worker_thread+0x268/0x4b8
01-01 08:00:50.530 I/ ( 0): kthread+0x140/0x150
01-01 08:00:50.530 I/ ( 0): ret_from_fork+0x10/0x1c
01-01 08:00:50.536 D/cnss ( 0): Suspending PCI link
01-01 08:00:50.540 I/binder ( 0): 2109:2109 ioctl 40046210 7fecc80914 returned -22
01-01 08:00:50.540 E/ ( 0): INFO: trying to register non-static key.
01-01 08:00:50.546 E/ ( 0): the code is fine but needs lockdep annotation.
01-01 08:00:50.546 I/msm_pcie_disable( 0): PCIe: Assert the reset of endpoint of RC0.
01-01 08:00:50.551 I/ ( 0): CPU: 5 PID: 276 Comm: kworker/u16:4 Tainted: G S W O 4.19.157+ #1
01-01 08:00:50.551 I/Hardware name( 0): Qualcomm Technologies, Inc. kona MTP-RmPM8150b. VX1(MCE) EVT1 (DT)
01-01 08:00:50.551 I/Workqueue( 0): events_unbound ion_system_secure_heap_prefetch_work
01-01 08:00:50.551 I/Call trace( 0):
01-01 08:00:50.551 I/ ( 0): dump_backtrace+0x0/0x258
01-01 08:00:50.551 I/ ( 0): show_stack+0x20/0x30
01-01 08:00:50.551 I/ ( 0): dump_stack+0xd8/0x12c
01-01 08:00:50.551 I/ ( 0): register_lock_class+0x4d0/0x5c8
01-01 08:00:50.551 I/ ( 0): __lock_acquire+0xbc/0x1e58
01-01 08:00:50.551 I/ ( 0): lock_acquire+0x1cc/0x218
01-01 08:00:50.551 I/ ( 0): _raw_spin_lock_irqsave+0x54/0x98
01-01 08:00:50.551 I/ ( 0): ion_system_secure_heap_prefetch_work+0x94/0x2c0
01-01 08:00:50.551 I/ ( 0): process_one_work+0x38c/0x660
01-01 08:00:50.551 I/ ( 0): worker_thread+0x268/0x4b8
01-01 08:00:50.551 I/ ( 0): kthread+0x140/0x150
01-01 08:00:50.551 I/ ( 0): ret_from_fork+0x10/0x1c
01-01 08:00:50.555 D/cnss ( 0): Setting MHI state: DEINIT(1)
01-01 08:00:50.556 D/cnss ( 0): De-assert WLAN_EN GPIO successfully
01-01 08:00:50.556 D/cnss ( 0): Regulator vdd-wlan-rfa2 is being disabled
01-01 08:00:50.556 D/cnss ( 0): Regulator vdd-wlan-rfa1 is being disabled
01-01 08:00:50.556 D/cnss ( 0): Regulator vdd-wlan-dig is being disabled
01-01 08:00:50.556 D/cnss ( 0): Regulator vdd-wlan-aon is being disabled
01-01 08:00:50.556 D/cnss ( 0): Regulator wlan-ant-switch is being disabled
01-01 08:00:50.556 D/cnss ( 0): Regulator vdd-wlan-io is being disabled
03-14 03:53:37.311 W/StorageManagerService( 1017): No primary storage defined yet; hacking together a stub
03-14 03:53:37.313 W/ContextImpl( 1017): Calling a method in the system process without a qualified user: android.app.ContextImpl.bindService:1895 android.content.ContextWrapper.bindService:810 com.qualcomm.qti.activityextension.ActivityNotifier.bindToDynamicDDSService:103 com.qualcomm.qti.activityextension.ActivityNotifier.handleSendActivityInvokeNotification:184 com.qualcomm.qti.activityextension.ActivityNotifier.access$300:26
03-14 03:53:37.315 D/CompatibilityChangeReporter( 1017): Compat change id reported: 168419799; UID 1000; state: DISABLED
03-14 03:53:37.317 I/ActivityTaskManager( 1017): FOREGROUND_APPLICATION_CHANGED to com.android.settings.FallbackHome
03-14 03:53:37.319 D/SystemServerTiming( 1017): startHomeOnAllDisplays took to complete: 136ms
03-14 03:53:37.319 I/SystemServerTiming( 1017): showSystemReadyErrorDialogs
01-01 08:00:50.561 E/ ( 0): INFO: trying to register non-static key.
01-01 08:00:50.567 E/ ( 0): the code is fine but needs lockdep annotation.
01-01 08:00:50.572 I/ ( 0): CPU: 5 PID: 276 Comm: kworker/u16:4 Tainted: G S W O 4.19.157+ #1
01-01 08:00:50.572 I/Hardware name( 0): Qualcomm Technologies, Inc. kona MTP-RmPM8150b. VX1(MCE) EVT1 (DT)
01-01 08:00:50.572 I/Workqueue( 0): events_unbound ion_system_secure_heap_prefetch_work
01-01 08:00:50.572 I/Call trace( 0):
01-01 08:00:50.572 I/ ( 0): dump_backtrace+0x0/0x258
01-01 08:00:50.572 I/ ( 0): show_stack+0x20/0x30
01-01 08:00:50.572 I/ ( 0): dump_stack+0xd8/0x12c
01-01 08:00:50.572 I/ ( 0): register_lock_class+0x4d0/0x5c8
01-01 08:00:50.572 I/ ( 0): __lock_acquire+0xbc/0x1e58
01-01 08:00:50.572 I/ ( 0): lock_acquire+0x1cc/0x218
01-01 08:00:50.572 I/ ( 0): _raw_spin_lock_irqsave+0x54/0x98
01-01 08:00:50.572 I/ ( 0): ion_system_secure_heap_prefetch_work+0x94/0x2c0
01-01 08:00:50.572 I/ ( 0): process_one_work+0x38c/0x660
01-01 08:00:50.572 I/ ( 0): worker_thread+0x268/0x4b8
01-01 08:00:50.572 I/ ( 0): kthread+0x140/0x150
01-01 08:00:50.572 I/ ( 0): ret_from_fork+0x10/0x1c
01-01 08:00:50.581 E/ ( 0): INFO: trying to register non-static key.
01-01 08:00:50.586 E/ ( 0): the code is fine but needs lockdep annotation.
01-01 08:00:50.592 I/ ( 0): CPU: 5 PID: 276 Comm: kworker/u16:4 Tainted: G S W O 4.19.157+ #1
01-01 08:00:50.592 I/Hardware name( 0): Qualcomm Technologies, Inc. kona MTP-RmPM8150b. VX1(MCE) EVT1 (DT)
01-01 08:00:50.592 I/Workqueue( 0): events_unbound ion_system_secure_heap_prefetch_work
01-01 08:00:50.592 I/Call trace( 0):
01-01 08:00:50.592 I/ ( 0): dump_backtrace+0x0/0x258
01-01 08:00:50.592 I/ ( 0): show_stack+0x20/0x30
01-01 08:00:50.592 I/ ( 0): dump_stack+0xd8/0x12c
01-01 08:00:50.592 I/ ( 0): register_lock_class+0x4d0/0x5c8
01-01 08:00:50.592 I/ ( 0): __lock_acquire+0xbc/0x1e58
01-01 08:00:50.592 I/ ( 0): lock_acquire+0x1cc/0x218
01-01 08:00:50.592 I/ ( 0): _raw_spin_lock_irqsave+0x54/0x98
01-01 08:00:50.592 I/ ( 0): ion_system_secure_heap_prefetch_work+0x94/0x2c0
01-01 08:00:50.592 I/ ( 0): process_one_work+0x38c/0x660
01-01 08:00:50.592 I/ ( 0): worker_thread+0x268/0x4b8
01-01 08:00:50.592 I/ ( 0): kthread+0x140/0x150
01-01 08:00:50.592 I/ ( 0): ret_from_fork+0x10/0x1c
03-14 03:53:37.373 E/NativeTombstoneManager( 1017): Tombstone's UID (1000) not an app, ignoring
03-14 03:53:37.374 I/DropBoxManagerService( 1017): add tag=SYSTEM_TOMBSTONE_PROTO isTagEnabled=true flags=0x4
03-14 03:53:37.376 D/SystemServerTiming( 1017): showSystemReadyErrorDialogs took to complete: 56ms
03-14 03:53:37.376 I/SystemServerTiming( 1017): sendUserStartBroadcast
03-14 03:53:37.376 D/SystemServerTiming( 1017): sendUserStartBroadcast took to complete: 1ms
03-14 03:53:37.377 I/SystemServerTiming( 1017): resumeTopActivities
03-14 03:53:37.379 D/SystemServerTiming( 1017): resumeTopActivities took to complete: 3ms
03-14 03:53:37.379 I/SystemServerTiming( 1017): sendUserSwitchBroadcasts
03-14 03:53:37.380 D/SystemServerTiming( 1017): sendUserSwitchBroadcasts took to complete: 0ms
03-14 03:53:37.380 I/SystemServerTiming( 1017): setBinderProxies
03-14 03:53:37.380 D/SystemServerTiming( 1017): setBinderProxies took to complete: 0ms
03-14 03:53:37.380 D/SystemServerTiming( 1017): ActivityManagerStartApps took to complete: 338ms
03-14 03:53:37.380 D/SystemServerTiming( 1017): PhaseActivityManagerReady took to complete: 1107ms
03-14 03:53:37.380 I/SystemServerTiming( 1017): StartSystemUI
01-01 08:00:50.594 E/ ( 0): INFO: trying to register non-static key.
