01-01 09:04:41.308 D/cnss ( 0): Setting MHI state: RESUME(7)
01-01 09:04:41.319 I/[kworke][0x1159d17daf][10:26:31.037872] wlan( 0): [5967:I:PMO] pmo_core_psoc_send_host_wakeup_ind_to_fw: 1225: Host wakeup indication sent to fw
01-01 09:04:41.334 D/cnss ( 0): Runtime resume status: 0
01-01 09:04:41.338 D/cnss ( 0): Runtime idle
01-01 09:04:41.865 D/cnss ( 0): Runtime suspend start
01-01 09:04:41.870 I/[kworke][0x115a7305e8][10:26:31.589236] wlan( 0): [5967:I:PMO] pmo_core_is_wow_applicable: 319: lpass enabled, enabling wow
01-01 09:04:41.883 I/[kworke][0x115a76c468][10:26:31.602016] wlan( 0): [5967:I:PMO] pmo_core_enable_wow_in_fw: 807: drv wow is enabled
01-01 09:04:41.895 I/[kworke][0x115a7a2348][10:26:31.613520] wlan( 0): [5967:I:PMO] pmo_core_enable_wow_in_fw: 820: RTPM wow
01-01 09:04:41.905 I/[kworke][0x115a7d399a][10:26:31.624057] wlan( 0): [5967:I:WMI] send_wow_enable_cmd_tlv: 1831: suspend type: WOW_IFACE_PAUSE_ENABLED flag is 0x10
01-01 09:04:41.964 D/cnss ( 0): Setting MHI state: SUSPEND(6)
01-01 09:04:41.985 D/cnss ( 0): Suspending PCI link
01-01 09:04:41.989 D/cnss ( 0): Use PCIe DRV suspend
01-01 09:04:41.998 D/cnss ( 0): Runtime suspend status: 0
01-01 09:04:42.290 D/cnss ( 0): Runtime resume start
01-01 09:04:42.295 D/cnss ( 0): Resuming PCI link
01-01 09:04:42.304 D/cnss ( 0): Set PCI link status to: 2
01-01 09:04:42.309 D/cnss ( 0): Setting MHI state: RESUME(7)
01-01 09:04:42.321 I/[kworke][0x115af728f1][10:26:32.040262] wlan( 0): [6028:I:PMO] pmo_core_psoc_send_host_wakeup_ind_to_fw: 1225: Host wakeup indication sent to fw
01-01 09:04:42.337 D/cnss ( 0): Runtime resume status: 0
01-01 09:04:42.341 D/cnss ( 0): Runtime idle
01-01 09:04:43.973 D/cnss ( 0): Runtime suspend start
01-01 09:04:43.993 I/[kworke][0x115ce0fa49][10:26:33.712174] wlan( 0): [6028:I:PMO] pmo_core_is_wow_applicable: 319: lpass enabled, enabling wow
01-01 09:04:44.006 I/[kworke][0x115ce4aa3c][10:26:33.724759] wlan( 0): [6028:I:PMO] pmo_core_enable_wow_in_fw: 807: drv wow is enabled
01-01 09:04:44.015 I/init ( 0): starting service 'hht_ota_mgr_service'...
01-01 09:04:44.017 I/[kworke][0x115ce80091][10:26:33.736150] wlan( 0): [6028:I:PMO] pmo_core_enable_wow_in_fw: 820: RTPM wow
01-01 09:04:44.034 I/[kworke][0x115ceccd57][10:26:33.752533] wlan( 0): [6028:I:WMI] send_wow_enable_cmd_tlv: 1831: suspend type: WOW_IFACE_PAUSE_ENABLED flag is 0x10
01-01 09:04:44.091 D/cnss ( 0): Setting MHI state: SUSPEND(6)
01-01 09:04:44.097 D/cnss ( 0): Suspending PCI link
01-01 09:04:44.101 D/cnss ( 0): Use PCIe DRV suspend
01-01 09:04:44.111 D/cnss ( 0): Runtime suspend status: 0
01-01 09:04:44.237 I/init ( 0): Service 'hht_ota_mgr_service' (pid 7118) exited with status 0
01-01 09:04:44.263 I/init ( 0): Sending signal 9 to service 'hht_ota_mgr_service' (pid 7118) process group...
01-01 09:04:44.273 I/libprocessgroup( 0): Successfully killed process cgroup uid 0 pid 7118 in 0ms
01-01 09:04:44.284 D/cnss ( 0): Runtime resume start
01-01 09:04:44.289 D/cnss ( 0): Resuming PCI link
01-01 09:04:44.299 I/qcom_rpmh DRV( 0): apps_rsc TCS Busy, retrying RPMH message send: addr=0x30000
01-01 09:04:44.309 D/cnss ( 0): Set PCI link status to: 2
01-01 09:04:44.313 D/cnss ( 0): Setting MHI state: RESUME(7)
01-01 09:04:44.324 I/[kworke][0x115d41cf8c][10:26:34.042696] wlan( 0): [5967:I:PMO] pmo_core_psoc_send_host_wakeup_ind_to_fw: 1225: Host wakeup indication sent to fw
01-01 09:04:44.339 D/cnss ( 0): Runtime resume status: 0
01-01 09:04:44.343 D/cnss ( 0): Runtime idle
03-28 10:26:34.156 I/PowerManagerService( 1017): Powering on display group fromAsleep (groupId=0, uid=1000, reason=WAKE_REASON_POWER_BUTTON, details=android.policy:POWER)...
03-28 10:26:34.156 I/PowerManagerService( 1017): Waking up from Asleep (uid=1000, reason=WAKE_REASON_POWER_BUTTON, details=android.policy:POWER)...
03-28 10:26:34.169 I/DisplayPowerController[0]( 1017): Blocking screen on until initial contents have been drawn.
03-28 10:26:34.169 D/ActivityTaskManager( 1017): Top Process State changed to PROCESS_STATE_TOP
03-28 10:26:34.193 I/WindowManager( 1017): Suppressed redundant power key press while already in the process of turning the screen on.
03-28 10:26:34.198 W/BroadcastQueue( 1017): Background execution not allowed: receiving Intent { act=android.intent.action.USER_PRESENT flg=0x24200010 } to com.microsoft.emmx/org.chromium.chrome.browser.sharing.click_to_call.ClickToCallMessageHandler$PhoneUnlockedReceiver
03-28 10:26:34.201 V/DisplayPowerController[0]( 1017): Brightness [1.0] reason changing to: 'manual', previous reason: 'screen_off'.
03-28 10:26:34.204 E/KernelCpuSpeedReader( 1017): Failed to read cpu-freq: /sys/devices/system/cpu/cpu4/cpufreq/stats/time_in_state: open failed: ENOENT (No such file or directory)
03-28 10:26:34.205 E/KernelCpuSpeedReader( 1017): Failed to read cpu-freq: /sys/devices/system/cpu/cpu0/cpufreq/stats/time_in_state: open failed: ENOENT (No such file or directory)
03-28 10:26:34.205 I/DisplayDeviceRepository( 1017): Display device changed state: "内置屏幕", ON
03-28 10:26:34.205 I/DisplayPowerController[0]( 1017): Unblocked screen on after 37 ms
01-01 09:04:44.497 I/ ( 0): [MAX975X:max96755x_drm_notifier_callback] *INFO* receives EARLY_BLANK:UNBLANK
01-01 09:04:44.504 I/ALERT ( 0): changing window size from 20000000 to 16000000 at 3878272045496
01-01 09:04:44.513 I/cyttsp7_i2c_adapter 0-0024( 0): FB event:2,blank:0
01-01 09:04:44.518 I/cyttsp7_i2c_adapter 0-0024( 0): suspend: event = 2, blank = 0, not care
01-01 09:04:44.526 I/[drm:dsi_display_set_mode] [msm-dsi-info]( 0): mdp_transfer_time_us=0 us
01-01 09:04:44.534 I/[drm:dsi_display_set_mode] [msm-dsi-info]( 0): hactive= 2380,vactive= 1020,fps=60
01-01 09:04:44.542 I/[drm:dsi_ctrl_isr_configure] [msm-dsi-info]( 0): dsi-ctrl-0: IRQ 403 registered
03-28 10:26:34.331 E/DisplayDeviceConfig( 1017): requesting nits when no mapping exists.
03-28 10:26:34.331 E/DisplayDeviceConfig( 1017): requesting nits when no mapping exists.
01-01 09:04:44.605 I/ ( 0): [MAX975X:max96755x_drm_notifier_callback] *INFO* receives BLANK:UNBLANK
01-01 09:04:44.613 I/cyttsp7_i2c_adapter 0-0024( 0): FB event:1,blank:0
01-01 09:04:44.618 I/cyttsp7_i2c_adapter 0-0024( 0): drm_notifier_callback: UNBLANK! Resume by drm notifier.
03-28 10:26:34.336 I/DropBoxManagerService( 1017): add tag=system_server_wtf isTagEnabled=true flags=0x2
03-28 10:26:34.349 I/DropBoxManagerService( 1017): add tag=system_server_wtf isTagEnabled=true flags=0x2
01-01 09:04:44.693 I/[schedu][0x115dae0ce7][10:26:34.412154] wlan( 0): [2762:I:OSIF] scan start scan id 40978
03-28 10:26:34.843 D/WindowManager( 1017): powerPress: eventTime=3878885 interactive=true count=0 beganFromNonInteractive=false mShortPressOnPowerBehavior=1
03-28 10:26:34.844 I/PowerManagerService( 1017): Powering off display group due to power_button (groupId= 0, uid= 1000)...
03-28 10:26:34.844 I/PowerManagerService( 1017): Going to sleep due to power_button (uid 1000)...
03-28 10:26:34.847 I/PowerManagerService( 1017): Sleeping display group (groupId=0, uid=1000)...
03-28 10:26:34.847 I/PowerManagerService( 1017): Sleeping (uid 1000)...
03-28 10:26:34.986 I/DisplayPowerController[0]( 1017): Blocking screen off
03-28 10:26:34.986 E/DisplayDeviceConfig( 1017): requesting nits when no mapping exists.
03-28 10:26:34.987 I/DisplayPowerController[0]( 1017): Unblocked screen off after 0 ms
03-28 10:26:34.987 E/DisplayDeviceConfig( 1017): requesting nits when no mapping exists.
03-28 10:26:34.990 I/DropBoxManagerService( 1017): add tag=system_server_wtf isTagEnabled=true flags=0x2
03-28 10:26:34.994 E/KernelCpuSpeedReader( 1017): Failed to read cpu-freq: /sys/devices/system/cpu/cpu4/cpufreq/stats/time_in_state: open failed: ENOENT (No such file or directory)
03-28 10:26:34.995 E/KernelCpuSpeedReader( 1017): Failed to read cpu-freq: /sys/devices/system/cpu/cpu0/cpufreq/stats/time_in_state: open failed: ENOENT (No such file or directory)
03-28 10:26:35.012 D/ActivityTaskManager( 1017): Top Process State changed to PROCESS_STATE_TOP_SLEEPING
03-28 10:26:35.025 V/DisplayPowerController[0]( 1017): Brightness [0.0] reason changing to: 'screen_off', previous reason: 'manual'.
03-28 10:26:35.026 I/DisplayDeviceRepository( 1017): Display device changed state: "内置屏幕", OFF
01-01 09:04:45.340 I/ ( 0): [MAX975X:max96755x_drm_notifier_callback] *INFO* receives EARLY_BLANK:POWERDOWN
01-01 09:04:45.348 I/cyttsp7_i2c_adapter 0-0024( 0): FB event:2,blank:1
01-01 09:04:45.354 I/cyttsp7_i2c_adapter 0-0024( 0): drm_notifier_callback: POWERDOWN! Suspend by drm notifier.
01-01 09:04:45.374 I/ ( 0): [MAX975X:max96755x_drm_notifier_callback] *INFO* receives BLANK:POWERDOWN
01-01 09:04:45.382 I/cyttsp7_i2c_adapter 0-0024( 0): FB event:1,blank:1
01-01 09:04:45.388 I/cyttsp7_i2c_adapter 0-0024( 0): resume: event = 1 blank = 1, not care
01-01 09:04:45.416 I/ALERT ( 0): changing window size from 16000000 to 20000000 at 3879184046329
03-28 10:26:35.162 W/FreeFormWindowHelper( 1017): Current Display FreeFormTask is null
03-28 10:26:35.664 I/PowerManagerService( 1017): Powering on display group fromAsleep (groupId=0, uid=1000, reason=WAKE_REASON_POWER_BUTTON, details=android.policy:POWER)...
03-28 10:26:35.664 I/PowerManagerService( 1017): Waking up from Asleep (uid=1000, reason=WAKE_REASON_POWER_BUTTON, details=android.policy:POWER)...
03-28 10:26:35.682 I/DisplayPowerController[0]( 1017): Blocking screen on until initial contents have been drawn.
03-28 10:26:35.682 D/ActivityTaskManager( 1017): Top Process State changed to PROCESS_STATE_TOP
03-28 10:26:35.698 V/DisplayPowerController[0]( 1017): Brightness [1.0] reason changing to: 'manual', previous reason: 'screen_off'.
03-28 10:26:35.711 I/WindowManager( 1017): Suppressed redundant power key press while already in the process of turning the screen on.
01-01 09:04:45.992 I/ ( 0): [MAX975X:max96755x_drm_notifier_callback] *INFO* receives EARLY_BLANK:UNBLANK
01-01 09:04:45.996 I/ALERT ( 0): changing window size from 20000000 to 16000000 at 3879764062318
03-28 10:26:35.716 W/BroadcastQueue( 1017): Background execution not allowed: receiving Intent { act=android.intent.action.USER_PRESENT flg=0x24200010 } to com.microsoft.emmx/org.chromium.chrome.browser.sharing.click_to_call.ClickToCallMessageHandler$PhoneUnlockedReceiver
03-28 10:26:35.717 I/DisplayDeviceRepository( 1017): Display device changed state: "内置屏幕", ON
03-28 10:26:35.722 E/KernelCpuSpeedReader( 1017): Failed to read cpu-freq: /sys/devices/system/cpu/cpu4/cpufreq/stats/time_in_state: open failed: ENOENT (No such file or directory)
03-28 10:26:35.722 E/KernelCpuSpeedReader( 1017): Failed to read cpu-freq: /sys/devices/system/cpu/cpu0/cpufreq/stats/time_in_state: open failed: ENOENT (No such file or directory)
03-28 10:26:35.723 I/DisplayPowerController[0]( 1017): Unblocked screen on after 40 ms
01-01 09:04:46.009 I/cyttsp7_i2c_adapter 0-0024( 0): FB event:2,blank:0
01-01 09:04:46.014 I/cyttsp7_i2c_adapter 0-0024( 0): suspend: event = 2, blank = 0, not care
01-01 09:04:46.022 I/[drm:dsi_display_set_mode] [msm-dsi-info]( 0): mdp_transfer_time_us=0 us
01-01 09:04:46.030 I/[drm:dsi_display_set_mode] [msm-dsi-info]( 0): hactive= 2380,vactive= 1020,fps=60
01-01 09:04:46.038 I/[drm:dsi_ctrl_isr_configure] [msm-dsi-info]( 0): dsi-ctrl-0: IRQ 403 registered
01-01 09:04:46.100 I/ ( 0): [MAX975X:max96755x_drm_notifier_callback] *INFO* receives BLANK:UNBLANK
01-01 09:04:46.108 I/cyttsp7_i2c_adapter 0-0024( 0): FB event:1,blank:0
03-28 10:26:35.824 E/DisplayDeviceConfig( 1017): requesting nits when no mapping exists.
03-28 10:26:35.826 E/DisplayDeviceConfig( 1017): requesting nits when no mapping exists.
01-01 09:04:46.114 I/cyttsp7_i2c_adapter 0-0024( 0): drm_notifier_callback: UNBLANK! Resume by drm notifier.
01-01 09:04:46.824 I/[schedu][0x11601e494e][10:26:36.542880] wlan( 0): [2762:I:OSIF] vdev 0, scan id 40978 type COMPLETED(1) reason COMPLETED(1) scan found 50 bss
03-28 10:26:36.901 D/WindowManager( 1017): powerPress: eventTime=3880946 interactive=true count=0 beganFromNonInteractive=false mShortPressOnPowerBehavior=1
03-28 10:26:36.902 I/PowerManagerService( 1017): Powering off display group due to power_button (groupId= 0, uid= 1000)...
03-28 10:26:36.902 I/PowerManagerService( 1017): Going to sleep due to power_button (uid 1000)...
03-28 10:26:36.905 I/PowerManagerService( 1017): Sleeping display group (groupId=0, uid=1000)...
03-28 10:26:36.905 I/PowerManagerService( 1017): Sleeping (uid 1000)...
03-28 10:26:37.034 I/DisplayPowerController[0]( 1017): Blocking screen off
03-28 10:26:37.035 E/DisplayDeviceConfig( 1017): requesting nits when no mapping exists.
03-28 10:26:37.035 I/DisplayPowerController[0]( 1017): Unblocked screen off after 1 ms
03-28 10:26:37.036 E/DisplayDeviceConfig( 1017): requesting nits when no mapping exists.
03-28 10:26:37.056 E/KernelCpuSpeedReader( 1017): Failed to read cpu-freq: /sys/devices/system/cpu/cpu4/cpufreq/stats/time_in_state: open failed: ENOENT (No such file or directory)
03-28 10:26:37.056 D/ActivityTaskManager( 1017): Top Process State changed to PROCESS_STATE_TOP_SLEEPING
03-28 10:26:37.057 E/KernelCpuSpeedReader( 1017): Failed to read cpu-freq: /sys/devices/system/cpu/cpu0/cpufreq/stats/time_in_state: open failed: ENOENT (No such file or directory)
03-28 10:26:37.072 V/DisplayPowerController[0]( 1017): Brightness [0.0] reason changing to: 'screen_off', previous reason: 'manual'.
03-28 10:26:37.073 I/DisplayDeviceRepository( 1017): Display device changed state: "内置屏幕", OFF
01-01 09:04:47.387 I/ ( 0): [MAX975X:max96755x_drm_notifier_callback] *INFO* receives EARLY_BLANK:POWERDOWN
01-01 09:04:47.396 I/cyttsp7_i2c_adapter 0-0024( 0): FB event:2,blank:1
01-01 09:04:47.401 I/cyttsp7_i2c_adapter 0-0024( 0): drm_notifier_callback: POWERDOWN! Suspend by drm notifier.
01-01 09:04:47.421 I/ ( 0): [MAX975X:max96755x_drm_notifier_callback] *INFO* receives BLANK:POWERDOWN
01-01 09:04:47.429 I/cyttsp7_i2c_adapter 0-0024( 0): FB event:1,blank:1
01-01 09:04:47.435 I/cyttsp7_i2c_adapter 0-0024( 0): resume: event = 1 blank = 1, not care
01-01 09:04:47.452 I/ALERT ( 0): changing window size from 16000000 to 20000000 at 3881220082370
03-28 10:26:37.206 W/FreeFormWindowHelper( 1017): Current Display FreeFormTask is null
01-01 09:04:48.049 D/cnss ( 0): Runtime suspend start
01-01 09:04:48.054 I/[kworke][0x1161869e0b][10:26:37.772809] wlan( 0): [491:I:PMO] pmo_core_is_wow_applicable: 319: lpass enabled, enabling wow
01-01 09:04:48.067 I/[kworke][0x11618a5a87][10:26:37.785562] wlan( 0): [491:I:PMO] pmo_core_enable_wow_in_fw: 807: drv wow is enabled
01-01 09:04:48.078 I/[kworke][0x11618da37b][10:26:37.796774] wlan( 0): [491:I:PMO] pmo_core_enable_wow_in_fw: 820: RTPM wow
01-01 09:04:48.088 I/[kworke][0x116190abed][10:26:37.807126] wlan( 0): [491:I:WMI] send_wow_enable_cmd_tlv: 1831: suspend type: WOW_IFACE_PAUSE_ENABLED flag is 0x10
03-28 10:26:37.864 I/PowerManagerService( 1017): Powering on display group fromAsleep (groupId=0, uid=1000, reason=WAKE_REASON_POWER_BUTTON, details=android.policy:POWER)...
03-28 10:26:37.864 I/PowerManagerService( 1017): Waking up from Asleep (uid=1000, reason=WAKE_REASON_POWER_BUTTON, details=android.policy:POWER)...
01-01 09:04:48.144 D/cnss ( 0): Setting MHI state: SUSPEND(6)
01-01 09:04:48.149 D/cnss ( 0): Suspending PCI link
01-01 09:04:48.153 D/cnss ( 0): Use PCIe DRV suspend
03-28 10:26:37.870 I/DisplayPowerController[0]( 1017): Blocking screen on until initial contents have been drawn.
03-28 10:26:37.870 D/ActivityTaskManager( 1017): Top Process State changed to PROCESS_STATE_TOP
03-28 10:26:37.872 E/KernelCpuSpeedReader( 1017): Failed to read cpu-freq: /sys/devices/system/cpu/cpu4/cpufreq/stats/time_in_state: open failed: ENOENT (No such file or directory)
03-28 10:26:37.873 E/KernelCpuSpeedReader( 1017): Failed to read cpu-freq: /sys/devices/system/cpu/cpu0/cpufreq/stats/time_in_state: open failed: ENOENT (No such file or directory)
01-01 09:04:48.160 D/cnss ( 0): Runtime suspend status: 0
03-28 10:26:37.883 V/DisplayPowerController[0]( 1017): Brightness [1.0] reason changing to: 'manual', previous reason: 'screen_off'.
03-28 10:26:37.885 I/WindowManager( 1017): Suppressed redundant power key press while already in the process of turning the screen on.
03-28 10:26:37.889 W/BroadcastQueue( 1017): Background execution not allowed: receiving Intent { act=android.intent.action.USER_PRESENT flg=0x24200010 } to com.microsoft.emmx/org.chromium.chrome.browser.sharing.click_to_call.ClickToCallMessageHandler$PhoneUnlockedReceiver
03-28 10:26:37.894 I/DisplayDeviceRepository( 1017): Display device changed state: "内置屏幕", ON
03-28 10:26:37.895 I/DisplayPowerController[0]( 1017): Unblocked screen on after 25 ms
01-01 09:04:48.175 I/ ( 0): [MAX975X:max96755x_drm_notifier_callback] *INFO* receives EARLY_BLANK:UNBLANK
01-01 09:04:48.183 I/cyttsp7_i2c_adapter 0-0024( 0): FB event:2,blank:0
01-01 09:04:48.189 D/cnss ( 0): Starting to handle get info prepare
01-01 09:04:48.189 I/cyttsp7_i2c_adapter 0-0024( 0): suspend: event = 2, blank = 0, not care
01-01 09:04:48.192 I/ALERT ( 0): changing window size from 20000000 to 16000000 at 3881960044974
01-01 09:04:48.194 D/cnss ( 0): Resuming PCI link
01-01 09:04:48.202 I/[drm:dsi_display_set_mode] [msm-dsi-info]( 0): mdp_transfer_time_us=0 us
01-01 09:04:48.211 D/cnss ( 0): Set PCI link status to: 2
01-01 09:04:48.213 I/[drm:dsi_display_set_mode] [msm-dsi-info]( 0): hactive= 2380,vactive= 1020,fps=60
01-01 09:04:48.221 D/cnss ( 0): Setting MHI state: RESUME(7)
01-01 09:04:48.225 D/cnss ( 0): Sending get info message, type: 0, cmd length: 28, state: 0x107
01-01 09:04:48.225 I/[drm:dsi_ctrl_isr_configure] [msm-dsi-info]( 0): dsi-ctrl-0: IRQ 403 registered
01-01 09:04:48.230 D/cnss ( 0): Runtime resume start
01-01 09:04:48.232 I/[kworke][0x1161baa455][10:26:37.950386] wlan( 0): [6028:I:PMO] pmo_core_psoc_send_host_wakeup_ind_to_fw: 1225: Host wakeup indication sent to fw
01-01 09:04:48.245 D/cnss ( 0): Runtime resume status: 0
01-01 09:04:48.274 D/cnss ( 0): Received QMI WLFW respond get info indication
01-01 09:04:48.287 D/cnss ( 0): Extract message with event length: 812, type: 0, is last: 0, seq no: 0
01-01 09:04:48.296 D/cnss ( 0): Received QMI WLFW respond get info indication
01-01 09:04:48.302 I/ ( 0): [MAX975X:max96755x_drm_notifier_callback] *INFO* receives BLANK:UNBLANK
01-01 09:04:48.302 D/cnss ( 0): Extract message with event length: 576, type: 0, is last: 0, seq no: 0
03-28 10:26:38.026 E/DisplayDeviceConfig( 1017): requesting nits when no mapping exists.
03-28 10:26:38.026 E/DisplayDeviceConfig( 1017): requesting nits when no mapping exists.
03-28 10:26:38.032 I/DropBoxManagerService( 1017): add tag=system_server_wtf isTagEnabled=true flags=0x2
01-01 09:04:48.311 I/cyttsp7_i2c_adapter 0-0024( 0): FB event:1,blank:0
01-01 09:04:48.319 D/cnss ( 0): Received QMI WLFW respond get info indication
01-01 09:04:48.319 D/cnss ( 0): Extract message with event length: 488, type: 0, is last: 0, seq no: 0
01-01 09:04:48.319 D/cnss ( 0): Received QMI WLFW respond get info indication
03-28 10:26:38.042 I/DropBoxManagerService( 1017): add tag=system_server_wtf isTagEnabled=true flags=0x2
01-01 09:04:48.325 I/cyttsp7_i2c_adapter 0-0024( 0): drm_notifier_callback: UNBLANK! Resume by drm notifier.
01-01 09:04:48.331 D/cnss ( 0): Extract message with event length: 748, type: 0, is last: 0, seq no: 0
01-01 09:04:48.331 D/cnss ( 0): Received QMI WLFW respond get info indication
01-01 09:04:48.368 D/cnss ( 0): Extract message with event length: 812, type: 0, is last: 0, seq no: 0
01-01 09:04:48.377 D/cnss ( 0): Received QMI WLFW respond get info indication
01-01 09:04:48.383 D/cnss ( 0): Extract message with event length: 748, type: 0, is last: 0, seq no: 0
01-01 09:04:48.530 I/[schedu][0x116211f30a][10:26:38.248396] wlan( 0): [2762:I:OSIF] scan start scan id 40979
01-01 09:04:49.060 I/init ( 0): starting service 'hht_ota_mgr_service'...
01-01 09:04:49.278 I/init ( 0): Service 'hht_ota_mgr_service' (pid 7161) exited with status 0
01-01 09:04:49.302 I/init ( 0): Sending signal 9 to service 'hht_ota_mgr_service' (pid 7161) process group...
01-01 09:04:49.312 I/libprocessgroup( 0): Successfully killed process cgroup uid 0 pid 7161 in 0ms
01-01 09:04:50.316 I/[schedu][0x11641d602c][10:26:40.035025] wlan( 0): [2762:I:OSIF] vdev 0, scan id 40979 type COMPLETED(1) reason COMPLETED(1) scan found 48 bss
03-28 10:26:40.667 D/ViewRootImpl[NavigationBar0]( 2013): updatePointerIcon called with position out of bounds
03-28 10:26:41.497 D/WindowManager( 1017): powerPress: eventTime=3885537 interactive=true count=0 beganFromNonInteractive=false mShortPressOnPowerBehavior=1
03-28 10:26:41.497 I/PowerManagerService( 1017): Powering off display group due to power_button (groupId= 0, uid= 1000)...
03-28 10:26:41.497 I/PowerManagerService( 1017): Going to sleep due to power_button (uid 1000)...
03-28 10:26:41.503 I/PowerManagerService( 1017): Sleeping display group (groupId=0, uid=1000)...
03-28 10:26:41.503 I/PowerManagerService( 1017): Sleeping (uid 1000)...
03-28 10:26:41.665 I/DisplayPowerController[0]( 1017): Blocking screen off
03-28 10:26:41.666 E/DisplayDeviceConfig( 1017): requesting nits when no mapping exists.
03-28 10:26:41.666 I/DisplayPowerController[0]( 1017): Unblocked screen off after 1 ms
03-28 10:26:41.667 E/DisplayDeviceConfig( 1017): requesting nits when no mapping exists.
03-28 10:26:41.669 I/DropBoxManagerService( 1017): add tag=system_server_wtf isTagEnabled=true flags=0x2
03-28 10:26:41.685 D/ActivityTaskManager( 1017): Top Process State changed to PROCESS_STATE_TOP_SLEEPING
03-28 10:26:41.694 I/DropBoxManagerService( 1017): add tag=system_server_wtf isTagEnabled=true flags=0x2
03-28 10:26:41.694 V/DisplayPowerController[0]( 1017): Brightness [0.0] reason changing to: 'screen_off', previous reason: 'manual'.
03-28 10:26:41.696 I/DisplayDeviceRepository( 1017): Display device changed state: "内置屏幕", OFF
03-28 10:26:41.698 E/KernelCpuSpeedReader( 1017): Failed to read cpu-freq: /sys/devices/system/cpu/cpu4/cpufreq/stats/time_in_state: open failed: ENOENT (No such file or directory)
03-28 10:26:41.698 E/KernelCpuSpeedReader( 1017): Failed to read cpu-freq: /sys/devices/system/cpu/cpu0/cpufreq/stats/time_in_state: open failed: ENOENT (No such file or directory)
01-01 09:04:51.993 I/ ( 0): [MAX975X:max96755x_drm_notifier_callback] *INFO* receives EARLY_BLANK:POWERDOWN
01-01 09:04:52.002 I/cyttsp7_i2c_adapter 0-0024( 0): FB event:2,blank:1
01-01 09:04:52.008 I/cyttsp7_i2c_adapter 0-0024( 0): drm_notifier_callback: POWERDOWN! Suspend by drm notifier.
01-01 09:04:52.028 I/ ( 0): [MAX975X:max96755x_drm_notifier_callback] *INFO* receives BLANK:POWERDOWN
01-01 09:04:52.036 I/cyttsp7_i2c_adapter 0-0024( 0): FB event:1,blank:1
01-01 09:04:52.042 I/cyttsp7_i2c_adapter 0-0024( 0): resume: event = 1 blank = 1, not care
01-01 09:04:52.064 I/ALERT ( 0): changing window size from 16000000 to 20000000 at 3885832045858
03-28 10:26:41.838 W/FreeFormWindowHelper( 1017): Current Display FreeFormTask is null
03-28 10:26:42.625 I/PowerManagerService( 1017): Powering on display group fromAsleep (groupId=0, uid=1000, reason=WAKE_REASON_POWER_BUTTON, details=android.policy:POWER)...
03-28 10:26:42.625 I/PowerManagerService( 1017): Waking up from Asleep (uid=1000, reason=WAKE_REASON_POWER_BUTTON, details=android.policy:POWER)...
03-28 10:26:42.642 I/DisplayPowerController[0]( 1017): Blocking screen on until initial contents have been drawn.
03-28 10:26:42.642 D/ActivityTaskManager( 1017): Top Process State changed to PROCESS_STATE_TOP
03-28 10:26:42.649 E/KernelCpuSpeedReader( 1017): Failed to read cpu-freq: /sys/devices/system/cpu/cpu4/cpufreq/stats/time_in_state: open failed: ENOENT (No such file or directory)
03-28 10:26:42.649 E/KernelCpuSpeedReader( 1017): Failed to read cpu-freq: /sys/devices/system/cpu/cpu0/cpufreq/stats/time_in_state: open failed: ENOENT (No such file or directory)
03-28 10:26:42.656 I/WindowManager( 1017): Suppressed redundant power key press while already in the process of turning the screen on.
03-28 10:26:42.657 W/BroadcastQueue( 1017): Background execution not allowed: receiving Intent { act=android.intent.action.USER_PRESENT flg=0x24200010 } to com.microsoft.emmx/org.chromium.chrome.browser.sharing.click_to_call.ClickToCallMessageHandler$PhoneUnlockedReceiver
03-28 10:26:42.659 V/DisplayPowerController[0]( 1017): Brightness [1.0] reason changing to: 'manual', previous reason: 'screen_off'.
03-28 10:26:42.668 I/DisplayPowerController[0]( 1017): Unblocked screen on after 26 ms
03-28 10:26:42.672 I/DisplayDeviceRepository( 1017): Display device changed state: "内置屏幕", ON
01-01 09:04:52.951 I/ ( 0): [MAX975X:max96755x_drm_notifier_callback] *INFO* receives EARLY_BLANK:UNBLANK
01-01 09:04:52.959 I/cyttsp7_i2c_adapter 0-0024( 0): FB event:2,blank:0
01-01 09:04:52.964 I/ALERT ( 0): changing window size from 20000000 to 16000000 at 3886732042055
01-01 09:04:52.973 I/cyttsp7_i2c_adapter 0-0024( 0): suspend: event = 2, blank = 0, not care
01-01 09:04:52.981 I/[drm:dsi_display_set_mode] [msm-dsi-info]( 0): mdp_transfer_time_us=0 us
01-01 09:04:52.989 I/[drm:dsi_display_set_mode] [msm-dsi-info]( 0): hactive= 2380,vactive= 1020,fps=60
01-01 09:04:52.998 I/[drm:dsi_ctrl_isr_configure] [msm-dsi-info]( 0): dsi-ctrl-0: IRQ 403 registered
01-01 09:04:53.063 I/ ( 0): [MAX975X:max96755x_drm_notifier_callback] *INFO* receives BLANK:UNBLANK
01-01 09:04:53.071 I/cyttsp7_i2c_adapter 0-0024( 0): FB event:1,blank:0
03-28 10:26:42.786 E/DisplayDeviceConfig( 1017): requesting nits when no mapping exists.
03-28 10:26:42.786 E/DisplayDeviceConfig( 1017): requesting nits when no mapping exists.
01-01 09:04:53.077 I/cyttsp7_i2c_adapter 0-0024( 0): drm_notifier_callback: UNBLANK! Resume by drm notifier.
03-28 10:26:42.797 I/DropBoxManagerService( 1017): add tag=system_server_wtf isTagEnabled=true flags=0x2
01-01 09:04:53.106 I/[schedu][0x11674e9a5c][10:26:42.824493] wlan( 0): [2762:I:OSIF] scan start scan id 40980
03-28 10:26:43.325 D/WindowManager( 1017): powerPress: eventTime=3887367 interactive=true count=0 beganFromNonInteractive=false mShortPressOnPowerBehavior=1
03-28 10:26:43.325 I/PowerManagerService( 1017): Powering off display group due to power_button (groupId= 0, uid= 1000)...
03-28 10:26:43.326 I/PowerManagerService( 1017): Going to sleep due to power_button (uid 1000)...
03-28 10:26:43.330 I/PowerManagerService( 1017): Sleeping display group (groupId=0, uid=1000)...
03-28 10:26:43.330 I/PowerManagerService( 1017): Sleeping (uid 1000)...
03-28 10:26:43.439 I/DisplayPowerController[0]( 1017): Blocking screen off
03-28 10:26:43.440 E/DisplayDeviceConfig( 1017): requesting nits when no mapping exists.
03-28 10:26:43.440 I/DisplayPowerController[0]( 1017): Unblocked screen off after 1 ms
03-28 10:26:43.440 E/DisplayDeviceConfig( 1017): requesting nits when no mapping exists.
03-28 10:26:43.453 D/ActivityTaskManager( 1017): Top Process State changed to PROCESS_STATE_TOP_SLEEPING
03-28 10:26:43.460 E/KernelCpuSpeedReader( 1017): Failed to read cpu-freq: /sys/devices/system/cpu/cpu4/cpufreq/stats/time_in_state: open failed: ENOENT (No such file or directory)
03-28 10:26:43.460 E/KernelCpuSpeedReader( 1017): Failed to read cpu-freq: /sys/devices/system/cpu/cpu0/cpufreq/stats/time_in_state: open failed: ENOENT (No such file or directory)
03-28 10:26:43.465 V/DisplayPowerController[0]( 1017): Brightness [0.0] reason changing to: 'screen_off', previous reason: 'manual'.
03-28 10:26:43.466 I/DisplayDeviceRepository( 1017): Display device changed state: "内置屏幕", OFF
01-01 09:04:53.765 I/ ( 0): [MAX975X:max96755x_drm_notifier_callback] *INFO* receives EARLY_BLANK:POWERDOWN
01-01 09:04:53.774 I/cyttsp7_i2c_adapter 0-0024( 0): FB event:2,blank:1
01-01 09:04:53.779 I/cyttsp7_i2c_adapter 0-0024( 0): drm_notifier_callback: POWERDOWN! Suspend by drm notifier.
01-01 09:04:53.799 I/ ( 0): [MAX975X:max96755x_drm_notifier_callback] *INFO* receives BLANK:POWERDOWN
01-01 09:04:53.807 I/cyttsp7_i2c_adapter 0-0024( 0): FB event:1,blank:1
01-01 09:04:53.813 I/cyttsp7_i2c_adapter 0-0024( 0): resume: event = 1 blank = 1, not care
01-01 09:04:53.828 I/ALERT ( 0): changing window size from 16000000 to 20000000 at 3887596039242
03-28 10:26:43.606 W/FreeFormWindowHelper( 1017): Current Display FreeFormTask is null
01-01 09:04:54.101 I/init ( 0): starting service 'hht_ota_mgr_service'...
03-28 10:26:43.976 I/PowerManagerService( 1017): Powering on display group fromAsleep (groupId=0, uid=1000, reason=WAKE_REASON_POWER_BUTTON, details=android.policy:POWER)...
03-28 10:26:43.976 I/PowerManagerService( 1017): Waking up from Asleep (uid=1000, reason=WAKE_REASON_POWER_BUTTON, details=android.policy:POWER)...
03-28 10:26:43.987 I/DisplayPowerController[0]( 1017): Blocking screen on until initial contents have been drawn.
03-28 10:26:43.987 D/ActivityTaskManager( 1017): Top Process State changed to PROCESS_STATE_TOP
03-28 10:26:43.988 E/KernelCpuSpeedReader( 1017): Failed to read cpu-freq: /sys/devices/system/cpu/cpu4/cpufreq/stats/time_in_state: open failed: ENOENT (No such file or directory)
03-28 10:26:43.989 E/KernelCpuSpeedReader( 1017): Failed to read cpu-freq: /sys/devices/system/cpu/cpu0/cpufreq/stats/time_in_state: open failed: ENOENT (No such file or directory)
03-28 10:26:44.005 I/WindowManager( 1017): Suppressed redundant power key press while already in the process of turning the screen on.
03-28 10:26:44.008 V/DisplayPowerController[0]( 1017): Brightness [1.0] reason changing to: 'manual', previous reason: 'screen_off'.
03-28 10:26:44.009 W/BroadcastQueue( 1017): Background execution not allowed: receiving Intent { act=android.intent.action.USER_PRESENT flg=0x24200010 } to com.microsoft.emmx/org.chromium.chrome.browser.sharing.click_to_call.ClickToCallMessageHandler$PhoneUnlockedReceiver
03-28 10:26:44.010 I/DisplayDeviceRepository( 1017): Display device changed state: "内置屏幕", ON
03-28 10:26:44.023 I/DisplayPowerController[0]( 1017): Unblocked screen on after 36 ms
01-01 09:04:54.299 I/ ( 0): [MAX975X:max96755x_drm_notifier_callback] *INFO* receives EARLY_BLANK:UNBLANK
01-01 09:04:54.308 I/cyttsp7_i2c_adapter 0-0024( 0): FB event:2,blank:0
01-01 09:04:54.308 I/ALERT ( 0): changing window size from 20000000 to 16000000 at 3888076028201
01-01 09:04:54.321 I/cyttsp7_i2c_adapter 0-0024( 0): suspend: event = 2, blank = 0, not care
01-01 09:04:54.329 I/[drm:dsi_display_set_mode] [msm-dsi-info]( 0): mdp_transfer_time_us=0 us
01-01 09:04:54.337 I/[drm:dsi_display_set_mode] [msm-dsi-info]( 0): hactive= 2380,vactive= 1020,fps=60
01-01 09:04:54.338 I/init ( 0): Service 'hht_ota_mgr_service' (pid 7179) exited with status 0
01-01 09:04:54.338 I/init ( 0): Sending signal 9 to service 'hht_ota_mgr_service' (pid 7179) process group...
01-01 09:04:54.339 I/libprocessgroup( 0): Successfully killed process cgroup uid 0 pid 7179 in 0ms
01-01 09:04:54.392 I/[drm:dsi_ctrl_isr_configure] [msm-dsi-info]( 0): dsi-ctrl-0: IRQ 403 registered
01-01 09:04:54.457 I/ ( 0): [MAX975X:max96755x_drm_notifier_callback] *INFO* receives BLANK:UNBLANK
01-01 09:04:54.465 I/cyttsp7_i2c_adapter 0-0024( 0): FB event:1,blank:0
01-01 09:04:54.471 I/cyttsp7_i2c_adapter 0-0024( 0): drm_notifier_callback: UNBLANK! Resume by drm notifier.
03-28 10:26:44.198 E/DisplayDeviceConfig( 1017): requesting nits when no mapping exists.
03-28 10:26:44.202 E/DisplayDeviceConfig( 1017): requesting nits when no mapping exists.
03-28 10:26:44.207 W/PowerManagerService( 1017): Screen on took 237 ms
01-01 09:04:55.150 I/[schedu][0x1169a562f8][10:26:44.868342] wlan( 0): [2762:I:OSIF] vdev 0, scan id 40980 type COMPLETED(1) reason COMPLETED(1) scan found 41 bss
03-28 10:26:44.899 D/WindowManager( 1017): powerPress: eventTime=3888940 interactive=true count=0 beganFromNonInteractive=false mShortPressOnPowerBehavior=1
03-28 10:26:44.899 I/PowerManagerService( 1017): Powering off display group due to power_button (groupId= 0, uid= 1000)...
03-28 10:26:44.899 I/PowerManagerService( 1017): Going to sleep due to power_button (uid 1000)...
03-28 10:26:44.904 I/PowerManagerService( 1017): Sleeping display group (groupId=0, uid=1000)...
03-28 10:26:44.904 I/PowerManagerService( 1017): Sleeping (uid 1000)...
03-28 10:26:45.023 I/DisplayPowerController[0]( 1017): Blocking screen off
03-28 10:26:45.023 E/DisplayDeviceConfig( 1017): requesting nits when no mapping exists.
03-28 10:26:45.023 I/DisplayPowerController[0]( 1017): Unblocked screen off after 1 ms
03-28 10:26:45.024 E/DisplayDeviceConfig( 1017): requesting nits when no mapping exists.
03-28 10:26:45.044 D/ActivityTaskManager( 1017): Top Process State changed to PROCESS_STATE_TOP_SLEEPING
03-28 10:26:45.051 V/DisplayPowerController[0]( 1017): Brightness [0.0] reason changing to: 'screen_off', previous reason: 'manual'.
03-28 10:26:45.052 I/DisplayDeviceRepository( 1017): Display device changed state: "内置屏幕", OFF
03-28 10:26:45.055 E/KernelCpuSpeedReader( 1017): Failed to read cpu-freq: /sys/devices/system/cpu/cpu4/cpufreq/stats/time_in_state: open failed: ENOENT (No such file or directory)
03-28 10:26:45.055 E/KernelCpuSpeedReader( 1017): Failed to read cpu-freq: /sys/devices/system/cpu/cpu0/cpufreq/stats/time_in_state: open failed: ENOENT (No such file or directory)
01-01 09:04:55.359 I/ ( 0): [MAX975X:max96755x_drm_notifier_callback] *INFO* receives EARLY_BLANK:POWERDOWN
01-01 09:04:55.367 I/cyttsp7_i2c_adapter 0-0024( 0): FB event:2,blank:1
01-01 09:04:55.373 I/cyttsp7_i2c_adapter 0-0024( 0): drm_notifier_callback: POWERDOWN! Suspend by drm notifier.
01-01 09:04:55.393 I/ ( 0): [MAX975X:max96755x_drm_notifier_callback] *INFO* receives BLANK:POWERDOWN
01-01 09:04:55.401 I/cyttsp7_i2c_adapter 0-0024( 0): FB event:1,blank:1
01-01 09:04:55.407 I/cyttsp7_i2c_adapter 0-0024( 0): resume: event = 1 blank = 1, not care
01-01 09:04:55.428 I/ALERT ( 0): changing window size from 16000000 to 20000000 at 3889196040544
03-28 10:26:45.187 W/FreeFormWindowHelper( 1017): Current Display FreeFormTask is null
03-28 10:26:45.685 I/PowerManagerService( 1017): Powering on display group fromAsleep (groupId=0, uid=1000, reason=WAKE_REASON_POWER_BUTTON, details=android.policy:POWER)...
03-28 10:26:45.685 I/PowerManagerService( 1017): Waking up from Asleep (uid=1000, reason=WAKE_REASON_POWER_BUTTON, details=android.policy:POWER)...
03-28 10:26:45.697 I/DisplayPowerController[0]( 1017): Blocking screen on until initial contents have been drawn.
03-28 10:26:45.697 D/ActivityTaskManager( 1017): Top Process State changed to PROCESS_STATE_TOP
03-28 10:26:45.700 E/KernelCpuSpeedReader( 1017): Failed to read cpu-freq: /sys/devices/system/cpu/cpu4/cpufreq/stats/time_in_state: open failed: ENOENT (No such file or directory)
03-28 10:26:45.700 E/KernelCpuSpeedReader( 1017): Failed to read cpu-freq: /sys/devices/system/cpu/cpu0/cpufreq/stats/time_in_state: open failed: ENOENT (No such file or directory)
03-28 10:26:45.716 V/DisplayPowerController[0]( 1017): Brightness [1.0] reason changing to: 'manual', previous reason: 'screen_off'.
03-28 10:26:45.719 I/DisplayDeviceRepository( 1017): Display device changed state: "内置屏幕", ON
03-28 10:26:45.719 I/WindowManager( 1017): Suppressed redundant power key press while already in the process of turning the screen on.
01-01 09:04:56.008 I/ ( 0): [MAX975X:max96755x_drm_notifier_callback] *INFO* receives EARLY_BLANK:UNBLANK
01-01 09:04:56.008 I/ALERT ( 0): changing window size from 20000000 to 16000000 at 3889776046221
03-28 10:26:45.725 W/BroadcastQueue( 1017): Background execution not allowed: receiving Intent { act=android.intent.action.USER_PRESENT flg=0x24200010 } to com.microsoft.emmx/org.chromium.chrome.browser.sharing.click_to_call.ClickToCallMessageHandler$PhoneUnlockedReceiver
03-28 10:26:45.728 I/DisplayPowerController[0]( 1017): Unblocked screen on after 31 ms
01-01 09:04:56.025 I/cyttsp7_i2c_adapter 0-0024( 0): FB event:2,blank:0
01-01 09:04:56.030 I/cyttsp7_i2c_adapter 0-0024( 0): suspend: event = 2, blank = 0, not care
01-01 09:04:56.038 I/[drm:dsi_display_set_mode] [msm-dsi-info]( 0): mdp_transfer_time_us=0 us
01-01 09:04:56.046 I/[drm:dsi_display_set_mode] [msm-dsi-info]( 0): hactive= 2380,vactive= 1020,fps=60
01-01 09:04:56.055 I/[drm:dsi_ctrl_isr_configure] [msm-dsi-info]( 0): dsi-ctrl-0: IRQ 403 registered
03-28 10:26:45.841 E/DisplayDeviceConfig( 1017): requesting nits when no mapping exists.
03-28 10:26:45.841 E/DisplayDeviceConfig( 1017): requesting nits when no mapping exists.
01-01 09:04:56.118 I/ ( 0): [MAX975X:max96755x_drm_notifier_callback] *INFO* receives BLANK:UNBLANK
01-01 09:04:56.126 I/cyttsp7_i2c_adapter 0-0024( 0): FB event:1,blank:0
01-01 09:04:56.132 I/cyttsp7_i2c_adapter 0-0024( 0): drm_notifier_callback: UNBLANK! Resume by drm notifier.
01-01 09:04:56.193 I/[schedu][0x116ad705c4][10:26:45.911579] wlan( 0): [2762:I:OSIF] scan start scan id 40981
03-28 10:26:46.475 D/WindowManager( 1017): powerPress: eventTime=3890515 interactive=true count=0 beganFromNonInteractive=false mShortPressOnPowerBehavior=1
03-28 10:26:46.475 I/PowerManagerService( 1017): Powering off display group due to power_button (groupId= 0, uid= 1000)...
03-28 10:26:46.475 I/PowerManagerService( 1017): Going to sleep due to power_button (uid 1000)...
03-28 10:26:46.479 I/PowerManagerService( 1017): Sleeping display group (groupId=0, uid=1000)...
03-28 10:26:46.479 I/PowerManagerService( 1017): Sleeping (uid 1000)...
03-28 10:26:46.602 I/DisplayPowerController[0]( 1017): Blocking screen off
03-28 10:26:46.603 I/DisplayPowerController[0]( 1017): Unblocked screen off after 1 ms
03-28 10:26:46.603 E/DisplayDeviceConfig( 1017): requesting nits when no mapping exists.
03-28 10:26:46.608 E/DisplayDeviceConfig( 1017): requesting nits when no mapping exists.
03-28 10:26:46.621 D/ActivityTaskManager( 1017): Top Process State changed to PROCESS_STATE_TOP_SLEEPING
03-28 10:26:46.628 E/KernelCpuSpeedReader( 1017): Failed to read cpu-freq: /sys/devices/system/cpu/cpu4/cpufreq/stats/time_in_state: open failed: ENOENT (No such file or directory)
03-28 10:26:46.630 E/KernelCpuSpeedReader( 1017): Failed to read cpu-freq: /sys/devices/system/cpu/cpu0/cpufreq/stats/time_in_state: open failed: ENOENT (No such file or directory)
03-28 10:26:46.632 V/DisplayPowerController[0]( 1017): Brightness [0.0] reason changing to: 'screen_off', previous reason: 'manual'.
03-28 10:26:46.638 I/DisplayDeviceRepository( 1017): Display device changed state: "内置屏幕", OFF
01-01 09:04:56.937 I/ ( 0): [MAX975X:max96755x_drm_notifier_callback] *INFO* receives EARLY_BLANK:POWERDOWN
01-01 09:04:56.946 I/cyttsp7_i2c_adapter 0-0024( 0): FB event:2,blank:1
01-01 09:04:56.952 I/cyttsp7_i2c_adapter 0-0024( 0): drm_notifier_callback: POWERDOWN! Suspend by drm notifier.
01-01 09:04:56.986 I/ ( 0): [MAX975X:max96755x_drm_notifier_callback] *INFO* receives BLANK:POWERDOWN
01-01 09:04:56.994 I/cyttsp7_i2c_adapter 0-0024( 0): FB event:1,blank:1
01-01 09:04:57.000 I/cyttsp7_i2c_adapter 0-0024( 0): resume: event = 1 blank = 1, not care
01-01 09:04:57.032 I/ALERT ( 0): changing window size from 16000000 to 20000000 at 3890800054397
03-28 10:26:46.773 W/FreeFormWindowHelper( 1017): Current Display FreeFormTask is null
03-28 10:26:47.282 I/PowerManagerService( 1017): Powering on display group fromAsleep (groupId=0, uid=1000, reason=WAKE_REASON_POWER_BUTTON, details=android.policy:POWER)...
03-28 10:26:47.283 I/PowerManagerService( 1017): Waking up from Asleep (uid=1000, reason=WAKE_REASON_POWER_BUTTON, details=android.policy:POWER)...
03-28 10:26:47.297 I/DisplayPowerController[0]( 1017): Blocking screen on until initial contents have been drawn.
03-28 10:26:47.297 D/ActivityTaskManager( 1017): Top Process State changed to PROCESS_STATE_TOP
03-28 10:26:47.298 E/KernelCpuSpeedReader( 1017): Failed to read cpu-freq: /sys/devices/system/cpu/cpu4/cpufreq/stats/time_in_state: open failed: ENOENT (No such file or directory)
03-28 10:26:47.299 E/KernelCpuSpeedReader( 1017): Failed to read cpu-freq: /sys/devices/system/cpu/cpu0/cpufreq/stats/time_in_state: open failed: ENOENT (No such file or directory)
03-28 10:26:47.314 V/DisplayPowerController[0]( 1017): Brightness [1.0] reason changing to: 'manual', previous reason: 'screen_off'.
03-28 10:26:47.316 I/DisplayDeviceRepository( 1017): Display device changed state: "内置屏幕", ON
03-28 10:26:47.321 W/BroadcastQueue( 1017): Background execution not allowed: receiving Intent { act=android.intent.action.USER_PRESENT flg=0x24200010 } to com.microsoft.emmx/org.chromium.chrome.browser.sharing.click_to_call.ClickToCallMessageHandler$PhoneUnlockedReceiver
03-28 10:26:47.324 I/DisplayPowerController[0]( 1017): Unblocked screen on after 26 ms
01-01 09:04:57.605 I/ ( 0): [MAX975X:max96755x_drm_notifier_callback] *INFO* receives EARLY_BLANK:UNBLANK
01-01 09:04:57.612 I/ALERT ( 0): changing window size from 20000000 to 16000000 at 3891380045699
03-28 10:26:47.327 D/WindowManager( 1017): powerPress: eventTime=3891325 interactive=true count=0 beganFromNonInteractive=true mShortPressOnPowerBehavior=1
01-01 09:04:57.621 I/cyttsp7_i2c_adapter 0-0024( 0): FB event:2,blank:0
01-01 09:04:57.627 I/cyttsp7_i2c_adapter 0-0024( 0): suspend: event = 2, blank = 0, not care
01-01 09:04:57.635 I/[drm:dsi_display_set_mode] [msm-dsi-info]( 0): mdp_transfer_time_us=0 us
01-01 09:04:57.642 I/[drm:dsi_display_set_mode] [msm-dsi-info]( 0): hactive= 2380,vactive= 1020,fps=60
01-01 09:04:57.651 I/[drm:dsi_ctrl_isr_configure] [msm-dsi-info]( 0): dsi-ctrl-0: IRQ 403 registered
03-28 10:26:47.437 E/DisplayDeviceConfig( 1017): requesting nits when no mapping exists.
03-28 10:26:47.438 E/DisplayDeviceConfig( 1017): requesting nits when no mapping exists.
01-01 09:04:57.714 I/ ( 0): [MAX975X:max96755x_drm_notifier_callback] *INFO* receives BLANK:UNBLANK
01-01 09:04:57.722 I/cyttsp7_i2c_adapter 0-0024( 0): FB event:1,blank:0
01-01 09:04:57.728 I/cyttsp7_i2c_adapter 0-0024( 0): drm_notifier_callback: UNBLANK! Resume by drm notifier.
01-01 09:04:58.031 I/[schedu][0x116cf18003][10:26:47.749583] wlan( 0): [2762:I:OSIF] vdev 0, scan id 40981 type COMPLETED(1) reason COMPLETED(1) scan found 34 bss
03-28 10:26:47.794 D/WindowManager( 1017): powerPress: eventTime=3891840 interactive=true count=0 beganFromNonInteractive=false mShortPressOnPowerBehavior=1
03-28 10:26:47.795 I/PowerManagerService( 1017): Powering off display group due to power_button (groupId= 0, uid= 1000)...
03-28 10:26:47.795 I/PowerManagerService( 1017): Going to sleep due to power_button (uid 1000)...
03-28 10:26:47.798 I/PowerManagerService( 1017): Sleeping display group (groupId=0, uid=1000)...
03-28 10:26:47.798 I/PowerManagerService( 1017): Sleeping (uid 1000)...
03-28 10:26:47.905 I/DisplayPowerController[0]( 1017): Blocking screen off
03-28 10:26:47.905 I/DisplayPowerController[0]( 1017): Unblocked screen off after 0 ms
03-28 10:26:47.910 E/DisplayDeviceConfig( 1017): requesting nits when no mapping exists.
03-28 10:26:47.911 E/DisplayDeviceConfig( 1017): requesting nits when no mapping exists.
03-28 10:26:47.915 D/ActivityTaskManager( 1017): Top Process State changed to PROCESS_STATE_TOP_SLEEPING
03-28 10:26:47.922 V/DisplayPowerController[0]( 1017): Brightness [0.0] reason changing to: 'screen_off', previous reason: 'manual'.
03-28 10:26:47.923 I/DisplayDeviceRepository( 1017): Display device changed state: "内置屏幕", OFF
03-28 10:26:47.937 E/KernelCpuSpeedReader( 1017): Failed to read cpu-freq: /sys/devices/system/cpu/cpu4/cpufreq/stats/time_in_state: open failed: ENOENT (No such file or directory)
03-28 10:26:47.937 E/KernelCpuSpeedReader( 1017): Failed to read cpu-freq: /sys/devices/system/cpu/cpu0/cpufreq/stats/time_in_state: open failed: ENOENT (No such file or directory)
01-01 09:04:58.232 I/ ( 0): [MAX975X:max96755x_drm_notifier_callback] *INFO* receives EARLY_BLANK:POWERDOWN
01-01 09:04:58.241 I/cyttsp7_i2c_adapter 0-0024( 0): FB event:2,blank:1
01-01 09:04:58.246 I/cyttsp7_i2c_adapter 0-0024( 0): drm_notifier_callback: POWERDOWN! Suspend by drm notifier.
01-01 09:04:58.266 I/ ( 0): [MAX975X:max96755x_drm_notifier_callback] *INFO* receives BLANK:POWERDOWN
01-01 09:04:58.274 I/cyttsp7_i2c_adapter 0-0024( 0): FB event:1,blank:1
01-01 09:04:58.280 I/cyttsp7_i2c_adapter 0-0024( 0): resume: event = 1 blank = 1, not care
01-01 09:04:58.300 I/ALERT ( 0): changing window size from 16000000 to 20000000 at 3892068070126
03-28 10:26:48.058 W/FreeFormWindowHelper( 1017): Current Display FreeFormTask is null
01-01 09:04:58.968 W/audit ( 0): audit_lost=2329 audit_rate_limit=5 audit_backlog_limit=64
01-01 09:04:58.975 E/audit ( 0): rate limit exceeded
01-01 09:04:59.138 I/init ( 0): starting service 'hht_ota_mgr_service'...
01-01 09:04:59.362 I/init ( 0): Service 'hht_ota_mgr_service' (pid 7203) exited with status 0
01-01 09:04:59.385 I/init ( 0): Sending signal 9 to service 'hht_ota_mgr_service' (pid 7203) process group...
01-01 09:04:59.395 I/libprocessgroup( 0): Successfully killed process cgroup uid 0 pid 7203 in 0ms
01-01 09:04:59.961 D/cnss ( 0): Runtime suspend start
01-01 09:04:59.967 I/[kworke][0x116f28b660][10:26:49.685667] wlan( 0): [6028:I:PMO] pmo_core_is_wow_applicable: 319: lpass enabled, enabling wow
01-01 09:04:59.980 I/[kworke][0x116f2c9c1e][10:26:49.698970] wlan( 0): [6028:I:PMO] pmo_core_enable_wow_in_fw: 807: drv wow is enabled
01-01 09:05:00.009 I/[kworke][0x116f34f9c2][10:26:49.727526] wlan( 0): [6028:I:PMO] pmo_core_enable_wow_in_fw: 820: RTPM wow
01-01 09:05:00.019 I/[kworke][0x116f38128c][10:26:49.738096] wlan( 0): [6028:I:WMI] send_wow_enable_cmd_tlv: 1831: suspend type: WOW_IFACE_PAUSE_ENABLED flag is 0x10
01-01 09:05:00.077 D/cnss ( 0): Setting MHI state: SUSPEND(6)
01-01 09:05:00.083 D/cnss ( 0): Suspending PCI link
01-01 09:05:00.087 D/cnss ( 0): Use PCIe DRV suspend
01-01 09:05:00.096 D/cnss ( 0): Runtime suspend status: 0
01-01 09:05:00.123 D/cnss ( 0): Runtime resume start
01-01 09:05:00.127 D/cnss ( 0): Resuming PCI link
01-01 09:05:00.138 D/cnss ( 0): Set PCI link status to: 2
01-01 09:05:00.142 D/cnss ( 0): Setting MHI state: RESUME(7)
01-01 09:05:00.155 I/[kworke][0x116f5fd8ca][10:26:49.873861] wlan( 0): [5967:I:PMO] pmo_core_psoc_send_host_wakeup_ind_to_fw: 1225: Host wakeup indication sent to fw
01-01 09:05:00.170 D/cnss ( 0): Runtime resume status: 0
01-01 09:05:00.175 D/cnss ( 0): Runtime idle
01-01 09:05:00.270 W/audit ( 0): audit_lost=2330 audit_rate_limit=5 audit_backlog_limit=64
01-01 09:05:00.278 E/audit ( 0): rate limit exceeded
01-01 09:05:01.017 D/cnss ( 0): Runtime suspend start
01-01 09:05:01.022 I/[kworke][0x11705de9e0][10:26:50.741076] wlan( 0): [5967:I:PMO] pmo_core_is_wow_applicable: 319: lpass enabled, enabling wow
01-01 09:05:01.035 I/[kworke][0x117061aed6][10:26:50.753942] wlan( 0): [5967:I:PMO] pmo_core_enable_wow_in_fw: 807: drv wow is enabled
01-01 09:05:01.047 I/[kworke][0x11706510e3][10:26:50.765488] wlan( 0): [5967:I:PMO] pmo_core_enable_wow_in_fw: 820: RTPM wow
01-01 09:05:01.057 I/[kworke][0x1170682bbd][10:26:50.776086] wlan( 0): [5967:I:WMI] send_wow_enable_cmd_tlv: 1831: suspend type: WOW_IFACE_PAUSE_ENABLED flag is 0x10
01-01 09:05:01.117 D/cnss ( 0): Setting MHI state: SUSPEND(6)
01-01 09:05:01.122 D/cnss ( 0): Suspending PCI link
01-01 09:05:01.128 D/cnss ( 0): Use PCIe DRV suspend
01-01 09:05:01.143 D/cnss ( 0): Runtime suspend status: 0
01-01 09:05:01.289 D/cnss ( 0): Runtime resume start
01-01 09:05:01.293 D/cnss ( 0): Resuming PCI link
01-01 09:05:01.303 D/cnss ( 0): Set PCI link status to: 2
01-01 09:05:01.308 D/cnss ( 0): Setting MHI state: RESUME(7)
01-01 09:05:01.318 I/[kworke][0x1170b47c98][10:26:51.036576] wlan( 0): [5780:I:PMO] pmo_core_psoc_send_host_wakeup_ind_to_fw: 1225: Host wakeup indication sent to fw
01-01 09:05:01.333 D/cnss ( 0): Runtime resume status: 0
01-01 09:05:01.337 D/cnss ( 0): Runtime idle
01-01 09:05:02.047 D/cnss ( 0): Runtime suspend start
01-01 09:05:02.053 I/[kworke][0x11718bdff9][10:26:51.771769] wlan( 0): [5780:I:PMO] pmo_core_is_wow_applicable: 319: lpass enabled, enabling wow
01-01 09:05:02.066 I/[kworke][0x11718f8e80][10:26:51.784336] wlan( 0): [5780:I:PMO] pmo_core_enable_wow_in_fw: 807: drv wow is enabled
01-01 09:05:02.077 I/[kworke][0x117192ed38][10:26:51.795840] wlan( 0): [5780:I:PMO] pmo_core_enable_wow_in_fw: 820: RTPM wow
01-01 09:05:02.088 I/[kworke][0x1171960625][10:26:51.806411] wlan( 0): [5780:I:WMI] send_wow_enable_cmd_tlv: 1831: suspend type: WOW_IFACE_PAUSE_ENABLED flag is 0x10
01-01 09:05:02.150 D/cnss ( 0): Setting MHI state: SUSPEND(6)
01-01 09:05:02.155 D/cnss ( 0): Suspending PCI link
01-01 09:05:02.159 D/cnss ( 0): Use PCIe DRV suspend
01-01 09:05:02.170 D/cnss ( 0): Runtime suspend status: 0
01-01 09:05:02.289 D/cnss ( 0): Runtime resume start
01-01 09:05:02.293 D/cnss ( 0): Resuming PCI link
01-01 09:05:02.307 D/cnss ( 0): Set PCI link status to: 2
01-01 09:05:02.312 D/cnss ( 0): Setting MHI state: RESUME(7)
01-01 09:05:02.322 I/[kworke][0x1171dac9da][10:26:52.041127] wlan( 0): [5967:I:PMO] pmo_core_psoc_send_host_wakeup_ind_to_fw: 1225: Host wakeup indication sent to fw
01-01 09:05:02.337 D/cnss ( 0): Runtime resume status: 0
01-01 09:05:02.342 D/cnss ( 0): Runtime idle
01-01 09:05:03.989 D/cnss ( 0): Runtime suspend start
01-01 09:05:03.994 I/[kworke][0x1173c493f5][10:26:53.712944] wlan( 0): [5967:I:PMO] pmo_core_is_wow_applicable: 319: lpass enabled, enabling wow
01-01 09:05:04.008 I/[kworke][0x1173c8b471][10:26:53.727029] wlan( 0): [5967:I:PMO] pmo_core_enable_wow_in_fw: 807: drv wow is enabled
01-01 09:05:04.020 I/[kworke][0x1173cc18f4][10:26:53.738610] wlan( 0): [5967:I:PMO] pmo_core_enable_wow_in_fw: 820: RTPM wow
01-01 09:05:04.030 I/[kworke][0x1173cf3b0e][10:26:53.749303] wlan( 0): [5967:I:WMI] send_wow_enable_cmd_tlv: 1831: suspend type: WOW_IFACE_PAUSE_ENABLED flag is 0x10
01-01 09:05:04.089 D/cnss ( 0): Setting MHI state: SUSPEND(6)
01-01 09:05:04.094 D/cnss ( 0): Suspending PCI link
01-01 09:05:04.098 D/cnss ( 0): Use PCIe DRV suspend
01-01 09:05:04.108 D/cnss ( 0): Runtime suspend status: 0
01-01 09:05:04.198 I/init ( 0): starting service 'hht_ota_mgr_service'...
