03-14 03:53:40.449 D/ActivityManagerTiming( 1017): OnBootPhase_1000_com.android.server.slice.SliceManagerService$Lifecycle took to complete: 0ms
03-14 03:53:40.449 I/ActivityManagerTiming( 1017): OnBootPhase_1000_com.android.server.stats.StatsCompanion$Lifecycle
03-14 03:53:40.449 D/ActivityManagerTiming( 1017): OnBootPhase_1000_com.android.server.stats.StatsCompanion$Lifecycle took to complete: 0ms
03-14 03:53:40.449 I/ActivityManagerTiming( 1017): OnBootPhase_1000_com.android.server.scheduling.RebootReadinessManagerService$Lifecycle
03-14 03:53:40.449 D/ActivityManagerTiming( 1017): OnBootPhase_1000_com.android.server.scheduling.RebootReadinessManagerService$Lifecycle took to complete: 0ms
03-14 03:53:40.449 I/ActivityManagerTiming( 1017): OnBootPhase_1000_com.android.server.stats.pull.StatsPullAtomService
03-14 03:53:40.449 D/ActivityManagerTiming( 1017): OnBootPhase_1000_com.android.server.stats.pull.StatsPullAtomService took to complete: 0ms
03-14 03:53:40.449 I/ActivityManagerTiming( 1017): OnBootPhase_1000_com.android.server.incident.IncidentCompanionService
03-14 03:53:40.451 D/ActivityManagerTiming( 1017): OnBootPhase_1000_com.android.server.incident.IncidentCompanionService took to complete: 0ms
03-14 03:53:40.451 I/ActivityManagerTiming( 1017): OnBootPhase_1000_com.android.server.MmsServiceBroker
03-14 03:53:40.451 D/ActivityManagerTiming( 1017): OnBootPhase_1000_com.android.server.MmsServiceBroker took to complete: 0ms
03-14 03:53:40.451 I/ActivityManagerTiming( 1017): OnBootPhase_1000_com.android.server.autofill.AutofillManagerService
03-14 03:53:40.451 D/ActivityManagerTiming( 1017): OnBootPhase_1000_com.android.server.autofill.AutofillManagerService took to complete: 0ms
03-14 03:53:40.452 I/ActivityManagerTiming( 1017): OnBootPhase_1000_com.android.server.clipboard.ClipboardService
03-14 03:53:40.452 D/ActivityManagerTiming( 1017): OnBootPhase_1000_com.android.server.clipboard.ClipboardService took to complete: 0ms
03-14 03:53:40.452 I/ActivityManagerTiming( 1017): OnBootPhase_1000_com.android.server.appbinding.AppBindingService$Lifecycle
03-14 03:53:40.452 D/ActivityManagerTiming( 1017): OnBootPhase_1000_com.android.server.appbinding.AppBindingService$Lifecycle took to complete: 0ms
03-14 03:53:40.452 I/ActivityManagerTiming( 1017): OnBootPhase_1000_com.android.server.tracing.TracingServiceProxy
03-14 03:53:40.452 D/ActivityManagerTiming( 1017): OnBootPhase_1000_com.android.server.tracing.TracingServiceProxy took to complete: 0ms
03-14 03:53:40.452 I/ActivityManagerTiming( 1017): OnBootPhase_1000_com.android.server.policy.PermissionPolicyService
03-14 03:53:40.452 D/ActivityManagerTiming( 1017): OnBootPhase_1000_com.android.server.policy.PermissionPolicyService took to complete: 0ms
03-14 03:53:40.452 I/ActivityManagerTiming( 1017): OnBootPhase_1000_com.android.server.pm.StagingManager$Lifecycle
03-14 03:53:40.454 D/ActivityManagerTiming( 1017): OnBootPhase_1000_com.android.server.pm.StagingManager$Lifecycle took to complete: 0ms
03-14 03:53:40.454 I/ActivityManagerTiming( 1017): OnBootPhase_1000_com.android.server.app.GameManagerService$Lifecycle
03-14 03:53:40.454 D/GameManagerService( 1017): onBootCompleted
03-14 03:53:40.454 D/ActivityManagerTiming( 1017): OnBootPhase_1000_com.android.server.app.GameManagerService$Lifecycle took to complete: 0ms
03-14 03:53:40.454 I/ActivityManagerTiming( 1017): OnBootPhase_1000_com.android.server.appsearch.AppSearchManagerService
03-14 03:53:40.455 D/ActivityManagerTiming( 1017): OnBootPhase_1000_com.android.server.appsearch.AppSearchManagerService took to complete: 1ms
03-14 03:53:40.455 I/ActivityManagerTiming( 1017): OnBootPhase_1000_com.android.server.media.MediaCommunicationService
03-14 03:53:40.455 D/ActivityManagerTiming( 1017): OnBootPhase_1000_com.android.server.media.MediaCommunicationService took to complete: 0ms
03-14 03:53:40.455 D/ActivityManagerTiming( 1017): OnBootPhase_1000 took to complete: 94ms
03-14 03:53:40.455 D/ActivityManagerTiming( 1017): TotalBootTime took to complete: 12951ms
03-14 03:53:40.455 D/SystemServerInitThreadPool( 1017): Shutdown requested
03-14 03:53:40.455 I/SystemServerTiming( 1017): WaitInitThreadPoolShutdown
03-14 03:53:40.458 D/SystemServerInitThreadPool( 1017): Shutdown successful
03-14 03:53:40.459 D/SystemServerTiming( 1017): WaitInitThreadPoolShutdown took to complete: 4ms
03-14 03:53:40.475 I/ActivityManager( 1017): User 0 state changed from BOOTING to RUNNING_LOCKED
03-14 03:53:40.475 W/ActivityManager( 1017): UserLifecycleEvent 4 received without an active userJourneySession.
01-01 08:00:53.699 W/QSEECOM ( 0): qseecom_load_app: App (fingerpr) does'nt exist, loading apps for first time
03-14 03:53:40.480 D/StorageManagerService( 1017): unlockUserKey: 0 isFileEncryptedNativeOrEmulated: true hasToken: false hasSecret: false
03-14 03:53:40.482 D/vold ( 551): fscrypt_unlock_user_key 0 serial=0
03-14 03:53:40.485 D/vold ( 551): Trying user CE key /data/misc/vold/user_keys/ce/0/current
01-01 08:00:53.795 I/ ( 0): Boot completed
01-01 08:00:53.797 W/QSEECOM ( 0): qseecom_load_app: App with id 7 (fingerpr) now loaded
03-14 03:53:40.583 D/vold ( 551): Successfully retrieved key
01-01 08:00:53.830 I/[kworke][0x3d9aad88][03:53:40.606941] wlan( 0): [80:I:DP] Peer pool init
01-01 08:00:53.830 W/[kworke][0x3d9ab8cd][03:53:40.607092] wlan( 0): [80:W:DP] dp_rx_pdev_mon_attach: pdev attach id=0
01-01 08:00:53.854 D/cnss ( 0): Assign MSI to user: DP, num_vectors: 18, user_base_data: 814, base_vector: 14
01-01 08:00:53.854 D/cnss ( 0): Get IRQ number 365 for vector index 14
01-01 08:00:53.854 D/cnss ( 0): Assign MSI to user: DP, num_vectors: 18, user_base_data: 814, base_vector: 14
01-01 08:00:53.854 D/cnss ( 0): Get IRQ number 366 for vector index 15
01-01 08:00:53.854 D/cnss ( 0): Assign MSI to user: DP, num_vectors: 18, user_base_data: 814, base_vector: 14
01-01 08:00:53.854 D/cnss ( 0): Get IRQ number 367 for vector index 16
01-01 08:00:53.854 D/cnss ( 0): Assign MSI to user: DP, num_vectors: 18, user_base_data: 814, base_vector: 14
01-01 08:00:53.854 D/cnss ( 0): Get IRQ number 368 for vector index 17
01-01 08:00:53.854 D/cnss ( 0): Assign MSI to user: DP, num_vectors: 18, user_base_data: 814, base_vector: 14
01-01 08:00:53.854 D/cnss ( 0): Assign MSI to user: DP, num_vectors: 18, user_base_data: 814, base_vector: 14
01-01 08:00:53.854 D/cnss ( 0): Get IRQ number 370 for vector index 19
01-01 08:00:53.854 D/cnss ( 0): Assign MSI to user: DP, num_vectors: 18, user_base_data: 814, base_vector: 14
01-01 08:00:53.854 D/cnss ( 0): Get IRQ number 371 for vector index 20
03-14 03:53:40.645 D/vold ( 551): Installed fscrypt key with ref 18d6948351ccd499410f7acc72522932 to /data
03-14 03:53:40.645 D/vold ( 551): Added fscrypt-provisioning key for 18d6948351ccd499410f7acc72522932 to session keyring
03-14 03:53:40.645 D/vold ( 551): Installed ce key for user 0
03-14 03:53:40.647 W/ActivityManager( 1017): UserLifecycleEvent 5 received without an active userJourneySession.
03-14 03:53:40.647 D/ActivityManager( 1017): Started unlocking user 0
03-14 03:53:40.647 D/ActivityManager( 1017): Unlocking user 0 progress 0
03-14 03:53:40.647 D/ActivityManager( 1017): Unlocking user 0 progress 5
03-14 03:53:40.649 D/ActivityManagerTiming( 1017): FinishBooting took to complete: 347ms
01-01 08:00:53.868 E/[kworke][0x3da5ef81][03:53:40.645368] wlan( 0): [80:E:HIF] hif_pci_ce_irq_set_affinity_hint: 3708: Unable to set cpu mask for offline CPU 0
03-14 03:53:40.654 D/vold ( 551): fscrypt_prepare_user_storage for volume null, user 0, serial 0, flags 2
03-14 03:53:40.655 D/vold ( 551): Preparing: /data/system_ce/0
03-14 03:53:40.655 D/vold ( 551): Preparing: /data/misc_ce/0
03-14 03:53:40.655 D/CompatibilityChangeReporter( 1017): Compat change id reported: 168419799; UID 10086; state: DISABLED
03-14 03:53:40.655 D/vold ( 551): Preparing: /data/vendor_ce/0
03-14 03:53:40.661 I/DropBoxManagerService( 1017): add tag=system_server_strictmode isTagEnabled=true flags=0x2
01-01 08:00:53.896 I/[kworke][0x3dae24e8][03:53:40.673386] wlan( 0): [292:I:WMA] wma_rx_service_ready_event: Firmware build version : 101a0521
01-01 08:00:53.896 I/[kworke][0x3dae2641][03:53:40.673404] wlan( 0): [292:I:WMA] wma_rx_service_ready_event: Board id: 0, Board version: 8 0 0 0 6
03-14 03:53:40.663 D/ColorDisplayService( 1017): setUp: currentUser=0
03-14 03:53:40.664 I/DropBoxManagerService( 1017): add tag=system_server_strictmode isTagEnabled=true flags=0x2
03-14 03:53:40.667 I/DropBoxManagerService( 1017): add tag=system_server_strictmode isTagEnabled=true flags=0x2
03-14 03:53:40.670 I/DropBoxManagerService( 1017): add tag=system_server_strictmode isTagEnabled=true flags=0x2
03-14 03:53:40.676 D/vold ( 551): Preparing: /data/media/0
03-14 03:53:40.678 D/vold ( 551): Preparing: /data/data
03-14 03:53:40.679 I/vold ( 551): Verified that /data/system_ce/0 has the encryption policy 18d6948351ccd499410f7acc72522932 v2 modes 1/4 flags 0xa
03-14 03:53:40.679 I/vold ( 551): Verified that /data/misc_ce/0 has the encryption policy 18d6948351ccd499410f7acc72522932 v2 modes 1/4 flags 0xa
03-14 03:53:40.679 I/vold ( 551): Verified that /data/vendor_ce/0 has the encryption policy 18d6948351ccd499410f7acc72522932 v2 modes 1/4 flags 0xa
03-14 03:53:40.679 I/vold ( 551): Verified that /data/media/0 has the encryption policy 18d6948351ccd499410f7acc72522932 v2 modes 1/4 flags 0xa
03-14 03:53:40.679 I/vold ( 551): Verified that /data/data has the encryption policy 18d6948351ccd499410f7acc72522932 v2 modes 1/4 flags 0xa
03-14 03:53:40.679 D/vold ( 551): Starting restorecon of /data/system_ce/0
03-14 03:53:40.683 D/CompatibilityChangeReporter( 1017): Compat change id reported: 135634846; UID 10074; state: DISABLED
03-14 03:53:40.683 D/CompatibilityChangeReporter( 1017): Compat change id reported: 177438394; UID 10074; state: DISABLED
03-14 03:53:40.683 D/CompatibilityChangeReporter( 1017): Compat change id reported: 135772972; UID 10074; state: DISABLED
03-14 03:53:40.683 D/CompatibilityChangeReporter( 1017): Compat change id reported: 135754954; UID 10074; state: ENABLED
03-14 03:53:40.684 D/CompatibilityChangeReporter( 1017): Compat change id reported: 143937733; UID 10074; state: ENABLED
01-01 08:00:53.898 I/[kworke][0x3daea429][03:53:40.675083] wlan( 0): [292:I:WMA] wma_is_dbs_mandatory: 5417: MAC0 does not support both bands 2 DBS is mandatory
01-01 08:00:53.898 E/[kworke][0x3daea98d][03:53:40.675155] wlan( 0): [292:E:QDF] copy_fw_abi_version_tlv: 6979: copy_fw_abi_version_tlv: INIT_CMD version: 1, 0, 0x5f414351, 0x4c4d, 0x0, 0x0
03-14 03:53:40.743 W/AdbDebuggingManager( 1017): Read failed with count -1
03-14 03:53:40.751 D/BluetoothManagerService( 1017): MESSAGE_BLUETOOTH_STATE_CHANGE: BLE_TURNING_ON > BLE_ON
03-14 03:53:40.753 D/BluetoothManagerService( 1017): Bluetooth is in LE only mode
03-14 03:53:40.753 D/BluetoothManagerService( 1017): Binding Bluetooth GATT service
03-14 03:53:40.754 W/ActivityManager( 1017): Slow operation: 72ms so far, now at startProcess: returned from zygote!
03-14 03:53:40.757 D/BluetoothManagerService( 1017): Sending BLE State Change: BLE_TURNING_ON > BLE_ON
03-14 03:53:40.759 W/ActivityManager( 1017): Slow operation: 77ms so far, now at startProcess: done updating battery stats
03-14 03:53:40.759 W/ActivityManager( 1017): Slow operation: 77ms so far, now at startProcess: building log message
03-14 03:53:40.759 I/ActivityManager( 1017): Start proc 2803:com.qualcomm.location/u0a74 for broadcast {com.qualcomm.location/com.qualcomm.location.LocationServiceReceiver}
03-14 03:53:40.759 W/ActivityManager( 1017): Slow operation: 77ms so far, now at startProcess: starting to update pids map
03-14 03:53:40.759 W/ActivityManager( 1017): Slow operation: 78ms so far, now at startProcess: done updating pids map
03-14 03:53:40.762 D/vold ( 551): Finished restorecon of /data/system_ce/0
03-14 03:53:40.762 D/vold ( 551): Starting restorecon of /data/vendor_ce/0
03-14 03:53:40.763 D/ColorDisplayService( 1017): onNightDisplayAutoModeChanged: autoMode=0
03-14 03:53:40.763 I/ColorDisplayService( 1017): Turning off night display
03-14 03:53:40.763 D/ColorDisplayService( 1017): Setting bright color reduction level: 50
03-14 03:53:40.767 V/DisplayPowerController[0]( 1017): Brightness [1.0] manual adjustment.
03-14 03:53:40.787 D/vold ( 551): Finished restorecon of /data/vendor_ce/0
03-14 03:53:40.788 D/vold ( 551): Starting restorecon of /data/misc_ce/0
01-01 08:00:54.017 W/QSEECOM ( 0): __qseecom_unload_app: App (7) is unloaded
01-01 08:00:54.018 D/qbt ( 0): qbt_release: entry minor_no=0 fd_available=0
01-01 08:00:54.018 D/qbt ( 0): qbt_release: Releasing wakelock
01-01 08:00:54.018 D/qbt ( 0): qbt_release: exit : fd_available=1
01-01 08:00:54.018 D/qbt ( 0): qbt_release: entry minor_no=1 fd_available=1
01-01 08:00:54.018 D/qbt ( 0): qbt_release: exit : fd_available=1
03-14 03:53:40.797 W/Looper ( 1017): Slow dispatch took 362ms main h=android.os.Handler c=com.android.server.biometrics.sensors.fingerprint.hidl.Fingerprint21$$ExternalSyntheticLambda2@5584c75 m=0
03-14 03:53:40.797 D/BiometricScheduler/Fingerprint21( 1017): [Added] {[1] FingerprintUpdateActiveUserClient, proto=1, owner=android, cookie=0, requestId=-1, userId=0}, new queue size: 1
03-14 03:53:40.797 V/BiometricScheduler/Fingerprint21( 1017): Not idle, current operation: {[0] FingerprintUpdateActiveUserClient, proto=1, owner=android, cookie=0, requestId=-1, userId=0}, State: 2
03-14 03:53:40.798 D/BiometricScheduler/Fingerprint21( 1017): [Added] {[2] FingerprintInternalCleanupClient, proto=7, owner=android, cookie=0, requestId=-1, userId=0}, new queue size: 2
03-14 03:53:40.798 V/BiometricScheduler/Fingerprint21( 1017): Not idle, current operation: {[0] FingerprintUpdateActiveUserClient, proto=1, owner=android, cookie=0, requestId=-1, userId=0}, State: 2
03-14 03:53:40.798 W/Looper ( 1017): Slow delivery took 361ms main h=android.os.Handler c=com.android.server.biometrics.sensors.fingerprint.hidl.Fingerprint21$$ExternalSyntheticLambda12@f1bd47b m=0
03-14 03:53:40.799 D/BluetoothManagerService( 1017): Bluetooth Adapter address changed to 22:22:65:E7:E6:CF
03-14 03:53:40.799 D/BluetoothManagerService( 1017): Stored Bluetoothaddress: 22:22:65:E7:E6:CF
03-14 03:53:40.799 D/BluetoothManagerService( 1017): Bluetooth Adapter name changed to 高合娱乐副屏 by android
03-14 03:53:40.799 D/BluetoothManagerService( 1017): Stored Bluetooth name: 高合娱乐副屏
03-14 03:53:40.799 D/BluetoothManagerService( 1017): Bluetooth Adapter address changed to 22:22:65:E7:E6:CF
03-14 03:53:40.799 D/BluetoothManagerService( 1017): Stored Bluetoothaddress: 22:22:65:E7:E6:CF
03-14 03:53:40.799 D/CompanionDeviceManagerService( 1017): Received BT state transition broadcast: BLE_TURNING_ON -> BLE_ON
03-14 03:53:40.800 I/CompanionDeviceManagerService( 1017): startBleScan()
03-14 03:53:40.801 I/CompanionDeviceManagerService( 1017): Read associations from disk: {0=[]}
03-14 03:53:40.801 D/BluetoothManagerService( 1017): BluetoothServiceConnection: com.android.bluetooth.gatt.GattService
03-14 03:53:40.801 D/BiometricScheduler/Fingerprint21( 1017): [Finishing] {[0] FingerprintUpdateActiveUserClient, proto=1, owner=android, cookie=0, requestId=-1, userId=0}, success: true
03-14 03:53:40.801 D/BiometricScheduler/Fingerprint21( 1017): [Polled] {[1] FingerprintUpdateActiveUserClient, proto=1, owner=android, cookie=0, requestId=-1, userId=0}, State: 0
03-14 03:53:40.802 D/BiometricScheduler/Fingerprint21( 1017): [Starting] {[1] FingerprintUpdateActiveUserClient, proto=1, owner=android, cookie=0, requestId=-1, userId=0}, State: 0
03-14 03:53:40.802 D/BluetoothManagerService( 1017): MESSAGE_BLUETOOTH_SERVICE_CONNECTED: 2
03-14 03:53:40.802 D/BiometricScheduler/Fingerprint21( 1017): [Started] {[1] FingerprintUpdateActiveUserClient, proto=1, owner=android, cookie=0, requestId=-1, userId=0}
03-14 03:53:40.802 D/BluetoothManagerService( 1017): continueFromBleOnState()
01-01 08:00:54.027 D/qbt ( 0): qbt_open: entry minor_no=0 fd_available=1
01-01 08:00:54.027 D/qbt ( 0): qbt_open: exit : 0 fd_available=0
01-01 08:00:54.027 D/qbt ( 0): qbt_open: entry minor_no=1 fd_available=0
01-01 08:00:54.027 D/qbt ( 0): qbt_open: exit : 0 fd_available=0
01-01 08:00:54.027 D/qbt ( 0): qbt_ioctl: cmd received 107
01-01 08:00:54.027 D/qbt ( 0): qbt_ioctl: Acquiring wakelock
03-14 03:53:40.804 D/BluetoothManagerService( 1017): Persisting Bluetooth Setting: 1
03-14 03:53:40.802 D/vold ( 551): Finished restorecon of /data/misc_ce/0
03-14 03:53:40.805 D/vold ( 551): /system/bin/vold_prepare_subdirs
03-14 03:53:40.805 D/vold ( 551): prepare
03-14 03:53:40.805 D/vold ( 551):
03-14 03:53:40.805 D/vold ( 551): 0
03-14 03:53:40.805 D/vold ( 551): 2
03-14 03:53:40.830 D/BluetoothManagerService( 1017): MESSAGE_BLUETOOTH_STATE_CHANGE: BLE_ON > TURNING_ON
03-14 03:53:40.830 D/BluetoothManagerService( 1017): Sending BLE State Change: BLE_ON > TURNING_ON
01-01 08:00:54.055 W/QSEECOM ( 0): qseecom_load_app: App (fingerpr) does'nt exist, loading apps for first time
03-14 03:53:40.839 D/BluetoothManagerService( 1017): Sending State Change: OFF > TURNING_ON
01-01 08:00:54.107 I/binder ( 0): 2803:2803 ioctl 40046210 7fecc80914 returned -22
01-01 08:00:54.109 E/[kworke][0x3dec963e][03:53:40.886525] wlan( 0): [292:E:QDF] ready_extract_init_status_tlv: 8884: ready_extract_init_status_tlv:0
01-01 08:00:54.126 E/[kworke][0x3df0836e][03:53:40.899927] wlan( 0): [292:E:QDF] cds_get_context: 1486: Module ID 65 context is Null
01-01 08:00:54.136 I/init ( 0): qssi copy & sync /metadata/vold/metadata_encryption/key/encrypted_key to /persist/key/encrypted_key_bak: No such file or directory
03-14 03:53:40.920 D/CompatibilityChangeReporter( 1017): Compat change id reported: 168419799; UID 10074; state: DISABLED
01-01 08:00:54.140 F/[kworke][0x3df57fd9][03:53:40.916947] wlan( 0): [292:F:DP] cdp_ipa_set_uc_tx_partition_base invalid instance
01-01 08:00:54.152 I/[kworke][0x3df90a2b][03:53:40.929032] wlan( 0): [292:I:WMA] wma_he_update_tgt_services: 996: 11ax is enabled
01-01 08:00:54.163 I/init ( 0): qssi copy & sync /metadata/vold/metadata_encryption/key/keymaster_key_blob to /persist/key/keymaster_key_blob_bak: No such file or directory
01-01 08:00:54.165 I/[kworke][0x3dfd0843][03:53:40.942660] wlan( 0): [292:I:HIF] Initializing Runtime PM wakelock &mgmt_txrx_pdev_ctx->wakelock_tx_runtime_cmp
01-01 08:00:54.167 I/[kworke][0x3dfd75b4][03:53:40.944117] wlan( 0): [292:I:dfs] WLAN_DEBUG_DFS_ALWAYS : wlan_dfs_pdev_obj_create_notification: 421: dfs_offload 1
01-01 08:00:54.167 I/[kworke][0x3dfd7896][03:53:40.944156] wlan( 0): [292:I:SPECTRAL] null_get_capability: 1715: SPECTRAL : get_capability not registered
03-14 03:53:40.945 I/GameModeConfig( 1017): isGameModeOn = false
01-01 08:00:54.167 I/[kworke][0x3dfd7952][03:53:40.944165] wlan( 0): [292:I:SPECTRAL] target_if_pdev_spectral_init: 2249: HAL_CAP_PHYDIAG : Capable
01-01 08:00:54.167 I/[kworke][0x3dfd7a0d][03:53:40.944175] wlan( 0): [292:I:SPECTRAL] null_get_capability: 1715: SPECTRAL : get_capability not registered
01-01 08:00:54.167 I/[kworke][0x3dfd7aac][03:53:40.944184] wlan( 0): [292:I:SPECTRAL] target_if_pdev_spectral_init: 2253: HAL_CAP_RADAR : Capable
01-01 08:00:54.167 I/[kworke][0x3dfd7b59][03:53:40.944192] wlan( 0): [292:I:SPECTRAL] null_get_capability: 1715: SPECTRAL : get_capability not registered
01-01 08:00:54.167 I/[kworke][0x3dfd7ddb][03:53:40.944226] wlan( 0): [292:I:SPECTRAL] target_if_pdev_spectral_init: 2258: HAL_CAP_SPECTRAL_SCAN : Capable
01-01 08:00:54.167 I/[kworke][0x3dfd7ee5][03:53:40.944240] wlan( 0): [292:I:SPECTRAL] null_get_tsf64: 1703: SPECTRAL : get_tsf64 not registered
01-01 08:00:54.167 I/[kworke][0x3dfd80fe][03:53:40.944268] wlan( 0): [292:I:GREEN_AP] wlan_green_ap_pdev_obj_create_notification: 106: Green AP creation successful, green ap ctx: ffffffc1458188e8, pdev: ffffffc13bffbce8
01-01 08:00:54.167 I/[kworke][0x3dfd85b7][03:53:40.944331] wlan( 0): [292:I:IPA] wlan_ipa_wdi_init: 540: ipa_over_gsi: 1, is_smmu_enabled: 1
01-01 08:00:54.172 I/ ( 0): read descriptors
01-01 08:00:54.176 I/ ( 0): read strings
01-01 08:00:54.179 I/[kworke][0x3e012a1b][03:53:40.956764] wlan( 0): [292:I:REGULATORY] reg_set_band: 483: set band bitmap: 3
01-01 08:00:54.182 I/[kworke][0x3e01feea][03:53:40.959602] wlan( 0): [292:I:HIF] Initializing Runtime PM wakelock &ctx->dfs
01-01 08:00:54.182 I/[kworke][0x3e020327][03:53:40.959658] wlan( 0): [292:I:HIF] Initializing Runtime PM wakelock &ctx->connect
01-01 08:00:54.182 I/[kworke][0x3e020726][03:53:40.959711] wlan( 0): [292:I:HIF] Initializing Runtime PM wakelock &ctx->user
01-01 08:00:54.182 I/[kworke][0x3e020b43][03:53:40.959766] wlan( 0): [292:I:HIF] Initializing Runtime PM wakelock &scan_priv->runtime_pm_lock
01-01 08:00:54.183 I/[kworke][0x3e021cf2][03:53:40.960002] wlan( 0): [292:I:GREEN_AP] target_if_green_ap_register_egap_event_handler: 131: Set the Enhance Green AP event handler
01-01 08:00:54.183 E/[kworke][0x3e022107][03:53:40.960056] wlan( 0): [292:E:QDF] dp_peer_map_attach_wifi3: 10048: dp_peer_map_attach_wifi3 max_peers 55, max_ast_index: 144
01-01 08:00:54.187 I/init ( 0): qssi copy & sync /metadata/vold/metadata_encryption/key/secdiscardable to /persist/key/secdiscardable_bak: No such file or directory
01-01 08:00:54.190 W/QSEECOM ( 0): qseecom_load_app: App with id 8 (fingerpr) now loaded
01-01 08:00:54.199 I/[kworke][0x3e06e81e][03:53:40.976363] wlan( 0): [292:I:DP]
01-01 08:00:54.199 I/ ( 0): <=== cfg max peer id 55 ====>
01-01 08:00:54.199 I/[kworke][0x3e06ea1c][03:53:40.976389] wlan( 0): [292:I:DP]
01-01 08:00:54.199 I/ ( 0): <=== cfg max ast idx 144 ====>
01-01 08:00:54.199 I/[kworke][0x3e06eb1c][03:53:40.976402] wlan( 0): [292:I:DP] ast hash_elems: 512, max_ast_idx: 144
01-01 08:00:54.201 I/[kworke][0x3e07806b][03:53:40.978394] wlan( 0): [80:I:WMA] wma_wait_for_ready_event: 6926: FW ready event received
03-14 03:53:41.006 V/UserDataPreparer( 1017): Found /data/user/0 with serial number 0
03-14 03:53:41.006 V/UserDataPreparer( 1017): Found /data/system_ce/0 with serial number 0
03-14 03:53:41.007 D/UserDataPreparer( 1017): Setting property: sys.user.0.ce_available=true
03-14 03:53:41.009 V/PackageManager( 1017): reconcileAppsData for null u0 0x2 migrateAppData=false
01-01 08:00:54.225 E/[kworke][0x3e0eaab4][03:53:41.002852] wlan( 0): [80:E:WMI] send_action_oui_cmd_tlv: 220: Invalid action id
01-01 08:00:54.237 E/[kworke][0x3e11eeaf][03:53:41.013998] wlan( 0): [80:E:action_oui] ucfg_action_oui_send: 160: Failed to send: 7
01-01 08:00:54.248 E/[kworke][0x3e154701][03:53:41.025416] wlan( 0): [80:E:WMI] send_action_oui_cmd_tlv: 220: Invalid action id
01-01 08:00:54.260 E/[kworke][0x3e18c45b][03:53:41.037328] wlan( 0): [80:E:action_oui] ucfg_action_oui_send: 160: Failed to send: 9
01-01 08:00:54.269 I/init ( 0): qssi copy & sync /metadata/vold/metadata_encryption/key/stretching to /persist/key/stretching_bak: No such file or directory
01-01 08:00:54.271 E/[kworke][0x3e1c16b9][03:53:41.048667] wlan( 0): [80:E:HDD] hdd_action_oui_send: 13281: Failed to send one or all action_ouis
01-01 08:00:54.302 I/init ( 0): qssi copy & sync /metadata/vold/metadata_encryption/key/version to /persist/key/version_bak: No such file or directory
01-01 08:00:54.319 D/cnss ( 0): dma-coherent is enabled
01-01 08:00:54.319 D/cnss ( 0): IOMMU map: iova b0000000, len 4096
01-01 08:00:54.319 D/cnss ( 0): IOMMU map: iova_addr b0000040
01-01 08:00:54.319 D/cnss ( 0): dma-coherent is enabled
01-01 08:00:54.319 D/cnss ( 0): IOMMU map: iova b0001000, len 4096
01-01 08:00:54.319 D/cnss ( 0): IOMMU map: iova_addr b0001018
01-01 08:00:54.335 E/[kworke][0x3e2ee1af][03:53:41.112813] wlan( 0): [80:E:TXRX] dp_rxdma_ring_config: 5022: DBS enabled max_mac_rings 2
01-01 08:00:54.351 E/[kworke][0x3e335980][03:53:41.128062] wlan( 0): [80:E:TXRX] dp_rxdma_ring_config: 5033: pdev_id 0 max_mac_rings 2
01-01 08:00:54.368 E/[kworke][0x3e3885c2][03:53:41.145719] wlan( 0): [80:E:TXRX] dp_rxdma_ring_config: 5050: mac_id 0
01-01 08:00:54.379 E/[kworke][0x3e3b9b6d][03:53:41.156247] wlan( 0): [80:E:TXRX] dp_rxdma_ring_config: 5050: mac_id 1
01-01 08:00:54.392 I/[kworke][0x3e3f9761][03:53:41.169846] wlan( 0): [80:I:POLICY_MGR] policy_mgr_update_5g_scc_prefer: 398: overwrite pm_second_connection_pcl_dbs_2x2_table, index 2 mode 3 system prefer 0 new pcl 6
01-01 08:00:54.392 I/[kworke][0x3e3f9844][03:53:41.169858] wlan( 0): [80:I:POLICY_MGR] policy_mgr_update_5g_scc_prefer: 404: overwrite pm_second_connection_pcl_dbs_2x2_table, index 3 mode 3 system prefer 0 new pcl 6
01-01 08:00:54.393 E/[kworke][0x3e3fbb36][03:53:41.170324] wlan( 0): [80:E:REGULATORY] reg_freq_width_to_chan_op_class: 512: no op class for frequency 5745
01-01 08:00:54.407 I/[kworke][0x3e43f10f][03:53:41.184695] wlan( 0): [80:I:HIF] hif_pm_runtime_start: Enabling RUNTIME PM, Delay: 500 ms
01-01 08:00:54.463 E/cnss_utils( 0): WLAN MAC address is not set, type 0
01-01 08:00:54.470 W/cnss_pci 0000( 0): 01:00.0: Falling back to syfs fallback for: wlan/qca_cld/qca6390/wlan_mac.bin
01-01 08:00:54.486 W/QSEECOM ( 0): __qseecom_unload_app: App (8) is unloaded
01-01 08:00:54.487 D/qbt ( 0): qbt_release: entry minor_no=0 fd_available=0
01-01 08:00:54.487 D/qbt ( 0): qbt_release: Releasing wakelock
01-01 08:00:54.488 D/qbt ( 0): qbt_release: exit : fd_available=1
01-01 08:00:54.488 D/qbt ( 0): qbt_release: entry minor_no=1 fd_available=1
01-01 08:00:54.488 D/qbt ( 0): qbt_release: exit : fd_available=1
01-01 08:00:54.502 I/binder ( 0): 2803:2866 ioctl 40046210 746292b934 returned -22
01-01 08:00:54.525 I/[kworke][0x3e65ec19][03:53:41.300682] wlan( 0): [80:I:HDD] hdd_initialize_mac_address: 12589: using default MAC address
01-01 08:00:54.554 D/qbt ( 0): qbt_open: entry minor_no=0 fd_available=1
01-01 08:00:54.554 D/qbt ( 0): qbt_open: exit : 0 fd_available=0
01-01 08:00:54.555 D/qbt ( 0): qbt_open: entry minor_no=1 fd_available=0
01-01 08:00:54.555 D/qbt ( 0): qbt_open: exit : 0 fd_available=0
01-01 08:00:54.555 D/qbt ( 0): qbt_ioctl: cmd received 107
01-01 08:00:54.555 D/qbt ( 0): qbt_ioctl: Acquiring wakelock
03-14 03:53:41.255 I/GameModeConfig( 1017): isGameModeOn = false
03-14 03:53:41.264 D/BluetoothManagerService( 1017): MESSAGE_BLUETOOTH_STATE_CHANGE: TURNING_ON > ON
03-14 03:53:41.264 D/BluetoothManagerService( 1017): Broadcasting onBluetoothStateChange(true) to 10 receivers.
01-01 08:00:54.597 W/QSEECOM ( 0): qseecom_load_app: App (fingerpr) does'nt exist, loading apps for first time
03-14 03:53:41.265 W/Looper ( 1017): Drained
03-14 03:53:41.265 W/Looper ( 1017): Slow dispatch took 464ms main h=android.os.Handler c=com.android.server.biometrics.sensors.BiometricScheduler$InternalCallback$$ExternalSyntheticLambda0@f70a63d m=0
03-14 03:53:41.265 D/CompanionDeviceManagerService( 1017): Received BT state transition broadcast: BLE_ON -> TURNING_ON
03-14 03:53:41.266 W/Looper ( 1017): Slow delivery took 427ms main h=android.app.ActivityThread$H c=android.app.LoadedApk$ReceiverDispatcher$Args$$ExternalSyntheticLambda0@5cb8e32 m=0
03-14 03:53:41.279 D/BluetoothManagerService( 1017): Creating new ProfileServiceConnections object for profile: 1
03-14 03:53:41.287 I/GameModeConfig( 1017): isGameModeOn = false
03-14 03:53:41.287 W/ActivityThread( 1980): Failed to find provider info for com.android.contacts (user not unlocked)
03-14 03:53:41.288 W/NotificationHistory( 1017): Attempted to add notif for locked/gone/disabled user 0
03-14 03:53:41.298 W/BluetoothManagerService( 1017): psc is not null in bindBluetoothProfileService
03-14 03:53:41.303 D/BluetoothManagerService( 1017): Sending BLE State Change: TURNING_ON > ON
03-14 03:53:41.305 D/BluetoothManagerService( 1017): Sending State Change: TURNING_ON > ON
03-14 03:53:41.305 W/ContextImpl( 2585): Calling a method in the system process without a qualified user: android.app.ContextImpl.startService:1816 android.content.ContextWrapper.startService:774 android.content.ContextWrapper.startService:774 com.qualcomm.qti.qdma.app.BootReceiver.onBootReceived:115 com.qualcomm.qti.innodme.InnoBootReceiver.onReceive:22
03-14 03:53:41.307 I/Telecom ( 1017): BluetoothDeviceManager: Got BluetoothHearingAid: android.bluetooth.BluetoothHearingAid@ff42630: BMSL.oSC@AAg
01-01 08:00:54.638 E/[kworke][0x3e87806f][03:53:41.415300] wlan( 0): [80:E:QDF] qdf_mutex_create: already initialized lock
01-01 08:00:54.648 E/[kworke][0x3e8a9a4b][03:53:41.425885] wlan( 0): [80:E:HDD] hdd_open_adapter: 6512: Interface p2p0 wow debug_fs init failed
03-14 03:53:41.318 D/BiometricScheduler/Fingerprint21( 1017): [Finishing] {[1] FingerprintUpdateActiveUserClient, proto=1, owner=android, cookie=0, requestId=-1, userId=0}, success: true
03-14 03:53:41.318 D/BiometricScheduler/Fingerprint21( 1017): [Polled] {[2] FingerprintInternalCleanupClient, proto=7, owner=android, cookie=0, requestId=-1, userId=0}, State: 0
03-14 03:53:41.319 D/BiometricScheduler/Fingerprint21( 1017): [Starting] {[2] FingerprintInternalCleanupClient, proto=7, owner=android, cookie=0, requestId=-1, userId=0}, State: 0
03-14 03:53:41.319 D/BiometricScheduler/Fingerprint21( 1017): [Started] {[2] FingerprintInternalCleanupClient, proto=7, owner=android, cookie=0, requestId=-1, userId=0}
03-14 03:53:41.319 D/Biometrics/InternalCleanupClient( 1017): Starting enumerate: {[3] FingerprintInternalEnumerateClient, proto=6, owner=android, cookie=0, requestId=-1, userId=0}
03-14 03:53:41.324 D/CompanionDeviceManagerService( 1017): Received BT state transition broadcast: TURNING_ON -> ON
03-14 03:53:41.324 I/CompanionDeviceManagerService( 1017): startBleScan()
03-14 03:53:41.327 W/Looper ( 1017): Drained
03-14 03:53:41.338 D/CompatibilityChangeReporter( 1017): Compat change id reported: 135634846; UID 10089; state: DISABLED
03-14 03:53:41.338 D/CompatibilityChangeReporter( 1017): Compat change id reported: 177438394; UID 10089; state: DISABLED
03-14 03:53:41.339 D/CompatibilityChangeReporter( 1017): Compat change id reported: 135772972; UID 10089; state: DISABLED
03-14 03:53:41.339 D/CompatibilityChangeReporter( 1017): Compat change id reported: 135754954; UID 10089; state: ENABLED
03-14 03:53:41.339 D/CompatibilityChangeReporter( 1017): Compat change id reported: 143937733; UID 10089; state: ENABLED
03-14 03:53:41.414 D/CompatibilityChangeReporter( 1017): Compat change id reported: 182478738; UID 1001; state: DISABLED
03-14 03:53:41.418 W/ActivityManager( 1017): Slow operation: 80ms so far, now at startProcess: returned from zygote!
03-14 03:53:41.418 W/ActivityManager( 1017): Slow operation: 81ms so far, now at startProcess: done updating battery stats
03-14 03:53:41.418 W/ActivityManager( 1017): Slow operation: 81ms so far, now at startProcess: building log message
03-14 03:53:41.419 I/ActivityManager( 1017): Start proc 2891:com.qualcomm.qtil.aptxui/u0a89 for broadcast {com.qualcomm.qtil.aptxui/com.qualcomm.qtil.aptxui.aptxuiBootReceiver}
03-14 03:53:41.419 W/ActivityManager( 1017): Slow operation: 81ms so far, now at startProcess: starting to update pids map
03-14 03:53:41.419 W/ActivityManager( 1017): Slow operation: 81ms so far, now at startProcess: done updating pids map
01-01 08:00:54.726 E/[kworke][0x3ea14db7][03:53:41.503371] wlan( 0): [80:E:QDF] qdf_mutex_create: already initialized lock
01-01 08:00:54.737 E/[kworke][0x3ea46a05][03:53:41.513991] wlan( 0): [80:E:HDD] hdd_open_adapter: 6512: Interface wifi-aware0 wow debug_fs init failed
01-01 08:00:54.747 W/QSEECOM ( 0): qseecom_load_app: App with id 9 (fingerpr) now loaded
03-14 03:53:41.538 I/android.hardware.wifi@1.0-service( 954): Wifi HAL started
01-01 08:00:54.760 D/cnss ( 0): Host time = 54761490 us, device time = 3887460 us, offset = 50874030 us
03-14 03:53:41.604 I/android.hardware.wifi@1.0-service( 954): Adding interface handle for p2p0
03-14 03:53:41.604 I/android.hardware.wifi@1.0-service( 954): Adding interface handle for wlan0
03-14 03:53:41.604 I/android.hardware.wifi@1.0-service( 954): Adding interface handle for wifi-aware0
03-14 03:53:41.604 W/android.hardware.wifi@1.0-service( 954): No active wlan interfaces in use! Using default
03-14 03:53:41.605 W/android.hardware.wifi@1.0-service( 954): No active wlan interfaces in use! Using default
01-01 08:00:54.761 D/cnss ( 0): Updated time sync regs [0x984] = 0x30846ae, [0x988] = 0x0
01-01 08:00:54.761 D/cnss ( 0): Removing vote for Regulator vdd-wlan-rfa2
01-01 08:00:54.761 D/cnss ( 0): Removing vote for Regulator vdd-wlan-rfa1
01-01 08:00:54.761 D/cnss ( 0): Removing vote for Regulator vdd-wlan-dig
01-01 08:00:54.761 D/cnss ( 0): Removing vote for Regulator vdd-wlan-aon
01-01 08:00:54.761 D/cnss ( 0): Removing vote for Regulator vdd-wlan-io
01-01 08:00:54.761 D/cnss ( 0): PM relax, state: 0x107, count: 0
01-01 08:00:54.768 I/ ( 0): Wifi Turning On from UI
01-01 08:00:54.777 I/[wifi@1][0x3eb056fd][03:53:41.554695] wlan( 0): [954:I:DP] dp_vdev_attach_wifi3: wlan_cfg_ap_bridge_enabled 0
01-01 08:00:54.779 I/[wifi@1][0x3eb0fb6f][03:53:41.556887] wlan( 0): [954:I:DP] 00000000: b1 b0 65 1b 3c 08 b9 94 8a da 16 60 b9 81 1e 74
01-01 08:00:54.779 I/[wifi@1][0x3eb0fc28][03:53:41.556896] wlan( 0): [954:I:DP] 00000010: b2 23 4f 78
01-01 08:00:54.779 I/[wifi@1][0x3eb0fcd4][03:53:41.556905] wlan( 0): [954:I:DP] 00000000: f8 2b d4 bd 58 fb 05 94 c8 6e 91 40 a4 cc 8c 6a
01-01 08:00:54.779 I/[wifi@1][0x3eb0fd51][03:53:41.556912] wlan( 0): [954:I:DP] 00000010: 50 f7 e7 4a 50 4b d1 8d 6e ec 26 84 92 94 4d 1c
01-01 08:00:54.780 I/[wifi@1][0x3eb0fdcc][03:53:41.556918] wlan( 0): [954:I:DP] 00000020: c2 86 c7 db 5b f5 84 34 d4 2c d0 d5
01-01 08:00:54.794 I/IPv6 ( 0): ADDRCONF(NETDEV_UP): wlan0: link is not ready
01-01 08:00:54.834 I/[lowi-s][0x3ec0e5ff][03:53:41.611218] wlan( 0): [1460:I:wifipos] wifi_pos_get_ch_info: 461: num channels: 26
03-14 03:53:41.611 I/android.hardware.wifi@1.0-service( 954): Configured chip in mode 3
03-14 03:53:41.611 W/android.hardware.wifi@1.0-service( 954): No active wlan interfaces in use! Using default
03-14 03:53:41.639 I/wificond( 1293): createClientInterface: wiphy_index 0 iface_name wlan0
03-14 03:53:41.640 I/wificond( 1293): create scanner for interface with index: 17
03-14 03:53:41.640 I/wificond( 1293): subscribe scan result for interface with index: 17
03-14 03:53:41.641 I/wificond( 1293): add channel type 0 support at wiphy index: 0
03-14 03:53:41.641 I/wificond( 1293): add channel type 1 support at wiphy index: 0
01-01 08:00:54.873 E/[wifi@1][0x3ecc4529][03:53:41.650030] wlan( 0): [2907:E:wifipos] wifi_pos_process_app_reg_req: 608: Received App Req Req pid(1451230138), len(16)
01-01 08:00:54.878 I/[wifi@1][0x3ecdf43d][03:53:41.655780] wlan( 0): [954:I:DP] dp_vdev_attach_wifi3: wlan_cfg_ap_bridge_enabled 1
01-01 08:00:54.888 E/[soft_i][0x3ed0d0bb][03:53:41.665549] wlan( 0): [0:E:OBJMGR] wlan_objmgr_vdev_try_get_ref: 1106: [Ref id: 13] vdev(1) is not in Created state(0)
01-01 08:00:54.889 E/[wifi@1][0x3ed135b1][03:53:41.666890] wlan( 0): [954:E:PMO] pmo_register_wow_wakeup_events: 88: Skipping wake event configuration for vdev_opmode 16
01-01 08:00:54.918 E/[wifi@1][0x3ed98457][03:53:41.695246] wlan( 0): [954:E:SME] sme_get_nss_chain_shift: 4045: Device mode 16 invalid
01-01 08:00:54.929 E/[wifi@1][0x3edcde47][03:53:41.706685] wlan( 0): [954:E:SME] sme_get_nss_chain_shift: 4045: Device mode 16 invalid
03-14 03:53:41.693 V/PackageManager( 1017): reconcileAppsData finished 142 packages
03-14 03:53:41.693 I/ActivityManager( 1017): User 0 state changed from RUNNING_LOCKED to RUNNING_UNLOCKING
03-14 03:53:41.697 D/ActivityManager( 1017): Unlocking user 0 progress 20
03-14 03:53:41.697 W/Looper ( 1017): Slow dispatch took 1048ms android.fg h=android.os.Handler c=com.android.server.am.UserController$$ExternalSyntheticLambda3@d8370d8 m=0
03-14 03:53:41.700 W/Looper ( 1017): Slow delivery took 1052ms android.fg h=android.os.Handler c=com.android.server.am.UserController$$ExternalSyntheticLambda1@9574f16 m=0
03-14 03:53:41.700 I/SystemServerTimingAsync( 1017): ssm.UnlockingUser-0
03-14 03:53:41.701 I/SystemServiceManager( 1017): Calling onUnlockingUser 0
03-14 03:53:41.701 I/SystemServerTimingAsync( 1017): ssm.onUnlockingUser-0_com.android.server.security.FileIntegrityService
03-14 03:53:41.701 D/SystemServerTimingAsync( 1017): ssm.onUnlockingUser-0_com.android.server.security.FileIntegrityService took to complete: 0ms
03-14 03:53:41.701 I/SystemServerTimingAsync( 1017): ssm.onUnlockingUser-0_com.android.server.pm.Installer
03-14 03:53:41.702 D/SystemServerTimingAsync( 1017): ssm.onUnlockingUser-0_com.android.server.pm.Installer took to complete: 0ms
03-14 03:53:41.702 I/SystemServerTimingAsync( 1017): ssm.onUnlockingUser-0_com.android.server.os.DeviceIdentifiersPolicyService
03-14 03:53:41.702 D/SystemServerTimingAsync( 1017): ssm.onUnlockingUser-0_com.android.server.os.DeviceIdentifiersPolicyService took to complete: 0ms
03-14 03:53:41.702 I/SystemServerTimingAsync( 1017): ssm.onUnlockingUser-0_com.android.server.uri.UriGrantsManagerService$Lifecycle
03-14 03:53:41.702 D/SystemServerTimingAsync( 1017): ssm.onUnlockingUser-0_com.android.server.uri.UriGrantsManagerService$Lifecycle took to complete: 0ms
03-14 03:53:41.702 I/SystemServerTimingAsync( 1017): ssm.onUnlockingUser-0_com.android.server.powerstats.PowerStatsService
03-14 03:53:41.702 D/SystemServerTimingAsync( 1017): ssm.onUnlockingUser-0_com.android.server.powerstats.PowerStatsService took to complete: 0ms
03-14 03:53:41.702 I/SystemServerTimingAsync( 1017): ssm.onUnlockingUser-0_com.android.server.wm.ActivityTaskManagerService$Lifecycle
03-14 03:53:41.702 D/SystemServerTimingAsync( 1017): ssm.onUnlockingUser-0_com.android.server.wm.ActivityTaskManagerService$Lifecycle took to complete: 0ms
03-14 03:53:41.703 I/SystemServerTimingAsync( 1017): ssm.onUnlockingUser-0_com.android.server.am.ActivityManagerService$Lifecycle
03-14 03:53:41.703 D/SystemServerTimingAsync( 1017): ssm.onUnlockingUser-0_com.android.server.am.ActivityManagerService$Lifecycle took to complete: 0ms
03-14 03:53:41.703 I/SystemServerTimingAsync( 1017): ssm.onUnlockingUser-0_com.android.server.pm.DataLoaderManagerService
03-14 03:53:41.704 D/SystemServerTimingAsync( 1017): ssm.onUnlockingUser-0_com.android.server.pm.DataLoaderManagerService took to complete: 0ms
03-14 03:53:41.707 I/SystemServerTimingAsync( 1017): ssm.onUnlockingUser-0_com.android.server.power.PowerManagerService
03-14 03:53:41.707 D/SystemServerTimingAsync( 1017): ssm.onUnlockingUser-0_com.android.server.power.PowerManagerService took to complete: 0ms
01-01 08:00:54.944 I/IPv6 ( 0): ADDRCONF(NETDEV_UP): wifi-aware0: link is not ready
03-14 03:53:41.716 I/SystemServerTimingAsync( 1017): ssm.onUnlockingUser-0_com.android.server.power.ThermalManagerService
03-14 03:53:41.716 D/SystemServerTimingAsync( 1017): ssm.onUnlockingUser-0_com.android.server.power.ThermalManagerService took to complete: 0ms
03-14 03:53:41.716 I/SystemServerTimingAsync( 1017): ssm.onUnlockingUser-0_com.android.server.power.hint.HintManagerService
03-14 03:53:41.716 D/SystemServerTimingAsync( 1017): ssm.onUnlockingUser-0_com.android.server.power.hint.HintManagerService took to complete: 0ms
03-14 03:53:41.716 I/SystemServerTimingAsync( 1017): ssm.onUnlockingUser-0_com.android.server.recoverysystem.RecoverySystemService$Lifecycle
03-14 03:53:41.716 D/SystemServerTimingAsync( 1017): ssm.onUnlockingUser-0_com.android.server.recoverysystem.RecoverySystemService$Lifecycle took to complete: 0ms
03-14 03:53:41.716 I/SystemServerTimingAsync( 1017): ssm.onUnlockingUser-0_com.android.server.lights.LightsService
03-14 03:53:41.717 D/SystemServerTimingAsync( 1017): ssm.onUnlockingUser-0_com.android.server.lights.LightsService took to complete: 0ms
03-14 03:53:41.717 I/SystemServerTimingAsync( 1017): ssm.onUnlockingUser-0_com.android.server.display.DisplayManagerService
03-14 03:53:41.717 D/SystemServerTimingAsync( 1017): ssm.onUnlockingUser-0_com.android.server.display.DisplayManagerService took to complete: 0ms
03-14 03:53:41.717 I/SystemServerTimingAsync( 1017): ssm.onUnlockingUser-0_com.android.server.pm.verify.domain.DomainVerificationService
03-14 03:53:41.717 D/SystemServerTimingAsync( 1017): ssm.onUnlockingUser-0_com.android.server.pm.verify.domain.DomainVerificationService took to complete: 0ms
03-14 03:53:41.717 I/SystemServerTimingAsync( 1017): ssm.onUnlockingUser-0_com.android.server.pm.PackageInstallerService$Lifecycle
03-14 03:53:41.717 D/SystemServerTimingAsync( 1017): ssm.onUnlockingUser-0_com.android.server.pm.PackageInstallerService$Lifecycle took to complete: 0ms
03-14 03:53:41.717 I/SystemServerTimingAsync( 1017): ssm.onUnlockingUser-0_com.android.server.pm.UserManagerService$LifeCycle
03-14 03:53:41.718 D/SystemServerTimingAsync( 1017): ssm.onUnlockingUser-0_com.android.server.pm.UserManagerService$LifeCycle took to complete: 0ms
03-14 03:53:41.718 I/SystemServerTimingAsync( 1017): ssm.onUnlockingUser-0_com.android.server.om.OverlayManagerService
03-14 03:53:41.718 D/SystemServerTimingAsync( 1017): ssm.onUnlockingUser-0_com.android.server.om.OverlayManagerService took to complete: 0ms
03-14 03:53:41.718 I/SystemServerTimingAsync( 1017): ssm.onUnlockingUser-0_com.android.server.SensorPrivacyService
03-14 03:53:41.718 D/SystemServerTimingAsync( 1017): ssm.onUnlockingUser-0_com.android.server.SensorPrivacyService took to complete: 0ms
03-14 03:53:41.718 I/SystemServerTimingAsync( 1017): ssm.onUnlockingUser-0_com.android.server.thunderperf.ThunderBoostPerfService
03-14 03:53:41.718 D/SystemServerTimingAsync( 1017): ssm.onUnlockingUser-0_com.android.server.thunderperf.ThunderBoostPerfService took to complete: 0ms
03-14 03:53:41.718 I/SystemServerTimingAsync( 1017): ssm.onUnlockingUser-0_com.android.server.sensors.SensorService
03-14 03:53:41.719 D/SystemServerTimingAsync( 1017): ssm.onUnlockingUser-0_com.android.server.sensors.SensorService took to complete: 0ms
03-14 03:53:41.719 I/SystemServerTimingAsync( 1017): ssm.onUnlockingUser-0_com.android.server.SystemConfigService
03-14 03:53:41.719 D/SystemServerTimingAsync( 1017): ssm.onUnlockingUser-0_com.android.server.SystemConfigService took to complete: 0ms
03-14 03:53:41.719 I/SystemServerTimingAsync( 1017): ssm.onUnlockingUser-0_com.android.server.BatteryService
03-14 03:53:41.719 D/SystemServerTimingAsync( 1017): ssm.onUnlockingUser-0_com.android.server.BatteryService took to complete: 0ms
03-14 03:53:41.719 I/SystemServerTimingAsync( 1017): ssm.onUnlockingUser-0_com.android.server.usage.UsageStatsService
03-14 03:53:41.719 D/SystemServerTimingAsync( 1017): ssm.onUnlockingUser-0_com.android.server.usage.UsageStatsService took to complete: 0ms
03-14 03:53:41.720 I/SystemServerTimingAsync( 1017): ssm.onUnlockingUser-0_com.android.server.webkit.WebViewUpdateService
03-14 03:53:41.720 D/SystemServerTimingAsync( 1017): ssm.onUnlockingUser-0_com.android.server.webkit.WebViewUpdateService took to complete: 0ms
03-14 03:53:41.720 I/SystemServerTimingAsync( 1017): ssm.onUnlockingUser-0_com.android.server.CachedDeviceStateService
03-14 03:53:41.720 D/SystemServerTimingAsync( 1017): ssm.onUnlockingUser-0_com.android.server.CachedDeviceStateService took to complete: 0ms
03-14 03:53:41.720 I/SystemServerTimingAsync( 1017): ssm.onUnlockingUser-0_com.android.server.BinderCallsStatsService$LifeCycle
03-14 03:53:41.720 D/SystemServerTimingAsync( 1017): ssm.onUnlockingUser-0_com.android.server.BinderCallsStatsService$LifeCycle took to complete: 0ms
03-14 03:53:41.720 I/SystemServerTimingAsync( 1017): ssm.onUnlockingUser-0_com.android.server.LooperStatsService$Lifecycle
03-14 03:53:41.720 D/SystemServerTimingAsync( 1017): ssm.onUnlockingUser-0_com.android.server.LooperStatsService$Lifecycle took to complete: 0ms
03-14 03:53:41.721 I/SystemServerTimingAsync( 1017): ssm.onUnlockingUser-0_com.android.server.rollback.RollbackManagerService
03-14 03:53:41.742 W/Looper ( 1017): Drained
03-14 03:53:41.743 D/SystemServerTimingAsync( 1017): ssm.onUnlockingUser-0_com.android.server.rollback.RollbackManagerService took to complete: 1ms
03-14 03:53:41.743 I/SystemServerTimingAsync( 1017): ssm.onUnlockingUser-0_com.android.server.os.NativeTombstoneManagerService
03-14 03:53:41.743 D/SystemServerTimingAsync( 1017): ssm.onUnlockingUser-0_com.android.server.os.NativeTombstoneManagerService took to complete: 0ms
03-14 03:53:41.743 I/SystemServerTimingAsync( 1017): ssm.onUnlockingUser-0_com.android.server.os.BugreportManagerService
03-14 03:53:41.743 D/SystemServerTimingAsync( 1017): ssm.onUnlockingUser-0_com.android.server.os.BugreportManagerService took to complete: 0ms
03-14 03:53:41.743 I/SystemServerTimingAsync( 1017): ssm.onUnlockingUser-0_com.android.server.gpu.GpuService
03-14 03:53:41.743 D/SystemServerTimingAsync( 1017): ssm.onUnlockingUser-0_com.android.server.gpu.GpuService took to complete: 0ms
03-14 03:53:41.744 I/SystemServerTimingAsync( 1017): ssm.onUnlockingUser-0_com.android.server.security.KeyChainSystemService
03-14 03:53:41.744 D/SystemServerTimingAsync( 1017): ssm.onUnlockingUser-0_com.android.server.security.KeyChainSystemService took to complete: 0ms
03-14 03:53:41.744 I/SystemServerTimingAsync( 1017): ssm.onUnlockingUser-0_com.android.server.telecom.TelecomLoaderService
03-14 03:53:41.744 D/SystemServerTimingAsync( 1017): ssm.onUnlockingUser-0_com.android.server.telecom.TelecomLoaderService took to complete: 0ms
03-14 03:53:41.744 I/SystemServerTimingAsync( 1017): ssm.onUnlockingUser-0_com.android.server.accounts.AccountManagerService$Lifecycle
03-14 03:53:41.744 D/SystemServerTimingAsync( 1017): ssm.onUnlockingUser-0_com.android.server.accounts.AccountManagerService$Lifecycle took to complete: 1ms
03-14 03:53:41.744 I/SystemServerTimingAsync( 1017): ssm.onUnlockingUser-0_com.android.server.content.ContentService$Lifecycle
03-14 03:53:41.745 D/SystemServerTimingAsync( 1017): ssm.onUnlockingUser-0_com.android.server.content.ContentService$Lifecycle took to complete: 0ms
03-14 03:53:41.745 I/SystemServerTimingAsync( 1017): ssm.onUnlockingUser-0_com.android.server.DropBoxManagerService
03-14 03:53:41.745 D/SystemServerTimingAsync( 1017): ssm.onUnlockingUser-0_com.android.server.DropBoxManagerService took to complete: 0ms
03-14 03:53:41.745 I/SystemServerTimingAsync( 1017): ssm.onUnlockingUser-0_com.android.role.RoleService
03-14 03:53:41.745 D/SystemServerTimingAsync( 1017): ssm.onUnlockingUser-0_com.android.role.RoleService took to complete: 0ms
03-14 03:53:41.745 I/SystemServerTimingAsync( 1017): ssm.onUnlockingUser-0_com.android.server.vibrator.VibratorManagerService$Lifecycle
03-14 03:53:41.746 D/SystemServerTimingAsync( 1017): ssm.onUnlockingUser-0_com.android.server.vibrator.VibratorManagerService$Lifecycle took to complete: 0ms
03-14 03:53:41.746 I/SystemServerTimingAsync( 1017): ssm.onUnlockingUser-0_com.android.server.alarm.AlarmManagerService
03-14 03:53:41.746 D/SystemServerTimingAsync( 1017): ssm.onUnlockingUser-0_com.android.server.alarm.AlarmManagerService took to complete: 0ms
03-14 03:53:41.746 I/SystemServerTimingAsync( 1017): ssm.onUnlockingUser-0_com.android.server.devicestate.DeviceStateManagerService
03-14 03:53:41.746 D/SystemServerTimingAsync( 1017): ssm.onUnlockingUser-0_com.android.server.devicestate.DeviceStateManagerService took to complete: 0ms
03-14 03:53:41.746 I/SystemServerTimingAsync( 1017): ssm.onUnlockingUser-0_com.android.server.camera.CameraServiceProxy
03-14 03:53:41.746 D/SystemServerTimingAsync( 1017): ssm.onUnlockingUser-0_com.android.server.camera.CameraServiceProxy took to complete: 0ms
03-14 03:53:41.746 I/SystemServerTimingAsync( 1017): ssm.onUnlockingUser-0_com.android.server.BluetoothService
03-14 03:53:41.747 D/BluetoothManagerService( 1017): User 0 unlocked
03-14 03:53:41.747 D/SystemServerTimingAsync( 1017): ssm.onUnlockingUser-0_com.android.server.BluetoothService took to complete: 0ms
03-14 03:53:41.747 I/SystemServerTimingAsync( 1017): ssm.onUnlockingUser-0_com.android.server.connectivity.IpConnectivityMetrics
03-14 03:53:41.747 D/SystemServerTimingAsync( 1017): ssm.onUnlockingUser-0_com.android.server.connectivity.IpConnectivityMetrics took to complete: 0ms
03-14 03:53:41.747 D/BluetoothManagerService( 1017): MESSAGE_USER_UNLOCKED
03-14 03:53:41.747 I/SystemServerTimingAsync( 1017): ssm.onUnlockingUser-0_com.android.server.net.watchlist.NetworkWatchlistService$Lifecycle
03-14 03:53:41.747 D/SystemServerTimingAsync( 1017): ssm.onUnlockingUser-0_com.android.server.net.watchlist.NetworkWatchlistService$Lifecycle took to complete: 0ms
03-14 03:53:41.747 I/SystemServerTimingAsync( 1017): ssm.onUnlockingUser-0_com.android.server.PinnerService
03-14 03:53:41.747 D/SystemServerTimingAsync( 1017): ssm.onUnlockingUser-0_com.android.server.PinnerService took to complete: 0ms
03-14 03:53:41.748 I/SystemServerTimingAsync( 1017): ssm.onUnlockingUser-0_com.google.android.startop.iorap.IorapForwardingService
03-14 03:53:41.748 D/SystemServerTimingAsync( 1017): ssm.onUnlockingUser-0_com.google.android.startop.iorap.IorapForwardingService took to complete: 0ms
03-14 03:53:41.748 I/SystemServerTimingAsync( 1017): ssm.onUnlockingUser-0_com.android.server.ActivityTriggerService
03-14 03:53:41.748 D/SystemServerTimingAsync( 1017): ssm.onUnlockingUser-0_com.android.server.ActivityTriggerService took to complete: 0ms
03-14 03:53:41.748 I/SystemServerTimingAsync( 1017): ssm.onUnlockingUser-0_com.android.server.integrity.AppIntegrityManagerService
03-14 03:53:41.748 D/SystemServerTimingAsync( 1017): ssm.onUnlockingUser-0_com.android.server.integrity.AppIntegrityManagerService took to complete: 0ms
03-14 03:53:41.748 I/SystemServerTimingAsync( 1017): ssm.onUnlockingUser-0_com.android.server.inputmethod.InputMethodManagerService$Lifecycle
03-14 03:53:41.748 D/SystemServerTimingAsync( 1017): ssm.onUnlockingUser-0_com.android.server.inputmethod.InputMethodManagerService$Lifecycle took to complete: 0ms
03-14 03:53:41.748 I/SystemServerTimingAsync( 1017): ssm.onUnlockingUser-0_com.android.server.accessibility.AccessibilityManagerService$Lifecycle
03-14 03:53:41.748 D/SystemServerTimingAsync( 1017): ssm.onUnlockingUser-0_com.android.server.accessibility.AccessibilityManagerService$Lifecycle took to complete: 0ms
