01-01 09:22:46.974 E/audit ( 0): rate limit exceeded
01-01 09:22:51.510 I/init ( 0): starting service 'hht_ota_mgr_service'...
01-01 09:22:51.700 I/init ( 0): Service 'hht_ota_mgr_service' (pid 8148) exited with status 0
01-01 09:22:51.723 I/init ( 0): Sending signal 9 to service 'hht_ota_mgr_service' (pid 8148) process group...
01-01 09:22:51.733 I/libprocessgroup( 0): Successfully killed process cgroup uid 0 pid 8148 in 0ms
01-01 09:22:56.531 I/init ( 0): starting service 'hht_ota_mgr_service'...
01-01 09:22:56.725 I/init ( 0): Service 'hht_ota_mgr_service' (pid 8152) exited with status 0
01-01 09:22:56.748 I/init ( 0): Sending signal 9 to service 'hht_ota_mgr_service' (pid 8152) process group...
01-01 09:22:56.757 I/libprocessgroup( 0): Successfully killed process cgroup uid 0 pid 8152 in 0ms
01-01 09:23:01.558 I/init ( 0): starting service 'hht_ota_mgr_service'...
01-01 09:23:01.756 I/init ( 0): Service 'hht_ota_mgr_service' (pid 8153) exited with status 0
01-01 09:23:01.783 I/init ( 0): Sending signal 9 to service 'hht_ota_mgr_service' (pid 8153) process group...
01-01 09:23:01.783 I/libprocessgroup( 0): Successfully killed process cgroup uid 0 pid 8153 in 0ms
01-01 09:23:06.577 I/init ( 0): starting service 'hht_ota_mgr_service'...
01-01 09:23:06.771 I/init ( 0): Service 'hht_ota_mgr_service' (pid 8157) exited with status 0
01-01 09:23:06.795 I/init ( 0): Sending signal 9 to service 'hht_ota_mgr_service' (pid 8157) process group...
01-01 09:23:06.805 I/libprocessgroup( 0): Successfully killed process cgroup uid 0 pid 8157 in 0ms
01-01 09:23:11.605 I/init ( 0): starting service 'hht_ota_mgr_service'...
01-01 09:23:11.802 I/init ( 0): Service 'hht_ota_mgr_service' (pid 8161) exited with status 0
01-01 09:23:11.824 I/init ( 0): Sending signal 9 to service 'hht_ota_mgr_service' (pid 8161) process group...
01-01 09:23:11.834 I/libprocessgroup( 0): Successfully killed process cgroup uid 0 pid 8161 in 0ms
01-01 09:23:16.628 I/init ( 0): starting service 'hht_ota_mgr_service'...
01-01 09:23:16.847 I/init ( 0): Service 'hht_ota_mgr_service' (pid 8162) exited with status 0
01-01 09:23:16.870 I/init ( 0): Sending signal 9 to service 'hht_ota_mgr_service' (pid 8162) process group...
01-01 09:23:16.879 I/libprocessgroup( 0): Successfully killed process cgroup uid 0 pid 8162 in 0ms
01-01 09:23:21.680 I/init ( 0): starting service 'hht_ota_mgr_service'...
01-01 09:23:21.896 I/init ( 0): Service 'hht_ota_mgr_service' (pid 8166) exited with status 0
01-01 09:23:21.919 I/init ( 0): Sending signal 9 to service 'hht_ota_mgr_service' (pid 8166) process group...
01-01 09:23:21.929 I/libprocessgroup( 0): Successfully killed process cgroup uid 0 pid 8166 in 0ms
01-01 09:23:26.735 I/init ( 0): starting service 'hht_ota_mgr_service'...
01-01 09:23:26.950 I/init ( 0): Service 'hht_ota_mgr_service' (pid 8167) exited with status 0
01-01 09:23:26.975 I/init ( 0): Sending signal 9 to service 'hht_ota_mgr_service' (pid 8167) process group...
01-01 09:23:26.985 I/libprocessgroup( 0): Successfully killed process cgroup uid 0 pid 8167 in 0ms
01-01 09:23:31.790 I/init ( 0): starting service 'hht_ota_mgr_service'...
01-01 09:23:32.003 I/init ( 0): Service 'hht_ota_mgr_service' (pid 8171) exited with status 0
01-01 09:23:32.027 I/init ( 0): Sending signal 9 to service 'hht_ota_mgr_service' (pid 8171) process group...
01-01 09:23:32.037 I/libprocessgroup( 0): Successfully killed process cgroup uid 0 pid 8171 in 1ms
01-01 09:23:32.714 E/[kworke][0x166898d14f][10:45:22.432694] wlan( 0): [338:E:WMA] Rx unprotected unicast mgmt frame
01-01 09:23:32.724 E/[schedu][0x16689bdaec][10:45:22.443062] wlan( 0): [2762:E:PE] lim_drop_unprotected_action_frame: 1614: Dropping unprotected Action category: 3 frame since RMF is enabled
03-28 10:45:24.580 I/MicroServiceManager( 1017): requestResult(setVolume) parameters is{"functionInfo":{"IDCM_VolumeValue_Media":"10"}}.
03-28 10:45:25.230 I/MicroServiceManager( 1017): requestResult(setVolume) parameters is{"functionInfo":{"IDCM_VolumeValue_Media":"23"}}.
03-28 10:45:25.897 I/MicroServiceManager( 1017): requestResult(setVolume) parameters is{"functionInfo":{"IDCM_VolumeValue_Media":"29"}}.
03-28 10:45:26.459 I/MicroServiceManager( 1017): requestResult(setVolume) parameters is{"functionInfo":{"IDCM_VolumeValue_Media":"36"}}.
01-01 09:23:36.842 I/init ( 0): starting service 'hht_ota_mgr_service'...
01-01 09:23:37.053 I/init ( 0): Service 'hht_ota_mgr_service' (pid 8185) exited with status 0
01-01 09:23:37.075 I/init ( 0): Sending signal 9 to service 'hht_ota_mgr_service' (pid 8185) process group...
01-01 09:23:37.086 I/libprocessgroup( 0): Successfully killed process cgroup uid 0 pid 8185 in 1ms
03-28 10:45:27.222 I/MicroServiceManager( 1017): requestResult(setVolume) parameters is{"functionInfo":{"IDCM_VolumeValue_Media":"17"}}.
03-28 10:45:28.036 I/MicroServiceManager( 1017): requestResult(setVolume) parameters is{"functionInfo":{"IDCM_VolumeValue_Media":"8"}}.
03-28 10:45:28.676 I/MicroServiceManager( 1017): requestResult(setVolume) parameters is{"functionInfo":{"IDCM_VolumeValue_Media":"27"}}.
01-01 09:23:41.881 I/init ( 0): starting service 'hht_ota_mgr_service'...
01-01 09:23:42.085 I/init ( 0): Service 'hht_ota_mgr_service' (pid 8198) exited with status 0
01-01 09:23:42.108 I/init ( 0): Sending signal 9 to service 'hht_ota_mgr_service' (pid 8198) process group...
01-01 09:23:42.117 I/libprocessgroup( 0): Successfully killed process cgroup uid 0 pid 8198 in 0ms
03-28 10:45:35.874 I/MicroServiceManager( 1017): requestResult(setVolume) parameters is{"functionInfo":{"IDCM_VolumeValue_Media":"38"}}.
03-28 10:45:36.470 I/MicroServiceManager( 1017): requestResult(setVolume) parameters is{"functionInfo":{"IDCM_VolumeValue_Media":"27"}}.
01-01 09:23:46.929 I/init ( 0): starting service 'hht_ota_mgr_service'...
01-01 09:23:47.128 I/init ( 0): Service 'hht_ota_mgr_service' (pid 8206) exited with status 0
01-01 09:23:47.150 I/init ( 0): Sending signal 9 to service 'hht_ota_mgr_service' (pid 8206) process group...
01-01 09:23:47.159 I/libprocessgroup( 0): Successfully killed process cgroup uid 0 pid 8206 in 0ms
03-28 10:45:37.023 I/MicroServiceManager( 1017): requestResult(setVolume) parameters is{"functionInfo":{"IDCM_VolumeValue_Media":"17"}}.
03-28 10:45:37.681 I/MicroServiceManager( 1017): requestResult(setVolume) parameters is{"functionInfo":{"IDCM_VolumeValue_Media":"26"}}.
03-28 10:45:38.272 I/MicroServiceManager( 1017): requestResult(setVolume) parameters is{"functionInfo":{"IDCM_VolumeValue_Media":"32"}}.
03-28 10:45:38.783 I/MicroServiceManager( 1017): requestResult(setVolume) parameters is{"functionInfo":{"IDCM_VolumeValue_Media":"18"}}.
03-28 10:45:39.352 I/MicroServiceManager( 1017): requestResult(setVolume) parameters is{"functionInfo":{"IDCM_VolumeValue_Media":"12"}}.
03-28 10:45:39.989 I/MicroServiceManager( 1017): requestResult(setVolume) parameters is{"functionInfo":{"IDCM_VolumeValue_Media":"28"}}.
03-28 10:45:40.525 I/MicroServiceManager( 1017): requestResult(setVolume) parameters is{"functionInfo":{"IDCM_VolumeValue_Media":"12"}}.
03-28 10:45:41.178 I/MicroServiceManager( 1017): requestResult(setVolume) parameters is{"functionInfo":{"IDCM_VolumeValue_Media":"30"}}.
03-28 10:45:41.678 I/MicroServiceManager( 1017): requestResult(setVolume) parameters is{"functionInfo":{"IDCM_VolumeValue_Media":"15"}}.
01-01 09:23:51.958 I/init ( 0): starting service 'hht_ota_mgr_service'...
01-01 09:23:52.172 I/init ( 0): Service 'hht_ota_mgr_service' (pid 8236) exited with status 0
01-01 09:23:52.194 I/init ( 0): Sending signal 9 to service 'hht_ota_mgr_service' (pid 8236) process group...
01-01 09:23:52.204 I/libprocessgroup( 0): Successfully killed process cgroup uid 0 pid 8236 in 0ms
03-28 10:45:42.353 I/MicroServiceManager( 1017): requestResult(setVolume) parameters is{"functionInfo":{"IDCM_VolumeValue_Media":"30"}}.
03-28 10:45:42.850 I/MicroServiceManager( 1017): requestResult(setVolume) parameters is{"functionInfo":{"IDCM_VolumeValue_Media":"8"}}.
03-28 10:45:43.608 I/MicroServiceManager( 1017): requestResult(setVolume) parameters is{"functionInfo":{"IDCM_VolumeValue_Media":"31"}}.
03-28 10:45:44.198 I/MicroServiceManager( 1017): requestResult(setVolume) parameters is{"functionInfo":{"IDCM_VolumeValue_Media":"13"}}.
03-28 10:45:45.035 I/MicroServiceManager( 1017): requestResult(setVolume) parameters is{"functionInfo":{"IDCM_VolumeValue_Media":"36"}}.
03-28 10:45:45.679 I/MicroServiceManager( 1017): requestResult(setVolume) parameters is{"functionInfo":{"IDCM_VolumeValue_Media":"13"}}.
03-28 10:45:46.524 I/MicroServiceManager( 1017): requestResult(setVolume) parameters is{"functionInfo":{"IDCM_VolumeValue_Media":"30"}}.
01-01 09:23:56.984 I/init ( 0): starting service 'hht_ota_mgr_service'...
01-01 09:23:57.175 I/init ( 0): Service 'hht_ota_mgr_service' (pid 8262) exited with status 0
01-01 09:23:57.201 I/init ( 0): Sending signal 9 to service 'hht_ota_mgr_service' (pid 8262) process group...
01-01 09:23:57.212 I/libprocessgroup( 0): Successfully killed process cgroup uid 0 pid 8262 in 0ms
03-28 10:45:47.168 I/MicroServiceManager( 1017): requestResult(setVolume) parameters is{"functionInfo":{"IDCM_VolumeValue_Media":"14"}}.
03-28 10:45:47.937 I/MicroServiceManager( 1017): requestResult(setVolume) parameters is{"functionInfo":{"IDCM_VolumeValue_Media":"34"}}.
03-28 10:45:49.190 I/MicroServiceManager( 1017): requestResult(setVolume) parameters is{"functionInfo":{"IDCM_VolumeValue_Media":"13"}}.
03-28 10:45:49.868 I/MicroServiceManager( 1017): requestResult(setVolume) parameters is{"functionInfo":{"IDCM_VolumeValue_Media":"36"}}.
03-28 10:45:50.506 I/MicroServiceManager( 1017): requestResult(setVolume) parameters is{"functionInfo":{"IDCM_VolumeValue_Media":"10"}}.
03-28 10:45:51.248 I/MicroServiceManager( 1017): requestResult(setVolume) parameters is{"functionInfo":{"IDCM_VolumeValue_Media":"32"}}.
01-01 09:24:02.015 I/init ( 0): starting service 'hht_ota_mgr_service'...
03-28 10:45:51.830 I/MicroServiceManager( 1017): requestResult(setVolume) parameters is{"functionInfo":{"IDCM_VolumeValue_Media":"15"}}.
01-01 09:24:02.229 I/init ( 0): Service 'hht_ota_mgr_service' (pid 8283) exited with status 0
01-01 09:24:02.252 I/init ( 0): Sending signal 9 to service 'hht_ota_mgr_service' (pid 8283) process group...
01-01 09:24:02.262 I/libprocessgroup( 0): Successfully killed process cgroup uid 0 pid 8283 in 0ms
03-28 10:45:52.940 I/MicroServiceManager( 1017): requestResult(setVolume) parameters is{"functionInfo":{"IDCM_VolumeValue_Media":"34"}}.
03-28 10:45:53.365 I/MicroServiceManager( 1017): requestResult(setVolume) parameters is{"functionInfo":{"IDCM_VolumeValue_Media":"12"}}.
03-28 10:45:54.198 I/MicroServiceManager( 1017): requestResult(setVolume) parameters is{"functionInfo":{"IDCM_VolumeValue_Media":"34"}}.
03-28 10:45:54.852 I/MicroServiceManager( 1017): requestResult(setVolume) parameters is{"functionInfo":{"IDCM_VolumeValue_Media":"12"}}.
03-28 10:45:55.920 I/MicroServiceManager( 1017): requestResult(setVolume) parameters is{"functionInfo":{"IDCM_VolumeValue_Media":"16"}}.
01-01 09:24:07.067 I/init ( 0): starting service 'hht_ota_mgr_service'...
01-01 09:24:07.283 I/init ( 0): Service 'hht_ota_mgr_service' (pid 8306) exited with status 0
01-01 09:24:07.306 I/init ( 0): Sending signal 9 to service 'hht_ota_mgr_service' (pid 8306) process group...
01-01 09:24:07.315 I/libprocessgroup( 0): Successfully killed process cgroup uid 0 pid 8306 in 0ms
03-28 10:45:57.686 I/MicroServiceManager( 1017): requestResult(setVolume) parameters is{"functionInfo":{"IDCM_VolumeValue_Media":"35"}}.
03-28 10:45:58.366 I/MicroServiceManager( 1017): requestResult(setVolume) parameters is{"functionInfo":{"IDCM_VolumeValue_Media":"16"}}.
03-28 10:45:59.135 I/MicroServiceManager( 1017): requestResult(setVolume) parameters is{"functionInfo":{"IDCM_VolumeValue_Media":"38"}}.
03-28 10:45:59.716 I/MicroServiceManager( 1017): requestResult(setVolume) parameters is{"functionInfo":{"IDCM_VolumeValue_Media":"10"}}.
03-28 10:46:00.417 I/MicroServiceManager( 1017): requestResult(setVolume) parameters is{"functionInfo":{"IDCM_VolumeValue_Media":"31"}}.
03-28 10:46:00.961 I/MicroServiceManager( 1017): requestResult(setVolume) parameters is{"functionInfo":{"IDCM_VolumeValue_Media":"8"}}.
03-28 10:46:01.650 I/MicroServiceManager( 1017): requestResult(setVolume) parameters is{"functionInfo":{"IDCM_VolumeValue_Media":"35"}}.
01-01 09:24:12.106 I/init ( 0): starting service 'hht_ota_mgr_service'...
01-01 09:24:12.306 I/init ( 0): Service 'hht_ota_mgr_service' (pid 8329) exited with status 0
01-01 09:24:12.329 I/init ( 0): Sending signal 9 to service 'hht_ota_mgr_service' (pid 8329) process group...
01-01 09:24:12.338 I/libprocessgroup( 0): Successfully killed process cgroup uid 0 pid 8329 in 0ms
03-28 10:46:02.262 I/MicroServiceManager( 1017): requestResult(setVolume) parameters is{"functionInfo":{"IDCM_VolumeValue_Media":"13"}}.
03-28 10:46:02.850 I/MicroServiceManager( 1017): requestResult(setVolume) parameters is{"functionInfo":{"IDCM_VolumeValue_Media":"37"}}.
03-28 10:46:03.439 I/MicroServiceManager( 1017): requestResult(setVolume) parameters is{"functionInfo":{"IDCM_VolumeValue_Media":"9"}}.
03-28 10:46:04.173 I/MicroServiceManager( 1017): requestResult(setVolume) parameters is{"functionInfo":{"IDCM_VolumeValue_Media":"31"}}.
03-28 10:46:04.725 I/MicroServiceManager( 1017): requestResult(setVolume) parameters is{"functionInfo":{"IDCM_VolumeValue_Media":"10"}}.
03-28 10:46:05.362 I/MicroServiceManager( 1017): requestResult(setVolume) parameters is{"functionInfo":{"IDCM_VolumeValue_Media":"35"}}.
03-28 10:46:06.691 I/MicroServiceManager( 1017): requestResult(setVolume) parameters is{"functionInfo":{"IDCM_VolumeValue_Media":"9"}}.
01-01 09:24:17.129 I/init ( 0): starting service 'hht_ota_mgr_service'...
01-01 09:24:17.317 I/init ( 0): Service 'hht_ota_mgr_service' (pid 8354) exited with status 0
01-01 09:24:17.339 I/init ( 0): Sending signal 9 to service 'hht_ota_mgr_service' (pid 8354) process group...
01-01 09:24:17.349 I/libprocessgroup( 0): Successfully killed process cgroup uid 0 pid 8354 in 0ms
03-28 10:46:07.287 I/MicroServiceManager( 1017): requestResult(setVolume) parameters is{"functionInfo":{"IDCM_VolumeValue_Media":"30"}}.
03-28 10:46:07.836 I/MicroServiceManager( 1017): requestResult(setVolume) parameters is{"functionInfo":{"IDCM_VolumeValue_Media":"9"}}.
03-28 10:46:08.471 I/MicroServiceManager( 1017): requestResult(setVolume) parameters is{"functionInfo":{"IDCM_VolumeValue_Media":"30"}}.
03-28 10:46:09.075 I/MicroServiceManager( 1017): requestResult(setVolume) parameters is{"functionInfo":{"IDCM_VolumeValue_Media":"8"}}.
03-28 10:46:09.658 I/MicroServiceManager( 1017): requestResult(setVolume) parameters is{"functionInfo":{"IDCM_VolumeValue_Media":"30"}}.
03-28 10:46:10.179 I/MicroServiceManager( 1017): requestResult(setVolume) parameters is{"functionInfo":{"IDCM_VolumeValue_Media":"10"}}.
03-28 10:46:10.835 I/MicroServiceManager( 1017): requestResult(setVolume) parameters is{"functionInfo":{"IDCM_VolumeValue_Media":"32"}}.
03-28 10:46:11.208 I/MicroServiceManager( 1017): requestResult(setVolume) parameters is{"functionInfo":{"IDCM_VolumeValue_Media":"0"}}.
01-01 09:24:22.152 I/init ( 0): starting service 'hht_ota_mgr_service'...
03-28 10:46:11.881 I/MicroServiceManager( 1017): requestResult(setVolume) parameters is{"functionInfo":{"IDCM_VolumeValue_Media":"32"}}.
01-01 09:24:22.343 I/init ( 0): Service 'hht_ota_mgr_service' (pid 8380) exited with status 0
01-01 09:24:22.366 I/init ( 0): Sending signal 9 to service 'hht_ota_mgr_service' (pid 8380) process group...
01-01 09:24:22.375 I/libprocessgroup( 0): Successfully killed process cgroup uid 0 pid 8380 in 0ms
03-28 10:46:12.488 I/MicroServiceManager( 1017): requestResult(setVolume) parameters is{"functionInfo":{"IDCM_VolumeValue_Media":"0"}}.
03-28 10:46:13.103 I/MicroServiceManager( 1017): requestResult(setVolume) parameters is{"functionInfo":{"IDCM_VolumeValue_Media":"32"}}.
03-28 10:46:13.690 I/MicroServiceManager( 1017): requestResult(setVolume) parameters is{"functionInfo":{"IDCM_VolumeValue_Media":"0"}}.
03-28 10:46:14.389 I/MicroServiceManager( 1017): requestResult(setVolume) parameters is{"functionInfo":{"IDCM_VolumeValue_Media":"32"}}.
03-28 10:46:15.039 I/MicroServiceManager( 1017): requestResult(setVolume) parameters is{"functionInfo":{"IDCM_VolumeValue_Media":"0"}}.
03-28 10:46:15.622 I/MicroServiceManager( 1017): requestResult(setVolume) parameters is{"functionInfo":{"IDCM_VolumeValue_Media":"32"}}.
03-28 10:46:16.216 I/MicroServiceManager( 1017): requestResult(setVolume) parameters is{"functionInfo":{"IDCM_VolumeValue_Media":"0"}}.
03-28 10:46:16.765 I/MicroServiceManager( 1017): requestResult(setVolume) parameters is{"functionInfo":{"IDCM_VolumeValue_Media":"32"}}.
01-01 09:24:27.172 I/init ( 0): starting service 'hht_ota_mgr_service'...
01-01 09:24:27.366 I/init ( 0): Service 'hht_ota_mgr_service' (pid 8410) exited with status 0
01-01 09:24:27.391 I/init ( 0): Sending signal 9 to service 'hht_ota_mgr_service' (pid 8410) process group...
01-01 09:24:27.401 I/libprocessgroup( 0): Successfully killed process cgroup uid 0 pid 8410 in 0ms
03-28 10:46:17.343 I/MicroServiceManager( 1017): requestResult(setVolume) parameters is{"functionInfo":{"IDCM_VolumeValue_Media":"0"}}.
03-28 10:46:18.541 I/MicroServiceManager( 1017): requestResult(setVolume) parameters is{"functionInfo":{"IDCM_VolumeValue_Media":"32"}}.
03-28 10:46:19.002 I/MicroServiceManager( 1017): requestResult(setVolume) parameters is{"functionInfo":{"IDCM_VolumeValue_Media":"0"}}.
03-28 10:46:19.546 I/MicroServiceManager( 1017): requestResult(setVolume) parameters is{"functionInfo":{"IDCM_VolumeValue_Media":"32"}}.
03-28 10:46:20.134 I/MicroServiceManager( 1017): requestResult(setVolume) parameters is{"functionInfo":{"IDCM_VolumeValue_Media":"0"}}.
03-28 10:46:20.672 I/MicroServiceManager( 1017): requestResult(setVolume) parameters is{"functionInfo":{"IDCM_VolumeValue_Media":"32"}}.
03-28 10:46:21.220 I/MicroServiceManager( 1017): requestResult(setVolume) parameters is{"functionInfo":{"IDCM_VolumeValue_Media":"0"}}.
03-28 10:46:21.751 I/MicroServiceManager( 1017): requestResult(setVolume) parameters is{"functionInfo":{"IDCM_VolumeValue_Media":"32"}}.
01-01 09:24:32.199 I/init ( 0): starting service 'hht_ota_mgr_service'...
01-01 09:24:32.389 I/init ( 0): Service 'hht_ota_mgr_service' (pid 8439) exited with status 0
01-01 09:24:32.413 I/init ( 0): Sending signal 9 to service 'hht_ota_mgr_service' (pid 8439) process group...
01-01 09:24:32.422 I/libprocessgroup( 0): Successfully killed process cgroup uid 0 pid 8439 in 0ms
03-28 10:46:22.293 I/MicroServiceManager( 1017): requestResult(setVolume) parameters is{"functionInfo":{"IDCM_VolumeValue_Media":"0"}}.
01-01 09:24:32.842 E/[kworke][0x16ad689133][10:46:22.561118] wlan( 0): [6860:E:WMA] Rx unprotected unicast mgmt frame
01-01 09:24:32.853 E/[schedu][0x16ad6bb63d][10:46:22.571852] wlan( 0): [2762:E:PE] lim_drop_unprotected_action_frame: 1614: Dropping unprotected Action category: 3 frame since RMF is enabled
03-28 10:46:22.852 I/MicroServiceManager( 1017): requestResult(setVolume) parameters is{"functionInfo":{"IDCM_VolumeValue_Media":"32"}}.
03-28 10:46:23.398 I/MicroServiceManager( 1017): requestResult(setVolume) parameters is{"functionInfo":{"IDCM_VolumeValue_Media":"0"}}.
01-01 09:24:34.108 W/audit ( 0): audit_lost=2825 audit_rate_limit=5 audit_backlog_limit=64
01-01 09:24:34.115 E/audit ( 0): rate limit exceeded
03-28 10:46:23.966 I/MicroServiceManager( 1017): requestResult(setVolume) parameters is{"functionInfo":{"IDCM_VolumeValue_Media":"32"}}.
03-28 10:46:24.489 I/MicroServiceManager( 1017): requestResult(setVolume) parameters is{"functionInfo":{"IDCM_VolumeValue_Media":"0"}}.
03-28 10:46:25.006 I/MicroServiceManager( 1017): requestResult(setVolume) parameters is{"functionInfo":{"IDCM_VolumeValue_Media":"32"}}.
03-28 10:46:25.545 I/MicroServiceManager( 1017): requestResult(setVolume) parameters is{"functionInfo":{"IDCM_VolumeValue_Media":"0"}}.
03-28 10:46:26.102 I/MicroServiceManager( 1017): requestResult(setVolume) parameters is{"functionInfo":{"IDCM_VolumeValue_Media":"32"}}.
03-28 10:46:26.842 I/MicroServiceManager( 1017): requestResult(setVolume) parameters is{"functionInfo":{"IDCM_VolumeValue_Media":"0"}}.
01-01 09:24:37.226 I/init ( 0): starting service 'hht_ota_mgr_service'...
01-01 09:24:37.412 I/init ( 0): Service 'hht_ota_mgr_service' (pid 8472) exited with status 0
01-01 09:24:37.435 I/init ( 0): Sending signal 9 to service 'hht_ota_mgr_service' (pid 8472) process group...
01-01 09:24:37.444 I/libprocessgroup( 0): Successfully killed process cgroup uid 0 pid 8472 in 0ms
03-28 10:46:27.216 I/MicroServiceManager( 1017): requestResult(setVolume) parameters is{"functionInfo":{"IDCM_VolumeValue_Media":"32"}}.
01-01 09:24:37.687 W/audit ( 0): audit_lost=2828 audit_rate_limit=5 audit_backlog_limit=64
01-01 09:24:37.715 E/audit ( 0): rate limit exceeded
03-28 10:46:27.778 I/MicroServiceManager( 1017): requestResult(setVolume) parameters is{"functionInfo":{"IDCM_VolumeValue_Media":"0"}}.
03-28 10:46:28.386 I/MicroServiceManager( 1017): requestResult(setVolume) parameters is{"functionInfo":{"IDCM_VolumeValue_Media":"32"}}.
03-28 10:46:29.016 I/MicroServiceManager( 1017): requestResult(setVolume) parameters is{"functionInfo":{"IDCM_VolumeValue_Media":"0"}}.
03-28 10:46:29.562 I/MicroServiceManager( 1017): requestResult(setVolume) parameters is{"functionInfo":{"IDCM_VolumeValue_Media":"32"}}.
03-28 10:46:30.110 I/MicroServiceManager( 1017): requestResult(setVolume) parameters is{"functionInfo":{"IDCM_VolumeValue_Media":"0"}}.
03-28 10:46:30.637 I/MicroServiceManager( 1017): requestResult(setVolume) parameters is{"functionInfo":{"IDCM_VolumeValue_Media":"32"}}.
01-01 09:24:42.249 I/init ( 0): starting service 'hht_ota_mgr_service'...
01-01 09:24:42.435 I/init ( 0): Service 'hht_ota_mgr_service' (pid 8500) exited with status 0
01-01 09:24:42.458 I/init ( 0): Sending signal 9 to service 'hht_ota_mgr_service' (pid 8500) process group...
03-28 10:46:32.178 I/MicroServiceManager( 1017): requestResult(setVolume) parameters is{"functionInfo":{"IDCM_VolumeValue_Media":"0"}}.
01-01 09:24:42.467 I/libprocessgroup( 0): Successfully killed process cgroup uid 0 pid 8500 in 0ms
03-28 10:46:32.777 I/MicroServiceManager( 1017): requestResult(setVolume) parameters is{"functionInfo":{"IDCM_VolumeValue_Media":"32"}}.
03-28 10:46:33.269 I/MicroServiceManager( 1017): requestResult(setVolume) parameters is{"functionInfo":{"IDCM_VolumeValue_Media":"0"}}.
03-28 10:46:33.800 I/MicroServiceManager( 1017): requestResult(setVolume) parameters is{"functionInfo":{"IDCM_VolumeValue_Media":"32"}}.
03-28 10:46:34.314 I/MicroServiceManager( 1017): requestResult(setVolume) parameters is{"functionInfo":{"IDCM_VolumeValue_Media":"0"}}.
03-28 10:46:34.841 I/MicroServiceManager( 1017): requestResult(setVolume) parameters is{"functionInfo":{"IDCM_VolumeValue_Media":"32"}}.
03-28 10:46:35.343 I/MicroServiceManager( 1017): requestResult(setVolume) parameters is{"functionInfo":{"IDCM_VolumeValue_Media":"0"}}.
03-28 10:46:35.867 I/MicroServiceManager( 1017): requestResult(setVolume) parameters is{"functionInfo":{"IDCM_VolumeValue_Media":"32"}}.
03-28 10:46:36.357 I/MicroServiceManager( 1017): requestResult(setVolume) parameters is{"functionInfo":{"IDCM_VolumeValue_Media":"0"}}.
03-28 10:46:36.872 I/MicroServiceManager( 1017): requestResult(setVolume) parameters is{"functionInfo":{"IDCM_VolumeValue_Media":"32"}}.
01-01 09:24:47.270 I/init ( 0): starting service 'hht_ota_mgr_service'...
01-01 09:24:47.468 I/init ( 0): Service 'hht_ota_mgr_service' (pid 8532) exited with status 0
01-01 09:24:47.490 I/init ( 0): Sending signal 9 to service 'hht_ota_mgr_service' (pid 8532) process group...
01-01 09:24:47.500 I/libprocessgroup( 0): Successfully killed process cgroup uid 0 pid 8532 in 0ms
03-28 10:46:37.408 I/MicroServiceManager( 1017): requestResult(setVolume) parameters is{"functionInfo":{"IDCM_VolumeValue_Media":"0"}}.
03-28 10:46:37.944 I/MicroServiceManager( 1017): requestResult(setVolume) parameters is{"functionInfo":{"IDCM_VolumeValue_Media":"32"}}.
03-28 10:46:38.464 I/MicroServiceManager( 1017): requestResult(setVolume) parameters is{"functionInfo":{"IDCM_VolumeValue_Media":"0"}}.
03-28 10:46:39.005 I/MicroServiceManager( 1017): requestResult(setVolume) parameters is{"functionInfo":{"IDCM_VolumeValue_Media":"32"}}.
03-28 10:46:39.517 I/MicroServiceManager( 1017): requestResult(setVolume) parameters is{"functionInfo":{"IDCM_VolumeValue_Media":"0"}}.
03-28 10:46:39.997 I/MicroServiceManager( 1017): requestResult(setVolume) parameters is{"functionInfo":{"IDCM_VolumeValue_Media":"32"}}.
03-28 10:46:40.507 I/MicroServiceManager( 1017): requestResult(setVolume) parameters is{"functionInfo":{"IDCM_VolumeValue_Media":"0"}}.
03-28 10:46:41.006 I/MicroServiceManager( 1017): requestResult(setVolume) parameters is{"functionInfo":{"IDCM_VolumeValue_Media":"32"}}.
03-28 10:46:41.504 I/MicroServiceManager( 1017): requestResult(setVolume) parameters is{"functionInfo":{"IDCM_VolumeValue_Media":"0"}}.
03-28 10:46:41.968 I/MicroServiceManager( 1017): requestResult(setVolume) parameters is{"functionInfo":{"IDCM_VolumeValue_Media":"32"}}.
01-01 09:24:52.296 I/init ( 0): starting service 'hht_ota_mgr_service'...
01-01 09:24:52.497 I/init ( 0): Service 'hht_ota_mgr_service' (pid 8568) exited with status 0
01-01 09:24:52.521 I/init ( 0): Sending signal 9 to service 'hht_ota_mgr_service' (pid 8568) process group...
01-01 09:24:52.530 I/libprocessgroup( 0): Successfully killed process cgroup uid 0 pid 8568 in 0ms
03-28 10:46:42.450 I/MicroServiceManager( 1017): requestResult(setVolume) parameters is{"functionInfo":{"IDCM_VolumeValue_Media":"0"}}.
03-28 10:46:43.138 I/MicroServiceManager( 1017): requestResult(setVolume) parameters is{"functionInfo":{"IDCM_VolumeValue_Media":"32"}}.
03-28 10:46:43.387 I/MicroServiceManager( 1017): requestResult(setVolume) parameters is{"functionInfo":{"IDCM_VolumeValue_Media":"0"}}.
01-01 09:24:57.324 I/init ( 0): starting service 'hht_ota_mgr_service'...
01-01 09:24:57.529 I/init ( 0): Service 'hht_ota_mgr_service' (pid 8578) exited with status 0
01-01 09:24:57.552 I/init ( 0): Sending signal 9 to service 'hht_ota_mgr_service' (pid 8578) process group...
01-01 09:24:57.562 I/libprocessgroup( 0): Successfully killed process cgroup uid 0 pid 8578 in 0ms
01-01 09:25:02.361 I/init ( 0): starting service 'hht_ota_mgr_service'...
01-01 09:25:02.574 I/init ( 0): Service 'hht_ota_mgr_service' (pid 8582) exited with status 0
01-01 09:25:02.597 I/init ( 0): Sending signal 9 to service 'hht_ota_mgr_service' (pid 8582) process group...
01-01 09:25:02.607 I/libprocessgroup( 0): Successfully killed process cgroup uid 0 pid 8582 in 0ms
01-01 09:25:07.398 I/init ( 0): starting service 'hht_ota_mgr_service'...
01-01 09:25:07.618 I/init ( 0): Service 'hht_ota_mgr_service' (pid 8583) exited with status 0
01-01 09:25:07.641 I/init ( 0): Sending signal 9 to service 'hht_ota_mgr_service' (pid 8583) process group...
01-01 09:25:07.651 I/libprocessgroup( 0): Successfully killed process cgroup uid 0 pid 8583 in 0ms
01-01 09:25:12.439 I/init ( 0): starting service 'hht_ota_mgr_service'...
01-01 09:25:12.648 I/init ( 0): Service 'hht_ota_mgr_service' (pid 8587) exited with status 0
01-01 09:25:12.671 I/init ( 0): Sending signal 9 to service 'hht_ota_mgr_service' (pid 8587) process group...
01-01 09:25:12.681 I/libprocessgroup( 0): Successfully killed process cgroup uid 0 pid 8587 in 0ms
01-01 09:25:17.480 I/init ( 0): starting service 'hht_ota_mgr_service'...
01-01 09:25:17.698 I/init ( 0): Service 'hht_ota_mgr_service' (pid 8591) exited with status 0
01-01 09:25:17.721 I/init ( 0): Sending signal 9 to service 'hht_ota_mgr_service' (pid 8591) process group...
01-01 09:25:17.731 I/libprocessgroup( 0): Successfully killed process cgroup uid 0 pid 8591 in 0ms
01-01 09:25:22.527 I/init ( 0): starting service 'hht_ota_mgr_service'...
01-01 09:25:22.741 I/init ( 0): Service 'hht_ota_mgr_service' (pid 8592) exited with status 0
01-01 09:25:22.764 I/init ( 0): Sending signal 9 to service 'hht_ota_mgr_service' (pid 8592) process group...
01-01 09:25:22.775 I/libprocessgroup( 0): Successfully killed process cgroup uid 0 pid 8592 in 0ms
01-01 09:25:23.126 E/[kworke][0x16e6f4042d][10:47:12.844466] wlan( 0): [7293:E:WMA] Rx unprotected unicast mgmt frame
01-01 09:25:23.137 E/[schedu][0x16e6f7353c][10:47:12.855360] wlan( 0): [2762:E:PE] lim_drop_unprotected_action_frame: 1614: Dropping unprotected Action category: 3 frame since RMF is enabled
01-01 09:25:27.579 I/init ( 0): starting service 'hht_ota_mgr_service'...
01-01 09:25:27.798 I/init ( 0): Service 'hht_ota_mgr_service' (pid 8598) exited with status 0
01-01 09:25:27.821 I/init ( 0): Sending signal 9 to service 'hht_ota_mgr_service' (pid 8598) process group...
01-01 09:25:27.832 I/libprocessgroup( 0): Successfully killed process cgroup uid 0 pid 8598 in 0ms
01-01 09:25:27.860 W/audit ( 0): audit_lost=2830 audit_rate_limit=5 audit_backlog_limit=64
01-01 09:25:27.890 E/audit ( 0): rate limit exceeded
01-01 09:25:32.635 I/init ( 0): starting service 'hht_ota_mgr_service'...
01-01 09:25:32.853 I/init ( 0): Service 'hht_ota_mgr_service' (pid 8601) exited with status 0
01-01 09:25:32.876 I/init ( 0): Sending signal 9 to service 'hht_ota_mgr_service' (pid 8601) process group...
01-01 09:25:32.886 I/libprocessgroup( 0): Successfully killed process cgroup uid 0 pid 8601 in 0ms
01-01 09:25:37.692 I/init ( 0): starting service 'hht_ota_mgr_service'...
01-01 09:25:37.892 I/init ( 0): Service 'hht_ota_mgr_service' (pid 8605) exited with status 0
01-01 09:25:37.915 I/init ( 0): Sending signal 9 to service 'hht_ota_mgr_service' (pid 8605) process group...
01-01 09:25:37.926 I/libprocessgroup( 0): Successfully killed process cgroup uid 0 pid 8605 in 1ms
01-01 09:25:42.716 I/init ( 0): starting service 'hht_ota_mgr_service'...
01-01 09:25:42.917 I/init ( 0): Service 'hht_ota_mgr_service' (pid 8606) exited with status 0
01-01 09:25:42.940 I/init ( 0): Sending signal 9 to service 'hht_ota_mgr_service' (pid 8606) process group...
01-01 09:25:42.951 I/libprocessgroup( 0): Successfully killed process cgroup uid 0 pid 8606 in 0ms
01-01 09:25:47.742 I/init ( 0): starting service 'hht_ota_mgr_service'...
01-01 09:25:47.942 I/init ( 0): Service 'hht_ota_mgr_service' (pid 8610) exited with status 0
01-01 09:25:47.964 I/init ( 0): Sending signal 9 to service 'hht_ota_mgr_service' (pid 8610) process group...
01-01 09:25:47.973 I/libprocessgroup( 0): Successfully killed process cgroup uid 0 pid 8610 in 0ms
01-01 09:25:48.967 W/audit ( 0): audit_lost=2833 audit_rate_limit=5 audit_backlog_limit=64
01-01 09:25:48.975 E/audit ( 0): rate limit exceeded
01-01 09:25:52.772 I/init ( 0): starting service 'hht_ota_mgr_service'...
01-01 09:25:52.990 I/init ( 0): Service 'hht_ota_mgr_service' (pid 8614) exited with status 0
01-01 09:25:53.015 I/init ( 0): Sending signal 9 to service 'hht_ota_mgr_service' (pid 8614) process group...
01-01 09:25:53.025 I/libprocessgroup( 0): Successfully killed process cgroup uid 0 pid 8614 in 0ms
01-01 09:25:57.800 I/init ( 0): starting service 'hht_ota_mgr_service'...
01-01 09:25:58.007 I/init ( 0): Service 'hht_ota_mgr_service' (pid 8618) exited with status 0
01-01 09:25:58.029 I/init ( 0): Sending signal 9 to service 'hht_ota_mgr_service' (pid 8618) process group...
01-01 09:25:58.039 I/libprocessgroup( 0): Successfully killed process cgroup uid 0 pid 8618 in 0ms
01-01 09:26:02.823 I/init ( 0): starting service 'hht_ota_mgr_service'...
01-01 09:26:03.016 I/init ( 0): Service 'hht_ota_mgr_service' (pid 8622) exited with status 0
01-01 09:26:03.038 I/init ( 0): Sending signal 9 to service 'hht_ota_mgr_service' (pid 8622) process group...
01-01 09:26:03.048 I/libprocessgroup( 0): Successfully killed process cgroup uid 0 pid 8622 in 0ms
01-01 09:26:07.843 I/init ( 0): starting service 'hht_ota_mgr_service'...
01-01 09:26:08.052 I/init ( 0): Service 'hht_ota_mgr_service' (pid 8623) exited with status 0
01-01 09:26:08.075 I/init ( 0): Sending signal 9 to service 'hht_ota_mgr_service' (pid 8623) process group...
01-01 09:26:08.085 I/libprocessgroup( 0): Successfully killed process cgroup uid 0 pid 8623 in 1ms
01-01 09:26:10.458 I/[schedu][0x171d1efd47][10:48:00.177066] wlan( 0): [2762:I:OSIF] scan start scan id 40994
01-01 09:26:12.250 I/[schedu][0x171f2c07eb][10:48:01.969207] wlan( 0): [2762:I:OSIF] vdev 0, scan id 40994 type COMPLETED(1) reason COMPLETED(1) scan found 28 bss
01-01 09:26:12.871 I/init ( 0): starting service 'hht_ota_mgr_service'...
01-01 09:26:13.069 I/init ( 0): Service 'hht_ota_mgr_service' (pid 8627) exited with status 0
01-01 09:26:13.096 I/init ( 0): Sending signal 9 to service 'hht_ota_mgr_service' (pid 8627) process group...
01-01 09:26:13.105 I/libprocessgroup( 0): Successfully killed process cgroup uid 0 pid 8627 in 0ms
01-01 09:26:13.236 E/[kworke][0x17204ced51][10:48:02.955305] wlan( 0): [6860:E:WMA] Rx unprotected unicast mgmt frame
01-01 09:26:13.247 E/[schedu][0x17205016e7][10:48:02.966100] wlan( 0): [2762:E:PE] lim_drop_unprotected_action_frame: 1614: Dropping unprotected Action category: 3 frame since RMF is enabled
01-01 09:26:14.051 W/audit ( 0): audit_lost=2838 audit_rate_limit=5 audit_backlog_limit=64
01-01 09:26:14.081 E/audit ( 0): rate limit exceeded
01-01 09:26:17.894 I/init ( 0): starting service 'hht_ota_mgr_service'...
01-01 09:26:18.085 I/init ( 0): Service 'hht_ota_mgr_service' (pid 8629) exited with status 0
01-01 09:26:18.108 I/init ( 0): Sending signal 9 to service 'hht_ota_mgr_service' (pid 8629) process group...
01-01 09:26:18.117 I/libprocessgroup( 0): Successfully killed process cgroup uid 0 pid 8629 in 0ms
01-01 09:26:22.918 I/init ( 0): starting service 'hht_ota_mgr_service'...
01-01 09:26:23.109 I/init ( 0): Service 'hht_ota_mgr_service' (pid 8633) exited with status 0
01-01 09:26:23.132 I/init ( 0): Sending signal 9 to service 'hht_ota_mgr_service' (pid 8633) process group...
01-01 09:26:23.141 I/libprocessgroup( 0): Successfully killed process cgroup uid 0 pid 8633 in 0ms
01-01 09:26:27.939 I/init ( 0): starting service 'hht_ota_mgr_service'...
01-01 09:26:28.133 I/init ( 0): Service 'hht_ota_mgr_service' (pid 8635) exited with status 0
01-01 09:26:28.156 I/init ( 0): Sending signal 9 to service 'hht_ota_mgr_service' (pid 8635) process group...
01-01 09:26:28.165 I/libprocessgroup( 0): Successfully killed process cgroup uid 0 pid 8635 in 0ms
01-01 09:26:32.966 I/init ( 0): starting service 'hht_ota_mgr_service'...
01-01 09:26:33.162 I/init ( 0): Service 'hht_ota_mgr_service' (pid 8639) exited with status 0
01-01 09:26:33.185 I/init ( 0): Sending signal 9 to service 'hht_ota_mgr_service' (pid 8639) process group...
01-01 09:26:33.194 I/libprocessgroup( 0): Successfully killed process cgroup uid 0 pid 8639 in 0ms
03-28 10:48:24.657 D/ActivityManager( 1017): freezing 5630 com.qti.diagservices
01-01 09:26:34.939 I/binder ( 0): 1017:1728 ioctl 400c620e 74237f95d8 returned -22
03-28 10:48:24.665 E/ActivityManager( 1017): Unable to freeze binder for 5630 com.qti.diagservices
03-28 10:48:24.668 D/ActivityManager( 1017): froze 5630 com.qti.diagservices
03-28 10:48:24.676 E/ActivityManager( 1017): Unable to freeze binder for 5630 com.qti.diagservices
01-01 09:26:34.950 I/binder ( 0): 1017:1728 ioctl c00c620f 74237f95b8 returned -22
03-28 10:48:24.678 I/ActivityManager( 1017): Killing 5630:com.qti.diagservices/1000 (adj 905): Unable to freeze binder interface
03-28 10:48:24.804 W/ActivityManager( 1017): Scheduling restart of crashed service com.qti.diagservices/.QTIDiagServices in 1000ms for start-requested
03-28 10:48:25.808 D/CompatibilityChangeReporter( 1017): Compat change id reported: 135634846; UID 1000; state: DISABLED
03-28 10:48:25.808 D/CompatibilityChangeReporter( 1017): Compat change id reported: 177438394; UID 1000; state: DISABLED
03-28 10:48:25.808 D/CompatibilityChangeReporter( 1017): Compat change id reported: 135772972; UID 1000; state: DISABLED
03-28 10:48:25.808 D/CompatibilityChangeReporter( 1017): Compat change id reported: 135754954; UID 1000; state: ENABLED
03-28 10:48:25.867 W/ActivityManager( 1017): Slow operation: 61ms so far, now at startProcess: returned from zygote!
03-28 10:48:25.867 W/ActivityManager( 1017): Slow operation: 61ms so far, now at startProcess: done updating battery stats
03-28 10:48:25.867 W/ActivityManager( 1017): Slow operation: 61ms so far, now at startProcess: building log message
03-28 10:48:25.867 I/ActivityManager( 1017): Start proc 8640:com.qti.diagservices/1000 for service {com.qti.diagservices/com.qti.diagservices.QTIDiagServices}
03-28 10:48:25.867 W/ActivityManager( 1017): Slow operation: 61ms so far, now at startProcess: starting to update pids map
03-28 10:48:25.867 W/ActivityManager( 1017): Slow operation: 61ms so far, now at startProcess: done updating pids map
01-01 09:26:36.223 I/binder ( 0): 8640:8640 ioctl 40046210 7fecc80914 returned -22
01-01 09:26:37.990 I/init ( 0): starting service 'hht_ota_mgr_service'...
01-01 09:26:38.208 I/init ( 0): Service 'hht_ota_mgr_service' (pid 8661) exited with status 0
01-01 09:26:38.232 I/init ( 0): Sending signal 9 to service 'hht_ota_mgr_service' (pid 8661) process group...
01-01 09:26:38.242 I/libprocessgroup( 0): Successfully killed process cgroup uid 0 pid 8661 in 0ms
01-01 09:26:39.967 W/audit ( 0): audit_lost=2839 audit_rate_limit=5 audit_backlog_limit=64
01-01 09:26:39.979 E/audit ( 0): rate limit exceeded
01-01 09:26:41.902 W/audit ( 0): audit_lost=2840 audit_rate_limit=5 audit_backlog_limit=64
01-01 09:26:41.910 E/audit ( 0): rate limit exceeded
01-01 09:26:43.035 I/init ( 0): starting service 'hht_ota_mgr_service'...
01-01 09:26:43.253 I/init ( 0): Service 'hht_ota_mgr_service' (pid 8669) exited with status 0
01-01 09:26:43.277 I/init ( 0): Sending signal 9 to service 'hht_ota_mgr_service' (pid 8669) process group...
01-01 09:26:43.286 I/libprocessgroup( 0): Successfully killed process cgroup uid 0 pid 8669 in 0ms
01-01 09:26:43.967 W/audit ( 0): audit_lost=2845 audit_rate_limit=5 audit_backlog_limit=64
01-01 09:26:43.978 E/audit ( 0): rate limit exceeded
01-01 09:26:48.080 I/init ( 0): starting service 'hht_ota_mgr_service'...
01-01 09:26:48.293 I/init ( 0): Service 'hht_ota_mgr_service' (pid 8675) exited with status 0
01-01 09:26:48.316 I/init ( 0): Sending signal 9 to service 'hht_ota_mgr_service' (pid 8675) process group...
01-01 09:26:48.327 I/libprocessgroup( 0): Successfully killed process cgroup uid 0 pid 8675 in 0ms
01-01 09:26:53.134 I/init ( 0): starting service 'hht_ota_mgr_service'...
01-01 09:26:53.353 I/init ( 0): Service 'hht_ota_mgr_service' (pid 8676) exited with status 0
01-01 09:26:53.377 I/init ( 0): Sending signal 9 to service 'hht_ota_mgr_service' (pid 8676) process group...
01-01 09:26:53.386 I/libprocessgroup( 0): Successfully killed process cgroup uid 0 pid 8676 in 0ms
01-01 09:26:58.164 I/init ( 0): starting service 'hht_ota_mgr_service'...
01-01 09:26:58.365 I/init ( 0): Service 'hht_ota_mgr_service' (pid 8680) exited with status 0
01-01 09:26:58.388 I/init ( 0): Sending signal 9 to service 'hht_ota_mgr_service' (pid 8680) process group...
01-01 09:26:58.397 I/libprocessgroup( 0): Successfully killed process cgroup uid 0 pid 8680 in 0ms
01-01 09:27:03.199 I/init ( 0): starting service 'hht_ota_mgr_service'...
01-01 09:27:03.399 I/init ( 0): Service 'hht_ota_mgr_service' (pid 8682) exited with status 0
01-01 09:27:03.422 I/init ( 0): Sending signal 9 to service 'hht_ota_mgr_service' (pid 8682) process group...
01-01 09:27:03.432 I/libprocessgroup( 0): Successfully killed process cgroup uid 0 pid 8682 in 0ms
01-01 09:27:08.245 I/init ( 0): starting service 'hht_ota_mgr_service'...
01-01 09:27:08.447 I/init ( 0): Service 'hht_ota_mgr_service' (pid 8686) exited with status 0
01-01 09:27:08.469 I/init ( 0): Sending signal 9 to service 'hht_ota_mgr_service' (pid 8686) process group...
01-01 09:27:08.479 I/libprocessgroup( 0): Successfully killed process cgroup uid 0 pid 8686 in 0ms
01-01 09:27:13.268 I/init ( 0): starting service 'hht_ota_mgr_service'...
01-01 09:27:13.483 I/init ( 0): Service 'hht_ota_mgr_service' (pid 8687) exited with status 0
01-01 09:27:13.507 I/init ( 0): Sending signal 9 to service 'hht_ota_mgr_service' (pid 8687) process group...
01-01 09:27:13.518 I/libprocessgroup( 0): Successfully killed process cgroup uid 0 pid 8687 in 0ms
01-01 09:27:18.311 I/init ( 0): starting service 'hht_ota_mgr_service'...
01-01 09:27:18.521 I/init ( 0): Service 'hht_ota_mgr_service' (pid 8691) exited with status 0
01-01 09:27:18.544 I/init ( 0): Sending signal 9 to service 'hht_ota_mgr_service' (pid 8691) process group...
01-01 09:27:18.554 I/libprocessgroup( 0): Successfully killed process cgroup uid 0 pid 8691 in 0ms
01-01 09:27:23.361 I/init ( 0): starting service 'hht_ota_mgr_service'...
01-01 09:27:23.584 I/init ( 0): Service 'hht_ota_mgr_service' (pid 8692) exited with status 0
01-01 09:27:23.606 I/init ( 0): Sending signal 9 to service 'hht_ota_mgr_service' (pid 8692) process group...
01-01 09:27:23.615 I/libprocessgroup( 0): Successfully killed process cgroup uid 0 pid 8692 in 0ms
01-01 09:27:28.407 I/init ( 0): starting service 'hht_ota_mgr_service'...
01-01 09:27:28.610 I/init ( 0): Service 'hht_ota_mgr_service' (pid 8696) exited with status 0
01-01 09:27:28.633 I/init ( 0): Sending signal 9 to service 'hht_ota_mgr_service' (pid 8696) process group...
01-01 09:27:28.642 I/libprocessgroup( 0): Successfully killed process cgroup uid 0 pid 8696 in 0ms
01-01 09:27:33.433 I/init ( 0): starting service 'hht_ota_mgr_service'...
01-01 09:27:33.637 I/init ( 0): Service 'hht_ota_mgr_service' (pid 8704) exited with status 0
01-01 09:27:33.660 I/init ( 0): Sending signal 9 to service 'hht_ota_mgr_service' (pid 8704) process group...
01-01 09:27:33.669 I/libprocessgroup( 0): Successfully killed process cgroup uid 0 pid 8704 in 0ms
01-01 09:27:33.968 W/audit ( 0): audit_lost=2846 audit_rate_limit=5 audit_backlog_limit=64
01-01 09:27:33.975 E/audit ( 0): rate limit exceeded
01-01 09:27:38.456 I/init ( 0): starting service 'hht_ota_mgr_service'...
01-01 09:27:38.645 I/init ( 0): Service 'hht_ota_mgr_service' (pid 8705) exited with status 0
01-01 09:27:38.668 I/init ( 0): Sending signal 9 to service 'hht_ota_mgr_service' (pid 8705) process group...
01-01 09:27:38.677 I/libprocessgroup( 0): Successfully killed process cgroup uid 0 pid 8705 in 0ms
01-01 09:27:43.476 I/init ( 0): starting service 'hht_ota_mgr_service'...
01-01 09:27:43.683 I/init ( 0): Service 'hht_ota_mgr_service' (pid 8710) exited with status 0
01-01 09:27:43.706 I/init ( 0): Sending signal 9 to service 'hht_ota_mgr_service' (pid 8710) process group...
01-01 09:27:43.715 I/libprocessgroup( 0): Successfully killed process cgroup uid 0 pid 8710 in 0ms
01-01 09:27:46.823 W/audit ( 0): audit_lost=2847 audit_rate_limit=5 audit_backlog_limit=64
01-01 09:27:46.854 E/audit ( 0): rate limit exceeded
01-01 09:27:48.503 I/init ( 0): starting service 'hht_ota_mgr_service'...
01-01 09:27:48.693 I/init ( 0): Service 'hht_ota_mgr_service' (pid 8714) exited with status 0
01-01 09:27:48.715 I/init ( 0): Sending signal 9 to service 'hht_ota_mgr_service' (pid 8714) process group...
01-01 09:27:48.725 I/libprocessgroup( 0): Successfully killed process cgroup uid 0 pid 8714 in 0ms
01-01 09:27:53.525 I/init ( 0): starting service 'hht_ota_mgr_service'...
01-01 09:27:53.735 I/init ( 0): Service 'hht_ota_mgr_service' (pid 8719) exited with status 0
01-01 09:27:53.760 I/init ( 0): Sending signal 9 to service 'hht_ota_mgr_service' (pid 8719) process group...
01-01 09:27:53.769 I/libprocessgroup( 0): Successfully killed process cgroup uid 0 pid 8719 in 0ms
01-01 09:27:58.552 I/init ( 0): starting service 'hht_ota_mgr_service'...
01-01 09:27:58.757 I/init ( 0): Service 'hht_ota_mgr_service' (pid 8721) exited with status 0
01-01 09:27:58.780 I/init ( 0): Sending signal 9 to service 'hht_ota_mgr_service' (pid 8721) process group...
01-01 09:27:58.791 I/libprocessgroup( 0): Successfully killed process cgroup uid 0 pid 8721 in 0ms
01-01 09:28:03.581 I/init ( 0): starting service 'hht_ota_mgr_service'...
01-01 09:28:03.779 I/init ( 0): Service 'hht_ota_mgr_service' (pid 8726) exited with status 0
01-01 09:28:03.803 I/init ( 0): Sending signal 9 to service 'hht_ota_mgr_service' (pid 8726) process group...
01-01 09:28:03.813 I/libprocessgroup( 0): Successfully killed process cgroup uid 0 pid 8726 in 0ms
01-01 09:28:08.608 I/init ( 0): starting service 'hht_ota_mgr_service'...
01-01 09:28:08.820 I/init ( 0): Service 'hht_ota_mgr_service' (pid 8728) exited with status 0
01-01 09:28:08.843 I/init ( 0): Sending signal 9 to service 'hht_ota_mgr_service' (pid 8728) process group...
01-01 09:28:08.854 I/libprocessgroup( 0): Successfully killed process cgroup uid 0 pid 8728 in 0ms
01-01 09:28:13.654 I/init ( 0): starting service 'hht_ota_mgr_service'...
01-01 09:28:13.845 I/init ( 0): Service 'hht_ota_mgr_service' (pid 8732) exited with status 0
01-01 09:28:13.867 I/init ( 0): Sending signal 9 to service 'hht_ota_mgr_service' (pid 8732) process group...
01-01 09:28:13.877 I/libprocessgroup( 0): Successfully killed process cgroup uid 0 pid 8732 in 0ms
01-01 09:28:14.443 W/audit ( 0): audit_lost=2853 audit_rate_limit=5 audit_backlog_limit=64
01-01 09:28:14.473 E/audit ( 0): rate limit exceeded
03-28 10:50:05.229 E/DiscreteRegistry( 1017): Deleting file 1679884987242tl
01-01 09:28:18.678 I/init ( 0): starting service 'hht_ota_mgr_service'...
01-01 09:28:18.885 I/init ( 0): Service 'hht_ota_mgr_service' (pid 8737) exited with status 0
01-01 09:28:18.908 I/init ( 0): Sending signal 9 to service 'hht_ota_mgr_service' (pid 8737) process group...
01-01 09:28:18.917 I/libprocessgroup( 0): Successfully killed process cgroup uid 0 pid 8737 in 0ms
01-01 09:28:23.704 I/init ( 0): starting service 'hht_ota_mgr_service'...
01-01 09:28:23.892 I/init ( 0): Service 'hht_ota_mgr_service' (pid 8739) exited with status 0
01-01 09:28:23.914 I/init ( 0): Sending signal 9 to service 'hht_ota_mgr_service' (pid 8739) process group...
01-01 09:28:23.923 I/libprocessgroup( 0): Successfully killed process cgroup uid 0 pid 8739 in 0ms
01-01 09:28:24.968 W/audit ( 0): audit_lost=2854 audit_rate_limit=5 audit_backlog_limit=64
01-01 09:28:24.975 E/audit ( 0): rate limit exceeded
01-01 09:28:28.723 I/init ( 0): starting service 'hht_ota_mgr_service'...
01-01 09:28:28.932 I/init ( 0): Service 'hht_ota_mgr_service' (pid 8745) exited with status 0
01-01 09:28:28.955 I/init ( 0): Sending signal 9 to service 'hht_ota_mgr_service' (pid 8745) process group...
01-01 09:28:28.964 I/libprocessgroup( 0): Successfully killed process cgroup uid 0 pid 8745 in 0ms
01-01 09:28:33.751 I/init ( 0): starting service 'hht_ota_mgr_service'...
01-01 09:28:33.949 I/init ( 0): Service 'hht_ota_mgr_service' (pid 8747) exited with status 0
01-01 09:28:33.972 I/init ( 0): Sending signal 9 to service 'hht_ota_mgr_service' (pid 8747) process group...
01-01 09:28:33.973 I/libprocessgroup( 0): Successfully killed process cgroup uid 0 pid 8747 in 0ms
01-01 09:28:38.773 I/init ( 0): starting service 'hht_ota_mgr_service'...
01-01 09:28:38.982 I/init ( 0): Service 'hht_ota_mgr_service' (pid 8752) exited with status 0
01-01 09:28:38.992 I/init ( 0): Sending signal 9 to service 'hht_ota_mgr_service' (pid 8752) process group...
01-01 09:28:38.993 I/libprocessgroup( 0): Successfully killed process cgroup uid 0 pid 8752 in 0ms
01-01 09:28:43.800 I/init ( 0): starting service 'hht_ota_mgr_service'...
01-01 09:28:44.007 I/init ( 0): Service 'hht_ota_mgr_service' (pid 8754) exited with status 0
01-01 09:28:44.030 I/init ( 0): Sending signal 9 to service 'hht_ota_mgr_service' (pid 8754) process group...
01-01 09:28:44.039 I/libprocessgroup( 0): Successfully killed process cgroup uid 0 pid 8754 in 0ms
01-01 09:28:48.827 I/init ( 0): starting service 'hht_ota_mgr_service'...
01-01 09:28:49.044 I/init ( 0): Service 'hht_ota_mgr_service' (pid 8759) exited with status 0
01-01 09:28:49.067 I/init ( 0): Sending signal 9 to service 'hht_ota_mgr_service' (pid 8759) process group...
01-01 09:28:49.077 I/libprocessgroup( 0): Successfully killed process cgroup uid 0 pid 8759 in 0ms
01-01 09:28:53.886 I/init ( 0): starting service 'hht_ota_mgr_service'...
01-01 09:28:54.102 I/init ( 0): Service 'hht_ota_mgr_service' (pid 8765) exited with status 0
01-01 09:28:54.123 I/init ( 0): Sending signal 9 to service 'hht_ota_mgr_service' (pid 8765) process group...
01-01 09:28:54.155 I/libprocessgroup( 0): Successfully killed process cgroup uid 0 pid 8765 in 0ms
01-01 09:28:58.937 I/init ( 0): starting service 'hht_ota_mgr_service'...
01-01 09:28:59.126 I/init ( 0): Service 'hht_ota_mgr_service' (pid 8768) exited with status 0
01-01 09:28:59.148 I/init ( 0): Sending signal 9 to service 'hht_ota_mgr_service' (pid 8768) process group...
01-01 09:28:59.158 I/libprocessgroup( 0): Successfully killed process cgroup uid 0 pid 8768 in 0ms
01-01 09:29:00.862 W/audit ( 0): audit_lost=2855 audit_rate_limit=5 audit_backlog_limit=64
01-01 09:29:00.892 E/audit ( 0): rate limit exceeded
01-01 09:29:03.958 I/init ( 0): starting service 'hht_ota_mgr_service'...
01-01 09:29:03.967 W/audit ( 0): audit_lost=2861 audit_rate_limit=5 audit_backlog_limit=64
01-01 09:29:03.974 E/audit ( 0): rate limit exceeded
01-01 09:29:04.150 I/init ( 0): Service 'hht_ota_mgr_service' (pid 8777) exited with status 0
01-01 09:29:04.175 I/init ( 0): Sending signal 9 to service 'hht_ota_mgr_service' (pid 8777) process group...
01-01 09:29:04.184 I/libprocessgroup( 0): Successfully killed process cgroup uid 0 pid 8777 in 0ms
01-01 09:29:08.978 I/init ( 0): starting service 'hht_ota_mgr_service'...
01-01 09:29:09.172 I/init ( 0): Service 'hht_ota_mgr_service' (pid 8779) exited with status 0
