01-01 08:27:53.704 I/init ( 0): Service 'hht_ota_mgr_service' (pid 5065) exited with status 0
01-01 08:27:53.728 I/init ( 0): Sending signal 9 to service 'hht_ota_mgr_service' (pid 5065) process group...
01-01 08:27:53.738 I/libprocessgroup( 0): Successfully killed process cgroup uid 0 pid 5065 in 0ms
01-01 08:27:58.517 I/init ( 0): starting service 'hht_ota_mgr_service'...
01-01 08:27:58.728 I/init ( 0): Service 'hht_ota_mgr_service' (pid 5066) exited with status 0
01-01 08:27:58.751 I/init ( 0): Sending signal 9 to service 'hht_ota_mgr_service' (pid 5066) process group...
01-01 08:27:58.761 I/libprocessgroup( 0): Successfully killed process cgroup uid 0 pid 5066 in 0ms
01-01 08:28:03.562 I/init ( 0): starting service 'hht_ota_mgr_service'...
01-01 08:28:03.777 I/init ( 0): Service 'hht_ota_mgr_service' (pid 5068) exited with status 0
01-01 08:28:03.803 I/init ( 0): Sending signal 9 to service 'hht_ota_mgr_service' (pid 5068) process group...
01-01 08:28:03.814 I/libprocessgroup( 0): Successfully killed process cgroup uid 0 pid 5068 in 0ms
01-01 08:28:08.613 I/init ( 0): starting service 'hht_ota_mgr_service'...
01-01 08:28:08.833 I/init ( 0): Service 'hht_ota_mgr_service' (pid 5069) exited with status 0
01-01 08:28:08.857 I/init ( 0): Sending signal 9 to service 'hht_ota_mgr_service' (pid 5069) process group...
01-01 08:28:08.868 I/libprocessgroup( 0): Successfully killed process cgroup uid 0 pid 5069 in 0ms
01-01 08:28:13.666 I/init ( 0): starting service 'hht_ota_mgr_service'...
01-01 08:28:13.859 I/init ( 0): Service 'hht_ota_mgr_service' (pid 5070) exited with status 0
01-01 08:28:13.883 I/init ( 0): Sending signal 9 to service 'hht_ota_mgr_service' (pid 5070) process group...
01-01 08:28:13.892 I/libprocessgroup( 0): Successfully killed process cgroup uid 0 pid 5070 in 0ms
01-01 08:28:18.689 I/init ( 0): starting service 'hht_ota_mgr_service'...
01-01 08:28:18.880 I/init ( 0): Service 'hht_ota_mgr_service' (pid 5072) exited with status 0
01-01 08:28:18.906 I/init ( 0): Sending signal 9 to service 'hht_ota_mgr_service' (pid 5072) process group...
01-01 08:28:18.915 I/libprocessgroup( 0): Successfully killed process cgroup uid 0 pid 5072 in 0ms
01-01 08:28:23.710 I/init ( 0): starting service 'hht_ota_mgr_service'...
01-01 08:28:23.919 I/init ( 0): Service 'hht_ota_mgr_service' (pid 5073) exited with status 0
01-01 08:28:23.942 I/init ( 0): Sending signal 9 to service 'hht_ota_mgr_service' (pid 5073) process group...
01-01 08:28:23.951 I/libprocessgroup( 0): Successfully killed process cgroup uid 0 pid 5073 in 0ms
01-01 08:28:28.739 I/init ( 0): starting service 'hht_ota_mgr_service'...
01-01 08:28:28.927 I/init ( 0): Service 'hht_ota_mgr_service' (pid 5074) exited with status 0
01-01 08:28:28.951 I/init ( 0): Sending signal 9 to service 'hht_ota_mgr_service' (pid 5074) process group...
01-01 08:28:28.961 I/libprocessgroup( 0): Successfully killed process cgroup uid 0 pid 5074 in 0ms
01-01 08:28:33.762 I/init ( 0): starting service 'hht_ota_mgr_service'...
01-01 08:28:33.968 I/init ( 0): Service 'hht_ota_mgr_service' (pid 5075) exited with status 0
01-01 08:28:33.992 I/init ( 0): Sending signal 9 to service 'hht_ota_mgr_service' (pid 5075) process group...
01-01 08:28:33.992 I/libprocessgroup( 0): Successfully killed process cgroup uid 0 pid 5075 in 0ms
01-01 08:28:38.787 I/init ( 0): starting service 'hht_ota_mgr_service'...
01-01 08:28:38.977 I/init ( 0): Service 'hht_ota_mgr_service' (pid 5076) exited with status 0
01-01 08:28:38.992 I/init ( 0): Sending signal 9 to service 'hht_ota_mgr_service' (pid 5076) process group...
01-01 08:28:38.992 I/libprocessgroup( 0): Successfully killed process cgroup uid 0 pid 5076 in 0ms
01-01 08:28:43.809 I/init ( 0): starting service 'hht_ota_mgr_service'...
01-01 08:28:44.016 I/init ( 0): Service 'hht_ota_mgr_service' (pid 5077) exited with status 0
01-01 08:28:44.039 I/init ( 0): Sending signal 9 to service 'hht_ota_mgr_service' (pid 5077) process group...
01-01 08:28:44.048 I/libprocessgroup( 0): Successfully killed process cgroup uid 0 pid 5077 in 0ms
01-01 08:28:48.836 I/init ( 0): starting service 'hht_ota_mgr_service'...
01-01 08:28:49.025 I/init ( 0): Service 'hht_ota_mgr_service' (pid 5085) exited with status 0
01-01 08:28:49.048 I/init ( 0): Sending signal 9 to service 'hht_ota_mgr_service' (pid 5085) process group...
01-01 08:28:49.057 I/libprocessgroup( 0): Successfully killed process cgroup uid 0 pid 5085 in 0ms
01-01 08:28:53.857 I/init ( 0): starting service 'hht_ota_mgr_service'...
01-01 08:28:54.052 I/init ( 0): Service 'hht_ota_mgr_service' (pid 5086) exited with status 0
01-01 08:28:54.075 I/init ( 0): Sending signal 9 to service 'hht_ota_mgr_service' (pid 5086) process group...
01-01 08:28:54.084 I/libprocessgroup( 0): Successfully killed process cgroup uid 0 pid 5086 in 0ms
01-01 08:28:58.879 I/init ( 0): starting service 'hht_ota_mgr_service'...
01-01 08:28:59.115 I/init ( 0): Service 'hht_ota_mgr_service' (pid 5087) exited with status 0
01-01 08:28:59.138 I/init ( 0): Sending signal 9 to service 'hht_ota_mgr_service' (pid 5087) process group...
01-01 08:28:59.148 I/libprocessgroup( 0): Successfully killed process cgroup uid 0 pid 5087 in 0ms
01-01 08:29:03.937 I/init ( 0): starting service 'hht_ota_mgr_service'...
01-01 08:29:04.159 I/init ( 0): Service 'hht_ota_mgr_service' (pid 5089) exited with status 0
01-01 08:29:04.183 I/init ( 0): Sending signal 9 to service 'hht_ota_mgr_service' (pid 5089) process group...
01-01 08:29:04.194 I/libprocessgroup( 0): Successfully killed process cgroup uid 0 pid 5089 in 0ms
01-01 08:29:08.982 I/init ( 0): starting service 'hht_ota_mgr_service'...
01-01 08:29:09.185 I/init ( 0): Service 'hht_ota_mgr_service' (pid 5090) exited with status 0
01-01 08:29:09.208 I/init ( 0): Sending signal 9 to service 'hht_ota_mgr_service' (pid 5090) process group...
01-01 08:29:09.219 I/libprocessgroup( 0): Successfully killed process cgroup uid 0 pid 5090 in 0ms
01-01 08:29:14.011 I/init ( 0): starting service 'hht_ota_mgr_service'...
01-01 08:29:14.207 I/init ( 0): Service 'hht_ota_mgr_service' (pid 5091) exited with status 0
01-01 08:29:14.231 I/init ( 0): Sending signal 9 to service 'hht_ota_mgr_service' (pid 5091) process group...
01-01 08:29:14.241 I/libprocessgroup( 0): Successfully killed process cgroup uid 0 pid 5091 in 1ms
01-01 08:29:19.041 I/init ( 0): starting service 'hht_ota_mgr_service'...
01-01 08:29:19.237 I/init ( 0): Service 'hht_ota_mgr_service' (pid 5093) exited with status 0
01-01 08:29:19.260 I/init ( 0): Sending signal 9 to service 'hht_ota_mgr_service' (pid 5093) process group...
01-01 08:29:19.269 I/libprocessgroup( 0): Successfully killed process cgroup uid 0 pid 5093 in 0ms
01-01 08:29:23.968 W/audit ( 0): audit_lost=1827 audit_rate_limit=5 audit_backlog_limit=64
01-01 08:29:23.975 E/audit ( 0): rate limit exceeded
01-01 08:29:24.068 I/init ( 0): starting service 'hht_ota_mgr_service'...
01-01 08:29:24.273 I/init ( 0): Service 'hht_ota_mgr_service' (pid 5096) exited with status 0
01-01 08:29:24.296 I/init ( 0): Sending signal 9 to service 'hht_ota_mgr_service' (pid 5096) process group...
01-01 08:29:24.306 I/libprocessgroup( 0): Successfully killed process cgroup uid 0 pid 5096 in 0ms
01-01 08:29:29.098 I/init ( 0): starting service 'hht_ota_mgr_service'...
01-01 08:29:29.294 I/init ( 0): Service 'hht_ota_mgr_service' (pid 5098) exited with status 0
01-01 08:29:29.317 I/init ( 0): Sending signal 9 to service 'hht_ota_mgr_service' (pid 5098) process group...
01-01 08:29:29.328 I/libprocessgroup( 0): Successfully killed process cgroup uid 0 pid 5098 in 1ms
01-01 08:29:34.130 I/init ( 0): starting service 'hht_ota_mgr_service'...
01-01 08:29:34.351 I/init ( 0): Service 'hht_ota_mgr_service' (pid 5099) exited with status 0
01-01 08:29:34.375 I/init ( 0): Sending signal 9 to service 'hht_ota_mgr_service' (pid 5099) process group...
01-01 08:29:34.386 I/libprocessgroup( 0): Successfully killed process cgroup uid 0 pid 5099 in 1ms
01-01 08:29:39.176 I/init ( 0): starting service 'hht_ota_mgr_service'...
01-01 08:29:39.380 I/init ( 0): Service 'hht_ota_mgr_service' (pid 5100) exited with status 0
01-01 08:29:39.403 I/init ( 0): Sending signal 9 to service 'hht_ota_mgr_service' (pid 5100) process group...
01-01 08:29:39.413 I/libprocessgroup( 0): Successfully killed process cgroup uid 0 pid 5100 in 0ms
01-01 08:29:44.205 I/init ( 0): starting service 'hht_ota_mgr_service'...
01-01 08:29:44.420 I/init ( 0): Service 'hht_ota_mgr_service' (pid 5101) exited with status 0
01-01 08:29:44.443 I/init ( 0): Sending signal 9 to service 'hht_ota_mgr_service' (pid 5101) process group...
01-01 08:29:44.453 I/libprocessgroup( 0): Successfully killed process cgroup uid 0 pid 5101 in 0ms
01-01 08:29:49.262 I/init ( 0): starting service 'hht_ota_mgr_service'...
01-01 08:29:49.473 I/init ( 0): Service 'hht_ota_mgr_service' (pid 5102) exited with status 0
01-01 08:29:49.498 I/init ( 0): Sending signal 9 to service 'hht_ota_mgr_service' (pid 5102) process group...
01-01 08:29:49.509 I/libprocessgroup( 0): Successfully killed process cgroup uid 0 pid 5102 in 0ms
01-01 08:29:54.317 I/init ( 0): starting service 'hht_ota_mgr_service'...
01-01 08:29:54.543 I/init ( 0): Service 'hht_ota_mgr_service' (pid 5103) exited with status 0
01-01 08:29:54.568 I/init ( 0): Sending signal 9 to service 'hht_ota_mgr_service' (pid 5103) process group...
01-01 08:29:54.579 I/libprocessgroup( 0): Successfully killed process cgroup uid 0 pid 5103 in 0ms
01-01 08:29:59.372 I/init ( 0): starting service 'hht_ota_mgr_service'...
01-01 08:29:59.585 I/init ( 0): Service 'hht_ota_mgr_service' (pid 5104) exited with status 0
01-01 08:29:59.608 I/init ( 0): Sending signal 9 to service 'hht_ota_mgr_service' (pid 5104) process group...
01-01 08:29:59.618 I/libprocessgroup( 0): Successfully killed process cgroup uid 0 pid 5104 in 0ms
01-01 08:30:03.967 W/audit ( 0): audit_lost=1828 audit_rate_limit=5 audit_backlog_limit=64
01-01 08:30:03.974 E/audit ( 0): rate limit exceeded
01-01 08:30:04.425 I/init ( 0): starting service 'hht_ota_mgr_service'...
01-01 08:30:04.655 I/init ( 0): Service 'hht_ota_mgr_service' (pid 5106) exited with status 0
01-01 08:30:04.678 I/init ( 0): Sending signal 9 to service 'hht_ota_mgr_service' (pid 5106) process group...
01-01 08:30:04.688 I/libprocessgroup( 0): Successfully killed process cgroup uid 0 pid 5106 in 0ms
03-28 09:51:56.045 W/BatteryExternalStatsWorker( 1017): error reading modem stats:ERROR_PHONE_NOT_AVAILABLE
03-28 09:51:56.101 E/KernelCpuSpeedReader( 1017): Failed to read cpu-freq: /sys/devices/system/cpu/cpu4/cpufreq/stats/time_in_state: open failed: ENOENT (No such file or directory)
03-28 09:51:56.101 E/KernelCpuSpeedReader( 1017): Failed to read cpu-freq: /sys/devices/system/cpu/cpu0/cpufreq/stats/time_in_state: open failed: ENOENT (No such file or directory)
01-01 08:30:06.411 W/audit ( 0): audit_lost=1829 audit_rate_limit=5 audit_backlog_limit=64
01-01 08:30:06.437 E/audit ( 0): rate limit exceeded
03-28 09:51:56.253 D/KernelCpuUidUserSysTimeReader( 1017): Removing uids 1037-1037
03-28 09:51:56.254 D/KernelCpuUidUserSysTimeReader( 1017): Removing uids 1037-1037
01-01 08:30:09.479 I/init ( 0): starting service 'hht_ota_mgr_service'...
01-01 08:30:09.713 I/init ( 0): Service 'hht_ota_mgr_service' (pid 5108) exited with status 0
01-01 08:30:09.721 I/init ( 0): Sending signal 9 to service 'hht_ota_mgr_service' (pid 5108) process group...
01-01 08:30:09.730 I/libprocessgroup( 0): Successfully killed process cgroup uid 0 pid 5108 in 0ms
01-01 08:30:14.516 I/init ( 0): starting service 'hht_ota_mgr_service'...
01-01 08:30:14.704 I/init ( 0): Service 'hht_ota_mgr_service' (pid 5109) exited with status 0
01-01 08:30:14.727 I/init ( 0): Sending signal 9 to service 'hht_ota_mgr_service' (pid 5109) process group...
01-01 08:30:14.736 I/libprocessgroup( 0): Successfully killed process cgroup uid 0 pid 5109 in 0ms
01-01 08:30:19.538 I/init ( 0): starting service 'hht_ota_mgr_service'...
01-01 08:30:19.730 I/init ( 0): Service 'hht_ota_mgr_service' (pid 5110) exited with status 0
01-01 08:30:19.754 I/init ( 0): Sending signal 9 to service 'hht_ota_mgr_service' (pid 5110) process group...
01-01 08:30:19.763 I/libprocessgroup( 0): Successfully killed process cgroup uid 0 pid 5110 in 0ms
01-01 08:30:24.564 I/init ( 0): starting service 'hht_ota_mgr_service'...
01-01 08:30:24.764 I/init ( 0): Service 'hht_ota_mgr_service' (pid 5111) exited with status 0
01-01 08:30:24.787 I/init ( 0): Sending signal 9 to service 'hht_ota_mgr_service' (pid 5111) process group...
01-01 08:30:24.796 I/libprocessgroup( 0): Successfully killed process cgroup uid 0 pid 5111 in 0ms
01-01 08:30:29.590 I/init ( 0): starting service 'hht_ota_mgr_service'...
01-01 08:30:29.795 I/init ( 0): Service 'hht_ota_mgr_service' (pid 5112) exited with status 0
01-01 08:30:29.818 I/init ( 0): Sending signal 9 to service 'hht_ota_mgr_service' (pid 5112) process group...
01-01 08:30:29.829 I/libprocessgroup( 0): Successfully killed process cgroup uid 0 pid 5112 in 0ms
01-01 08:30:34.643 I/init ( 0): starting service 'hht_ota_mgr_service'...
01-01 08:30:34.843 W/audit ( 0): audit_lost=1877 audit_rate_limit=5 audit_backlog_limit=64
01-01 08:30:34.852 E/audit ( 0): rate limit exceeded
01-01 08:30:34.863 I/init ( 0): Service 'hht_ota_mgr_service' (pid 5114) exited with status 0
01-01 08:30:34.871 I/init ( 0): Sending signal 9 to service 'hht_ota_mgr_service' (pid 5114) process group...
01-01 08:30:34.882 I/libprocessgroup( 0): Successfully killed process cgroup uid 0 pid 5114 in 0ms
01-01 08:30:39.698 I/init ( 0): starting service 'hht_ota_mgr_service'...
01-01 08:30:39.913 I/init ( 0): Service 'hht_ota_mgr_service' (pid 5116) exited with status 0
01-01 08:30:39.936 I/init ( 0): Sending signal 9 to service 'hht_ota_mgr_service' (pid 5116) process group...
01-01 08:30:39.946 I/libprocessgroup( 0): Successfully killed process cgroup uid 0 pid 5116 in 0ms
01-01 08:30:44.747 I/init ( 0): starting service 'hht_ota_mgr_service'...
01-01 08:30:44.961 I/init ( 0): Service 'hht_ota_mgr_service' (pid 5117) exited with status 0
01-01 08:30:44.986 I/init ( 0): Sending signal 9 to service 'hht_ota_mgr_service' (pid 5117) process group...
01-01 08:30:44.996 I/libprocessgroup( 0): Successfully killed process cgroup uid 0 pid 5117 in 0ms
01-01 08:30:49.802 I/init ( 0): starting service 'hht_ota_mgr_service'...
01-01 08:30:49.999 I/init ( 0): Service 'hht_ota_mgr_service' (pid 5118) exited with status 0
01-01 08:30:50.022 I/init ( 0): Sending signal 9 to service 'hht_ota_mgr_service' (pid 5118) process group...
01-01 08:30:50.031 I/libprocessgroup( 0): Successfully killed process cgroup uid 0 pid 5118 in 0ms
01-01 08:30:54.828 I/init ( 0): starting service 'hht_ota_mgr_service'...
01-01 08:30:55.028 I/init ( 0): Service 'hht_ota_mgr_service' (pid 5120) exited with status 0
01-01 08:30:55.052 I/init ( 0): Sending signal 9 to service 'hht_ota_mgr_service' (pid 5120) process group...
01-01 08:30:55.062 I/libprocessgroup( 0): Successfully killed process cgroup uid 0 pid 5120 in 0ms
01-01 08:30:56.967 W/audit ( 0): audit_lost=1879 audit_rate_limit=5 audit_backlog_limit=64
01-01 08:30:56.975 E/audit ( 0): rate limit exceeded
01-01 08:30:59.860 I/init ( 0): starting service 'hht_ota_mgr_service'...
01-01 08:31:00.068 I/init ( 0): Service 'hht_ota_mgr_service' (pid 5122) exited with status 0
01-01 08:31:00.090 I/init ( 0): Sending signal 9 to service 'hht_ota_mgr_service' (pid 5122) process group...
01-01 08:31:00.101 I/libprocessgroup( 0): Successfully killed process cgroup uid 0 pid 5122 in 0ms
01-01 08:31:02.719 D/cnss ( 0): Host time = 1862719980 us, device time = 1811078520 us, offset = 51641460 us
01-01 08:31:02.728 D/cnss ( 0): Updated time sync regs [0x984] = 0x313fc74, [0x988] = 0x0
01-01 08:31:04.913 I/init ( 0): starting service 'hht_ota_mgr_service'...
01-01 08:31:05.142 I/init ( 0): Service 'hht_ota_mgr_service' (pid 5124) exited with status 0
01-01 08:31:05.165 I/init ( 0): Sending signal 9 to service 'hht_ota_mgr_service' (pid 5124) process group...
01-01 08:31:05.174 I/libprocessgroup( 0): Successfully killed process cgroup uid 0 pid 5124 in 0ms
01-01 08:31:09.964 I/init ( 0): starting service 'hht_ota_mgr_service'...
01-01 08:31:10.174 I/init ( 0): Service 'hht_ota_mgr_service' (pid 5125) exited with status 0
01-01 08:31:10.198 I/init ( 0): Sending signal 9 to service 'hht_ota_mgr_service' (pid 5125) process group...
01-01 08:31:10.207 I/libprocessgroup( 0): Successfully killed process cgroup uid 0 pid 5125 in 0ms
01-01 08:31:15.000 I/init ( 0): starting service 'hht_ota_mgr_service'...
01-01 08:31:15.217 I/init ( 0): Service 'hht_ota_mgr_service' (pid 5126) exited with status 0
01-01 08:31:15.241 I/init ( 0): Sending signal 9 to service 'hht_ota_mgr_service' (pid 5126) process group...
01-01 08:31:15.251 I/libprocessgroup( 0): Successfully killed process cgroup uid 0 pid 5126 in 0ms
03-28 09:53:05.177 I/ProcessStatsService( 1017): Pruning old procstats: /data/system/procstats/state-2023-03-22-05-40-21.bin
01-01 08:31:16.177 I/init ( 0): Untracked pid 5135 exited with status 0
01-01 08:31:20.046 I/init ( 0): starting service 'hht_ota_mgr_service'...
01-01 08:31:20.257 I/init ( 0): Service 'hht_ota_mgr_service' (pid 5158) exited with status 0
01-01 08:31:20.281 I/init ( 0): Sending signal 9 to service 'hht_ota_mgr_service' (pid 5158) process group...
01-01 08:31:20.291 I/libprocessgroup( 0): Successfully killed process cgroup uid 0 pid 5158 in 0ms
01-01 08:31:25.099 I/init ( 0): starting service 'hht_ota_mgr_service'...
01-01 08:31:25.313 I/init ( 0): Service 'hht_ota_mgr_service' (pid 5159) exited with status 0
01-01 08:31:25.326 I/init ( 0): Sending signal 9 to service 'hht_ota_mgr_service' (pid 5159) process group...
01-01 08:31:25.337 I/libprocessgroup( 0): Successfully killed process cgroup uid 0 pid 5159 in 0ms
01-01 08:31:30.134 I/init ( 0): starting service 'hht_ota_mgr_service'...
01-01 08:31:30.340 I/init ( 0): Service 'hht_ota_mgr_service' (pid 5160) exited with status 0
01-01 08:31:30.364 I/init ( 0): Sending signal 9 to service 'hht_ota_mgr_service' (pid 5160) process group...
01-01 08:31:30.374 I/libprocessgroup( 0): Successfully killed process cgroup uid 0 pid 5160 in 0ms
01-01 08:31:35.186 I/init ( 0): starting service 'hht_ota_mgr_service'...
01-01 08:31:35.415 I/init ( 0): Service 'hht_ota_mgr_service' (pid 5161) exited with status 0
01-01 08:31:35.437 I/init ( 0): Sending signal 9 to service 'hht_ota_mgr_service' (pid 5161) process group...
01-01 08:31:35.447 I/libprocessgroup( 0): Successfully killed process cgroup uid 0 pid 5161 in 0ms
01-01 08:31:40.230 I/init ( 0): starting service 'hht_ota_mgr_service'...
01-01 08:31:40.450 I/init ( 0): Service 'hht_ota_mgr_service' (pid 5162) exited with status 0
01-01 08:31:40.473 I/init ( 0): Sending signal 9 to service 'hht_ota_mgr_service' (pid 5162) process group...
01-01 08:31:40.483 I/libprocessgroup( 0): Successfully killed process cgroup uid 0 pid 5162 in 0ms
01-01 08:31:45.287 I/init ( 0): starting service 'hht_ota_mgr_service'...
01-01 08:31:45.503 I/init ( 0): Service 'hht_ota_mgr_service' (pid 5163) exited with status 0
01-01 08:31:45.526 I/init ( 0): Sending signal 9 to service 'hht_ota_mgr_service' (pid 5163) process group...
01-01 08:31:45.536 I/libprocessgroup( 0): Successfully killed process cgroup uid 0 pid 5163 in 0ms
01-01 08:31:50.337 I/init ( 0): starting service 'hht_ota_mgr_service'...
01-01 08:31:50.532 I/init ( 0): Service 'hht_ota_mgr_service' (pid 5164) exited with status 0
01-01 08:31:50.553 I/init ( 0): Sending signal 9 to service 'hht_ota_mgr_service' (pid 5164) process group...
01-01 08:31:50.562 I/libprocessgroup( 0): Successfully killed process cgroup uid 0 pid 5164 in 0ms
01-01 08:31:55.358 I/init ( 0): starting service 'hht_ota_mgr_service'...
01-01 08:31:55.552 I/init ( 0): Service 'hht_ota_mgr_service' (pid 5165) exited with status 0
01-01 08:31:55.577 I/init ( 0): Sending signal 9 to service 'hht_ota_mgr_service' (pid 5165) process group...
01-01 08:31:55.587 I/libprocessgroup( 0): Successfully killed process cgroup uid 0 pid 5165 in 0ms
01-01 08:32:00.389 I/init ( 0): starting service 'hht_ota_mgr_service'...
01-01 08:32:00.595 I/init ( 0): Service 'hht_ota_mgr_service' (pid 5166) exited with status 0
01-01 08:32:00.617 I/init ( 0): Sending signal 9 to service 'hht_ota_mgr_service' (pid 5166) process group...
01-01 08:32:00.627 I/libprocessgroup( 0): Successfully killed process cgroup uid 0 pid 5166 in 0ms
01-01 08:32:05.438 I/init ( 0): starting service 'hht_ota_mgr_service'...
01-01 08:32:05.633 I/init ( 0): Service 'hht_ota_mgr_service' (pid 5168) exited with status 0
01-01 08:32:05.656 I/init ( 0): Sending signal 9 to service 'hht_ota_mgr_service' (pid 5168) process group...
01-01 08:32:05.665 I/libprocessgroup( 0): Successfully killed process cgroup uid 0 pid 5168 in 0ms
01-01 08:32:10.466 I/init ( 0): starting service 'hht_ota_mgr_service'...
01-01 08:32:10.659 I/init ( 0): Service 'hht_ota_mgr_service' (pid 5169) exited with status 0
01-01 08:32:10.682 I/init ( 0): Sending signal 9 to service 'hht_ota_mgr_service' (pid 5169) process group...
01-01 08:32:10.692 I/libprocessgroup( 0): Successfully killed process cgroup uid 0 pid 5169 in 0ms
01-01 08:32:12.329 I/[dp_rx_][0x8a36063d2][09:54:02.048088] wlan( 0): [2793:I:QDF] DHCP-R RX: SA:d8:f8:83:c3:7d:b9 DA:ff:ff:ff:ff:ff:ff
01-01 08:32:15.488 I/init ( 0): starting service 'hht_ota_mgr_service'...
01-01 08:32:15.681 I/init ( 0): Service 'hht_ota_mgr_service' (pid 5171) exited with status 0
01-01 08:32:15.705 I/init ( 0): Sending signal 9 to service 'hht_ota_mgr_service' (pid 5171) process group...
01-01 08:32:15.714 I/libprocessgroup( 0): Successfully killed process cgroup uid 0 pid 5171 in 0ms
01-01 08:32:20.515 I/init ( 0): starting service 'hht_ota_mgr_service'...
01-01 08:32:20.705 I/init ( 0): Service 'hht_ota_mgr_service' (pid 5172) exited with status 0
01-01 08:32:20.728 I/init ( 0): Sending signal 9 to service 'hht_ota_mgr_service' (pid 5172) process group...
01-01 08:32:20.737 I/libprocessgroup( 0): Successfully killed process cgroup uid 0 pid 5172 in 0ms
01-01 08:32:25.537 I/init ( 0): starting service 'hht_ota_mgr_service'...
01-01 08:32:25.726 I/init ( 0): Service 'hht_ota_mgr_service' (pid 5182) exited with status 0
01-01 08:32:25.750 I/init ( 0): Sending signal 9 to service 'hht_ota_mgr_service' (pid 5182) process group...
01-01 08:32:25.759 I/libprocessgroup( 0): Successfully killed process cgroup uid 0 pid 5182 in 0ms
01-01 08:32:30.558 I/init ( 0): starting service 'hht_ota_mgr_service'...
01-01 08:32:30.752 I/init ( 0): Service 'hht_ota_mgr_service' (pid 5185) exited with status 0
01-01 08:32:30.775 I/init ( 0): Sending signal 9 to service 'hht_ota_mgr_service' (pid 5185) process group...
01-01 08:32:30.784 I/libprocessgroup( 0): Successfully killed process cgroup uid 0 pid 5185 in 0ms
01-01 08:32:35.586 I/init ( 0): starting service 'hht_ota_mgr_service'...
01-01 08:32:35.780 I/init ( 0): Service 'hht_ota_mgr_service' (pid 5186) exited with status 0
01-01 08:32:35.803 I/init ( 0): Sending signal 9 to service 'hht_ota_mgr_service' (pid 5186) process group...
01-01 08:32:35.813 I/libprocessgroup( 0): Successfully killed process cgroup uid 0 pid 5186 in 0ms
01-01 08:32:36.209 W/audit ( 0): audit_lost=1880 audit_rate_limit=5 audit_backlog_limit=64
01-01 08:32:36.238 E/audit ( 0): rate limit exceeded
01-01 08:32:40.610 I/init ( 0): starting service 'hht_ota_mgr_service'...
01-01 08:32:40.819 I/init ( 0): Service 'hht_ota_mgr_service' (pid 5188) exited with status 0
01-01 08:32:40.841 I/init ( 0): Sending signal 9 to service 'hht_ota_mgr_service' (pid 5188) process group...
01-01 08:32:40.851 I/libprocessgroup( 0): Successfully killed process cgroup uid 0 pid 5188 in 0ms
01-01 08:32:45.662 I/init ( 0): starting service 'hht_ota_mgr_service'...
01-01 08:32:45.855 I/init ( 0): Service 'hht_ota_mgr_service' (pid 5189) exited with status 0
01-01 08:32:45.878 I/init ( 0): Sending signal 9 to service 'hht_ota_mgr_service' (pid 5189) process group...
01-01 08:32:45.889 I/libprocessgroup( 0): Successfully killed process cgroup uid 0 pid 5189 in 0ms
01-01 08:32:50.690 I/init ( 0): starting service 'hht_ota_mgr_service'...
01-01 08:32:50.886 I/init ( 0): Service 'hht_ota_mgr_service' (pid 5191) exited with status 0
01-01 08:32:50.909 I/init ( 0): Sending signal 9 to service 'hht_ota_mgr_service' (pid 5191) process group...
01-01 08:32:50.920 I/libprocessgroup( 0): Successfully killed process cgroup uid 0 pid 5191 in 0ms
01-01 08:32:55.724 I/init ( 0): starting service 'hht_ota_mgr_service'...
01-01 08:32:55.937 I/init ( 0): Service 'hht_ota_mgr_service' (pid 5192) exited with status 0
01-01 08:32:55.961 I/init ( 0): Sending signal 9 to service 'hht_ota_mgr_service' (pid 5192) process group...
01-01 08:32:55.971 I/libprocessgroup( 0): Successfully killed process cgroup uid 0 pid 5192 in 0ms
01-01 08:33:00.780 I/init ( 0): starting service 'hht_ota_mgr_service'...
01-01 08:33:00.994 I/init ( 0): Service 'hht_ota_mgr_service' (pid 5193) exited with status 0
01-01 08:33:01.017 I/init ( 0): Sending signal 9 to service 'hht_ota_mgr_service' (pid 5193) process group...
01-01 08:33:01.027 I/libprocessgroup( 0): Successfully killed process cgroup uid 0 pid 5193 in 0ms
01-01 08:33:05.836 I/init ( 0): starting service 'hht_ota_mgr_service'...
01-01 08:33:06.049 I/init ( 0): Service 'hht_ota_mgr_service' (pid 5194) exited with status 0
01-01 08:33:06.073 I/init ( 0): Sending signal 9 to service 'hht_ota_mgr_service' (pid 5194) process group...
01-01 08:33:06.083 I/libprocessgroup( 0): Successfully killed process cgroup uid 0 pid 5194 in 0ms
01-01 08:33:10.892 I/init ( 0): starting service 'hht_ota_mgr_service'...
01-01 08:33:11.090 I/init ( 0): Service 'hht_ota_mgr_service' (pid 5196) exited with status 0
01-01 08:33:11.114 I/init ( 0): Sending signal 9 to service 'hht_ota_mgr_service' (pid 5196) process group...
01-01 08:33:11.123 I/libprocessgroup( 0): Successfully killed process cgroup uid 0 pid 5196 in 0ms
01-01 08:33:15.922 I/init ( 0): starting service 'hht_ota_mgr_service'...
01-01 08:33:16.116 I/init ( 0): Service 'hht_ota_mgr_service' (pid 5197) exited with status 0
01-01 08:33:16.138 I/init ( 0): Sending signal 9 to service 'hht_ota_mgr_service' (pid 5197) process group...
01-01 08:33:16.148 I/libprocessgroup( 0): Successfully killed process cgroup uid 0 pid 5197 in 0ms
01-01 08:33:20.948 I/init ( 0): starting service 'hht_ota_mgr_service'...
01-01 08:33:21.172 I/init ( 0): Service 'hht_ota_mgr_service' (pid 5198) exited with status 0
01-01 08:33:21.194 I/init ( 0): Sending signal 9 to service 'hht_ota_mgr_service' (pid 5198) process group...
01-01 08:33:21.204 I/libprocessgroup( 0): Successfully killed process cgroup uid 0 pid 5198 in 0ms
01-01 08:33:25.969 I/init ( 0): starting service 'hht_ota_mgr_service'...
01-01 08:33:26.153 I/init ( 0): Service 'hht_ota_mgr_service' (pid 5199) exited with status 0
01-01 08:33:26.175 I/init ( 0): Sending signal 9 to service 'hht_ota_mgr_service' (pid 5199) process group...
01-01 08:33:26.185 I/libprocessgroup( 0): Successfully killed process cgroup uid 0 pid 5199 in 0ms
01-01 08:33:30.994 I/init ( 0): starting service 'hht_ota_mgr_service'...
01-01 08:33:31.208 I/init ( 0): Service 'hht_ota_mgr_service' (pid 5200) exited with status 0
01-01 08:33:31.232 I/init ( 0): Sending signal 9 to service 'hht_ota_mgr_service' (pid 5200) process group...
01-01 08:33:31.242 I/libprocessgroup( 0): Successfully killed process cgroup uid 0 pid 5200 in 0ms
01-01 08:33:35.906 W/audit ( 0): audit_lost=1881 audit_rate_limit=5 audit_backlog_limit=64
01-01 08:33:35.914 E/audit ( 0): rate limit exceeded
01-01 08:33:36.048 I/init ( 0): starting service 'hht_ota_mgr_service'...
01-01 08:33:36.258 I/init ( 0): Service 'hht_ota_mgr_service' (pid 5204) exited with status 0
01-01 08:33:36.266 I/init ( 0): Sending signal 9 to service 'hht_ota_mgr_service' (pid 5204) process group...
01-01 08:33:36.276 I/libprocessgroup( 0): Successfully killed process cgroup uid 0 pid 5204 in 0ms
01-01 08:33:37.028 W/audit ( 0): audit_lost=1893 audit_rate_limit=5 audit_backlog_limit=64
01-01 08:33:37.035 E/audit ( 0): rate limit exceeded
01-01 08:33:39.967 W/audit ( 0): audit_lost=1897 audit_rate_limit=5 audit_backlog_limit=64
01-01 08:33:39.978 E/audit ( 0): rate limit exceeded
01-01 08:33:41.102 I/init ( 0): starting service 'hht_ota_mgr_service'...
01-01 08:33:41.313 I/init ( 0): Service 'hht_ota_mgr_service' (pid 5210) exited with status 0
01-01 08:33:41.321 I/init ( 0): Sending signal 9 to service 'hht_ota_mgr_service' (pid 5210) process group...
01-01 08:33:41.331 I/libprocessgroup( 0): Successfully killed process cgroup uid 0 pid 5210 in 0ms
01-01 08:33:46.157 I/init ( 0): starting service 'hht_ota_mgr_service'...
01-01 08:33:46.371 I/init ( 0): Service 'hht_ota_mgr_service' (pid 5212) exited with status 0
01-01 08:33:46.395 I/init ( 0): Sending signal 9 to service 'hht_ota_mgr_service' (pid 5212) process group...
01-01 08:33:46.405 I/libprocessgroup( 0): Successfully killed process cgroup uid 0 pid 5212 in 0ms
01-01 08:33:51.214 I/init ( 0): starting service 'hht_ota_mgr_service'...
01-01 08:33:51.425 I/init ( 0): Service 'hht_ota_mgr_service' (pid 5214) exited with status 0
01-01 08:33:51.449 I/init ( 0): Sending signal 9 to service 'hht_ota_mgr_service' (pid 5214) process group...
01-01 08:33:51.459 I/libprocessgroup( 0): Successfully killed process cgroup uid 0 pid 5214 in 0ms
01-01 08:33:56.269 I/init ( 0): starting service 'hht_ota_mgr_service'...
01-01 08:33:56.463 I/init ( 0): Service 'hht_ota_mgr_service' (pid 5215) exited with status 0
01-01 08:33:56.484 W/audit ( 0): audit_lost=1898 audit_rate_limit=5 audit_backlog_limit=64
01-01 08:33:56.484 E/audit ( 0): rate limit exceeded
01-01 08:33:56.487 I/init ( 0): Sending signal 9 to service 'hht_ota_mgr_service' (pid 5215) process group...
01-01 08:33:56.517 I/libprocessgroup( 0): Successfully killed process cgroup uid 0 pid 5215 in 0ms
01-01 08:34:01.298 I/init ( 0): starting service 'hht_ota_mgr_service'...
01-01 08:34:01.499 I/init ( 0): Service 'hht_ota_mgr_service' (pid 5217) exited with status 0
01-01 08:34:01.522 I/init ( 0): Sending signal 9 to service 'hht_ota_mgr_service' (pid 5217) process group...
01-01 08:34:01.531 I/libprocessgroup( 0): Successfully killed process cgroup uid 0 pid 5217 in 0ms
01-01 08:34:06.326 I/init ( 0): starting service 'hht_ota_mgr_service'...
01-01 08:34:06.527 I/init ( 0): Service 'hht_ota_mgr_service' (pid 5218) exited with status 0
01-01 08:34:06.551 I/init ( 0): Sending signal 9 to service 'hht_ota_mgr_service' (pid 5218) process group...
01-01 08:34:06.560 I/libprocessgroup( 0): Successfully killed process cgroup uid 0 pid 5218 in 0ms
01-01 08:34:11.359 I/init ( 0): starting service 'hht_ota_mgr_service'...
01-01 08:34:11.566 I/init ( 0): Service 'hht_ota_mgr_service' (pid 5220) exited with status 0
01-01 08:34:11.590 I/init ( 0): Sending signal 9 to service 'hht_ota_mgr_service' (pid 5220) process group...
01-01 08:34:11.599 I/libprocessgroup( 0): Successfully killed process cgroup uid 0 pid 5220 in 0ms
01-01 08:34:16.386 I/init ( 0): starting service 'hht_ota_mgr_service'...
01-01 08:34:16.565 W/audit ( 0): audit_lost=1900 audit_rate_limit=5 audit_backlog_limit=64
01-01 08:34:16.572 E/audit ( 0): rate limit exceeded
01-01 08:34:16.583 I/init ( 0): Service 'hht_ota_mgr_service' (pid 5222) exited with status 0
01-01 08:34:16.590 I/init ( 0): Sending signal 9 to service 'hht_ota_mgr_service' (pid 5222) process group...
01-01 08:34:16.599 I/libprocessgroup( 0): Successfully killed process cgroup uid 0 pid 5222 in 0ms
01-01 08:34:21.405 I/init ( 0): starting service 'hht_ota_mgr_service'...
01-01 08:34:21.615 I/init ( 0): Service 'hht_ota_mgr_service' (pid 5223) exited with status 0
01-01 08:34:21.639 I/init ( 0): Sending signal 9 to service 'hht_ota_mgr_service' (pid 5223) process group...
01-01 08:34:21.648 I/libprocessgroup( 0): Successfully killed process cgroup uid 0 pid 5223 in 0ms
01-01 08:34:26.434 I/init ( 0): starting service 'hht_ota_mgr_service'...
01-01 08:34:26.638 I/init ( 0): Service 'hht_ota_mgr_service' (pid 5224) exited with status 0
01-01 08:34:26.661 I/init ( 0): Sending signal 9 to service 'hht_ota_mgr_service' (pid 5224) process group...
01-01 08:34:26.671 I/libprocessgroup( 0): Successfully killed process cgroup uid 0 pid 5224 in 0ms
01-01 08:34:31.459 I/init ( 0): starting service 'hht_ota_mgr_service'...
01-01 08:34:31.648 I/init ( 0): Service 'hht_ota_mgr_service' (pid 5225) exited with status 0
01-01 08:34:31.673 I/init ( 0): Sending signal 9 to service 'hht_ota_mgr_service' (pid 5225) process group...
01-01 08:34:31.682 I/libprocessgroup( 0): Successfully killed process cgroup uid 0 pid 5225 in 0ms
01-01 08:34:36.479 I/init ( 0): starting service 'hht_ota_mgr_service'...
01-01 08:34:36.687 I/init ( 0): Service 'hht_ota_mgr_service' (pid 5227) exited with status 0
01-01 08:34:36.710 I/init ( 0): Sending signal 9 to service 'hht_ota_mgr_service' (pid 5227) process group...
01-01 08:34:36.719 I/libprocessgroup( 0): Successfully killed process cgroup uid 0 pid 5227 in 0ms
01-01 08:34:41.502 I/init ( 0): starting service 'hht_ota_mgr_service'...
01-01 08:34:41.711 I/init ( 0): Service 'hht_ota_mgr_service' (pid 5228) exited with status 0
01-01 08:34:41.735 I/init ( 0): Sending signal 9 to service 'hht_ota_mgr_service' (pid 5228) process group...
01-01 08:34:41.744 I/libprocessgroup( 0): Successfully killed process cgroup uid 0 pid 5228 in 0ms
01-01 08:34:46.529 I/init ( 0): starting service 'hht_ota_mgr_service'...
01-01 08:34:46.720 I/init ( 0): Service 'hht_ota_mgr_service' (pid 5229) exited with status 0
01-01 08:34:46.743 I/init ( 0): Sending signal 9 to service 'hht_ota_mgr_service' (pid 5229) process group...
01-01 08:34:46.752 I/libprocessgroup( 0): Successfully killed process cgroup uid 0 pid 5229 in 0ms
01-01 08:34:51.548 I/init ( 0): starting service 'hht_ota_mgr_service'...
01-01 08:34:51.745 I/init ( 0): Service 'hht_ota_mgr_service' (pid 5230) exited with status 0
01-01 08:34:51.768 I/init ( 0): Sending signal 9 to service 'hht_ota_mgr_service' (pid 5230) process group...
01-01 08:34:51.777 I/libprocessgroup( 0): Successfully killed process cgroup uid 0 pid 5230 in 0ms
01-01 08:34:56.571 I/init ( 0): starting service 'hht_ota_mgr_service'...
01-01 08:34:56.768 I/init ( 0): Service 'hht_ota_mgr_service' (pid 5231) exited with status 0
01-01 08:34:56.791 I/init ( 0): Sending signal 9 to service 'hht_ota_mgr_service' (pid 5231) process group...
01-01 08:34:56.800 I/libprocessgroup( 0): Successfully killed process cgroup uid 0 pid 5231 in 0ms
01-01 08:35:01.594 I/init ( 0): starting service 'hht_ota_mgr_service'...
01-01 08:35:01.791 I/init ( 0): Service 'hht_ota_mgr_service' (pid 5232) exited with status 0
01-01 08:35:01.814 I/init ( 0): Sending signal 9 to service 'hht_ota_mgr_service' (pid 5232) process group...
01-01 08:35:01.824 I/libprocessgroup( 0): Successfully killed process cgroup uid 0 pid 5232 in 0ms
01-01 08:35:03.264 I/[dp_rx_][0x966fef7fc][09:56:52.982972] wlan( 0): [2793:I:QDF] EAPOL-3 RX: SA:98:f1:81:80:45:61 DA:96:49:80:62:22:bf
01-01 08:35:03.301 I/[soft_i][0x96709bffd][09:56:53.019769] wlan( 0): [0:I:QDF] EAPOL-4 TX: SA:96:49:80:62:22:bf DA:98:f1:81:80:45:61 msdu_id:42 status: succ
01-01 08:35:06.614 I/init ( 0): starting service 'hht_ota_mgr_service'...
01-01 08:35:06.800 I/init ( 0): Service 'hht_ota_mgr_service' (pid 5233) exited with status 0
01-01 08:35:06.824 I/init ( 0): Sending signal 9 to service 'hht_ota_mgr_service' (pid 5233) process group...
01-01 08:35:06.833 I/libprocessgroup( 0): Successfully killed process cgroup uid 0 pid 5233 in 0ms
01-01 08:35:11.634 I/init ( 0): starting service 'hht_ota_mgr_service'...
01-01 08:35:11.820 I/init ( 0): Service 'hht_ota_mgr_service' (pid 5234) exited with status 0
01-01 08:35:11.843 I/init ( 0): Sending signal 9 to service 'hht_ota_mgr_service' (pid 5234) process group...
01-01 08:35:11.852 I/libprocessgroup( 0): Successfully killed process cgroup uid 0 pid 5234 in 0ms
01-01 08:35:13.686 I/[dp_rx_][0x972ec31d1][09:57:03.404651] wlan( 0): [2793:I:QDF] DHCP-R RX: SA:d8:f8:83:c3:7d:b9 DA:ff:ff:ff:ff:ff:ff
01-01 08:35:16.656 I/[dp_rx_][0x976523915][09:57:06.374347] wlan( 0): [2793:I:QDF] DHCP-R RX: SA:d8:f8:83:c3:7d:b9 DA:ff:ff:ff:ff:ff:ff
01-01 08:35:16.661 I/init ( 0): starting service 'hht_ota_mgr_service'...
01-01 08:35:16.860 W/audit ( 0): audit_lost=1902 audit_rate_limit=5 audit_backlog_limit=64
01-01 08:35:16.867 E/audit ( 0): rate limit exceeded
01-01 08:35:16.877 I/init ( 0): Service 'hht_ota_mgr_service' (pid 5239) exited with status 0
01-01 08:35:16.885 I/init ( 0): Sending signal 9 to service 'hht_ota_mgr_service' (pid 5239) process group...
01-01 08:35:16.894 I/libprocessgroup( 0): Successfully killed process cgroup uid 0 pid 5239 in 0ms
01-01 08:35:21.690 I/init ( 0): starting service 'hht_ota_mgr_service'...
01-01 08:35:21.888 I/init ( 0): Service 'hht_ota_mgr_service' (pid 5240) exited with status 0
01-01 08:35:21.911 I/init ( 0): Sending signal 9 to service 'hht_ota_mgr_service' (pid 5240) process group...
01-01 08:35:21.920 I/libprocessgroup( 0): Successfully killed process cgroup uid 0 pid 5240 in 0ms
01-01 08:35:26.716 I/init ( 0): starting service 'hht_ota_mgr_service'...
01-01 08:35:26.913 I/init ( 0): Service 'hht_ota_mgr_service' (pid 5241) exited with status 0
01-01 08:35:26.936 I/init ( 0): Sending signal 9 to service 'hht_ota_mgr_service' (pid 5241) process group...
01-01 08:35:26.945 I/libprocessgroup( 0): Successfully killed process cgroup uid 0 pid 5241 in 0ms
01-01 08:35:31.740 I/init ( 0): starting service 'hht_ota_mgr_service'...
01-01 08:35:31.939 I/init ( 0): Service 'hht_ota_mgr_service' (pid 5242) exited with status 0
01-01 08:35:31.961 I/init ( 0): Sending signal 9 to service 'hht_ota_mgr_service' (pid 5242) process group...
01-01 08:35:31.970 I/libprocessgroup( 0): Successfully killed process cgroup uid 0 pid 5242 in 0ms
01-01 08:35:36.765 I/init ( 0): starting service 'hht_ota_mgr_service'...
01-01 08:35:36.974 I/init ( 0): Service 'hht_ota_mgr_service' (pid 5243) exited with status 0
01-01 08:35:36.992 I/init ( 0): Sending signal 9 to service 'hht_ota_mgr_service' (pid 5243) process group...
01-01 08:35:36.992 I/libprocessgroup( 0): Successfully killed process cgroup uid 0 pid 5243 in 0ms
01-01 08:35:41.791 I/init ( 0): starting service 'hht_ota_mgr_service'...
01-01 08:35:42.008 I/init ( 0): Service 'hht_ota_mgr_service' (pid 5244) exited with status 0
01-01 08:35:42.031 I/init ( 0): Sending signal 9 to service 'hht_ota_mgr_service' (pid 5244) process group...
01-01 08:35:42.040 I/libprocessgroup( 0): Successfully killed process cgroup uid 0 pid 5244 in 0ms
01-01 08:35:46.818 I/init ( 0): starting service 'hht_ota_mgr_service'...
01-01 08:35:47.023 I/init ( 0): Service 'hht_ota_mgr_service' (pid 5246) exited with status 0
01-01 08:35:47.048 I/init ( 0): Sending signal 9 to service 'hht_ota_mgr_service' (pid 5246) process group...
01-01 08:35:47.057 I/libprocessgroup( 0): Successfully killed process cgroup uid 0 pid 5246 in 0ms
01-01 08:35:51.842 I/init ( 0): starting service 'hht_ota_mgr_service'...
01-01 08:35:52.032 I/init ( 0): Service 'hht_ota_mgr_service' (pid 5247) exited with status 0
01-01 08:35:52.058 I/init ( 0): Sending signal 9 to service 'hht_ota_mgr_service' (pid 5247) process group...
01-01 08:35:52.067 I/libprocessgroup( 0): Successfully killed process cgroup uid 0 pid 5247 in 0ms
01-01 08:35:56.858 I/init ( 0): starting service 'hht_ota_mgr_service'...
01-01 08:35:57.057 I/init ( 0): Service 'hht_ota_mgr_service' (pid 5249) exited with status 0
01-01 08:35:57.081 I/init ( 0): Sending signal 9 to service 'hht_ota_mgr_service' (pid 5249) process group...
01-01 08:35:57.090 I/libprocessgroup( 0): Successfully killed process cgroup uid 0 pid 5249 in 0ms
01-01 08:36:01.877 I/init ( 0): starting service 'hht_ota_mgr_service'...
01-01 08:36:02.063 I/init ( 0): Service 'hht_ota_mgr_service' (pid 5252) exited with status 0
01-01 08:36:02.087 I/init ( 0): Sending signal 9 to service 'hht_ota_mgr_service' (pid 5252) process group...
01-01 08:36:02.096 I/libprocessgroup( 0): Successfully killed process cgroup uid 0 pid 5252 in 0ms
01-01 08:36:06.895 I/init ( 0): starting service 'hht_ota_mgr_service'...
01-01 08:36:07.104 I/init ( 0): Service 'hht_ota_mgr_service' (pid 5253) exited with status 0
01-01 08:36:07.129 I/init ( 0): Sending signal 9 to service 'hht_ota_mgr_service' (pid 5253) process group...
01-01 08:36:07.138 I/libprocessgroup( 0): Successfully killed process cgroup uid 0 pid 5253 in 0ms
03-28 09:58:00.180 D/ActivityManager( 1017): freezing 4904 com.qualcomm.timeservice
03-28 09:58:00.188 E/ActivityManager( 1017): Unable to freeze binder for 4904 com.qualcomm.timeservice
01-01 08:36:10.462 I/binder ( 0): 1017:1728 ioctl 400c620e 74237f95d8 returned -22
03-28 09:58:00.191 D/ActivityManager( 1017): froze 4904 com.qualcomm.timeservice
01-01 08:36:10.473 I/binder ( 0): 1017:1728 ioctl c00c620f 74237f95b8 returned -22
03-28 09:58:00.199 E/ActivityManager( 1017): Unable to freeze binder for 4904 com.qualcomm.timeservice
03-28 09:58:00.200 I/ActivityManager( 1017): Killing 4904:com.qualcomm.timeservice/u0a59 (adj 905): Unable to freeze binder interface
01-01 08:36:11.922 I/init ( 0): starting service 'hht_ota_mgr_service'...
01-01 08:36:12.111 I/init ( 0): Service 'hht_ota_mgr_service' (pid 5255) exited with status 0
01-01 08:36:12.134 I/init ( 0): Sending signal 9 to service 'hht_ota_mgr_service' (pid 5255) process group...
01-01 08:36:12.143 I/libprocessgroup( 0): Successfully killed process cgroup uid 0 pid 5255 in 0ms
01-01 08:36:16.941 I/init ( 0): starting service 'hht_ota_mgr_service'...
01-01 08:36:17.158 I/init ( 0): Service 'hht_ota_mgr_service' (pid 5256) exited with status 0
01-01 08:36:17.181 I/init ( 0): Sending signal 9 to service 'hht_ota_mgr_service' (pid 5256) process group...
01-01 08:36:17.190 I/libprocessgroup( 0): Successfully killed process cgroup uid 0 pid 5256 in 0ms
01-01 08:36:21.971 I/init ( 0): starting service 'hht_ota_mgr_service'...
01-01 08:36:22.199 I/init ( 0): Service 'hht_ota_mgr_service' (pid 5258) exited with status 0
01-01 08:36:22.223 I/init ( 0): Sending signal 9 to service 'hht_ota_mgr_service' (pid 5258) process group...
01-01 08:36:22.232 I/libprocessgroup( 0): Successfully killed process cgroup uid 0 pid 5258 in 0ms
01-01 08:36:27.010 I/init ( 0): starting service 'hht_ota_mgr_service'...
01-01 08:36:27.221 I/init ( 0): Service 'hht_ota_mgr_service' (pid 5260) exited with status 0
01-01 08:36:27.244 I/init ( 0): Sending signal 9 to service 'hht_ota_mgr_service' (pid 5260) process group...
01-01 08:36:27.253 I/libprocessgroup( 0): Successfully killed process cgroup uid 0 pid 5260 in 0ms
01-01 08:36:32.031 I/init ( 0): starting service 'hht_ota_mgr_service'...
01-01 08:36:32.228 I/init ( 0): Service 'hht_ota_mgr_service' (pid 5261) exited with status 0
01-01 08:36:32.251 I/init ( 0): Sending signal 9 to service 'hht_ota_mgr_service' (pid 5261) process group...
01-01 08:36:32.260 I/libprocessgroup( 0): Successfully killed process cgroup uid 0 pid 5261 in 0ms
01-01 08:36:37.059 I/init ( 0): starting service 'hht_ota_mgr_service'...
01-01 08:36:37.248 I/init ( 0): Service 'hht_ota_mgr_service' (pid 5262) exited with status 0
01-01 08:36:37.272 I/init ( 0): Sending signal 9 to service 'hht_ota_mgr_service' (pid 5262) process group...
01-01 08:36:37.281 I/libprocessgroup( 0): Successfully killed process cgroup uid 0 pid 5262 in 0ms
01-01 08:36:42.077 I/init ( 0): starting service 'hht_ota_mgr_service'...
01-01 08:36:42.286 I/init ( 0): Service 'hht_ota_mgr_service' (pid 5263) exited with status 0
01-01 08:36:42.310 I/init ( 0): Sending signal 9 to service 'hht_ota_mgr_service' (pid 5263) process group...
01-01 08:36:42.319 I/libprocessgroup( 0): Successfully killed process cgroup uid 0 pid 5263 in 0ms
01-01 08:36:47.107 I/init ( 0): starting service 'hht_ota_mgr_service'...
01-01 08:36:47.296 I/init ( 0): Service 'hht_ota_mgr_service' (pid 5264) exited with status 0
01-01 08:36:47.320 I/init ( 0): Sending signal 9 to service 'hht_ota_mgr_service' (pid 5264) process group...
01-01 08:36:47.329 I/libprocessgroup( 0): Successfully killed process cgroup uid 0 pid 5264 in 0ms
01-01 08:36:52.125 I/init ( 0): starting service 'hht_ota_mgr_service'...
01-01 08:36:52.335 I/init ( 0): Service 'hht_ota_mgr_service' (pid 5265) exited with status 0
01-01 08:36:52.358 I/init ( 0): Sending signal 9 to service 'hht_ota_mgr_service' (pid 5265) process group...
01-01 08:36:52.367 I/libprocessgroup( 0): Successfully killed process cgroup uid 0 pid 5265 in 0ms
01-01 08:36:57.155 I/init ( 0): starting service 'hht_ota_mgr_service'...
01-01 08:36:57.344 I/init ( 0): Service 'hht_ota_mgr_service' (pid 5266) exited with status 0
01-01 08:36:57.370 I/init ( 0): Sending signal 9 to service 'hht_ota_mgr_service' (pid 5266) process group...
01-01 08:36:57.380 I/libprocessgroup( 0): Successfully killed process cgroup uid 0 pid 5266 in 0ms
01-01 08:37:02.175 I/init ( 0): starting service 'hht_ota_mgr_service'...
01-01 08:37:02.385 I/init ( 0): Service 'hht_ota_mgr_service' (pid 5267) exited with status 0
01-01 08:37:02.407 I/init ( 0): Sending signal 9 to service 'hht_ota_mgr_service' (pid 5267) process group...
01-01 08:37:02.417 I/libprocessgroup( 0): Successfully killed process cgroup uid 0 pid 5267 in 0ms
01-01 08:37:04.967 W/audit ( 0): audit_lost=1904 audit_rate_limit=5 audit_backlog_limit=64
01-01 08:37:04.974 E/audit ( 0): rate limit exceeded
01-01 08:37:07.202 I/init ( 0): starting service 'hht_ota_mgr_service'...
01-01 08:37:07.393 I/init ( 0): Service 'hht_ota_mgr_service' (pid 5269) exited with status 0
01-01 08:37:07.415 I/init ( 0): Sending signal 9 to service 'hht_ota_mgr_service' (pid 5269) process group...
01-01 08:37:07.425 I/libprocessgroup( 0): Successfully killed process cgroup uid 0 pid 5269 in 0ms
01-01 08:37:12.223 I/init ( 0): starting service 'hht_ota_mgr_service'...
01-01 08:37:12.437 I/init ( 0): Service 'hht_ota_mgr_service' (pid 5271) exited with status 0
01-01 08:37:12.459 I/init ( 0): Sending signal 9 to service 'hht_ota_mgr_service' (pid 5271) process group...
01-01 08:37:12.469 I/libprocessgroup( 0): Successfully killed process cgroup uid 0 pid 5271 in 0ms
01-01 08:37:17.251 I/init ( 0): starting service 'hht_ota_mgr_service'...
01-01 08:37:17.442 I/init ( 0): Service 'hht_ota_mgr_service' (pid 5272) exited with status 0
01-01 08:37:17.465 I/init ( 0): Sending signal 9 to service 'hht_ota_mgr_service' (pid 5272) process group...
01-01 08:37:17.474 I/libprocessgroup( 0): Successfully killed process cgroup uid 0 pid 5272 in 0ms
01-01 08:37:22.271 I/init ( 0): starting service 'hht_ota_mgr_service'...
01-01 08:37:22.478 I/init ( 0): Service 'hht_ota_mgr_service' (pid 5273) exited with status 0
01-01 08:37:22.501 I/init ( 0): Sending signal 9 to service 'hht_ota_mgr_service' (pid 5273) process group...
01-01 08:37:22.510 I/libprocessgroup( 0): Successfully killed process cgroup uid 0 pid 5273 in 0ms
01-01 08:37:23.424 I/[soft_i][0xa07657d61][09:59:13.143043] wlan( 0): [0:I:QDF] ARP-RQ TX: SA:96:49:80:62:22:bf DA:5c:a7:21:1b:7b:d8 msdu_id:50 status: nack
01-01 08:37:27.298 I/init ( 0): starting service 'hht_ota_mgr_service'...
01-01 08:37:27.504 I/init ( 0): Service 'hht_ota_mgr_service' (pid 5276) exited with status 0
01-01 08:37:27.527 I/init ( 0): Sending signal 9 to service 'hht_ota_mgr_service' (pid 5276) process group...
01-01 08:37:27.536 I/libprocessgroup( 0): Successfully killed process cgroup uid 0 pid 5276 in 0ms
01-01 08:37:32.323 I/init ( 0): starting service 'hht_ota_mgr_service'...
01-01 08:37:32.514 I/init ( 0): Service 'hht_ota_mgr_service' (pid 5277) exited with status 0
01-01 08:37:32.536 I/init ( 0): Sending signal 9 to service 'hht_ota_mgr_service' (pid 5277) process group...
01-01 08:37:32.545 I/libprocessgroup( 0): Successfully killed process cgroup uid 0 pid 5277 in 0ms
01-01 08:37:37.339 I/init ( 0): starting service 'hht_ota_mgr_service'...
01-01 08:37:37.539 I/init ( 0): Service 'hht_ota_mgr_service' (pid 5278) exited with status 0
01-01 08:37:37.562 I/init ( 0): Sending signal 9 to service 'hht_ota_mgr_service' (pid 5278) process group...
01-01 08:37:37.571 I/libprocessgroup( 0): Successfully killed process cgroup uid 0 pid 5278 in 0ms
01-01 08:37:42.365 I/init ( 0): starting service 'hht_ota_mgr_service'...
01-01 08:37:42.584 I/init ( 0): Service 'hht_ota_mgr_service' (pid 5279) exited with status 0
01-01 08:37:42.605 I/init ( 0): Sending signal 9 to service 'hht_ota_mgr_service' (pid 5279) process group...
01-01 08:37:42.615 I/libprocessgroup( 0): Successfully killed process cgroup uid 0 pid 5279 in 0ms
01-01 08:37:47.412 I/init ( 0): starting service 'hht_ota_mgr_service'...
01-01 08:37:47.617 I/init ( 0): Service 'hht_ota_mgr_service' (pid 5280) exited with status 0
01-01 08:37:47.640 I/init ( 0): Sending signal 9 to service 'hht_ota_mgr_service' (pid 5280) process group...
01-01 08:37:47.651 I/libprocessgroup( 0): Successfully killed process cgroup uid 0 pid 5280 in 0ms
01-01 08:37:47.820 W/audit ( 0): audit_lost=1905 audit_rate_limit=5 audit_backlog_limit=64
01-01 08:37:47.849 E/audit ( 0): rate limit exceeded
01-01 08:37:52.463 I/init ( 0): starting service 'hht_ota_mgr_service'...
01-01 08:37:52.659 I/init ( 0): Service 'hht_ota_mgr_service' (pid 5282) exited with status 0
01-01 08:37:52.684 I/init ( 0): Sending signal 9 to service 'hht_ota_mgr_service' (pid 5282) process group...
01-01 08:37:52.695 I/libprocessgroup( 0): Successfully killed process cgroup uid 0 pid 5282 in 0ms
01-01 08:37:57.493 I/init ( 0): starting service 'hht_ota_mgr_service'...
01-01 08:37:57.700 I/init ( 0): Service 'hht_ota_mgr_service' (pid 5283) exited with status 0
