01-01 09:57:26.475 I/init ( 0): Sending signal 9 to service 'hht_ota_mgr_service' (pid 10534) process group...
01-01 09:57:26.486 I/libprocessgroup( 0): Successfully killed process cgroup uid 0 pid 10534 in 0ms
01-01 09:57:31.294 I/init ( 0): starting service 'hht_ota_mgr_service'...
01-01 09:57:31.521 I/init ( 0): Service 'hht_ota_mgr_service' (pid 10540) exited with status 0
01-01 09:57:31.544 I/init ( 0): Sending signal 9 to service 'hht_ota_mgr_service' (pid 10540) process group...
01-01 09:57:31.554 I/libprocessgroup( 0): Successfully killed process cgroup uid 0 pid 10540 in 0ms
01-01 09:57:36.346 I/init ( 0): starting service 'hht_ota_mgr_service'...
01-01 09:57:36.563 I/init ( 0): Service 'hht_ota_mgr_service' (pid 10541) exited with status 0
01-01 09:57:36.587 I/init ( 0): Sending signal 9 to service 'hht_ota_mgr_service' (pid 10541) process group...
01-01 09:57:36.598 I/libprocessgroup( 0): Successfully killed process cgroup uid 0 pid 10541 in 1ms
01-01 09:57:41.393 I/init ( 0): starting service 'hht_ota_mgr_service'...
01-01 09:57:41.605 I/init ( 0): Service 'hht_ota_mgr_service' (pid 10545) exited with status 0
01-01 09:57:41.630 I/init ( 0): Sending signal 9 to service 'hht_ota_mgr_service' (pid 10545) process group...
01-01 09:57:41.641 I/libprocessgroup( 0): Successfully killed process cgroup uid 0 pid 10545 in 0ms
01-01 09:57:46.444 I/init ( 0): starting service 'hht_ota_mgr_service'...
01-01 09:57:46.659 I/init ( 0): Service 'hht_ota_mgr_service' (pid 10546) exited with status 0
01-01 09:57:46.683 I/init ( 0): Sending signal 9 to service 'hht_ota_mgr_service' (pid 10546) process group...
01-01 09:57:46.694 I/libprocessgroup( 0): Successfully killed process cgroup uid 0 pid 10546 in 1ms
01-01 09:57:51.499 I/init ( 0): starting service 'hht_ota_mgr_service'...
01-01 09:57:51.692 I/init ( 0): Service 'hht_ota_mgr_service' (pid 10550) exited with status 0
01-01 09:57:51.714 I/init ( 0): Sending signal 9 to service 'hht_ota_mgr_service' (pid 10550) process group...
01-01 09:57:51.723 I/libprocessgroup( 0): Successfully killed process cgroup uid 0 pid 10550 in 0ms
01-01 09:57:56.526 I/init ( 0): starting service 'hht_ota_mgr_service'...
01-01 09:57:56.741 I/init ( 0): Service 'hht_ota_mgr_service' (pid 10554) exited with status 0
01-01 09:57:56.764 I/init ( 0): Sending signal 9 to service 'hht_ota_mgr_service' (pid 10554) process group...
01-01 09:57:56.775 I/libprocessgroup( 0): Successfully killed process cgroup uid 0 pid 10554 in 0ms
01-01 09:58:01.580 I/init ( 0): starting service 'hht_ota_mgr_service'...
01-01 09:58:01.781 I/init ( 0): Service 'hht_ota_mgr_service' (pid 10555) exited with status 0
01-01 09:58:01.804 I/init ( 0): Sending signal 9 to service 'hht_ota_mgr_service' (pid 10555) process group...
01-01 09:58:01.814 I/libprocessgroup( 0): Successfully killed process cgroup uid 0 pid 10555 in 0ms
01-01 09:58:06.605 I/init ( 0): starting service 'hht_ota_mgr_service'...
01-01 09:58:06.823 I/init ( 0): Service 'hht_ota_mgr_service' (pid 10559) exited with status 0
01-01 09:58:06.846 I/init ( 0): Sending signal 9 to service 'hht_ota_mgr_service' (pid 10559) process group...
01-01 09:58:06.856 I/libprocessgroup( 0): Successfully killed process cgroup uid 0 pid 10559 in 0ms
01-01 09:58:11.643 I/init ( 0): starting service 'hht_ota_mgr_service'...
01-01 09:58:11.865 I/init ( 0): Service 'hht_ota_mgr_service' (pid 10560) exited with status 0
01-01 09:58:11.889 I/init ( 0): Sending signal 9 to service 'hht_ota_mgr_service' (pid 10560) process group...
01-01 09:58:11.900 I/libprocessgroup( 0): Successfully killed process cgroup uid 0 pid 10560 in 0ms
01-01 09:58:16.689 I/init ( 0): starting service 'hht_ota_mgr_service'...
01-01 09:58:16.900 I/init ( 0): Service 'hht_ota_mgr_service' (pid 10564) exited with status 0
01-01 09:58:16.923 I/init ( 0): Sending signal 9 to service 'hht_ota_mgr_service' (pid 10564) process group...
01-01 09:58:16.934 I/libprocessgroup( 0): Successfully killed process cgroup uid 0 pid 10564 in 0ms
03-28 11:20:09.478 I/DreamManagerService( 1017): Gently waking up from dream.
03-28 11:20:09.481 I/DreamManagerService( 1017): Performing gentle wake from dream.
03-28 11:20:09.490 I/ActivityTaskManager( 1017): FOREGROUND_APPLICATION_CHANGED to com.android.settings.homepage.SettingsHomepageActivity
03-28 11:20:09.553 W/BatteryExternalStatsWorker( 1017): error reading modem stats:ERROR_PHONE_NOT_AVAILABLE
03-28 11:20:09.576 E/KernelCpuSpeedReader( 1017): Failed to read cpu-freq: /sys/devices/system/cpu/cpu4/cpufreq/stats/time_in_state: open failed: ENOENT (No such file or directory)
03-28 11:20:09.576 E/KernelCpuSpeedReader( 1017): Failed to read cpu-freq: /sys/devices/system/cpu/cpu0/cpufreq/stats/time_in_state: open failed: ENOENT (No such file or directory)
01-01 09:58:19.866 W/audit ( 0): audit_lost=3584 audit_rate_limit=5 audit_backlog_limit=64
03-28 11:20:09.624 I/PowerManagerService( 1017): Powering on display group fromDreaming (groupId=0, uid=1000, reason=WAKE_REASON_UNKNOWN, details=android.server.power:DREAM_FINISHED)...
03-28 11:20:09.624 I/PowerManagerService( 1017): Waking up from Dreaming (uid=1000, reason=WAKE_REASON_UNKNOWN, details=android.server.power:DREAM_FINISHED)...
01-01 09:58:19.889 E/audit ( 0): rate limit exceeded
01-01 09:58:19.931 I/[schedu][0x1fbd3a1354][11:20:09.649358] wlan( 0): [2762:I:OSIF] scan start scan id 41062
03-28 11:20:09.701 W/BatteryExternalStatsWorker( 1017): error reading modem stats:ERROR_PHONE_NOT_AVAILABLE
03-28 11:20:09.703 E/KernelCpuSpeedReader( 1017): Failed to read cpu-freq: /sys/devices/system/cpu/cpu4/cpufreq/stats/time_in_state: open failed: ENOENT (No such file or directory)
03-28 11:20:09.703 E/KernelCpuSpeedReader( 1017): Failed to read cpu-freq: /sys/devices/system/cpu/cpu0/cpufreq/stats/time_in_state: open failed: ENOENT (No such file or directory)
03-28 11:20:09.838 W/FreeFormWindowHelper( 1017): Current Display FreeFormTask is null
03-28 11:20:10.167 I/DreamManagerService( 1017): Leaving dreamland.
03-28 11:20:10.170 I/DreamManagerService( 1017): Performing gentle wake from dream.
03-28 11:20:10.170 I/DreamController( 1017): Stopping dream: name=ComponentInfo{com.thundercomm.screensaver/com.thundercomm.saverclock.service.ClockScreensaver}, isTest=false, canDoze=false, userId=0, reason='finished self'(from 'finished self')
03-28 11:20:10.188 W/ActivityTaskManager( 1017): Can't find TaskDisplayArea to determine support for multi window. Task id=345 attached=false
01-01 09:58:21.730 I/[schedu][0x1fbf494686][11:20:11.448868] wlan( 0): [2762:I:OSIF] vdev 0, scan id 41062 type COMPLETED(1) reason COMPLETED(1) scan found 43 bss
01-01 09:58:21.736 I/init ( 0): starting service 'hht_ota_mgr_service'...
01-01 09:58:21.917 I/init ( 0): Service 'hht_ota_mgr_service' (pid 10579) exited with status 0
01-01 09:58:21.942 I/init ( 0): Sending signal 9 to service 'hht_ota_mgr_service' (pid 10579) process group...
01-01 09:58:21.952 I/libprocessgroup( 0): Successfully killed process cgroup uid 0 pid 10579 in 0ms
01-01 09:58:26.771 I/init ( 0): starting service 'hht_ota_mgr_service'...
01-01 09:58:26.979 I/init ( 0): Service 'hht_ota_mgr_service' (pid 10584) exited with status 0
01-01 09:58:26.992 I/init ( 0): Sending signal 9 to service 'hht_ota_mgr_service' (pid 10584) process group...
01-01 09:58:27.023 I/libprocessgroup( 0): Successfully killed process cgroup uid 0 pid 10584 in 0ms
03-28 11:20:19.638 E/DiscreteRegistry( 1017): Deleting file 1679886849195tl
01-01 09:58:29.955 I/[schedu][0x1fc8b3072d][11:20:19.674156] wlan( 0): [2762:I:OSIF] scan start scan id 41063
01-01 09:58:31.821 I/init ( 0): starting service 'hht_ota_mgr_service'...
01-01 09:58:31.859 I/[schedu][0x1fcae0c606][11:20:21.577928] wlan( 0): [2762:I:OSIF] vdev 0, scan id 41063 type COMPLETED(1) reason COMPLETED(1) scan found 40 bss
01-01 09:58:32.030 I/init ( 0): Service 'hht_ota_mgr_service' (pid 10588) exited with status 0
01-01 09:58:32.054 I/init ( 0): Sending signal 9 to service 'hht_ota_mgr_service' (pid 10588) process group...
01-01 09:58:32.064 I/libprocessgroup( 0): Successfully killed process cgroup uid 0 pid 10588 in 0ms
03-28 11:20:26.047 W/InputManager( 1017): Input event injection from pid 2507 failed.
03-28 11:20:26.061 W/InputManager( 1017): Input event injection from pid 2507 failed.
03-28 11:20:26.080 W/InputManager( 1017): Input event injection from pid 2507 failed.
03-28 11:20:26.100 W/InputManager( 1017): Input event injection from pid 2507 failed.
03-28 11:20:26.120 W/InputManager( 1017): Input event injection from pid 2507 failed.
03-28 11:20:26.132 W/InputManager( 1017): Input event injection from pid 2507 failed.
03-28 11:20:26.153 W/InputManager( 1017): Input event injection from pid 2507 failed.
03-28 11:20:26.166 W/InputManager( 1017): Input event injection from pid 2507 failed.
03-28 11:20:26.185 W/InputManager( 1017): Input event injection from pid 2507 failed.
03-28 11:20:26.199 W/InputManager( 1017): Input event injection from pid 2507 failed.
03-28 11:20:26.214 W/InputManager( 1017): Input event injection from pid 2507 failed.
03-28 11:20:26.232 W/InputManager( 1017): Input event injection from pid 2507 failed.
03-28 11:20:26.251 W/InputManager( 1017): Input event injection from pid 2507 failed.
03-28 11:20:26.274 W/InputManager( 1017): Input event injection from pid 2507 failed.
01-01 09:58:36.869 I/init ( 0): starting service 'hht_ota_mgr_service'...
01-01 09:58:37.087 I/init ( 0): Service 'hht_ota_mgr_service' (pid 10691) exited with status 0
01-01 09:58:37.110 I/init ( 0): Sending signal 9 to service 'hht_ota_mgr_service' (pid 10691) process group...
01-01 09:58:37.119 I/libprocessgroup( 0): Successfully killed process cgroup uid 0 pid 10691 in 0ms
03-28 11:20:27.607 W/InputManager( 1017): Input event injection from pid 2507 failed.
03-28 11:20:28.032 W/InputManager( 1017): Input event injection from pid 2507 failed.
03-28 11:20:28.048 W/InputManager( 1017): Input event injection from pid 2507 failed.
03-28 11:20:28.073 W/InputManager( 1017): Input event injection from pid 2507 failed.
03-28 11:20:28.082 W/InputManager( 1017): Input event injection from pid 2507 failed.
03-28 11:20:28.103 W/InputManager( 1017): Input event injection from pid 2507 failed.
03-28 11:20:28.120 W/InputManager( 1017): Input event injection from pid 2507 failed.
03-28 11:20:28.137 W/InputManager( 1017): Input event injection from pid 2507 failed.
03-28 11:20:28.152 W/InputManager( 1017): Input event injection from pid 2507 failed.
03-28 11:20:28.169 W/InputManager( 1017): Input event injection from pid 2507 failed.
03-28 11:20:28.186 W/InputManager( 1017): Input event injection from pid 2507 failed.
03-28 11:20:28.212 W/InputManager( 1017): Input event injection from pid 2507 failed.
03-28 11:20:28.225 W/InputManager( 1017): Input event injection from pid 2507 failed.
03-28 11:20:28.242 W/InputManager( 1017): Input event injection from pid 2507 failed.
03-28 11:20:28.252 W/InputManager( 1017): Input event injection from pid 2507 failed.
03-28 11:20:28.266 W/InputManager( 1017): Input event injection from pid 2507 failed.
03-28 11:20:28.288 W/InputManager( 1017): Input event injection from pid 2507 failed.
03-28 11:20:28.303 W/InputManager( 1017): Input event injection from pid 2507 failed.
03-28 11:20:28.320 W/InputManager( 1017): Input event injection from pid 2507 failed.
03-28 11:20:28.334 W/InputManager( 1017): Input event injection from pid 2507 failed.
03-28 11:20:28.357 W/InputManager( 1017): Input event injection from pid 2507 failed.
03-28 11:20:28.373 W/InputManager( 1017): Input event injection from pid 2507 failed.
03-28 11:20:28.408 W/InputManager( 1017): Input event injection from pid 2507 failed.
03-28 11:20:28.421 W/InputManager( 1017): Input event injection from pid 2507 failed.
03-28 11:20:28.443 W/InputManager( 1017): Input event injection from pid 2507 failed.
03-28 11:20:28.457 W/InputManager( 1017): Input event injection from pid 2507 failed.
03-28 11:20:28.469 W/InputManager( 1017): Input event injection from pid 2507 failed.
03-28 11:20:28.522 W/InputManager( 1017): Input event injection from pid 2507 failed.
03-28 11:20:29.399 W/InputManager( 1017): Input event injection from pid 2507 failed.
01-01 09:58:39.950 I/[schedu][0x1fd4231bfb][11:20:29.668674] wlan( 0): [2762:I:OSIF] scan start scan id 41064
01-01 09:58:41.778 I/[schedu][0x1fd63aa6f2][11:20:31.496658] wlan( 0): [2762:I:OSIF] vdev 0, scan id 41064 type COMPLETED(1) reason COMPLETED(1) scan found 49 bss
01-01 09:58:41.909 I/init ( 0): starting service 'hht_ota_mgr_service'...
01-01 09:58:42.085 I/init ( 0): Service 'hht_ota_mgr_service' (pid 10856) exited with status 0
01-01 09:58:42.109 I/init ( 0): Sending signal 9 to service 'hht_ota_mgr_service' (pid 10856) process group...
01-01 09:58:42.119 I/libprocessgroup( 0): Successfully killed process cgroup uid 0 pid 10856 in 0ms
03-28 11:20:32.006 W/InputManager( 1017): Input event injection from pid 2507 failed.
01-01 09:58:46.932 I/init ( 0): starting service 'hht_ota_mgr_service'...
01-01 09:58:47.096 I/init ( 0): Service 'hht_ota_mgr_service' (pid 10994) exited with status 0
01-01 09:58:47.119 I/init ( 0): Sending signal 9 to service 'hht_ota_mgr_service' (pid 10994) process group...
01-01 09:58:47.128 I/libprocessgroup( 0): Successfully killed process cgroup uid 0 pid 10994 in 0ms
03-28 11:20:37.978 W/InputManager( 1017): Input event injection from pid 2507 permission denied.
03-28 11:20:38.014 W/InputManager( 1017): Input event injection from pid 2507 permission denied.
03-28 11:20:38.024 W/InputManager( 1017): Input event injection from pid 2507 permission denied.
03-28 11:20:38.041 W/InputManager( 1017): Input event injection from pid 2507 permission denied.
03-28 11:20:38.056 W/InputManager( 1017): Input event injection from pid 2507 permission denied.
03-28 11:20:38.099 W/InputManager( 1017): Input event injection from pid 2507 permission denied.
03-28 11:20:38.110 W/InputManager( 1017): Input event injection from pid 2507 permission denied.
03-28 11:20:38.134 W/InputManager( 1017): Input event injection from pid 2507 permission denied.
03-28 11:20:38.141 W/InputManager( 1017): Input event injection from pid 2507 permission denied.
03-28 11:20:38.177 W/InputManager( 1017): Input event injection from pid 2507 permission denied.
03-28 11:20:38.190 W/InputManager( 1017): Input event injection from pid 2507 permission denied.
03-28 11:20:38.213 W/InputManager( 1017): Input event injection from pid 2507 permission denied.
03-28 11:20:38.227 W/InputManager( 1017): Input event injection from pid 2507 permission denied.
03-28 11:20:38.264 W/InputManager( 1017): Input event injection from pid 2507 permission denied.
03-28 11:20:38.278 W/InputManager( 1017): Input event injection from pid 2507 permission denied.
03-28 11:20:38.290 W/InputManager( 1017): Input event injection from pid 2507 permission denied.
03-28 11:20:38.425 W/InputManager( 1017): Input event injection from pid 2507 failed.
01-01 09:58:50.010 I/[schedu][0x1fdfa65a12][11:20:39.728595] wlan( 0): [2762:I:OSIF] scan start scan id 41065
03-28 11:20:40.399 W/InputManager( 1017): Input event injection from pid 2507 permission denied.
03-28 11:20:40.416 W/InputManager( 1017): Input event injection from pid 2507 permission denied.
03-28 11:20:40.451 W/InputManager( 1017): Input event injection from pid 2507 permission denied.
03-28 11:20:40.465 W/InputManager( 1017): Input event injection from pid 2507 permission denied.
03-28 11:20:40.478 W/InputManager( 1017): Input event injection from pid 2507 permission denied.
03-28 11:20:40.498 W/InputManager( 1017): Input event injection from pid 2507 permission denied.
03-28 11:20:40.514 W/InputManager( 1017): Input event injection from pid 2507 permission denied.
03-28 11:20:40.524 W/InputManager( 1017): Input event injection from pid 2507 permission denied.
03-28 11:20:40.529 W/InputManager( 1017): Input event injection from pid 2507 permission denied.
03-28 11:20:40.562 W/InputManager( 1017): Input event injection from pid 2507 permission denied.
03-28 11:20:40.578 W/InputManager( 1017): Input event injection from pid 2507 permission denied.
03-28 11:20:40.598 W/InputManager( 1017): Input event injection from pid 2507 permission denied.
03-28 11:20:40.614 W/InputManager( 1017): Input event injection from pid 2507 permission denied.
03-28 11:20:40.629 W/InputManager( 1017): Input event injection from pid 2507 permission denied.
03-28 11:20:40.646 W/InputManager( 1017): Input event injection from pid 2507 permission denied.
03-28 11:20:40.681 W/InputManager( 1017): Input event injection from pid 2507 permission denied.
03-28 11:20:40.698 W/InputManager( 1017): Input event injection from pid 2507 permission denied.
03-28 11:20:40.716 W/InputManager( 1017): Input event injection from pid 2507 permission denied.
03-28 11:20:40.732 W/InputManager( 1017): Input event injection from pid 2507 permission denied.
03-28 11:20:40.859 W/InputManager( 1017): Input event injection from pid 2507 failed.
01-01 09:58:51.944 I/[schedu][0x1fe1dd087a][11:20:41.662867] wlan( 0): [2762:I:OSIF] vdev 0, scan id 41065 type COMPLETED(1) reason COMPLETED(1) scan found 41 bss
01-01 09:58:51.952 I/init ( 0): starting service 'hht_ota_mgr_service'...
01-01 09:58:52.127 I/init ( 0): Service 'hht_ota_mgr_service' (pid 11164) exited with status 0
01-01 09:58:52.151 I/init ( 0): Sending signal 9 to service 'hht_ota_mgr_service' (pid 11164) process group...
01-01 09:58:52.160 I/libprocessgroup( 0): Successfully killed process cgroup uid 0 pid 11164 in 0ms
03-28 11:20:42.725 W/InputManager( 1017): Input event injection from pid 2507 failed.
03-28 11:20:42.738 W/InputManager( 1017): Input event injection from pid 2507 failed.
03-28 11:20:42.751 W/InputManager( 1017): Input event injection from pid 2507 failed.
03-28 11:20:42.795 W/InputManager( 1017): Input event injection from pid 2507 failed.
03-28 11:20:42.805 W/InputManager( 1017): Input event injection from pid 2507 failed.
03-28 11:20:42.822 W/InputManager( 1017): Input event injection from pid 2507 failed.
03-28 11:20:42.834 W/InputManager( 1017): Input event injection from pid 2507 failed.
03-28 11:20:42.849 W/InputManager( 1017): Input event injection from pid 2507 failed.
03-28 11:20:42.872 W/InputManager( 1017): Input event injection from pid 2507 failed.
03-28 11:20:42.905 W/InputManager( 1017): Input event injection from pid 2507 failed.
03-28 11:20:42.926 W/InputManager( 1017): Input event injection from pid 2507 failed.
03-28 11:20:43.249 E/UserRestrictionsUtils( 1017): Unknown restriction queried by uid 1000 (android et al): null
03-28 11:20:43.669 D/CompatibilityChangeReporter( 1017): Compat change id reported: 149924527; UID 1000; state: ENABLED
03-28 11:20:43.670 D/CompatibilityChangeReporter( 1017): Compat change id reported: 132649864; UID 1000; state: DISABLED
03-28 11:20:43.671 D/CompatibilityChangeReporter( 1017): Compat change id reported: 182734110; UID 1000; state: ENABLED
03-28 11:20:43.671 D/CompatibilityChangeReporter( 1017): Compat change id reported: 182734110; UID 1000; state: DISABLED
03-28 11:20:43.822 W/InputManager( 1017): Input event injection from pid 2507 failed.
03-28 11:20:43.826 W/InputManager( 1017): Input event injection from pid 2507 failed.
03-28 11:20:43.855 W/InputManager( 1017): Input event injection from pid 2507 failed.
03-28 11:20:43.874 W/InputManager( 1017): Input event injection from pid 2507 failed.
03-28 11:20:43.888 W/InputManager( 1017): Input event injection from pid 2507 failed.
03-28 11:20:43.917 W/InputManager( 1017): Input event injection from pid 2507 failed.
03-28 11:20:43.925 W/InputManager( 1017): Input event injection from pid 2507 failed.
03-28 11:20:43.959 W/InputManager( 1017): Input event injection from pid 2507 failed.
03-28 11:20:43.974 W/InputManager( 1017): Input event injection from pid 2507 failed.
03-28 11:20:43.987 W/InputManager( 1017): Input event injection from pid 2507 failed.
03-28 11:20:44.004 W/InputManager( 1017): Input event injection from pid 2507 failed.
03-28 11:20:44.054 W/InputManager( 1017): Input event injection from pid 2507 failed.
03-28 11:20:44.058 W/InputManager( 1017): Input event injection from pid 2507 failed.
03-28 11:20:44.075 W/InputManager( 1017): Input event injection from pid 2507 failed.
03-28 11:20:44.095 W/InputManager( 1017): Input event injection from pid 2507 failed.
03-28 11:20:44.130 W/InputManager( 1017): Input event injection from pid 2507 failed.
03-28 11:20:44.253 W/InputManager( 1017): Input event injection from pid 2507 failed.
01-01 09:58:56.978 I/init ( 0): starting service 'hht_ota_mgr_service'...
01-01 09:58:57.185 I/init ( 0): Service 'hht_ota_mgr_service' (pid 11243) exited with status 0
01-01 09:58:57.209 I/init ( 0): Sending signal 9 to service 'hht_ota_mgr_service' (pid 11243) process group...
01-01 09:58:57.219 I/libprocessgroup( 0): Successfully killed process cgroup uid 0 pid 11243 in 0ms
01-01 09:59:02.009 I/init ( 0): starting service 'hht_ota_mgr_service'...
01-01 09:59:02.194 I/init ( 0): Service 'hht_ota_mgr_service' (pid 11247) exited with status 0
01-01 09:59:02.218 I/init ( 0): Sending signal 9 to service 'hht_ota_mgr_service' (pid 11247) process group...
01-01 09:59:02.227 I/libprocessgroup( 0): Successfully killed process cgroup uid 0 pid 11247 in 0ms
01-01 09:59:07.022 I/init ( 0): starting service 'hht_ota_mgr_service'...
01-01 09:59:07.223 I/init ( 0): Service 'hht_ota_mgr_service' (pid 11249) exited with status 0
01-01 09:59:07.247 I/init ( 0): Sending signal 9 to service 'hht_ota_mgr_service' (pid 11249) process group...
01-01 09:59:07.256 I/libprocessgroup( 0): Successfully killed process cgroup uid 0 pid 11249 in 0ms
01-01 09:59:12.043 I/init ( 0): starting service 'hht_ota_mgr_service'...
01-01 09:59:12.242 I/init ( 0): Service 'hht_ota_mgr_service' (pid 11253) exited with status 0
01-01 09:59:12.266 I/init ( 0): Sending signal 9 to service 'hht_ota_mgr_service' (pid 11253) process group...
01-01 09:59:12.275 I/libprocessgroup( 0): Successfully killed process cgroup uid 0 pid 11253 in 0ms
01-01 09:59:17.062 I/init ( 0): starting service 'hht_ota_mgr_service'...
01-01 09:59:17.237 I/init ( 0): Service 'hht_ota_mgr_service' (pid 11257) exited with status 0
01-01 09:59:17.261 I/init ( 0): Sending signal 9 to service 'hht_ota_mgr_service' (pid 11257) process group...
01-01 09:59:17.270 I/libprocessgroup( 0): Successfully killed process cgroup uid 0 pid 11257 in 0ms
01-01 09:59:18.384 W/audit ( 0): audit_lost=3688 audit_rate_limit=5 audit_backlog_limit=64
01-01 09:59:18.414 E/audit ( 0): rate limit exceeded
01-01 09:59:22.080 I/init ( 0): starting service 'hht_ota_mgr_service'...
01-01 09:59:22.276 I/init ( 0): Service 'hht_ota_mgr_service' (pid 11260) exited with status 0
01-01 09:59:22.283 I/init ( 0): Sending signal 9 to service 'hht_ota_mgr_service' (pid 11260) process group...
01-01 09:59:22.292 I/libprocessgroup( 0): Successfully killed process cgroup uid 0 pid 11260 in 0ms
01-01 09:59:27.103 I/init ( 0): starting service 'hht_ota_mgr_service'...
01-01 09:59:27.299 I/init ( 0): Service 'hht_ota_mgr_service' (pid 11264) exited with status 0
01-01 09:59:27.323 I/init ( 0): Sending signal 9 to service 'hht_ota_mgr_service' (pid 11264) process group...
01-01 09:59:27.333 I/libprocessgroup( 0): Successfully killed process cgroup uid 0 pid 11264 in 0ms
01-01 09:59:32.124 I/init ( 0): starting service 'hht_ota_mgr_service'...
01-01 09:59:32.324 I/init ( 0): Service 'hht_ota_mgr_service' (pid 11265) exited with status 0
01-01 09:59:32.348 I/init ( 0): Sending signal 9 to service 'hht_ota_mgr_service' (pid 11265) process group...
01-01 09:59:32.357 I/libprocessgroup( 0): Successfully killed process cgroup uid 0 pid 11265 in 0ms
01-01 09:59:34.216 E/[kworke][0x20123d7028][11:21:23.934971] wlan( 0): [10539:E:WMA] Rx unprotected unicast mgmt frame
01-01 09:59:34.228 E/[schedu][0x201240e9f8][11:21:23.946835] wlan( 0): [2762:E:PE] lim_drop_unprotected_action_frame: 1614: Dropping unprotected Action category: 3 frame since RMF is enabled
01-01 09:59:34.228 E/[kworke][0x201240ea83][11:21:23.946842] wlan( 0): [10539:E:WMA] Rx unprotected unicast mgmt frame
01-01 09:59:34.256 E/[schedu][0x201249178b][11:21:23.974748] wlan( 0): [2762:E:PE] lim_drop_unprotected_action_frame: 1614: Dropping unprotected Action category: 3 frame since RMF is enabled
01-01 09:59:34.256 E/[kworke][0x2012492936][11:21:23.974983] wlan( 0): [10539:E:WMA] Rx unprotected unicast mgmt frame
01-01 09:59:34.283 E/[schedu][0x2012512b05][11:21:24.002314] wlan( 0): [2762:E:PE] lim_drop_unprotected_action_frame: 1614: Dropping unprotected Action category: 3 frame since RMF is enabled
01-01 09:59:37.144 I/init ( 0): starting service 'hht_ota_mgr_service'...
01-01 09:59:37.334 I/init ( 0): Service 'hht_ota_mgr_service' (pid 11269) exited with status 0
01-01 09:59:37.357 I/init ( 0): Sending signal 9 to service 'hht_ota_mgr_service' (pid 11269) process group...
01-01 09:59:37.366 I/libprocessgroup( 0): Successfully killed process cgroup uid 0 pid 11269 in 0ms
01-01 09:59:42.161 I/init ( 0): starting service 'hht_ota_mgr_service'...
01-01 09:59:42.313 I/qcom_rpmh DRV( 0): apps_rsc TCS Busy, retrying RPMH message send: addr=0x50000
01-01 09:59:42.357 I/init ( 0): Service 'hht_ota_mgr_service' (pid 11270) exited with status 0
01-01 09:59:42.380 I/init ( 0): Sending signal 9 to service 'hht_ota_mgr_service' (pid 11270) process group...
01-01 09:59:42.389 I/libprocessgroup( 0): Successfully killed process cgroup uid 0 pid 11270 in 0ms
01-01 09:59:47.187 I/init ( 0): starting service 'hht_ota_mgr_service'...
01-01 09:59:47.394 I/init ( 0): Service 'hht_ota_mgr_service' (pid 11274) exited with status 0
01-01 09:59:47.417 I/init ( 0): Sending signal 9 to service 'hht_ota_mgr_service' (pid 11274) process group...
01-01 09:59:47.426 I/libprocessgroup( 0): Successfully killed process cgroup uid 0 pid 11274 in 0ms
01-01 09:59:52.214 I/init ( 0): starting service 'hht_ota_mgr_service'...
01-01 09:59:52.402 I/init ( 0): Service 'hht_ota_mgr_service' (pid 11275) exited with status 0
01-01 09:59:52.425 I/init ( 0): Sending signal 9 to service 'hht_ota_mgr_service' (pid 11275) process group...
01-01 09:59:52.434 I/libprocessgroup( 0): Successfully killed process cgroup uid 0 pid 11275 in 0ms
01-01 09:59:57.232 I/init ( 0): starting service 'hht_ota_mgr_service'...
01-01 09:59:57.430 I/init ( 0): Service 'hht_ota_mgr_service' (pid 11279) exited with status 0
01-01 09:59:57.454 I/init ( 0): Sending signal 9 to service 'hht_ota_mgr_service' (pid 11279) process group...
01-01 09:59:57.463 I/libprocessgroup( 0): Successfully killed process cgroup uid 0 pid 11279 in 0ms
01-01 10:00:02.259 I/init ( 0): starting service 'hht_ota_mgr_service'...
01-01 10:00:02.470 I/init ( 0): Service 'hht_ota_mgr_service' (pid 11284) exited with status 0
01-01 10:00:02.493 I/init ( 0): Sending signal 9 to service 'hht_ota_mgr_service' (pid 11284) process group...
01-01 10:00:02.503 I/libprocessgroup( 0): Successfully killed process cgroup uid 0 pid 11284 in 0ms
03-28 11:21:56.042 W/BatteryExternalStatsWorker( 1017): error reading modem stats:ERROR_PHONE_NOT_AVAILABLE
03-28 11:21:56.087 E/KernelCpuSpeedReader( 1017): Failed to read cpu-freq: /sys/devices/system/cpu/cpu4/cpufreq/stats/time_in_state: open failed: ENOENT (No such file or directory)
03-28 11:21:56.087 E/KernelCpuSpeedReader( 1017): Failed to read cpu-freq: /sys/devices/system/cpu/cpu0/cpufreq/stats/time_in_state: open failed: ENOENT (No such file or directory)
01-01 10:00:06.378 W/audit ( 0): audit_lost=3690 audit_rate_limit=5 audit_backlog_limit=64
01-01 10:00:06.402 E/audit ( 0): rate limit exceeded
01-01 10:00:07.287 I/init ( 0): starting service 'hht_ota_mgr_service'...
01-01 10:00:07.474 I/init ( 0): Service 'hht_ota_mgr_service' (pid 11286) exited with status 0
01-01 10:00:07.498 I/init ( 0): Sending signal 9 to service 'hht_ota_mgr_service' (pid 11286) process group...
01-01 10:00:07.507 I/libprocessgroup( 0): Successfully killed process cgroup uid 0 pid 11286 in 0ms
01-01 10:00:12.301 I/init ( 0): starting service 'hht_ota_mgr_service'...
01-01 10:00:12.496 I/init ( 0): Service 'hht_ota_mgr_service' (pid 11291) exited with status 0
01-01 10:00:12.524 I/init ( 0): Sending signal 9 to service 'hht_ota_mgr_service' (pid 11291) process group...
01-01 10:00:12.534 I/libprocessgroup( 0): Successfully killed process cgroup uid 0 pid 11291 in 0ms
01-01 10:00:17.323 I/init ( 0): starting service 'hht_ota_mgr_service'...
01-01 10:00:17.524 I/init ( 0): Service 'hht_ota_mgr_service' (pid 11292) exited with status 0
01-01 10:00:17.547 I/init ( 0): Sending signal 9 to service 'hht_ota_mgr_service' (pid 11292) process group...
01-01 10:00:17.556 I/libprocessgroup( 0): Successfully killed process cgroup uid 0 pid 11292 in 0ms
01-01 10:00:22.342 I/init ( 0): starting service 'hht_ota_mgr_service'...
01-01 10:00:22.532 I/init ( 0): Service 'hht_ota_mgr_service' (pid 11296) exited with status 0
01-01 10:00:22.556 I/init ( 0): Sending signal 9 to service 'hht_ota_mgr_service' (pid 11296) process group...
01-01 10:00:22.565 I/libprocessgroup( 0): Successfully killed process cgroup uid 0 pid 11296 in 0ms
01-01 10:00:27.363 I/init ( 0): starting service 'hht_ota_mgr_service'...
01-01 10:00:27.557 I/init ( 0): Service 'hht_ota_mgr_service' (pid 11297) exited with status 0
01-01 10:00:27.580 I/init ( 0): Sending signal 9 to service 'hht_ota_mgr_service' (pid 11297) process group...
01-01 10:00:27.589 I/libprocessgroup( 0): Successfully killed process cgroup uid 0 pid 11297 in 0ms
01-01 10:00:32.389 I/init ( 0): starting service 'hht_ota_mgr_service'...
01-01 10:00:32.579 I/init ( 0): Service 'hht_ota_mgr_service' (pid 11301) exited with status 0
01-01 10:00:32.602 I/init ( 0): Sending signal 9 to service 'hht_ota_mgr_service' (pid 11301) process group...
01-01 10:00:32.611 I/libprocessgroup( 0): Successfully killed process cgroup uid 0 pid 11301 in 0ms
01-01 10:00:37.410 I/init ( 0): starting service 'hht_ota_mgr_service'...
01-01 10:00:37.588 I/init ( 0): Service 'hht_ota_mgr_service' (pid 11302) exited with status 0
01-01 10:00:37.611 I/init ( 0): Sending signal 9 to service 'hht_ota_mgr_service' (pid 11302) process group...
01-01 10:00:37.620 I/libprocessgroup( 0): Successfully killed process cgroup uid 0 pid 11302 in 0ms
01-01 10:00:42.438 I/init ( 0): starting service 'hht_ota_mgr_service'...
01-01 10:00:42.620 I/init ( 0): Service 'hht_ota_mgr_service' (pid 11306) exited with status 0
01-01 10:00:42.643 I/init ( 0): Sending signal 9 to service 'hht_ota_mgr_service' (pid 11306) process group...
01-01 10:00:42.652 I/libprocessgroup( 0): Successfully killed process cgroup uid 0 pid 11306 in 0ms
01-01 10:00:47.462 I/init ( 0): starting service 'hht_ota_mgr_service'...
01-01 10:00:47.666 I/init ( 0): Service 'hht_ota_mgr_service' (pid 11307) exited with status 0
01-01 10:00:47.693 I/init ( 0): Sending signal 9 to service 'hht_ota_mgr_service' (pid 11307) process group...
01-01 10:00:47.703 I/libprocessgroup( 0): Successfully killed process cgroup uid 0 pid 11307 in 0ms
03-28 11:22:38.811 I/UsageStatsService( 1017): User[0] Flushing usage stats to disk
01-01 10:00:52.512 I/init ( 0): starting service 'hht_ota_mgr_service'...
01-01 10:00:52.725 I/init ( 0): Service 'hht_ota_mgr_service' (pid 11312) exited with status 0
01-01 10:00:52.749 I/init ( 0): Sending signal 9 to service 'hht_ota_mgr_service' (pid 11312) process group...
01-01 10:00:52.759 I/libprocessgroup( 0): Successfully killed process cgroup uid 0 pid 11312 in 0ms
01-01 10:00:57.558 I/init ( 0): starting service 'hht_ota_mgr_service'...
01-01 10:00:57.756 I/init ( 0): Service 'hht_ota_mgr_service' (pid 11317) exited with status 0
01-01 10:00:57.778 I/init ( 0): Sending signal 9 to service 'hht_ota_mgr_service' (pid 11317) process group...
01-01 10:00:57.789 I/libprocessgroup( 0): Successfully killed process cgroup uid 0 pid 11317 in 0ms
01-01 10:01:02.591 I/init ( 0): starting service 'hht_ota_mgr_service'...
01-01 10:01:02.803 I/init ( 0): Service 'hht_ota_mgr_service' (pid 11318) exited with status 0
01-01 10:01:02.827 I/init ( 0): Sending signal 9 to service 'hht_ota_mgr_service' (pid 11318) process group...
01-01 10:01:02.837 I/libprocessgroup( 0): Successfully killed process cgroup uid 0 pid 11318 in 0ms
01-01 10:01:07.642 I/init ( 0): starting service 'hht_ota_mgr_service'...
01-01 10:01:07.843 I/init ( 0): Service 'hht_ota_mgr_service' (pid 11322) exited with status 0
01-01 10:01:07.867 I/init ( 0): Sending signal 9 to service 'hht_ota_mgr_service' (pid 11322) process group...
01-01 10:01:07.878 I/libprocessgroup( 0): Successfully killed process cgroup uid 0 pid 11322 in 1ms
01-01 10:01:09.435 D/cnss ( 0): Host time = 7269435750 us, device time = 7215815120 us, offset = 53620630 us
01-01 10:01:09.444 D/cnss ( 0): Updated time sync regs [0x984] = 0x3322f96, [0x988] = 0x0
01-01 10:01:12.668 I/init ( 0): starting service 'hht_ota_mgr_service'...
01-01 10:01:12.886 I/init ( 0): Service 'hht_ota_mgr_service' (pid 11323) exited with status 0
01-01 10:01:12.909 I/init ( 0): Sending signal 9 to service 'hht_ota_mgr_service' (pid 11323) process group...
01-01 10:01:12.919 I/libprocessgroup( 0): Successfully killed process cgroup uid 0 pid 11323 in 0ms
01-01 10:01:16.305 I/init ( 0): Untracked pid 11335 exited with status 0
01-01 10:01:17.719 I/init ( 0): starting service 'hht_ota_mgr_service'...
01-01 10:01:17.925 I/init ( 0): Service 'hht_ota_mgr_service' (pid 11347) exited with status 0
01-01 10:01:17.949 I/init ( 0): Sending signal 9 to service 'hht_ota_mgr_service' (pid 11347) process group...
01-01 10:01:17.958 I/libprocessgroup( 0): Successfully killed process cgroup uid 0 pid 11347 in 0ms
01-01 10:01:22.757 I/init ( 0): starting service 'hht_ota_mgr_service'...
01-01 10:01:22.947 I/init ( 0): Service 'hht_ota_mgr_service' (pid 11359) exited with status 0
01-01 10:01:22.970 I/init ( 0): Sending signal 9 to service 'hht_ota_mgr_service' (pid 11359) process group...
01-01 10:01:22.997 I/libprocessgroup( 0): Successfully killed process cgroup uid 0 pid 11359 in 0ms
03-28 11:23:17.347 D/CompatibilityChangeReporter( 1017): Compat change id reported: 135634846; UID 10036; state: DISABLED
03-28 11:23:17.347 D/CompatibilityChangeReporter( 1017): Compat change id reported: 177438394; UID 10036; state: DISABLED
03-28 11:23:17.347 D/CompatibilityChangeReporter( 1017): Compat change id reported: 135772972; UID 10036; state: DISABLED
03-28 11:23:17.348 D/CompatibilityChangeReporter( 1017): Compat change id reported: 135754954; UID 10036; state: ENABLED
03-28 11:23:17.349 D/CompatibilityChangeReporter( 1017): Compat change id reported: 143937733; UID 10036; state: ENABLED
03-28 11:23:17.387 I/ActivityManager( 1017): Start proc 11365:com.microsoft.emmx/u0a36 for broadcast {com.microsoft.emmx/org.chromium.chrome.browser.searchwidget.SearchWidgetProvider}
01-01 10:01:27.718 I/binder ( 0): 11365:11365 ioctl 40046210 7fecc80914 returned -22
03-28 11:23:17.453 D/CompatibilityChangeReporter( 1017): Compat change id reported: 168419799; UID 10036; state: DISABLED
01-01 10:01:27.776 I/init ( 0): starting service 'hht_ota_mgr_service'...
01-01 10:01:27.947 I/init ( 0): Service 'hht_ota_mgr_service' (pid 11381) exited with status 0
01-01 10:01:27.970 I/init ( 0): Sending signal 9 to service 'hht_ota_mgr_service' (pid 11381) process group...
01-01 10:01:27.980 I/libprocessgroup( 0): Successfully killed process cgroup uid 0 pid 11381 in 0ms
01-01 10:01:31.193 E/[kworke][0x20981c0fb0][11:23:20.912030] wlan( 0): [9207:E:WMA] Rx unprotected unicast mgmt frame
01-01 10:01:31.204 E/[schedu][0x20981f20c5][11:23:20.922498] wlan( 0): [2762:E:PE] lim_drop_unprotected_action_frame: 1614: Dropping unprotected Action category: 3 frame since RMF is enabled
01-01 10:01:32.341 E/[kworke][0x20996c557b][11:23:22.059843] wlan( 0): [9207:E:WMA] Rx unprotected unicast mgmt frame
01-01 10:01:32.353 E/[schedu][0x20996fb6f2][11:23:22.071382] wlan( 0): [2762:E:PE] lim_drop_unprotected_action_frame: 1614: Dropping unprotected Action category: 3 frame since RMF is enabled
01-01 10:01:32.802 I/init ( 0): starting service 'hht_ota_mgr_service'...
01-01 10:01:32.994 I/init ( 0): Service 'hht_ota_mgr_service' (pid 11423) exited with status 0
01-01 10:01:33.018 I/init ( 0): Sending signal 9 to service 'hht_ota_mgr_service' (pid 11423) process group...
01-01 10:01:33.028 I/libprocessgroup( 0): Successfully killed process cgroup uid 0 pid 11423 in 0ms
01-01 10:01:37.831 I/init ( 0): starting service 'hht_ota_mgr_service'...
01-01 10:01:38.037 I/init ( 0): Service 'hht_ota_mgr_service' (pid 11424) exited with status 0
01-01 10:01:38.062 I/init ( 0): Sending signal 9 to service 'hht_ota_mgr_service' (pid 11424) process group...
01-01 10:01:38.072 I/libprocessgroup( 0): Successfully killed process cgroup uid 0 pid 11424 in 0ms
01-01 10:01:42.882 I/init ( 0): starting service 'hht_ota_mgr_service'...
01-01 10:01:43.092 I/init ( 0): Service 'hht_ota_mgr_service' (pid 11428) exited with status 0
01-01 10:01:43.116 I/init ( 0): Sending signal 9 to service 'hht_ota_mgr_service' (pid 11428) process group...
01-01 10:01:43.126 I/libprocessgroup( 0): Successfully killed process cgroup uid 0 pid 11428 in 0ms
01-01 10:01:47.932 I/init ( 0): starting service 'hht_ota_mgr_service'...
01-01 10:01:48.169 I/init ( 0): Service 'hht_ota_mgr_service' (pid 11429) exited with status 0
01-01 10:01:48.193 I/init ( 0): Sending signal 9 to service 'hht_ota_mgr_service' (pid 11429) process group...
01-01 10:01:48.203 I/libprocessgroup( 0): Successfully killed process cgroup uid 0 pid 11429 in 0ms
01-01 10:01:53.004 I/init ( 0): starting service 'hht_ota_mgr_service'...
01-01 10:01:53.220 I/init ( 0): Service 'hht_ota_mgr_service' (pid 11433) exited with status 0
01-01 10:01:53.243 I/init ( 0): Sending signal 9 to service 'hht_ota_mgr_service' (pid 11433) process group...
01-01 10:01:53.254 I/libprocessgroup( 0): Successfully killed process cgroup uid 0 pid 11433 in 0ms
01-01 10:01:57.967 W/audit ( 0): audit_lost=3741 audit_rate_limit=5 audit_backlog_limit=64
01-01 10:01:57.974 E/audit ( 0): rate limit exceeded
01-01 10:01:58.060 I/init ( 0): starting service 'hht_ota_mgr_service'...
01-01 10:01:58.284 I/init ( 0): Service 'hht_ota_mgr_service' (pid 11436) exited with status 0
01-01 10:01:58.308 I/init ( 0): Sending signal 9 to service 'hht_ota_mgr_service' (pid 11436) process group...
01-01 10:01:58.318 I/libprocessgroup( 0): Successfully killed process cgroup uid 0 pid 11436 in 0ms
01-01 10:02:03.112 I/init ( 0): starting service 'hht_ota_mgr_service'...
01-01 10:02:03.320 I/init ( 0): Service 'hht_ota_mgr_service' (pid 11440) exited with status 0
01-01 10:02:03.344 I/init ( 0): Sending signal 9 to service 'hht_ota_mgr_service' (pid 11440) process group...
01-01 10:02:03.355 I/libprocessgroup( 0): Successfully killed process cgroup uid 0 pid 11440 in 0ms
01-01 10:02:08.160 I/init ( 0): starting service 'hht_ota_mgr_service'...
01-01 10:02:08.384 I/init ( 0): Service 'hht_ota_mgr_service' (pid 11444) exited with status 0
01-01 10:02:08.408 I/init ( 0): Sending signal 9 to service 'hht_ota_mgr_service' (pid 11444) process group...
01-01 10:02:08.418 I/libprocessgroup( 0): Successfully killed process cgroup uid 0 pid 11444 in 0ms
01-01 10:02:13.210 I/init ( 0): starting service 'hht_ota_mgr_service'...
01-01 10:02:13.411 I/init ( 0): Service 'hht_ota_mgr_service' (pid 11445) exited with status 0
01-01 10:02:13.435 I/init ( 0): Sending signal 9 to service 'hht_ota_mgr_service' (pid 11445) process group...
01-01 10:02:13.446 I/libprocessgroup( 0): Successfully killed process cgroup uid 0 pid 11445 in 1ms
01-01 10:02:18.247 I/init ( 0): starting service 'hht_ota_mgr_service'...
01-01 10:02:18.450 I/init ( 0): Service 'hht_ota_mgr_service' (pid 11449) exited with status 0
01-01 10:02:18.474 I/init ( 0): Sending signal 9 to service 'hht_ota_mgr_service' (pid 11449) process group...
01-01 10:02:18.485 I/libprocessgroup( 0): Successfully killed process cgroup uid 0 pid 11449 in 1ms
01-01 10:02:23.270 I/init ( 0): starting service 'hht_ota_mgr_service'...
01-01 10:02:23.484 I/init ( 0): Service 'hht_ota_mgr_service' (pid 11450) exited with status 0
01-01 10:02:23.509 I/init ( 0): Sending signal 9 to service 'hht_ota_mgr_service' (pid 11450) process group...
01-01 10:02:23.518 I/libprocessgroup( 0): Successfully killed process cgroup uid 0 pid 11450 in 0ms
01-01 10:02:28.312 I/init ( 0): starting service 'hht_ota_mgr_service'...
01-01 10:02:28.518 I/init ( 0): Service 'hht_ota_mgr_service' (pid 11454) exited with status 0
01-01 10:02:28.541 I/init ( 0): Sending signal 9 to service 'hht_ota_mgr_service' (pid 11454) process group...
01-01 10:02:28.551 I/libprocessgroup( 0): Successfully killed process cgroup uid 0 pid 11454 in 0ms
01-01 10:02:33.355 I/init ( 0): starting service 'hht_ota_mgr_service'...
01-01 10:02:33.559 I/init ( 0): Service 'hht_ota_mgr_service' (pid 11455) exited with status 0
01-01 10:02:33.581 I/init ( 0): Sending signal 9 to service 'hht_ota_mgr_service' (pid 11455) process group...
01-01 10:02:33.592 I/libprocessgroup( 0): Successfully killed process cgroup uid 0 pid 11455 in 0ms
01-01 10:02:34.186 I/qcom_rpmh DRV( 0): apps_rsc TCS Busy, retrying RPMH message send: addr=0x40d00
01-01 10:02:34.376 E/[kworke][0x20e06ab054][11:24:24.094973] wlan( 0): [8727:E:WMA] Rx unprotected unicast mgmt frame
01-01 10:02:34.387 E/[kworke][0x20e06df3e6][11:24:24.106114] wlan( 0): [8727:E:WMA] Rx unprotected unicast mgmt frame
01-01 10:02:34.388 E/[schedu][0x20e06e09e5][11:24:24.106408] wlan( 0): [2762:E:PE] lim_drop_unprotected_action_frame: 1614: Dropping unprotected Action category: 3 frame since RMF is enabled
01-01 10:02:34.398 E/[kworke][0x20e07112ca][11:24:24.116766] wlan( 0): [8727:E:WMA] Rx unprotected unicast mgmt frame
01-01 10:02:34.422 E/[schedu][0x20e077fbab][11:24:24.140349] wlan( 0): [2762:E:PE] lim_drop_unprotected_action_frame: 1614: Dropping unprotected Action category: 3 frame since RMF is enabled
01-01 10:02:34.441 E/[schedu][0x20e07d951f][11:24:24.159461] wlan( 0): [2762:E:PE] lim_drop_unprotected_action_frame: 1614: Dropping unprotected Action category: 3 frame since RMF is enabled
01-01 10:02:38.400 I/init ( 0): starting service 'hht_ota_mgr_service'...
01-01 10:02:38.613 I/init ( 0): Service 'hht_ota_mgr_service' (pid 11460) exited with status 0
01-01 10:02:38.638 I/init ( 0): Sending signal 9 to service 'hht_ota_mgr_service' (pid 11460) process group...
01-01 10:02:38.648 I/libprocessgroup( 0): Successfully killed process cgroup uid 0 pid 11460 in 0ms
01-01 10:02:43.452 I/init ( 0): starting service 'hht_ota_mgr_service'...
01-01 10:02:43.666 I/init ( 0): Service 'hht_ota_mgr_service' (pid 11462) exited with status 0
01-01 10:02:43.689 I/init ( 0): Sending signal 9 to service 'hht_ota_mgr_service' (pid 11462) process group...
01-01 10:02:43.699 I/libprocessgroup( 0): Successfully killed process cgroup uid 0 pid 11462 in 0ms
01-01 10:02:48.503 I/init ( 0): starting service 'hht_ota_mgr_service'...
01-01 10:02:48.711 I/init ( 0): Service 'hht_ota_mgr_service' (pid 11466) exited with status 0
01-01 10:02:48.735 I/init ( 0): Sending signal 9 to service 'hht_ota_mgr_service' (pid 11466) process group...
01-01 10:02:48.746 I/libprocessgroup( 0): Successfully killed process cgroup uid 0 pid 11466 in 1ms
01-01 10:02:53.551 I/init ( 0): starting service 'hht_ota_mgr_service'...
01-01 10:02:53.762 I/init ( 0): Service 'hht_ota_mgr_service' (pid 11471) exited with status 0
01-01 10:02:53.787 I/init ( 0): Sending signal 9 to service 'hht_ota_mgr_service' (pid 11471) process group...
01-01 10:02:53.797 I/libprocessgroup( 0): Successfully killed process cgroup uid 0 pid 11471 in 1ms
01-01 10:02:58.602 I/init ( 0): starting service 'hht_ota_mgr_service'...
01-01 10:02:58.802 I/init ( 0): Service 'hht_ota_mgr_service' (pid 11472) exited with status 0
01-01 10:02:58.825 I/init ( 0): Sending signal 9 to service 'hht_ota_mgr_service' (pid 11472) process group...
01-01 10:02:58.835 I/libprocessgroup( 0): Successfully killed process cgroup uid 0 pid 11472 in 0ms
01-01 10:03:03.626 I/init ( 0): starting service 'hht_ota_mgr_service'...
01-01 10:03:03.843 I/init ( 0): Service 'hht_ota_mgr_service' (pid 11476) exited with status 0
01-01 10:03:03.867 I/init ( 0): Sending signal 9 to service 'hht_ota_mgr_service' (pid 11476) process group...
01-01 10:03:03.876 I/libprocessgroup( 0): Successfully killed process cgroup uid 0 pid 11476 in 0ms
01-01 10:03:08.648 I/init ( 0): starting service 'hht_ota_mgr_service'...
01-01 10:03:08.836 I/init ( 0): Service 'hht_ota_mgr_service' (pid 11477) exited with status 0
01-01 10:03:08.860 I/init ( 0): Sending signal 9 to service 'hht_ota_mgr_service' (pid 11477) process group...
01-01 10:03:08.870 I/libprocessgroup( 0): Successfully killed process cgroup uid 0 pid 11477 in 0ms
01-01 10:03:13.670 I/init ( 0): starting service 'hht_ota_mgr_service'...
01-01 10:03:13.875 I/init ( 0): Service 'hht_ota_mgr_service' (pid 11481) exited with status 0
01-01 10:03:13.898 I/init ( 0): Sending signal 9 to service 'hht_ota_mgr_service' (pid 11481) process group...
01-01 10:03:13.908 I/libprocessgroup( 0): Successfully killed process cgroup uid 0 pid 11481 in 0ms
01-01 10:03:18.696 I/init ( 0): starting service 'hht_ota_mgr_service'...
01-01 10:03:18.924 I/init ( 0): Service 'hht_ota_mgr_service' (pid 11482) exited with status 0
01-01 10:03:18.948 I/init ( 0): Sending signal 9 to service 'hht_ota_mgr_service' (pid 11482) process group...
01-01 10:03:18.957 I/libprocessgroup( 0): Successfully killed process cgroup uid 0 pid 11482 in 0ms
01-01 10:03:23.720 I/init ( 0): starting service 'hht_ota_mgr_service'...
01-01 10:03:23.926 I/init ( 0): Service 'hht_ota_mgr_service' (pid 11486) exited with status 0
01-01 10:03:23.951 I/init ( 0): Sending signal 9 to service 'hht_ota_mgr_service' (pid 11486) process group...
01-01 10:03:23.962 I/libprocessgroup( 0): Successfully killed process cgroup uid 0 pid 11486 in 0ms
01-01 10:03:28.770 I/init ( 0): starting service 'hht_ota_mgr_service'...
01-01 10:03:28.978 I/init ( 0): Service 'hht_ota_mgr_service' (pid 11487) exited with status 0
01-01 10:03:29.002 I/init ( 0): Sending signal 9 to service 'hht_ota_mgr_service' (pid 11487) process group...
01-01 10:03:29.013 I/libprocessgroup( 0): Successfully killed process cgroup uid 0 pid 11487 in 1ms
01-01 10:03:33.822 I/init ( 0): starting service 'hht_ota_mgr_service'...
01-01 10:03:34.035 I/init ( 0): Service 'hht_ota_mgr_service' (pid 11492) exited with status 0
01-01 10:03:34.059 I/init ( 0): Sending signal 9 to service 'hht_ota_mgr_service' (pid 11492) process group...
01-01 10:03:34.069 I/libprocessgroup( 0): Successfully killed process cgroup uid 0 pid 11492 in 0ms
01-01 10:03:34.423 E/[kworke][0x2125226a75][11:25:24.141401] wlan( 0): [8758:E:WMA] Rx unprotected unicast mgmt frame
01-01 10:03:34.434 E/[schedu][0x212525baef][11:25:24.152713] wlan( 0): [2762:E:PE] lim_drop_unprotected_action_frame: 1614: Dropping unprotected Action category: 3 frame since RMF is enabled
01-01 10:03:38.858 I/init ( 0): starting service 'hht_ota_mgr_service'...
01-01 10:03:39.058 I/init ( 0): Service 'hht_ota_mgr_service' (pid 11498) exited with status 0
01-01 10:03:39.087 I/init ( 0): Sending signal 9 to service 'hht_ota_mgr_service' (pid 11498) process group...
01-01 10:03:39.097 I/libprocessgroup( 0): Successfully killed process cgroup uid 0 pid 11498 in 0ms
01-01 10:03:43.896 I/init ( 0): starting service 'hht_ota_mgr_service'...
01-01 10:03:44.116 I/init ( 0): Service 'hht_ota_mgr_service' (pid 11499) exited with status 0
01-01 10:03:44.123 I/init ( 0): Sending signal 9 to service 'hht_ota_mgr_service' (pid 11499) process group...
01-01 10:03:44.134 I/libprocessgroup( 0): Successfully killed process cgroup uid 0 pid 11499 in 0ms
01-01 10:03:48.943 I/init ( 0): starting service 'hht_ota_mgr_service'...
01-01 10:03:49.147 I/init ( 0): Service 'hht_ota_mgr_service' (pid 11503) exited with status 0
01-01 10:03:49.171 I/init ( 0): Sending signal 9 to service 'hht_ota_mgr_service' (pid 11503) process group...
01-01 10:03:49.182 I/libprocessgroup( 0): Successfully killed process cgroup uid 0 pid 11503 in 0ms
01-01 10:03:53.974 I/init ( 0): starting service 'hht_ota_mgr_service'...
01-01 10:03:54.190 I/init ( 0): Service 'hht_ota_mgr_service' (pid 11505) exited with status 0
01-01 10:03:54.213 I/init ( 0): Sending signal 9 to service 'hht_ota_mgr_service' (pid 11505) process group...
01-01 10:03:54.223 I/libprocessgroup( 0): Successfully killed process cgroup uid 0 pid 11505 in 0ms
01-01 10:03:59.029 I/init ( 0): starting service 'hht_ota_mgr_service'...
01-01 10:03:59.219 I/init ( 0): Service 'hht_ota_mgr_service' (pid 11509) exited with status 0
01-01 10:03:59.243 I/init ( 0): Sending signal 9 to service 'hht_ota_mgr_service' (pid 11509) process group...
01-01 10:03:59.253 I/libprocessgroup( 0): Successfully killed process cgroup uid 0 pid 11509 in 0ms
01-01 10:04:04.055 I/init ( 0): starting service 'hht_ota_mgr_service'...
01-01 10:04:04.272 I/init ( 0): Service 'hht_ota_mgr_service' (pid 11510) exited with status 0
01-01 10:04:04.297 I/init ( 0): Sending signal 9 to service 'hht_ota_mgr_service' (pid 11510) process group...
01-01 10:04:04.306 I/libprocessgroup( 0): Successfully killed process cgroup uid 0 pid 11510 in 0ms
01-01 10:04:09.098 I/init ( 0): starting service 'hht_ota_mgr_service'...
01-01 10:04:09.299 I/init ( 0): Service 'hht_ota_mgr_service' (pid 11514) exited with status 0
01-01 10:04:09.323 I/init ( 0): Sending signal 9 to service 'hht_ota_mgr_service' (pid 11514) process group...
01-01 10:04:09.333 I/libprocessgroup( 0): Successfully killed process cgroup uid 0 pid 11514 in 1ms
01-01 10:04:14.144 I/init ( 0): starting service 'hht_ota_mgr_service'...
01-01 10:04:14.341 I/init ( 0): Service 'hht_ota_mgr_service' (pid 11515) exited with status 0
