01-01 08:00:50.132 I/Workqueue( 0): events_unbound ion_system_secure_heap_prefetch_work
01-01 08:00:50.132 I/Call trace( 0):
01-01 08:00:50.132 I/ ( 0): dump_backtrace+0x0/0x258
01-01 08:00:50.132 I/ ( 0): show_stack+0x20/0x30
01-01 08:00:50.132 I/ ( 0): dump_stack+0xd8/0x12c
01-01 08:00:50.132 I/ ( 0): register_lock_class+0x4d0/0x5c8
01-01 08:00:50.132 I/ ( 0): __lock_acquire+0xbc/0x1e58
01-01 08:00:50.132 I/ ( 0): lock_acquire+0x1cc/0x218
01-01 08:00:50.132 I/ ( 0): _raw_spin_lock_irqsave+0x54/0x98
01-01 08:00:50.132 I/ ( 0): ion_system_secure_heap_prefetch_work+0x94/0x2c0
01-01 08:00:50.132 I/ ( 0): process_one_work+0x38c/0x660
01-01 08:00:50.132 I/ ( 0): worker_thread+0x268/0x4b8
01-01 08:00:50.132 I/ ( 0): kthread+0x140/0x150
01-01 08:00:50.132 I/ ( 0): ret_from_fork+0x10/0x1c
01-01 08:00:50.134 E/ ( 0): INFO: trying to register non-static key.
03-14 03:53:36.909 W/SystemServiceManager( 1017): Service com.android.server.location.LocationManagerService$Lifecycle took 61 ms in onBootPhase
03-14 03:53:36.909 D/SystemServerTiming( 1017): OnBootPhase_600_com.android.server.location.LocationManagerService$Lifecycle took to complete: 61ms
03-14 03:53:36.909 I/SystemServerTiming( 1017): OnBootPhase_600_com.android.server.timedetector.TimeDetectorService$Lifecycle
03-14 03:53:36.909 D/SystemServerTiming( 1017): OnBootPhase_600_com.android.server.timedetector.TimeDetectorService$Lifecycle took to complete: 0ms
03-14 03:53:36.910 I/SystemServerTiming( 1017): OnBootPhase_600_com.android.server.timezonedetector.TimeZoneDetectorService$Lifecycle
03-14 03:53:36.910 D/SystemServerTiming( 1017): OnBootPhase_600_com.android.server.timezonedetector.TimeZoneDetectorService$Lifecycle took to complete: 0ms
03-14 03:53:36.910 I/SystemServerTiming( 1017): OnBootPhase_600_com.android.server.timezonedetector.location.LocationTimeZoneManagerService$Lifecycle
03-14 03:53:36.910 D/SystemServerTiming( 1017): OnBootPhase_600_com.android.server.timezonedetector.location.LocationTimeZoneManagerService$Lifecycle took to complete: 0ms
03-14 03:53:36.910 I/SystemServerTiming( 1017): OnBootPhase_600_com.android.server.search.SearchManagerService$Lifecycle
03-14 03:53:36.910 D/SystemServerTiming( 1017): OnBootPhase_600_com.android.server.search.SearchManagerService$Lifecycle took to complete: 0ms
03-14 03:53:36.910 I/SystemServerTiming( 1017): OnBootPhase_600_com.android.server.wallpaper.WallpaperManagerService$Lifecycle
03-14 03:53:36.910 I/WallpaperManagerService( 1017): switch-user-0
03-14 03:53:36.910 V/WallpaperManagerService( 1017): bindWallpaperComponentLocked: componentName=ComponentInfo{com.android.systemui/com.android.systemui.ImageWallpaper}
03-14 03:53:36.913 D/WallpaperManagerService( 1017): switch-user-0 took to complete: 3ms
03-14 03:53:36.914 D/SystemServerTiming( 1017): OnBootPhase_600_com.android.server.wallpaper.WallpaperManagerService$Lifecycle took to complete: 4ms
03-14 03:53:36.914 I/SystemServerTiming( 1017): OnBootPhase_600_com.android.server.audio.AudioService$Lifecycle
03-14 03:53:36.914 D/SystemServerTiming( 1017): OnBootPhase_600_com.android.server.audio.AudioService$Lifecycle took to complete: 1ms
03-14 03:53:36.914 I/SystemServerTiming( 1017): OnBootPhase_600_com.android.server.soundtrigger_middleware.SoundTriggerMiddlewareService$Lifecycle
03-14 03:53:36.914 D/SystemServerTiming( 1017): OnBootPhase_600_com.android.server.soundtrigger_middleware.SoundTriggerMiddlewareService$Lifecycle took to complete: 0ms
03-14 03:53:36.914 I/SystemServerTiming( 1017): OnBootPhase_600_com.android.server.DockObserver
03-14 03:53:36.914 D/SystemServerTiming( 1017): OnBootPhase_600_com.android.server.DockObserver took to complete: 0ms
03-14 03:53:36.914 I/SystemServerTiming( 1017): OnBootPhase_600_com.android.server.midi.MidiService$Lifecycle
03-14 03:53:36.914 D/SystemServerTiming( 1017): OnBootPhase_600_com.android.server.midi.MidiService$Lifecycle took to complete: 0ms
03-14 03:53:36.915 I/SystemServerTiming( 1017): OnBootPhase_600_com.android.server.adb.AdbService$Lifecycle
03-14 03:53:36.915 D/SystemServerTiming( 1017): OnBootPhase_600_com.android.server.adb.AdbService$Lifecycle took to complete: 0ms
03-14 03:53:36.915 I/SystemServerTiming( 1017): OnBootPhase_600_com.android.server.usb.UsbService$Lifecycle
03-14 03:53:36.915 D/SystemServerTiming( 1017): OnBootPhase_600_com.android.server.usb.UsbService$Lifecycle took to complete: 0ms
03-14 03:53:36.915 I/SystemServerTiming( 1017): OnBootPhase_600_com.android.server.twilight.TwilightService
03-14 03:53:36.915 D/SystemServerTiming( 1017): OnBootPhase_600_com.android.server.twilight.TwilightService took to complete: 0ms
03-14 03:53:36.915 I/SystemServerTiming( 1017): OnBootPhase_600_com.android.server.display.color.ColorDisplayService
03-14 03:53:36.915 D/SystemServerTiming( 1017): OnBootPhase_600_com.android.server.display.color.ColorDisplayService took to complete: 0ms
03-14 03:53:36.915 I/SystemServerTiming( 1017): OnBootPhase_600_com.android.server.job.JobSchedulerService
03-14 03:53:36.918 D/SystemServerTiming( 1017): OnBootPhase_600_com.android.server.job.JobSchedulerService took to complete: 3ms
03-14 03:53:36.918 I/SystemServerTiming( 1017): OnBootPhase_600_com.android.server.soundtrigger.SoundTriggerService
03-14 03:53:36.918 D/SoundTriggerService( 1017): onBootPhase: 600 : false
03-14 03:53:36.918 D/SystemServerTiming( 1017): OnBootPhase_600_com.android.server.soundtrigger.SoundTriggerService took to complete: 1ms
03-14 03:53:36.918 I/SystemServerTiming( 1017): OnBootPhase_600_com.android.server.trust.TrustManagerService
03-14 03:53:36.921 D/BiometricService( 1017): Sensor ID(0), oemStrength: 15, updatedStrength: 15, modality 2, state: 0, cookie: 0, props: ID: 0, Strength: 2, Type: 1, sensorId 0, hasEnrollments: false cannot participate in Keystore operations
01-01 08:00:50.143 E/ ( 0): the code is fine but needs lockdep annotation.
01-01 08:00:50.148 I/ ( 0): CPU: 7 PID: 276 Comm: kworker/u16:4 Tainted: G S W O 4.19.157+ #1
01-01 08:00:50.148 I/Hardware name( 0): Qualcomm Technologies, Inc. kona MTP-RmPM8150b. VX1(MCE) EVT1 (DT)
01-01 08:00:50.148 I/Workqueue( 0): events_unbound ion_system_secure_heap_prefetch_work
01-01 08:00:50.148 I/Call trace( 0):
01-01 08:00:50.148 I/ ( 0): dump_backtrace+0x0/0x258
01-01 08:00:50.148 I/ ( 0): show_stack+0x20/0x30
01-01 08:00:50.148 I/ ( 0): dump_stack+0xd8/0x12c
01-01 08:00:50.148 I/ ( 0): register_lock_class+0x4d0/0x5c8
01-01 08:00:50.148 I/ ( 0): __lock_acquire+0xbc/0x1e58
01-01 08:00:50.148 I/ ( 0): lock_acquire+0x1cc/0x218
01-01 08:00:50.148 I/ ( 0): _raw_spin_lock_irqsave+0x54/0x98
01-01 08:00:50.148 I/ ( 0): ion_system_secure_heap_prefetch_work+0x94/0x2c0
01-01 08:00:50.148 I/ ( 0): process_one_work+0x38c/0x660
01-01 08:00:50.148 I/ ( 0): worker_thread+0x268/0x4b8
01-01 08:00:50.148 I/ ( 0): kthread+0x140/0x150
01-01 08:00:50.148 I/ ( 0): ret_from_fork+0x10/0x1c
01-01 08:00:50.160 E/ ( 0): INFO: trying to register non-static key.
01-01 08:00:50.165 E/ ( 0): the code is fine but needs lockdep annotation.
01-01 08:00:50.171 I/ ( 0): CPU: 7 PID: 276 Comm: kworker/u16:4 Tainted: G S W O 4.19.157+ #1
01-01 08:00:50.171 I/Hardware name( 0): Qualcomm Technologies, Inc. kona MTP-RmPM8150b. VX1(MCE) EVT1 (DT)
01-01 08:00:50.171 I/Workqueue( 0): events_unbound ion_system_secure_heap_prefetch_work
01-01 08:00:50.171 I/Call trace( 0):
01-01 08:00:50.171 I/ ( 0): dump_backtrace+0x0/0x258
01-01 08:00:50.171 I/ ( 0): show_stack+0x20/0x30
01-01 08:00:50.171 I/ ( 0): dump_stack+0xd8/0x12c
01-01 08:00:50.171 I/ ( 0): register_lock_class+0x4d0/0x5c8
01-01 08:00:50.171 I/ ( 0): __lock_acquire+0xbc/0x1e58
01-01 08:00:50.171 I/ ( 0): lock_acquire+0x1cc/0x218
01-01 08:00:50.171 I/ ( 0): _raw_spin_lock_irqsave+0x54/0x98
01-01 08:00:50.171 I/ ( 0): ion_system_secure_heap_prefetch_work+0x94/0x2c0
01-01 08:00:50.171 I/ ( 0): process_one_work+0x38c/0x660
01-01 08:00:50.171 I/ ( 0): worker_thread+0x268/0x4b8
01-01 08:00:50.171 I/ ( 0): kthread+0x140/0x150
01-01 08:00:50.171 I/ ( 0): ret_from_fork+0x10/0x1c
03-14 03:53:36.931 D/SystemServerTiming( 1017): OnBootPhase_600_com.android.server.trust.TrustManagerService took to complete: 12ms
03-14 03:53:36.931 I/SystemServerTiming( 1017): OnBootPhase_600_com.android.server.backup.BackupManagerService$Lifecycle
03-14 03:53:36.931 D/SystemServerTiming( 1017): OnBootPhase_600_com.android.server.backup.BackupManagerService$Lifecycle took to complete: 0ms
03-14 03:53:36.931 I/SystemServerTiming( 1017): OnBootPhase_600_com.android.server.appwidget.AppWidgetService
03-14 03:53:36.931 D/SystemServerTiming( 1017): OnBootPhase_600_com.android.server.appwidget.AppWidgetService took to complete: 0ms
03-14 03:53:36.931 I/SystemServerTiming( 1017): OnBootPhase_600_com.android.server.voiceinteraction.VoiceInteractionManagerService
03-14 03:53:36.932 D/SystemServerTiming( 1017): OnBootPhase_600_com.android.server.voiceinteraction.VoiceInteractionManagerService took to complete: 1ms
03-14 03:53:36.932 I/SystemServerTiming( 1017): OnBootPhase_600_com.android.server.apphibernation.AppHibernationService
03-14 03:53:36.932 D/SystemServerTiming( 1017): OnBootPhase_600_com.android.server.apphibernation.AppHibernationService took to complete: 0ms
03-14 03:53:36.932 I/SystemServerTiming( 1017): OnBootPhase_600_com.android.server.SensorNotificationService
03-14 03:53:36.937 D/SystemServerTiming( 1017): OnBootPhase_600_com.android.server.SensorNotificationService took to complete: 5ms
03-14 03:53:36.937 I/SystemServerTiming( 1017): OnBootPhase_600_com.android.server.emergency.EmergencyAffordanceService
03-14 03:53:36.937 D/SystemServerTiming( 1017): OnBootPhase_600_com.android.server.emergency.EmergencyAffordanceService took to complete: 0ms
03-14 03:53:36.937 I/SystemServerTiming( 1017): OnBootPhase_600_com.android.server.blob.BlobStoreManagerService
03-14 03:53:36.941 D/CompatibilityChangeReporter( 1017): Compat change id reported: 168936375; UID 1000; state: ENABLED
03-14 03:53:36.942 D/CompatibilityChangeReporter( 1017): Compat change id reported: 168936375; UID 1000; state: DISABLED
03-14 03:53:36.948 E/NativeTombstoneManager( 1017): Tombstone's UID (1000) not an app, ignoring
03-14 03:53:36.949 I/DropBoxManagerService( 1017): add tag=SYSTEM_TOMBSTONE_PROTO isTagEnabled=true flags=0x4
01-01 08:00:50.183 I/binder ( 0): 2046:2046 ioctl 40046210 7fecc80914 returned -22
01-01 08:00:50.185 E/ ( 0): INFO: trying to register non-static key.
01-01 08:00:50.190 E/ ( 0): the code is fine but needs lockdep annotation.
01-01 08:00:50.196 I/ ( 0): CPU: 7 PID: 276 Comm: kworker/u16:4 Tainted: G S W O 4.19.157+ #1
01-01 08:00:50.196 I/Hardware name( 0): Qualcomm Technologies, Inc. kona MTP-RmPM8150b. VX1(MCE) EVT1 (DT)
01-01 08:00:50.196 I/Workqueue( 0): events_unbound ion_system_secure_heap_prefetch_work
01-01 08:00:50.196 I/Call trace( 0):
01-01 08:00:50.196 I/ ( 0): dump_backtrace+0x0/0x258
01-01 08:00:50.196 I/ ( 0): show_stack+0x20/0x30
01-01 08:00:50.196 I/ ( 0): dump_stack+0xd8/0x12c
01-01 08:00:50.196 I/ ( 0): register_lock_class+0x4d0/0x5c8
01-01 08:00:50.196 I/ ( 0): __lock_acquire+0xbc/0x1e58
01-01 08:00:50.196 I/ ( 0): lock_acquire+0x1cc/0x218
01-01 08:00:50.196 I/ ( 0): _raw_spin_lock_irqsave+0x54/0x98
01-01 08:00:50.196 I/ ( 0): ion_system_secure_heap_prefetch_work+0x94/0x2c0
01-01 08:00:50.196 I/ ( 0): process_one_work+0x38c/0x660
01-01 08:00:50.196 I/ ( 0): worker_thread+0x268/0x4b8
01-01 08:00:50.196 I/ ( 0): kthread+0x140/0x150
01-01 08:00:50.196 I/ ( 0): ret_from_fork+0x10/0x1c
01-01 08:00:50.211 I/msm_vidc( 0): high: 00000001: ....e: Opening video instance: ffffffc1d7084000, 0
03-14 03:53:36.963 D/SystemServerTiming( 1017): OnBootPhase_600_com.android.server.blob.BlobStoreManagerService took to complete: 27ms
03-14 03:53:36.963 I/SystemServerTiming( 1017): OnBootPhase_600_com.android.server.dreams.DreamManagerService
03-14 03:53:36.965 D/SystemServerTiming( 1017): OnBootPhase_600_com.android.server.dreams.DreamManagerService took to complete: 1ms
03-14 03:53:36.965 I/SystemServerTiming( 1017): OnBootPhase_600_com.android.server.companion.CompanionDeviceManagerService
03-14 03:53:36.965 D/SystemServerTiming( 1017): OnBootPhase_600_com.android.server.companion.CompanionDeviceManagerService took to complete: 0ms
03-14 03:53:36.965 I/SystemServerTiming( 1017): OnBootPhase_600_com.android.server.restrictions.RestrictionsManagerService
03-14 03:53:36.965 D/SystemServerTiming( 1017): OnBootPhase_600_com.android.server.restrictions.RestrictionsManagerService took to complete: 0ms
03-14 03:53:36.965 I/SystemServerTiming( 1017): OnBootPhase_600_com.android.server.media.MediaSessionService
03-14 03:53:36.965 D/SystemServerTiming( 1017): OnBootPhase_600_com.android.server.media.MediaSessionService took to complete: 0ms
03-14 03:53:36.965 I/SystemServerTiming( 1017): OnBootPhase_600_com.android.server.media.MediaResourceMonitorService
03-14 03:53:36.965 D/SystemServerTiming( 1017): OnBootPhase_600_com.android.server.media.MediaResourceMonitorService took to complete: 0ms
03-14 03:53:36.965 I/SystemServerTiming( 1017): OnBootPhase_600_com.android.server.biometrics.sensors.fingerprint.FingerprintService
03-14 03:53:36.965 D/SystemServerTiming( 1017): OnBootPhase_600_com.android.server.biometrics.sensors.fingerprint.FingerprintService took to complete: 0ms
03-14 03:53:36.965 I/SystemServerTiming( 1017): OnBootPhase_600_com.android.server.biometrics.BiometricService
03-14 03:53:36.965 D/SystemServerTiming( 1017): OnBootPhase_600_com.android.server.biometrics.BiometricService took to complete: 0ms
03-14 03:53:36.965 I/SystemServerTiming( 1017): OnBootPhase_600_com.android.server.biometrics.AuthService
03-14 03:53:36.965 D/SystemServerTiming( 1017): OnBootPhase_600_com.android.server.biometrics.AuthService took to complete: 0ms
03-14 03:53:36.965 I/SystemServerTiming( 1017): OnBootPhase_600_com.android.server.pm.ShortcutService$Lifecycle
03-14 03:53:36.965 D/SystemServerTiming( 1017): OnBootPhase_600_com.android.server.pm.ShortcutService$Lifecycle took to complete: 0ms
03-14 03:53:36.965 I/SystemServerTiming( 1017): OnBootPhase_600_com.android.server.pm.LauncherAppsService
03-14 03:53:36.965 D/SystemServerTiming( 1017): OnBootPhase_600_com.android.server.pm.LauncherAppsService took to complete: 0ms
03-14 03:53:36.965 I/SystemServerTiming( 1017): OnBootPhase_600_com.android.server.pm.CrossProfileAppsService
03-14 03:53:36.966 D/SystemServerTiming( 1017): OnBootPhase_600_com.android.server.pm.CrossProfileAppsService took to complete: 0ms
03-14 03:53:36.966 I/SystemServerTiming( 1017): OnBootPhase_600_com.android.server.people.PeopleService
03-14 03:53:36.966 D/SystemServerTiming( 1017): OnBootPhase_600_com.android.server.people.PeopleService took to complete: 0ms
03-14 03:53:36.966 I/SystemServerTiming( 1017): OnBootPhase_600_com.android.server.media.metrics.MediaMetricsManagerService
03-14 03:53:36.966 D/SystemServerTiming( 1017): OnBootPhase_600_com.android.server.media.metrics.MediaMetricsManagerService took to complete: 0ms
03-14 03:53:36.966 I/SystemServerTiming( 1017): OnBootPhase_600_com.android.server.media.projection.MediaProjectionManagerService
03-14 03:53:36.966 D/SystemServerTiming( 1017): OnBootPhase_600_com.android.server.media.projection.MediaProjectionManagerService took to complete: 0ms
03-14 03:53:36.966 I/SystemServerTiming( 1017): OnBootPhase_600_com.android.server.slice.SliceManagerService$Lifecycle
03-14 03:53:36.966 D/SystemServerTiming( 1017): OnBootPhase_600_com.android.server.slice.SliceManagerService$Lifecycle took to complete: 0ms
03-14 03:53:36.966 I/SystemServerTiming( 1017): OnBootPhase_600_com.android.server.stats.StatsCompanion$Lifecycle
03-14 03:53:36.998 D/SystemServerTiming( 1017): OnBootPhase_600_com.android.server.stats.StatsCompanion$Lifecycle took to complete: 33ms
03-14 03:53:36.998 I/SystemServerTiming( 1017): OnBootPhase_600_com.android.server.scheduling.RebootReadinessManagerService$Lifecycle
03-14 03:53:36.998 D/SystemServerTiming( 1017): OnBootPhase_600_com.android.server.scheduling.RebootReadinessManagerService$Lifecycle took to complete: 0ms
03-14 03:53:36.998 I/SystemServerTiming( 1017): OnBootPhase_600_com.android.server.stats.pull.StatsPullAtomService
03-14 03:53:36.998 D/SystemServerTiming( 1017): OnBootPhase_600_com.android.server.stats.pull.StatsPullAtomService took to complete: 0ms
03-14 03:53:36.998 I/SystemServerTiming( 1017): OnBootPhase_600_com.android.server.incident.IncidentCompanionService
01-01 08:00:50.219 E/ ( 0): INFO: trying to register non-static key.
03-14 03:53:36.999 D/SystemServerTiming( 1017): OnBootPhase_600_com.android.server.incident.IncidentCompanionService took to complete: 0ms
03-14 03:53:36.999 I/SystemServerTiming( 1017): OnBootPhase_600_com.android.server.MmsServiceBroker
03-14 03:53:36.999 D/SystemServerTiming( 1017): OnBootPhase_600_com.android.server.MmsServiceBroker took to complete: 0ms
01-01 08:00:50.224 E/ ( 0): the code is fine but needs lockdep annotation.
03-14 03:53:36.999 I/SystemServerTiming( 1017): OnBootPhase_600_com.android.server.autofill.AutofillManagerService
01-01 08:00:50.229 I/ ( 0): CPU: 7 PID: 276 Comm: kworker/u16:4 Tainted: G S W O 4.19.157+ #1
03-14 03:53:36.999 D/SystemServerTiming( 1017): OnBootPhase_600_com.android.server.autofill.AutofillManagerService took to complete: 1ms
03-14 03:53:36.999 I/SystemServerTiming( 1017): OnBootPhase_600_com.android.server.clipboard.ClipboardService
01-01 08:00:50.229 I/Hardware name( 0): Qualcomm Technologies, Inc. kona MTP-RmPM8150b. VX1(MCE) EVT1 (DT)
03-14 03:53:37.000 D/SystemServerTiming( 1017): OnBootPhase_600_com.android.server.clipboard.ClipboardService took to complete: 0ms
03-14 03:53:37.000 I/SystemServerTiming( 1017): OnBootPhase_600_com.android.server.appbinding.AppBindingService$Lifecycle
01-01 08:00:50.229 I/Workqueue( 0): events_unbound ion_system_secure_heap_prefetch_work
03-14 03:53:37.000 D/SystemServerTiming( 1017): OnBootPhase_600_com.android.server.appbinding.AppBindingService$Lifecycle took to complete: 0ms
03-14 03:53:37.000 I/SystemServerTiming( 1017): OnBootPhase_600_com.android.server.tracing.TracingServiceProxy
01-01 08:00:50.229 I/Call trace( 0):
03-14 03:53:37.000 D/SystemServerTiming( 1017): OnBootPhase_600_com.android.server.tracing.TracingServiceProxy took to complete: 0ms
03-14 03:53:37.000 I/SystemServerTiming( 1017): OnBootPhase_600_com.android.server.policy.PermissionPolicyService
01-01 08:00:50.229 I/ ( 0): dump_backtrace+0x0/0x258
03-14 03:53:37.000 D/SystemServerTiming( 1017): OnBootPhase_600_com.android.server.policy.PermissionPolicyService took to complete: 0ms
03-14 03:53:37.000 I/SystemServerTiming( 1017): OnBootPhase_600_com.android.server.pm.StagingManager$Lifecycle
03-14 03:53:37.000 D/SystemServerTiming( 1017): OnBootPhase_600_com.android.server.pm.StagingManager$Lifecycle took to complete: 0ms
01-01 08:00:50.229 I/ ( 0): show_stack+0x20/0x30
03-14 03:53:37.000 I/SystemServerTiming( 1017): OnBootPhase_600_com.android.server.app.GameManagerService$Lifecycle
03-14 03:53:37.000 D/SystemServerTiming( 1017): OnBootPhase_600_com.android.server.app.GameManagerService$Lifecycle took to complete: 0ms
01-01 08:00:50.229 I/ ( 0): dump_stack+0xd8/0x12c
03-14 03:53:37.000 I/SystemServerTiming( 1017): OnBootPhase_600_com.android.server.appsearch.AppSearchManagerService
03-14 03:53:37.000 D/SystemServerTiming( 1017): OnBootPhase_600_com.android.server.appsearch.AppSearchManagerService took to complete: 0ms
03-14 03:53:37.000 I/SystemServerTiming( 1017): OnBootPhase_600_com.android.server.media.MediaCommunicationService
01-01 08:00:50.229 I/ ( 0): register_lock_class+0x4d0/0x5c8
03-14 03:53:37.000 D/SystemServerTiming( 1017): OnBootPhase_600_com.android.server.media.MediaCommunicationService took to complete: 0ms
03-14 03:53:37.000 D/SystemServerTiming( 1017): OnBootPhase_600 took to complete: 165ms
03-14 03:53:37.001 D/SystemServerTiming( 1017): PhaseThirdPartyAppsCanStart took to complete: 165ms
01-01 08:00:50.229 I/ ( 0): __lock_acquire+0xbc/0x1e58
03-14 03:53:37.001 I/SystemServerTiming( 1017): StartNetworkStack
01-01 08:00:50.229 I/ ( 0): lock_acquire+0x1cc/0x218
03-14 03:53:37.001 D/ConnectivityModuleConnector( 1017): Starting networking module android.net.INetworkStackConnector
03-14 03:53:37.001 D/ConnectivityModuleConnector( 1017): Starting networking module in network_stack process
01-01 08:00:50.229 I/ ( 0): _raw_spin_lock_irqsave+0x54/0x98
01-01 08:00:50.229 I/ ( 0): ion_system_secure_heap_prefetch_work+0x94/0x2c0
01-01 08:00:50.229 I/ ( 0): process_one_work+0x38c/0x660
03-14 03:53:37.004 D/CompatibilityChangeReporter( 1017): Compat change id reported: 135634846; UID 1073; state: DISABLED
03-14 03:53:37.004 D/CompatibilityChangeReporter( 1017): Compat change id reported: 177438394; UID 1073; state: DISABLED
01-01 08:00:50.229 I/ ( 0): worker_thread+0x268/0x4b8
03-14 03:53:37.004 D/CompatibilityChangeReporter( 1017): Compat change id reported: 135772972; UID 1073; state: DISABLED
03-14 03:53:37.004 D/CompatibilityChangeReporter( 1017): Compat change id reported: 135754954; UID 1073; state: ENABLED
01-01 08:00:50.229 I/ ( 0): kthread+0x140/0x150
03-14 03:53:37.005 D/ConnectivityModuleConnector( 1017): Networking module service start requested
03-14 03:53:37.005 D/SystemServerTiming( 1017): StartNetworkStack took to complete: 4ms
01-01 08:00:50.229 I/ ( 0): ret_from_fork+0x10/0x1c
03-14 03:53:37.005 I/SystemServerTiming( 1017): StartTethering
03-14 03:53:37.005 D/ConnectivityModuleConnector( 1017): Starting networking module android.net.ITetheringConnector
03-14 03:53:37.005 D/ConnectivityModuleConnector( 1017): Starting networking module in network_stack process
03-14 03:53:37.006 D/StatsPullAtomService( 1017): Registering NetworkStats pullers with statsd
03-14 03:53:37.009 W/Looper ( 1017): Slow dispatch took 101ms android.fg h=com.android.server.location.gnss.GnssLocationProvider$ProviderHandler c=com.android.server.location.gnss.GnssLocationProvider$$ExternalSyntheticLambda8@f8185ed m=0
03-14 03:53:37.014 D/ConnectivityModuleConnector( 1017): Networking module service start requested
03-14 03:53:37.014 D/SystemServerTiming( 1017): StartTethering took to complete: 10ms
03-14 03:53:37.015 I/SystemServerTiming( 1017): MakeCountryDetectionServiceReady
03-14 03:53:37.015 D/SystemServerTiming( 1017): MakeCountryDetectionServiceReady took to complete: 0ms
03-14 03:53:37.015 I/SystemServerTiming( 1017): MakeNetworkTimeUpdateReady
01-01 08:00:50.238 I/msm_vidc( 0): high: 00000001: h265e: Closed video instance: ffffffc1d7084000
03-14 03:53:37.022 D/SystemServerTiming( 1017): MakeNetworkTimeUpdateReady took to complete: 7ms
03-14 03:53:37.022 I/SystemServerTiming( 1017): MakeInputManagerServiceReady
03-14 03:53:37.023 I/ActivityTaskManager( 1017): Config changes=4100 {1.0 ?mcc?mnc [zh_CN] ldltr sw680dp w1586dp h612dp 240dpi lrg long hdr land finger -keyb/v/h -nav/h winConfig={ mBounds=Rect(0, 0 - 2380, 1020) mAppBounds=Rect(0, 0 - 2380, 954) mMaxBounds=Rect(0, 0 - 2380, 1020) mWindowingMode=fullscreen mDisplayWindowingMode=fullscreen mActivityType=undefined mAlwaysOnTop=undefined mRotation=ROTATION_0} s.10 fontWeightAdjustment=0}
03-14 03:53:37.026 I/WindowManager( 1017): Override config changes=4100 {1.0 ?mcc?mnc [zh_CN] ldltr sw680dp w1586dp h612dp 240dpi lrg long hdr land finger -keyb/v/h -nav/h winConfig={ mBounds=Rect(0, 0 - 2380, 1020) mAppBounds=Rect(0, 0 - 2380, 954) mMaxBounds=Rect(0, 0 - 2380, 1020) mWindowingMode=fullscreen mDisplayWindowingMode=fullscreen mActivityType=undefined mAlwaysOnTop=undefined mRotation=ROTATION_0} s.10 fontWeightAdjustment=0} for displayId=0
03-14 03:53:37.030 D/SystemServerTiming( 1017): MakeInputManagerServiceReady took to complete: 8ms
03-14 03:53:37.030 I/SystemServerTiming( 1017): MakeTelephonyRegistryReady
03-14 03:53:37.030 D/SystemServerTiming( 1017): MakeTelephonyRegistryReady took to complete: 0ms
03-14 03:53:37.030 I/SystemServerTiming( 1017): MakeMediaRouterServiceReady
03-14 03:53:37.030 D/SystemServerTiming( 1017): MakeMediaRouterServiceReady took to complete: 1ms
03-14 03:53:37.030 I/SystemServerTiming( 1017): MakeMmsServiceReady
03-14 03:53:37.030 I/MmsServiceBroker( 1017): Delay connecting to MmsService until an API is called
03-14 03:53:37.030 D/SystemServerTiming( 1017): MakeMmsServiceReady took to complete: 0ms
03-14 03:53:37.030 I/SystemServerTiming( 1017): IncidentDaemonReady
03-14 03:53:37.041 D/SystemServerTiming( 1017): IncidentDaemonReady took to complete: 10ms
03-14 03:53:37.041 I/SystemServerTiming( 1017): MakeIncrementalServiceReady
03-14 03:53:37.041 D/SystemServerTiming( 1017): MakeIncrementalServiceReady took to complete: 0ms
03-14 03:53:37.041 I/SystemServerTiming( 1017): getCurrentUser
03-14 03:53:37.041 I/ActivityManager( 1017): Current user:0
03-14 03:53:37.041 D/SystemServerTiming( 1017): getCurrentUser took to complete: 0ms
03-14 03:53:37.041 I/SystemServerTiming( 1017): ActivityManagerStartApps
03-14 03:53:37.041 I/SystemServerTiming( 1017): ssm.StartUser-0
03-14 03:53:37.041 I/SystemServiceManager( 1017): Calling onStartUser 0
03-14 03:53:37.041 I/SystemServerTiming( 1017): ssm.onStartUser-0_com.android.server.security.FileIntegrityService
03-14 03:53:37.042 D/SystemServerTiming( 1017): ssm.onStartUser-0_com.android.server.security.FileIntegrityService took to complete: 0ms
03-14 03:53:37.042 I/SystemServerTiming( 1017): ssm.onStartUser-0_com.android.server.pm.Installer
03-14 03:53:37.042 D/SystemServerTiming( 1017): ssm.onStartUser-0_com.android.server.pm.Installer took to complete: 0ms
03-14 03:53:37.042 I/SystemServerTiming( 1017): ssm.onStartUser-0_com.android.server.os.DeviceIdentifiersPolicyService
03-14 03:53:37.042 D/SystemServerTiming( 1017): ssm.onStartUser-0_com.android.server.os.DeviceIdentifiersPolicyService took to complete: 0ms
03-14 03:53:37.042 I/SystemServerTiming( 1017): ssm.onStartUser-0_com.android.server.uri.UriGrantsManagerService$Lifecycle
03-14 03:53:37.042 D/SystemServerTiming( 1017): ssm.onStartUser-0_com.android.server.uri.UriGrantsManagerService$Lifecycle took to complete: 0ms
03-14 03:53:37.042 I/SystemServerTiming( 1017): ssm.onStartUser-0_com.android.server.powerstats.PowerStatsService
03-14 03:53:37.042 D/SystemServerTiming( 1017): ssm.onStartUser-0_com.android.server.powerstats.PowerStatsService took to complete: 0ms
03-14 03:53:37.042 I/SystemServerTiming( 1017): ssm.onStartUser-0_com.android.server.wm.ActivityTaskManagerService$Lifecycle
03-14 03:53:37.042 D/SystemServerTiming( 1017): ssm.onStartUser-0_com.android.server.wm.ActivityTaskManagerService$Lifecycle took to complete: 0ms
03-14 03:53:37.042 I/SystemServerTiming( 1017): ssm.onStartUser-0_com.android.server.am.ActivityManagerService$Lifecycle
03-14 03:53:37.042 D/SystemServerTiming( 1017): ssm.onStartUser-0_com.android.server.am.ActivityManagerService$Lifecycle took to complete: 0ms
03-14 03:53:37.042 I/SystemServerTiming( 1017): ssm.onStartUser-0_com.android.server.pm.DataLoaderManagerService
03-14 03:53:37.042 D/SystemServerTiming( 1017): ssm.onStartUser-0_com.android.server.pm.DataLoaderManagerService took to complete: 0ms
03-14 03:53:37.042 I/SystemServerTiming( 1017): ssm.onStartUser-0_com.android.server.power.PowerManagerService
03-14 03:53:37.042 D/SystemServerTiming( 1017): ssm.onStartUser-0_com.android.server.power.PowerManagerService took to complete: 0ms
03-14 03:53:37.042 I/SystemServerTiming( 1017): ssm.onStartUser-0_com.android.server.power.ThermalManagerService
03-14 03:53:37.042 D/SystemServerTiming( 1017): ssm.onStartUser-0_com.android.server.power.ThermalManagerService took to complete: 0ms
03-14 03:53:37.042 I/SystemServerTiming( 1017): ssm.onStartUser-0_com.android.server.power.hint.HintManagerService
03-14 03:53:37.042 D/SystemServerTiming( 1017): ssm.onStartUser-0_com.android.server.power.hint.HintManagerService took to complete: 0ms
03-14 03:53:37.042 I/SystemServerTiming( 1017): ssm.onStartUser-0_com.android.server.recoverysystem.RecoverySystemService$Lifecycle
03-14 03:53:37.043 D/SystemServerTiming( 1017): ssm.onStartUser-0_com.android.server.recoverysystem.RecoverySystemService$Lifecycle took to complete: 0ms
03-14 03:53:37.043 I/SystemServerTiming( 1017): ssm.onStartUser-0_com.android.server.lights.LightsService
03-14 03:53:37.043 D/SystemServerTiming( 1017): ssm.onStartUser-0_com.android.server.lights.LightsService took to complete: 0ms
03-14 03:53:37.043 I/SystemServerTiming( 1017): ssm.onStartUser-0_com.android.server.display.DisplayManagerService
03-14 03:53:37.043 D/SystemServerTiming( 1017): ssm.onStartUser-0_com.android.server.display.DisplayManagerService took to complete: 0ms
03-14 03:53:37.043 I/SystemServerTiming( 1017): ssm.onStartUser-0_com.android.server.pm.verify.domain.DomainVerificationService
03-14 03:53:37.043 D/SystemServerTiming( 1017): ssm.onStartUser-0_com.android.server.pm.verify.domain.DomainVerificationService took to complete: 0ms
03-14 03:53:37.043 I/SystemServerTiming( 1017): ssm.onStartUser-0_com.android.server.pm.PackageInstallerService$Lifecycle
03-14 03:53:37.043 D/SystemServerTiming( 1017): ssm.onStartUser-0_com.android.server.pm.PackageInstallerService$Lifecycle took to complete: 0ms
03-14 03:53:37.043 I/SystemServerTiming( 1017): ssm.onStartUser-0_com.android.server.pm.UserManagerService$LifeCycle
03-14 03:53:37.043 D/SystemServerTiming( 1017): ssm.onStartUser-0_com.android.server.pm.UserManagerService$LifeCycle took to complete: 0ms
03-14 03:53:37.043 I/SystemServerTiming( 1017): ssm.onStartUser-0_com.android.server.om.OverlayManagerService
03-14 03:53:37.043 D/SystemServerTiming( 1017): ssm.onStartUser-0_com.android.server.om.OverlayManagerService took to complete: 0ms
03-14 03:53:37.043 I/SystemServerTiming( 1017): ssm.onStartUser-0_com.android.server.SensorPrivacyService
03-14 03:53:37.044 D/SystemServerTiming( 1017): ssm.onStartUser-0_com.android.server.SensorPrivacyService took to complete: 0ms
03-14 03:53:37.044 I/SystemServerTiming( 1017): ssm.onStartUser-0_com.android.server.thunderperf.ThunderBoostPerfService
03-14 03:53:37.044 D/SystemServerTiming( 1017): ssm.onStartUser-0_com.android.server.thunderperf.ThunderBoostPerfService took to complete: 0ms
03-14 03:53:37.044 I/SystemServerTiming( 1017): ssm.onStartUser-0_com.android.server.sensors.SensorService
03-14 03:53:37.044 D/SystemServerTiming( 1017): ssm.onStartUser-0_com.android.server.sensors.SensorService took to complete: 0ms
03-14 03:53:37.044 I/SystemServerTiming( 1017): ssm.onStartUser-0_com.android.server.SystemConfigService
03-14 03:53:37.044 D/SystemServerTiming( 1017): ssm.onStartUser-0_com.android.server.SystemConfigService took to complete: 0ms
03-14 03:53:37.044 I/SystemServerTiming( 1017): ssm.onStartUser-0_com.android.server.BatteryService
03-14 03:53:37.044 D/SystemServerTiming( 1017): ssm.onStartUser-0_com.android.server.BatteryService took to complete: 0ms
03-14 03:53:37.044 I/SystemServerTiming( 1017): ssm.onStartUser-0_com.android.server.usage.UsageStatsService
03-14 03:53:37.044 D/SystemServerTiming( 1017): ssm.onStartUser-0_com.android.server.usage.UsageStatsService took to complete: 0ms
03-14 03:53:37.044 I/SystemServerTiming( 1017): ssm.onStartUser-0_com.android.server.webkit.WebViewUpdateService
03-14 03:53:37.044 D/SystemServerTiming( 1017): ssm.onStartUser-0_com.android.server.webkit.WebViewUpdateService took to complete: 0ms
03-14 03:53:37.044 I/SystemServerTiming( 1017): ssm.onStartUser-0_com.android.server.CachedDeviceStateService
03-14 03:53:37.044 D/SystemServerTiming( 1017): ssm.onStartUser-0_com.android.server.CachedDeviceStateService took to complete: 0ms
03-14 03:53:37.044 I/SystemServerTiming( 1017): ssm.onStartUser-0_com.android.server.BinderCallsStatsService$LifeCycle
03-14 03:53:37.045 D/SystemServerTiming( 1017): ssm.onStartUser-0_com.android.server.BinderCallsStatsService$LifeCycle took to complete: 0ms
03-14 03:53:37.045 I/SystemServerTiming( 1017): ssm.onStartUser-0_com.android.server.LooperStatsService$Lifecycle
03-14 03:53:37.045 D/SystemServerTiming( 1017): ssm.onStartUser-0_com.android.server.LooperStatsService$Lifecycle took to complete: 0ms
03-14 03:53:37.045 I/SystemServerTiming( 1017): ssm.onStartUser-0_com.android.server.rollback.RollbackManagerService
03-14 03:53:37.045 D/SystemServerTiming( 1017): ssm.onStartUser-0_com.android.server.rollback.RollbackManagerService took to complete: 0ms
03-14 03:53:37.045 I/SystemServerTiming( 1017): ssm.onStartUser-0_com.android.server.os.NativeTombstoneManagerService
03-14 03:53:37.045 D/SystemServerTiming( 1017): ssm.onStartUser-0_com.android.server.os.NativeTombstoneManagerService took to complete: 0ms
03-14 03:53:37.045 I/SystemServerTiming( 1017): ssm.onStartUser-0_com.android.server.os.BugreportManagerService
03-14 03:53:37.045 D/SystemServerTiming( 1017): ssm.onStartUser-0_com.android.server.os.BugreportManagerService took to complete: 0ms
03-14 03:53:37.045 I/SystemServerTiming( 1017): ssm.onStartUser-0_com.android.server.gpu.GpuService
03-14 03:53:37.045 D/SystemServerTiming( 1017): ssm.onStartUser-0_com.android.server.gpu.GpuService took to complete: 0ms
03-14 03:53:37.045 I/SystemServerTiming( 1017): ssm.onStartUser-0_com.android.server.security.KeyChainSystemService
03-14 03:53:37.045 D/SystemServerTiming( 1017): ssm.onStartUser-0_com.android.server.security.KeyChainSystemService took to complete: 0ms
03-14 03:53:37.045 I/SystemServerTiming( 1017): ssm.onStartUser-0_com.android.server.telecom.TelecomLoaderService
03-14 03:53:37.045 D/SystemServerTiming( 1017): ssm.onStartUser-0_com.android.server.telecom.TelecomLoaderService took to complete: 0ms
03-14 03:53:37.045 I/SystemServerTiming( 1017): ssm.onStartUser-0_com.android.server.accounts.AccountManagerService$Lifecycle
03-14 03:53:37.045 D/SystemServerTiming( 1017): ssm.onStartUser-0_com.android.server.accounts.AccountManagerService$Lifecycle took to complete: 0ms
03-14 03:53:37.045 I/SystemServerTiming( 1017): ssm.onStartUser-0_com.android.server.content.ContentService$Lifecycle
03-14 03:53:37.045 D/SystemServerTiming( 1017): ssm.onStartUser-0_com.android.server.content.ContentService$Lifecycle took to complete: 0ms
03-14 03:53:37.045 I/SystemServerTiming( 1017): ssm.onStartUser-0_com.android.server.DropBoxManagerService
03-14 03:53:37.046 D/SystemServerTiming( 1017): ssm.onStartUser-0_com.android.server.DropBoxManagerService took to complete: 0ms
03-14 03:53:37.046 I/SystemServerTiming( 1017): ssm.onStartUser-0_com.android.role.RoleService
03-14 03:53:37.054 D/SystemServerTiming( 1017): ssm.onStartUser-0_com.android.role.RoleService took to complete: 8ms
03-14 03:53:37.054 I/SystemServerTiming( 1017): ssm.onStartUser-0_com.android.server.vibrator.VibratorManagerService$Lifecycle
03-14 03:53:37.054 D/SystemServerTiming( 1017): ssm.onStartUser-0_com.android.server.vibrator.VibratorManagerService$Lifecycle took to complete: 0ms
03-14 03:53:37.054 I/SystemServerTiming( 1017): ssm.onStartUser-0_com.android.server.alarm.AlarmManagerService
03-14 03:53:37.054 D/SystemServerTiming( 1017): ssm.onStartUser-0_com.android.server.alarm.AlarmManagerService took to complete: 0ms
03-14 03:53:37.054 I/SystemServerTiming( 1017): ssm.onStartUser-0_com.android.server.devicestate.DeviceStateManagerService
03-14 03:53:37.054 D/SystemServerTiming( 1017): ssm.onStartUser-0_com.android.server.devicestate.DeviceStateManagerService took to complete: 0ms
03-14 03:53:37.054 I/SystemServerTiming( 1017): ssm.onStartUser-0_com.android.server.camera.CameraServiceProxy
03-14 03:53:37.064 D/SystemServerTiming( 1017): ssm.onStartUser-0_com.android.server.camera.CameraServiceProxy took to complete: 10ms
03-14 03:53:37.065 I/SystemServerTiming( 1017): ssm.onStartUser-0_com.android.server.BluetoothService
03-14 03:53:37.065 D/SystemServerTiming( 1017): ssm.onStartUser-0_com.android.server.BluetoothService took to complete: 0ms
03-14 03:53:37.065 I/SystemServerTiming( 1017): ssm.onStartUser-0_com.android.server.connectivity.IpConnectivityMetrics
03-14 03:53:37.065 D/SystemServerTiming( 1017): ssm.onStartUser-0_com.android.server.connectivity.IpConnectivityMetrics took to complete: 0ms
03-14 03:53:37.065 I/SystemServerTiming( 1017): ssm.onStartUser-0_com.android.server.net.watchlist.NetworkWatchlistService$Lifecycle
03-14 03:53:37.065 D/SystemServerTiming( 1017): ssm.onStartUser-0_com.android.server.net.watchlist.NetworkWatchlistService$Lifecycle took to complete: 0ms
03-14 03:53:37.065 I/SystemServerTiming( 1017): ssm.onStartUser-0_com.android.server.PinnerService
03-14 03:53:37.065 D/SystemServerTiming( 1017): ssm.onStartUser-0_com.android.server.PinnerService took to complete: 0ms
03-14 03:53:37.065 I/SystemServerTiming( 1017): ssm.onStartUser-0_com.google.android.startop.iorap.IorapForwardingService
03-14 03:53:37.065 D/SystemServerTiming( 1017): ssm.onStartUser-0_com.google.android.startop.iorap.IorapForwardingService took to complete: 0ms
03-14 03:53:37.065 I/SystemServerTiming( 1017): ssm.onStartUser-0_com.android.server.ActivityTriggerService
03-14 03:53:37.065 D/SystemServerTiming( 1017): ssm.onStartUser-0_com.android.server.ActivityTriggerService took to complete: 0ms
03-14 03:53:37.066 I/SystemServerTiming( 1017): ssm.onStartUser-0_com.android.server.integrity.AppIntegrityManagerService
03-14 03:53:37.066 D/SystemServerTiming( 1017): ssm.onStartUser-0_com.android.server.integrity.AppIntegrityManagerService took to complete: 0ms
03-14 03:53:37.066 I/SystemServerTiming( 1017): ssm.onStartUser-0_com.android.server.inputmethod.InputMethodManagerService$Lifecycle
03-14 03:53:37.066 D/SystemServerTiming( 1017): ssm.onStartUser-0_com.android.server.inputmethod.InputMethodManagerService$Lifecycle took to complete: 0ms
03-14 03:53:37.066 I/SystemServerTiming( 1017): ssm.onStartUser-0_com.android.server.accessibility.AccessibilityManagerService$Lifecycle
03-14 03:53:37.066 D/SystemServerTiming( 1017): ssm.onStartUser-0_com.android.server.accessibility.AccessibilityManagerService$Lifecycle took to complete: 0ms
03-14 03:53:37.066 I/SystemServerTiming( 1017): ssm.onStartUser-0_com.android.server.StorageManagerService$Lifecycle
01-01 08:00:50.277 E/ ( 0): INFO: trying to register non-static key.
01-01 08:00:50.282 E/ ( 0): the code is fine but needs lockdep annotation.
01-01 08:00:50.288 I/ ( 0): CPU: 7 PID: 276 Comm: kworker/u16:4 Tainted: G S W O 4.19.157+ #1
01-01 08:00:50.288 I/Hardware name( 0): Qualcomm Technologies, Inc. kona MTP-RmPM8150b. VX1(MCE) EVT1 (DT)
01-01 08:00:50.288 I/Workqueue( 0): events_unbound ion_system_secure_heap_prefetch_work
01-01 08:00:50.288 I/Call trace( 0):
01-01 08:00:50.288 I/ ( 0): dump_backtrace+0x0/0x258
01-01 08:00:50.288 I/ ( 0): show_stack+0x20/0x30
01-01 08:00:50.288 I/ ( 0): dump_stack+0xd8/0x12c
01-01 08:00:50.288 I/ ( 0): register_lock_class+0x4d0/0x5c8
01-01 08:00:50.288 I/ ( 0): __lock_acquire+0xbc/0x1e58
01-01 08:00:50.288 I/ ( 0): lock_acquire+0x1cc/0x218
01-01 08:00:50.288 I/ ( 0): _raw_spin_lock_irqsave+0x54/0x98
01-01 08:00:50.288 I/ ( 0): ion_system_secure_heap_prefetch_work+0x94/0x2c0
01-01 08:00:50.288 I/ ( 0): process_one_work+0x38c/0x660
01-01 08:00:50.288 I/ ( 0): worker_thread+0x268/0x4b8
01-01 08:00:50.288 I/ ( 0): kthread+0x140/0x150
01-01 08:00:50.288 I/ ( 0): ret_from_fork+0x10/0x1c
03-14 03:53:37.071 V/StorageManagerService( 1017): Package com.sohu.inputmethod.sogou.car has legacy storage
03-14 03:53:37.071 V/StorageManagerService( 1017): Package android.frameworkres.overlay does not have legacy storage
03-14 03:53:37.072 V/StorageManagerService( 1017): Package com.android.cts.priv.ctsshim does not have legacy storage
03-14 03:53:37.072 V/StorageManagerService( 1017): Package com.thundercomm.gamemode.provider does not have legacy storage
03-14 03:53:37.072 V/StorageManagerService( 1017): Package com.thundercomm.gamemode does not have legacy storage
03-14 03:53:37.074 V/StorageManagerService( 1017): Package com.thundercomm.microservice does not have legacy storage
03-14 03:53:37.075 V/StorageManagerService( 1017): Package com.android.dynsystem does not have legacy storage
03-14 03:53:37.075 V/StorageManagerService( 1017): Package com.hht.lebocast does not have legacy storage
03-14 03:53:37.075 V/StorageManagerService( 1017): Package com.android.providers.calendar does not have legacy storage
03-14 03:53:37.075 V/StorageManagerService( 1017): Package com.android.providers.media does not have legacy storage
03-14 03:53:37.075 V/StorageManagerService( 1017): Package com.android.internal.systemui.navbar.gestural_wide_back does not have legacy storage
03-14 03:53:37.075 V/StorageManagerService( 1017): Package com.android.wallpapercropper does not have legacy storage
03-14 03:53:37.076 V/StorageManagerService( 1017): Package com.thundercomm.microsettings does not have legacy storage
03-14 03:53:37.076 V/StorageManagerService( 1017): Package com.qualcomm.qti.gpudrivers.kona.api30 does not have legacy storage
03-14 03:53:37.076 V/StorageManagerService( 1017): Package com.android.documentsui does not have legacy storage
03-14 03:53:37.076 V/StorageManagerService( 1017): Package com.android.externalstorage does not have legacy storage
03-14 03:53:37.076 V/StorageManagerService( 1017): Package com.qualcomm.uimremoteclient does not have legacy storage
03-14 03:53:37.076 V/StorageManagerService( 1017): Package com.android.htmlviewer does not have legacy storage
03-14 03:53:37.076 V/StorageManagerService( 1017): Package com.qualcomm.qti.uceShimService does not have legacy storage
03-14 03:53:37.076 V/StorageManagerService( 1017): Package com.android.companiondevicemanager does not have legacy storage
03-14 03:53:37.077 V/StorageManagerService( 1017): Package com.qualcomm.qti.qms.service.connectionsecurity does not have legacy storage
03-14 03:53:37.077 V/StorageManagerService( 1017): Package com.android.providers.downloads does not have legacy storage
03-14 03:53:37.077 V/StorageManagerService( 1017): Package com.android.internal.systemui.onehanded.gestural does not have legacy storage
03-14 03:53:37.077 V/StorageManagerService( 1017): Package vendor.qti.hardware.cacert.server does not have legacy storage
03-14 03:53:37.077 V/StorageManagerService( 1017): Package com.thundercomm.tchttpserver does not have legacy storage
03-14 03:53:37.077 V/StorageManagerService( 1017): Package vendor.qti.iwlan does not have legacy storage
03-14 03:53:37.077 V/StorageManagerService( 1017): Package com.qualcomm.qti.optinoverlay does not have legacy storage
03-14 03:53:37.077 V/StorageManagerService( 1017): Package com.qualcomm.uimremoteserver does not have legacy storage
03-14 03:53:37.078 V/StorageManagerService( 1017): Package com.tc.logclient does not have legacy storage
03-14 03:53:37.078 V/StorageManagerService( 1017): Package android.qvaoverlay.common does not have legacy storage
03-14 03:53:37.078 V/StorageManagerService( 1017): Package com.android.providers.downloads.ui does not have legacy storage
03-14 03:53:37.078 V/StorageManagerService( 1017): Package com.android.pacprocessor does not have legacy storage
03-14 03:53:37.078 V/StorageManagerService( 1017): Package com.android.networkstack does not have legacy storage
03-14 03:53:37.078 V/StorageManagerService( 1017): Package android.overlay.common does not have legacy storage
03-14 03:53:37.079 V/StorageManagerService( 1017): Package com.android.connectivity.resources does not have legacy storage
03-14 03:53:37.079 V/StorageManagerService( 1017): Package com.android.modulemetadata does not have legacy storage
03-14 03:53:37.079 V/StorageManagerService( 1017): Package com.android.certinstaller does not have legacy storage
03-14 03:53:37.079 V/StorageManagerService( 1017): Package android does not have legacy storage
03-14 03:53:37.079 V/StorageManagerService( 1017): Package com.qualcomm.wfd.service does not have legacy storage
03-14 03:53:37.079 V/StorageManagerService( 1017): Package com.thundercomm.tcsetupwizard does not have legacy storage
03-14 03:53:37.079 V/StorageManagerService( 1017): Package ts.car.uart does not have legacy storage
03-14 03:53:37.080 V/StorageManagerService( 1017): Package com.android.egg does not have legacy storage
03-14 03:53:37.080 V/StorageManagerService( 1017): Package com.android.mtp does not have legacy storage
03-14 03:53:37.080 V/StorageManagerService( 1017): Package com.android.nfc does not have legacy storage
03-14 03:53:37.080 V/StorageManagerService( 1017): Package com.android.launcher3 does not have legacy storage
03-14 03:53:37.080 V/StorageManagerService( 1017): Package com.android.backupconfirm does not have legacy storage
03-14 03:53:37.080 V/StorageManagerService( 1017): Package vendor.qti.qesdk.sysservice does not have legacy storage
03-14 03:53:37.080 V/StorageManagerService( 1017): Package com.hryt.hiphishowfsecontrol does not have legacy storage
03-14 03:53:37.080 V/StorageManagerService( 1017): Package com.android.provision does not have legacy storage
03-14 03:53:37.080 V/StorageManagerService( 1017): Package com.thundercomm.debugtools does not have legacy storage
03-14 03:53:37.081 V/StorageManagerService( 1017): Package android.overlay.target does not have legacy storage
03-14 03:53:37.081 V/StorageManagerService( 1017): Package com.microsoft.emmx does not have legacy storage
03-14 03:53:37.081 V/StorageManagerService( 1017): Package com.qti.pasrservice does not have legacy storage
03-14 03:53:37.081 V/StorageManagerService( 1017): Package com.android.settings.intelligence does not have legacy storage
03-14 03:53:37.081 V/StorageManagerService( 1017): Package com.android.internal.systemui.navbar.gestural_extra_wide_back does not have legacy storage
03-14 03:53:37.082 V/StorageManagerService( 1017): Package com.qualcomm.qti.dynamicddsservice does not have legacy storage
03-14 03:53:37.082 V/StorageManagerService( 1017): Package com.qualcomm.qti.xrvd.service does not have legacy storage
03-14 03:53:37.082 V/StorageManagerService( 1017): Package com.android.providers.settings does not have legacy storage
03-14 03:53:37.082 V/StorageManagerService( 1017): Package com.android.sharedstoragebackup does not have legacy storage
03-14 03:53:37.082 V/StorageManagerService( 1017): Package com.android.printspooler does not have legacy storage
03-14 03:53:37.082 V/StorageManagerService( 1017): Package com.qti.qualcomm.mstatssystemservice does not have legacy storage
03-14 03:53:37.082 V/StorageManagerService( 1017): Package com.qualcomm.qti.services.systemhelper does not have legacy storage
03-14 03:53:37.082 V/StorageManagerService( 1017): Package com.android.wifi.resources.overlay.common does not have legacy storage
03-14 03:53:37.083 V/StorageManagerService( 1017): Package com.android.dreams.basic does not have legacy storage
03-14 03:53:37.083 V/StorageManagerService( 1017): Package com.android.webview does not have legacy storage
03-14 03:53:37.083 V/StorageManagerService( 1017): Package com.android.se does not have legacy storage
03-14 03:53:37.084 V/StorageManagerService( 1017): Package com.android.inputdevices does not have legacy storage
03-14 03:53:37.085 V/StorageManagerService( 1017): Package com.android.bips does not have legacy storage
03-14 03:53:37.085 V/StorageManagerService( 1017): Package com.qti.dpmserviceapp does not have legacy storage
03-14 03:53:37.085 V/StorageManagerService( 1017): Package com.thundercomm.remotecontrolservice does not have legacy storage
03-14 03:53:37.085 V/StorageManagerService( 1017): Package com.android.musicfx does not have legacy storage
03-14 03:53:37.085 V/StorageManagerService( 1017): Package com.android.settings.overlay.common does not have legacy storage
03-14 03:53:37.085 V/StorageManagerService( 1017): Package com.qualcomm.qti.qccnetstat does not have legacy storage
03-14 03:53:37.086 V/StorageManagerService( 1017): Package com.example.android.locationattribution does not have legacy storage
03-14 03:53:37.086 V/StorageManagerService( 1017): Package android.ext.shared does not have legacy storage
03-14 03:53:37.086 V/StorageManagerService( 1017): Package com.android.onetimeinitializer does not have legacy storage
03-14 03:53:37.086 V/StorageManagerService( 1017): Package com.android.server.telecom does not have legacy storage
03-14 03:53:37.086 V/StorageManagerService( 1017): Package com.android.keychain does not have legacy storage
03-14 03:53:37.086 V/StorageManagerService( 1017): Package com.qti.snapdragon.qdcm_ff does not have legacy storage
03-14 03:53:37.087 V/StorageManagerService( 1017): Package com.android.wifi.resources.overlay.target does not have legacy storage
03-14 03:53:37.087 V/StorageManagerService( 1017): Package com.android.printservice.recommendation does not have legacy storage
03-14 03:53:37.087 V/StorageManagerService( 1017): Package com.android.gallery3d has legacy storage
03-14 03:53:37.087 W/ActivityManager( 1017): Slow operation: 84ms so far, now at startProcess: returned from zygote!
03-14 03:53:37.088 V/StorageManagerService( 1017): Package android.ext.services does not have legacy storage
03-14 03:53:37.088 V/StorageManagerService( 1017): Package com.android.wifi.resources does not have legacy storage
03-14 03:53:37.088 V/StorageManagerService( 1017): Package com.baidu.input does not have legacy storage
03-14 03:53:37.088 V/StorageManagerService( 1017): Package com.android.systemui.overlay.common does not have legacy storage
03-14 03:53:37.088 V/StorageManagerService( 1017): Package com.android.cameraextensions does not have legacy storage
03-14 03:53:37.088 W/ActivityManager( 1017): Slow operation: 86ms so far, now at startProcess: done updating battery stats
03-14 03:53:37.088 V/StorageManagerService( 1017): Package com.thundercomm.tcservice does not have legacy storage
03-14 03:53:37.089 W/ActivityManager( 1017): Slow operation: 86ms so far, now at startProcess: building log message
03-14 03:53:37.089 I/ActivityManager( 1017): Start proc 2094:com.android.networkstack.process/1073 for service {com.android.networkstack/com.android.server.NetworkStackService}
