01-01 08:00:51.230 I/Hardware name( 0): Qualcomm Technologies, Inc. kona MTP-RmPM8150b. VX1(MCE) EVT1 (DT)
01-01 08:00:51.230 I/Workqueue( 0): events_unbound ion_system_secure_heap_prefetch_work
01-01 08:00:51.230 I/Call trace( 0):
01-01 08:00:51.230 I/ ( 0): dump_backtrace+0x0/0x258
01-01 08:00:51.230 I/ ( 0): show_stack+0x20/0x30
01-01 08:00:51.230 I/ ( 0): dump_stack+0xd8/0x12c
01-01 08:00:51.230 I/ ( 0): register_lock_class+0x4d0/0x5c8
01-01 08:00:51.230 I/ ( 0): __lock_acquire+0xbc/0x1e58
01-01 08:00:51.230 I/ ( 0): lock_acquire+0x1cc/0x218
01-01 08:00:51.230 I/ ( 0): _raw_spin_lock_irqsave+0x54/0x98
01-01 08:00:51.230 I/ ( 0): ion_system_secure_heap_prefetch_work+0x94/0x2c0
03-14 03:53:38.030 D/CompatibilityChangeReporter( 1017): Compat change id reported: 168419799; UID 1000; state: DISABLED
03-14 03:53:38.031 W/ActivityManager( 1017): Slow operation: 861ms so far, now at startProcess: returned from zygote!
03-14 03:53:38.041 W/ActivityManager( 1017): Slow operation: 871ms so far, now at startProcess: done updating battery stats
03-14 03:53:38.041 W/ActivityManager( 1017): Slow operation: 871ms so far, now at startProcess: building log message
03-14 03:53:38.041 I/ActivityManager( 1017): Start proc 2309:com.tc.logclient/1000 for added application com.tc.logclient
03-14 03:53:38.041 W/ActivityManager( 1017): Slow operation: 871ms so far, now at startProcess: starting to update pids map
03-14 03:53:38.041 W/ActivityManager( 1017): Slow operation: 871ms so far, now at startProcess: done updating pids map
03-14 03:53:38.041 W/ActivityManager( 1017): Slow operation: 871ms so far, now at startProcess: asking zygote to start proc
03-14 03:53:38.058 D/CompatibilityChangeReporter( 1017): Compat change id reported: 168419799; UID 1000; state: DISABLED
03-14 03:53:38.074 D/CompatibilityChangeReporter( 1017): Compat change id reported: 168419799; UID 10060; state: DISABLED
03-14 03:53:38.124 D/CompatibilityChangeReporter( 1017): Compat change id reported: 168419799; UID 1000; state: DISABLED
01-01 08:00:51.230 I/ ( 0): process_one_work+0x38c/0x660
01-01 08:00:51.230 I/ ( 0): worker_thread+0x268/0x4b8
01-01 08:00:51.230 I/ ( 0): kthread+0x140/0x150
01-01 08:00:51.230 I/ ( 0): ret_from_fork+0x10/0x1c
01-01 08:00:51.243 E/ ( 0): INFO: trying to register non-static key.
01-01 08:00:51.248 E/ ( 0): the code is fine but needs lockdep annotation.
01-01 08:00:51.254 I/ ( 0): CPU: 6 PID: 276 Comm: kworker/u16:4 Tainted: G S W O 4.19.157+ #1
01-01 08:00:51.254 I/Hardware name( 0): Qualcomm Technologies, Inc. kona MTP-RmPM8150b. VX1(MCE) EVT1 (DT)
01-01 08:00:51.254 I/Workqueue( 0): events_unbound ion_system_secure_heap_prefetch_work
01-01 08:00:51.254 I/Call trace( 0):
01-01 08:00:51.254 I/ ( 0): dump_backtrace+0x0/0x258
01-01 08:00:51.254 I/ ( 0): show_stack+0x20/0x30
01-01 08:00:51.254 I/ ( 0): dump_stack+0xd8/0x12c
01-01 08:00:51.254 I/ ( 0): register_lock_class+0x4d0/0x5c8
01-01 08:00:51.254 I/ ( 0): __lock_acquire+0xbc/0x1e58
01-01 08:00:51.254 I/ ( 0): lock_acquire+0x1cc/0x218
01-01 08:00:51.254 I/ ( 0): _raw_spin_lock_irqsave+0x54/0x98
01-01 08:00:51.254 I/ ( 0): ion_system_secure_heap_prefetch_work+0x94/0x2c0
01-01 08:00:51.254 I/ ( 0): process_one_work+0x38c/0x660
01-01 08:00:51.254 I/ ( 0): worker_thread+0x268/0x4b8
01-01 08:00:51.254 I/ ( 0): kthread+0x140/0x150
01-01 08:00:51.254 I/ ( 0): ret_from_fork+0x10/0x1c
01-01 08:00:51.254 E/ ( 0): INFO: trying to register non-static key.
01-01 08:00:51.259 E/ ( 0): the code is fine but needs lockdep annotation.
01-01 08:00:51.263 I/msm_vidc( 0): high: 00000001: ....d: Opening video instance: ffffffc179cc8000, 1
01-01 08:00:51.265 I/ ( 0): CPU: 6 PID: 276 Comm: kworker/u16:4 Tainted: G S W O 4.19.157+ #1
01-01 08:00:51.265 I/Hardware name( 0): Qualcomm Technologies, Inc. kona MTP-RmPM8150b. VX1(MCE) EVT1 (DT)
01-01 08:00:51.265 I/Workqueue( 0): events_unbound ion_system_secure_heap_prefetch_work
01-01 08:00:51.265 I/Call trace( 0):
01-01 08:00:51.265 I/ ( 0): dump_backtrace+0x0/0x258
01-01 08:00:51.265 I/ ( 0): show_stack+0x20/0x30
01-01 08:00:51.265 I/ ( 0): dump_stack+0xd8/0x12c
01-01 08:00:51.265 I/ ( 0): register_lock_class+0x4d0/0x5c8
01-01 08:00:51.265 I/ ( 0): __lock_acquire+0xbc/0x1e58
01-01 08:00:51.265 I/ ( 0): lock_acquire+0x1cc/0x218
01-01 08:00:51.265 I/ ( 0): _raw_spin_lock_irqsave+0x54/0x98
01-01 08:00:51.265 I/ ( 0): ion_system_secure_heap_prefetch_work+0x48/0x2c0
01-01 08:00:51.265 I/ ( 0): process_one_work+0x38c/0x660
01-01 08:00:51.265 I/ ( 0): worker_thread+0x33c/0x4b8
01-01 08:00:51.265 I/ ( 0): kthread+0x140/0x150
01-01 08:00:51.265 I/ ( 0): ret_from_fork+0x10/0x1c
01-01 08:00:51.318 I/binder ( 0): 2309:2309 ioctl 40046210 7fecc80914 returned -22
01-01 08:00:51.356 E/init ( 0): Control message: Could not find 'vendor.qti.hardware.iop@2.0::IIop/default' for ctl.interface_start from pid: 506 (/system/bin/hwservicemanager)
01-01 08:00:51.412 D/cnss ( 0): MHI status cb is called with reason MISSION_MODE(6)
01-01 08:00:51.418 D/cnss ( 0): Completed event: REGISTER_DRIVER(7), state: 0x10, ret: 0/0
01-01 08:00:51.418 D/cnss ( 0): PM relax, state: 0x10, count: 0
01-01 08:00:51.418 D/cnss ( 0): PM stay awake, state: 0x10, count: 1
01-01 08:00:51.418 D/cnss ( 0): PM relax, state: 0x10, count: 0
01-01 08:00:51.448 E/register_client_adhoc( 0): find path.src 1 dest 589
03-14 03:53:38.208 W/ActivityManager( 1017): Slow operation: 1037ms so far, now at startProcess: returned from zygote!
03-14 03:53:38.210 W/ActivityManager( 1017): Slow operation: 1039ms so far, now at startProcess: done updating battery stats
03-14 03:53:38.210 W/ActivityManager( 1017): Slow operation: 1039ms so far, now at startProcess: building log message
03-14 03:53:38.210 I/ActivityManager( 1017): Start proc 2345:com.android.networkstack.process/1073 for added application com.android.networkstack.process
03-14 03:53:38.210 W/ActivityManager( 1017): Slow operation: 1039ms so far, now at startProcess: starting to update pids map
03-14 03:53:38.210 W/ActivityManager( 1017): Slow operation: 1040ms so far, now at startProcess: done updating pids map
03-14 03:53:38.210 W/ActivityManager( 1017): Slow operation: 1040ms so far, now at startProcess: asking zygote to start proc
03-14 03:53:38.226 D/SystemUIBootTiming( 2013): DependencyInjection took to complete: 1ms
01-01 08:00:51.451 E/register_client_adhoc( 0): Failed to find path.src 1 dest 589
01-01 08:00:51.460 E/init ( 0): Control message: Could not find 'vendor.qti.hardware.iop@2.0::IIop/default' for ctl.interface_start from pid: 506 (/system/bin/hwservicemanager)
01-01 08:00:51.479 E/ ( 0): [drm:dp_display_init_aux_switch][msm-dp-err][22 ]failed to register notifier (-22)
01-01 08:00:51.489 I/binder ( 0): 2222:2364 ioctl 40046210 7461967344 returned -22
01-01 08:00:51.496 I/binder ( 0): 2345:2345 ioctl 40046210 7fecc80914 returned -22
01-01 08:00:51.509 E/init ( 0): Control message: Could not find 'vendor.qti.hardware.iop@2.0::IIop/default' for ctl.interface_start from pid: 506 (/system/bin/hwservicemanager)
03-14 03:53:38.306 D/SystemUIBootTiming( 2013): StartServicescom.android.systemui.util.NotificationChannels took to complete: 5ms
01-01 08:00:51.571 E/swr-wcd rx_swr_ctrl( 0): swrm_get_logical_dev_num: device 0xd01170224 is not ready
03-14 03:53:38.305 W/Looper ( 1017): Slow dispatch took 475ms main h=android.app.ActivityThread$H c=android.app.LoadedApk$ReceiverDispatcher$Args$$ExternalSyntheticLambda0@812b9d5 m=0
03-14 03:53:38.309 W/ActivityManager( 1017): Slow operation: 1138ms so far, now at startProcess: returned from zygote!
03-14 03:53:38.310 W/ActivityManager( 1017): Slow operation: 1139ms so far, now at startProcess: done updating battery stats
03-14 03:53:38.310 W/ActivityManager( 1017): Slow operation: 1139ms so far, now at startProcess: building log message
03-14 03:53:38.310 I/ActivityManager( 1017): Start proc 2386:com.thundercomm.tcsetupwizard/1000 for added application com.thundercomm.tcsetupwizard
03-14 03:53:38.310 W/ActivityManager( 1017): Slow operation: 1139ms so far, now at startProcess: starting to update pids map
03-14 03:53:38.310 W/ActivityManager( 1017): Slow operation: 1139ms so far, now at startProcess: done updating pids map
03-14 03:53:38.310 W/ActivityManager( 1017): Slow operation: 1138ms so far, now at startProcess: asking zygote to start proc
03-14 03:53:38.311 D/ConditionProviders.SCP( 1017): onSubscribe condition://android/schedule?days=1.2.3.4.5.6.7&start=22.0&end=7.0&exitAtAlarm=true
03-14 03:53:38.313 D/ConditionProviders.SCP( 1017): setRegistered true
03-14 03:53:38.314 D/ConditionProviders.SCP( 1017): evaluateSubscriptionLocked cal=ScheduleCalendar[mDays={1, 2, 3, 4, 5, 6, 7}, mSchedule=ScheduleInfo{days=[1, 2, 3, 4, 5, 6, 7], startHour=22, startMinute=0, endHour=7, endMinute=0, exitAtAlarm=true, nextAlarm=Thu Jan 01 08:00:00 GMT+08:00 1970 (0)}], now=Tue Mar 14 03:53:38 GMT+08:00 2023 (1678737218312), nextUserAlarmTime=Thu Jan 01 08:00:00 GMT+08:00 1970 (0)
03-14 03:53:38.315 D/ConditionProviders.SCP( 1017): notifyCondition condition://android/schedule?days=1.2.3.4.5.6.7&start=22.0&end=7.0&exitAtAlarm=true STATE_TRUE reason=meetsSchedule
03-14 03:53:38.322 D/ConditionProviders.SCP( 1017): Scheduling evaluate for Tue Mar 14 07:00:00 GMT+08:00 2023 (1678748400000), in +3h6m21s688ms, now=Tue Mar 14 03:53:38 GMT+08:00 2023 (1678737218312)
01-01 08:00:51.573 E/init ( 0): Control message: Could not find 'vendor.qti.hardware.iop@2.0::IIop/default' for ctl.interface_start from pid: 506 (/system/bin/hwservicemanager)
01-01 08:00:51.582 E/swr_get_logical_dev_num( 0): Error -22 to get logical addr for device d01170224
01-01 08:00:51.586 I/binder ( 0): 2386:2386 ioctl 40046210 7fecc80914 returned -22
01-01 08:00:51.601 E/init ( 0): Control message: Could not find 'vendor.qti.hardware.iop@2.0::IIop/default' for ctl.interface_start from pid: 506 (/system/bin/hwservicemanager)
01-01 08:00:51.606 E/swr-wcd rx_swr_ctrl( 0): swrm_get_logical_dev_num: device 0xd01170224 is not ready
01-01 08:00:51.606 E/swr_get_logical_dev_num( 0): Error -22 to get logical addr for device d01170224
01-01 08:00:51.607 E/swr-wcd rx_swr_ctrl( 0): swrm_get_logical_dev_num: device 0xd01170224 is not ready
01-01 08:00:51.638 E/init ( 0): Control message: Could not find 'vendor.qti.hardware.iop@2.0::IIop/default' for ctl.interface_start from pid: 506 (/system/bin/hwservicemanager)
01-01 08:00:51.640 E/swr_get_logical_dev_num( 0): Error -22 to get logical addr for device d01170224
03-14 03:53:38.378 D/BluetoothManagerService( 1017): Bluetooth Adapter name changed to 高合娱乐副屏 by android
03-14 03:53:38.378 D/BluetoothManagerService( 1017): Stored Bluetooth name: 高合娱乐副屏
03-14 03:53:38.380 E/NativeTombstoneManager( 1017): Tombstone's UID (1000) not an app, ignoring
03-14 03:53:38.381 I/DropBoxManagerService( 1017): add tag=SYSTEM_TOMBSTONE_PROTO isTagEnabled=true flags=0x4
03-14 03:53:38.386 D/CompatibilityChangeReporter( 1017): Compat change id reported: 168419799; UID 1073; state: DISABLED
03-14 03:53:38.395 D/CompatibilityChangeReporter( 1017): Compat change id reported: 168419799; UID 1073; state: DISABLED
03-14 03:53:38.434 W/ActivityManager( 1017): Slow operation: 58ms so far, now at attachApplicationLocked: after mServices.attachApplicationLocked
03-14 03:53:38.452 D/CompatibilityChangeReporter( 1017): Compat change id reported: 168419799; UID 1000; state: DISABLED
01-01 08:00:51.675 E/swr-wcd rx_swr_ctrl( 0): swrm_get_logical_dev_num: device 0xd01170224 is not ready
03-14 03:53:38.462 W/ActivityManager( 1017): Slow operation: 1291ms so far, now at startProcess: returned from zygote!
03-14 03:53:38.463 W/ActivityManager( 1017): Slow operation: 1291ms so far, now at startProcess: done updating battery stats
03-14 03:53:38.463 W/ActivityManager( 1017): Slow operation: 1291ms so far, now at startProcess: building log message
03-14 03:53:38.463 I/ActivityManager( 1017): Start proc 2411:vendor.qti.qesdk.sysservice/1000 for added application vendor.qti.qesdk.sysservice
03-14 03:53:38.463 W/ActivityManager( 1017): Slow operation: 1291ms so far, now at startProcess: starting to update pids map
03-14 03:53:38.463 W/ActivityManager( 1017): Slow operation: 1291ms so far, now at startProcess: done updating pids map
03-14 03:53:38.463 W/ActivityManager( 1017): Slow operation: 1289ms so far, now at startProcess: asking zygote to start proc
03-14 03:53:38.463 D/CompatibilityChangeReporter( 1017): Compat change id reported: 143937733; UID 10086; state: DISABLED
03-14 03:53:38.463 W/ActivityThread( 1017): Failed to find provider info for com.android.calendar (user not unlocked)
03-14 03:53:38.468 W/ActivityThread( 1017): Failed to find provider info for com.android.calendar (user not unlocked)
01-01 08:00:51.686 E/swr_get_logical_dev_num( 0): Error -22 to get logical addr for device d01170224
01-01 08:00:51.710 E/swr-wcd rx_swr_ctrl( 0): swrm_get_logical_dev_num: device 0xd01170224 is not ready
01-01 08:00:51.722 E/swr_get_logical_dev_num( 0): Error -22 to get logical addr for device d01170224
01-01 08:00:51.731 E/wcd938x_codec wcd938x-codec( 0): wcd938x_bind: Slave bind failed, ret = -517
01-01 08:00:51.743 I/binder ( 0): 2411:2411 ioctl 40046210 7fecc80914 returned -22
01-01 08:00:51.745 E/register_client_adhoc( 0): find path.src 1 dest 589
01-01 08:00:51.746 E/register_client_adhoc( 0): Failed to find path.src 1 dest 589
01-01 08:00:51.761 E/ ( 0): [drm:dp_display_init_aux_switch][msm-dp-err][22 ]failed to register notifier (-22)
01-01 08:00:51.761 D/cnss ( 0): WLFW server arriving: node 7 port 1
01-01 08:00:51.785 D/cnss ( 0): Posting event: SERVER_ARRIVE(0), state: 0x10 flags: 0x0
01-01 08:00:51.785 D/cnss ( 0): PM stay awake, state: 0x10, count: 1
01-01 08:00:51.785 D/cnss ( 0): PM relax, state: 0x10, count: 0
01-01 08:00:51.785 D/cnss ( 0): PM stay awake, state: 0x10, count: 1
01-01 08:00:51.785 D/cnss ( 0): Processing driver event: SERVER_ARRIVE(0), state: 0x10
01-01 08:00:51.785 I/cnss ( 0): QMI WLFW service connected, state: 0x11
01-01 08:00:51.788 D/cnss ( 0): Sending indication register message, state: 0x11
01-01 08:00:51.813 D/cnss ( 0): Sending host capability message, state: 0x11
01-01 08:00:51.813 D/cnss ( 0): Number of clients is 2
01-01 08:00:51.813 D/cnss ( 0): Assign MSI to user: WAKE, num_vectors: 1, user_base_data: 813, base_vector: 13
01-01 08:00:51.813 D/cnss ( 0): WAKE MSI base data is 813
01-01 08:00:51.813 D/cnss ( 0): Calibration done is 1
01-01 08:00:51.813 D/cnss ( 0): Sending iova starting 0xa0000000 with size 0x10010000
03-14 03:53:38.563 W/BluetoothManagerService( 1017): bindBluetoothProfileService:Trying to bind to profile: 1, while Bluetooth is disabled
03-14 03:53:38.568 D/CompatibilityChangeReporter( 1017): Compat change id reported: 168419799; UID 1000; state: DISABLED
03-14 03:53:38.570 D/SystemUIBootTiming( 2013): StartServicescom.android.systemui.keyguard.KeyguardViewMediator took to complete: 264ms
03-14 03:53:38.584 I/Telecom ( 1017): BluetoothRouteManager: getBluetoothAudioConnectedDevice: no service available.
03-14 03:53:38.586 W/ActivityManager( 1017): Slow operation: 1413ms so far, now at startProcess: returned from zygote!
03-14 03:53:38.594 W/ContextImpl( 2209): Calling a method in the system process without a qualified user: android.app.ContextImpl.startService:1816 android.content.ContextWrapper.startService:774 com.thundercomm.microsettings.service.SettingsApplication.onCreate:30 android.app.Instrumentation.callApplicationOnCreate:1212 android.app.ActivityThread.handleBindApplication:6744
03-14 03:53:38.619 W/ActivityManager( 1017): Slow operation: 55ms so far, now at attachApplicationLocked: after updateOomAdjLocked
01-01 08:00:51.827 E/init ( 0): Control message: Could not find 'vendor.qti.hardware.iop@2.0::IIop/default' for ctl.interface_start from pid: 506 (/system/bin/hwservicemanager)
01-01 08:00:51.840 I/binder ( 0): 2013:2444 ioctl 40046210 74518c0124 returned -22
01-01 08:00:51.853 D/cnss ( 0): PM relax, state: 0x11, count: 0
03-14 03:53:38.632 W/ActivityManager( 1017): Slow operation: 1458ms so far, now at startProcess: done updating battery stats
03-14 03:53:38.632 W/ActivityManager( 1017): Slow operation: 1459ms so far, now at startProcess: building log message
03-14 03:53:38.632 I/ActivityManager( 1017): Start proc 2441:com.qti.qualcomm.mstatssystemservice/u0a86 for added application com.qti.qualcomm.mstatssystemservice
03-14 03:53:38.632 W/ActivityManager( 1017): Slow operation: 1459ms so far, now at startProcess: starting to update pids map
03-14 03:53:38.633 W/ActivityManager( 1017): Slow operation: 1459ms so far, now at startProcess: done updating pids map
03-14 03:53:38.633 W/ActivityManager( 1017): Slow operation: 1455ms so far, now at startProcess: asking zygote to start proc
03-14 03:53:38.637 W/ActivityManager( 1017): Unable to start service Intent { act=com.thundercomm.microsettings.SETTING_SERVICE pkg=com.thundercomm.microsettings } U=0: not found
03-14 03:53:38.638 I/Telecom ( 1017): SystemStateHelper: Registering broadcast receiver: android.content.IntentFilter@483305b: TS.init@AAA
03-14 03:53:38.638 I/Telecom ( 1017): SystemStateHelper: Registering broadcast receiver: android.content.IntentFilter@5f980f8: TS.init@AAA
03-14 03:53:38.638 W/ContextImpl( 2209): Calling a method in the system process without a qualified user: android.app.ContextImpl.startService:1816 android.content.ContextWrapper.startService:774 com.thundercomm.microsettings.service.SettingsApplication.onCreate:36 android.app.Instrumentation.callApplicationOnCreate:1212 android.app.ActivityThread.handleBindApplication:6744
03-14 03:53:38.639 W/ActivityManager( 1017): Unable to start service Intent { act=com.thundercomm.microsettings.EOL_SERVICE pkg=com.thundercomm.microsettings } U=0: not found
03-14 03:53:38.644 D/MicroServiceManager( 2209): add linkToDeath
03-14 03:53:38.644 D/MicroServiceManager( 2209): bindMicroService: called already get service
03-14 03:53:38.656 D/CompatibilityChangeReporter( 1017): Compat change id reported: 135634846; UID 10081; state: DISABLED
03-14 03:53:38.646 I/MicroServiceManager( 2209): addCommonCallbackListener add listener
03-14 03:53:38.659 I/MicroServiceManager( 2209): addConnectChangedListener add listener
03-14 03:53:38.666 D/CompatibilityChangeReporter( 1017): Compat change id reported: 177438394; UID 10081; state: DISABLED
03-14 03:53:38.667 D/CompatibilityChangeReporter( 1017): Compat change id reported: 135772972; UID 10081; state: DISABLED
03-14 03:53:38.667 D/CompatibilityChangeReporter( 1017): Compat change id reported: 135754954; UID 10081; state: ENABLED
03-14 03:53:38.668 D/SystemUIBootTiming( 2013): StartServicescom.android.systemui.recents.Recents took to complete: 98ms
01-01 08:00:51.884 E/init ( 0): Control message: Could not find 'vendor.qti.hardware.iop@2.0::IIop/default' for ctl.interface_start from pid: 506 (/system/bin/hwservicemanager)
01-01 08:00:51.890 I/binder ( 0): 2441:2441 ioctl 40046210 7fecc80914 returned -22
03-14 03:53:38.683 I/Telecom ( 1017): Logging.Events: Non-call EVENT: AUDIO_ROUTE, Entering state QuiescentEarpieceRoute
03-14 03:53:38.684 I/Telecom ( 1017): BluetoothRouteManager: getBluetoothAudioConnectedDevice: no service available.
03-14 03:53:38.705 D/CompatibilityChangeReporter( 1017): Compat change id reported: 168419799; UID 10086; state: DISABLED
03-14 03:53:38.714 I/Telecom ( 1017): CallAudioModeStateMachine: Message received: null.: TS.init->CAMSM.pM_1@AAA
03-14 03:53:38.716 W/ActivityManager( 1017): Slow operation: 1538ms so far, now at startProcess: returned from zygote!
03-14 03:53:38.716 W/ActivityManager( 1017): Slow operation: 1538ms so far, now at startProcess: done updating battery stats
03-14 03:53:38.716 W/ActivityManager( 1017): Slow operation: 1538ms so far, now at startProcess: building log message
03-14 03:53:38.716 I/ActivityManager( 1017): Start proc 2479:com.android.se/1068 for added application com.android.se
03-14 03:53:38.716 W/ActivityManager( 1017): Slow operation: 1538ms so far, now at startProcess: starting to update pids map
03-14 03:53:38.716 W/ActivityManager( 1017): Slow operation: 1539ms so far, now at startProcess: done updating pids map
03-14 03:53:38.716 W/ActivityManager( 1017): Slow operation: 1537ms so far, now at startProcess: asking zygote to start proc
03-14 03:53:38.732 I/Telecom ( 1017): MissedCallNotifierImpl: reloadFromDatabase: Boot not yet complete -- call log db may not be available. Deferring loading until boot complete for user 0: TS.init@AAA
03-14 03:53:38.771 E/NativeTombstoneManager( 1017): Tombstone's UID (1000) not an app, ignoring
01-01 08:00:51.916 E/init ( 0): Control message: Could not find 'vendor.qti.hardware.iop@2.0::IIop/default' for ctl.interface_start from pid: 506 (/system/bin/hwservicemanager)
03-14 03:53:38.778 D/CountryDetector( 1017): Using custom country detector class: com.android.server.location.ComprehensiveCountryDetector
03-14 03:53:38.778 E/CountryDetector( 1017): Could not instantiate the custom country detector class
03-14 03:53:38.778 D/CountryDetector( 1017): Using default country detector
03-14 03:53:38.781 I/Telecom ( 1017): MissedCallNotifierImpl: reloadFromDatabase: Boot not yet complete -- call log db may not be available. Deferring loading until boot complete for user 0: TS.init@AAA
01-01 08:00:52.000 E/init ( 0): Control message: Could not find 'vendor.qti.hardware.iop@2.0::IIop/default' for ctl.interface_start from pid: 506 (/system/bin/hwservicemanager)
03-14 03:53:38.785 I/Telecom ( 1017): Class: TelecomSystem.INSTANCE being set
03-14 03:53:38.795 D/SystemUIBootTiming( 2013): StartServicescom.android.systemui.volume.VolumeUI took to complete: 126ms
01-01 08:00:52.025 I/binder ( 0): 2479:2479 ioctl 40046210 7fecc80914 returned -22
03-14 03:53:38.808 I/DropBoxManagerService( 1017): add tag=SYSTEM_TOMBSTONE_PROTO isTagEnabled=true flags=0x4
03-14 03:53:38.808 D/CompatibilityChangeReporter( 1017): Compat change id reported: 182478738; UID 1073; state: DISABLED
03-14 03:53:38.808 W/Looper ( 1017): Slow dispatch took 430ms main h=android.app.ActivityThread$H c=android.app.LoadedApk$ServiceDispatcher$RunConnection@9477dc6 m=0
03-14 03:53:38.809 I/AutofillManagerService( 1017): Updating for user 0: disabled=false
03-14 03:53:38.810 D/BluetoothManagerService( 1017): BluetoothServiceConnection: com.android.bluetooth.btservice.AdapterService
03-14 03:53:38.810 D/BluetoothManagerService( 1017): MESSAGE_BLUETOOTH_SERVICE_CONNECTED: 1
03-14 03:53:38.823 D/BluetoothManagerService( 1017): MESSAGE_INFORM_ADAPTER_SERVICE_UP
03-14 03:53:38.823 D/BluetoothManagerService( 1017): Broadcasting onBluetoothServiceUp() to 3 receivers.
03-14 03:53:38.826 D/BluetoothManagerService( 1017): MESSAGE_BLUETOOTH_STATE_CHANGE: OFF > BLE_TURNING_ON
03-14 03:53:38.826 D/BluetoothManagerService( 1017): Sending BLE State Change: OFF > BLE_TURNING_ON
03-14 03:53:38.833 I/Telecom ( 1017): WiredHeadsetManager: ACTION_HEADSET_PLUG event, plugged in: false, : WHC.oADA@AAE
03-14 03:53:38.834 I/ConnectivityModuleConnector( 1017): Networking module service connected
03-14 03:53:38.835 D/CompatibilityChangeReporter( 1017): Compat change id reported: 168419799; UID 1068; state: DISABLED
03-14 03:53:38.850 D/MicroServiceManager( 1017): add linkToDeath
03-14 03:53:38.850 D/MicroServiceManager( 1017): bindMicroService: called already get service
03-14 03:53:38.852 I/GameModeConfig( 1017): isGameModeOn = false
03-14 03:53:38.855 W/NotificationHistory( 1017): Attempted to add notif for locked/gone/disabled user 0
03-14 03:53:38.856 D/CompanionDeviceManagerService( 1017): Received BT state transition broadcast: OFF -> BLE_TURNING_ON
03-14 03:53:38.856 I/ConnectivityModuleConnector( 1017): Networking module service connected
03-14 03:53:38.857 W/Looper ( 1017): Drained
03-14 03:53:38.863 D/CompatibilityChangeReporter( 1017): Compat change id reported: 168419799; UID 1002; state: DISABLED
03-14 03:53:38.865 I/DropBoxManagerService( 1017): add tag=system_server_strictmode isTagEnabled=true flags=0x2
03-14 03:53:38.867 W/ActivityManager( 1017): Slow operation: 1687ms so far, now at startProcess: returned from zygote!
03-14 03:53:38.867 W/ActivityManager( 1017): Slow operation: 1688ms so far, now at startProcess: done updating battery stats
03-14 03:53:38.867 W/ActivityManager( 1017): Slow operation: 1688ms so far, now at startProcess: building log message
03-14 03:53:38.867 I/ActivityManager( 1017): Start proc 2507:com.thundercomm.remotecontrolservice/1000 for added application com.thundercomm.remotecontrolservice
03-14 03:53:38.867 W/ActivityManager( 1017): Slow operation: 1688ms so far, now at startProcess: starting to update pids map
03-14 03:53:38.868 W/ActivityManager( 1017): Slow operation: 1688ms so far, now at startProcess: done updating pids map
03-14 03:53:38.868 W/ActivityManager( 1017): Slow operation: 1687ms so far, now at startProcess: asking zygote to start proc
03-14 03:53:38.872 I/DropBoxManagerService( 1017): add tag=system_server_strictmode isTagEnabled=true flags=0x2
03-14 03:53:38.873 I/DropBoxManagerService( 1017): add tag=system_server_strictmode isTagEnabled=true flags=0x2
03-14 03:53:38.914 E/NativeTombstoneManager( 1017): Tombstone's UID (1000) not an app, ignoring
03-14 03:53:38.915 I/DropBoxManagerService( 1017): add tag=SYSTEM_TOMBSTONE_PROTO isTagEnabled=true flags=0x4
01-01 08:00:52.186 E/bt_ioctl( 0): BT_CMD_PWR_CTRL pwr_cntrl:0
03-14 03:53:38.918 W/ActivityManager( 1017): Slow operation: 1737ms so far, now at startProcess: returned from zygote!
03-14 03:53:38.919 W/ActivityManager( 1017): Slow operation: 1738ms so far, now at startProcess: done updating battery stats
03-14 03:53:38.919 W/ActivityManager( 1017): Slow operation: 1738ms so far, now at startProcess: building log message
03-14 03:53:38.919 I/ActivityManager( 1017): Start proc 2517:com.thundercomm.tcservice/1000 for added application com.thundercomm.tcservice
03-14 03:53:38.919 W/ActivityManager( 1017): Slow operation: 1738ms so far, now at startProcess: starting to update pids map
03-14 03:53:38.919 I/DropBoxManagerService( 1017): add tag=system_app_strictmode isTagEnabled=true flags=0x2
03-14 03:53:38.919 W/ActivityManager( 1017): Slow operation: 1738ms so far, now at startProcess: done updating pids map
03-14 03:53:38.920 W/ActivityManager( 1017): Slow operation: 1738ms so far, now at startProcess: asking zygote to start proc
03-14 03:53:38.920 D/CompatibilityChangeReporter( 1017): Compat change id reported: 143937733; UID 10070; state: ENABLED
01-01 08:00:52.193 E/bt_ioctl( 0): BT state already:0 no change done
01-01 08:00:52.193 I/binder ( 0): 2479:2479 ioctl 40046210 7fecc7f8c4 returned -22
01-01 08:00:52.197 I/binder ( 0): 2517:2517 ioctl 40046210 7fecc80914 returned -22
01-01 08:00:52.202 E/bt_ioctl( 0): BT_CMD_PWR_CTRL pwr_cntrl:1
03-14 03:53:38.939 I/DropBoxManagerService( 1017): add tag=system_app_strictmode isTagEnabled=true flags=0x2
03-14 03:53:38.944 I/DropBoxManagerService( 1017): add tag=system_app_strictmode isTagEnabled=true flags=0x2
03-14 03:53:38.948 I/DropBoxManagerService( 1017): add tag=system_app_strictmode isTagEnabled=true flags=0x2
01-01 08:00:52.213 I/binder ( 0): 2507:2507 ioctl 40046210 7fecc80914 returned -22
01-01 08:00:52.215 I/bt_power vendor( 0): bt_qca6390: Linked as a consumer to regulator.9
01-01 08:00:52.215 E/bt_vreg_enable( 0): vreg_en successful for : qca,bt-vdd-aon
01-01 08:00:52.224 I/bt_power vendor( 0): bt_qca6390: Linked as a consumer to regulator.51
01-01 08:00:52.224 E/bt_vreg_enable( 0): vreg_en successful for : qca,bt-vdd-dig
01-01 08:00:52.232 I/bt_power vendor( 0): bt_qca6390: Linked as a consumer to regulator.8
01-01 08:00:52.233 E/bt_vreg_enable( 0): vreg_en successful for : qca,bt-vdd-rfa1
01-01 08:00:52.242 I/bt_power vendor( 0): bt_qca6390: Linked as a consumer to regulator.36
01-01 08:00:52.242 E/bt_vreg_enable( 0): vreg_en successful for : qca,bt-vdd-rfa2
03-14 03:53:38.996 D/CompatibilityChangeReporter( 1017): Compat change id reported: 168419799; UID 1000; state: DISABLED
01-01 08:00:52.249 I/bt_power vendor( 0): bt_qca6390: Linked as a consumer to regulator.27
01-01 08:00:52.258 E/bt_vreg_enable( 0): vreg_en successful for : qca,bt-vdd-asd
01-01 08:00:52.320 I/bt_configure_gpios( 0): BTON:Turn Bt Off bt-reset-gpio(1121) value(0)
01-01 08:00:52.320 I/bt_configure_gpios( 0): BTON:Turn Bt Off
01-01 08:00:52.320 I/bt_configure_gpios( 0): bt-sw-ctrl-gpio(1224) value(1)
01-01 08:00:52.320 I/bt_enable_bt_reset_gpios_safely( 0): bt_enable_bt_reset_gpios_safely: BTON:Turn Bt On
01-01 08:00:52.320 I/bt_enable_bt_reset_gpios_safely( 0): bt_enable_bt_reset_gpios_safely: wl-reset-gpio(1120) value(1)
01-01 08:00:52.321 I/bt_enable_bt_reset_gpios_safely( 0): bt_enable_bt_reset_gpios_safely: BTON: Asserting BT_EN
01-01 08:00:52.333 I/binder ( 0): 2517:2517 ioctl 40046210 7fecc7f484 returned -22
01-01 08:00:52.377 I/bt_configure_gpios( 0): BTON:Turn Bt On bt-reset-gpio(1121) value(1)
03-14 03:53:39.002 W/ActivityManager( 1017): Slow operation: 1820ms so far, now at startProcess: returned from zygote!
03-14 03:53:39.002 W/ActivityManager( 1017): Slow operation: 1820ms so far, now at startProcess: done updating battery stats
01-01 08:00:52.377 I/bt_configure_gpios( 0): BTON:Turn Bt On
01-01 08:00:52.377 I/bt_configure_gpios( 0): bt-sw-ctrl-gpio(1224) value(1)
01-01 08:00:52.377 I/bt_configure_gpios( 0): bt_gpio= 1121 on: 1 is successful
01-01 08:00:52.377 I/binder ( 0): 2561:2561 ioctl 40046210 7fecc80914 returned -22
03-14 03:53:39.002 W/ActivityManager( 1017): Slow operation: 1820ms so far, now at startProcess: building log message
01-01 08:00:52.421 E/bt_ioctl( 0): unified Current SOC Version : 400a0200
01-01 08:00:52.427 I/binder ( 0): 2585:2585 ioctl 40046210 7fecc80914 returned -22
03-14 03:53:39.002 I/ActivityManager( 1017): Start proc 2561:com.qualcomm.qti.devicestatisticsservice/u0a70 for added application com.qualcomm.qti.devicestatisticsservice
03-14 03:53:39.002 W/ActivityManager( 1017): Slow operation: 1821ms so far, now at startProcess: starting to update pids map
03-14 03:53:39.002 W/ActivityManager( 1017): Slow operation: 1821ms so far, now at startProcess: done updating pids map
03-14 03:53:39.002 W/ActivityManager( 1017): Slow operation: 1820ms so far, now at startProcess: asking zygote to start proc
03-14 03:53:39.005 E/NativeTombstoneManager( 1017): Tombstone's UID (1000) not an app, ignoring
03-14 03:53:39.006 I/DropBoxManagerService( 1017): add tag=SYSTEM_TOMBSTONE_PROTO isTagEnabled=true flags=0x4
03-14 03:53:39.024 I/StatusBarManagerService( 1017): registerStatusBar bar=com.android.internal.statusbar.IStatusBar$Stub$Proxy@d4e74c7
03-14 03:53:39.033 I/DropBoxManagerService( 1017): add tag=system_server_wtf isTagEnabled=true flags=0x2
03-14 03:53:39.039 D/CompatibilityChangeReporter( 1017): Compat change id reported: 168419799; UID 1000; state: DISABLED
03-14 03:53:39.070 E/NativeTombstoneManager( 1017): Tombstone's UID (1000) not an app, ignoring
03-14 03:53:39.070 I/DropBoxManagerService( 1017): add tag=SYSTEM_TOMBSTONE_PROTO isTagEnabled=true flags=0x4
03-14 03:53:39.091 E/NativeTombstoneManager( 1017): Tombstone's UID (1000) not an app, ignoring
03-14 03:53:39.091 I/DropBoxManagerService( 1017): add tag=SYSTEM_TOMBSTONE_PROTO isTagEnabled=true flags=0x4
03-14 03:53:39.114 E/NativeTombstoneManager( 1017): Tombstone's UID (1000) not an app, ignoring
03-14 03:53:39.115 I/DropBoxManagerService( 1017): add tag=SYSTEM_TOMBSTONE_PROTO isTagEnabled=true flags=0x4
03-14 03:53:39.121 D/CompatibilityChangeReporter( 1017): Compat change id reported: 171306433; UID 1073; state: ENABLED
03-14 03:53:39.125 W/ContextImpl( 2517): Calling a method in the system process without a qualified user: android.app.ContextImpl.startService:1816 android.content.ContextWrapper.startService:774 com.thundercomm.tcservice.TCService.init:46 com.thundercomm.tcservice.TCService.onCreate:33 android.app.ActivityThread.handleCreateService:4488
03-14 03:53:39.139 E/NativeTombstoneManager( 1017): Tombstone's UID (1000) not an app, ignoring
03-14 03:53:39.140 I/DropBoxManagerService( 1017): add tag=SYSTEM_TOMBSTONE_PROTO isTagEnabled=true flags=0x4
03-14 03:53:39.154 W/ActivityManager( 1017): Slow operation: 1972ms so far, now at startProcess: returned from zygote!
03-14 03:53:39.155 W/ActivityManager( 1017): Slow operation: 1973ms so far, now at startProcess: done updating battery stats
03-14 03:53:39.156 W/ActivityManager( 1017): Slow operation: 1973ms so far, now at startProcess: building log message
03-14 03:53:39.156 I/ActivityManager( 1017): Start proc 2585:com.qualcomm.qti.qdma/1000 for added application com.qualcomm.qti.qdma
03-14 03:53:39.156 W/ActivityManager( 1017): Slow operation: 1973ms so far, now at startProcess: starting to update pids map
03-14 03:53:39.157 W/ActivityManager( 1017): Slow operation: 1974ms so far, now at startProcess: done updating pids map
03-14 03:53:39.157 W/ActivityManager( 1017): Slow operation: 1743ms so far, now at startProcess: asking zygote to start proc
03-14 03:53:39.172 D/CompatibilityChangeReporter( 1017): Compat change id reported: 168419799; UID 10070; state: DISABLED
03-14 03:53:39.195 E/NativeTombstoneManager( 1017): Tombstone's UID (1000) not an app, ignoring
03-14 03:53:39.196 I/DropBoxManagerService( 1017): add tag=SYSTEM_TOMBSTONE_PROTO isTagEnabled=true flags=0x4
01-01 08:00:52.522 I/binder ( 0): 2612:2612 ioctl 40046210 7fecc80914 returned -22
03-14 03:53:39.205 W/ActivityManager( 1017): Slow operation: 1791ms so far, now at startProcess: returned from zygote!
03-14 03:53:39.205 W/ActivityManager( 1017): Slow operation: 1792ms so far, now at startProcess: done updating battery stats
03-14 03:53:39.205 W/ActivityManager( 1017): Slow operation: 1792ms so far, now at startProcess: building log message
03-14 03:53:39.205 I/ActivityManager( 1017): Start proc 2612:com.android.settings/1000 for top-activity {com.android.settings/com.android.settings.FallbackHome}
03-14 03:53:39.206 W/ActivityManager( 1017): Slow operation: 1792ms so far, now at startProcess: starting to update pids map
03-14 03:53:39.206 W/ActivityManager( 1017): Slow operation: 1792ms so far, now at startProcess: done updating pids map
03-14 03:53:39.206 W/ActivityManager( 1017): Slow operation: 1713ms so far, now at startProcess: asking zygote to start proc
03-14 03:53:39.206 D/CompatibilityChangeReporter( 1017): Compat change id reported: 143937733; UID 10098; state: ENABLED
03-14 03:53:39.220 D/CompatibilityChangeReporter( 1017): Compat change id reported: 168419799; UID 1000; state: DISABLED
03-14 03:53:39.245 E/NativeTombstoneManager( 1017): Tombstone's UID (1000) not an app, ignoring
03-14 03:53:39.245 I/DropBoxManagerService( 1017): add tag=SYSTEM_TOMBSTONE_PROTO isTagEnabled=true flags=0x4
03-14 03:53:39.257 W/ActivityManager( 1017): Slow operation: 1764ms so far, now at startProcess: returned from zygote!
03-14 03:53:39.258 W/ActivityManager( 1017): Slow operation: 1764ms so far, now at startProcess: done updating battery stats
03-14 03:53:39.258 W/ActivityManager( 1017): Slow operation: 1764ms so far, now at startProcess: building log message
03-14 03:53:39.258 I/ActivityManager( 1017): Start proc 2619:android.ext.services/u0a98 for service {android.ext.services/android.ext.services.autofill.InlineSuggestionRenderServiceImpl}
03-14 03:53:39.258 W/ActivityManager( 1017): Slow operation: 1764ms so far, now at startProcess: starting to update pids map
03-14 03:53:39.258 W/ActivityManager( 1017): Slow operation: 1765ms so far, now at startProcess: done updating pids map
03-14 03:53:39.258 W/ActivityManager( 1017): Slow operation: 1656ms so far, now at startProcess: asking zygote to start proc
03-14 03:53:39.259 D/CompatibilityChangeReporter( 1017): Compat change id reported: 143937733; UID 10065; state: ENABLED
03-14 03:53:39.312 W/ActivityManager( 1017): Slow operation: 1709ms so far, now at startProcess: returned from zygote!
03-14 03:53:39.312 W/ActivityManager( 1017): Slow operation: 1710ms so far, now at startProcess: done updating battery stats
03-14 03:53:39.312 W/ActivityManager( 1017): Slow operation: 1710ms so far, now at startProcess: building log message
03-14 03:53:39.312 I/ActivityManager( 1017): Start proc 2634:com.thundercomm.gamemode.provider/u0a65 for content provider {com.thundercomm.gamemode.provider/com.thundercomm.gamemode.provider.SettingsProvider}
03-14 03:53:39.313 W/ActivityManager( 1017): Slow operation: 1710ms so far, now at startProcess: starting to update pids map
03-14 03:53:39.313 W/ActivityManager( 1017): Slow operation: 1710ms so far, now at startProcess: done updating pids map
03-14 03:53:39.313 W/ActivityManager( 1017): Slow operation: 658ms so far, now at startProcess: asking zygote to start proc
03-14 03:53:39.313 D/CompatibilityChangeReporter( 1017): Compat change id reported: 143937733; UID 10081; state: ENABLED
03-14 03:53:39.337 D/CompatibilityChangeReporter( 1017): Compat change id reported: 168419799; UID 1000; state: DISABLED
03-14 03:53:39.358 W/ActivityManager( 1017): Slow operation: 702ms so far, now at startProcess: returned from zygote!
03-14 03:53:39.358 W/ActivityManager( 1017): Slow operation: 703ms so far, now at startProcess: done updating battery stats
03-14 03:53:39.358 W/ActivityManager( 1017): Slow operation: 703ms so far, now at startProcess: building log message
03-14 03:53:39.358 I/ActivityManager( 1017): Start proc 2641:com.android.launcher3/u0a81 for service {com.android.launcher3/com.android.quickstep.TouchInteractionService}
03-14 03:53:39.358 W/ActivityManager( 1017): Slow operation: 703ms so far, now at startProcess: starting to update pids map
03-14 03:53:39.359 W/ActivityManager( 1017): Slow operation: 703ms so far, now at startProcess: done updating pids map
01-01 08:00:52.610 I/binder ( 0): 2619:2619 ioctl 40046210 7fecc80914 returned -22
01-01 08:00:52.635 I/binder ( 0): 2585:2585 ioctl 40046210 7fecc80114 returned -22
03-14 03:53:39.408 D/CompatibilityChangeReporter( 1017): Compat change id reported: 168419799; UID 10098; state: DISABLED
03-14 03:53:39.410 D/CompatibilityChangeReporter( 1017): Compat change id reported: 168419799; UID 10084; state: DISABLED
01-01 08:00:52.670 I/binder ( 0): 2634:2634 ioctl 40046210 7fecc80914 returned -22
03-14 03:53:39.459 D/CompatibilityChangeReporter( 1017): Compat change id reported: 168419799; UID 10065; state: DISABLED
01-01 08:00:52.693 I/binder ( 0): 2641:2641 ioctl 40046210 7fecc80914 returned -22
03-14 03:53:39.496 D/CompatibilityChangeReporter( 1017): Compat change id reported: 168419799; UID 10081; state: DISABLED
03-14 03:53:39.527 I/DropBoxManagerService( 1017): add tag=system_app_strictmode isTagEnabled=true flags=0x2
03-14 03:53:39.532 I/DropBoxManagerService( 1017): add tag=system_app_strictmode isTagEnabled=true flags=0x2
03-14 03:53:39.538 I/DropBoxManagerService( 1017): add tag=system_app_strictmode isTagEnabled=true flags=0x2
03-14 03:53:39.542 I/DropBoxManagerService( 1017): add tag=system_app_strictmode isTagEnabled=true flags=0x2
03-14 03:53:39.558 I/ExplicitHealthCheckController( 1017): Explicit health check service is connected ComponentInfo{android.ext.services/android.ext.services.watchdog.ExplicitHealthCheckServiceImpl}
03-14 03:53:39.559 I/ExplicitHealthCheckController( 1017): Service initialized, syncing requests
03-14 03:53:39.559 I/PackageWatchdog( 1017): Syncing health check requests for packages: {}
03-14 03:53:39.559 D/ExplicitHealthCheckController( 1017): Getting health check supported packages
03-14 03:53:39.579 D/SystemUIBootTiming( 2013): StartServicescom.android.systemui.statusbar.phone.StatusBar took to complete: 784ms
03-14 03:53:39.584 D/SystemUIBootTiming( 2013): StartServicescom.android.systemui.usb.StorageNotification took to complete: 5ms
03-14 03:53:39.587 D/CompatibilityChangeReporter( 1017): Compat change id reported: 135634846; UID 10088; state: DISABLED
03-14 03:53:39.587 D/CompatibilityChangeReporter( 1017): Compat change id reported: 177438394; UID 10088; state: DISABLED
03-14 03:53:39.588 D/CompatibilityChangeReporter( 1017): Compat change id reported: 135772972; UID 10088; state: DISABLED
03-14 03:53:39.588 D/CompatibilityChangeReporter( 1017): Compat change id reported: 135754954; UID 10088; state: ENABLED
03-14 03:53:39.589 D/CompatibilityChangeReporter( 1017): Compat change id reported: 143937733; UID 10088; state: ENABLED
03-14 03:53:39.589 W/ActivityThread( 2013): Failed to find provider info for com.android.contacts (user not unlocked)
03-14 03:53:39.596 V/NotificationAssistants( 1017): 0 notification assistant service connected: ComponentInfo{android.ext.services/android.ext.services.notification.Assistant}
03-14 03:53:39.598 I/ExplicitHealthCheckController( 1017): Explicit health check supported packages [PackageConfig{com.android.networkstack, 86400000}]
03-14 03:53:39.600 D/PackageWatchdog( 1017): Received supported packages [PackageConfig{com.android.networkstack, 86400000}]
03-14 03:53:39.600 D/ExplicitHealthCheckController( 1017): Getting health check requested packages
03-14 03:53:39.602 I/ExplicitHealthCheckController( 1017): Explicit health check requested packages []
03-14 03:53:39.603 I/ExplicitHealthCheckController( 1017): No more health check requests, unbinding...
03-14 03:53:39.608 I/ExplicitHealthCheckController( 1017): Explicit health check service is unbound
03-14 03:53:39.613 D/SystemUIBootTiming( 2013): StartServicescom.android.systemui.power.PowerUI took to complete: 29ms
03-14 03:53:39.618 D/SystemUIBootTiming( 2013): StartServicescom.android.systemui.media.RingtonePlayer took to complete: 4ms
03-14 03:53:39.620 D/SystemUIBootTiming( 2013): StartServicescom.android.systemui.keyboard.KeyboardUI took to complete: 2ms
03-14 03:53:39.625 D/SystemUIBootTiming( 2013): StartServicescom.android.systemui.shortcut.ShortcutKeyDispatcher took to complete: 5ms
03-14 03:53:39.625 D/SystemUIBootTiming( 2013): StartServicescom.android.systemui.VendorServices took to complete: 0ms
03-14 03:53:39.628 D/SystemUIBootTiming( 2013): StartServicescom.android.systemui.util.leak.GarbageMonitor$Service took to complete: 2ms
03-14 03:53:39.628 D/SystemUIBootTiming( 2013): StartServicescom.android.systemui.LatencyTester took to complete: 0ms
03-14 03:53:39.631 D/SystemUIBootTiming( 2013): StartServicescom.android.systemui.globalactions.GlobalActionsComponent took to complete: 4ms
03-14 03:53:39.632 D/SystemUIBootTiming( 2013): StartServicescom.android.systemui.ScreenDecorations took to complete: 0ms
03-14 03:53:39.634 I/ActivityManager( 1017): Start proc 2713:com.qualcomm.qti.qccauthmgr/u0a88 for content provider {com.qualcomm.qti.qccauthmgr/com.qualcomm.qti.qccauthmgr.providers.SMQContentProvider}
03-14 03:53:39.635 D/SystemUIBootTiming( 2013): StartServicescom.android.systemui.biometrics.AuthController took to complete: 4ms
03-14 03:53:39.635 D/SystemUIBootTiming( 2013): StartServicescom.android.systemui.SliceBroadcastRelayHandler took to complete: 0ms
03-14 03:53:39.637 D/SystemUIBootTiming( 2013): StartServicescom.android.systemui.statusbar.notification.InstantAppNotifier took to complete: 1ms
03-14 03:53:39.638 I/DropBoxManagerService( 1017): add tag=system_app_strictmode isTagEnabled=true flags=0x2
03-14 03:53:39.639 D/SystemUIBootTiming( 2013): StartServicescom.android.systemui.theme.ThemeOverlayController took to complete: 2ms
03-14 03:53:39.639 D/SystemUIBootTiming( 2013): StartServicescom.android.systemui.accessibility.WindowMagnification took to complete: 0ms
03-14 03:53:39.639 I/DropBoxManagerService( 1017): add tag=system_app_strictmode isTagEnabled=true flags=0x2
03-14 03:53:39.640 I/DropBoxManagerService( 1017): add tag=system_app_strictmode isTagEnabled=true flags=0x2
03-14 03:53:39.642 I/DropBoxManagerService( 1017): add tag=system_app_strictmode isTagEnabled=true flags=0x2
03-14 03:53:39.644 D/SystemUIBootTiming( 2013): StartServicescom.android.systemui.accessibility.SystemActions took to complete: 6ms
03-14 03:53:39.644 D/SystemUIBootTiming( 2013): StartServicescom.android.systemui.toast.ToastUI took to complete: 0ms
03-14 03:53:39.646 D/SystemUIBootTiming( 2013): StartServicescom.android.systemui.wmshell.WMShell took to complete: 1ms
01-01 08:00:52.906 I/binder ( 0): 2612:2694 ioctl 40046210 745f6a31f4 returned -22
03-14 03:53:39.689 D/SystemUIBootTiming( 2013): StartServicescom.android.systemui.ShowWindowUtil took to complete: 44ms
01-01 08:00:52.929 I/binder ( 0): 2713:2713 ioctl 40046210 7fecc80914 returned -22
03-14 03:53:39.708 D/SystemUIBootTiming( 2013): StartServices took to complete: 1407ms
03-14 03:53:39.712 I/ActivityManagerTiming( 1017): FinishBooting
03-14 03:53:39.719 W/KeyguardServiceDelegate( 1017): onScreenTurningOn(): no keyguard service!
03-14 03:53:39.721 D/CompatibilityChangeReporter( 1017): Compat change id reported: 168419799; UID 10088; state: DISABLED
03-14 03:53:39.745 I/DropBoxManagerService( 1017): add tag=system_app_strictmode isTagEnabled=true flags=0x2
03-14 03:53:39.748 I/DropBoxManagerService( 1017): add tag=system_app_strictmode isTagEnabled=true flags=0x2
03-14 03:53:39.751 I/DropBoxManagerService( 1017): add tag=system_app_strictmode isTagEnabled=true flags=0x2
01-01 08:00:53.012 I/cnss-daemon( 0): DMS thread joined succesfully
01-01 08:00:53.012 I/cnss-daemon( 0): wlfw_stop: Stop done: 0
01-01 08:00:53.012 I/cnss-daemon( 0): wlfw_start: Starting
01-01 08:00:53.012 I/cnss-daemon( 0): wlfw_service_request: Start the pthread: 0x0K
01-01 08:00:53.033 I/cnss-daemon( 0): ro.baseband : [apq]
01-01 08:00:53.033 I/cnss-daemon( 0): Hardware supports external modem
03-14 03:53:39.832 D/CompatibilityChangeReporter( 1017): Compat change id reported: 171306433; UID 1000; state: ENABLED
01-01 08:00:53.042 I/cnss-daemon( 0): pm_release_vote: pm_handle is NULL
01-01 08:00:53.054 D/cnss ( 0): Received QMI WLFW request memory indication
01-01 08:00:53.054 D/cnss ( 0): FW requests for memory, size: 0x5e0000, type: 1
01-01 08:00:53.054 D/cnss ( 0): FW requests for memory, size: 0xd8000, type: 4
01-01 08:00:53.054 D/cnss ( 0): Posting event: REQUEST_MEM(2), state: 0x11 flags: 0x0
01-01 08:00:53.054 D/cnss ( 0): PM stay awake, state: 0x11, count: 1
01-01 08:00:53.054 D/cnss ( 0): PM relax, state: 0x11, count: 0
01-01 08:00:53.054 D/cnss ( 0): PM stay awake, state: 0x11, count: 1
01-01 08:00:53.054 D/cnss ( 0): Processing driver event: REQUEST_MEM(2), state: 0x11
01-01 08:00:53.054 D/cnss ( 0): Sending respond memory message, state: 0x11
01-01 08:00:53.054 D/cnss ( 0): Memory for FW, va: 0xffffff8025d2b000, pa: 0x00000000a1000000, size: 0x5e0000, type: 1
01-01 08:00:53.054 D/cnss ( 0): Memory for FW, va: 0xffffff801f6da000, pa: 0x00000000a1600000, size: 0xd8000, type: 4
01-01 08:00:53.058 D/cnss ( 0): PM relax, state: 0x11, count: 0
01-01 08:00:53.060 D/cnss ( 0): Received QMI WLFW FW memory ready indication
01-01 08:00:53.060 D/cnss ( 0): Posting event: FW_MEM_READY(3), state: 0x11 flags: 0x0
01-01 08:00:53.060 D/cnss ( 0): PM stay awake, state: 0x11, count: 1
01-01 08:00:53.061 D/cnss ( 0): PM relax, state: 0x11, count: 0
01-01 08:00:53.061 D/cnss ( 0): PM stay awake, state: 0x11, count: 1
01-01 08:00:53.061 D/cnss ( 0): Processing driver event: FW_MEM_READY(3), state: 0x11
01-01 08:00:53.061 D/cnss ( 0): Sending target capability message, state: 0x13
01-01 08:00:53.074 D/cnss ( 0): Voltage for CPR: 948mV
01-01 08:00:53.074 D/cnss ( 0): Update TCS CMD data address 0x000000000b2e5844 with voltage 950mV
01-01 08:00:53.074 D/cnss ( 0): Device frequency is 24000000 HZ
01-01 08:00:53.074 D/cnss ( 0): Target capability: chip_id: 0x0, chip_family: 0xb, board_id: 0xff, soc_id: 0xffffffff, fw_version: 0x101a0521, fw_build_timestamp: 2021-12-20 07:54, fw_build_id: QC_IMAGE_VERSION_STRING=WLAN.HST.1.0.1.r1-01313-QCAHSTSWPL_SILICONZ-1, otp_version: 0x0
01-01 08:00:53.074 D/cnss ( 0): Sending BDF download message, state: 0x13, type: 4
01-01 08:00:53.074 D/cnss ( 0): FW name added with prefix: qca6390/regdb.bin
01-01 08:00:53.074 W/cnss2 b0000000.qcom,cnss-qca6390( 0): Falling back to syfs fallback for: qca6390/regdb.bin
03-14 03:53:39.875 W/ActivityThread( 2013): Failed to find provider info for com.android.contacts (user not unlocked)
01-01 08:00:53.093 I/ueventd ( 0): firmware: loading 'qca6390/regdb.bin' for '/devices/platform/soc/b0000000.qcom,cnss-qca6390/firmware/qca6390!regdb.bin'
01-01 08:00:53.094 E/ueventd ( 0): firmware: could not find firmware for qca6390/regdb.bin
01-01 08:00:53.102 E/ueventd ( 0): firmware: attempted /etc/firmware/qca6390/regdb.bin, open failed: No such file or directory
01-01 08:00:53.112 E/ueventd ( 0): firmware: attempted /odm/firmware/qca6390/regdb.bin, open failed: No such file or directory
03-14 03:53:39.902 W/ActivityThread( 2013): Failed to find provider info for com.android.contacts (user not unlocked)
01-01 08:00:53.123 E/ueventd ( 0): firmware: attempted /vendor/firmware/qca6390/regdb.bin, open failed: No such file or directory
01-01 08:00:53.134 E/ueventd ( 0): firmware: attempted /firmware/image/qca6390/regdb.bin, open failed: No such file or directory
03-14 03:53:39.914 W/ActivityThread( 2013): Failed to find provider info for com.android.contacts (user not unlocked)
01-01 08:00:53.145 E/ueventd ( 0): firmware: attempted /vendor/firmware_mnt/image/qca6390/regdb.bin, open failed: No such file or directory
01-01 08:00:53.157 I/ueventd ( 0): loading /devices/platform/soc/b0000000.qcom,cnss-qca6390/firmware/qca6390!regdb.bin took 64ms
01-01 08:00:53.158 E/cnss ( 0): Failed to load BDF: qca6390/regdb.bin
01-01 08:00:53.164 D/cnss ( 0): Sending BDF download message, state: 0x13, type: 1
01-01 08:00:53.164 D/cnss ( 0): FW name added with prefix: qca6390/bdwlan.elf
01-01 08:00:53.164 W/cnss2 b0000000.qcom,cnss-qca6390( 0): Falling back to syfs fallback for: qca6390/bdwlan.elf
01-01 08:00:53.172 I/ueventd ( 0): firmware: loading 'qca6390/bdwlan.elf' for '/devices/platform/soc/b0000000.qcom,cnss-qca6390/firmware/qca6390!bdwlan.elf'
