01-01 08:45:27.346 I/[soft_i][0xc31338e5c][10:07:17.065189] wlan( 0): [0:I:QDF] ARP-RQ TX: SA:96:49:80:62:22:bf DA:5c:a7:21:1b:7b:d8 msdu_id:49 status: nack
01-01 08:45:30.992 I/init ( 0): starting service 'hht_ota_mgr_service'...
01-01 08:45:31.188 I/init ( 0): Service 'hht_ota_mgr_service' (pid 5620) exited with status 0
01-01 08:45:31.211 I/init ( 0): Sending signal 9 to service 'hht_ota_mgr_service' (pid 5620) process group...
01-01 08:45:31.220 I/libprocessgroup( 0): Successfully killed process cgroup uid 0 pid 5620 in 0ms
01-01 08:45:36.019 I/init ( 0): starting service 'hht_ota_mgr_service'...
01-01 08:45:36.207 I/init ( 0): Service 'hht_ota_mgr_service' (pid 5621) exited with status 0
01-01 08:45:36.230 I/init ( 0): Sending signal 9 to service 'hht_ota_mgr_service' (pid 5621) process group...
01-01 08:45:36.239 I/libprocessgroup( 0): Successfully killed process cgroup uid 0 pid 5621 in 0ms
01-01 08:45:36.968 W/audit ( 0): audit_lost=2222 audit_rate_limit=5 audit_backlog_limit=64
01-01 08:45:36.975 E/audit ( 0): rate limit exceeded
01-01 08:45:41.040 I/init ( 0): starting service 'hht_ota_mgr_service'...
01-01 08:45:41.248 I/init ( 0): Service 'hht_ota_mgr_service' (pid 5623) exited with status 0
01-01 08:45:41.271 I/init ( 0): Sending signal 9 to service 'hht_ota_mgr_service' (pid 5623) process group...
01-01 08:45:41.280 I/libprocessgroup( 0): Successfully killed process cgroup uid 0 pid 5623 in 0ms
01-01 08:45:46.067 I/init ( 0): starting service 'hht_ota_mgr_service'...
01-01 08:45:46.263 I/init ( 0): Service 'hht_ota_mgr_service' (pid 5624) exited with status 0
01-01 08:45:46.285 I/init ( 0): Sending signal 9 to service 'hht_ota_mgr_service' (pid 5624) process group...
01-01 08:45:46.295 I/libprocessgroup( 0): Successfully killed process cgroup uid 0 pid 5624 in 0ms
01-01 08:45:51.090 I/init ( 0): starting service 'hht_ota_mgr_service'...
01-01 08:45:51.297 I/init ( 0): Service 'hht_ota_mgr_service' (pid 5625) exited with status 0
01-01 08:45:51.320 I/init ( 0): Sending signal 9 to service 'hht_ota_mgr_service' (pid 5625) process group...
01-01 08:45:51.331 I/libprocessgroup( 0): Successfully killed process cgroup uid 0 pid 5625 in 0ms
01-01 08:45:56.142 I/init ( 0): starting service 'hht_ota_mgr_service'...
01-01 08:45:56.336 I/init ( 0): Service 'hht_ota_mgr_service' (pid 5626) exited with status 0
01-01 08:45:56.359 I/init ( 0): Sending signal 9 to service 'hht_ota_mgr_service' (pid 5626) process group...
01-01 08:45:56.369 I/libprocessgroup( 0): Successfully killed process cgroup uid 0 pid 5626 in 0ms
01-01 08:46:01.171 I/init ( 0): starting service 'hht_ota_mgr_service'...
01-01 08:46:01.363 I/init ( 0): Service 'hht_ota_mgr_service' (pid 5627) exited with status 0
01-01 08:46:01.386 I/init ( 0): Sending signal 9 to service 'hht_ota_mgr_service' (pid 5627) process group...
01-01 08:46:01.395 I/libprocessgroup( 0): Successfully killed process cgroup uid 0 pid 5627 in 0ms
01-01 08:46:03.839 D/cnss ( 0): Host time = 2763840130 us, device time = 2711814420 us, offset = 52025710 us
01-01 08:46:03.848 D/cnss ( 0): Updated time sync regs [0x984] = 0x319d96e, [0x988] = 0x0
01-01 08:46:06.194 I/init ( 0): starting service 'hht_ota_mgr_service'...
01-01 08:46:06.405 I/init ( 0): Service 'hht_ota_mgr_service' (pid 5628) exited with status 0
01-01 08:46:06.426 I/init ( 0): Sending signal 9 to service 'hht_ota_mgr_service' (pid 5628) process group...
01-01 08:46:06.435 I/libprocessgroup( 0): Successfully killed process cgroup uid 0 pid 5628 in 0ms
03-28 10:08:00.365 D/ActivityManager( 1017): freezing 4910 com.android.providers.calendar
01-01 08:46:10.647 I/binder ( 0): 1017:1728 ioctl 400c620e 74237f95d8 returned -22
03-28 10:08:00.373 E/ActivityManager( 1017): Unable to freeze binder for 4910 com.android.providers.calendar
03-28 10:08:00.376 D/ActivityManager( 1017): froze 4910 com.android.providers.calendar
01-01 08:46:10.658 I/binder ( 0): 1017:1728 ioctl c00c620f 74237f95b8 returned -22
03-28 10:08:00.384 E/ActivityManager( 1017): Unable to freeze binder for 4910 com.android.providers.calendar
03-28 10:08:00.386 D/ActivityManager( 1017): freezing 3745 com.qti.diagservices
01-01 08:46:10.668 I/binder ( 0): 1017:1728 ioctl 400c620e 74237f95d8 returned -22
03-28 10:08:00.393 E/ActivityManager( 1017): Unable to freeze binder for 3745 com.qti.diagservices
03-28 10:08:00.394 D/ActivityManager( 1017): froze 3745 com.qti.diagservices
03-28 10:08:00.401 E/ActivityManager( 1017): Unable to freeze binder for 3745 com.qti.diagservices
01-01 08:46:10.676 I/binder ( 0): 1017:1728 ioctl c00c620f 74237f95b8 returned -22
03-28 10:08:00.402 I/ActivityManager( 1017): Killing 4910:com.android.providers.calendar/u0a18 (adj 905): Unable to freeze binder interface
03-28 10:08:00.407 I/ActivityManager( 1017): Killing 3745:com.qti.diagservices/1000 (adj 945): Unable to freeze binder interface
03-28 10:08:00.555 W/ActivityManager( 1017): Scheduling restart of crashed service com.qti.diagservices/.QTIDiagServices in 1000ms for start-requested
01-01 08:46:11.219 I/init ( 0): starting service 'hht_ota_mgr_service'...
01-01 08:46:11.406 I/init ( 0): Service 'hht_ota_mgr_service' (pid 5629) exited with status 0
01-01 08:46:11.429 I/init ( 0): Sending signal 9 to service 'hht_ota_mgr_service' (pid 5629) process group...
01-01 08:46:11.438 I/libprocessgroup( 0): Successfully killed process cgroup uid 0 pid 5629 in 0ms
03-28 10:08:01.559 D/CompatibilityChangeReporter( 1017): Compat change id reported: 135634846; UID 1000; state: DISABLED
03-28 10:08:01.560 D/CompatibilityChangeReporter( 1017): Compat change id reported: 177438394; UID 1000; state: DISABLED
03-28 10:08:01.560 D/CompatibilityChangeReporter( 1017): Compat change id reported: 135772972; UID 1000; state: DISABLED
03-28 10:08:01.560 D/CompatibilityChangeReporter( 1017): Compat change id reported: 135754954; UID 1000; state: ENABLED
03-28 10:08:01.619 W/ActivityManager( 1017): Slow operation: 61ms so far, now at startProcess: returned from zygote!
03-28 10:08:01.620 W/ActivityManager( 1017): Slow operation: 62ms so far, now at startProcess: done updating battery stats
03-28 10:08:01.620 W/ActivityManager( 1017): Slow operation: 62ms so far, now at startProcess: building log message
03-28 10:08:01.620 I/ActivityManager( 1017): Start proc 5630:com.qti.diagservices/1000 for service {com.qti.diagservices/com.qti.diagservices.QTIDiagServices}
03-28 10:08:01.620 W/ActivityManager( 1017): Slow operation: 62ms so far, now at startProcess: starting to update pids map
03-28 10:08:01.620 W/ActivityManager( 1017): Slow operation: 62ms so far, now at startProcess: done updating pids map
01-01 08:46:11.974 I/binder ( 0): 5630:5630 ioctl 40046210 7fecc80914 returned -22
01-01 08:46:16.240 I/init ( 0): starting service 'hht_ota_mgr_service'...
01-01 08:46:16.434 I/init ( 0): Service 'hht_ota_mgr_service' (pid 5649) exited with status 0
01-01 08:46:16.459 I/init ( 0): Sending signal 9 to service 'hht_ota_mgr_service' (pid 5649) process group...
01-01 08:46:16.469 I/libprocessgroup( 0): Successfully killed process cgroup uid 0 pid 5649 in 0ms
01-01 08:46:21.268 I/init ( 0): starting service 'hht_ota_mgr_service'...
01-01 08:46:21.472 I/init ( 0): Service 'hht_ota_mgr_service' (pid 5650) exited with status 0
01-01 08:46:21.496 I/init ( 0): Sending signal 9 to service 'hht_ota_mgr_service' (pid 5650) process group...
01-01 08:46:21.506 I/libprocessgroup( 0): Successfully killed process cgroup uid 0 pid 5650 in 0ms
01-01 08:46:26.298 I/init ( 0): starting service 'hht_ota_mgr_service'...
01-01 08:46:26.480 I/init ( 0): Service 'hht_ota_mgr_service' (pid 5651) exited with status 0
01-01 08:46:26.504 I/init ( 0): Sending signal 9 to service 'hht_ota_mgr_service' (pid 5651) process group...
01-01 08:46:26.514 I/libprocessgroup( 0): Successfully killed process cgroup uid 0 pid 5651 in 0ms
01-01 08:46:31.329 I/init ( 0): starting service 'hht_ota_mgr_service'...
01-01 08:46:31.550 I/init ( 0): Service 'hht_ota_mgr_service' (pid 5653) exited with status 0
01-01 08:46:31.574 I/init ( 0): Sending signal 9 to service 'hht_ota_mgr_service' (pid 5653) process group...
01-01 08:46:31.585 I/libprocessgroup( 0): Successfully killed process cgroup uid 0 pid 5653 in 0ms
01-01 08:46:36.374 I/init ( 0): starting service 'hht_ota_mgr_service'...
01-01 08:46:36.579 I/init ( 0): Service 'hht_ota_mgr_service' (pid 5654) exited with status 0
01-01 08:46:36.604 I/init ( 0): Sending signal 9 to service 'hht_ota_mgr_service' (pid 5654) process group...
01-01 08:46:36.614 I/libprocessgroup( 0): Successfully killed process cgroup uid 0 pid 5654 in 0ms
01-01 08:46:41.414 I/init ( 0): starting service 'hht_ota_mgr_service'...
01-01 08:46:41.632 I/init ( 0): Service 'hht_ota_mgr_service' (pid 5655) exited with status 0
01-01 08:46:41.655 I/init ( 0): Sending signal 9 to service 'hht_ota_mgr_service' (pid 5655) process group...
01-01 08:46:41.665 I/libprocessgroup( 0): Successfully killed process cgroup uid 0 pid 5655 in 0ms
01-01 08:46:46.469 I/init ( 0): starting service 'hht_ota_mgr_service'...
01-01 08:46:46.671 I/init ( 0): Service 'hht_ota_mgr_service' (pid 5658) exited with status 0
01-01 08:46:46.694 I/init ( 0): Sending signal 9 to service 'hht_ota_mgr_service' (pid 5658) process group...
01-01 08:46:46.703 I/libprocessgroup( 0): Successfully killed process cgroup uid 0 pid 5658 in 0ms
01-01 08:46:51.492 I/init ( 0): starting service 'hht_ota_mgr_service'...
01-01 08:46:51.695 I/init ( 0): Service 'hht_ota_mgr_service' (pid 5659) exited with status 0
01-01 08:46:51.718 I/init ( 0): Sending signal 9 to service 'hht_ota_mgr_service' (pid 5659) process group...
01-01 08:46:51.727 I/libprocessgroup( 0): Successfully killed process cgroup uid 0 pid 5659 in 0ms
01-01 08:46:56.515 I/init ( 0): starting service 'hht_ota_mgr_service'...
01-01 08:46:56.720 I/init ( 0): Service 'hht_ota_mgr_service' (pid 5661) exited with status 0
01-01 08:46:56.743 I/init ( 0): Sending signal 9 to service 'hht_ota_mgr_service' (pid 5661) process group...
01-01 08:46:56.752 I/libprocessgroup( 0): Successfully killed process cgroup uid 0 pid 5661 in 0ms
01-01 08:47:01.537 I/init ( 0): starting service 'hht_ota_mgr_service'...
01-01 08:47:01.738 I/init ( 0): Service 'hht_ota_mgr_service' (pid 5663) exited with status 0
01-01 08:47:01.761 I/init ( 0): Sending signal 9 to service 'hht_ota_mgr_service' (pid 5663) process group...
01-01 08:47:01.770 I/libprocessgroup( 0): Successfully killed process cgroup uid 0 pid 5663 in 0ms
01-01 08:47:06.559 I/init ( 0): starting service 'hht_ota_mgr_service'...
01-01 08:47:06.766 I/init ( 0): Service 'hht_ota_mgr_service' (pid 5664) exited with status 0
01-01 08:47:06.791 I/init ( 0): Sending signal 9 to service 'hht_ota_mgr_service' (pid 5664) process group...
01-01 08:47:06.801 I/libprocessgroup( 0): Successfully killed process cgroup uid 0 pid 5664 in 0ms
01-01 08:47:11.609 I/init ( 0): starting service 'hht_ota_mgr_service'...
01-01 08:47:11.808 I/init ( 0): Service 'hht_ota_mgr_service' (pid 5667) exited with status 0
01-01 08:47:11.831 I/init ( 0): Sending signal 9 to service 'hht_ota_mgr_service' (pid 5667) process group...
01-01 08:47:11.841 I/libprocessgroup( 0): Successfully killed process cgroup uid 0 pid 5667 in 0ms
01-01 08:47:12.260 I/[dp_rx_][0xca943f799][10:09:01.978805] wlan( 0): [2793:I:QDF] DHCP-R RX: SA:84:1b:77:23:16:a3 DA:ff:ff:ff:ff:ff:ff
01-01 08:47:12.273 I/[dp_rx_][0xca947b753][10:09:01.991601] wlan( 0): [2793:I:QDF] DHCP-A RX: SA:5c:a7:21:1b:7b:d8 DA:ff:ff:ff:ff:ff:ff
01-01 08:47:14.194 I/[dp_rx_][0xcab7ab540][10:09:03.913282] wlan( 0): [2793:I:QDF] DHCP-R RX: SA:84:1b:77:23:16:a3 DA:ff:ff:ff:ff:ff:ff
01-01 08:47:14.208 I/[dp_rx_][0xcab7e9fd3][10:09:03.926650] wlan( 0): [2793:I:QDF] DHCP-A RX: SA:5c:a7:21:1b:7b:d8 DA:ff:ff:ff:ff:ff:ff
01-01 08:47:16.637 I/init ( 0): starting service 'hht_ota_mgr_service'...
01-01 08:47:16.846 I/init ( 0): Service 'hht_ota_mgr_service' (pid 5669) exited with status 0
01-01 08:47:16.869 I/init ( 0): Sending signal 9 to service 'hht_ota_mgr_service' (pid 5669) process group...
01-01 08:47:16.879 I/libprocessgroup( 0): Successfully killed process cgroup uid 0 pid 5669 in 0ms
01-01 08:47:21.667 I/init ( 0): starting service 'hht_ota_mgr_service'...
01-01 08:47:21.891 I/init ( 0): Service 'hht_ota_mgr_service' (pid 5670) exited with status 0
01-01 08:47:21.915 I/init ( 0): Sending signal 9 to service 'hht_ota_mgr_service' (pid 5670) process group...
01-01 08:47:21.925 I/libprocessgroup( 0): Successfully killed process cgroup uid 0 pid 5670 in 0ms
01-01 08:47:26.710 I/init ( 0): starting service 'hht_ota_mgr_service'...
01-01 08:47:26.913 I/init ( 0): Service 'hht_ota_mgr_service' (pid 5671) exited with status 0
01-01 08:47:26.936 I/init ( 0): Sending signal 9 to service 'hht_ota_mgr_service' (pid 5671) process group...
01-01 08:47:26.946 I/libprocessgroup( 0): Successfully killed process cgroup uid 0 pid 5671 in 0ms
01-01 08:47:31.759 I/init ( 0): starting service 'hht_ota_mgr_service'...
01-01 08:47:31.967 I/init ( 0): Service 'hht_ota_mgr_service' (pid 5672) exited with status 0
01-01 08:47:31.990 I/init ( 0): Sending signal 9 to service 'hht_ota_mgr_service' (pid 5672) process group...
01-01 08:47:31.990 I/libprocessgroup( 0): Successfully killed process cgroup uid 0 pid 5672 in 0ms
01-01 08:47:36.787 I/init ( 0): starting service 'hht_ota_mgr_service'...
01-01 08:47:36.978 I/init ( 0): Service 'hht_ota_mgr_service' (pid 5673) exited with status 0
01-01 08:47:36.992 I/init ( 0): Sending signal 9 to service 'hht_ota_mgr_service' (pid 5673) process group...
01-01 08:47:36.993 I/libprocessgroup( 0): Successfully killed process cgroup uid 0 pid 5673 in 0ms
01-01 08:47:41.808 I/init ( 0): starting service 'hht_ota_mgr_service'...
01-01 08:47:42.016 I/init ( 0): Service 'hht_ota_mgr_service' (pid 5674) exited with status 0
01-01 08:47:42.039 I/init ( 0): Sending signal 9 to service 'hht_ota_mgr_service' (pid 5674) process group...
01-01 08:47:42.048 I/libprocessgroup( 0): Successfully killed process cgroup uid 0 pid 5674 in 0ms
01-01 08:47:46.835 I/init ( 0): starting service 'hht_ota_mgr_service'...
01-01 08:47:47.029 I/init ( 0): Service 'hht_ota_mgr_service' (pid 5675) exited with status 0
01-01 08:47:47.052 I/init ( 0): Sending signal 9 to service 'hht_ota_mgr_service' (pid 5675) process group...
01-01 08:47:47.062 I/libprocessgroup( 0): Successfully killed process cgroup uid 0 pid 5675 in 0ms
01-01 08:47:51.859 I/init ( 0): starting service 'hht_ota_mgr_service'...
01-01 08:47:52.068 I/init ( 0): Service 'hht_ota_mgr_service' (pid 5676) exited with status 0
01-01 08:47:52.094 I/init ( 0): Sending signal 9 to service 'hht_ota_mgr_service' (pid 5676) process group...
01-01 08:47:52.105 I/libprocessgroup( 0): Successfully killed process cgroup uid 0 pid 5676 in 0ms
01-01 08:47:56.911 I/init ( 0): starting service 'hht_ota_mgr_service'...
01-01 08:47:57.156 I/init ( 0): Service 'hht_ota_mgr_service' (pid 5677) exited with status 0
01-01 08:47:57.178 I/init ( 0): Sending signal 9 to service 'hht_ota_mgr_service' (pid 5677) process group...
01-01 08:47:57.188 I/libprocessgroup( 0): Successfully killed process cgroup uid 0 pid 5677 in 0ms
01-01 08:48:01.964 I/init ( 0): starting service 'hht_ota_mgr_service'...
01-01 08:48:02.177 I/init ( 0): Service 'hht_ota_mgr_service' (pid 5679) exited with status 0
01-01 08:48:02.201 I/init ( 0): Sending signal 9 to service 'hht_ota_mgr_service' (pid 5679) process group...
01-01 08:48:02.211 I/libprocessgroup( 0): Successfully killed process cgroup uid 0 pid 5679 in 0ms
01-01 08:48:07.017 I/init ( 0): starting service 'hht_ota_mgr_service'...
01-01 08:48:07.216 I/init ( 0): Service 'hht_ota_mgr_service' (pid 5680) exited with status 0
01-01 08:48:07.240 I/init ( 0): Sending signal 9 to service 'hht_ota_mgr_service' (pid 5680) process group...
01-01 08:48:07.250 I/libprocessgroup( 0): Successfully killed process cgroup uid 0 pid 5680 in 0ms
01-01 08:48:12.043 I/init ( 0): starting service 'hht_ota_mgr_service'...
01-01 08:48:12.263 I/init ( 0): Service 'hht_ota_mgr_service' (pid 5681) exited with status 0
01-01 08:48:12.287 I/init ( 0): Sending signal 9 to service 'hht_ota_mgr_service' (pid 5681) process group...
01-01 08:48:12.298 I/libprocessgroup( 0): Successfully killed process cgroup uid 0 pid 5681 in 0ms
01-01 08:48:17.098 I/init ( 0): starting service 'hht_ota_mgr_service'...
01-01 08:48:17.313 I/init ( 0): Service 'hht_ota_mgr_service' (pid 5683) exited with status 0
01-01 08:48:17.336 I/init ( 0): Sending signal 9 to service 'hht_ota_mgr_service' (pid 5683) process group...
01-01 08:48:17.346 I/libprocessgroup( 0): Successfully killed process cgroup uid 0 pid 5683 in 0ms
01-01 08:48:22.154 I/init ( 0): starting service 'hht_ota_mgr_service'...
01-01 08:48:22.351 I/init ( 0): Service 'hht_ota_mgr_service' (pid 5684) exited with status 0
01-01 08:48:22.374 I/init ( 0): Sending signal 9 to service 'hht_ota_mgr_service' (pid 5684) process group...
01-01 08:48:22.386 I/libprocessgroup( 0): Successfully killed process cgroup uid 0 pid 5684 in 0ms
01-01 08:48:27.184 I/init ( 0): starting service 'hht_ota_mgr_service'...
01-01 08:48:27.376 I/init ( 0): Service 'hht_ota_mgr_service' (pid 5685) exited with status 0
01-01 08:48:27.400 I/init ( 0): Sending signal 9 to service 'hht_ota_mgr_service' (pid 5685) process group...
01-01 08:48:27.410 I/libprocessgroup( 0): Successfully killed process cgroup uid 0 pid 5685 in 0ms
01-01 08:48:32.213 I/init ( 0): starting service 'hht_ota_mgr_service'...
01-01 08:48:32.419 I/init ( 0): Service 'hht_ota_mgr_service' (pid 5686) exited with status 0
01-01 08:48:32.442 I/init ( 0): Sending signal 9 to service 'hht_ota_mgr_service' (pid 5686) process group...
01-01 08:48:32.452 I/libprocessgroup( 0): Successfully killed process cgroup uid 0 pid 5686 in 0ms
01-01 08:48:37.262 I/init ( 0): starting service 'hht_ota_mgr_service'...
01-01 08:48:37.454 I/init ( 0): Service 'hht_ota_mgr_service' (pid 5688) exited with status 0
01-01 08:48:37.480 I/init ( 0): Sending signal 9 to service 'hht_ota_mgr_service' (pid 5688) process group...
01-01 08:48:37.491 I/libprocessgroup( 0): Successfully killed process cgroup uid 0 pid 5688 in 0ms
01-01 08:48:42.291 I/init ( 0): starting service 'hht_ota_mgr_service'...
01-01 08:48:42.495 I/init ( 0): Service 'hht_ota_mgr_service' (pid 5689) exited with status 0
01-01 08:48:42.520 I/init ( 0): Sending signal 9 to service 'hht_ota_mgr_service' (pid 5689) process group...
01-01 08:48:42.529 I/libprocessgroup( 0): Successfully killed process cgroup uid 0 pid 5689 in 0ms
01-01 08:48:47.315 I/init ( 0): starting service 'hht_ota_mgr_service'...
01-01 08:48:47.501 I/init ( 0): Service 'hht_ota_mgr_service' (pid 5690) exited with status 0
01-01 08:48:47.524 I/init ( 0): Sending signal 9 to service 'hht_ota_mgr_service' (pid 5690) process group...
01-01 08:48:47.533 I/libprocessgroup( 0): Successfully killed process cgroup uid 0 pid 5690 in 0ms
01-01 08:48:52.336 I/init ( 0): starting service 'hht_ota_mgr_service'...
01-01 08:48:52.543 I/init ( 0): Service 'hht_ota_mgr_service' (pid 5691) exited with status 0
01-01 08:48:52.567 I/init ( 0): Sending signal 9 to service 'hht_ota_mgr_service' (pid 5691) process group...
01-01 08:48:52.576 I/libprocessgroup( 0): Successfully killed process cgroup uid 0 pid 5691 in 0ms
01-01 08:48:57.363 I/init ( 0): starting service 'hht_ota_mgr_service'...
01-01 08:48:57.552 I/init ( 0): Service 'hht_ota_mgr_service' (pid 5692) exited with status 0
01-01 08:48:57.575 I/init ( 0): Sending signal 9 to service 'hht_ota_mgr_service' (pid 5692) process group...
01-01 08:48:57.585 I/libprocessgroup( 0): Successfully killed process cgroup uid 0 pid 5692 in 0ms
01-01 08:48:59.967 W/audit ( 0): audit_lost=2223 audit_rate_limit=5 audit_backlog_limit=64
01-01 08:48:59.988 E/audit ( 0): rate limit exceeded
01-01 08:49:02.384 I/init ( 0): starting service 'hht_ota_mgr_service'...
01-01 08:49:02.595 I/init ( 0): Service 'hht_ota_mgr_service' (pid 5694) exited with status 0
01-01 08:49:02.618 I/init ( 0): Sending signal 9 to service 'hht_ota_mgr_service' (pid 5694) process group...
01-01 08:49:02.627 I/libprocessgroup( 0): Successfully killed process cgroup uid 0 pid 5694 in 0ms
01-01 08:49:07.411 I/init ( 0): starting service 'hht_ota_mgr_service'...
01-01 08:49:07.596 I/init ( 0): Service 'hht_ota_mgr_service' (pid 5695) exited with status 0
01-01 08:49:07.619 I/init ( 0): Sending signal 9 to service 'hht_ota_mgr_service' (pid 5695) process group...
01-01 08:49:07.628 I/libprocessgroup( 0): Successfully killed process cgroup uid 0 pid 5695 in 0ms
01-01 08:49:11.038 I/[dp_rx_][0xd31321a11][10:11:00.756439] wlan( 0): [2793:I:QDF] DHCP-D RX: SA:8a:47:c9:81:b7:a1 DA:ff:ff:ff:ff:ff:ff
01-01 08:49:12.432 I/init ( 0): starting service 'hht_ota_mgr_service'...
01-01 08:49:12.643 I/init ( 0): Service 'hht_ota_mgr_service' (pid 5696) exited with status 0
01-01 08:49:12.665 I/init ( 0): Sending signal 9 to service 'hht_ota_mgr_service' (pid 5696) process group...
01-01 08:49:12.674 I/libprocessgroup( 0): Successfully killed process cgroup uid 0 pid 5696 in 0ms
01-01 08:49:17.475 I/init ( 0): starting service 'hht_ota_mgr_service'...
01-01 08:49:17.681 I/init ( 0): Service 'hht_ota_mgr_service' (pid 5697) exited with status 0
01-01 08:49:17.704 I/init ( 0): Sending signal 9 to service 'hht_ota_mgr_service' (pid 5697) process group...
01-01 08:49:17.714 I/libprocessgroup( 0): Successfully killed process cgroup uid 0 pid 5697 in 0ms
01-01 08:49:22.528 I/init ( 0): starting service 'hht_ota_mgr_service'...
01-01 08:49:22.739 I/init ( 0): Service 'hht_ota_mgr_service' (pid 5698) exited with status 0
01-01 08:49:22.763 I/init ( 0): Sending signal 9 to service 'hht_ota_mgr_service' (pid 5698) process group...
01-01 08:49:22.774 I/libprocessgroup( 0): Successfully killed process cgroup uid 0 pid 5698 in 0ms
01-01 08:49:27.582 I/init ( 0): starting service 'hht_ota_mgr_service'...
01-01 08:49:27.793 I/init ( 0): Service 'hht_ota_mgr_service' (pid 5699) exited with status 0
01-01 08:49:27.817 I/init ( 0): Sending signal 9 to service 'hht_ota_mgr_service' (pid 5699) process group...
01-01 08:49:27.828 I/libprocessgroup( 0): Successfully killed process cgroup uid 0 pid 5699 in 0ms
01-01 08:49:32.635 I/init ( 0): starting service 'hht_ota_mgr_service'...
01-01 08:49:32.833 I/init ( 0): Service 'hht_ota_mgr_service' (pid 5701) exited with status 0
01-01 08:49:32.855 I/init ( 0): Sending signal 9 to service 'hht_ota_mgr_service' (pid 5701) process group...
01-01 08:49:32.866 I/libprocessgroup( 0): Successfully killed process cgroup uid 0 pid 5701 in 0ms
01-01 08:49:37.666 I/init ( 0): starting service 'hht_ota_mgr_service'...
01-01 08:49:37.873 I/init ( 0): Service 'hht_ota_mgr_service' (pid 5702) exited with status 0
01-01 08:49:37.896 I/init ( 0): Sending signal 9 to service 'hht_ota_mgr_service' (pid 5702) process group...
01-01 08:49:37.906 I/libprocessgroup( 0): Successfully killed process cgroup uid 0 pid 5702 in 0ms
01-01 08:49:42.718 I/init ( 0): starting service 'hht_ota_mgr_service'...
01-01 08:49:42.893 W/audit ( 0): audit_lost=2224 audit_rate_limit=5 audit_backlog_limit=64
01-01 08:49:42.901 E/audit ( 0): rate limit exceeded
01-01 08:49:42.911 I/init ( 0): Service 'hht_ota_mgr_service' (pid 5705) exited with status 0
01-01 08:49:42.919 I/init ( 0): Sending signal 9 to service 'hht_ota_mgr_service' (pid 5705) process group...
01-01 08:49:42.929 I/libprocessgroup( 0): Successfully killed process cgroup uid 0 pid 5705 in 1ms
01-01 08:49:47.748 I/init ( 0): starting service 'hht_ota_mgr_service'...
01-01 08:49:47.954 I/init ( 0): Service 'hht_ota_mgr_service' (pid 5708) exited with status 0
01-01 08:49:47.977 I/init ( 0): Sending signal 9 to service 'hht_ota_mgr_service' (pid 5708) process group...
01-01 08:49:47.988 I/libprocessgroup( 0): Successfully killed process cgroup uid 0 pid 5708 in 0ms
01-01 08:49:52.798 I/init ( 0): starting service 'hht_ota_mgr_service'...
01-01 08:49:53.009 I/init ( 0): Service 'hht_ota_mgr_service' (pid 5709) exited with status 0
01-01 08:49:53.033 I/init ( 0): Sending signal 9 to service 'hht_ota_mgr_service' (pid 5709) process group...
01-01 08:49:53.042 I/libprocessgroup( 0): Successfully killed process cgroup uid 0 pid 5709 in 0ms
01-01 08:49:57.853 I/init ( 0): starting service 'hht_ota_mgr_service'...
01-01 08:49:58.065 I/init ( 0): Service 'hht_ota_mgr_service' (pid 5710) exited with status 0
01-01 08:49:58.088 I/init ( 0): Sending signal 9 to service 'hht_ota_mgr_service' (pid 5710) process group...
01-01 08:49:58.099 I/libprocessgroup( 0): Successfully killed process cgroup uid 0 pid 5710 in 0ms
01-01 08:50:02.908 I/init ( 0): starting service 'hht_ota_mgr_service'...
01-01 08:50:03.107 I/init ( 0): Service 'hht_ota_mgr_service' (pid 5711) exited with status 0
01-01 08:50:03.129 I/init ( 0): Sending signal 9 to service 'hht_ota_mgr_service' (pid 5711) process group...
01-01 08:50:03.140 I/libprocessgroup( 0): Successfully killed process cgroup uid 0 pid 5711 in 0ms
01-01 08:50:07.937 I/init ( 0): starting service 'hht_ota_mgr_service'...
01-01 08:50:08.130 I/init ( 0): Service 'hht_ota_mgr_service' (pid 5712) exited with status 0
01-01 08:50:08.152 I/init ( 0): Sending signal 9 to service 'hht_ota_mgr_service' (pid 5712) process group...
01-01 08:50:08.161 I/libprocessgroup( 0): Successfully killed process cgroup uid 0 pid 5712 in 0ms
01-01 08:50:12.962 I/init ( 0): starting service 'hht_ota_mgr_service'...
01-01 08:50:13.153 I/init ( 0): Service 'hht_ota_mgr_service' (pid 5714) exited with status 0
01-01 08:50:13.176 I/init ( 0): Sending signal 9 to service 'hht_ota_mgr_service' (pid 5714) process group...
01-01 08:50:13.185 I/libprocessgroup( 0): Successfully killed process cgroup uid 0 pid 5714 in 0ms
01-01 08:50:17.988 I/init ( 0): starting service 'hht_ota_mgr_service'...
01-01 08:50:18.173 I/init ( 0): Service 'hht_ota_mgr_service' (pid 5715) exited with status 0
01-01 08:50:18.196 I/init ( 0): Sending signal 9 to service 'hht_ota_mgr_service' (pid 5715) process group...
01-01 08:50:18.205 I/libprocessgroup( 0): Successfully killed process cgroup uid 0 pid 5715 in 0ms
01-01 08:50:20.160 I/[dp_rx_][0xd804cb543][10:12:09.878510] wlan( 0): [2793:I:QDF] DHCP-R RX: SA:04:7f:0e:5e:91:85 DA:ff:ff:ff:ff:ff:ff
01-01 08:50:23.011 I/init ( 0): starting service 'hht_ota_mgr_service'...
01-01 08:50:23.218 I/init ( 0): Service 'hht_ota_mgr_service' (pid 5717) exited with status 0
01-01 08:50:23.244 I/init ( 0): Sending signal 9 to service 'hht_ota_mgr_service' (pid 5717) process group...
01-01 08:50:23.254 I/libprocessgroup( 0): Successfully killed process cgroup uid 0 pid 5717 in 0ms
01-01 08:50:28.065 I/init ( 0): starting service 'hht_ota_mgr_service'...
01-01 08:50:28.275 I/init ( 0): Service 'hht_ota_mgr_service' (pid 5718) exited with status 0
01-01 08:50:28.297 I/init ( 0): Sending signal 9 to service 'hht_ota_mgr_service' (pid 5718) process group...
01-01 08:50:28.306 I/libprocessgroup( 0): Successfully killed process cgroup uid 0 pid 5718 in 0ms
01-01 08:50:33.116 I/init ( 0): starting service 'hht_ota_mgr_service'...
01-01 08:50:33.313 I/init ( 0): Service 'hht_ota_mgr_service' (pid 5719) exited with status 0
01-01 08:50:33.334 I/init ( 0): Sending signal 9 to service 'hht_ota_mgr_service' (pid 5719) process group...
01-01 08:50:33.343 I/libprocessgroup( 0): Successfully killed process cgroup uid 0 pid 5719 in 0ms
01-01 08:50:38.146 I/init ( 0): starting service 'hht_ota_mgr_service'...
01-01 08:50:38.343 I/init ( 0): Service 'hht_ota_mgr_service' (pid 5720) exited with status 0
01-01 08:50:38.366 I/init ( 0): Sending signal 9 to service 'hht_ota_mgr_service' (pid 5720) process group...
01-01 08:50:38.376 I/libprocessgroup( 0): Successfully killed process cgroup uid 0 pid 5720 in 0ms
01-01 08:50:43.176 I/init ( 0): starting service 'hht_ota_mgr_service'...
01-01 08:50:43.394 I/init ( 0): Service 'hht_ota_mgr_service' (pid 5721) exited with status 0
01-01 08:50:43.418 I/init ( 0): Sending signal 9 to service 'hht_ota_mgr_service' (pid 5721) process group...
01-01 08:50:43.428 I/libprocessgroup( 0): Successfully killed process cgroup uid 0 pid 5721 in 0ms
01-01 08:50:47.339 I/[schedu][0xd9f6764de][10:12:37.057810] wlan( 0): [2762:I:WMA] [10:12:36.062000] [ROAM_TRIGGER]: VDEV[0] Reason: "DENSE ENVIRONMENT"
01-01 08:50:47.353 I/[schedu][0xd9f6b5e3d][10:12:37.071373] wlan( 0): [2762:I:WMA] [10:12:36.062000] [ROAM_SCAN]: VDEV[0] Scan_type: PARTIAL {2412 2462 5260 5280 5300 5745 5785 }
01-01 08:50:47.369 I/[schedu][0xd9f702631][10:12:37.087692] wlan( 0): [2762:I:WMA] ============================================================================================================================
01-01 08:50:47.387 I/[schedu][0xd9f757814][10:12:37.105850] wlan( 0): [2762:I:WMA] AP BSSID TSTAMP CH TY ETP RSSI/SCR CU%/SCR TOT_SCR BL_RSN BL_SRC BL_TSTAMP BL_TIMEOUT(ms)
01-01 08:50:47.406 I/[schedu][0xd9f7ae60b][10:12:37.124382] wlan( 0): [2762:I:WMA] ============================================================================================================================
01-01 08:50:47.423 I/[schedu][0xd9f801e67][10:12:37.142200] wlan( 0): [2762:I:WMA] 98:f1:81:80:45:61 [10:12:36.062000] 5280 P_AP 0 69/0 0/0 4542 0 0 [00:00:00.000000] 0
01-01 08:50:47.441 I/[schedu][0xd9f85326c][10:12:37.159533] wlan( 0): [2762:I:WMA] 98:f1:81:81:79:a1 [10:12:36.747000] 5280 C_AP 189 68/0 50/0 4542 0 0 [00:00:00.000000] 0
01-01 08:50:47.459 I/[schedu][0xd9f8a7bfc][10:12:37.177584] wlan( 0): [2762:I:WMA] 98:f1:81:81:83:01 [10:12:36.620000] 5260 C_AP 189 73/0 50/0 2579 0 0 [00:00:00.000000] 0
01-01 08:50:47.476 I/[schedu][0xd9f8f9216][10:12:37.194942] wlan( 0): [2762:I:WMA] 98:f1:81:81:83:20 [10:12:36.118000] 2412 C_AP 17 88/0 50/0 1005 0 0 [00:00:00.000000] 0
01-01 08:50:47.493 I/[schedu][0xd9f94a48e][10:12:37.212255] wlan( 0): [2762:I:WMA] 98:f1:81:80:45:71 [10:12:36.149000] 5745 C_AP 152 80/0 50/0 871 0 0 [00:00:00.000000] 0
01-01 08:50:47.511 I/[schedu][0xd9f99b7a5][10:12:37.229576] wlan( 0): [2762:I:WMA] 98:f1:81:80:9c:40 [10:12:36.146000] 5745 C_AP 76 88/0 50/0 860 0 0 [00:00:00.000000] 0
01-01 08:50:47.528 I/[schedu][0xd9f9ecb9b][10:12:37.246909] wlan( 0): [2762:I:WMA] 98:f1:81:81:79:b1 [10:12:36.416000] 5785 C_AP 114 84/0 50/0 860 0 0 [00:00:00.000000] 0
01-01 08:50:47.545 I/[schedu][0xd9fa3dfdc][10:12:37.264246] wlan( 0): [2762:I:WMA] [10:12:37.034000] [ROAM_RESULT]: VDEV[0] FAILED Reason: NO CANDIDATE FOUND
01-01 08:50:48.227 I/init ( 0): starting service 'hht_ota_mgr_service'...
01-01 08:50:48.441 I/init ( 0): Service 'hht_ota_mgr_service' (pid 5722) exited with status 0
01-01 08:50:48.466 I/init ( 0): Sending signal 9 to service 'hht_ota_mgr_service' (pid 5722) process group...
01-01 08:50:48.476 I/libprocessgroup( 0): Successfully killed process cgroup uid 0 pid 5722 in 0ms
01-01 08:50:53.280 I/init ( 0): starting service 'hht_ota_mgr_service'...
01-01 08:50:53.490 I/init ( 0): Service 'hht_ota_mgr_service' (pid 5723) exited with status 0
01-01 08:50:53.513 I/init ( 0): Sending signal 9 to service 'hht_ota_mgr_service' (pid 5723) process group...
01-01 08:50:53.523 I/libprocessgroup( 0): Successfully killed process cgroup uid 0 pid 5723 in 0ms
03-28 10:12:44.083 W/ActivityThread( 2507): ClassLoader.loadClass: The class loader returned by Thread.getContextClassLoader() may fail for processes that host multiple applications. You should explicitly specify a context class loader. For example: Thread.setContextClassLoader(getClass().getClassLoader());
01-01 08:50:54.468 I/input ( 0): Remote Mouse Controller as /devices/virtual/input/input4
01-01 08:50:54.480 I/input ( 0): Remote Keyboard Controller as /devices/virtual/input/input5
01-01 08:50:58.331 I/init ( 0): starting service 'hht_ota_mgr_service'...
01-01 08:50:58.546 I/init ( 0): Service 'hht_ota_mgr_service' (pid 5729) exited with status 0
01-01 08:50:58.571 I/init ( 0): Sending signal 9 to service 'hht_ota_mgr_service' (pid 5729) process group...
01-01 08:50:58.581 I/libprocessgroup( 0): Successfully killed process cgroup uid 0 pid 5729 in 0ms
01-01 08:51:03.388 I/init ( 0): starting service 'hht_ota_mgr_service'...
01-01 08:51:03.603 I/init ( 0): Service 'hht_ota_mgr_service' (pid 5733) exited with status 0
01-01 08:51:03.626 I/init ( 0): Sending signal 9 to service 'hht_ota_mgr_service' (pid 5733) process group...
01-01 08:51:03.637 I/libprocessgroup( 0): Successfully killed process cgroup uid 0 pid 5733 in 0ms
01-01 08:51:08.437 I/init ( 0): starting service 'hht_ota_mgr_service'...
01-01 08:51:08.641 I/init ( 0): Service 'hht_ota_mgr_service' (pid 5734) exited with status 0
01-01 08:51:08.666 I/init ( 0): Sending signal 9 to service 'hht_ota_mgr_service' (pid 5734) process group...
01-01 08:51:08.676 I/libprocessgroup( 0): Successfully killed process cgroup uid 0 pid 5734 in 0ms
03-28 10:12:59.498 I/MicroServiceManager( 1017): requestResult(setVolume) parameters is{"functionInfo":{"IDCM_VolumeValue_Media":"0"}}.
01-01 08:51:13.485 I/init ( 0): starting service 'hht_ota_mgr_service'...
01-01 08:51:13.697 I/init ( 0): Service 'hht_ota_mgr_service' (pid 5745) exited with status 0
01-01 08:51:13.720 I/init ( 0): Sending signal 9 to service 'hht_ota_mgr_service' (pid 5745) process group...
01-01 08:51:13.730 I/libprocessgroup( 0): Successfully killed process cgroup uid 0 pid 5745 in 0ms
03-28 10:13:07.731 I/MicroServiceManager( 1017): requestResult(setVolume) parameters is{"functionInfo":{"IDCM_VolumeValue_Media":"16"}}.
01-01 08:51:18.536 I/init ( 0): starting service 'hht_ota_mgr_service'...
01-01 08:51:18.750 I/init ( 0): Service 'hht_ota_mgr_service' (pid 5750) exited with status 0
01-01 08:51:18.773 I/init ( 0): Sending signal 9 to service 'hht_ota_mgr_service' (pid 5750) process group...
01-01 08:51:18.783 I/libprocessgroup( 0): Successfully killed process cgroup uid 0 pid 5750 in 0ms
03-28 10:13:11.292 I/MicroServiceManager( 1017): requestResult(setVolume) parameters is{"functionInfo":{"IDCM_VolumeValue_Media":"0"}}.
01-01 08:51:23.580 I/init ( 0): starting service 'hht_ota_mgr_service'...
01-01 08:51:23.791 I/init ( 0): Service 'hht_ota_mgr_service' (pid 5758) exited with status 0
01-01 08:51:23.815 I/init ( 0): Sending signal 9 to service 'hht_ota_mgr_service' (pid 5758) process group...
01-01 08:51:23.825 I/libprocessgroup( 0): Successfully killed process cgroup uid 0 pid 5758 in 0ms
01-01 08:51:28.631 I/init ( 0): starting service 'hht_ota_mgr_service'...
01-01 08:51:28.847 I/init ( 0): Service 'hht_ota_mgr_service' (pid 5759) exited with status 0
01-01 08:51:28.873 I/init ( 0): Sending signal 9 to service 'hht_ota_mgr_service' (pid 5759) process group...
01-01 08:51:28.882 I/libprocessgroup( 0): Successfully killed process cgroup uid 0 pid 5759 in 0ms
01-01 08:51:33.690 I/init ( 0): starting service 'hht_ota_mgr_service'...
01-01 08:51:33.912 I/init ( 0): Service 'hht_ota_mgr_service' (pid 5765) exited with status 0
01-01 08:51:33.935 I/init ( 0): Sending signal 9 to service 'hht_ota_mgr_service' (pid 5765) process group...
01-01 08:51:33.946 I/libprocessgroup( 0): Successfully killed process cgroup uid 0 pid 5765 in 0ms
01-01 08:51:35.967 W/audit ( 0): audit_lost=2234 audit_rate_limit=5 audit_backlog_limit=64
01-01 08:51:35.975 E/audit ( 0): rate limit exceeded
01-01 08:51:38.745 I/init ( 0): starting service 'hht_ota_mgr_service'...
01-01 08:51:38.961 I/init ( 0): Service 'hht_ota_mgr_service' (pid 5767) exited with status 0
01-01 08:51:38.985 I/init ( 0): Sending signal 9 to service 'hht_ota_mgr_service' (pid 5767) process group...
01-01 08:51:39.011 I/libprocessgroup( 0): Successfully killed process cgroup uid 0 pid 5767 in 0ms
01-01 08:51:43.798 I/init ( 0): starting service 'hht_ota_mgr_service'...
01-01 08:51:44.013 I/init ( 0): Service 'hht_ota_mgr_service' (pid 5774) exited with status 0
01-01 08:51:44.037 I/init ( 0): Sending signal 9 to service 'hht_ota_mgr_service' (pid 5774) process group...
01-01 08:51:44.047 I/libprocessgroup( 0): Successfully killed process cgroup uid 0 pid 5774 in 0ms
01-01 08:51:46.906 I/[dp_rx_][0xde392b977][10:13:36.625018] wlan( 0): [2793:I:QDF] DHCP-R RX: SA:52:05:ac:14:63:b3 DA:ff:ff:ff:ff:ff:ff
01-01 08:51:48.823 I/init ( 0): starting service 'hht_ota_mgr_service'...
01-01 08:51:49.043 I/init ( 0): Service 'hht_ota_mgr_service' (pid 5778) exited with status 0
01-01 08:51:49.066 I/init ( 0): Sending signal 9 to service 'hht_ota_mgr_service' (pid 5778) process group...
01-01 08:51:49.076 I/libprocessgroup( 0): Successfully killed process cgroup uid 0 pid 5778 in 0ms
01-01 08:51:53.869 I/init ( 0): starting service 'hht_ota_mgr_service'...
01-01 08:51:54.100 I/init ( 0): Service 'hht_ota_mgr_service' (pid 5779) exited with status 0
01-01 08:51:54.108 I/init ( 0): Sending signal 9 to service 'hht_ota_mgr_service' (pid 5779) process group...
01-01 08:51:54.118 I/libprocessgroup( 0): Successfully killed process cgroup uid 0 pid 5779 in 0ms
01-01 08:51:58.930 I/init ( 0): starting service 'hht_ota_mgr_service'...
01-01 08:51:59.145 I/init ( 0): Service 'hht_ota_mgr_service' (pid 5785) exited with status 0
01-01 08:51:59.169 I/init ( 0): Sending signal 9 to service 'hht_ota_mgr_service' (pid 5785) process group...
01-01 08:51:59.179 I/libprocessgroup( 0): Successfully killed process cgroup uid 0 pid 5785 in 0ms
01-01 08:52:03.983 I/init ( 0): starting service 'hht_ota_mgr_service'...
01-01 08:52:04.216 I/init ( 0): Service 'hht_ota_mgr_service' (pid 5786) exited with status 0
01-01 08:52:04.238 I/init ( 0): Sending signal 9 to service 'hht_ota_mgr_service' (pid 5786) process group...
01-01 08:52:04.247 I/libprocessgroup( 0): Successfully killed process cgroup uid 0 pid 5786 in 0ms
01-01 08:52:09.031 I/init ( 0): starting service 'hht_ota_mgr_service'...
01-01 08:52:09.244 I/init ( 0): Service 'hht_ota_mgr_service' (pid 5790) exited with status 0
01-01 08:52:09.268 I/init ( 0): Sending signal 9 to service 'hht_ota_mgr_service' (pid 5790) process group...
01-01 08:52:09.278 I/libprocessgroup( 0): Successfully killed process cgroup uid 0 pid 5790 in 0ms
01-01 08:52:14.069 I/init ( 0): starting service 'hht_ota_mgr_service'...
01-01 08:52:14.293 I/init ( 0): Service 'hht_ota_mgr_service' (pid 5791) exited with status 0
01-01 08:52:14.316 I/init ( 0): Sending signal 9 to service 'hht_ota_mgr_service' (pid 5791) process group...
01-01 08:52:14.326 I/libprocessgroup( 0): Successfully killed process cgroup uid 0 pid 5791 in 0ms
01-01 08:52:19.114 I/init ( 0): starting service 'hht_ota_mgr_service'...
01-01 08:52:19.339 I/init ( 0): Service 'hht_ota_mgr_service' (pid 5795) exited with status 0
01-01 08:52:19.362 I/init ( 0): Sending signal 9 to service 'hht_ota_mgr_service' (pid 5795) process group...
01-01 08:52:19.372 I/libprocessgroup( 0): Successfully killed process cgroup uid 0 pid 5795 in 0ms
03-28 10:14:10.418 D/ActivityManager( 1017): freezing 5357 android.process.media
01-01 08:52:20.701 I/binder ( 0): 1017:1728 ioctl 400c620e 74237f95d8 returned -22
03-28 10:14:10.426 E/ActivityManager( 1017): Unable to freeze binder for 5357 android.process.media
01-01 08:52:20.712 I/binder ( 0): 1017:1728 ioctl c00c620f 74237f95b8 returned -22
03-28 10:14:10.430 D/ActivityManager( 1017): froze 5357 android.process.media
03-28 10:14:10.437 E/ActivityManager( 1017): Unable to freeze binder for 5357 android.process.media
03-28 10:14:10.439 I/ActivityManager( 1017): Killing 5357:android.process.media/u0a19 (adj 905): Unable to freeze binder interface
01-01 08:52:24.170 I/init ( 0): starting service 'hht_ota_mgr_service'...
01-01 08:52:24.396 I/init ( 0): Service 'hht_ota_mgr_service' (pid 5796) exited with status 0
01-01 08:52:24.413 I/[schedu][0xe0e7efc99][10:14:14.131617] wlan( 0): [2762:I:WMA] [10:14:13.227000] [ROAM_TRIGGER]: VDEV[0] Reason: "DENSE ENVIRONMENT"
01-01 08:52:24.419 I/init ( 0): Sending signal 9 to service 'hht_ota_mgr_service' (pid 5796) process group...
01-01 08:52:24.433 I/[schedu][0xe0e84c5be][10:14:14.151365] wlan( 0): [2762:I:WMA] [10:14:13.227000] [ROAM_SCAN]: VDEV[0] Scan_type: PARTIAL {2412 2462 5260 5280 5300 5745 5785 }
01-01 08:52:24.441 I/libprocessgroup( 0): Successfully killed process cgroup uid 0 pid 5796 in 0ms
01-01 08:52:24.456 I/[schedu][0xe0e8bacb8][10:14:14.174924] wlan( 0): [2762:I:WMA] ============================================================================================================================
01-01 08:52:24.482 I/[schedu][0xe0e935991][10:14:14.201122] wlan( 0): [2762:I:WMA] AP BSSID TSTAMP CH TY ETP RSSI/SCR CU%/SCR TOT_SCR BL_RSN BL_SRC BL_TSTAMP BL_TIMEOUT(ms)
01-01 08:52:24.501 I/[schedu][0xe0e98d859][10:14:14.219882] wlan( 0): [2762:I:WMA] ============================================================================================================================
01-01 08:52:24.519 I/[schedu][0xe0e9e1221][10:14:14.237716] wlan( 0): [2762:I:WMA] 98:f1:81:80:45:61 [10:14:13.227000] 5280 P_AP 0 64/0 0/0 4642 0 0 [00:00:00.000000] 0
01-01 08:52:24.536 I/[schedu][0xe0ea32831][10:14:14.255077] wlan( 0): [2762:I:WMA] 98:f1:81:80:9c:40 [10:14:13.329000] 5745 C_AP 189 0/0 50/0 4842 0 0 [00:00:00.000000] 0
01-01 08:52:24.554 I/[schedu][0xe0ea83bb3][10:14:14.272403] wlan( 0): [2762:I:WMA] 98:f1:81:81:79:a1 [10:14:13.772000] 5280 C_AP 189 69/0 50/0 4542 0 0 [00:00:00.000000] 0
01-01 08:52:24.571 I/[schedu][0xe0ead4f9b][10:14:14.289736] wlan( 0): [2762:I:WMA] 98:f1:81:81:83:01 [10:14:13.610000] 5260 C_AP 171 78/0 50/0 1535 0 0 [00:00:00.000000] 0
01-01 08:52:24.588 I/[schedu][0xe0eb26374][10:14:14.307067] wlan( 0): [2762:I:WMA] 98:f1:81:80:45:80 [10:14:13.327000] 2462 C_AP 28 83/0 50/0 1005 0 0 [00:00:00.000000] 0
01-01 08:52:24.606 I/[schedu][0xe0eb7767e][10:14:14.324387] wlan( 0): [2762:I:WMA] 98:f1:81:80:9c:30 [10:14:13.612000] 5260 C_AP 86 87/0 50/0 860 0 0 [00:00:00.000000] 0
01-01 08:52:24.623 I/[schedu][0xe0ebc8a3f][10:14:14.341717] wlan( 0): [2762:I:WMA] [10:14:14.121000] [ROAM_RESULT]: VDEV[0] FAILED Reason: NO CANDIDATE FOUND
01-01 08:52:29.218 I/init ( 0): starting service 'hht_ota_mgr_service'...
01-01 08:52:29.421 I/init ( 0): Service 'hht_ota_mgr_service' (pid 5800) exited with status 0
01-01 08:52:29.444 I/init ( 0): Sending signal 9 to service 'hht_ota_mgr_service' (pid 5800) process group...
01-01 08:52:29.454 I/libprocessgroup( 0): Successfully killed process cgroup uid 0 pid 5800 in 0ms
01-01 08:52:34.244 I/init ( 0): starting service 'hht_ota_mgr_service'...
01-01 08:52:34.447 I/init ( 0): Service 'hht_ota_mgr_service' (pid 5804) exited with status 0
01-01 08:52:34.470 I/init ( 0): Sending signal 9 to service 'hht_ota_mgr_service' (pid 5804) process group...
01-01 08:52:34.479 I/libprocessgroup( 0): Successfully killed process cgroup uid 0 pid 5804 in 0ms
01-01 08:52:39.270 I/init ( 0): starting service 'hht_ota_mgr_service'...
01-01 08:52:39.471 I/init ( 0): Service 'hht_ota_mgr_service' (pid 5805) exited with status 0
01-01 08:52:39.494 I/init ( 0): Sending signal 9 to service 'hht_ota_mgr_service' (pid 5805) process group...
01-01 08:52:39.503 I/libprocessgroup( 0): Successfully killed process cgroup uid 0 pid 5805 in 0ms
01-01 08:52:44.294 I/init ( 0): starting service 'hht_ota_mgr_service'...
01-01 08:52:44.500 I/init ( 0): Service 'hht_ota_mgr_service' (pid 5811) exited with status 0
01-01 08:52:44.523 I/init ( 0): Sending signal 9 to service 'hht_ota_mgr_service' (pid 5811) process group...
01-01 08:52:44.532 I/libprocessgroup( 0): Successfully killed process cgroup uid 0 pid 5811 in 0ms
01-01 08:52:49.318 I/init ( 0): starting service 'hht_ota_mgr_service'...
01-01 08:52:49.524 I/init ( 0): Service 'hht_ota_mgr_service' (pid 5812) exited with status 0
01-01 08:52:49.548 I/init ( 0): Sending signal 9 to service 'hht_ota_mgr_service' (pid 5812) process group...
01-01 08:52:49.558 I/libprocessgroup( 0): Successfully killed process cgroup uid 0 pid 5812 in 0ms
01-01 08:52:54.351 I/init ( 0): starting service 'hht_ota_mgr_service'...
01-01 08:52:54.565 I/init ( 0): Service 'hht_ota_mgr_service' (pid 5816) exited with status 0
01-01 08:52:54.589 I/init ( 0): Sending signal 9 to service 'hht_ota_mgr_service' (pid 5816) process group...
01-01 08:52:54.599 I/libprocessgroup( 0): Successfully killed process cgroup uid 0 pid 5816 in 0ms
01-01 08:52:59.407 I/init ( 0): starting service 'hht_ota_mgr_service'...
01-01 08:52:59.615 I/init ( 0): Service 'hht_ota_mgr_service' (pid 5817) exited with status 0
01-01 08:52:59.638 I/init ( 0): Sending signal 9 to service 'hht_ota_mgr_service' (pid 5817) process group...
01-01 08:52:59.648 I/libprocessgroup( 0): Successfully killed process cgroup uid 0 pid 5817 in 0ms
01-01 08:53:04.450 I/init ( 0): starting service 'hht_ota_mgr_service'...
01-01 08:53:04.653 I/init ( 0): Service 'hht_ota_mgr_service' (pid 5821) exited with status 0
01-01 08:53:04.677 I/init ( 0): Sending signal 9 to service 'hht_ota_mgr_service' (pid 5821) process group...
01-01 08:53:04.686 I/libprocessgroup( 0): Successfully killed process cgroup uid 0 pid 5821 in 0ms
01-01 08:53:09.471 I/init ( 0): starting service 'hht_ota_mgr_service'...
01-01 08:53:09.681 I/init ( 0): Service 'hht_ota_mgr_service' (pid 5825) exited with status 0
01-01 08:53:09.704 I/init ( 0): Sending signal 9 to service 'hht_ota_mgr_service' (pid 5825) process group...
01-01 08:53:09.713 I/libprocessgroup( 0): Successfully killed process cgroup uid 0 pid 5825 in 0ms
01-01 08:53:14.499 I/init ( 0): starting service 'hht_ota_mgr_service'...
01-01 08:53:14.687 I/init ( 0): Service 'hht_ota_mgr_service' (pid 5826) exited with status 0
01-01 08:53:14.710 I/init ( 0): Sending signal 9 to service 'hht_ota_mgr_service' (pid 5826) process group...
01-01 08:53:14.719 I/libprocessgroup( 0): Successfully killed process cgroup uid 0 pid 5826 in 0ms
01-01 08:53:19.519 I/init ( 0): starting service 'hht_ota_mgr_service'...
01-01 08:53:19.728 I/init ( 0): Service 'hht_ota_mgr_service' (pid 5831) exited with status 0
01-01 08:53:19.751 I/init ( 0): Sending signal 9 to service 'hht_ota_mgr_service' (pid 5831) process group...
01-01 08:53:19.760 I/libprocessgroup( 0): Successfully killed process cgroup uid 0 pid 5831 in 0ms
01-01 08:53:24.547 I/init ( 0): starting service 'hht_ota_mgr_service'...
01-01 08:53:24.736 I/init ( 0): Service 'hht_ota_mgr_service' (pid 5832) exited with status 0
01-01 08:53:24.759 I/init ( 0): Sending signal 9 to service 'hht_ota_mgr_service' (pid 5832) process group...
01-01 08:53:24.768 I/libprocessgroup( 0): Successfully killed process cgroup uid 0 pid 5832 in 0ms
01-01 08:53:29.567 I/init ( 0): starting service 'hht_ota_mgr_service'...
01-01 08:53:29.778 I/init ( 0): Service 'hht_ota_mgr_service' (pid 5836) exited with status 0
01-01 08:53:29.802 I/init ( 0): Sending signal 9 to service 'hht_ota_mgr_service' (pid 5836) process group...
01-01 08:53:29.811 I/libprocessgroup( 0): Successfully killed process cgroup uid 0 pid 5836 in 0ms
01-01 08:53:34.595 I/init ( 0): starting service 'hht_ota_mgr_service'...
01-01 08:53:34.784 I/init ( 0): Service 'hht_ota_mgr_service' (pid 5837) exited with status 0
01-01 08:53:34.806 I/init ( 0): Sending signal 9 to service 'hht_ota_mgr_service' (pid 5837) process group...
01-01 08:53:34.816 I/libprocessgroup( 0): Successfully killed process cgroup uid 0 pid 5837 in 0ms
01-01 08:53:39.615 I/init ( 0): starting service 'hht_ota_mgr_service'...
01-01 08:53:39.840 I/init ( 0): Service 'hht_ota_mgr_service' (pid 5841) exited with status 0
01-01 08:53:39.863 I/init ( 0): Sending signal 9 to service 'hht_ota_mgr_service' (pid 5841) process group...
01-01 08:53:39.873 I/libprocessgroup( 0): Successfully killed process cgroup uid 0 pid 5841 in 0ms
01-01 08:53:44.643 I/init ( 0): starting service 'hht_ota_mgr_service'...
01-01 08:53:44.835 I/init ( 0): Service 'hht_ota_mgr_service' (pid 5843) exited with status 0
01-01 08:53:44.843 I/init ( 0): Sending signal 9 to service 'hht_ota_mgr_service' (pid 5843) process group...
01-01 08:53:44.852 I/libprocessgroup( 0): Successfully killed process cgroup uid 0 pid 5843 in 0ms
01-01 08:53:49.667 I/init ( 0): starting service 'hht_ota_mgr_service'...
01-01 08:53:49.873 I/init ( 0): Service 'hht_ota_mgr_service' (pid 5847) exited with status 0
01-01 08:53:49.897 I/init ( 0): Sending signal 9 to service 'hht_ota_mgr_service' (pid 5847) process group...
01-01 08:53:49.907 I/libprocessgroup( 0): Successfully killed process cgroup uid 0 pid 5847 in 0ms
01-01 08:53:54.716 I/init ( 0): starting service 'hht_ota_mgr_service'...
01-01 08:53:54.915 I/init ( 0): Service 'hht_ota_mgr_service' (pid 5851) exited with status 0
01-01 08:53:54.940 I/init ( 0): Sending signal 9 to service 'hht_ota_mgr_service' (pid 5851) process group...
01-01 08:53:54.949 I/libprocessgroup( 0): Successfully killed process cgroup uid 0 pid 5851 in 0ms
01-01 08:53:59.747 I/init ( 0): starting service 'hht_ota_mgr_service'...
01-01 08:53:59.969 I/init ( 0): Service 'hht_ota_mgr_service' (pid 5852) exited with status 0
01-01 08:53:59.977 I/init ( 0): Sending signal 9 to service 'hht_ota_mgr_service' (pid 5852) process group...
01-01 08:53:59.986 I/libprocessgroup( 0): Successfully killed process cgroup uid 0 pid 5852 in 0ms
01-01 08:54:04.799 I/init ( 0): starting service 'hht_ota_mgr_service'...
01-01 08:54:04.991 I/init ( 0): Service 'hht_ota_mgr_service' (pid 5856) exited with status 0
01-01 08:54:05.015 I/init ( 0): Sending signal 9 to service 'hht_ota_mgr_service' (pid 5856) process group...
01-01 08:54:05.026 I/libprocessgroup( 0): Successfully killed process cgroup uid 0 pid 5856 in 0ms
01-01 08:54:09.829 I/init ( 0): starting service 'hht_ota_mgr_service'...
01-01 08:54:10.035 I/init ( 0): Service 'hht_ota_mgr_service' (pid 5857) exited with status 0
01-01 08:54:10.060 I/init ( 0): Sending signal 9 to service 'hht_ota_mgr_service' (pid 5857) process group...
01-01 08:54:10.071 I/libprocessgroup( 0): Successfully killed process cgroup uid 0 pid 5857 in 0ms
01-01 08:54:14.882 I/init ( 0): starting service 'hht_ota_mgr_service'...
