01-01 08:20:19.953 I/libprocessgroup( 0): Successfully killed process cgroup uid 0 pid 4837 in 0ms
01-01 08:20:24.738 I/init ( 0): starting service 'hht_ota_mgr_service'...
01-01 08:20:24.933 I/init ( 0): Service 'hht_ota_mgr_service' (pid 4838) exited with status 0
01-01 08:20:24.954 I/init ( 0): Sending signal 9 to service 'hht_ota_mgr_service' (pid 4838) process group...
01-01 08:20:24.963 I/libprocessgroup( 0): Successfully killed process cgroup uid 0 pid 4838 in 0ms
01-01 08:20:29.762 I/init ( 0): starting service 'hht_ota_mgr_service'...
01-01 08:20:29.980 I/init ( 0): Service 'hht_ota_mgr_service' (pid 4839) exited with status 0
01-01 08:20:29.992 I/init ( 0): Sending signal 9 to service 'hht_ota_mgr_service' (pid 4839) process group...
01-01 08:20:30.024 I/libprocessgroup( 0): Successfully killed process cgroup uid 0 pid 4839 in 0ms
01-01 08:20:34.810 I/init ( 0): starting service 'hht_ota_mgr_service'...
01-01 08:20:35.042 I/init ( 0): Service 'hht_ota_mgr_service' (pid 4840) exited with status 0
01-01 08:20:35.065 I/init ( 0): Sending signal 9 to service 'hht_ota_mgr_service' (pid 4840) process group...
01-01 08:20:35.074 I/libprocessgroup( 0): Successfully killed process cgroup uid 0 pid 4840 in 0ms
01-01 08:20:39.865 I/init ( 0): starting service 'hht_ota_mgr_service'...
01-01 08:20:40.065 I/init ( 0): Service 'hht_ota_mgr_service' (pid 4842) exited with status 0
01-01 08:20:40.089 I/init ( 0): Sending signal 9 to service 'hht_ota_mgr_service' (pid 4842) process group...
01-01 08:20:40.099 I/libprocessgroup( 0): Successfully killed process cgroup uid 0 pid 4842 in 0ms
01-01 08:20:44.892 I/init ( 0): starting service 'hht_ota_mgr_service'...
01-01 08:20:45.113 I/init ( 0): Service 'hht_ota_mgr_service' (pid 4843) exited with status 0
01-01 08:20:45.137 I/init ( 0): Sending signal 9 to service 'hht_ota_mgr_service' (pid 4843) process group...
01-01 08:20:45.147 I/libprocessgroup( 0): Successfully killed process cgroup uid 0 pid 4843 in 0ms
03-27 09:42:42.952 I/UsageStatsService( 1017): User[0] Flushing usage stats to disk
01-01 08:20:49.946 I/init ( 0): starting service 'hht_ota_mgr_service'...
01-01 08:20:50.164 I/init ( 0): Service 'hht_ota_mgr_service' (pid 4844) exited with status 0
01-01 08:20:50.187 I/init ( 0): Sending signal 9 to service 'hht_ota_mgr_service' (pid 4844) process group...
01-01 08:20:50.197 I/libprocessgroup( 0): Successfully killed process cgroup uid 0 pid 4844 in 0ms
01-01 08:20:55.002 I/init ( 0): starting service 'hht_ota_mgr_service'...
01-01 08:20:55.217 I/init ( 0): Service 'hht_ota_mgr_service' (pid 4846) exited with status 0
01-01 08:20:55.240 I/init ( 0): Sending signal 9 to service 'hht_ota_mgr_service' (pid 4846) process group...
01-01 08:20:55.250 I/libprocessgroup( 0): Successfully killed process cgroup uid 0 pid 4846 in 0ms
03-27 09:42:49.655 D/ActivityManager( 1017): freezing 3921 com.android.providers.calendar
03-27 09:42:49.663 E/ActivityManager( 1017): Unable to freeze binder for 3921 com.android.providers.calendar
01-01 08:20:55.265 I/binder ( 0): 1017:1728 ioctl 400c620e 74237f95d8 returned -22
03-27 09:42:49.665 D/ActivityManager( 1017): froze 3921 com.android.providers.calendar
01-01 08:20:55.273 I/binder ( 0): 1017:1728 ioctl c00c620f 74237f95b8 returned -22
03-27 09:42:49.672 E/ActivityManager( 1017): Unable to freeze binder for 3921 com.android.providers.calendar
03-27 09:42:49.673 I/ActivityManager( 1017): Killing 3921:com.android.providers.calendar/u0a18 (adj 915): Unable to freeze binder interface
01-01 08:21:00.055 I/init ( 0): starting service 'hht_ota_mgr_service'...
01-01 08:21:00.275 I/init ( 0): Service 'hht_ota_mgr_service' (pid 4847) exited with status 0
01-01 08:21:00.298 I/init ( 0): Sending signal 9 to service 'hht_ota_mgr_service' (pid 4847) process group...
01-01 08:21:00.308 I/libprocessgroup( 0): Successfully killed process cgroup uid 0 pid 4847 in 0ms
01-01 08:21:05.096 I/init ( 0): starting service 'hht_ota_mgr_service'...
01-01 08:21:05.299 I/init ( 0): Service 'hht_ota_mgr_service' (pid 4848) exited with status 0
01-01 08:21:05.322 I/init ( 0): Sending signal 9 to service 'hht_ota_mgr_service' (pid 4848) process group...
01-01 08:21:05.333 I/libprocessgroup( 0): Successfully killed process cgroup uid 0 pid 4848 in 0ms
01-01 08:21:10.147 I/init ( 0): starting service 'hht_ota_mgr_service'...
01-01 08:21:10.356 I/init ( 0): Service 'hht_ota_mgr_service' (pid 4850) exited with status 0
01-01 08:21:10.381 I/init ( 0): Sending signal 9 to service 'hht_ota_mgr_service' (pid 4850) process group...
01-01 08:21:10.391 I/libprocessgroup( 0): Successfully killed process cgroup uid 0 pid 4850 in 0ms
01-01 08:21:14.567 I/[schedu][0x5b2a0bcf0][09:43:08.959416] wlan( 0): [2762:I:WMA] [09:43:08.217000] [ROAM_TRIGGER]: VDEV[0] Reason: "DENSE ENVIRONMENT"
01-01 08:21:14.581 I/[schedu][0x5b2a49999][09:43:08.972597] wlan( 0): [2762:I:WMA] [09:43:08.217000] [ROAM_SCAN]: VDEV[0] Scan_type: PARTIAL {2412 2462 5260 5280 5300 5745 5785 }
01-01 08:21:14.596 I/[schedu][0x5b2a9244e][09:43:08.988099] wlan( 0): [2762:I:WMA] ============================================================================================================================
01-01 08:21:14.614 I/[schedu][0x5b2ae6b0f][09:43:09.006109] wlan( 0): [2762:I:WMA] AP BSSID TSTAMP CH TY ETP RSSI/SCR CU%/SCR TOT_SCR BL_RSN BL_SRC BL_TSTAMP BL_TIMEOUT(ms)
01-01 08:21:14.633 I/[schedu][0x5b2b4042b][09:43:09.025217] wlan( 0): [2762:I:WMA] ============================================================================================================================
01-01 08:21:14.651 I/[schedu][0x5b2b93cfd][09:43:09.043041] wlan( 0): [2762:I:WMA] 98:f1:81:80:45:61 [09:43:08.217000] 5280 P_AP 0 69/0 0/0 4542 0 0 [00:00:00.000000] 0
01-01 08:21:14.668 I/[schedu][0x5b2be50b5][09:43:09.060370] wlan( 0): [2762:I:WMA] 98:f1:81:80:9c:40 [09:43:08.319000] 5745 C_AP 180 77/0 50/0 1535 0 0 [00:00:00.000000] 0
01-01 08:21:14.686 I/[schedu][0x5b2c365b3][09:43:09.077716] wlan( 0): [2762:I:WMA] 98:f1:81:80:45:71 [09:43:08.320000] 5745 C_AP 180 77/0 50/0 1535 0 0 [00:00:00.000000] 0
01-01 08:21:14.703 I/[schedu][0x5b2c893b6][09:43:09.095400] wlan( 0): [2762:I:WMA] 98:f1:81:81:83:01 [09:43:08.587000] 5260 C_AP 189 76/0 50/0 1535 0 0 [00:00:00.000000] 0
01-01 08:21:14.721 I/[schedu][0x5b2cdac18][09:43:09.112788] wlan( 0): [2762:I:WMA] 98:f1:81:81:83:20 [09:43:08.290000] 2412 C_AP 21 86/0 50/0 1005 0 0 [00:00:00.000000] 0
01-01 08:21:14.738 I/[schedu][0x5b2d2bfce][09:43:09.130125] wlan( 0): [2762:I:WMA] 98:f1:81:81:79:b1 [09:43:08.469000] 5785 C_AP 143 81/0 50/0 860 0 0 [00:00:00.000000] 0
01-01 08:21:14.755 I/[schedu][0x5b2d7d32b][09:43:09.147443] wlan( 0): [2762:I:WMA] 98:f1:81:80:9c:30 [09:43:08.589000] 5260 C_AP 86 87/0 50/0 860 0 0 [00:00:00.000000] 0
01-01 08:21:14.773 I/[schedu][0x5b2dce54a][09:43:09.164751] wlan( 0): [2762:I:WMA] 98:f1:81:81:6f:e0 [09:43:08.894000] 5300 C_AP 76 88/0 50/0 860 0 0 [00:00:00.000000] 0
01-01 08:21:14.790 I/[schedu][0x5b2e1f868][09:43:09.182072] wlan( 0): [2762:I:WMA] [09:43:08.933000] [ROAM_RESULT]: VDEV[0] FAILED Reason: NO CANDIDATE FOUND
01-01 08:21:14.967 W/audit ( 0): audit_lost=920 audit_rate_limit=5 audit_backlog_limit=64
01-01 08:21:14.981 E/audit ( 0): rate limit exceeded
01-01 08:21:15.198 I/init ( 0): starting service 'hht_ota_mgr_service'...
01-01 08:21:15.417 I/init ( 0): Service 'hht_ota_mgr_service' (pid 4852) exited with status 0
01-01 08:21:15.439 I/init ( 0): Sending signal 9 to service 'hht_ota_mgr_service' (pid 4852) process group...
01-01 08:21:15.449 I/libprocessgroup( 0): Successfully killed process cgroup uid 0 pid 4852 in 0ms
01-01 08:21:20.250 I/init ( 0): starting service 'hht_ota_mgr_service'...
01-01 08:21:20.465 I/init ( 0): Service 'hht_ota_mgr_service' (pid 4854) exited with status 0
01-01 08:21:20.489 I/init ( 0): Sending signal 9 to service 'hht_ota_mgr_service' (pid 4854) process group...
01-01 08:21:20.499 I/libprocessgroup( 0): Successfully killed process cgroup uid 0 pid 4854 in 0ms
01-01 08:21:25.304 I/init ( 0): starting service 'hht_ota_mgr_service'...
01-01 08:21:25.513 I/init ( 0): Service 'hht_ota_mgr_service' (pid 4856) exited with status 0
01-01 08:21:25.536 I/init ( 0): Sending signal 9 to service 'hht_ota_mgr_service' (pid 4856) process group...
01-01 08:21:25.546 I/libprocessgroup( 0): Successfully killed process cgroup uid 0 pid 4856 in 0ms
03-27 09:43:23.251 D/ActivityManager( 1017): freezing 2634 com.thundercomm.gamemode.provider
01-01 08:21:28.860 I/binder ( 0): 1017:1728 ioctl 400c620e 74237f95d8 returned -22
03-27 09:43:23.258 E/ActivityManager( 1017): Unable to freeze binder for 2634 com.thundercomm.gamemode.provider
03-27 09:43:23.262 D/ActivityManager( 1017): froze 2634 com.thundercomm.gamemode.provider
01-01 08:21:28.871 I/binder ( 0): 1017:1728 ioctl c00c620f 74237f95b8 returned -22
03-27 09:43:23.270 E/ActivityManager( 1017): Unable to freeze binder for 2634 com.thundercomm.gamemode.provider
03-27 09:43:23.272 I/ActivityManager( 1017): Killing 2634:com.thundercomm.gamemode.provider/u0a65 (adj 905): Unable to freeze binder interface
01-01 08:21:30.332 I/init ( 0): starting service 'hht_ota_mgr_service'...
01-01 08:21:30.559 I/init ( 0): Service 'hht_ota_mgr_service' (pid 4857) exited with status 0
01-01 08:21:30.582 I/init ( 0): Sending signal 9 to service 'hht_ota_mgr_service' (pid 4857) process group...
01-01 08:21:30.592 I/libprocessgroup( 0): Successfully killed process cgroup uid 0 pid 4857 in 0ms
01-01 08:21:35.385 I/init ( 0): starting service 'hht_ota_mgr_service'...
01-01 08:21:35.603 I/init ( 0): Service 'hht_ota_mgr_service' (pid 4858) exited with status 0
01-01 08:21:35.627 I/init ( 0): Sending signal 9 to service 'hht_ota_mgr_service' (pid 4858) process group...
01-01 08:21:35.637 I/libprocessgroup( 0): Successfully killed process cgroup uid 0 pid 4858 in 0ms
01-01 08:21:40.437 I/init ( 0): starting service 'hht_ota_mgr_service'...
01-01 08:21:40.642 I/init ( 0): Service 'hht_ota_mgr_service' (pid 4859) exited with status 0
01-01 08:21:40.666 I/init ( 0): Sending signal 9 to service 'hht_ota_mgr_service' (pid 4859) process group...
01-01 08:21:40.676 I/libprocessgroup( 0): Successfully killed process cgroup uid 0 pid 4859 in 0ms
01-01 08:21:45.486 I/init ( 0): starting service 'hht_ota_mgr_service'...
01-01 08:21:45.690 I/init ( 0): Service 'hht_ota_mgr_service' (pid 4860) exited with status 0
01-01 08:21:45.712 I/init ( 0): Sending signal 9 to service 'hht_ota_mgr_service' (pid 4860) process group...
01-01 08:21:45.722 I/libprocessgroup( 0): Successfully killed process cgroup uid 0 pid 4860 in 0ms
01-01 08:21:50.515 I/init ( 0): starting service 'hht_ota_mgr_service'...
01-01 08:21:50.735 I/init ( 0): Service 'hht_ota_mgr_service' (pid 4861) exited with status 0
01-01 08:21:50.758 I/init ( 0): Sending signal 9 to service 'hht_ota_mgr_service' (pid 4861) process group...
01-01 08:21:50.769 I/libprocessgroup( 0): Successfully killed process cgroup uid 0 pid 4861 in 1ms
01-01 08:21:55.559 I/init ( 0): starting service 'hht_ota_mgr_service'...
01-01 08:21:55.777 I/init ( 0): Service 'hht_ota_mgr_service' (pid 4862) exited with status 0
01-01 08:21:55.798 I/init ( 0): Sending signal 9 to service 'hht_ota_mgr_service' (pid 4862) process group...
01-01 08:21:55.808 I/libprocessgroup( 0): Successfully killed process cgroup uid 0 pid 4862 in 0ms
01-01 08:22:00.602 I/init ( 0): starting service 'hht_ota_mgr_service'...
01-01 08:22:00.821 I/init ( 0): Service 'hht_ota_mgr_service' (pid 4863) exited with status 0
01-01 08:22:00.846 I/init ( 0): Sending signal 9 to service 'hht_ota_mgr_service' (pid 4863) process group...
01-01 08:22:00.857 I/libprocessgroup( 0): Successfully killed process cgroup uid 0 pid 4863 in 0ms
01-01 08:22:05.651 I/init ( 0): starting service 'hht_ota_mgr_service'...
01-01 08:22:05.863 I/init ( 0): Service 'hht_ota_mgr_service' (pid 4865) exited with status 0
01-01 08:22:05.885 I/init ( 0): Sending signal 9 to service 'hht_ota_mgr_service' (pid 4865) process group...
01-01 08:22:05.896 I/libprocessgroup( 0): Successfully killed process cgroup uid 0 pid 4865 in 0ms
01-01 08:22:10.691 I/init ( 0): starting service 'hht_ota_mgr_service'...
01-01 08:22:10.911 I/init ( 0): Service 'hht_ota_mgr_service' (pid 4866) exited with status 0
01-01 08:22:10.934 I/init ( 0): Sending signal 9 to service 'hht_ota_mgr_service' (pid 4866) process group...
01-01 08:22:10.946 I/libprocessgroup( 0): Successfully killed process cgroup uid 0 pid 4866 in 2ms
01-01 08:22:15.734 I/init ( 0): starting service 'hht_ota_mgr_service'...
01-01 08:22:15.926 I/init ( 0): Service 'hht_ota_mgr_service' (pid 4867) exited with status 0
01-01 08:22:15.950 I/init ( 0): Sending signal 9 to service 'hht_ota_mgr_service' (pid 4867) process group...
01-01 08:22:15.960 I/libprocessgroup( 0): Successfully killed process cgroup uid 0 pid 4867 in 0ms
01-01 08:22:20.763 I/init ( 0): starting service 'hht_ota_mgr_service'...
01-01 08:22:20.983 I/init ( 0): Service 'hht_ota_mgr_service' (pid 4868) exited with status 0
01-01 08:22:20.993 I/init ( 0): Sending signal 9 to service 'hht_ota_mgr_service' (pid 4868) process group...
01-01 08:22:21.024 I/libprocessgroup( 0): Successfully killed process cgroup uid 0 pid 4868 in 0ms
01-01 08:22:25.815 I/init ( 0): starting service 'hht_ota_mgr_service'...
01-01 08:22:26.015 I/init ( 0): Service 'hht_ota_mgr_service' (pid 4870) exited with status 0
01-01 08:22:26.039 I/init ( 0): Sending signal 9 to service 'hht_ota_mgr_service' (pid 4870) process group...
01-01 08:22:26.049 I/libprocessgroup( 0): Successfully killed process cgroup uid 0 pid 4870 in 0ms
01-01 08:22:30.840 I/init ( 0): starting service 'hht_ota_mgr_service'...
01-01 08:22:31.041 I/init ( 0): Service 'hht_ota_mgr_service' (pid 4873) exited with status 0
01-01 08:22:31.065 I/init ( 0): Sending signal 9 to service 'hht_ota_mgr_service' (pid 4873) process group...
01-01 08:22:31.075 I/libprocessgroup( 0): Successfully killed process cgroup uid 0 pid 4873 in 0ms
01-01 08:22:35.864 I/init ( 0): starting service 'hht_ota_mgr_service'...
01-01 08:22:36.083 I/init ( 0): Service 'hht_ota_mgr_service' (pid 4874) exited with status 0
01-01 08:22:36.107 I/init ( 0): Sending signal 9 to service 'hht_ota_mgr_service' (pid 4874) process group...
01-01 08:22:36.117 I/libprocessgroup( 0): Successfully killed process cgroup uid 0 pid 4874 in 0ms
01-01 08:22:40.923 I/init ( 0): starting service 'hht_ota_mgr_service'...
01-01 08:22:41.134 I/init ( 0): Service 'hht_ota_mgr_service' (pid 4875) exited with status 0
01-01 08:22:41.158 I/init ( 0): Sending signal 9 to service 'hht_ota_mgr_service' (pid 4875) process group...
01-01 08:22:41.170 I/libprocessgroup( 0): Successfully killed process cgroup uid 0 pid 4875 in 2ms
01-01 08:22:45.979 I/init ( 0): starting service 'hht_ota_mgr_service'...
01-01 08:22:46.177 I/init ( 0): Service 'hht_ota_mgr_service' (pid 4876) exited with status 0
01-01 08:22:46.199 I/init ( 0): Sending signal 9 to service 'hht_ota_mgr_service' (pid 4876) process group...
01-01 08:22:46.209 I/libprocessgroup( 0): Successfully killed process cgroup uid 0 pid 4876 in 0ms
01-01 08:22:51.013 I/init ( 0): starting service 'hht_ota_mgr_service'...
01-01 08:22:51.215 I/init ( 0): Service 'hht_ota_mgr_service' (pid 4877) exited with status 0
01-01 08:22:51.238 I/init ( 0): Sending signal 9 to service 'hht_ota_mgr_service' (pid 4877) process group...
01-01 08:22:51.247 I/libprocessgroup( 0): Successfully killed process cgroup uid 0 pid 4877 in 0ms
01-01 08:22:56.035 I/init ( 0): starting service 'hht_ota_mgr_service'...
01-01 08:22:56.240 I/init ( 0): Service 'hht_ota_mgr_service' (pid 4878) exited with status 0
01-01 08:22:56.263 I/init ( 0): Sending signal 9 to service 'hht_ota_mgr_service' (pid 4878) process group...
01-01 08:22:56.272 I/libprocessgroup( 0): Successfully killed process cgroup uid 0 pid 4878 in 0ms
01-01 08:23:01.058 I/init ( 0): starting service 'hht_ota_mgr_service'...
01-01 08:23:01.252 I/init ( 0): Service 'hht_ota_mgr_service' (pid 4879) exited with status 0
01-01 08:23:01.275 I/init ( 0): Sending signal 9 to service 'hht_ota_mgr_service' (pid 4879) process group...
01-01 08:23:01.284 I/libprocessgroup( 0): Successfully killed process cgroup uid 0 pid 4879 in 0ms
01-01 08:23:06.081 I/init ( 0): starting service 'hht_ota_mgr_service'...
01-01 08:23:06.275 I/init ( 0): Service 'hht_ota_mgr_service' (pid 4880) exited with status 0
01-01 08:23:06.298 I/init ( 0): Sending signal 9 to service 'hht_ota_mgr_service' (pid 4880) process group...
01-01 08:23:06.307 I/libprocessgroup( 0): Successfully killed process cgroup uid 0 pid 4880 in 0ms
01-01 08:23:11.109 I/init ( 0): starting service 'hht_ota_mgr_service'...
01-01 08:23:11.312 I/init ( 0): Service 'hht_ota_mgr_service' (pid 4881) exited with status 0
01-01 08:23:11.334 I/init ( 0): Sending signal 9 to service 'hht_ota_mgr_service' (pid 4881) process group...
01-01 08:23:11.343 I/libprocessgroup( 0): Successfully killed process cgroup uid 0 pid 4881 in 0ms
01-01 08:23:16.129 I/init ( 0): starting service 'hht_ota_mgr_service'...
01-01 08:23:16.324 I/init ( 0): Service 'hht_ota_mgr_service' (pid 4882) exited with status 0
01-01 08:23:16.347 I/init ( 0): Sending signal 9 to service 'hht_ota_mgr_service' (pid 4882) process group...
01-01 08:23:16.356 I/libprocessgroup( 0): Successfully killed process cgroup uid 0 pid 4882 in 0ms
01-01 08:23:21.155 I/init ( 0): starting service 'hht_ota_mgr_service'...
01-01 08:23:21.365 I/init ( 0): Service 'hht_ota_mgr_service' (pid 4883) exited with status 0
01-01 08:23:21.390 I/init ( 0): Sending signal 9 to service 'hht_ota_mgr_service' (pid 4883) process group...
01-01 08:23:21.401 I/libprocessgroup( 0): Successfully killed process cgroup uid 0 pid 4883 in 0ms
01-01 08:23:21.967 W/audit ( 0): audit_lost=921 audit_rate_limit=5 audit_backlog_limit=64
01-01 08:23:21.974 E/audit ( 0): rate limit exceeded
01-01 08:23:26.211 I/init ( 0): starting service 'hht_ota_mgr_service'...
01-01 08:23:26.419 I/init ( 0): Service 'hht_ota_mgr_service' (pid 4886) exited with status 0
01-01 08:23:26.445 I/init ( 0): Sending signal 9 to service 'hht_ota_mgr_service' (pid 4886) process group...
01-01 08:23:26.455 I/libprocessgroup( 0): Successfully killed process cgroup uid 0 pid 4886 in 0ms
01-01 08:23:31.263 I/init ( 0): starting service 'hht_ota_mgr_service'...
01-01 08:23:31.474 I/init ( 0): Service 'hht_ota_mgr_service' (pid 4888) exited with status 0
01-01 08:23:31.498 I/init ( 0): Sending signal 9 to service 'hht_ota_mgr_service' (pid 4888) process group...
01-01 08:23:31.508 I/libprocessgroup( 0): Successfully killed process cgroup uid 0 pid 4888 in 1ms
01-01 08:23:36.318 I/init ( 0): starting service 'hht_ota_mgr_service'...
01-01 08:23:36.538 I/init ( 0): Service 'hht_ota_mgr_service' (pid 4891) exited with status 0
01-01 08:23:36.562 I/init ( 0): Sending signal 9 to service 'hht_ota_mgr_service' (pid 4891) process group...
01-01 08:23:36.572 I/libprocessgroup( 0): Successfully killed process cgroup uid 0 pid 4891 in 0ms
01-01 08:23:41.373 I/init ( 0): starting service 'hht_ota_mgr_service'...
01-01 08:23:41.584 I/init ( 0): Service 'hht_ota_mgr_service' (pid 4892) exited with status 0
01-01 08:23:41.608 I/init ( 0): Sending signal 9 to service 'hht_ota_mgr_service' (pid 4892) process group...
01-01 08:23:41.619 I/libprocessgroup( 0): Successfully killed process cgroup uid 0 pid 4892 in 1ms
01-01 08:23:46.429 I/init ( 0): starting service 'hht_ota_mgr_service'...
01-01 08:23:46.644 I/init ( 0): Service 'hht_ota_mgr_service' (pid 4893) exited with status 0
01-01 08:23:46.667 I/init ( 0): Sending signal 9 to service 'hht_ota_mgr_service' (pid 4893) process group...
01-01 08:23:46.678 I/libprocessgroup( 0): Successfully killed process cgroup uid 0 pid 4893 in 0ms
01-01 08:23:51.485 I/init ( 0): starting service 'hht_ota_mgr_service'...
01-01 08:23:51.712 I/init ( 0): Service 'hht_ota_mgr_service' (pid 4894) exited with status 0
01-01 08:23:51.735 I/init ( 0): Sending signal 9 to service 'hht_ota_mgr_service' (pid 4894) process group...
01-01 08:23:51.745 I/libprocessgroup( 0): Successfully killed process cgroup uid 0 pid 4894 in 1ms
01-01 08:23:56.532 I/init ( 0): starting service 'hht_ota_mgr_service'...
01-01 08:23:56.737 I/init ( 0): Service 'hht_ota_mgr_service' (pid 4895) exited with status 0
01-01 08:23:56.760 I/init ( 0): Sending signal 9 to service 'hht_ota_mgr_service' (pid 4895) process group...
01-01 08:23:56.770 I/libprocessgroup( 0): Successfully killed process cgroup uid 0 pid 4895 in 0ms
01-01 08:24:01.557 I/init ( 0): starting service 'hht_ota_mgr_service'...
01-01 08:24:01.765 I/init ( 0): Service 'hht_ota_mgr_service' (pid 4897) exited with status 0
01-01 08:24:01.788 I/init ( 0): Sending signal 9 to service 'hht_ota_mgr_service' (pid 4897) process group...
01-01 08:24:01.799 I/libprocessgroup( 0): Successfully killed process cgroup uid 0 pid 4897 in 0ms
01-01 08:24:06.610 I/init ( 0): starting service 'hht_ota_mgr_service'...
01-01 08:24:06.827 I/init ( 0): Service 'hht_ota_mgr_service' (pid 4898) exited with status 0
01-01 08:24:06.851 I/init ( 0): Sending signal 9 to service 'hht_ota_mgr_service' (pid 4898) process group...
01-01 08:24:06.860 I/libprocessgroup( 0): Successfully killed process cgroup uid 0 pid 4898 in 0ms
01-01 08:24:11.653 I/init ( 0): starting service 'hht_ota_mgr_service'...
01-01 08:24:11.873 I/init ( 0): Service 'hht_ota_mgr_service' (pid 4900) exited with status 0
01-01 08:24:11.899 I/init ( 0): Sending signal 9 to service 'hht_ota_mgr_service' (pid 4900) process group...
01-01 08:24:11.908 I/libprocessgroup( 0): Successfully killed process cgroup uid 0 pid 4900 in 0ms
01-01 08:24:16.694 I/init ( 0): starting service 'hht_ota_mgr_service'...
01-01 08:24:16.913 I/init ( 0): Service 'hht_ota_mgr_service' (pid 4901) exited with status 0
01-01 08:24:16.934 I/init ( 0): Sending signal 9 to service 'hht_ota_mgr_service' (pid 4901) process group...
01-01 08:24:16.945 I/libprocessgroup( 0): Successfully killed process cgroup uid 0 pid 4901 in 1ms
03-28 09:32:00.003 E/LazyAlarmStore( 1017): Removed TIME_TICK alarm
03-28 09:32:00.006 I/DropBoxManagerService( 1017): add tag=system_server_wtf isTagEnabled=true flags=0x2
03-28 09:32:00.022 D/CompatibilityChangeReporter( 1017): Compat change id reported: 135634846; UID 10059; state: DISABLED
03-28 09:32:00.022 D/CompatibilityChangeReporter( 1017): Compat change id reported: 177438394; UID 10059; state: DISABLED
03-28 09:32:00.023 D/CompatibilityChangeReporter( 1017): Compat change id reported: 135772972; UID 10059; state: DISABLED
03-28 09:32:00.023 D/CompatibilityChangeReporter( 1017): Compat change id reported: 135754954; UID 10059; state: ENABLED
03-28 09:32:00.024 D/CompatibilityChangeReporter( 1017): Compat change id reported: 143937733; UID 10059; state: ENABLED
03-28 09:32:00.025 D/DevicePolicyManager( 1017): updateSystemUpdateFreezePeriodsRecord
03-28 09:32:00.025 I/JobScheduler( 1017): RTC now valid; recalculating persisted job windows
03-28 09:32:00.032 D/ConditionProviders.SCP( 1017): onReceive android.intent.action.TIME_SET
03-28 09:32:00.032 D/ConditionProviders.SCP( 1017): evaluateSubscriptionLocked cal=ScheduleCalendar[mDays={1, 2, 3, 4, 5, 6, 7}, mSchedule=ScheduleInfo{days=[1, 2, 3, 4, 5, 6, 7], startHour=22, startMinute=0, endHour=7, endMinute=0, exitAtAlarm=true, nextAlarm=Thu Jan 01 08:00:00 GMT+08:00 1970 (0)}], now=Tue Mar 28 09:32:00 GMT+08:00 2023 (1679967120032), nextUserAlarmTime=Thu Jan 01 08:00:00 GMT+08:00 1970 (0)
03-28 09:32:00.032 D/ConditionProviders.SCP( 1017): notifyCondition condition://android/schedule?days=1.2.3.4.5.6.7&start=22.0&end=7.0&exitAtAlarm=true STATE_FALSE reason=!meetsSchedule
03-28 09:32:00.033 D/ConditionProviders.SCP( 1017): Scheduling evaluate for Tue Mar 28 22:00:00 GMT+08:00 2023 (1680012000000), in +12h27m59s968ms, now=Tue Mar 28 09:32:00 GMT+08:00 2023 (1679967120032)
03-28 09:32:00.037 I/UsageStatsService( 1017): Time changed in by 85547 seconds
03-28 09:32:00.037 D/CompatibilityChangeReporter( 1017): Compat change id reported: 135634846; UID 10018; state: DISABLED
03-28 09:32:00.038 I/UsageStatsService( 1017): User[0] Rolling over usage stats
03-28 09:32:00.038 I/UsageStatsService( 1017): User[0] Flushing usage stats to disk
03-28 09:32:00.038 D/CompatibilityChangeReporter( 1017): Compat change id reported: 177438394; UID 10018; state: DISABLED
03-28 09:32:00.039 D/CompatibilityChangeReporter( 1017): Compat change id reported: 135772972; UID 10018; state: DISABLED
03-28 09:32:00.039 D/CompatibilityChangeReporter( 1017): Compat change id reported: 135754954; UID 10018; state: ENABLED
03-28 09:32:00.079 W/ActivityManager( 1017): Slow operation: 58ms so far, now at startProcess: returned from zygote!
03-28 09:32:00.080 W/ActivityManager( 1017): Slow operation: 59ms so far, now at startProcess: done updating battery stats
03-28 09:32:00.080 W/ActivityManager( 1017): Slow operation: 59ms so far, now at startProcess: building log message
03-28 09:32:00.080 I/ActivityManager( 1017): Start proc 4904:com.qualcomm.timeservice/u0a59 for broadcast {com.qualcomm.timeservice/com.qualcomm.timeservice.TimeServiceBroadcastReceiver}
03-28 09:32:00.080 W/ActivityManager( 1017): Slow operation: 59ms so far, now at startProcess: starting to update pids map
03-28 09:32:00.080 W/ActivityManager( 1017): Slow operation: 59ms so far, now at startProcess: done updating pids map
03-28 09:32:00.080 D/CompatibilityChangeReporter( 1017): Compat change id reported: 143937733; UID 10018; state: ENABLED
03-28 09:32:00.108 W/ActivityManager( 1017): Slow operation: 72ms so far, now at startProcess: returned from zygote!
03-28 09:32:00.108 W/ActivityManager( 1017): Slow operation: 72ms so far, now at startProcess: done updating battery stats
03-28 09:32:00.108 W/ActivityManager( 1017): Slow operation: 72ms so far, now at startProcess: building log message
03-28 09:32:00.108 I/ActivityManager( 1017): Start proc 4910:com.android.providers.calendar/u0a18 for content provider {com.android.providers.calendar/com.android.providers.calendar.CalendarProvider2}
03-28 09:32:00.108 W/ActivityManager( 1017): Slow operation: 72ms so far, now at startProcess: starting to update pids map
03-28 09:32:00.109 W/ActivityManager( 1017): Slow operation: 73ms so far, now at startProcess: done updating pids map
01-01 08:24:18.363 I/binder ( 0): 4904:4904 ioctl 40046210 7fecc80914 returned -22
03-28 09:32:00.153 I/UsageStatsService( 1017): User[0] Rollover scheduled @ 2023-03-29 09:32:00(1680053520037)
03-28 09:32:00.153 I/UsageStatsService( 1017): User[0] Flushing usage stats to disk
01-01 08:24:18.391 I/binder ( 0): 4910:4910 ioctl 40046210 7fecc80914 returned -22
03-28 09:32:00.189 I/UsageStatsService( 1017): User[0] Rolling over usage stats complete. Took 151 milliseconds
03-28 09:32:00.189 I/UsageStatsService( 1017): User[0] Time changed in by 85547 seconds
03-28 09:32:00.189 I/UsageStatsService( 1017): User[0] Flushing usage stats to disk
03-28 09:32:00.209 D/CompatibilityChangeReporter( 1017): Compat change id reported: 143231523; UID 10018; state: DISABLED
03-28 09:32:00.240 I/UsageStatsDatabase( 1017): Time changed by +23h45m47s371ms. files deleted: 0 files moved: 7
03-28 09:32:00.249 I/UsageStatsService( 1017): User[0] Rollover scheduled @ 2023-03-30 09:17:47(1680139067408)
01-01 08:24:21.747 I/init ( 0): starting service 'hht_ota_mgr_service'...
01-01 08:24:21.958 I/init ( 0): Service 'hht_ota_mgr_service' (pid 4943) exited with status 0
01-01 08:24:21.985 I/init ( 0): Sending signal 9 to service 'hht_ota_mgr_service' (pid 4943) process group...
01-01 08:24:21.994 I/libprocessgroup( 0): Successfully killed process cgroup uid 0 pid 4943 in 0ms
01-01 08:24:26.779 I/init ( 0): starting service 'hht_ota_mgr_service'...
01-01 08:24:26.993 I/init ( 0): Service 'hht_ota_mgr_service' (pid 4945) exited with status 0
01-01 08:24:27.018 I/init ( 0): Sending signal 9 to service 'hht_ota_mgr_service' (pid 4945) process group...
01-01 08:24:27.029 I/libprocessgroup( 0): Successfully killed process cgroup uid 0 pid 4945 in 0ms
01-01 08:24:31.837 I/init ( 0): starting service 'hht_ota_mgr_service'...
01-01 08:24:32.050 I/init ( 0): Service 'hht_ota_mgr_service' (pid 4947) exited with status 0
01-01 08:24:32.074 I/init ( 0): Sending signal 9 to service 'hht_ota_mgr_service' (pid 4947) process group...
01-01 08:24:32.083 I/libprocessgroup( 0): Successfully killed process cgroup uid 0 pid 4947 in 0ms
01-01 08:24:36.891 I/init ( 0): starting service 'hht_ota_mgr_service'...
01-01 08:24:37.092 I/init ( 0): Service 'hht_ota_mgr_service' (pid 4948) exited with status 0
01-01 08:24:37.113 I/init ( 0): Sending signal 9 to service 'hht_ota_mgr_service' (pid 4948) process group...
01-01 08:24:37.122 I/libprocessgroup( 0): Successfully killed process cgroup uid 0 pid 4948 in 0ms
01-01 08:24:41.920 I/init ( 0): starting service 'hht_ota_mgr_service'...
01-01 08:24:42.147 I/init ( 0): Service 'hht_ota_mgr_service' (pid 4949) exited with status 0
01-01 08:24:42.171 I/init ( 0): Sending signal 9 to service 'hht_ota_mgr_service' (pid 4949) process group...
01-01 08:24:42.181 I/libprocessgroup( 0): Successfully killed process cgroup uid 0 pid 4949 in 0ms
01-01 08:24:44.218 E/mv2112_update_link( 0): link 0x0
01-01 08:24:45.242 I/lan743x 0001( 0): 01:00.0 eth0: Link is Down
01-01 08:24:45.370 E/DTC_ETH,link_delay_work_func( 0): 3003, SQI=0, link=0
01-01 08:24:45.839 W/audit ( 0): audit_lost=926 audit_rate_limit=5 audit_backlog_limit=64
01-01 08:24:45.847 E/audit ( 0): rate limit exceeded
01-01 08:24:46.967 W/audit ( 0): audit_lost=1049 audit_rate_limit=5 audit_backlog_limit=64
01-01 08:24:46.975 E/audit ( 0): rate limit exceeded
01-01 08:24:46.975 I/init ( 0): starting service 'hht_ota_mgr_service'...
01-01 08:24:47.188 I/init ( 0): Service 'hht_ota_mgr_service' (pid 4976) exited with status 0
01-01 08:24:47.215 I/init ( 0): Sending signal 9 to service 'hht_ota_mgr_service' (pid 4976) process group...
01-01 08:24:47.226 I/libprocessgroup( 0): Successfully killed process cgroup uid 0 pid 4976 in 0ms
01-01 08:24:47.290 E/mv2112_update_link( 0): link 0x4
01-01 08:24:47.294 I/lan743x 0001( 0): 01:00.0 eth0: Link is Up - 100Mbps/Full - flow control off
01-01 08:24:48.102 W/audit ( 0): audit_lost=1083 audit_rate_limit=5 audit_backlog_limit=64
01-01 08:24:48.109 E/audit ( 0): rate limit exceeded
01-01 08:24:48.314 E/mv2112_update_link( 0): link 0x0
01-01 08:24:49.338 E/mv2112_update_link( 0): link 0x4
01-01 08:24:49.342 I/lan743x 0001( 0): 01:00.0 eth0: Link is Up - 100Mbps/Full - flow control off
01-01 08:24:50.345 W/audit ( 0): audit_lost=1151 audit_rate_limit=5 audit_backlog_limit=64
01-01 08:24:50.352 E/audit ( 0): rate limit exceeded
01-01 08:24:51.441 W/audit ( 0): audit_lost=1242 audit_rate_limit=5 audit_backlog_limit=64
01-01 08:24:51.449 E/audit ( 0): rate limit exceeded
01-01 08:24:51.581 I/binder ( 0): 3294:4982 ioctl 40046210 74ca196ab4 returned -22
01-01 08:24:52.033 I/init ( 0): starting service 'hht_ota_mgr_service'...
01-01 08:24:52.238 I/init ( 0): Service 'hht_ota_mgr_service' (pid 4989) exited with status 0
01-01 08:24:52.262 I/init ( 0): Sending signal 9 to service 'hht_ota_mgr_service' (pid 4989) process group...
01-01 08:24:52.272 I/libprocessgroup( 0): Successfully killed process cgroup uid 0 pid 4989 in 0ms
01-01 08:24:57.083 I/init ( 0): starting service 'hht_ota_mgr_service'...
01-01 08:24:57.294 I/init ( 0): Service 'hht_ota_mgr_service' (pid 4990) exited with status 0
01-01 08:24:57.319 I/init ( 0): Sending signal 9 to service 'hht_ota_mgr_service' (pid 4990) process group...
01-01 08:24:57.329 I/libprocessgroup( 0): Successfully killed process cgroup uid 0 pid 4990 in 0ms
01-01 08:25:02.133 I/init ( 0): starting service 'hht_ota_mgr_service'...
01-01 08:25:02.336 I/init ( 0): Service 'hht_ota_mgr_service' (pid 4991) exited with status 0
01-01 08:25:02.360 I/init ( 0): Sending signal 9 to service 'hht_ota_mgr_service' (pid 4991) process group...
01-01 08:25:02.369 I/libprocessgroup( 0): Successfully killed process cgroup uid 0 pid 4991 in 0ms
01-01 08:25:07.054 W/audit ( 0): audit_lost=1246 audit_rate_limit=5 audit_backlog_limit=64
01-01 08:25:07.062 E/audit ( 0): rate limit exceeded
01-01 08:25:07.157 I/init ( 0): starting service 'hht_ota_mgr_service'...
01-01 08:25:07.345 I/init ( 0): Service 'hht_ota_mgr_service' (pid 4992) exited with status 0
01-01 08:25:07.353 I/init ( 0): Sending signal 9 to service 'hht_ota_mgr_service' (pid 4992) process group...
01-01 08:25:07.363 I/libprocessgroup( 0): Successfully killed process cgroup uid 0 pid 4992 in 0ms
01-01 08:25:12.177 I/init ( 0): starting service 'hht_ota_mgr_service'...
01-01 08:25:12.372 I/init ( 0): Service 'hht_ota_mgr_service' (pid 4993) exited with status 0
01-01 08:25:12.395 I/init ( 0): Sending signal 9 to service 'hht_ota_mgr_service' (pid 4993) process group...
01-01 08:25:12.405 I/libprocessgroup( 0): Successfully killed process cgroup uid 0 pid 4993 in 0ms
01-01 08:25:13.802 W/audit ( 0): audit_lost=1255 audit_rate_limit=5 audit_backlog_limit=64
01-01 08:25:13.825 E/audit ( 0): rate limit exceeded
01-01 08:25:14.967 W/audit ( 0): audit_lost=1327 audit_rate_limit=5 audit_backlog_limit=64
01-01 08:25:14.975 E/audit ( 0): rate limit exceeded
01-01 08:25:16.170 W/audit ( 0): audit_lost=1352 audit_rate_limit=5 audit_backlog_limit=64
01-01 08:25:16.178 E/audit ( 0): rate limit exceeded
11-11 00:00:30.002 E/LazyAlarmStore( 1017): Removed TIME_TICK alarm
11-11 00:00:30.008 I/DropBoxManagerService( 1017): add tag=system_server_wtf isTagEnabled=true flags=0x2
11-11 00:00:30.023 D/DevicePolicyManager( 1017): updateSystemUpdateFreezePeriodsRecord
11-11 00:00:30.023 D/ConditionProviders.SCP( 1017): onReceive android.intent.action.TIME_SET
11-11 00:00:30.024 D/ConditionProviders.SCP( 1017): evaluateSubscriptionLocked cal=ScheduleCalendar[mDays={1, 2, 3, 4, 5, 6, 7}, mSchedule=ScheduleInfo{days=[1, 2, 3, 4, 5, 6, 7], startHour=22, startMinute=0, endHour=7, endMinute=0, exitAtAlarm=true, nextAlarm=Thu Jan 01 08:00:00 GMT+08:00 1970 (0)}], now=Fri Nov 11 00:00:30 GMT+08:00 2022 (1668096030023), nextUserAlarmTime=Thu Jan 01 08:00:00 GMT+08:00 1970 (0)
11-11 00:00:30.024 D/ConditionProviders.SCP( 1017): notifyCondition condition://android/schedule?days=1.2.3.4.5.6.7&start=22.0&end=7.0&exitAtAlarm=true STATE_TRUE reason=meetsSchedule
11-11 00:00:30.025 D/ConditionProviders.SCP( 1017): Scheduling evaluate for Fri Nov 11 07:00:00 GMT+08:00 2022 (1668121200000), in +6h59m29s977ms, now=Fri Nov 11 00:00:30 GMT+08:00 2022 (1668096030023)
11-11 00:00:30.036 I/GameModeConfig( 1017): isGameModeOn = false
11-11 00:00:30.051 I/UsageStatsService( 1017): User[0] Time changed in by -11871148 seconds
11-11 00:00:30.051 I/UsageStatsService( 1017): User[0] Flushing usage stats to disk
11-11 00:00:30.080 I/UsageStatsDatabase( 1017): Time changed by -137d9h32m28s770ms. files deleted: 0 files moved: 7
11-11 00:00:30.090 I/UsageStatsService( 1017): User[0] Rollover scheduled @ 2022-11-12 23:45:18(1668267918638)
01-01 08:25:17.201 I/init ( 0): starting service 'hht_ota_mgr_service'...
01-01 08:25:17.437 I/init ( 0): Service 'hht_ota_mgr_service' (pid 5005) exited with status 0
01-01 08:25:17.445 I/init ( 0): Sending signal 9 to service 'hht_ota_mgr_service' (pid 5005) process group...
01-01 08:25:17.455 I/libprocessgroup( 0): Successfully killed process cgroup uid 0 pid 5005 in 0ms
01-01 08:25:17.967 W/audit ( 0): audit_lost=1421 audit_rate_limit=5 audit_backlog_limit=64
01-01 08:25:17.974 E/audit ( 0): rate limit exceeded
01-01 08:25:19.525 W/audit ( 0): audit_lost=1422 audit_rate_limit=5 audit_backlog_limit=64
01-01 08:25:19.553 E/audit ( 0): rate limit exceeded
01-01 08:25:20.651 W/audit ( 0): audit_lost=1504 audit_rate_limit=5 audit_backlog_limit=64
01-01 08:25:20.659 E/audit ( 0): rate limit exceeded
01-01 08:25:22.246 I/init ( 0): starting service 'hht_ota_mgr_service'...
01-01 08:25:22.455 W/audit ( 0): audit_lost=1594 audit_rate_limit=5 audit_backlog_limit=64
01-01 08:25:22.462 E/audit ( 0): rate limit exceeded
01-01 08:25:22.473 I/init ( 0): Service 'hht_ota_mgr_service' (pid 5020) exited with status 0
01-01 08:25:22.483 I/init ( 0): Sending signal 9 to service 'hht_ota_mgr_service' (pid 5020) process group...
01-01 08:25:22.494 I/libprocessgroup( 0): Successfully killed process cgroup uid 0 pid 5020 in 0ms
01-01 08:25:27.287 I/init ( 0): starting service 'hht_ota_mgr_service'...
01-01 08:25:27.503 I/init ( 0): Service 'hht_ota_mgr_service' (pid 5021) exited with status 0
01-01 08:25:27.526 I/init ( 0): Sending signal 9 to service 'hht_ota_mgr_service' (pid 5021) process group...
01-01 08:25:27.537 I/libprocessgroup( 0): Successfully killed process cgroup uid 0 pid 5021 in 1ms
01-01 08:25:30.056 W/audit ( 0): audit_lost=1595 audit_rate_limit=5 audit_backlog_limit=64
01-01 08:25:30.084 E/audit ( 0): rate limit exceeded
01-01 08:25:32.332 I/init ( 0): starting service 'hht_ota_mgr_service'...
01-01 08:25:32.543 I/init ( 0): Service 'hht_ota_mgr_service' (pid 5022) exited with status 0
01-01 08:25:32.566 I/init ( 0): Sending signal 9 to service 'hht_ota_mgr_service' (pid 5022) process group...
01-01 08:25:32.576 I/libprocessgroup( 0): Successfully killed process cgroup uid 0 pid 5022 in 0ms
01-01 08:25:33.060 W/audit ( 0): audit_lost=1666 audit_rate_limit=5 audit_backlog_limit=64
01-01 08:25:33.070 E/audit ( 0): rate limit exceeded
01-01 08:25:37.378 I/init ( 0): starting service 'hht_ota_mgr_service'...
01-01 08:25:37.588 I/init ( 0): Service 'hht_ota_mgr_service' (pid 5023) exited with status 0
01-01 08:25:37.611 I/init ( 0): Sending signal 9 to service 'hht_ota_mgr_service' (pid 5023) process group...
01-01 08:25:37.621 I/libprocessgroup( 0): Successfully killed process cgroup uid 0 pid 5023 in 0ms
01-01 08:25:42.412 I/init ( 0): starting service 'hht_ota_mgr_service'...
01-01 08:25:42.627 I/init ( 0): Service 'hht_ota_mgr_service' (pid 5024) exited with status 0
01-01 08:25:42.650 I/init ( 0): Sending signal 9 to service 'hht_ota_mgr_service' (pid 5024) process group...
01-01 08:25:42.660 I/libprocessgroup( 0): Successfully killed process cgroup uid 0 pid 5024 in 0ms
01-01 08:25:43.924 W/audit ( 0): audit_lost=1732 audit_rate_limit=5 audit_backlog_limit=64
01-01 08:25:43.933 E/audit ( 0): rate limit exceeded
01-01 08:25:47.463 I/init ( 0): starting service 'hht_ota_mgr_service'...
01-01 08:25:47.685 I/init ( 0): Service 'hht_ota_mgr_service' (pid 5025) exited with status 0
01-01 08:25:47.709 I/init ( 0): Sending signal 9 to service 'hht_ota_mgr_service' (pid 5025) process group...
01-01 08:25:47.720 I/libprocessgroup( 0): Successfully killed process cgroup uid 0 pid 5025 in 0ms
01-01 08:25:52.516 I/init ( 0): starting service 'hht_ota_mgr_service'...
01-01 08:25:52.723 I/init ( 0): Service 'hht_ota_mgr_service' (pid 5026) exited with status 0
01-01 08:25:52.746 I/init ( 0): Sending signal 9 to service 'hht_ota_mgr_service' (pid 5026) process group...
01-01 08:25:52.756 I/libprocessgroup( 0): Successfully killed process cgroup uid 0 pid 5026 in 0ms
01-01 08:25:57.570 I/init ( 0): starting service 'hht_ota_mgr_service'...
01-01 08:25:57.789 I/init ( 0): Service 'hht_ota_mgr_service' (pid 5027) exited with status 0
01-01 08:25:57.812 I/init ( 0): Sending signal 9 to service 'hht_ota_mgr_service' (pid 5027) process group...
01-01 08:25:57.822 I/libprocessgroup( 0): Successfully killed process cgroup uid 0 pid 5027 in 0ms
01-01 08:26:02.622 I/init ( 0): starting service 'hht_ota_mgr_service'...
01-01 08:26:02.836 I/init ( 0): Service 'hht_ota_mgr_service' (pid 5028) exited with status 0
01-01 08:26:02.858 I/init ( 0): Sending signal 9 to service 'hht_ota_mgr_service' (pid 5028) process group...
01-01 08:26:02.868 I/libprocessgroup( 0): Successfully killed process cgroup uid 0 pid 5028 in 0ms
01-01 08:26:07.678 I/init ( 0): starting service 'hht_ota_mgr_service'...
01-01 08:26:07.897 I/init ( 0): Service 'hht_ota_mgr_service' (pid 5030) exited with status 0
01-01 08:26:07.921 I/init ( 0): Sending signal 9 to service 'hht_ota_mgr_service' (pid 5030) process group...
01-01 08:26:07.930 I/libprocessgroup( 0): Successfully killed process cgroup uid 0 pid 5030 in 0ms
03-28 09:48:00.002 E/LazyAlarmStore( 1017): Removed TIME_TICK alarm
03-28 09:48:00.007 I/DropBoxManagerService( 1017): add tag=system_server_wtf isTagEnabled=true flags=0x2
03-28 09:48:00.022 D/DevicePolicyManager( 1017): updateSystemUpdateFreezePeriodsRecord
03-28 09:48:00.035 D/ConditionProviders.SCP( 1017): onReceive android.intent.action.TIME_SET
03-28 09:48:00.037 D/ConditionProviders.SCP( 1017): evaluateSubscriptionLocked cal=ScheduleCalendar[mDays={1, 2, 3, 4, 5, 6, 7}, mSchedule=ScheduleInfo{days=[1, 2, 3, 4, 5, 6, 7], startHour=22, startMinute=0, endHour=7, endMinute=0, exitAtAlarm=true, nextAlarm=Thu Jan 01 08:00:00 GMT+08:00 1970 (0)}], now=Tue Mar 28 09:48:00 GMT+08:00 2023 (1679968080035), nextUserAlarmTime=Thu Jan 01 08:00:00 GMT+08:00 1970 (0)
03-28 09:48:00.037 D/ConditionProviders.SCP( 1017): notifyCondition condition://android/schedule?days=1.2.3.4.5.6.7&start=22.0&end=7.0&exitAtAlarm=true STATE_FALSE reason=!meetsSchedule
03-28 09:48:00.039 D/ConditionProviders.SCP( 1017): Scheduling evaluate for Tue Mar 28 22:00:00 GMT+08:00 2023 (1680012000000), in +12h11m59s965ms, now=Tue Mar 28 09:48:00 GMT+08:00 2023 (1679968080035)
03-28 09:48:00.041 E/AlarmManager( 1017): Too many (100) false wakeups, nowElapsed=1564090
03-28 09:48:00.043 I/DropBoxManagerService( 1017): add tag=system_server_wtf isTagEnabled=true flags=0x2
03-28 09:48:00.043 I/GameModeConfig( 1017): isGameModeOn = false
03-28 09:48:00.105 E/AlarmManager( 1017): Too many (1000) false wakeups, nowElapsed=1564154
03-28 09:48:00.108 I/DropBoxManagerService( 1017): add tag=system_server_wtf isTagEnabled=true flags=0x2
03-28 09:48:00.179 I/UsageStatsService( 1017): User[0] Time changed in by 11871996 seconds
03-28 09:48:00.179 I/UsageStatsService( 1017): User[0] Flushing usage stats to disk
03-28 09:48:00.210 I/UsageStatsDatabase( 1017): Time changed by +137d9h46m36s726ms. files deleted: 0 files moved: 7
03-28 09:48:00.220 I/UsageStatsService( 1017): User[0] Rollover scheduled @ 2023-03-30 09:31:55(1680139915364)
01-01 08:26:12.732 I/init ( 0): starting service 'hht_ota_mgr_service'...
01-01 08:26:12.944 I/init ( 0): Service 'hht_ota_mgr_service' (pid 5040) exited with status 0
01-01 08:26:12.968 I/init ( 0): Sending signal 9 to service 'hht_ota_mgr_service' (pid 5040) process group...
01-01 08:26:12.978 I/libprocessgroup( 0): Successfully killed process cgroup uid 0 pid 5040 in 0ms
01-01 08:26:17.781 I/init ( 0): starting service 'hht_ota_mgr_service'...
01-01 08:26:17.983 I/init ( 0): Service 'hht_ota_mgr_service' (pid 5042) exited with status 0
01-01 08:26:17.992 I/init ( 0): Sending signal 9 to service 'hht_ota_mgr_service' (pid 5042) process group...
01-01 08:26:18.023 I/libprocessgroup( 0): Successfully killed process cgroup uid 0 pid 5042 in 0ms
01-01 08:26:22.805 I/init ( 0): starting service 'hht_ota_mgr_service'...
01-01 08:26:23.010 I/init ( 0): Service 'hht_ota_mgr_service' (pid 5043) exited with status 0
01-01 08:26:23.034 I/init ( 0): Sending signal 9 to service 'hht_ota_mgr_service' (pid 5043) process group...
01-01 08:26:23.044 I/libprocessgroup( 0): Successfully killed process cgroup uid 0 pid 5043 in 0ms
01-01 08:26:27.838 I/init ( 0): starting service 'hht_ota_mgr_service'...
01-01 08:26:28.033 I/init ( 0): Service 'hht_ota_mgr_service' (pid 5044) exited with status 0
01-01 08:26:28.056 I/init ( 0): Sending signal 9 to service 'hht_ota_mgr_service' (pid 5044) process group...
01-01 08:26:28.066 I/libprocessgroup( 0): Successfully killed process cgroup uid 0 pid 5044 in 0ms
01-01 08:26:32.867 I/init ( 0): starting service 'hht_ota_mgr_service'...
01-01 08:26:33.067 I/init ( 0): Service 'hht_ota_mgr_service' (pid 5045) exited with status 0
01-01 08:26:33.090 I/init ( 0): Sending signal 9 to service 'hht_ota_mgr_service' (pid 5045) process group...
01-01 08:26:33.100 I/libprocessgroup( 0): Successfully killed process cgroup uid 0 pid 5045 in 0ms
01-01 08:26:37.892 I/init ( 0): starting service 'hht_ota_mgr_service'...
01-01 08:26:38.095 I/init ( 0): Service 'hht_ota_mgr_service' (pid 5046) exited with status 0
01-01 08:26:38.119 I/init ( 0): Sending signal 9 to service 'hht_ota_mgr_service' (pid 5046) process group...
01-01 08:26:38.128 I/libprocessgroup( 0): Successfully killed process cgroup uid 0 pid 5046 in 0ms
01-01 08:26:42.932 I/init ( 0): starting service 'hht_ota_mgr_service'...
01-01 08:26:43.135 I/init ( 0): Service 'hht_ota_mgr_service' (pid 5048) exited with status 0
01-01 08:26:43.158 I/init ( 0): Sending signal 9 to service 'hht_ota_mgr_service' (pid 5048) process group...
01-01 08:26:43.167 I/libprocessgroup( 0): Successfully killed process cgroup uid 0 pid 5048 in 0ms
01-01 08:26:47.954 I/init ( 0): starting service 'hht_ota_mgr_service'...
01-01 08:26:48.148 I/init ( 0): Service 'hht_ota_mgr_service' (pid 5049) exited with status 0
01-01 08:26:48.174 I/init ( 0): Sending signal 9 to service 'hht_ota_mgr_service' (pid 5049) process group...
01-01 08:26:48.183 I/libprocessgroup( 0): Successfully killed process cgroup uid 0 pid 5049 in 0ms
01-01 08:26:52.979 I/init ( 0): starting service 'hht_ota_mgr_service'...
01-01 08:26:53.199 I/init ( 0): Service 'hht_ota_mgr_service' (pid 5050) exited with status 0
01-01 08:26:53.222 I/init ( 0): Sending signal 9 to service 'hht_ota_mgr_service' (pid 5050) process group...
01-01 08:26:53.232 I/libprocessgroup( 0): Successfully killed process cgroup uid 0 pid 5050 in 1ms
01-01 08:26:58.033 I/init ( 0): starting service 'hht_ota_mgr_service'...
01-01 08:26:58.248 I/init ( 0): Service 'hht_ota_mgr_service' (pid 5051) exited with status 0
01-01 08:26:58.273 I/init ( 0): Sending signal 9 to service 'hht_ota_mgr_service' (pid 5051) process group...
01-01 08:26:58.283 I/libprocessgroup( 0): Successfully killed process cgroup uid 0 pid 5051 in 0ms
01-01 08:27:03.087 I/init ( 0): starting service 'hht_ota_mgr_service'...
01-01 08:27:03.311 I/init ( 0): Service 'hht_ota_mgr_service' (pid 5053) exited with status 0
01-01 08:27:03.335 I/init ( 0): Sending signal 9 to service 'hht_ota_mgr_service' (pid 5053) process group...
01-01 08:27:03.346 I/libprocessgroup( 0): Successfully killed process cgroup uid 0 pid 5053 in 0ms
01-01 08:27:08.134 I/init ( 0): starting service 'hht_ota_mgr_service'...
01-01 08:27:08.350 I/init ( 0): Service 'hht_ota_mgr_service' (pid 5054) exited with status 0
01-01 08:27:08.380 I/init ( 0): Sending signal 9 to service 'hht_ota_mgr_service' (pid 5054) process group...
01-01 08:27:08.390 I/libprocessgroup( 0): Successfully killed process cgroup uid 0 pid 5054 in 0ms
01-01 08:27:11.967 W/audit ( 0): audit_lost=1826 audit_rate_limit=5 audit_backlog_limit=64
01-01 08:27:11.975 E/audit ( 0): rate limit exceeded
01-01 08:27:13.174 I/init ( 0): starting service 'hht_ota_mgr_service'...
01-01 08:27:13.382 I/init ( 0): Service 'hht_ota_mgr_service' (pid 5056) exited with status 0
01-01 08:27:13.406 I/init ( 0): Sending signal 9 to service 'hht_ota_mgr_service' (pid 5056) process group...
01-01 08:27:13.415 I/libprocessgroup( 0): Successfully killed process cgroup uid 0 pid 5056 in 0ms
01-01 08:27:18.226 I/init ( 0): starting service 'hht_ota_mgr_service'...
01-01 08:27:18.443 I/init ( 0): Service 'hht_ota_mgr_service' (pid 5057) exited with status 0
01-01 08:27:18.467 I/init ( 0): Sending signal 9 to service 'hht_ota_mgr_service' (pid 5057) process group...
01-01 08:27:18.476 I/libprocessgroup( 0): Successfully killed process cgroup uid 0 pid 5057 in 0ms
01-01 08:27:23.279 I/init ( 0): starting service 'hht_ota_mgr_service'...
01-01 08:27:23.489 I/init ( 0): Service 'hht_ota_mgr_service' (pid 5059) exited with status 0
01-01 08:27:23.513 I/init ( 0): Sending signal 9 to service 'hht_ota_mgr_service' (pid 5059) process group...
01-01 08:27:23.523 I/libprocessgroup( 0): Successfully killed process cgroup uid 0 pid 5059 in 0ms
01-01 08:27:28.334 I/init ( 0): starting service 'hht_ota_mgr_service'...
01-01 08:27:28.576 I/init ( 0): Service 'hht_ota_mgr_service' (pid 5060) exited with status 0
01-01 08:27:28.599 I/init ( 0): Sending signal 9 to service 'hht_ota_mgr_service' (pid 5060) process group...
01-01 08:27:28.609 I/libprocessgroup( 0): Successfully killed process cgroup uid 0 pid 5060 in 0ms
01-01 08:27:33.393 I/init ( 0): starting service 'hht_ota_mgr_service'...
01-01 08:27:33.583 I/init ( 0): Service 'hht_ota_mgr_service' (pid 5061) exited with status 0
01-01 08:27:33.606 I/init ( 0): Sending signal 9 to service 'hht_ota_mgr_service' (pid 5061) process group...
01-01 08:27:33.615 I/libprocessgroup( 0): Successfully killed process cgroup uid 0 pid 5061 in 0ms
01-01 08:27:38.421 I/init ( 0): starting service 'hht_ota_mgr_service'...
01-01 08:27:38.623 I/init ( 0): Service 'hht_ota_mgr_service' (pid 5062) exited with status 0
01-01 08:27:38.646 I/init ( 0): Sending signal 9 to service 'hht_ota_mgr_service' (pid 5062) process group...
01-01 08:27:38.655 I/libprocessgroup( 0): Successfully killed process cgroup uid 0 pid 5062 in 0ms
01-01 08:27:43.443 I/init ( 0): starting service 'hht_ota_mgr_service'...
01-01 08:27:43.635 I/init ( 0): Service 'hht_ota_mgr_service' (pid 5063) exited with status 0
01-01 08:27:43.658 I/init ( 0): Sending signal 9 to service 'hht_ota_mgr_service' (pid 5063) process group...
01-01 08:27:43.667 I/libprocessgroup( 0): Successfully killed process cgroup uid 0 pid 5063 in 0ms
01-01 08:27:48.466 I/init ( 0): starting service 'hht_ota_mgr_service'...
01-01 08:27:48.656 I/init ( 0): Service 'hht_ota_mgr_service' (pid 5064) exited with status 0
01-01 08:27:48.679 I/init ( 0): Sending signal 9 to service 'hht_ota_mgr_service' (pid 5064) process group...
01-01 08:27:48.688 I/libprocessgroup( 0): Successfully killed process cgroup uid 0 pid 5064 in 0ms
01-01 08:27:53.487 I/init ( 0): starting service 'hht_ota_mgr_service'...
