01-01 08:00:41.877 I/SystemConfig( 1017): Reading permissions from /product/etc/permissions/vendor.qti.hardware.data.connection-V1.0-java.xml
01-01 08:00:41.877 D/CompatConfig( 1017): Adding: com.android.server.compat.config.Change@84df8bd
01-01 08:00:41.878 I/SystemConfig( 1017): Reading permissions from /product/etc/permissions/com.qti.snapdragon.sdk.display.xml
01-01 08:00:41.879 D/CompatConfig( 1017): No directory /apex/com.android.vndk.v30/etc/compatconfig, skipping
01-01 08:00:41.879 I/SystemConfig( 1017): Reading permissions from /product/etc/permissions/vendor.qti.hardware.data.connection-V1.1-java.xml
01-01 08:00:41.879 D/CompatConfig( 1017): No directory /apex/com.android.wifi/etc/compatconfig, skipping
01-01 08:00:41.879 D/CompatConfig( 1017): No directory /apex/com.android.vndk.v31/etc/compatconfig, skipping
01-01 08:00:41.879 D/CompatConfig( 1017): No directory /apex/com.android.tzdata/etc/compatconfig, skipping
01-01 08:00:41.879 D/CompatConfig( 1017): No directory /apex/com.android.tethering/etc/compatconfig, skipping
01-01 08:00:41.880 D/CompatConfig( 1017): No directory /apex/com.android.sdkext/etc/compatconfig, skipping
01-01 08:00:41.880 D/CompatConfig( 1017): No directory /apex/com.android.scheduling/etc/compatconfig, skipping
01-01 08:00:41.880 I/SystemConfig( 1017): Reading permissions from /product/etc/permissions/ims_ext_common.xml
01-01 08:00:41.880 D/CompatConfig( 1017): No directory /apex/com.android.runtime/etc/compatconfig, skipping
01-01 08:00:41.880 D/CompatConfig( 1017): No directory /apex/com.android.resolv/etc/compatconfig, skipping
01-01 08:00:41.880 D/CompatConfig( 1017): No directory /apex/com.android.permission/etc/compatconfig, skipping
01-01 08:00:41.880 D/CompatConfig( 1017): No directory /apex/com.android.os.statsd/etc/compatconfig, skipping
01-01 08:00:41.881 D/CompatConfig( 1017): No directory /apex/com.android.neuralnetworks/etc/compatconfig, skipping
01-01 08:00:41.881 I/SystemConfig( 1017): Reading permissions from /product/etc/permissions/telephony_product_privapp-permissions-qti.xml
01-01 08:00:41.881 D/CompatConfig( 1017): Found a config file: /apex/com.android.mediaprovider/etc/compatconfig/media-provider-platform-compat-config.xml
01-01 08:00:41.882 I/SystemConfig( 1017): Reading permissions from /product/etc/permissions/com.android.settings.intelligence.xml
01-01 08:00:41.882 D/CompatConfig( 1017): Adding: com.android.server.compat.config.Change@df985ac
01-01 08:00:41.883 I/SystemConfig( 1017): Reading permissions from /product/etc/permissions/UimService.xml
01-01 08:00:41.883 D/CompatConfig( 1017): Adding: com.android.server.compat.config.Change@875620a
01-01 08:00:41.883 D/CompatConfig( 1017): Adding: com.android.server.compat.config.Change@b95fa7b
01-01 08:00:41.884 D/CompatConfig( 1017): Adding: com.android.server.compat.config.Change@74f5098
01-01 08:00:41.885 I/SystemConfig( 1017): Reading permissions from /system_ext/etc/sysconfig/qti_telephony_system_packages_config.xml
01-01 08:00:41.885 D/CompatConfig( 1017): Adding: com.android.server.compat.config.Change@a0f94d6
01-01 08:00:41.886 D/CompatConfig( 1017): Adding: com.android.server.compat.config.Change@b7fc357
01-01 08:00:41.886 D/CompatConfig( 1017): Adding: com.android.server.compat.config.Change@f34de44
01-01 08:00:41.887 I/SystemConfig( 1017): Reading permissions from /system_ext/etc/sysconfig/qti_whitelist_system_ext.xml
01-01 08:00:41.887 D/CompatConfig( 1017): No directory /apex/com.android.media.swcodec/etc/compatconfig, skipping
01-01 08:00:41.887 D/CompatConfig( 1017): No directory /apex/com.android.media/etc/compatconfig, skipping
01-01 08:00:41.887 D/CompatConfig( 1017): No directory /apex/com.android.ipsec/etc/compatconfig, skipping
01-01 08:00:41.888 D/CompatConfig( 1017): No directory /apex/com.android.i18n/etc/compatconfig, skipping
01-01 08:00:41.888 D/CompatConfig( 1017): No directory /apex/com.android.extservices/etc/compatconfig, skipping
01-01 08:00:41.888 D/CompatConfig( 1017): No directory /apex/com.android.conscrypt/etc/compatconfig, skipping
01-01 08:00:41.889 D/CompatConfig( 1017): Found a config file: /apex/com.android.art/etc/compatconfig/libcore-platform-compat-config.xml
01-01 08:00:41.889 I/SystemConfig( 1017): Reading permissions from /system_ext/etc/permissions/wfd-system-ext-privapp-permissions-qti.xml
01-01 08:00:41.889 D/CompatConfig( 1017): Adding: com.android.server.compat.config.Change@c39ab0
01-01 08:00:41.890 I/SystemConfig( 1017): Reading permissions from /system_ext/etc/permissions/qti_permissions.xml
01-01 08:00:41.890 D/CompatConfig( 1017): Adding: com.android.server.compat.config.Change@28468ae
01-01 08:00:41.891 D/CompatConfig( 1017): Adding: com.android.server.compat.config.Change@ed9c64f
01-01 08:00:41.891 D/CompatConfig( 1017): Adding: com.android.server.compat.config.Change@d3fb1dc
01-01 08:00:41.891 I/SystemConfig( 1017): Reading permissions from /system_ext/etc/permissions/com.android.emergency.xml
01-01 08:00:41.892 D/CompatConfig( 1017): Adding: com.android.server.compat.config.Change@93261ba
01-01 08:00:41.893 D/CompatConfig( 1017): No directory /apex/com.android.appsearch/etc/compatconfig, skipping
01-01 08:00:41.893 I/SystemConfig( 1017): Reading permissions from /system_ext/etc/permissions/com.qualcomm.qti.imscmservice-V2.0-java.xml
01-01 08:00:41.893 D/CompatConfig( 1017): No directory /apex/com.android.adbd/etc/compatconfig, skipping
01-01 08:00:41.894 I/SystemConfig( 1017): Reading permissions from /system_ext/etc/permissions/com.hht.lebocast.xml
01-01 08:00:41.896 I/SystemConfig( 1017): Reading permissions from /system_ext/etc/permissions/com.android.systemui.xml
01-01 08:00:41.898 I/SystemConfig( 1017): Reading permissions from /system_ext/etc/permissions/audiosphere.xml
01-01 08:00:41.898 I/SystemConfig( 1017): Reading permissions from /system_ext/etc/permissions/qti_libpermissions.xml
01-01 08:00:41.899 I/SystemConfig( 1017): Reading permissions from /system_ext/etc/permissions/com.nxp.nfc.nq.xml
01-01 08:00:41.900 I/SystemConfig( 1017): Reading permissions from /system_ext/etc/permissions/com.android.launcher3.xml
01-01 08:00:41.901 I/SystemConfig( 1017): Reading permissions from /system_ext/etc/permissions/android.software.verified_boot.xml
01-01 08:00:41.902 D/SystemServerTiming( 1017): PlatformCompat took to complete: 130ms
01-01 08:00:41.902 I/SystemServerTiming( 1017): StartFileIntegrityService
01-01 08:00:41.902 I/SystemConfig( 1017): Reading permissions from /system_ext/etc/permissions/embms-noship_product_privapp_permissions_qti.xml
01-01 08:00:41.902 I/SystemServiceManager( 1017): Starting com.android.server.security.FileIntegrityService
01-01 08:00:41.903 I/SystemConfig( 1017): Reading permissions from /system_ext/etc/permissions/privapp-permissions-qti-system-ext.xml
01-01 08:00:41.904 I/SystemConfig( 1017): Reading permissions from /system_ext/etc/permissions/com.qti.location.sdk.xml
01-01 08:00:41.904 I/SystemConfig( 1017): Reading permissions from /system_ext/etc/permissions/com.android.settings.xml
01-01 08:00:41.905 I/SystemConfig( 1017): Reading permissions from /system_ext/etc/permissions/qti_supplicant_interface.xml
01-01 08:00:41.906 I/SystemConfig( 1017): Reading permissions from /system_ext/etc/permissions/com.qualcomm.qti.izattools.xml
01-01 08:00:41.906 D/SystemServerTiming( 1017): StartFileIntegrityService took to complete: 5ms
01-01 08:00:41.906 I/SystemServerTiming( 1017): StartInstaller
01-01 08:00:41.906 I/SystemServiceManager( 1017): Starting com.android.server.pm.Installer
01-01 08:00:41.907 I/SystemConfig( 1017): Reading permissions from /system_ext/etc/permissions/com.qti.dpmframework.xml
01-01 08:00:41.908 I/SystemConfig( 1017): Reading permissions from /system_ext/etc/permissions/com.qualcomm.qmapbridge.xml
01-01 08:00:41.909 I/SystemConfig( 1017): Reading permissions from /system_ext/etc/permissions/com.qualcomm.qti.imscmservice.xml
01-01 08:00:41.910 W/Installer( 1017): installd not found; trying again
01-01 08:00:41.910 I/SystemConfig( 1017): Reading permissions from /system_ext/etc/permissions/com.qualcomm.qti.imscmservice-V2.2-java.xml
01-01 08:00:41.911 I/SystemConfig( 1017): Reading permissions from /system_ext/etc/permissions/com.qti.media.secureprocessor.xml
01-01 08:00:41.912 I/SystemConfig( 1017): Reading permissions from /system_ext/etc/permissions/com.thundercomm.microsettings.xml
01-01 08:00:41.912 D/SystemServerTiming( 1017): StartInstaller took to complete: 5ms
01-01 08:00:41.912 I/SystemServerTiming( 1017): DeviceIdentifiersPolicyService
01-01 08:00:41.912 I/SystemServiceManager( 1017): Starting com.android.server.os.DeviceIdentifiersPolicyService
01-01 08:00:41.913 I/SystemConfig( 1017): Reading permissions from /system_ext/etc/permissions/vendor.qti.ims.rcsservice.xml
01-01 08:00:41.914 D/SystemServerTiming( 1017): DeviceIdentifiersPolicyService took to complete: 1ms
01-01 08:00:41.914 I/SystemServerTiming( 1017): UriGrantsManagerService
01-01 08:00:41.914 I/SystemServiceManager( 1017): Starting com.android.server.uri.UriGrantsManagerService$Lifecycle
01-01 08:00:41.914 I/SystemConfig( 1017): Reading permissions from /system_ext/etc/permissions/izat.xt.srv.xml
01-01 08:00:41.914 D/SystemServerTiming( 1017): UriGrantsManagerService took to complete: 1ms
01-01 08:00:41.915 I/SystemServerTiming( 1017): StartPowerStatsService
01-01 08:00:41.915 I/SystemServiceManager( 1017): Starting com.android.server.powerstats.PowerStatsService
01-01 08:00:41.915 I/SystemConfig( 1017): Reading permissions from /system_ext/etc/permissions/com.android.storagemanager.xml
01-01 08:00:41.916 I/SystemConfig( 1017): Reading permissions from /system_ext/etc/permissions/telephony_system-ext_privapp-permissions-qti.xml
01-01 08:00:41.917 I/SystemConfig( 1017): Reading permissions from /system_ext/etc/permissions/com.qualcomm.qti.imscmservice-V2.1-java.xml
01-01 08:00:41.916 I/binder ( 0): 1017:1017 ioctl 40046210 7fecc80354 returned -22
01-01 08:00:41.918 I/SystemConfig( 1017): Reading permissions from /system_ext/etc/permissions/privapp-permissions-aptxals.xml
01-01 08:00:41.918 D/SystemServerTiming( 1017): StartPowerStatsService took to complete: 3ms
01-01 08:00:41.918 I/SystemServerTiming( 1017): StartIStatsService
01-01 08:00:41.919 I/SystemConfig( 1017): Reading permissions from /system_ext/etc/permissions/com.qualcomm.location.xml
01-01 08:00:41.920 I/SystemConfig( 1017): Reading permissions from /system_ext/etc/permissions/privapp-permissions-com.qualcomm.location.xml
01-01 08:00:41.921 D/SystemServerTiming( 1017): StartIStatsService took to complete: 2ms
01-01 08:00:41.921 I/SystemServerTiming( 1017): MemtrackProxyService
01-01 08:00:41.921 I/SystemConfig( 1017): Reading permissions from /system_ext/etc/permissions/dpmapi.xml
01-01 08:00:41.922 I/SystemConfig( 1017): Reading permissions from /system_ext/etc/permissions/com.android.provision.xml
01-01 08:00:41.923 I/SystemConfig( 1017): Reading permissions from /system_ext/etc/permissions/embms.xml
01-01 08:00:41.923 D/SystemServerTiming( 1017): MemtrackProxyService took to complete: 2ms
01-01 08:00:41.923 I/SystemServerTiming( 1017): StartActivityManager
01-01 08:00:41.923 I/SystemServiceManager( 1017): Starting com.android.server.wm.ActivityTaskManagerService$Lifecycle
01-01 08:00:41.927 I/SystemConfig( 1017): Reading permissions from /apex/com.android.ipsec/etc/permissions/android.net.ipsec.ike.xml
01-01 08:00:41.928 I/SystemServiceManager( 1017): Starting com.android.server.am.ActivityManagerService$Lifecycle
01-01 08:00:41.931 D/SystemConfig( 1017): readAllPermissions took to complete: 160ms
01-01 08:00:41.932 D/SystemServerInitThreadPool( 1017): Finished executing ReadingSystemConfig
01-01 08:00:41.932 D/SystemServerTimingAsync( 1017): InitThreadPoolExec:ReadingSystemConfig took to complete: 160ms
01-01 08:00:41.933 I/ActivityManager( 1017): Memory class: 256
01-01 08:00:41.935 I/Binder ( 1017): Setting heavy hitter watcher config: false, 0, 0.0
01-01 08:00:41.959 I/PackageWatchdog( 1017): Updated health check state for package com.thundercomm.microservice: INACTIVE -> PASSED
01-01 08:00:41.959 I/PackageWatchdog( 1017): Updated health check state for package com.thundercomm.tchttpserver: INACTIVE -> PASSED
01-01 08:00:41.960 I/PackageWatchdog( 1017): Updated health check state for package com.qualcomm.qti.devicestatisticsservice: INACTIVE -> PASSED
01-01 08:00:41.971 D/BatteryStatsImpl( 1017): Reading daily items from /data/system/batterystats-daily.xml
01-01 08:00:41.985 I/KernelCpuUidFreqTimeReader( 1017): mPerClusterTimesAvailable=false
01-01 08:00:41.991 W/KernelCpuUidFreqTimeBpfMapReader( 1017): Failed to start tracking
01-01 08:00:41.994 W/KernelCpuUidActiveTimeBpfMapReader( 1017): Failed to start tracking
01-01 08:00:41.997 W/KernelCpuUidClusterTimeBpfMapReader( 1017): Failed to start tracking
01-01 08:00:41.998 E/KernelCpuSpeedReader( 1017): Failed to read cpu-freq: /sys/devices/system/cpu/cpu4/cpufreq/stats/time_in_state: open failed: ENOENT (No such file or directory)
01-01 08:00:41.998 E/KernelCpuSpeedReader( 1017): Failed to read cpu-freq: /sys/devices/system/cpu/cpu0/cpufreq/stats/time_in_state: open failed: ENOENT (No such file or directory)
01-01 08:00:42.046 W/KernelMemoryBandwidthStats( 1017): No kernel memory bandwidth stats available
01-01 08:00:42.080 E/msm-dcc 1023000.dcc_v2( 0): DCC list passed 3
01-01 08:00:42.085 I/msm-dcc 1023000.dcc_v2( 0): All values written to enable.
01-01 08:00:42.086 E/msm-dcc 1023000.dcc_v2( 0): DCC list passed 4
01-01 08:00:42.091 I/msm-dcc 1023000.dcc_v2( 0): All values written to enable.
01-01 08:00:42.092 E/msm-dcc 1023000.dcc_v2( 0): DCC list passed 6
01-01 08:00:42.098 I/msm-dcc 1023000.dcc_v2( 0): All values written to enable.
01-01 08:00:42.300 I/gsid ( 1212): no DSU: No such file or directory
01-01 08:00:42.303 I/ ( 0): gsid (1212) used greatest stack depth: 10200 bytes left
01-01 08:00:42.515 E/wlan ( 0): Loading driver v5.2.022.10G +TIMER_MANAGER +MEMORY_DEBUG +PANIC_ON_BUG; 2023-03-14T05:06:00Z; cld:; cmn:;
01-01 08:00:42.560 I/msm_vidc( 0): err : ffffffff: .....: DBLP Set: status 0
01-01 08:00:42.583 E/ipa3_uc_reg_rdyCB( 0): 2973 bad parm. inout=0000000000000000
01-01 08:00:42.588 I/ ( 0): wlan_hdd_state wlan major(477) initialized
01-01 08:00:42.596 D/cnss ( 0): Start to wait for calibration to complete
01-01 08:00:42.601 I/binder ( 0): 1233:1233 ioctl 40046210 fff51648 returned -22
01-01 08:00:42.629 I/iorapd ( 1234): iorapd (the prefetchening) firing up
01-01 08:00:42.636 I/iorapd ( 1234): Opened existing database at '/data/misc/iorapd/sqlite.db'
01-01 08:00:42.637 W/iorapd ( 1234): Reconnect to package manager service: 1 times
01-01 08:00:42.638 I/binder ( 0): 1234:1234 ioctl 40046210 7fe3371224 returned -22
01-01 08:00:42.723 I/binder ( 0): 1255:1255 ioctl 40046210 7fc0cd2344 returned -22
01-01 08:00:42.809 I/binder ( 0): 1269:1269 ioctl 40046210 7ffc6f1164 returned -22
01-01 08:00:42.812 I/binder ( 0): 1271:1271 ioctl 40046210 7fdd8389d4 returned -22
01-01 08:00:42.843 I/installd( 1274): installd firing up
01-01 08:00:42.850 I/binder ( 0): 1274:1274 ioctl 40046210 7fd58454f4 returned -22
01-01 08:00:42.908 E/msm-dai-fe soc( 0): qcom,msm-dai-fe: ASoC: no sink widget found for AUXPCM_DL_HL
01-01 08:00:42.917 E/msm-dai-fe soc( 0): qcom,msm-dai-fe: ASoC: Failed to add route AUXPCM_HOSTLESS Playback -> direct -> AUXPCM_DL_HL
01-01 08:00:42.929 E/msm-dai-fe soc( 0): qcom,msm-dai-fe: ASoC: no source widget found for AUXPCM_UL_HL
01-01 08:00:42.938 E/msm-dai-fe soc( 0): qcom,msm-dai-fe: ASoC: Failed to add route AUXPCM_UL_HL -> direct -> AUXPCM_HOSTLESS Capture
01-01 08:00:42.967 E/msm-auxpcm-dev soc( 0): qcom,msm-pri-auxpcm: ASoC: no source widget found for AUX_PCM_RX
01-01 08:00:42.976 E/msm-auxpcm-dev soc( 0): qcom,msm-pri-auxpcm: ASoC: Failed to add route AUX_PCM_RX -> direct -> AUX PCM Playback
01-01 08:00:42.988 E/msm-auxpcm-dev soc( 0): qcom,msm-pri-auxpcm: ASoC: no sink widget found for AUX_PCM_TX
01-01 08:00:42.997 E/msm-auxpcm-dev soc( 0): qcom,msm-pri-auxpcm: ASoC: Failed to add route AUX PCM Capture -> direct -> AUX_PCM_TX
01-01 08:00:43.009 E/msm-auxpcm-dev soc( 0): qcom,msm-sec-auxpcm: ASoC: no source widget found for SEC_AUX_PCM_RX
01-01 08:00:43.018 E/msm-auxpcm-dev soc( 0): qcom,msm-sec-auxpcm: ASoC: Failed to add route SEC_AUX_PCM_RX -> direct -> Sec AUX PCM Playback
01-01 08:00:43.029 I/binder ( 0): 1283:1283 ioctl 40046210 7fd56ae8a4 returned -22
01-01 08:00:43.031 E/msm-auxpcm-dev soc( 0): qcom,msm-sec-auxpcm: ASoC: no sink widget found for SEC_AUX_PCM_TX
01-01 08:00:43.039 I/binder ( 0): 1290:1309 ioctl 40046210 7836215144 returned -22
01-01 08:00:43.040 E/msm-auxpcm-dev soc( 0): qcom,msm-sec-auxpcm: ASoC: Failed to add route Sec AUX PCM Capture -> direct -> SEC_AUX_PCM_TX
01-01 08:00:43.053 E/msm-auxpcm-dev soc( 0): qcom,msm-tert-auxpcm: ASoC: no source widget found for TERT_AUX_PCM_RX
01-01 08:00:43.062 E/msm-auxpcm-dev soc( 0): qcom,msm-tert-auxpcm: ASoC: Failed to add route TERT_AUX_PCM_RX -> direct -> Tert AUX PCM Playback
01-01 08:00:43.075 E/msm-auxpcm-dev soc( 0): qcom,msm-tert-auxpcm: ASoC: no sink widget found for TERT_AUX_PCM_TX
01-01 08:00:43.084 E/msm-auxpcm-dev soc( 0): qcom,msm-tert-auxpcm: ASoC: Failed to add route Tert AUX PCM Capture -> direct -> TERT_AUX_PCM_TX
01-01 08:00:43.098 I/wificond( 1293): wificond is starting up...
01-01 08:00:43.097 E/msm-auxpcm-dev soc( 0): qcom,msm-quat-auxpcm: ASoC: no source widget found for QUAT_AUX_PCM_RX
01-01 08:00:43.099 I/binder ( 0): 1293:1293 ioctl 40046210 7fcfb36a94 returned -22
01-01 08:00:43.107 E/msm-auxpcm-dev soc( 0): qcom,msm-quat-auxpcm: ASoC: Failed to add route QUAT_AUX_PCM_RX -> direct -> Quat AUX PCM Playback
01-01 08:00:43.109 I/ ( 0): tsnv nv_initialize successfully!
01-01 08:00:43.116 I/binder ( 0): 1289:1289 ioctl 40046210 7ff403a774 returned -22
01-01 08:00:43.118 I/binder ( 0): 1279:1279 ioctl 40046210 7fe4ae9884 returned -22
01-01 08:00:43.120 E/msm-auxpcm-dev soc( 0): qcom,msm-quat-auxpcm: ASoC: no sink widget found for QUAT_AUX_PCM_TX
01-01 08:00:43.138 W/storaged( 1289): health: invalid battery status
01-01 08:00:43.129 E/msm-auxpcm-dev soc( 0): qcom,msm-quat-auxpcm: ASoC: Failed to add route Quat AUX PCM Capture -> direct -> QUAT_AUX_PCM_TX
01-01 08:00:43.142 E/msm-auxpcm-dev soc( 0): qcom,msm-quin-auxpcm: ASoC: no source widget found for QUIN_AUX_PCM_RX
01-01 08:00:43.148 I/binder ( 0): 1289:1289 ioctl 40046210 7ff403a6a4 returned -22
01-01 08:00:43.151 E/msm-auxpcm-dev soc( 0): qcom,msm-quin-auxpcm: ASoC: Failed to add route QUIN_AUX_PCM_RX -> direct -> Quin AUX PCM Playback
01-01 08:00:43.152 I/binder ( 0): 1293:1293 ioctl 40046210 7fcfb36a14 returned -22
01-01 08:00:43.164 E/msm-auxpcm-dev soc( 0): qcom,msm-quin-auxpcm: ASoC: no sink widget found for QUIN_AUX_PCM_TX
01-01 08:00:43.167 I/HidlServiceManagement( 1293): Registered android.system.wifi.keystore@1.0::IKeystore/default
01-01 08:00:43.174 E/msm-auxpcm-dev soc( 0): qcom,msm-quin-auxpcm: ASoC: Failed to add route Quin AUX PCM Capture -> direct -> QUIN_AUX_PCM_TX
01-01 08:00:43.186 E/msm-auxpcm-dev soc( 0): qcom,msm-sen-auxpcm: ASoC: no source widget found for SEN_AUX_PCM_RX
01-01 08:00:43.194 I/binder ( 0): 1311:1311 ioctl 40046210 7fc3d61544 returned -22
01-01 08:00:43.196 E/msm-auxpcm-dev soc( 0): qcom,msm-sen-auxpcm: ASoC: Failed to add route SEN_AUX_PCM_RX -> direct -> Sen AUX PCM Playback
01-01 08:00:43.209 E/msm-auxpcm-dev soc( 0): qcom,msm-sen-auxpcm: ASoC: no sink widget found for SEN_AUX_PCM_TX
01-01 08:00:43.218 E/msm-auxpcm-dev soc( 0): qcom,msm-sen-auxpcm: ASoC: Failed to add route Sen AUX PCM Capture -> direct -> SEN_AUX_PCM_TX
01-01 08:00:43.230 W/msm-dai-q6-hdmi soc( 0): qcom,msm-dai-q6-dp: DAI driver id is not set
01-01 08:00:43.295 I/binder ( 0): 1285:1285 ioctl 40046210 ffd5ce28 returned -22
01-01 08:00:43.300 I/binder ( 0): 1285:1285 ioctl 40046210 ffd5ce10 returned -22
01-01 08:00:43.383 I/lan743x 0001( 0): 01:00.0 eth0: using MSIX interrupts, number of vectors = 6
01-01 08:00:43.405 I/mv2112_config_aneg( 0): autoneg 1
01-01 08:00:43.405 I/ ( 0): mv2112_restart_aneg
01-01 08:00:43.406 E/mv2112_read_status( 0): autoneg not complete;time=37172 ms
01-01 08:00:43.406 I/ ( 0): mv2112_setup_forced
01-01 08:00:43.414 I/imsrcsd ( 1336): Uce Service HAL is starting up...
01-01 08:00:43.431 I/ ( 0): hht_ota_mgr (1265) used greatest stack depth: 10136 bytes left
01-01 08:00:43.431 I/lan743x 0001( 0): 01:00.0 eth0: successfully registered ptp clock
01-01 08:00:43.450 I/imsrcsd ( 1336): Uce Service HAL loading imsrcsbaseimpl
01-01 08:00:43.459 I/lan743x 0001( 0): 01:00.0 eth0: Link is Down
01-01 08:00:43.493 I/IPv6 ( 0): ADDRCONF(NETDEV_UP): eth0: link is not ready
01-01 08:00:43.534 I/imsrcsd ( 1336): Starting Service for First Time imsbaseimpl
01-01 08:00:43.539 I/imsrcsd ( 1336): Interface com.qualcomm.qti.uceservice@2.3::IUceService com.qualcomm.qti.uceservice is found in manifest
01-01 08:00:43.541 I/HidlServiceManagement( 1336): Registered com.qualcomm.qti.uceservice@2.3::IUceService/com.qualcomm.qti.uceservice (start delay of 259ms)
01-01 08:00:43.549 I/imsrcsd ( 1336): Interface com.qualcomm.qti.imscmservice@2.2::IImsCmService qti.ims.connectionmanagerservice is found in manifest
01-01 08:00:43.550 I/HidlServiceManagement( 1336): Registered com.qualcomm.qti.imscmservice@2.2::IImsCmService/qti.ims.connectionmanagerservice (start delay of 268ms)
01-01 08:00:43.552 I/imsrcsd ( 1336): Interface vendor.qti.ims.factory@1.1::IImsFactory default is not found in manifest
01-01 08:00:43.556 I/imsrcsd ( 1336): Interface vendor.qti.ims.factory@1.0::IImsFactory default is found in manifest
01-01 08:00:43.557 I/HidlServiceManagement( 1336): Registered vendor.qti.ims.factory@1.0::IImsFactory/default (start delay of 274ms)
01-01 08:00:43.565 I/imsrcsd ( 1336): Interface vendor.qti.ims.callinfo@1.0::IService default is found in manifest
01-01 08:00:43.574 I/HidlServiceManagement( 1336): Registered vendor.qti.ims.callinfo@1.0::IService/default (start delay of 291ms)
01-01 08:00:43.574 I/imsrcsd ( 1336): ImsRcsBaseImpl ImsCallInfo After Registering Service
01-01 08:00:43.607 I/ ( 0): ip (1364) used greatest stack depth: 9616 bytes left
01-01 08:00:43.724 I/binder ( 0): 1260:1260 ioctl 40046210 7fc2e27324 returned -22
01-01 08:00:43.726 I/binder ( 0): 1260:1260 ioctl 40046210 7fc2e27344 returned -22
01-01 08:00:43.797 E/bolero-codec soc( 0): qcom,msm-audio-apr:qcom,q6core-audio:bolero-cdc: ASoC: unknown pin WSA AIF VI
01-01 08:00:43.832 W/swr-wcd rx_swr_ctrl( 0): DMA mask not set
01-01 08:00:43.851 I/binder ( 0): 1374:1374 ioctl 40046210 7ff8baecb4 returned -22
01-01 08:00:43.927 I/cnss-daemon( 0): NL group_id 10, cnss_nl.family_id 28
01-01 08:00:43.927 I/cnss-daemon( 0): wlfw_start: Starting
01-01 08:00:43.928 E/kona-asoc-snd soc( 0): qcom,msm-audio-apr:qcom,q6core-audio:sound: ASoC: no source widget found for MIC BIAS1
01-01 08:00:43.940 E/swr-wcd rx_swr_ctrl( 0): swrm_get_logical_dev_num: device 0xd01170224 is not ready
01-01 08:00:43.950 E/kona-asoc-snd soc( 0): qcom,msm-audio-apr:qcom,q6core-audio:sound: ASoC: Failed to add route MIC BIAS1 -> direct -> AMIC1
01-01 08:00:43.958 I/cnss-daemon( 0): no interop issues ap currently
01-01 08:00:43.962 E/swr_get_logical_dev_num( 0): Error -22 to get logical addr for device d01170224
01-01 08:00:43.971 I/cnss-daemon( 0): ro.baseband : [apq]
01-01 08:00:43.971 I/cnss-daemon( 0): Hardware supports external modem
01-01 08:00:43.971 E/kona-asoc-snd soc( 0): qcom,msm-audio-apr:qcom,q6core-audio:sound: ASoC: no sink widget found for MIC BIAS1
01-01 08:00:43.976 I/cnss-daemon( 0): wlfw_service_request: Start the pthread: 0x0K
01-01 08:00:43.982 E/kona-asoc-snd soc( 0): qcom,msm-audio-apr:qcom,q6core-audio:sound: ASoC: Failed to add route Analog Mic1 -> direct -> MIC BIAS1
01-01 08:00:43.995 E/swr-wcd rx_swr_ctrl( 0): swrm_get_logical_dev_num: device 0xd01170224 is not ready
01-01 08:00:44.003 I/cnss-daemon( 0): pm_release_vote: pm_handle is NULL
01-01 08:00:44.003 I/cnss-daemon( 0): pm_release_vote: pm_handle is NULL
01-01 08:00:44.004 I/cnss-daemon( 0): wlfw_build_cal_table: not read /data/vendor/wifi/wlfw_cal_00.bin
01-01 08:00:44.005 E/kona-asoc-snd soc( 0): qcom,msm-audio-apr:qcom,q6core-audio:sound: ASoC: no source widget found for MIC BIAS2
01-01 08:00:44.016 E/swr_get_logical_dev_num( 0): Error -22 to get logical addr for device d01170224
01-01 08:00:44.020 I/cnss-daemon( 0): wlfw_build_cal_table: not read /data/vendor/wifi/wlfw_cal_02.bin
01-01 08:00:44.024 E/kona-asoc-snd soc( 0): qcom,msm-audio-apr:qcom,q6core-audio:sound: ASoC: Failed to add route MIC BIAS2 -> direct -> AMIC2
01-01 08:00:44.026 D/cnss ( 0): Received QMI WLFW request memory indication
01-01 08:00:44.037 E/swr-wcd rx_swr_ctrl( 0): swrm_get_logical_dev_num: device 0xd01170224 is not ready
01-01 08:00:44.044 D/cnss ( 0): FW requests for memory, size: 0x5e0000, type: 1
01-01 08:00:44.045 D/cnss ( 0): FW requests for memory, size: 0xd8000, type: 4
01-01 08:00:44.045 D/cnss ( 0): Posting event: REQUEST_MEM(2), state: 0x9 flags: 0x0
01-01 08:00:44.045 D/cnss ( 0): PM stay awake, state: 0x9, count: 1
01-01 08:00:44.046 D/cnss ( 0): PM relax, state: 0x9, count: 0
01-01 08:00:44.046 D/cnss ( 0): PM stay awake, state: 0x9, count: 1
01-01 08:00:44.046 D/cnss ( 0): Processing driver event: REQUEST_MEM(2), state: 0x9
01-01 08:00:44.053 E/kona-asoc-snd soc( 0): qcom,msm-audio-apr:qcom,q6core-audio:sound: ASoC: no sink widget found for MIC BIAS2
01-01 08:00:44.065 W/ ( 0): ------------[ cut here ]------------
01-01 08:00:44.065 W/ ( 0): Unbalanced enable for IRQ 400
01-01 08:00:44.065 W/ ( 0): WARNING: CPU: 3 PID: 1131 at kernel/irq/manage.c:621 enable_irq+0x98/0xf0
01-01 08:00:44.065 I/ ( 0): Modules linked in: wlan(O+) tsnv(O) machine_dlkm(O) wcd938x_slave_dlkm(O) wcd938x_dlkm(O) wcd9xxx_dlkm(O) mbhc_dlkm(O) tx_macro_dlkm(O) rx_macro_dlkm(O) va_macro_dlkm(O) wsa_macro_dlkm(O) swr_ctrl_dlkm(O) bolero_cdc_dlkm(O) wsa881x_dlkm(O) wcd_core_dlkm(O) stub_dlkm(O) hdmi_dlkm(O) swr_dlkm(O) pinctrl_lpi_dlkm(O) pinctrl_wcd_dlkm(O) usf_dlkm(O) native_dlkm(O) platform_dlkm(O) q6_dlkm(O) adsp_loader_dlkm(O) apr_dlkm(O) snd_event_dlkm(O) q6_notifier_dlkm(O) q6_pdr_dlkm(O) msm_11ad_proxy
01-01 08:00:44.065 I/ ( 0): CPU: 3 PID: 1131 Comm: kworker/3:3 Tainted: G S O 4.19.157+ #1
01-01 08:00:44.065 I/Hardware name( 0): Qualcomm Technologies, Inc. kona MTP-RmPM8150b. VX1(MCE) EVT1 (DT)
01-01 08:00:44.065 I/Workqueue( 0): pm pm_runtime_work
01-01 08:00:44.065 I/pstate ( 0): 60c00085 (nZCv daIf +PAN +UAO)
01-01 08:00:44.065 I/pc ( 0): enable_irq+0x98/0xf0
01-01 08:00:44.065 I/lr ( 0): enable_irq+0x98/0xf0
01-01 08:00:44.065 I/sp ( 0): ffffff8016053af0
01-01 08:00:44.065 I/ ( 0): x29: ffffff8016053b00 x28: 0000000000000002
01-01 08:00:44.065 I/ ( 0): x27: 0000000000000000 x26: ffffffc18a6ffbfd
01-01 08:00:44.065 I/ ( 0): x25: 0000000000000000 x24: ffffffa926371d28
01-01 08:00:44.065 I/ ( 0): x23: ffffffc18a6fdf59 x22: ffffffc18a6ff9c8
01-01 08:00:44.065 I/ ( 0): x21: ffffffc18a6d4690 x20: 0000000000000190
01-01 08:00:44.065 I/ ( 0): x19: ffffffc17bac6c80 x18: 0000000000000030
01-01 08:00:44.065 I/ ( 0): x17: ffffffa92963e000 x16: 00000000fffc8cd8
01-01 08:00:44.065 I/ ( 0): x15: 00000000000c8cd8 x14: 0000000000000086
01-01 08:00:44.065 I/ ( 0): x13: 0000000000000000 x12: 00000000000000e0
01-01 08:00:44.065 I/ ( 0): x11: 0000000000000000 x10: 0000000000000001
01-01 08:00:44.065 I/ ( 0): x9 : e9f16285cf075b00 x8 : e9f16285cf075b00
01-01 08:00:44.065 I/ ( 0): x7 : ffffffa925b826c0 x6 : 0000000000000000
01-01 08:00:44.065 I/ ( 0): x5 : 0000000000000080 x4 : 0000000000000001
01-01 08:00:44.065 I/ ( 0): x3 : 0000000000000000 x2 : 0000000000000007
01-01 08:00:44.065 I/ ( 0): x1 : 0000000000000007 x0 : 000000000000001d
01-01 08:00:44.065 I/Call trace( 0):
01-01 08:00:44.065 I/ ( 0): enable_irq+0x98/0xf0
01-01 08:00:44.065 I/ ( 0): swrm_runtime_suspend+0x480/0x608 [swr_ctrl_dlkm]
01-01 08:00:44.065 I/ ( 0): pm_generic_runtime_suspend+0x34/0x48
01-01 08:00:44.065 I/ ( 0): __rpm_callback+0x128/0x230
01-01 08:00:44.065 I/ ( 0): rpm_suspend+0x468/0x820
01-01 08:00:44.065 I/ ( 0): rpm_idle+0x5bc/0x600
01-01 08:00:44.065 I/ ( 0): pm_runtime_work+0x7c/0xa8
01-01 08:00:44.065 I/ ( 0): process_one_work+0x38c/0x660
01-01 08:00:44.065 I/ ( 0): worker_thread+0x268/0x4b8
01-01 08:00:44.065 I/ ( 0): kthread+0x140/0x150
01-01 08:00:44.065 I/ ( 0): ret_from_fork+0x10/0x1c
01-01 08:00:44.065 I/ ( 0): irq event stamp: 2594
01-01 08:00:44.065 I/ ( 0): hardirqs last enabled at (2593): [] _raw_spin_unlock_irqrestore+0x44/0x88
01-01 08:00:44.065 I/ ( 0): hardirqs last disabled at (2594): [] _raw_spin_lock_irqsave+0x28/0x98
01-01 08:00:44.065 I/ ( 0): softirqs last enabled at (2458): [] __do_softirq+0x50c/0x554
01-01 08:00:44.066 I/ ( 0): softirqs last disabled at (2441): [] irq_exit+0xfc/0x120
01-01 08:00:44.066 W/ ( 0): ---[ end trace afc781580c54b6fc ]---
01-01 08:00:44.066 E/swr_get_logical_dev_num( 0): Error -22 to get logical addr for device d01170224
01-01 08:00:44.074 E/kona-asoc-snd soc( 0): qcom,msm-audio-apr:qcom,q6core-audio:sound: ASoC: Failed to add route Analog Mic2 -> direct -> MIC BIAS2
01-01 08:00:44.087 E/swr-wcd rx_swr_ctrl( 0): swrm_get_logical_dev_num: device 0xd01170224 is not ready
01-01 08:00:44.096 E/kona-asoc-snd soc( 0): qcom,msm-audio-apr:qcom,q6core-audio:sound: ASoC: no source widget found for MIC BIAS3
01-01 08:00:44.107 E/swr_get_logical_dev_num( 0): Error -22 to get logical addr for device d01170224
01-01 08:00:44.116 E/kona-asoc-snd soc( 0): qcom,msm-audio-apr:qcom,q6core-audio:sound: ASoC: Failed to add route MIC BIAS3 -> direct -> AMIC3
01-01 08:00:44.129 E/swr-wcd rx_swr_ctrl( 0): swrm_get_logical_dev_num: device 0xd01170224 is not ready
01-01 08:00:44.138 E/kona-asoc-snd soc( 0): qcom,msm-audio-apr:qcom,q6core-audio:sound: ASoC: no sink widget found for MIC BIAS3
01-01 08:00:44.149 E/swr_get_logical_dev_num( 0): Error -22 to get logical addr for device d01170224
01-01 08:00:44.158 E/kona-asoc-snd soc( 0): qcom,msm-audio-apr:qcom,q6core-audio:sound: ASoC: Failed to add route Analog Mic3 -> direct -> MIC BIAS3
01-01 08:00:44.170 E/wcd938x_codec wcd938x-codec( 0): wcd938x_bind: Slave bind failed, ret = -517
01-01 08:00:44.185 E/kona-asoc-snd soc( 0): qcom,msm-audio-apr:qcom,q6core-audio:sound: ASoC: no source widget found for MIC BIAS3
01-01 08:00:44.192 I/binder ( 0): 1427:1427 ioctl 40046210 7fe946e6e4 returned -22
01-01 08:00:44.201 E/kona-asoc-snd soc( 0): qcom,msm-audio-apr:qcom,q6core-audio:sound: ASoC: Failed to add route MIC BIAS3 -> direct -> AMIC4
01-01 08:00:44.214 E/kona-asoc-snd soc( 0): qcom,msm-audio-apr:qcom,q6core-audio:sound: ASoC: no sink widget found for MIC BIAS3
01-01 08:00:44.225 E/kona-asoc-snd soc( 0): qcom,msm-audio-apr:qcom,q6core-audio:sound: ASoC: Failed to add route Analog Mic4 -> direct -> MIC BIAS3
01-01 08:00:44.229 I/binder ( 0): 1427:1427 ioctl 40046210 7fe946e514 returned -22
01-01 08:00:44.238 E/kona-asoc-snd soc( 0): qcom,msm-audio-apr:qcom,q6core-audio:sound: ASoC: no source widget found for MIC BIAS4
01-01 08:00:44.248 E/kona-asoc-snd soc( 0): qcom,msm-audio-apr:qcom,q6core-audio:sound: ASoC: Failed to add route MIC BIAS4 -> direct -> AMIC5
01-01 08:00:44.261 E/kona-asoc-snd soc( 0): qcom,msm-audio-apr:qcom,q6core-audio:sound: ASoC: no sink widget found for MIC BIAS4
01-01 08:00:44.271 I/binder ( 0): 1441:1441 ioctl 40046210 7fc214a5c4 returned -22
01-01 08:00:44.272 E/kona-asoc-snd soc( 0): qcom,msm-audio-apr:qcom,q6core-audio:sound: ASoC: Failed to add route Analog Mic5 -> direct -> MIC BIAS4
01-01 08:00:44.285 E/kona-asoc-snd soc( 0): qcom,msm-audio-apr:qcom,q6core-audio:sound: ASoC: no source widget found for MIC BIAS3
01-01 08:00:44.296 E/kona-asoc-snd soc( 0): qcom,msm-audio-apr:qcom,q6core-audio:sound: ASoC: Failed to add route MIC BIAS3 -> direct -> TX DMIC0
01-01 08:00:44.309 E/kona-asoc-snd soc( 0): qcom,msm-audio-apr:qcom,q6core-audio:sound: ASoC: no sink widget found for MIC BIAS3
01-01 08:00:44.319 E/kona-asoc-snd soc( 0): qcom,msm-audio-apr:qcom,q6core-audio:sound: ASoC: Failed to add route Digital Mic0 -> direct -> MIC BIAS3
01-01 08:00:44.333 E/kona-asoc-snd soc( 0): qcom,msm-audio-apr:qcom,q6core-audio:sound: ASoC: no source widget found for MIC BIAS3
01-01 08:00:44.344 E/kona-asoc-snd soc( 0): qcom,msm-audio-apr:qcom,q6core-audio:sound: ASoC: Failed to add route MIC BIAS3 -> direct -> TX DMIC1
01-01 08:00:44.357 E/kona-asoc-snd soc( 0): qcom,msm-audio-apr:qcom,q6core-audio:sound: ASoC: no sink widget found for MIC BIAS3
01-01 08:00:44.363 I/TLOC ( 1468): [main ]"TLOC DAEMON main thread"
01-01 08:00:44.364 D/TLOC ( 1468): [TLOCDaemon ]"---------- TLOC Daemon Starts ----------"
01-01 08:00:44.367 E/kona-asoc-snd soc( 0): qcom,msm-audio-apr:qcom,q6core-audio:sound: ASoC: Failed to add route Digital Mic1 -> direct -> MIC BIAS3
01-01 08:00:44.381 E/kona-asoc-snd soc( 0): qcom,msm-audio-apr:qcom,q6core-audio:sound: ASoC: no source widget found for MIC BIAS1
01-01 08:00:44.393 E/kona-asoc-snd soc( 0): qcom,msm-audio-apr:qcom,q6core-audio:sound: ASoC: Failed to add route MIC BIAS1 -> direct -> TX DMIC2
01-01 08:00:44.406 E/kona-asoc-snd soc( 0): qcom,msm-audio-apr:qcom,q6core-audio:sound: ASoC: no sink widget found for MIC BIAS1
01-01 08:00:44.412 D/qbt ( 0): qbt_open: entry minor_no=0 fd_available=1
01-01 08:00:44.417 E/kona-asoc-snd soc( 0): qcom,msm-audio-apr:qcom,q6core-audio:sound: ASoC: Failed to add route Digital Mic2 -> direct -> MIC BIAS1
01-01 08:00:44.417 D/qbt ( 0): qbt_open: exit : 0 fd_available=0
01-01 08:00:44.430 E/kona-asoc-snd soc( 0): qcom,msm-audio-apr:qcom,q6core-audio:sound: ASoC: no source widget found for MIC BIAS1
01-01 08:00:44.430 D/qbt ( 0): qbt_open: entry minor_no=1 fd_available=0
01-01 08:00:44.441 E/kona-asoc-snd soc( 0): qcom,msm-audio-apr:qcom,q6core-audio:sound: ASoC: Failed to add route MIC BIAS1 -> direct -> TX DMIC3
01-01 08:00:44.441 D/qbt ( 0): qbt_open: exit : 0 fd_available=0
01-01 08:00:44.454 E/kona-asoc-snd soc( 0): qcom,msm-audio-apr:qcom,q6core-audio:sound: ASoC: no sink widget found for MIC BIAS1
01-01 08:00:44.456 D/qbt ( 0): qbt_ioctl: cmd received 102
01-01 08:00:44.464 E/kona-asoc-snd soc( 0): qcom,msm-audio-apr:qcom,q6core-audio:sound: ASoC: Failed to add route Digital Mic3 -> direct -> MIC BIAS1
01-01 08:00:44.465 E/kona-asoc-snd soc( 0): qcom,msm-audio-apr:qcom,q6core-audio:sound: ASoC: no source widget found for MIC BIAS4
01-01 08:00:44.488 E/kona-asoc-snd soc( 0): qcom,msm-audio-apr:qcom,q6core-audio:sound: ASoC: Failed to add route MIC BIAS4 -> direct -> TX DMIC4
01-01 08:00:44.489 D/qbt ( 0): qbt_ioctl: qbt_ioctl: QBT_ENABLE_IPC
01-01 08:00:44.490 E/mv2112_update_link( 0): link 0x4
01-01 08:00:44.490 I/lan743x 0001( 0): 01:00.0 eth0: Link is Up - 100Mbps/Full - flow control off
01-01 08:00:44.490 I/IPv6 ( 0): ADDRCONF(NETDEV_CHANGE): eth0: link becomes ready
01-01 08:00:44.501 E/kona-asoc-snd soc( 0): qcom,msm-audio-apr:qcom,q6core-audio:sound: ASoC: no sink widget found for MIC BIAS4
01-01 08:00:44.516 E/kona-asoc-snd soc( 0): qcom,msm-audio-apr:qcom,q6core-audio:sound: ASoC: Failed to add route Digital Mic4 -> direct -> MIC BIAS4
01-01 08:00:44.525 D/qbt ( 0): qbt_ioctl: cmd received 107
01-01 08:00:44.528 D/qbt ( 0): qbt_ioctl: Acquiring wakelock
01-01 08:00:44.530 E/kona-asoc-snd soc( 0): qcom,msm-audio-apr:qcom,q6core-audio:sound: ASoC: no source widget found for MIC BIAS4
01-01 08:00:44.541 E/kona-asoc-snd soc( 0): qcom,msm-audio-apr:qcom,q6core-audio:sound: ASoC: Failed to add route MIC BIAS4 -> direct -> TX DMIC5
01-01 08:00:44.553 E/kona-asoc-snd soc( 0): qcom,msm-audio-apr:qcom,q6core-audio:sound: ASoC: no sink widget found for MIC BIAS4
01-01 08:00:44.565 E/kona-asoc-snd soc( 0): qcom,msm-audio-apr:qcom,q6core-audio:sound: ASoC: Failed to add route Digital Mic5 -> direct -> MIC BIAS4
01-01 08:00:44.578 E/kona-asoc-snd soc( 0): qcom,msm-audio-apr:qcom,q6core-audio:sound: ASoC: no sink widget found for IN1_HPHL
01-01 08:00:44.589 E/kona-asoc-snd soc( 0): qcom,msm-audio-apr:qcom,q6core-audio:sound: ASoC: Failed to add route HPHL_OUT -> direct -> IN1_HPHL
01-01 08:00:44.601 E/kona-asoc-snd soc( 0): qcom,msm-audio-apr:qcom,q6core-audio:sound: ASoC: no sink widget found for IN2_HPHR
01-01 08:00:44.612 E/kona-asoc-snd soc( 0): qcom,msm-audio-apr:qcom,q6core-audio:sound: ASoC: Failed to add route HPHR_OUT -> direct -> IN2_HPHR
01-01 08:00:44.625 E/kona-asoc-snd soc( 0): qcom,msm-audio-apr:qcom,q6core-audio:sound: ASoC: no sink widget found for IN3_AUX
01-01 08:00:44.636 E/kona-asoc-snd soc( 0): qcom,msm-audio-apr:qcom,q6core-audio:sound: ASoC: Failed to add route AUX_OUT -> direct -> IN3_AUX
01-01 08:00:44.648 E/kona-asoc-snd soc( 0): qcom,msm-audio-apr:qcom,q6core-audio:sound: ASoC: no source widget found for ADC1_OUTPUT
01-01 08:00:44.659 E/kona-asoc-snd soc( 0): qcom,msm-audio-apr:qcom,q6core-audio:sound: ASoC: Failed to add route ADC1_OUTPUT -> direct -> TX SWR_ADC0
01-01 08:00:44.681 D/TLOC ( 1468): [TLOCChannel]"The channel was initialized successfully for TLOCD"
01-01 08:00:44.682 D/TLOC ( 1468): [TLOCChannel]"The channel was initialized successfully for TLOCL"
01-01 08:00:44.675 E/kona-asoc-snd soc( 0): qcom,msm-audio-apr:qcom,q6core-audio:sound: ASoC: no source widget found for ADC2_OUTPUT
01-01 08:00:44.686 E/kona-asoc-snd soc( 0): qcom,msm-audio-apr:qcom,q6core-audio:sound: ASoC: Failed to add route ADC2_OUTPUT -> direct -> TX SWR_ADC1
01-01 08:00:44.684 D/TLOC ( 1468): [TLOCChannel]"The channel was initialized successfully for MODEM"
01-01 08:00:44.684 D/TLOC ( 1468): [TLOCChannel]"TLOCChannel was initialized successfully"
01-01 08:00:44.684 D/TLOC ( 1468): [TLOCChannel] "TLOCChannel is already initialized"
01-01 08:00:44.690 I/binder ( 0): 1439:1439 ioctl 40046210 7fd98bf2a4 returned -22
01-01 08:00:44.699 E/kona-asoc-snd soc( 0): qcom,msm-audio-apr:qcom,q6core-audio:sound: ASoC: no source widget found for ADC3_OUTPUT
01-01 08:00:44.705 I/ ( 0): ip (1541) used greatest stack depth: 9320 bytes left
01-01 08:00:44.710 E/kona-asoc-snd soc( 0): qcom,msm-audio-apr:qcom,q6core-audio:sound: ASoC: Failed to add route ADC3_OUTPUT -> direct -> TX SWR_ADC2
01-01 08:00:44.714 I/binder ( 0): 1439:1439 ioctl 40046210 7fd98beea4 returned -22
01-01 08:00:44.724 E/kona-asoc-snd soc( 0): qcom,msm-audio-apr:qcom,q6core-audio:sound: ASoC: no source widget found for ADC4_OUTPUT
01-01 08:00:44.735 E/kona-asoc-snd soc( 0): qcom,msm-audio-apr:qcom,q6core-audio:sound: ASoC: Failed to add route ADC4_OUTPUT -> direct -> TX SWR_ADC3
01-01 08:00:44.749 E/kona-asoc-snd soc( 0): qcom,msm-audio-apr:qcom,q6core-audio:sound: ASoC: no source widget found for DMIC1_OUTPUT
01-01 08:00:44.760 E/kona-asoc-snd soc( 0): qcom,msm-audio-apr:qcom,q6core-audio:sound: ASoC: Failed to add route DMIC1_OUTPUT -> direct -> TX SWR_DMIC0
01-01 08:00:44.761 I/ ( 0): read descriptors
01-01 08:00:44.773 E/kona-asoc-snd soc( 0): qcom,msm-audio-apr:qcom,q6core-audio:sound: ASoC: no source widget found for DMIC2_OUTPUT
01-01 08:00:44.774 I/ ( 0): read strings
01-01 08:00:44.783 I/capability( 0): warning: `msm_irqbalance' uses 32-bit capabilities (legacy support in use)
01-01 08:00:44.785 E/kona-asoc-snd soc( 0): qcom,msm-audio-apr:qcom,q6core-audio:sound: ASoC: Failed to add route DMIC2_OUTPUT -> direct -> TX SWR_DMIC1
01-01 08:00:44.785 E/kona-asoc-snd soc( 0): qcom,msm-audio-apr:qcom,q6core-audio:sound: ASoC: no source widget found for DMIC3_OUTPUT
01-01 08:00:44.809 E/kona-asoc-snd soc( 0): qcom,msm-audio-apr:qcom,q6core-audio:sound: ASoC: Failed to add route DMIC3_OUTPUT -> direct -> TX SWR_DMIC2
01-01 08:00:44.816 I/android_work( 0): did not send uevent (0 0 0000000000000000)
01-01 08:00:44.824 E/kona-asoc-snd soc( 0): qcom,msm-audio-apr:qcom,q6core-audio:sound: ASoC: no source widget found for DMIC4_OUTPUT
01-01 08:00:44.835 E/kona-asoc-snd soc( 0): qcom,msm-audio-apr:qcom,q6core-audio:sound: ASoC: Failed to add route DMIC4_OUTPUT -> direct -> TX SWR_DMIC3
01-01 08:00:44.849 E/kona-asoc-snd soc( 0): qcom,msm-audio-apr:qcom,q6core-audio:sound: ASoC: no source widget found for DMIC5_OUTPUT
01-01 08:00:44.861 E/kona-asoc-snd soc( 0): qcom,msm-audio-apr:qcom,q6core-audio:sound: ASoC: Failed to add route DMIC5_OUTPUT -> direct -> TX SWR_DMIC4
01-01 08:00:44.874 E/kona-asoc-snd soc( 0): qcom,msm-audio-apr:qcom,q6core-audio:sound: ASoC: no source widget found for DMIC6_OUTPUT
01-01 08:00:44.885 E/kona-asoc-snd soc( 0): qcom,msm-audio-apr:qcom,q6core-audio:sound: ASoC: Failed to add route DMIC6_OUTPUT -> direct -> TX SWR_DMIC5
01-01 08:00:44.899 E/kona-asoc-snd soc( 0): qcom,msm-audio-apr:qcom,q6core-audio:sound: ASoC: no source widget found for DMIC7_OUTPUT
01-01 08:00:44.910 E/kona-asoc-snd soc( 0): qcom,msm-audio-apr:qcom,q6core-audio:sound: ASoC: Failed to add route DMIC7_OUTPUT -> direct -> TX SWR_DMIC6
01-01 08:00:44.923 E/kona-asoc-snd soc( 0): qcom,msm-audio-apr:qcom,q6core-audio:sound: ASoC: no source widget found for DMIC8_OUTPUT
01-01 08:00:44.935 E/kona-asoc-snd soc( 0): qcom,msm-audio-apr:qcom,q6core-audio:sound: ASoC: Failed to add route DMIC8_OUTPUT -> direct -> TX SWR_DMIC7
01-01 08:00:44.949 E/kona-asoc-snd soc( 0): qcom,msm-audio-apr:qcom,q6core-audio:sound: ASoC: no sink widget found for SpkrLeft IN
01-01 08:00:44.960 E/kona-asoc-snd soc( 0): qcom,msm-audio-apr:qcom,q6core-audio:sound: ASoC: Failed to add route WSA_SPK1 OUT -> direct -> SpkrLeft IN
01-01 08:00:44.973 E/kona-asoc-snd soc( 0): qcom,msm-audio-apr:qcom,q6core-audio:sound: ASoC: no sink widget found for SpkrRight IN
01-01 08:00:44.976 E/MAIN_MGR( 0): hvdcp_opti Version: 3:0:0
01-01 08:00:44.984 E/kona-asoc-snd soc( 0): qcom,msm-audio-apr:qcom,q6core-audio:sound: ASoC: Failed to add route WSA_SPK2 OUT -> direct -> SpkrRight IN
01-01 08:00:44.995 E/MAIN_MGR( 0): set keepcaps failed!
01-01 08:00:44.996 E/CHG_POLICY_PATH( 0): Failed to get IIO path for MAIN_PSY
01-01 08:00:45.002 E/kona-asoc-snd soc( 0): qcom,msm-audio-apr:qcom,q6core-audio:sound: ASoC: no sink widget found for VA MIC BIAS3
01-01 08:00:45.023 E/kona-asoc-snd soc( 0): qcom,msm-audio-apr:qcom,q6core-audio:sound: ASoC: Failed to add route Digital Mic0 -> direct -> VA MIC BIAS3
01-01 08:00:45.037 E/kona-asoc-snd soc( 0): qcom,msm-audio-apr:qcom,q6core-audio:sound: ASoC: no sink widget found for VA MIC BIAS3
01-01 08:00:45.048 E/kona-asoc-snd soc( 0): qcom,msm-audio-apr:qcom,q6core-audio:sound: ASoC: Failed to add route Digital Mic1 -> direct -> VA MIC BIAS3
01-01 08:00:45.061 E/kona-asoc-snd soc( 0): qcom,msm-audio-apr:qcom,q6core-audio:sound: ASoC: no sink widget found for VA MIC BIAS4
01-01 08:00:45.073 E/kona-asoc-snd soc( 0): qcom,msm-audio-apr:qcom,q6core-audio:sound: ASoC: Failed to add route Digital Mic4 -> direct -> VA MIC BIAS4
01-01 08:00:45.086 E/kona-asoc-snd soc( 0): qcom,msm-audio-apr:qcom,q6core-audio:sound: ASoC: no sink widget found for VA MIC BIAS4
01-01 08:00:45.097 E/kona-asoc-snd soc( 0): qcom,msm-audio-apr:qcom,q6core-audio:sound: ASoC: Failed to add route Digital Mic5 -> direct -> VA MIC BIAS4
01-01 08:00:45.111 E/kona-asoc-snd soc( 0): qcom,msm-audio-apr:qcom,q6core-audio:sound: ASoC: no source widget found for VA MIC BIAS3
01-01 08:00:45.122 E/kona-asoc-snd soc( 0): qcom,msm-audio-apr:qcom,q6core-audio:sound: ASoC: Failed to add route VA MIC BIAS3 -> direct -> VA DMIC0
01-01 08:00:45.135 E/kona-asoc-snd soc( 0): qcom,msm-audio-apr:qcom,q6core-audio:sound: ASoC: no source widget found for VA MIC BIAS3
01-01 08:00:45.146 E/kona-asoc-snd soc( 0): qcom,msm-audio-apr:qcom,q6core-audio:sound: ASoC: Failed to add route VA MIC BIAS3 -> direct -> VA DMIC1
01-01 08:00:45.159 E/kona-asoc-snd soc( 0): qcom,msm-audio-apr:qcom,q6core-audio:sound: ASoC: no source widget found for VA MIC BIAS4
01-01 08:00:45.171 E/kona-asoc-snd soc( 0): qcom,msm-audio-apr:qcom,q6core-audio:sound: ASoC: Failed to add route VA MIC BIAS4 -> direct -> VA DMIC4
01-01 08:00:45.183 E/kona-asoc-snd soc( 0): qcom,msm-audio-apr:qcom,q6core-audio:sound: ASoC: no source widget found for VA MIC BIAS4
01-01 08:00:45.195 E/kona-asoc-snd soc( 0): qcom,msm-audio-apr:qcom,q6core-audio:sound: ASoC: Failed to add route VA MIC BIAS4 -> direct -> VA DMIC5
01-01 08:00:45.208 E/kona-asoc-snd soc( 0): qcom,msm-audio-apr:qcom,q6core-audio:sound: ASoC: no source widget found for ADC1_OUTPUT
01-01 08:00:45.219 E/kona-asoc-snd soc( 0): qcom,msm-audio-apr:qcom,q6core-audio:sound: ASoC: Failed to add route ADC1_OUTPUT -> direct -> VA SWR_ADC0
01-01 08:00:45.233 E/kona-asoc-snd soc( 0): qcom,msm-audio-apr:qcom,q6core-audio:sound: ASoC: no source widget found for ADC2_OUTPUT
01-01 08:00:45.244 E/kona-asoc-snd soc( 0): qcom,msm-audio-apr:qcom,q6core-audio:sound: ASoC: Failed to add route ADC2_OUTPUT -> direct -> VA SWR_ADC1
01-01 08:00:45.257 E/kona-asoc-snd soc( 0): qcom,msm-audio-apr:qcom,q6core-audio:sound: ASoC: no source widget found for ADC3_OUTPUT
01-01 08:00:45.268 E/kona-asoc-snd soc( 0): qcom,msm-audio-apr:qcom,q6core-audio:sound: ASoC: Failed to add route ADC3_OUTPUT -> direct -> VA SWR_ADC2
01-01 08:00:45.282 E/kona-asoc-snd soc( 0): qcom,msm-audio-apr:qcom,q6core-audio:sound: ASoC: no source widget found for ADC4_OUTPUT
01-01 08:00:45.293 E/kona-asoc-snd soc( 0): qcom,msm-audio-apr:qcom,q6core-audio:sound: ASoC: Failed to add route ADC4_OUTPUT -> direct -> VA SWR_ADC3
01-01 08:00:45.306 E/kona-asoc-snd soc( 0): qcom,msm-audio-apr:qcom,q6core-audio:sound: ASoC: no source widget found for DMIC1_OUTPUT
01-01 08:00:45.317 E/kona-asoc-snd soc( 0): qcom,msm-audio-apr:qcom,q6core-audio:sound: ASoC: Failed to add route DMIC1_OUTPUT -> direct -> VA SWR_MIC0
01-01 08:00:45.330 E/kona-asoc-snd soc( 0): qcom,msm-audio-apr:qcom,q6core-audio:sound: ASoC: no source widget found for DMIC2_OUTPUT
01-01 08:00:45.342 E/kona-asoc-snd soc( 0): qcom,msm-audio-apr:qcom,q6core-audio:sound: ASoC: Failed to add route DMIC2_OUTPUT -> direct -> VA SWR_MIC1
01-01 08:00:45.355 E/kona-asoc-snd soc( 0): qcom,msm-audio-apr:qcom,q6core-audio:sound: ASoC: no source widget found for DMIC3_OUTPUT
01-01 08:00:45.367 E/kona-asoc-snd soc( 0): qcom,msm-audio-apr:qcom,q6core-audio:sound: ASoC: Failed to add route DMIC3_OUTPUT -> direct -> VA SWR_MIC2
01-01 08:00:45.377 I/ ( 0): ip (1601) used greatest stack depth: 9024 bytes left
01-01 08:00:45.380 E/kona-asoc-snd soc( 0): qcom,msm-audio-apr:qcom,q6core-audio:sound: ASoC: no source widget found for DMIC4_OUTPUT
01-01 08:00:45.391 E/kona-asoc-snd soc( 0): qcom,msm-audio-apr:qcom,q6core-audio:sound: ASoC: Failed to add route DMIC4_OUTPUT -> direct -> VA SWR_MIC3
01-01 08:00:45.404 E/kona-asoc-snd soc( 0): qcom,msm-audio-apr:qcom,q6core-audio:sound: ASoC: no source widget found for DMIC5_OUTPUT
01-01 08:00:45.415 E/kona-asoc-snd soc( 0): qcom,msm-audio-apr:qcom,q6core-audio:sound: ASoC: Failed to add route DMIC5_OUTPUT -> direct -> VA SWR_MIC4
01-01 08:00:45.429 E/kona-asoc-snd soc( 0): qcom,msm-audio-apr:qcom,q6core-audio:sound: ASoC: no source widget found for DMIC6_OUTPUT
01-01 08:00:45.440 E/kona-asoc-snd soc( 0): qcom,msm-audio-apr:qcom,q6core-audio:sound: ASoC: Failed to add route DMIC6_OUTPUT -> direct -> VA SWR_MIC5
01-01 08:00:45.453 E/kona-asoc-snd soc( 0): qcom,msm-audio-apr:qcom,q6core-audio:sound: ASoC: no source widget found for DMIC7_OUTPUT
01-01 08:00:45.465 E/kona-asoc-snd soc( 0): qcom,msm-audio-apr:qcom,q6core-audio:sound: ASoC: Failed to add route DMIC7_OUTPUT -> direct -> VA SWR_MIC6
01-01 08:00:45.478 E/kona-asoc-snd soc( 0): qcom,msm-audio-apr:qcom,q6core-audio:sound: ASoC: no source widget found for DMIC8_OUTPUT
01-01 08:00:45.489 E/kona-asoc-snd soc( 0): qcom,msm-audio-apr:qcom,q6core-audio:sound: ASoC: Failed to add route DMIC8_OUTPUT -> direct -> VA SWR_MIC7
01-01 08:00:45.502 W/kona-asoc-snd soc( 0): qcom,msm-audio-apr:qcom,q6core-audio:sound: ASoC: no DMI vendor name!
01-01 08:00:45.714 I/kona-asoc-snd soc( 0): qcom,msm-audio-apr:qcom,q6core-audio:sound: msm_asoc_machine_probe: Sound card kona-mtp-snd-card registered
01-01 08:00:45.726 E/register_client_adhoc( 0): find path.src 1 dest 589
01-01 08:00:45.727 E/register_client_adhoc( 0): Failed to find path.src 1 dest 589
01-01 08:00:45.738 E/ ( 0): [drm:dp_display_init_aux_switch][msm-dp-err][447 ]failed to register notifier (-22)
01-01 08:00:45.771 E/swr-wcd rx_swr_ctrl( 0): swrm_get_logical_dev_num: device 0xd01170224 is not ready
01-01 08:00:45.785 E/swr_get_logical_dev_num( 0): Error -22 to get logical addr for device d01170224
01-01 08:00:45.797 W/swr-wcd wsa_swr_ctrl( 0): DMA mask not set
01-01 08:00:45.811 E/swr-wcd rx_swr_ctrl( 0): swrm_get_logical_dev_num: device 0xd01170224 is not ready
01-01 08:00:45.827 E/swr_get_logical_dev_num( 0): Error -22 to get logical addr for device d01170224
01-01 08:00:45.839 E/swr-wcd rx_swr_ctrl( 0): swrm_get_logical_dev_num: device 0xd01170224 is not ready
01-01 08:00:45.848 E/swr_get_logical_dev_num( 0): Error -22 to get logical addr for device d01170224
01-01 08:00:45.857 E/swr-wcd rx_swr_ctrl( 0): swrm_get_logical_dev_num: device 0xd01170224 is not ready
01-01 08:00:45.873 E/swr_get_logical_dev_num( 0): Error -22 to get logical addr for device d01170224
01-01 08:00:45.885 E/swr-wcd rx_swr_ctrl( 0): swrm_get_logical_dev_num: device 0xd01170224 is not ready
01-01 08:00:45.894 E/swr-wcd wsa_swr_ctrl( 0): swrm_get_logical_dev_num: device 0x1020170211 is not ready
01-01 08:00:45.904 E/swr_get_logical_dev_num( 0): Error -22 to get logical addr for device d01170224
01-01 08:00:45.912 E/swr_get_logical_dev_num( 0): Error -22 to get logical addr for device 1020170211
01-01 08:00:45.921 E/wcd938x_codec wcd938x-codec( 0): wcd938x_bind: Slave bind failed, ret = -517
01-01 08:00:45.931 W/wsa881x ( 0): probe of wsa881x.1020170211 failed with error -22
01-01 08:00:45.941 E/swr-wcd wsa_swr_ctrl( 0): swrm_get_logical_dev_num: device 0x1020170212 is not ready
01-01 08:00:45.949 E/swr_get_logical_dev_num( 0): Error -22 to get logical addr for device 1020170212
01-01 08:00:45.960 W/wsa881x ( 0): probe of wsa881x.1020170212 failed with error -22
01-01 08:00:45.970 W/QSEECOM ( 0): qseecom_load_app: App (featenabler) does'nt exist, loading apps for first time
