01-01 09:05:04.289 D/cnss ( 0): Runtime resume start
01-01 09:05:04.297 D/cnss ( 0): Resuming PCI link
01-01 09:05:04.304 D/cnss ( 0): Set PCI link status to: 2
01-01 09:05:04.308 D/cnss ( 0): Setting MHI state: RESUME(7)
01-01 09:05:04.317 I/[kworke][0x117423402d][10:26:54.036091] wlan( 0): [5967:I:PMO] pmo_core_psoc_send_host_wakeup_ind_to_fw: 1225: Host wakeup indication sent to fw
01-01 09:05:04.332 D/cnss ( 0): Runtime resume status: 0
01-01 09:05:04.337 D/cnss ( 0): Runtime idle
01-01 09:05:04.429 I/init ( 0): Service 'hht_ota_mgr_service' (pid 7212) exited with status 0
01-01 09:05:04.453 I/init ( 0): Sending signal 9 to service 'hht_ota_mgr_service' (pid 7212) process group...
01-01 09:05:04.463 I/libprocessgroup( 0): Successfully killed process cgroup uid 0 pid 7212 in 0ms
03-28 10:26:54.803 I/PowerManagerService( 1017): Powering on display group fromAsleep (groupId=0, uid=1000, reason=WAKE_REASON_POWER_BUTTON, details=android.policy:POWER)...
03-28 10:26:54.804 I/PowerManagerService( 1017): Waking up from Asleep (uid=1000, reason=WAKE_REASON_POWER_BUTTON, details=android.policy:POWER)...
03-28 10:26:54.816 I/DisplayPowerController[0]( 1017): Blocking screen on until initial contents have been drawn.
03-28 10:26:54.816 D/ActivityTaskManager( 1017): Top Process State changed to PROCESS_STATE_TOP
03-28 10:26:54.830 E/KernelCpuSpeedReader( 1017): Failed to read cpu-freq: /sys/devices/system/cpu/cpu4/cpufreq/stats/time_in_state: open failed: ENOENT (No such file or directory)
03-28 10:26:54.830 E/KernelCpuSpeedReader( 1017): Failed to read cpu-freq: /sys/devices/system/cpu/cpu0/cpufreq/stats/time_in_state: open failed: ENOENT (No such file or directory)
03-28 10:26:54.837 V/DisplayPowerController[0]( 1017): Brightness [1.0] reason changing to: 'manual', previous reason: 'screen_off'.
03-28 10:26:54.840 I/DisplayDeviceRepository( 1017): Display device changed state: "内置屏幕", ON
03-28 10:26:54.853 I/DisplayPowerController[0]( 1017): Unblocked screen on after 37 ms
01-01 09:05:05.131 I/ ( 0): [MAX975X:max96755x_drm_notifier_callback] *INFO* receives EARLY_BLANK:UNBLANK
01-01 09:05:05.140 I/cyttsp7_i2c_adapter 0-0024( 0): FB event:2,blank:0
01-01 09:05:05.140 I/ALERT ( 0): changing window size from 20000000 to 16000000 at 3898908101686
03-28 10:26:54.860 D/WindowManager( 1017): powerPress: eventTime=3898844 interactive=true count=0 beganFromNonInteractive=true mShortPressOnPowerBehavior=1
03-28 10:26:54.870 W/BroadcastQueue( 1017): Background execution not allowed: receiving Intent { act=android.intent.action.USER_PRESENT flg=0x24200010 } to com.microsoft.emmx/org.chromium.chrome.browser.sharing.click_to_call.ClickToCallMessageHandler$PhoneUnlockedReceiver
01-01 09:05:05.153 I/cyttsp7_i2c_adapter 0-0024( 0): suspend: event = 2, blank = 0, not care
01-01 09:05:05.161 I/[drm:dsi_display_set_mode] [msm-dsi-info]( 0): mdp_transfer_time_us=0 us
01-01 09:05:05.169 I/[drm:dsi_display_set_mode] [msm-dsi-info]( 0): hactive= 2380,vactive= 1020,fps=60
01-01 09:05:05.178 I/[drm:dsi_ctrl_isr_configure] [msm-dsi-info]( 0): dsi-ctrl-0: IRQ 403 registered
03-28 10:26:54.964 E/DisplayDeviceConfig( 1017): requesting nits when no mapping exists.
03-28 10:26:54.964 E/DisplayDeviceConfig( 1017): requesting nits when no mapping exists.
01-01 09:05:05.241 I/ ( 0): [MAX975X:max96755x_drm_notifier_callback] *INFO* receives BLANK:UNBLANK
01-01 09:05:05.249 I/cyttsp7_i2c_adapter 0-0024( 0): FB event:1,blank:0
01-01 09:05:05.255 I/cyttsp7_i2c_adapter 0-0024( 0): drm_notifier_callback: UNBLANK! Resume by drm notifier.
03-28 10:26:54.984 I/DropBoxManagerService( 1017): add tag=system_server_wtf isTagEnabled=true flags=0x2
03-28 10:26:54.989 I/DropBoxManagerService( 1017): add tag=system_server_wtf isTagEnabled=true flags=0x2
01-01 09:05:05.300 I/[schedu][0x1175431d77][10:26:55.018668] wlan( 0): [2762:I:OSIF] scan start scan id 40982
01-01 09:05:07.305 I/[schedu][0x11778e99e8][10:26:57.023954] wlan( 0): [2762:I:OSIF] vdev 0, scan id 40982 type COMPLETED(1) reason COMPLETED(1) scan found 35 bss
01-01 09:05:09.255 I/init ( 0): starting service 'hht_ota_mgr_service'...
01-01 09:05:09.459 I/init ( 0): Service 'hht_ota_mgr_service' (pid 7219) exited with status 0
01-01 09:05:09.488 I/init ( 0): Sending signal 9 to service 'hht_ota_mgr_service' (pid 7219) process group...
01-01 09:05:09.503 I/libprocessgroup( 0): Successfully killed process cgroup uid 0 pid 7219 in 4ms
01-01 09:05:14.302 I/init ( 0): starting service 'hht_ota_mgr_service'...
01-01 09:05:14.513 I/init ( 0): Service 'hht_ota_mgr_service' (pid 7223) exited with status 0
01-01 09:05:14.536 I/init ( 0): Sending signal 9 to service 'hht_ota_mgr_service' (pid 7223) process group...
01-01 09:05:14.545 I/libprocessgroup( 0): Successfully killed process cgroup uid 0 pid 7223 in 0ms
01-01 09:05:15.334 I/[schedu][0x1180bec4eb][10:27:05.052688] wlan( 0): [2762:I:OSIF] scan start scan id 40983
01-01 09:05:17.092 I/[schedu][0x1182c1cf3f][10:27:06.810693] wlan( 0): [2762:I:OSIF] vdev 0, scan id 40983 type COMPLETED(1) reason COMPLETED(1) scan found 43 bss
01-01 09:05:19.351 I/init ( 0): starting service 'hht_ota_mgr_service'...
01-01 09:05:19.559 I/init ( 0): Service 'hht_ota_mgr_service' (pid 7227) exited with status 0
01-01 09:05:19.583 I/init ( 0): Sending signal 9 to service 'hht_ota_mgr_service' (pid 7227) process group...
01-01 09:05:19.592 I/libprocessgroup( 0): Successfully killed process cgroup uid 0 pid 7227 in 0ms
01-01 09:05:24.379 I/init ( 0): starting service 'hht_ota_mgr_service'...
01-01 09:05:24.597 I/init ( 0): Service 'hht_ota_mgr_service' (pid 7228) exited with status 0
01-01 09:05:24.622 I/init ( 0): Sending signal 9 to service 'hht_ota_mgr_service' (pid 7228) process group...
01-01 09:05:24.632 I/libprocessgroup( 0): Successfully killed process cgroup uid 0 pid 7228 in 0ms
01-01 09:05:25.372 I/[schedu][0x118c3bae40][10:27:15.090999] wlan( 0): [2762:I:OSIF] scan start scan id 40984
01-01 09:05:27.131 I/[schedu][0x118e3ef3d0][10:27:16.849794] wlan( 0): [2762:I:OSIF] vdev 0, scan id 40984 type COMPLETED(1) reason COMPLETED(1) scan found 56 bss
01-01 09:05:29.431 I/init ( 0): starting service 'hht_ota_mgr_service'...
01-01 09:05:29.633 I/init ( 0): Service 'hht_ota_mgr_service' (pid 7234) exited with status 0
01-01 09:05:29.656 I/init ( 0): Sending signal 9 to service 'hht_ota_mgr_service' (pid 7234) process group...
01-01 09:05:29.666 I/libprocessgroup( 0): Successfully killed process cgroup uid 0 pid 7234 in 0ms
01-01 09:05:34.476 I/init ( 0): starting service 'hht_ota_mgr_service'...
01-01 09:05:34.689 I/init ( 0): Service 'hht_ota_mgr_service' (pid 7235) exited with status 0
01-01 09:05:34.713 I/init ( 0): Sending signal 9 to service 'hht_ota_mgr_service' (pid 7235) process group...
01-01 09:05:34.723 I/libprocessgroup( 0): Successfully killed process cgroup uid 0 pid 7235 in 0ms
01-01 09:05:35.380 I/[schedu][0x1197afb0b5][10:27:25.098925] wlan( 0): [2762:I:OSIF] scan start scan id 40985
01-01 09:05:37.142 I/[schedu][0x1199b3c592][10:27:26.860483] wlan( 0): [2762:I:OSIF] vdev 0, scan id 40985 type COMPLETED(1) reason COMPLETED(1) scan found 46 bss
01-01 09:05:39.516 I/init ( 0): starting service 'hht_ota_mgr_service'...
01-01 09:05:39.715 I/init ( 0): Service 'hht_ota_mgr_service' (pid 7239) exited with status 0
01-01 09:05:39.739 I/init ( 0): Sending signal 9 to service 'hht_ota_mgr_service' (pid 7239) process group...
01-01 09:05:39.749 I/libprocessgroup( 0): Successfully killed process cgroup uid 0 pid 7239 in 0ms
01-01 09:05:44.557 I/init ( 0): starting service 'hht_ota_mgr_service'...
01-01 09:05:44.755 I/init ( 0): Service 'hht_ota_mgr_service' (pid 7240) exited with status 0
01-01 09:05:44.779 I/init ( 0): Sending signal 9 to service 'hht_ota_mgr_service' (pid 7240) process group...
01-01 09:05:44.789 I/libprocessgroup( 0): Successfully killed process cgroup uid 0 pid 7240 in 0ms
01-01 09:05:45.421 I/[schedu][0x11a32d69db][10:27:35.140009] wlan( 0): [2762:I:OSIF] scan start scan id 40986
01-01 09:05:47.277 I/[schedu][0x11a54d3a97][10:27:36.996230] wlan( 0): [2762:I:OSIF] vdev 0, scan id 40986 type COMPLETED(1) reason COMPLETED(1) scan found 55 bss
01-01 09:05:49.599 I/init ( 0): starting service 'hht_ota_mgr_service'...
01-01 09:05:49.799 I/init ( 0): Service 'hht_ota_mgr_service' (pid 7244) exited with status 0
01-01 09:05:49.821 I/init ( 0): Sending signal 9 to service 'hht_ota_mgr_service' (pid 7244) process group...
01-01 09:05:49.831 I/libprocessgroup( 0): Successfully killed process cgroup uid 0 pid 7244 in 0ms
01-01 09:05:54.643 I/init ( 0): starting service 'hht_ota_mgr_service'...
01-01 09:05:54.837 I/init ( 0): Service 'hht_ota_mgr_service' (pid 7246) exited with status 0
01-01 09:05:54.859 I/init ( 0): Sending signal 9 to service 'hht_ota_mgr_service' (pid 7246) process group...
01-01 09:05:54.868 I/libprocessgroup( 0): Successfully killed process cgroup uid 0 pid 7246 in 0ms
01-01 09:05:55.466 I/[schedu][0x11aeac55b9][10:27:45.185180] wlan( 0): [2762:I:OSIF] scan start scan id 40987
01-01 09:05:57.383 I/[schedu][0x11b0ddba21][10:27:47.101397] wlan( 0): [2762:I:OSIF] vdev 0, scan id 40987 type COMPLETED(1) reason COMPLETED(1) scan found 41 bss
01-01 09:05:58.967 W/audit ( 0): audit_lost=2331 audit_rate_limit=5 audit_backlog_limit=64
01-01 09:05:58.974 E/audit ( 0): rate limit exceeded
01-01 09:05:59.670 I/init ( 0): starting service 'hht_ota_mgr_service'...
01-01 09:05:59.861 I/init ( 0): Service 'hht_ota_mgr_service' (pid 7251) exited with status 0
01-01 09:05:59.884 I/init ( 0): Sending signal 9 to service 'hht_ota_mgr_service' (pid 7251) process group...
01-01 09:05:59.893 I/libprocessgroup( 0): Successfully killed process cgroup uid 0 pid 7251 in 0ms
01-01 09:06:04.691 I/init ( 0): starting service 'hht_ota_mgr_service'...
01-01 09:06:04.904 I/init ( 0): Service 'hht_ota_mgr_service' (pid 7255) exited with status 0
01-01 09:06:04.928 I/init ( 0): Sending signal 9 to service 'hht_ota_mgr_service' (pid 7255) process group...
01-01 09:06:04.937 I/libprocessgroup( 0): Successfully killed process cgroup uid 0 pid 7255 in 0ms
01-01 09:06:05.533 I/[schedu][0x11ba3173a3][10:27:55.251499] wlan( 0): [2762:I:OSIF] scan start scan id 40988
01-01 09:06:06.913 W/audit ( 0): audit_lost=2332 audit_rate_limit=5 audit_backlog_limit=64
01-01 09:06:06.920 E/audit ( 0): rate limit exceeded
01-01 09:06:07.307 I/[schedu][0x11bc393b69][10:27:57.025681] wlan( 0): [2762:I:OSIF] vdev 0, scan id 40988 type COMPLETED(1) reason COMPLETED(1) scan found 43 bss
01-01 09:06:09.719 I/init ( 0): starting service 'hht_ota_mgr_service'...
01-01 09:06:09.922 I/init ( 0): Service 'hht_ota_mgr_service' (pid 7259) exited with status 0
01-01 09:06:09.945 I/init ( 0): Sending signal 9 to service 'hht_ota_mgr_service' (pid 7259) process group...
01-01 09:06:09.955 I/libprocessgroup( 0): Successfully killed process cgroup uid 0 pid 7259 in 0ms
01-01 09:06:14.764 I/init ( 0): starting service 'hht_ota_mgr_service'...
01-01 09:06:14.976 I/init ( 0): Service 'hht_ota_mgr_service' (pid 7263) exited with status 0
01-01 09:06:15.000 I/init ( 0): Sending signal 9 to service 'hht_ota_mgr_service' (pid 7263) process group...
01-01 09:06:15.010 I/libprocessgroup( 0): Successfully killed process cgroup uid 0 pid 7263 in 0ms
01-01 09:06:15.546 I/[schedu][0x11c5a71e06][10:28:05.265078] wlan( 0): [2762:I:OSIF] scan start scan id 40989
01-01 09:06:17.351 I/[schedu][0x11c7b7ff06][10:28:07.070316] wlan( 0): [2762:I:OSIF] vdev 0, scan id 40989 type COMPLETED(1) reason COMPLETED(1) scan found 43 bss
01-01 09:06:19.799 I/init ( 0): starting service 'hht_ota_mgr_service'...
01-01 09:06:20.002 I/init ( 0): Service 'hht_ota_mgr_service' (pid 7264) exited with status 0
01-01 09:06:20.027 I/init ( 0): Sending signal 9 to service 'hht_ota_mgr_service' (pid 7264) process group...
01-01 09:06:20.037 I/libprocessgroup( 0): Successfully killed process cgroup uid 0 pid 7264 in 0ms
01-01 09:06:24.837 I/init ( 0): starting service 'hht_ota_mgr_service'...
01-01 09:06:25.042 I/init ( 0): Service 'hht_ota_mgr_service' (pid 7270) exited with status 0
01-01 09:06:25.067 I/init ( 0): Sending signal 9 to service 'hht_ota_mgr_service' (pid 7270) process group...
01-01 09:06:25.076 I/libprocessgroup( 0): Successfully killed process cgroup uid 0 pid 7270 in 0ms
01-01 09:06:25.591 I/[schedu][0x11d125e1ac][10:28:15.309711] wlan( 0): [2762:I:OSIF] scan start scan id 40990
01-01 09:06:27.631 I/[schedu][0x11d37b7f28][10:28:17.349573] wlan( 0): [2762:I:OSIF] vdev 0, scan id 40990 type COMPLETED(1) reason COMPLETED(1) scan found 41 bss
03-28 10:28:18.365 W/FreeFormWindowHelper( 1017): Current Display FreeFormTask is null
03-28 10:28:18.369 W/FreeFormWindowHelper( 1017): Current Display FreeFormTask is null
03-28 10:28:18.388 W/FreeFormWindowHelper( 1017): Current Display FreeFormTask is null
03-28 10:28:18.389 W/FreeFormWindowHelper( 1017): Current Display FreeFormTask is null
03-28 10:28:18.389 W/FreeFormWindowHelper( 1017): Current Display FreeFormTask is null
03-28 10:28:18.430 W/FreeFormWindowHelper( 1017): Current Display FreeFormTask is null
03-28 10:28:18.430 W/FreeFormWindowHelper( 1017): Current Display FreeFormTask is null
03-28 10:28:18.447 W/FreeFormWindowHelper( 1017): Current Display FreeFormTask is null
03-28 10:28:18.448 W/FreeFormWindowHelper( 1017): Current Display FreeFormTask is null
03-28 10:28:18.450 W/FreeFormWindowHelper( 1017): Current Display FreeFormTask is null
03-28 10:28:18.450 W/FreeFormWindowHelper( 1017): Current Display FreeFormTask is null
03-28 10:28:18.464 W/FreeFormWindowHelper( 1017): Current Display FreeFormTask is null
03-28 10:28:18.465 W/FreeFormWindowHelper( 1017): Current Display FreeFormTask is null
03-28 10:28:18.496 W/FreeFormWindowHelper( 1017): Current Display FreeFormTask is null
03-28 10:28:18.496 W/FreeFormWindowHelper( 1017): Current Display FreeFormTask is null
03-28 10:28:18.508 W/FreeFormWindowHelper( 1017): exitRecentTasks type=0
03-28 10:28:18.513 W/FreeFormWindowHelper( 1017): Current Display FreeFormTask is null
03-28 10:28:18.513 W/FreeFormWindowHelper( 1017): Current Display FreeFormTask is null
03-28 10:28:18.574 W/FreeFormWindowHelper( 1017): Current Display FreeFormTask is null
03-28 10:28:18.575 W/FreeFormWindowHelper( 1017): Current Display FreeFormTask is null
03-28 10:28:18.616 W/ActivityTaskManager( 1017): getTaskSnapshot: taskId=712 not found
03-28 10:28:18.626 W/FreeFormWindowHelper( 1017): Current Display FreeFormTask is null
03-28 10:28:18.626 W/FreeFormWindowHelper( 1017): Current Display FreeFormTask is null
03-28 10:28:18.653 W/FreeFormWindowHelper( 1017): Current Display FreeFormTask is null
03-28 10:28:18.653 W/FreeFormWindowHelper( 1017): Current Display FreeFormTask is null
03-28 10:28:19.188 W/FreeFormWindowHelper( 1017): Current Display FreeFormTask is null
03-28 10:28:19.188 W/FreeFormWindowHelper( 1017): Current Display FreeFormTask is null
03-28 10:28:19.202 I/ActivityTaskManager( 1017): FOREGROUND_APPLICATION_CHANGED to com.android.launcher3.uioverrides.QuickstepLauncher
03-28 10:28:19.319 W/FreeFormWindowHelper( 1017): Current Display FreeFormTask is null
01-01 09:06:29.879 I/init ( 0): starting service 'hht_ota_mgr_service'...
01-01 09:06:30.077 I/init ( 0): Service 'hht_ota_mgr_service' (pid 7283) exited with status 0
01-01 09:06:30.101 I/init ( 0): Sending signal 9 to service 'hht_ota_mgr_service' (pid 7283) process group...
01-01 09:06:30.110 I/libprocessgroup( 0): Successfully killed process cgroup uid 0 pid 7283 in 0ms
01-01 09:06:34.911 I/init ( 0): starting service 'hht_ota_mgr_service'...
01-01 09:06:35.117 I/init ( 0): Service 'hht_ota_mgr_service' (pid 7298) exited with status 0
01-01 09:06:35.140 I/init ( 0): Sending signal 9 to service 'hht_ota_mgr_service' (pid 7298) process group...
01-01 09:06:35.151 I/libprocessgroup( 0): Successfully killed process cgroup uid 0 pid 7298 in 0ms
01-01 09:06:37.612 W/audit ( 0): audit_lost=2334 audit_rate_limit=5 audit_backlog_limit=64
01-01 09:06:37.643 E/audit ( 0): rate limit exceeded
01-01 09:06:39.953 I/init ( 0): starting service 'hht_ota_mgr_service'...
01-01 09:06:40.172 I/init ( 0): Service 'hht_ota_mgr_service' (pid 7305) exited with status 0
01-01 09:06:40.194 I/init ( 0): Sending signal 9 to service 'hht_ota_mgr_service' (pid 7305) process group...
01-01 09:06:40.203 I/libprocessgroup( 0): Successfully killed process cgroup uid 0 pid 7305 in 0ms
01-01 09:06:44.999 I/init ( 0): starting service 'hht_ota_mgr_service'...
01-01 09:06:45.179 W/audit ( 0): audit_lost=2341 audit_rate_limit=5 audit_backlog_limit=64
01-01 09:06:45.187 E/audit ( 0): rate limit exceeded
01-01 09:06:45.197 I/init ( 0): Service 'hht_ota_mgr_service' (pid 7308) exited with status 0
01-01 09:06:45.205 I/init ( 0): Sending signal 9 to service 'hht_ota_mgr_service' (pid 7308) process group...
01-01 09:06:45.215 I/libprocessgroup( 0): Successfully killed process cgroup uid 0 pid 7308 in 0ms
01-01 09:06:50.024 I/init ( 0): starting service 'hht_ota_mgr_service'...
01-01 09:06:50.239 I/init ( 0): Service 'hht_ota_mgr_service' (pid 7313) exited with status 0
01-01 09:06:50.263 I/init ( 0): Sending signal 9 to service 'hht_ota_mgr_service' (pid 7313) process group...
01-01 09:06:50.274 I/libprocessgroup( 0): Successfully killed process cgroup uid 0 pid 7313 in 1ms
01-01 09:06:55.066 I/init ( 0): starting service 'hht_ota_mgr_service'...
01-01 09:06:55.277 I/init ( 0): Service 'hht_ota_mgr_service' (pid 7314) exited with status 0
01-01 09:06:55.301 I/init ( 0): Sending signal 9 to service 'hht_ota_mgr_service' (pid 7314) process group...
01-01 09:06:55.311 I/libprocessgroup( 0): Successfully killed process cgroup uid 0 pid 7314 in 0ms
01-01 09:07:00.111 I/init ( 0): starting service 'hht_ota_mgr_service'...
01-01 09:07:00.322 I/init ( 0): Service 'hht_ota_mgr_service' (pid 7318) exited with status 0
01-01 09:07:00.345 I/init ( 0): Sending signal 9 to service 'hht_ota_mgr_service' (pid 7318) process group...
01-01 09:07:00.355 I/libprocessgroup( 0): Successfully killed process cgroup uid 0 pid 7318 in 0ms
01-01 09:07:05.160 I/init ( 0): starting service 'hht_ota_mgr_service'...
01-01 09:07:05.372 I/init ( 0): Service 'hht_ota_mgr_service' (pid 7319) exited with status 0
01-01 09:07:05.395 I/init ( 0): Sending signal 9 to service 'hht_ota_mgr_service' (pid 7319) process group...
01-01 09:07:05.405 I/libprocessgroup( 0): Successfully killed process cgroup uid 0 pid 7319 in 0ms
01-01 09:07:10.208 I/init ( 0): starting service 'hht_ota_mgr_service'...
01-01 09:07:10.420 I/init ( 0): Service 'hht_ota_mgr_service' (pid 7323) exited with status 0
01-01 09:07:10.442 I/init ( 0): Sending signal 9 to service 'hht_ota_mgr_service' (pid 7323) process group...
01-01 09:07:10.452 I/libprocessgroup( 0): Successfully killed process cgroup uid 0 pid 7323 in 0ms
01-01 09:07:15.252 I/init ( 0): starting service 'hht_ota_mgr_service'...
01-01 09:07:15.468 I/init ( 0): Service 'hht_ota_mgr_service' (pid 7324) exited with status 0
01-01 09:07:15.492 I/init ( 0): Sending signal 9 to service 'hht_ota_mgr_service' (pid 7324) process group...
01-01 09:07:15.502 I/libprocessgroup( 0): Successfully killed process cgroup uid 0 pid 7324 in 0ms
01-01 09:07:20.299 I/init ( 0): starting service 'hht_ota_mgr_service'...
01-01 09:07:20.499 I/init ( 0): Service 'hht_ota_mgr_service' (pid 7328) exited with status 0
01-01 09:07:20.524 I/init ( 0): Sending signal 9 to service 'hht_ota_mgr_service' (pid 7328) process group...
01-01 09:07:20.534 I/libprocessgroup( 0): Successfully killed process cgroup uid 0 pid 7328 in 0ms
01-01 09:07:25.342 I/init ( 0): starting service 'hht_ota_mgr_service'...
01-01 09:07:25.540 I/init ( 0): Service 'hht_ota_mgr_service' (pid 7332) exited with status 0
01-01 09:07:25.563 I/init ( 0): Sending signal 9 to service 'hht_ota_mgr_service' (pid 7332) process group...
01-01 09:07:25.573 I/libprocessgroup( 0): Successfully killed process cgroup uid 0 pid 7332 in 0ms
01-01 09:07:30.384 I/init ( 0): starting service 'hht_ota_mgr_service'...
01-01 09:07:30.598 I/init ( 0): Service 'hht_ota_mgr_service' (pid 7334) exited with status 0
01-01 09:07:30.621 I/init ( 0): Sending signal 9 to service 'hht_ota_mgr_service' (pid 7334) process group...
01-01 09:07:30.631 I/libprocessgroup( 0): Successfully killed process cgroup uid 0 pid 7334 in 0ms
01-01 09:07:35.432 I/init ( 0): starting service 'hht_ota_mgr_service'...
01-01 09:07:35.651 I/init ( 0): Service 'hht_ota_mgr_service' (pid 7338) exited with status 0
01-01 09:07:35.675 I/init ( 0): Sending signal 9 to service 'hht_ota_mgr_service' (pid 7338) process group...
01-01 09:07:35.686 I/libprocessgroup( 0): Successfully killed process cgroup uid 0 pid 7338 in 1ms
01-01 09:07:40.478 I/init ( 0): starting service 'hht_ota_mgr_service'...
01-01 09:07:40.689 I/init ( 0): Service 'hht_ota_mgr_service' (pid 7340) exited with status 0
01-01 09:07:40.713 I/init ( 0): Sending signal 9 to service 'hht_ota_mgr_service' (pid 7340) process group...
01-01 09:07:40.723 I/libprocessgroup( 0): Successfully killed process cgroup uid 0 pid 7340 in 0ms
01-01 09:07:45.529 I/init ( 0): starting service 'hht_ota_mgr_service'...
01-01 09:07:45.731 I/init ( 0): Service 'hht_ota_mgr_service' (pid 7344) exited with status 0
01-01 09:07:45.754 I/init ( 0): Sending signal 9 to service 'hht_ota_mgr_service' (pid 7344) process group...
01-01 09:07:45.763 I/libprocessgroup( 0): Successfully killed process cgroup uid 0 pid 7344 in 0ms
01-01 09:07:50.568 I/init ( 0): starting service 'hht_ota_mgr_service'...
01-01 09:07:50.771 I/init ( 0): Service 'hht_ota_mgr_service' (pid 7346) exited with status 0
01-01 09:07:50.795 I/init ( 0): Sending signal 9 to service 'hht_ota_mgr_service' (pid 7346) process group...
01-01 09:07:50.805 I/libprocessgroup( 0): Successfully killed process cgroup uid 0 pid 7346 in 0ms
01-01 09:07:55.607 I/init ( 0): starting service 'hht_ota_mgr_service'...
01-01 09:07:55.812 I/init ( 0): Service 'hht_ota_mgr_service' (pid 7350) exited with status 0
01-01 09:07:55.834 I/init ( 0): Sending signal 9 to service 'hht_ota_mgr_service' (pid 7350) process group...
01-01 09:07:55.846 I/libprocessgroup( 0): Successfully killed process cgroup uid 0 pid 7350 in 1ms
01-01 09:08:00.653 I/init ( 0): starting service 'hht_ota_mgr_service'...
01-01 09:08:00.867 I/init ( 0): Service 'hht_ota_mgr_service' (pid 7354) exited with status 0
01-01 09:08:00.890 I/init ( 0): Sending signal 9 to service 'hht_ota_mgr_service' (pid 7354) process group...
01-01 09:08:00.899 I/libprocessgroup( 0): Successfully killed process cgroup uid 0 pid 7354 in 0ms
01-01 09:08:02.967 W/audit ( 0): audit_lost=2342 audit_rate_limit=5 audit_backlog_limit=64
01-01 09:08:02.988 E/audit ( 0): rate limit exceeded
01-01 09:08:05.705 I/init ( 0): starting service 'hht_ota_mgr_service'...
01-01 09:08:05.911 I/init ( 0): Service 'hht_ota_mgr_service' (pid 7356) exited with status 0
01-01 09:08:05.934 I/init ( 0): Sending signal 9 to service 'hht_ota_mgr_service' (pid 7356) process group...
01-01 09:08:05.945 I/libprocessgroup( 0): Successfully killed process cgroup uid 0 pid 7356 in 0ms
01-01 09:08:10.745 I/init ( 0): starting service 'hht_ota_mgr_service'...
01-01 09:08:10.963 I/init ( 0): Service 'hht_ota_mgr_service' (pid 7360) exited with status 0
01-01 09:08:10.986 I/init ( 0): Sending signal 9 to service 'hht_ota_mgr_service' (pid 7360) process group...
01-01 09:08:11.013 I/libprocessgroup( 0): Successfully killed process cgroup uid 0 pid 7360 in 0ms
01-01 09:08:15.781 I/init ( 0): starting service 'hht_ota_mgr_service'...
01-01 09:08:15.971 I/init ( 0): Service 'hht_ota_mgr_service' (pid 7361) exited with status 0
01-01 09:08:15.993 I/init ( 0): Sending signal 9 to service 'hht_ota_mgr_service' (pid 7361) process group...
01-01 09:08:15.993 I/libprocessgroup( 0): Successfully killed process cgroup uid 0 pid 7361 in 0ms
01-01 09:08:20.803 I/init ( 0): starting service 'hht_ota_mgr_service'...
01-01 09:08:21.010 I/init ( 0): Service 'hht_ota_mgr_service' (pid 7365) exited with status 0
01-01 09:08:21.033 I/init ( 0): Sending signal 9 to service 'hht_ota_mgr_service' (pid 7365) process group...
01-01 09:08:21.042 I/libprocessgroup( 0): Successfully killed process cgroup uid 0 pid 7365 in 0ms
01-01 09:08:25.830 I/init ( 0): starting service 'hht_ota_mgr_service'...
01-01 09:08:26.018 I/init ( 0): Service 'hht_ota_mgr_service' (pid 7366) exited with status 0
01-01 09:08:26.041 I/init ( 0): Sending signal 9 to service 'hht_ota_mgr_service' (pid 7366) process group...
01-01 09:08:26.051 I/libprocessgroup( 0): Successfully killed process cgroup uid 0 pid 7366 in 0ms
01-01 09:08:30.852 I/init ( 0): starting service 'hht_ota_mgr_service'...
01-01 09:08:31.042 I/init ( 0): Service 'hht_ota_mgr_service' (pid 7370) exited with status 0
01-01 09:08:31.065 I/init ( 0): Sending signal 9 to service 'hht_ota_mgr_service' (pid 7370) process group...
01-01 09:08:31.075 I/libprocessgroup( 0): Successfully killed process cgroup uid 0 pid 7370 in 0ms
01-01 09:08:35.878 I/init ( 0): starting service 'hht_ota_mgr_service'...
01-01 09:08:36.082 I/init ( 0): Service 'hht_ota_mgr_service' (pid 7371) exited with status 0
01-01 09:08:36.106 I/init ( 0): Sending signal 9 to service 'hht_ota_mgr_service' (pid 7371) process group...
01-01 09:08:36.117 I/libprocessgroup( 0): Successfully killed process cgroup uid 0 pid 7371 in 0ms
01-01 09:08:40.914 I/init ( 0): starting service 'hht_ota_mgr_service'...
01-01 09:08:41.123 I/init ( 0): Service 'hht_ota_mgr_service' (pid 7376) exited with status 0
01-01 09:08:41.148 I/init ( 0): Sending signal 9 to service 'hht_ota_mgr_service' (pid 7376) process group...
01-01 09:08:41.158 I/libprocessgroup( 0): Successfully killed process cgroup uid 0 pid 7376 in 0ms
01-01 09:08:45.962 I/init ( 0): starting service 'hht_ota_mgr_service'...
01-01 09:08:46.177 I/init ( 0): Service 'hht_ota_mgr_service' (pid 7380) exited with status 0
01-01 09:08:46.201 I/init ( 0): Sending signal 9 to service 'hht_ota_mgr_service' (pid 7380) process group...
01-01 09:08:46.210 I/libprocessgroup( 0): Successfully killed process cgroup uid 0 pid 7380 in 0ms
01-01 09:08:51.014 I/init ( 0): starting service 'hht_ota_mgr_service'...
01-01 09:08:51.217 I/init ( 0): Service 'hht_ota_mgr_service' (pid 7381) exited with status 0
01-01 09:08:51.241 I/init ( 0): Sending signal 9 to service 'hht_ota_mgr_service' (pid 7381) process group...
01-01 09:08:51.252 I/libprocessgroup( 0): Successfully killed process cgroup uid 0 pid 7381 in 0ms
01-01 09:08:56.056 I/init ( 0): starting service 'hht_ota_mgr_service'...
01-01 09:08:56.257 I/init ( 0): Service 'hht_ota_mgr_service' (pid 7385) exited with status 0
01-01 09:08:56.281 I/init ( 0): Sending signal 9 to service 'hht_ota_mgr_service' (pid 7385) process group...
01-01 09:08:56.291 I/libprocessgroup( 0): Successfully killed process cgroup uid 0 pid 7385 in 0ms
01-01 09:09:01.094 I/init ( 0): starting service 'hht_ota_mgr_service'...
01-01 09:09:01.301 I/init ( 0): Service 'hht_ota_mgr_service' (pid 7386) exited with status 0
01-01 09:09:01.323 I/init ( 0): Sending signal 9 to service 'hht_ota_mgr_service' (pid 7386) process group...
01-01 09:09:01.333 I/libprocessgroup( 0): Successfully killed process cgroup uid 0 pid 7386 in 0ms
01-01 09:09:06.139 I/init ( 0): starting service 'hht_ota_mgr_service'...
01-01 09:09:06.335 I/init ( 0): Service 'hht_ota_mgr_service' (pid 7391) exited with status 0
01-01 09:09:06.359 I/init ( 0): Sending signal 9 to service 'hht_ota_mgr_service' (pid 7391) process group...
01-01 09:09:06.369 I/libprocessgroup( 0): Successfully killed process cgroup uid 0 pid 7391 in 0ms
01-01 09:09:11.164 I/init ( 0): starting service 'hht_ota_mgr_service'...
01-01 09:09:11.363 I/init ( 0): Service 'hht_ota_mgr_service' (pid 7393) exited with status 0
01-01 09:09:11.388 I/init ( 0): Sending signal 9 to service 'hht_ota_mgr_service' (pid 7393) process group...
01-01 09:09:11.397 I/libprocessgroup( 0): Successfully killed process cgroup uid 0 pid 7393 in 0ms
01-01 09:09:16.208 I/init ( 0): starting service 'hht_ota_mgr_service'...
01-01 09:09:16.401 I/init ( 0): Service 'hht_ota_mgr_service' (pid 7397) exited with status 0
01-01 09:09:16.425 I/init ( 0): Sending signal 9 to service 'hht_ota_mgr_service' (pid 7397) process group...
01-01 09:09:16.434 I/libprocessgroup( 0): Successfully killed process cgroup uid 0 pid 7397 in 0ms
01-01 09:09:21.235 I/init ( 0): starting service 'hht_ota_mgr_service'...
01-01 09:09:21.426 I/init ( 0): Service 'hht_ota_mgr_service' (pid 7398) exited with status 0
01-01 09:09:21.450 I/init ( 0): Sending signal 9 to service 'hht_ota_mgr_service' (pid 7398) process group...
01-01 09:09:21.459 I/libprocessgroup( 0): Successfully killed process cgroup uid 0 pid 7398 in 0ms
01-01 09:09:26.264 I/init ( 0): starting service 'hht_ota_mgr_service'...
01-01 09:09:26.469 I/init ( 0): Service 'hht_ota_mgr_service' (pid 7402) exited with status 0
01-01 09:09:26.493 I/init ( 0): Sending signal 9 to service 'hht_ota_mgr_service' (pid 7402) process group...
01-01 09:09:26.502 I/libprocessgroup( 0): Successfully killed process cgroup uid 0 pid 7402 in 0ms
01-01 09:09:31.303 I/init ( 0): starting service 'hht_ota_mgr_service'...
01-01 09:09:31.489 I/init ( 0): Service 'hht_ota_mgr_service' (pid 7406) exited with status 0
01-01 09:09:31.514 I/init ( 0): Sending signal 9 to service 'hht_ota_mgr_service' (pid 7406) process group...
01-01 09:09:31.523 I/libprocessgroup( 0): Successfully killed process cgroup uid 0 pid 7406 in 0ms
01-01 09:09:36.322 I/init ( 0): starting service 'hht_ota_mgr_service'...
01-01 09:09:36.515 I/init ( 0): Service 'hht_ota_mgr_service' (pid 7407) exited with status 0
01-01 09:09:36.539 I/init ( 0): Sending signal 9 to service 'hht_ota_mgr_service' (pid 7407) process group...
01-01 09:09:36.548 I/libprocessgroup( 0): Successfully killed process cgroup uid 0 pid 7407 in 0ms
01-01 09:09:41.349 I/init ( 0): starting service 'hht_ota_mgr_service'...
01-01 09:09:41.548 I/init ( 0): Service 'hht_ota_mgr_service' (pid 7411) exited with status 0
01-01 09:09:41.571 I/init ( 0): Sending signal 9 to service 'hht_ota_mgr_service' (pid 7411) process group...
01-01 09:09:41.580 I/libprocessgroup( 0): Successfully killed process cgroup uid 0 pid 7411 in 0ms
01-01 09:09:42.251 W/audit ( 0): audit_lost=2343 audit_rate_limit=5 audit_backlog_limit=64
01-01 09:09:42.259 E/audit ( 0): rate limit exceeded
01-01 09:09:42.539 I/[dp_rx_][0x12b2899830][10:31:32.258068] wlan( 0): [2793:I:QDF] DHCP-D RX: SA:7a:92:11:16:9a:3c DA:ff:ff:ff:ff:ff:ff
01-01 09:09:42.552 I/[dp_rx_][0x12b28d4c9c][10:31:32.270713] wlan( 0): [2793:I:QDF] DHCP-R RX: SA:7a:92:11:16:9a:3c DA:ff:ff:ff:ff:ff:ff
01-01 09:09:44.968 W/audit ( 0): audit_lost=2348 audit_rate_limit=5 audit_backlog_limit=64
01-01 09:09:44.975 E/audit ( 0): rate limit exceeded
01-01 09:09:46.372 I/init ( 0): starting service 'hht_ota_mgr_service'...
01-01 09:09:46.577 I/init ( 0): Service 'hht_ota_mgr_service' (pid 7415) exited with status 0
01-01 09:09:46.602 I/init ( 0): Sending signal 9 to service 'hht_ota_mgr_service' (pid 7415) process group...
01-01 09:09:46.612 I/libprocessgroup( 0): Successfully killed process cgroup uid 0 pid 7415 in 0ms
01-01 09:09:51.419 I/init ( 0): starting service 'hht_ota_mgr_service'...
01-01 09:09:51.635 I/init ( 0): Service 'hht_ota_mgr_service' (pid 7419) exited with status 0
01-01 09:09:51.659 I/init ( 0): Sending signal 9 to service 'hht_ota_mgr_service' (pid 7419) process group...
01-01 09:09:51.669 I/libprocessgroup( 0): Successfully killed process cgroup uid 0 pid 7419 in 0ms
01-01 09:09:56.459 I/init ( 0): starting service 'hht_ota_mgr_service'...
01-01 09:09:56.658 I/init ( 0): Service 'hht_ota_mgr_service' (pid 7420) exited with status 0
01-01 09:09:56.682 I/init ( 0): Sending signal 9 to service 'hht_ota_mgr_service' (pid 7420) process group...
01-01 09:09:56.692 I/libprocessgroup( 0): Successfully killed process cgroup uid 0 pid 7420 in 0ms
01-01 09:10:01.501 I/init ( 0): starting service 'hht_ota_mgr_service'...
01-01 09:10:01.715 I/init ( 0): Service 'hht_ota_mgr_service' (pid 7424) exited with status 0
01-01 09:10:01.740 I/init ( 0): Sending signal 9 to service 'hht_ota_mgr_service' (pid 7424) process group...
01-01 09:10:01.750 I/libprocessgroup( 0): Successfully killed process cgroup uid 0 pid 7424 in 0ms
01-01 09:10:04.486 W/audit ( 0): audit_lost=2349 audit_rate_limit=5 audit_backlog_limit=64
01-01 09:10:04.493 E/audit ( 0): rate limit exceeded
01-01 09:10:06.538 I/init ( 0): starting service 'hht_ota_mgr_service'...
01-01 09:10:06.753 I/init ( 0): Service 'hht_ota_mgr_service' (pid 7431) exited with status 0
01-01 09:10:06.777 I/init ( 0): Sending signal 9 to service 'hht_ota_mgr_service' (pid 7431) process group...
01-01 09:10:06.787 I/libprocessgroup( 0): Successfully killed process cgroup uid 0 pid 7431 in 0ms
01-01 09:10:11.571 I/init ( 0): starting service 'hht_ota_mgr_service'...
01-01 09:10:11.780 I/init ( 0): Service 'hht_ota_mgr_service' (pid 7432) exited with status 0
01-01 09:10:11.809 I/init ( 0): Sending signal 9 to service 'hht_ota_mgr_service' (pid 7432) process group...
01-01 09:10:11.819 I/libprocessgroup( 0): Successfully killed process cgroup uid 0 pid 7432 in 0ms
01-01 09:10:16.620 I/init ( 0): starting service 'hht_ota_mgr_service'...
01-01 09:10:16.834 I/init ( 0): Service 'hht_ota_mgr_service' (pid 7436) exited with status 0
01-01 09:10:16.858 I/init ( 0): Sending signal 9 to service 'hht_ota_mgr_service' (pid 7436) process group...
01-01 09:10:16.868 I/libprocessgroup( 0): Successfully killed process cgroup uid 0 pid 7436 in 0ms
01-01 09:10:21.671 I/init ( 0): starting service 'hht_ota_mgr_service'...
01-01 09:10:21.876 I/init ( 0): Service 'hht_ota_mgr_service' (pid 7439) exited with status 0
01-01 09:10:21.899 I/init ( 0): Sending signal 9 to service 'hht_ota_mgr_service' (pid 7439) process group...
01-01 09:10:21.909 I/libprocessgroup( 0): Successfully killed process cgroup uid 0 pid 7439 in 0ms
01-01 09:10:22.967 W/audit ( 0): audit_lost=2351 audit_rate_limit=5 audit_backlog_limit=64
01-01 09:10:22.974 E/audit ( 0): rate limit exceeded
01-01 09:10:25.150 I/[dp_rx_][0x12e34d458c][10:32:14.869019] wlan( 0): [2793:I:QDF] DHCP-R RX: SA:d8:c0:a6:72:59:01 DA:ff:ff:ff:ff:ff:ff
01-01 09:10:26.709 I/init ( 0): starting service 'hht_ota_mgr_service'...
01-01 09:10:26.897 I/init ( 0): Service 'hht_ota_mgr_service' (pid 7445) exited with status 0
01-01 09:10:26.920 I/init ( 0): Sending signal 9 to service 'hht_ota_mgr_service' (pid 7445) process group...
01-01 09:10:26.929 I/libprocessgroup( 0): Successfully killed process cgroup uid 0 pid 7445 in 0ms
03-28 10:32:17.318 D/ActivityManager( 1017): freezing 6091 com.android.music
01-01 09:10:27.600 I/binder ( 0): 1017:1728 ioctl 400c620e 74237f95d8 returned -22
03-28 10:32:17.325 E/ActivityManager( 1017): Unable to freeze binder for 6091 com.android.music
03-28 10:32:17.328 D/ActivityManager( 1017): froze 6091 com.android.music
03-28 10:32:17.335 E/ActivityManager( 1017): Unable to freeze binder for 6091 com.android.music
03-28 10:32:17.337 D/ActivityManager( 1017): freezing 6130 com.android.gallery3d
03-28 10:32:17.343 E/ActivityManager( 1017): Unable to freeze binder for 6130 com.android.gallery3d
01-01 09:10:27.610 I/binder ( 0): 1017:1728 ioctl c00c620f 74237f95b8 returned -22
01-01 09:10:27.618 I/binder ( 0): 1017:1728 ioctl 400c620e 74237f95d8 returned -22
03-28 10:32:17.345 D/ActivityManager( 1017): froze 6130 com.android.gallery3d
01-01 09:10:27.627 I/binder ( 0): 1017:1728 ioctl c00c620f 74237f95b8 returned -22
03-28 10:32:17.352 E/ActivityManager( 1017): Unable to freeze binder for 6130 com.android.gallery3d
03-28 10:32:17.353 I/ActivityManager( 1017): Killing 6091:com.android.music/u0a92 (adj 955): Unable to freeze binder interface
03-28 10:32:17.356 I/ActivityManager( 1017): Killing 6130:com.android.gallery3d/u0a67 (adj 945): Unable to freeze binder interface
01-01 09:10:30.967 W/audit ( 0): audit_lost=2352 audit_rate_limit=5 audit_backlog_limit=64
01-01 09:10:30.975 E/audit ( 0): rate limit exceeded
01-01 09:10:31.731 I/init ( 0): starting service 'hht_ota_mgr_service'...
01-01 09:10:31.941 I/init ( 0): Service 'hht_ota_mgr_service' (pid 7448) exited with status 0
01-01 09:10:31.949 I/init ( 0): Sending signal 9 to service 'hht_ota_mgr_service' (pid 7448) process group...
01-01 09:10:31.959 I/libprocessgroup( 0): Successfully killed process cgroup uid 0 pid 7448 in 0ms
01-01 09:10:36.014 W/audit ( 0): audit_lost=2353 audit_rate_limit=5 audit_backlog_limit=64
01-01 09:10:36.022 E/audit ( 0): rate limit exceeded
01-01 09:10:36.758 I/init ( 0): starting service 'hht_ota_mgr_service'...
01-01 09:10:36.947 I/init ( 0): Service 'hht_ota_mgr_service' (pid 7456) exited with status 0
01-01 09:10:36.970 I/init ( 0): Sending signal 9 to service 'hht_ota_mgr_service' (pid 7456) process group...
01-01 09:10:36.996 I/libprocessgroup( 0): Successfully killed process cgroup uid 0 pid 7456 in 0ms
01-01 09:10:37.849 W/audit ( 0): audit_lost=2360 audit_rate_limit=5 audit_backlog_limit=64
01-01 09:10:37.878 E/audit ( 0): rate limit exceeded
01-01 09:10:41.781 I/init ( 0): starting service 'hht_ota_mgr_service'...
01-01 09:10:42.001 I/init ( 0): Service 'hht_ota_mgr_service' (pid 7459) exited with status 0
01-01 09:10:42.024 I/init ( 0): Sending signal 9 to service 'hht_ota_mgr_service' (pid 7459) process group...
01-01 09:10:42.034 I/libprocessgroup( 0): Successfully killed process cgroup uid 0 pid 7459 in 0ms
01-01 09:10:46.809 I/init ( 0): starting service 'hht_ota_mgr_service'...
01-01 09:10:47.012 I/init ( 0): Service 'hht_ota_mgr_service' (pid 7463) exited with status 0
01-01 09:10:47.035 I/init ( 0): Sending signal 9 to service 'hht_ota_mgr_service' (pid 7463) process group...
01-01 09:10:47.045 I/libprocessgroup( 0): Successfully killed process cgroup uid 0 pid 7463 in 0ms
01-01 09:10:51.834 I/init ( 0): starting service 'hht_ota_mgr_service'...
01-01 09:10:52.054 I/init ( 0): Service 'hht_ota_mgr_service' (pid 7467) exited with status 0
01-01 09:10:52.077 I/init ( 0): Sending signal 9 to service 'hht_ota_mgr_service' (pid 7467) process group...
01-01 09:10:52.087 I/libprocessgroup( 0): Successfully killed process cgroup uid 0 pid 7467 in 0ms
01-01 09:10:56.871 I/init ( 0): starting service 'hht_ota_mgr_service'...
01-01 09:10:57.061 I/init ( 0): Service 'hht_ota_mgr_service' (pid 7468) exited with status 0
01-01 09:10:57.086 I/init ( 0): Sending signal 9 to service 'hht_ota_mgr_service' (pid 7468) process group...
01-01 09:10:57.096 I/libprocessgroup( 0): Successfully killed process cgroup uid 0 pid 7468 in 0ms
03-28 10:32:50.366 D/ActivityManager( 1017): freezing 6108 com.microsoft.emmx
03-28 10:32:50.373 E/ActivityManager( 1017): Unable to freeze binder for 6108 com.microsoft.emmx
01-01 09:11:00.648 I/binder ( 0): 1017:1728 ioctl 400c620e 74237f95d8 returned -22
03-28 10:32:50.376 D/ActivityManager( 1017): froze 6108 com.microsoft.emmx
01-01 09:11:00.659 I/binder ( 0): 1017:1728 ioctl c00c620f 74237f95b8 returned -22
03-28 10:32:50.384 E/ActivityManager( 1017): Unable to freeze binder for 6108 com.microsoft.emmx
03-28 10:32:50.385 I/ActivityManager( 1017): Killing 6108:com.microsoft.emmx/u0a36 (adj 935): Unable to freeze binder interface
01-01 09:11:01.698 I/[dp_rx_][0x130d209c35][10:32:51.416736] wlan( 0): [2793:I:QDF] DHCP-R RX: SA:d8:c0:a6:72:59:01 DA:ff:ff:ff:ff:ff:ff
01-01 09:11:01.894 I/init ( 0): starting service 'hht_ota_mgr_service'...
01-01 09:11:02.010 W/audit ( 0): audit_lost=2361 audit_rate_limit=5 audit_backlog_limit=64
01-01 09:11:02.018 E/audit ( 0): rate limit exceeded
01-01 09:11:02.099 I/init ( 0): Service 'hht_ota_mgr_service' (pid 7473) exited with status 0
01-01 09:11:02.106 I/init ( 0): Sending signal 9 to service 'hht_ota_mgr_service' (pid 7473) process group...
01-01 09:11:02.115 I/libprocessgroup( 0): Successfully killed process cgroup uid 0 pid 7473 in 0ms
01-01 09:11:06.933 I/init ( 0): starting service 'hht_ota_mgr_service'...
01-01 09:11:07.147 I/init ( 0): Service 'hht_ota_mgr_service' (pid 7476) exited with status 0
01-01 09:11:07.171 I/init ( 0): Sending signal 9 to service 'hht_ota_mgr_service' (pid 7476) process group...
01-01 09:11:07.180 I/libprocessgroup( 0): Successfully killed process cgroup uid 0 pid 7476 in 0ms
01-01 09:11:11.962 I/init ( 0): starting service 'hht_ota_mgr_service'...
01-01 09:11:12.162 I/init ( 0): Service 'hht_ota_mgr_service' (pid 7482) exited with status 0
01-01 09:11:12.170 I/init ( 0): Sending signal 9 to service 'hht_ota_mgr_service' (pid 7482) process group...
01-01 09:11:12.179 I/libprocessgroup( 0): Successfully killed process cgroup uid 0 pid 7482 in 0ms
01-01 09:11:16.986 I/init ( 0): starting service 'hht_ota_mgr_service'...
01-01 09:11:17.173 I/init ( 0): Service 'hht_ota_mgr_service' (pid 7485) exited with status 0
01-01 09:11:17.197 I/init ( 0): Sending signal 9 to service 'hht_ota_mgr_service' (pid 7485) process group...
01-01 09:11:17.206 I/libprocessgroup( 0): Successfully killed process cgroup uid 0 pid 7485 in 0ms
01-01 09:11:22.006 I/init ( 0): starting service 'hht_ota_mgr_service'...
01-01 09:11:22.224 I/init ( 0): Service 'hht_ota_mgr_service' (pid 7489) exited with status 0
01-01 09:11:22.248 I/init ( 0): Sending signal 9 to service 'hht_ota_mgr_service' (pid 7489) process group...
01-01 09:11:22.257 I/libprocessgroup( 0): Successfully killed process cgroup uid 0 pid 7489 in 0ms
01-01 09:11:27.031 I/init ( 0): starting service 'hht_ota_mgr_service'...
01-01 09:11:27.218 I/init ( 0): Service 'hht_ota_mgr_service' (pid 7490) exited with status 0
01-01 09:11:27.242 I/init ( 0): Sending signal 9 to service 'hht_ota_mgr_service' (pid 7490) process group...
01-01 09:11:27.251 I/libprocessgroup( 0): Successfully killed process cgroup uid 0 pid 7490 in 0ms
01-01 09:11:32.053 I/init ( 0): starting service 'hht_ota_mgr_service'...
01-01 09:11:32.244 I/init ( 0): Service 'hht_ota_mgr_service' (pid 7494) exited with status 0
01-01 09:11:32.268 I/init ( 0): Sending signal 9 to service 'hht_ota_mgr_service' (pid 7494) process group...
01-01 09:11:32.277 I/libprocessgroup( 0): Successfully killed process cgroup uid 0 pid 7494 in 0ms
01-01 09:11:37.072 I/init ( 0): starting service 'hht_ota_mgr_service'...
01-01 09:11:37.270 I/init ( 0): Service 'hht_ota_mgr_service' (pid 7499) exited with status 0
01-01 09:11:37.292 I/init ( 0): Sending signal 9 to service 'hht_ota_mgr_service' (pid 7499) process group...
01-01 09:11:37.301 I/libprocessgroup( 0): Successfully killed process cgroup uid 0 pid 7499 in 0ms
01-01 09:11:42.095 I/init ( 0): starting service 'hht_ota_mgr_service'...
01-01 09:11:42.291 I/init ( 0): Service 'hht_ota_mgr_service' (pid 7500) exited with status 0
01-01 09:11:42.316 I/init ( 0): Sending signal 9 to service 'hht_ota_mgr_service' (pid 7500) process group...
01-01 09:11:42.325 I/libprocessgroup( 0): Successfully killed process cgroup uid 0 pid 7500 in 0ms
01-01 09:11:47.118 I/init ( 0): starting service 'hht_ota_mgr_service'...
01-01 09:11:47.311 I/init ( 0): Service 'hht_ota_mgr_service' (pid 7505) exited with status 0
01-01 09:11:47.334 I/init ( 0): Sending signal 9 to service 'hht_ota_mgr_service' (pid 7505) process group...
01-01 09:11:47.344 I/libprocessgroup( 0): Successfully killed process cgroup uid 0 pid 7505 in 0ms
01-01 09:11:52.137 I/init ( 0): starting service 'hht_ota_mgr_service'...
01-01 09:11:52.339 I/init ( 0): Service 'hht_ota_mgr_service' (pid 7506) exited with status 0
01-01 09:11:52.362 I/init ( 0): Sending signal 9 to service 'hht_ota_mgr_service' (pid 7506) process group...
01-01 09:11:52.371 I/libprocessgroup( 0): Successfully killed process cgroup uid 0 pid 7506 in 0ms
01-01 09:11:54.967 W/audit ( 0): audit_lost=2366 audit_rate_limit=5 audit_backlog_limit=64
01-01 09:11:54.975 E/audit ( 0): rate limit exceeded
01-01 09:11:55.662 I/[dp_rx_][0x134ae26e51][10:33:45.380922] wlan( 0): [2793:I:QDF] DHCP-D RX: SA:52:a5:fc:c9:4b:72 DA:ff:ff:ff:ff:ff:ff
01-01 09:11:56.072 I/[dp_rx_][0x134b5a8431][10:33:45.790814] wlan( 0): [2793:I:QDF] DHCP-R RX: SA:52:a5:fc:c9:4b:72 DA:ff:ff:ff:ff:ff:ff
01-01 09:11:57.165 I/init ( 0): starting service 'hht_ota_mgr_service'...
01-01 09:11:57.381 I/init ( 0): Service 'hht_ota_mgr_service' (pid 7511) exited with status 0
01-01 09:11:57.406 I/init ( 0): Sending signal 9 to service 'hht_ota_mgr_service' (pid 7511) process group...
01-01 09:11:57.415 I/libprocessgroup( 0): Successfully killed process cgroup uid 0 pid 7511 in 0ms
01-01 09:11:58.292 I/qcom_rpmh DRV( 0): apps_rsc TCS Busy, retrying RPMH message send: addr=0x40d00
01-01 09:12:02.185 I/init ( 0): starting service 'hht_ota_mgr_service'...
01-01 09:12:02.371 I/init ( 0): Service 'hht_ota_mgr_service' (pid 7512) exited with status 0
01-01 09:12:02.395 I/init ( 0): Sending signal 9 to service 'hht_ota_mgr_service' (pid 7512) process group...
01-01 09:12:02.404 I/libprocessgroup( 0): Successfully killed process cgroup uid 0 pid 7512 in 0ms
01-01 09:12:07.203 I/init ( 0): starting service 'hht_ota_mgr_service'...
01-01 09:12:07.412 I/init ( 0): Service 'hht_ota_mgr_service' (pid 7516) exited with status 0
01-01 09:12:07.434 I/init ( 0): Sending signal 9 to service 'hht_ota_mgr_service' (pid 7516) process group...
01-01 09:12:07.443 I/libprocessgroup( 0): Successfully killed process cgroup uid 0 pid 7516 in 0ms
01-01 09:12:12.230 I/init ( 0): starting service 'hht_ota_mgr_service'...
01-01 09:12:12.418 I/init ( 0): Service 'hht_ota_mgr_service' (pid 7517) exited with status 0
01-01 09:12:12.442 I/init ( 0): Sending signal 9 to service 'hht_ota_mgr_service' (pid 7517) process group...
01-01 09:12:12.451 I/libprocessgroup( 0): Successfully killed process cgroup uid 0 pid 7517 in 0ms
01-01 09:12:17.247 I/init ( 0): starting service 'hht_ota_mgr_service'...
01-01 09:12:17.451 I/init ( 0): Service 'hht_ota_mgr_service' (pid 7521) exited with status 0
01-01 09:12:17.474 I/init ( 0): Sending signal 9 to service 'hht_ota_mgr_service' (pid 7521) process group...
01-01 09:12:17.483 I/libprocessgroup( 0): Successfully killed process cgroup uid 0 pid 7521 in 0ms
01-01 09:12:22.270 I/init ( 0): starting service 'hht_ota_mgr_service'...
01-01 09:12:22.465 I/init ( 0): Service 'hht_ota_mgr_service' (pid 7524) exited with status 0
01-01 09:12:22.489 I/init ( 0): Sending signal 9 to service 'hht_ota_mgr_service' (pid 7524) process group...
01-01 09:12:22.498 I/libprocessgroup( 0): Successfully killed process cgroup uid 0 pid 7524 in 0ms
01-01 09:12:26.996 I/[dp_rx_][0x136ebe3fb0][10:34:16.714698] wlan( 0): [2793:I:QDF] DHCP-R RX: SA:04:7f:0e:5e:ce:77 DA:ff:ff:ff:ff:ff:ff
01-01 09:12:27.296 I/init ( 0): starting service 'hht_ota_mgr_service'...
01-01 09:12:27.489 I/init ( 0): Service 'hht_ota_mgr_service' (pid 7526) exited with status 0
01-01 09:12:27.512 I/init ( 0): Sending signal 9 to service 'hht_ota_mgr_service' (pid 7526) process group...
01-01 09:12:27.513 I/libprocessgroup( 0): Successfully killed process cgroup uid 0 pid 7526 in 0ms
01-01 09:12:27.513 W/audit ( 0): audit_lost=2367 audit_rate_limit=5 audit_backlog_limit=64
01-01 09:12:27.513 E/audit ( 0): rate limit exceeded
01-01 09:12:28.746 W/audit ( 0): audit_lost=2372 audit_rate_limit=5 audit_backlog_limit=64
01-01 09:12:28.754 E/audit ( 0): rate limit exceeded
01-01 09:12:29.772 W/audit ( 0): audit_lost=2392 audit_rate_limit=5 audit_backlog_limit=64
01-01 09:12:29.780 E/audit ( 0): rate limit exceeded
01-01 09:12:30.795 W/audit ( 0): audit_lost=2409 audit_rate_limit=5 audit_backlog_limit=64
01-01 09:12:30.803 E/audit ( 0): rate limit exceeded
01-01 09:12:31.967 W/audit ( 0): audit_lost=2440 audit_rate_limit=5 audit_backlog_limit=64
01-01 09:12:31.974 E/audit ( 0): rate limit exceeded
03-28 10:34:21.701 E/DiscreteRegistry( 1017): Deleting file 1679884020594tl
01-01 09:12:32.320 I/init ( 0): starting service 'hht_ota_mgr_service'...
01-01 09:12:32.527 I/init ( 0): Service 'hht_ota_mgr_service' (pid 7553) exited with status 0
01-01 09:12:32.550 I/init ( 0): Sending signal 9 to service 'hht_ota_mgr_service' (pid 7553) process group...
01-01 09:12:32.560 I/libprocessgroup( 0): Successfully killed process cgroup uid 0 pid 7553 in 0ms
01-01 09:12:33.967 W/audit ( 0): audit_lost=2441 audit_rate_limit=5 audit_backlog_limit=64
01-01 09:12:33.987 E/audit ( 0): rate limit exceeded
01-01 09:12:37.350 I/init ( 0): starting service 'hht_ota_mgr_service'...
01-01 09:12:37.556 I/init ( 0): Service 'hht_ota_mgr_service' (pid 7557) exited with status 0
01-01 09:12:37.580 I/init ( 0): Sending signal 9 to service 'hht_ota_mgr_service' (pid 7557) process group...
01-01 09:12:37.589 I/libprocessgroup( 0): Successfully killed process cgroup uid 0 pid 7557 in 0ms
01-01 09:12:41.444 I/qcom_rpmh DRV( 0): apps_rsc TCS Busy, retrying RPMH message send: addr=0x50000
01-01 09:12:42.374 I/init ( 0): starting service 'hht_ota_mgr_service'...
01-01 09:12:42.562 I/init ( 0): Service 'hht_ota_mgr_service' (pid 7561) exited with status 0
01-01 09:12:42.585 I/init ( 0): Sending signal 9 to service 'hht_ota_mgr_service' (pid 7561) process group...
01-01 09:12:42.594 I/libprocessgroup( 0): Successfully killed process cgroup uid 0 pid 7561 in 0ms
01-01 09:12:47.393 I/init ( 0): starting service 'hht_ota_mgr_service'...
01-01 09:12:47.587 I/init ( 0): Service 'hht_ota_mgr_service' (pid 7562) exited with status 0
01-01 09:12:47.609 I/init ( 0): Sending signal 9 to service 'hht_ota_mgr_service' (pid 7562) process group...
01-01 09:12:47.618 I/libprocessgroup( 0): Successfully killed process cgroup uid 0 pid 7562 in 0ms
01-01 09:12:52.421 I/init ( 0): starting service 'hht_ota_mgr_service'...
01-01 09:12:52.629 I/init ( 0): Service 'hht_ota_mgr_service' (pid 7566) exited with status 0
01-01 09:12:52.653 I/init ( 0): Sending signal 9 to service 'hht_ota_mgr_service' (pid 7566) process group...
01-01 09:12:52.663 I/libprocessgroup( 0): Successfully killed process cgroup uid 0 pid 7566 in 0ms
01-01 09:12:54.967 W/audit ( 0): audit_lost=2446 audit_rate_limit=5 audit_backlog_limit=64
