01-01 08:00:38.025 I/ ( 0): [drm] No driver support for vblank timestamp query.
01-01 08:00:38.042 I/adsprpc ( 0): fastrpc_restart_notifier_cb: adsp subsystem is up
01-01 08:00:38.047 W/subsys-pil-tz abb0000.qcom,cvpss( 0): Falling back to syfs fallback for: cvpss.mdt
01-01 08:00:38.053 D/cnss ( 0): DRV subsystem is connected
01-01 08:00:38.054 E/ ( 0): [drm:dp_display_init_aux_switch][msm-dp-err][70 ]failed to register notifier (-22)
01-01 08:00:38.079 I/subsys-pil-tz abb0000.qcom,cvpss( 0): cvpss: loading from 0x0000000087300000 to 0x0000000087800000
01-01 08:00:38.092 I/adsprpc ( 0): fastrpc_rpmsg_probe: opened rpmsg channel for adsp
01-01 08:00:38.095 I/subsys-pil-tz 9800000.qcom,npu( 0): npu: Brought out of reset
01-01 08:00:38.108 E/register_client_adhoc( 0): find path.src 1 dest 589
01-01 08:00:38.108 E/register_client_adhoc( 0): Failed to find path.src 1 dest 589
01-01 08:00:38.114 I/qcom_smd_qrtr_probe( 0): Entered
01-01 08:00:38.122 I/ ( 0): [drm] Initialized msm_drm 1.3.0 20130625 for ae00000.qcom,mdss_mdp on minor 0
01-01 08:00:38.131 W/subsys-pil-tz abb0000.qcom,cvpss( 0): Falling back to syfs fallback for: cvpss.b02
01-01 08:00:38.131 I/qcom_smd_qrtr_probe( 0): SMD QRTR driver probed
01-01 08:00:38.132 W/subsys-pil-tz abb0000.qcom,cvpss( 0): Falling back to syfs fallback for: cvpss.b03
01-01 08:00:38.132 W/subsys-pil-tz abb0000.qcom,cvpss( 0): Falling back to syfs fallback for: cvpss.b04
01-01 08:00:38.134 I/qcom_rpmh DRV( 0): apps_rsc TCS Busy, retrying RPMH message send: addr=0x30000
01-01 08:00:38.134 I/qcom_rpmh DRV( 0): apps_rsc TCS Busy, retrying RPMH message send: addr=0x30000
01-01 08:00:38.134 I/qcom_rpmh DRV( 0): apps_rsc TCS Busy, retrying RPMH message send: addr=0x30000
01-01 08:00:38.134 I/qcom_rpmh DRV( 0): apps_rsc TCS Busy, retrying RPMH message send: addr=0x30000
01-01 08:00:38.134 W/subsys-pil-tz abb0000.qcom,cvpss( 0): Falling back to syfs fallback for: cvpss.b06
01-01 08:00:38.134 W/subsys-pil-tz abb0000.qcom,cvpss( 0): Falling back to syfs fallback for: cvpss.b05
01-01 08:00:38.136 W/subsys-pil-tz abb0000.qcom,cvpss( 0): Falling back to syfs fallback for: cvpss.b07
01-01 08:00:38.137 W/subsys-pil-tz abb0000.qcom,cvpss( 0): Falling back to syfs fallback for: cvpss.b08
01-01 08:00:38.138 W/subsys-pil-tz abb0000.qcom,cvpss( 0): Falling back to syfs fallback for: cvpss.b10
01-01 08:00:38.138 W/subsys-pil-tz abb0000.qcom,cvpss( 0): Falling back to syfs fallback for: cvpss.b09
01-01 08:00:38.139 W/subsys-pil-tz abb0000.qcom,cvpss( 0): Falling back to syfs fallback for: cvpss.b19
01-01 08:00:38.140 I/ ( 0): [drm] cont_splash feature not enabled
01-01 08:00:38.143 I/apr_tal_rpmsg qcom,glink( 0): adsp.apr_audio_svc.-1.-1: apr_tal_rpmsg_probe: Channel[apr_audio_svc] state[Up]
01-01 08:00:38.153 E/ ( 0): [drm:dp_display_init_aux_switch][msm-dp-err][70 ]failed to register notifier (-22)
01-01 08:00:38.171 W/NPU_WARN( 0): host_session_msg_hdlr: 1904 handle npu session msg when FW is disabled
01-01 08:00:38.183 E/register_client_adhoc( 0): find path.src 1 dest 589
01-01 08:00:38.184 E/register_client_adhoc( 0): Failed to find path.src 1 dest 589
01-01 08:00:38.190 I/NPU_INFO( 0): npu_get_fw_caps: 236 fw caps 0:2007
01-01 08:00:38.196 E/ ( 0): [drm:dp_display_init_aux_switch][msm-dp-err][70 ]failed to register notifier (-22)
01-01 08:00:38.201 I/NPU_INFO( 0): npu_get_fw_caps: 236 fw caps 1:80000005
01-01 08:00:38.230 I/subsys-pil-tz abb0000.qcom,cvpss( 0): cvpss: Brought out of reset
01-01 08:00:38.230 I/NPU_INFO( 0): npu_get_fw_caps: 236 fw caps 2:0
01-01 08:00:38.409 I/NPU_INFO( 0): npu_get_fw_caps: 236 fw caps 3:0
01-01 08:00:38.414 I/NPU_INFO( 0): npu_get_fw_caps: 236 fw caps 4:0
01-01 08:00:38.420 I/NPU_INFO( 0): npu_get_fw_caps: 236 fw caps 5:0
01-01 08:00:38.425 I/NPU_INFO( 0): npu_get_fw_caps: 236 fw caps 6:0
01-01 08:00:38.430 I/NPU_INFO( 0): npu_get_fw_caps: 236 fw caps 7:0
01-01 08:00:38.447 I/qcom_smd_qrtr_probe( 0): Entered
01-01 08:00:38.453 I/qcom_smd_qrtr_probe( 0): SMD QRTR driver probed
01-01 08:00:38.466 I/msm_cvp ( 0): info: Closed cvp instance: ffffffc1a803a280 session_id = 0
01-01 08:00:38.478 E/register_client_adhoc( 0): find path.src 1 dest 589
01-01 08:00:38.479 E/register_client_adhoc( 0): Failed to find path.src 1 dest 589
01-01 08:00:38.491 E/ ( 0): [drm:dp_display_init_aux_switch][msm-dp-err][360 ]failed to register notifier (-22)
01-01 08:00:38.100 D/Build ( 676): ro.build.display.id=01.00.0082.X101_userdebug
01-01 08:00:38.106 D/Build ( 677): ro.build.display.id=01.00.0082.X101_userdebug
01-01 08:00:38.138 D/Zygote32Timing( 677): PostZygoteInitGC took to complete: 18ms
01-01 08:00:38.138 D/Zygote32Timing( 677): ZygoteInit took to complete: 31ms
01-01 08:00:38.196 D/Zygote64Timing( 676): BeginPreload took to complete: 87ms
01-01 08:00:39.208 I/subsys-restart( 0): __subsystem_get(): Changing subsys fw_name to slpi
01-01 08:00:39.217 W/subsys-pil-tz 5c00000.qcom,ssc( 0): Falling back to syfs fallback for: slpi.mdt
01-01 08:00:39.240 I/subsys-pil-tz 5c00000.qcom,ssc( 0): slpi: loading from 0x0000000088c00000 to 0x000000008a100000
01-01 08:00:39.259 W/subsys-pil-tz 5c00000.qcom,ssc( 0): Falling back to syfs fallback for: slpi.b02
01-01 08:00:39.260 W/subsys-pil-tz 5c00000.qcom,ssc( 0): Falling back to syfs fallback for: slpi.b03
01-01 08:00:39.263 W/subsys-pil-tz 5c00000.qcom,ssc( 0): Falling back to syfs fallback for: slpi.b04
01-01 08:00:39.267 W/subsys-pil-tz 5c00000.qcom,ssc( 0): Falling back to syfs fallback for: slpi.b05
01-01 08:00:39.268 W/subsys-pil-tz 5c00000.qcom,ssc( 0): Falling back to syfs fallback for: slpi.b07
01-01 08:00:39.268 W/subsys-pil-tz 5c00000.qcom,ssc( 0): Falling back to syfs fallback for: slpi.b06
01-01 08:00:39.269 W/subsys-pil-tz 5c00000.qcom,ssc( 0): Falling back to syfs fallback for: slpi.b08
01-01 08:00:39.269 W/subsys-pil-tz 5c00000.qcom,ssc( 0): Falling back to syfs fallback for: slpi.b09
01-01 08:00:39.270 W/subsys-pil-tz 5c00000.qcom,ssc( 0): Falling back to syfs fallback for: slpi.b10
01-01 08:00:39.270 W/subsys-pil-tz 5c00000.qcom,ssc( 0): Falling back to syfs fallback for: slpi.b11
01-01 08:00:39.272 W/subsys-pil-tz 5c00000.qcom,ssc( 0): Falling back to syfs fallback for: slpi.b12
01-01 08:00:39.273 W/subsys-pil-tz 5c00000.qcom,ssc( 0): Falling back to syfs fallback for: slpi.b13
01-01 08:00:39.273 W/subsys-pil-tz 5c00000.qcom,ssc( 0): Falling back to syfs fallback for: slpi.b14
01-01 08:00:39.274 W/subsys-pil-tz 5c00000.qcom,ssc( 0): Falling back to syfs fallback for: slpi.b15
01-01 08:00:39.275 W/subsys-pil-tz 5c00000.qcom,ssc( 0): Falling back to syfs fallback for: slpi.b16
01-01 08:00:39.277 W/subsys-pil-tz 5c00000.qcom,ssc( 0): Falling back to syfs fallback for: slpi.b17
01-01 08:00:39.277 W/subsys-pil-tz 5c00000.qcom,ssc( 0): Falling back to syfs fallback for: slpi.b19
01-01 08:00:39.278 W/subsys-pil-tz 5c00000.qcom,ssc( 0): Falling back to syfs fallback for: slpi.b18
01-01 08:00:39.278 W/subsys-pil-tz 5c00000.qcom,ssc( 0): Falling back to syfs fallback for: slpi.b20
01-01 08:00:39.317 I/binder ( 0): 815:815 ioctl 40046210 7fcb72e224 returned -22
01-01 08:00:39.362 I/binder ( 0): 817:817 ioctl 40046210 7ff546f8c4 returned -22
01-01 08:00:39.430 I/binder ( 0): 817:817 ioctl 40046210 7ff546f8a4 returned -22
01-01 08:00:39.547 I/binder ( 0): 903:903 ioctl 40046210 7fdf34f9f4 returned -22
01-01 08:00:39.646 I/binder ( 0): 931:931 ioctl 40046210 7fe9d7d564 returned -22
01-01 08:00:39.697 I/subsys-pil-tz 5c00000.qcom,ssc( 0): slpi: Brought out of reset
01-01 08:00:39.756 I/subsys-pil-tz 5c00000.qcom,ssc( 0): Subsystem error monitoring/handling services are up
01-01 08:00:39.765 I/subsys-pil-tz 5c00000.qcom,ssc( 0): slpi: Power/Clock ready interrupt received
01-01 08:00:39.299 I/android.hardware.wifi@1.0-service( 954): Wifi Hal is booting up...
01-01 08:00:39.307 I/HidlServiceManagement( 954): Registered android.hardware.wifi@1.4::IWifi/default (start delay of 145ms)
01-01 08:00:39.793 I/adsprpc ( 0): fastrpc_restart_notifier_cb: slpi subsystem is up
01-01 08:00:39.795 I/adsprpc ( 0): fastrpc_rpmsg_probe: opened rpmsg channel for slpi
01-01 08:00:39.821 I/qcom_smd_qrtr_probe( 0): Entered
01-01 08:00:39.380 D/Zygote64Timing( 676): PreloadClasses took to complete: 1185ms
01-01 08:00:39.845 E/register_client_adhoc( 0): find path.src 1 dest 589
01-01 08:00:39.846 E/register_client_adhoc( 0): Failed to find path.src 1 dest 589
01-01 08:00:39.857 I/qcom_smd_qrtr_probe( 0): SMD QRTR driver probed
01-01 08:00:39.879 E/ ( 0): [drm:dp_display_init_aux_switch][msm-dp-err][7 ]failed to register notifier (-22)
01-01 08:00:39.423 D/Zygote64Timing( 676): CacheNonBootClasspathClassLoaders took to complete: 42ms
01-01 08:00:39.911 E/register_client_adhoc( 0): find path.src 1 dest 589
01-01 08:00:39.912 E/register_client_adhoc( 0): Failed to find path.src 1 dest 589
01-01 08:00:39.927 E/ ( 0): [drm:dp_display_init_aux_switch][msm-dp-err][7 ]failed to register notifier (-22)
01-01 08:00:39.468 D/Zygote64Timing( 676): PreloadResources took to complete: 45ms
01-01 08:00:39.644 D/Zygote64Timing( 676): ZygotePreload took to complete: 1535ms
01-01 08:00:40.233 W/QSEECOM ( 0): qseecom_load_app: App (soter64) does'nt exist, loading apps for first time
01-01 08:00:40.261 I/binder ( 0): 989:989 ioctl 40046210 7fe0c242c4 returned -22
01-01 08:00:40.266 W/QSEECOM ( 0): qseecom_load_app: App with id 4 (soter64) now loaded
01-01 08:00:39.818 D/Zygote64Timing( 676): PostZygoteInitGC took to complete: 173ms
01-01 08:00:39.818 D/Zygote64Timing( 676): ZygoteInit took to complete: 1716ms
01-01 08:00:40.035 I/irsc_util( 1007): Starting irsc tool
01-01 08:00:40.042 I/irsc_util( 1007): Num of entries:298
01-01 08:00:40.042 I/irsc_util( 1007): Ending irsc tool
01-01 08:00:40.539 W/healthd ( 0): No battery devices found
01-01 08:00:40.560 I/msm_vidc( 0): high: 00000001: ....d: Opening video instance: ffffffc18f54c000, 1
01-01 08:00:40.574 I/msm_vidc_v4l2 aa00000.qcom,vidc( 0): Linked as a consumer to regulator.75
01-01 08:00:40.088 W/healthd ( 0): battery none chg=
01-01 08:00:40.095 I/msm_vidc_v4l2 aa00000.qcom,vidc( 0): Linked as a consumer to regulator.74
01-01 08:00:40.142 I/subsys-restart( 0): __subsystem_get(): Changing subsys fw_name to venus
01-01 08:00:40.155 W/subsys-pil-tz aab0000.qcom,venus( 0): Falling back to syfs fallback for: venus.mdt
01-01 08:00:40.156 E/diag ( 0): In diag_send_peripheral_buffering_mode, buffering flag not set for 3
01-01 08:00:40.187 E/diag ( 0): In diag_send_feature_mask_update, control channel is not open, p: 6, ffffffa929ed8470
01-01 08:00:40.199 E/diag ( 0): In diag_send_feature_mask_update, control channel is not open, p: 6, ffffffa929ed8470
01-01 08:00:40.221 E/diag ( 0): In diag_send_peripheral_buffering_mode, buffering flag not set for 5
01-01 08:00:40.227 I/sysmon-qmi( 0): ssctl_new_server: Connection established between QMI handle and adsp's SSCTL service
01-01 08:00:40.230 E/diag ( 0): In diag_send_peripheral_buffering_mode, buffering flag not set for 6
01-01 08:00:40.252 I/subsys-pil-tz aab0000.qcom,venus( 0): venus: loading from 0x0000000086e00000 to 0x0000000087300000
01-01 08:00:40.254 I/sysmon-qmi( 0): ssctl_new_server: Connection established between QMI handle and cdsp's SSCTL service
01-01 08:00:40.254 I/sysmon-qmi( 0): ssctl_new_server: Connection established between QMI handle and slpi's SSCTL service
01-01 08:00:40.258 I/sysmon-qmi( 0): ssctl_new_server: Connection established between QMI handle and slpi's SSCTL service
01-01 08:00:40.261 E/diag ( 0): In diag_send_peripheral_buffering_mode, buffering flag not set for 1
01-01 08:00:40.268 D/cnss ( 0): WLFW server arriving: node 7 port 1
01-01 08:00:40.273 W/subsys-pil-tz aab0000.qcom,venus( 0): Falling back to syfs fallback for: venus.b02
01-01 08:00:40.273 W/subsys-pil-tz aab0000.qcom,venus( 0): Falling back to syfs fallback for: venus.b03
01-01 08:00:40.282 D/cnss ( 0): Posting event: SERVER_ARRIVE(0), state: 0x8 flags: 0x0
01-01 08:00:40.293 W/subsys-pil-tz aab0000.qcom,venus( 0): Falling back to syfs fallback for: venus.b04
01-01 08:00:40.294 I/servloc ( 0): service_locator_new_server: Connection established with the Service locator
01-01 08:00:40.294 I/servloc ( 0): init_service_locator: Service locator initialized
01-01 08:00:40.301 W/subsys-pil-tz aab0000.qcom,venus( 0): Falling back to syfs fallback for: venus.b05
01-01 08:00:40.303 I/init ( 0): starting service 'gpu'...
01-01 08:00:40.309 I/adsprpc ( 0): fastrpc_get_service_location_notify: PDR notifier for adsp registered for msm/adsp/audio_pd (audio_pdr_adsprpc)
01-01 08:00:40.309 I/adsprpc ( 0): fastrpc_get_service_location_notify: audio_pdr_adsprpc (msm/adsp/audio_pd) PDR service for adsp is uninitialized
01-01 08:00:40.310 I/audio_notifer_reg_service( 0): service PDR_ADSP is in use
01-01 08:00:40.318 W/subsys-pil-tz aab0000.qcom,venus( 0): Falling back to syfs fallback for: venus.b07
01-01 08:00:40.319 W/subsys-pil-tz aab0000.qcom,venus( 0): Falling back to syfs fallback for: venus.b06
01-01 08:00:40.322 D/cnss ( 0): PM stay awake, state: 0x8, count: 1
01-01 08:00:40.323 D/cnss ( 0): PM stay awake, state: 0x8, count: 1
01-01 08:00:40.323 D/cnss ( 0): PM relax, state: 0x8, count: 0
01-01 08:00:40.323 D/cnss ( 0): Processing driver event: SERVER_ARRIVE(0), state: 0x8
01-01 08:00:40.323 I/cnss ( 0): QMI WLFW service connected, state: 0x9
01-01 08:00:40.323 D/cnss ( 0): Sending indication register message, state: 0x9
01-01 08:00:40.330 I/service-notifier( 0): service_notifier_new_server: Connection established between QMI handle and 74 service
01-01 08:00:40.330 D/cnss ( 0): Sending host capability message, state: 0x9
01-01 08:00:40.330 D/cnss ( 0): Number of clients is 2
01-01 08:00:40.330 D/cnss ( 0): Assign MSI to user: WAKE, num_vectors: 1, user_base_data: 813, base_vector: 13
01-01 08:00:40.330 D/cnss ( 0): WAKE MSI base data is 813
01-01 08:00:40.330 D/cnss ( 0): Calibration done is 0
01-01 08:00:40.330 D/cnss ( 0): Sending iova starting 0xa0000000 with size 0x10010000
01-01 08:00:40.334 D/cnss ( 0): PM relax, state: 0x9, count: 0
01-01 08:00:40.336 W/subsys-pil-tz aab0000.qcom,venus( 0): Falling back to syfs fallback for: venus.b08
01-01 08:00:40.336 W/subsys-pil-tz aab0000.qcom,venus( 0): Falling back to syfs fallback for: venus.b10
01-01 08:00:40.336 W/subsys-pil-tz aab0000.qcom,venus( 0): Falling back to syfs fallback for: venus.b09
01-01 08:00:40.338 W/subsys-pil-tz aab0000.qcom,venus( 0): Falling back to syfs fallback for: venus.b19
01-01 08:00:40.357 I/adsprpc ( 0): fastrpc_pdr_notifier_cb: msm/adsp/audio_pd (audio_pdr_adsprpc) is up on adsp
01-01 08:00:40.366 I/init ( 0): starting service 'surfaceflinger'...
01-01 08:00:40.368 I/init ( 0): Could not create socket 'pdx/system/vr/display/client': Failed to bind socket 'pdx/system/vr/display/client': No such file or directory
01-01 08:00:40.372 I/init ( 0): Could not create socket 'pdx/system/vr/display/manager': Failed to bind socket 'pdx/system/vr/display/manager': No such file or directory
01-01 08:00:40.384 I/apr_adsp_up( 0): Q6 is Up
01-01 08:00:40.408 I/init ( 0): Could not create socket 'pdx/system/vr/display/vsync': Failed to bind socket 'pdx/system/vr/display/vsync': No such file or directory
01-01 08:00:40.418 I/sps ( 0): BAM 0x0000000003a84000 (va:0xffffff801c040000) enabled: ver:0x19, number of pipes:25
01-01 08:00:40.426 I/msm-audio-ion soc( 0): qcom,msm-audio-apr:qcom,msm-audio-ion: Linked as a consumer to 15000000.apps-smmu
01-01 08:00:40.433 I/sps ( 0): BAM 0x0000000003a84000 is registered.
01-01 08:00:40.450 I/binder ( 0): 1045:1045 ioctl 40046210 7fd1803b34 returned -22
01-01 08:00:40.477 I/init ( 0): starting service 'vendor.rmt_storage'...
01-01 08:00:40.487 I/iommu ( 0): Adding device soc:qcom,msm-audio-apr:qcom,msm-audio-ion to group 53
01-01 08:00:40.533 E/register_client_adhoc( 0): find path.src 1 dest 589
01-01 08:00:40.534 E/register_client_adhoc( 0): Failed to find path.src 1 dest 589
01-01 08:00:40.577 E/ ( 0): [drm:dp_display_init_aux_switch][msm-dp-err][22 ]failed to register notifier (-22)
01-01 08:00:40.580 I/binder ( 0): 1017:1017 ioctl 40046210 7fecc80c54 returned -22
01-01 08:00:40.582 I/subsys-pil-tz aab0000.qcom,venus( 0): venus: Brought out of reset
01-01 08:00:40.598 I/binder ( 0): 1053:1053 ioctl 40046210 7fd9f646a4 returned -22
01-01 08:00:40.607 I/init ( 0): starting service 'vendor.tftp_server'...
01-01 08:00:40.630 I/msm_vidc( 0): high: 00000001: h264d: Closed video instance: ffffffc18f54c000
01-01 08:00:40.647 I/init ( 0): starting service 'vendor.sensors.qti'...
01-01 08:00:40.653 I/msm_vidc( 0): high: 00000001: ....d: Opening video instance: ffffffc18f54c000, 1
01-01 08:00:40.676 W/kona-asoc-snd soc( 0): qcom,msm-audio-apr:qcom,q6core-audio:sound: msm_init_aux_dev: Max WSA devices is 0 for this target?
01-01 08:00:40.678 E/init ( 0): Unable to set property 'ctl.start' from uid:0 gid:0 pid:1081: Invalid permissions to perform 'start' on 'console'
01-01 08:00:40.695 I/msm_vidc( 0): high: 00000001: h264d: Closed video instance: ffffffc18f54c000
01-01 08:00:40.696 E/kona-asoc-snd soc( 0): qcom,msm-audio-apr:qcom,q6core-audio:sound: ASoC: CODEC DAI wsa_macro_vifeedback not registered
01-01 08:00:40.703 I/init ( 0): Command 'class_start core' action=boot (/system/etc/init/hw/init.rc:1115) took 828ms and succeeded
01-01 08:00:40.703 I/binder ( 0): 1034:1034 ioctl 40046210 7fc928b524 returned -22
01-01 08:00:40.704 I/binder ( 0): 1034:1034 ioctl 40046210 7fc928b544 returned -22
01-01 08:00:40.711 E/qcom-lpi-pinctrl soc( 0): qcom,msm-audio-apr:qcom,q6core-audio:lpi_pinctrl@33c0000: snd_event_notify: No snd dev entry found
01-01 08:00:40.727 I/SystemServerTiming( 1017): InitBeforeStartServices
01-01 08:00:40.730 I/msm_vidc( 0): high: 00000001: ....d: Opening video instance: ffffffc18f654000, 1
01-01 08:00:40.736 E/rmt_storage( 0): ERR:main: Mmap Failed for rmts (-1)...pausing execution!
01-01 08:00:40.741 I/SystemServer( 1017): Entered the Android system server!
01-01 08:00:40.760 I/msm_vidc( 0): high: 00000001: h265d: Closed video instance: ffffffc18f654000
01-01 08:00:40.760 I/binder ( 0): 1062:1062 ioctl 40046210 7fc7785e24 returned -22
01-01 08:00:40.782 I/binder ( 0): 1062:1062 ioctl 40046210 7fc7787854 returned -22
01-01 08:00:40.784 I/msm_vidc( 0): high: 00000001: ....d: Opening video instance: ffffffc18f654000, 1
01-01 08:00:40.790 I/platform soc( 0): qcom,msm-audio-apr:qcom,voice-mhi-audio: assigned reserved memory node mailbox_region
01-01 08:00:40.799 E/register_client_adhoc( 0): find path.src 1 dest 589
01-01 08:00:40.800 E/register_client_adhoc( 0): Failed to find path.src 1 dest 589
01-01 08:00:40.814 I/msm_vidc( 0): high: 00000001: h265d: Closed video instance: ffffffc18f654000
01-01 08:00:40.819 E/ ( 0): [drm:dp_display_init_aux_switch][msm-dp-err][86 ]failed to register notifier (-22)
01-01 08:00:40.830 I/msm_vidc( 0): high: 00000001: ....d: Opening video instance: ffffffc18f654000, 1
01-01 08:00:40.833 W/ ( 0): bolero-clk-rsc-mngr bolero-clk-rsc-mngr: DMA mask not set
01-01 08:00:40.856 I/msm_vidc( 0): high: 00000001: vp8d: Closed video instance: ffffffc18f654000
01-01 08:00:40.863 I/msm_vidc( 0): high: 00000001: ....d: Opening video instance: ffffffc18f654000, 1
01-01 08:00:40.870 W/tx_macro tx-macro( 0): DMA mask not set
01-01 08:00:40.870 I/msm_vidc( 0): high: 00000001: vp9d: Closed video instance: ffffffc18f654000
01-01 08:00:40.870 E/tx_macro tx-macro( 0): tx_macro_probe: va-macro not registered yet, defer
01-01 08:00:40.873 I/msm_vidc( 0): high: 00000001: ....d: Opening video instance: ffffffc18a538000, 1
01-01 08:00:40.875 I/ ( 0): Mass Storage Function, version: 2009/09/11
01-01 08:00:40.875 I/LUN ( 0): removable file: (no medium)
01-01 08:00:40.879 W/kona-asoc-snd soc( 0): qcom,msm-audio-apr:qcom,q6core-audio:sound: msm_init_aux_dev: Max WSA devices is 0 for this target?
01-01 08:00:40.887 I/msm_vidc( 0): high: 00000001: vp9d: Closed video instance: ffffffc18a538000
01-01 08:00:40.887 E/kona-asoc-snd soc( 0): qcom,msm-audio-apr:qcom,q6core-audio:sound: ASoC: CODEC DAI wsa_macro_vifeedback not registered
01-01 08:00:40.888 I/msm_vidc( 0): high: 00000001: ....d: Opening video instance: ffffffc18a538000, 1
01-01 08:00:40.906 W/rx_macro rx-macro( 0): DMA mask not set
01-01 08:00:40.906 E/rx_macro rx-macro( 0): rx_macro_probe: va-macro not registered yet, defer
01-01 08:00:40.907 I/ ( 0): file system registered
01-01 08:00:40.910 I/msm_vidc( 0): high: 00000001: mpg2d: Closed video instance: ffffffc18a538000
01-01 08:00:40.914 I/msm_vidc( 0): high: 00000001: ....d: Opening video instance: ffffffc18a538000, 1
01-01 08:00:40.919 E/register_client_adhoc( 0): find path.src 1 dest 589
01-01 08:00:40.919 E/register_client_adhoc( 0): Failed to find path.src 1 dest 589
01-01 08:00:40.922 I/msm_vidc( 0): high: 00000001: mpg2d: Closed video instance: ffffffc18a538000
01-01 08:00:40.931 W/wsa_macro wsa-macro( 0): DMA mask not set
01-01 08:00:40.932 E/wsa_macro wsa-macro( 0): wsa_macro_probe: va-macro not registered yet, defer
01-01 08:00:40.932 I/f_cdev_alloc( 0): port_name:at_usb0 (ffffffc19126c880) portno:(0)
01-01 08:00:40.936 I/msm_vidc( 0): high: 00000001: ....e: Opening video instance: ffffffc18a538000, 0
01-01 08:00:40.943 I/f_cdev_alloc( 0): port_name:at_usb1 (ffffffc18a581280) portno:(1)
01-01 08:00:40.946 E/ ( 0): [drm:dp_display_init_aux_switch][msm-dp-err][86 ]failed to register notifier (-22)
01-01 08:00:40.950 I/f_cdev_alloc( 0): port_name:at_usb2 (ffffffc18a584880) portno:(2)
01-01 08:00:40.953 I/msm_vidc( 0): high: 00000001: h264e: Closed video instance: ffffffc18a538000
01-01 08:00:40.960 W/va_macro va-macro( 0): DMA mask not set
01-01 08:00:40.960 E/msm_cdc_pinctrl_get_gpiodata( 0): device node is null
01-01 08:00:40.960 I/msm_vidc( 0): high: 00000001: ....e: Opening video instance: ffffffc18a620000, 0
01-01 08:00:40.972 I/va_macro va-macro( 0): Linked as a consumer to regulator.7
01-01 08:00:40.972 I/va_macro va-macro( 0): bolero_register_macro: register macro successful:3
01-01 08:00:40.978 W/wcd938x_codec wcd938x-codec( 0): DMA mask not set
01-01 08:00:40.978 I/wcd938x_codec wcd938x-codec( 0): msm_cdc_dt_parse_vreg_info: cdc-vdd-rxtx: vol=[1800000 1800000]uV, curr=[30000]uA, ond 0 lpm 0
01-01 08:00:40.978 I/wcd938x_codec wcd938x-codec( 0): msm_cdc_dt_parse_vreg_info: cdc-vddio: vol=[1800000 1800000]uV, curr=[30000]uA, ond 0 lpm 0
01-01 08:00:40.978 I/wcd938x_codec wcd938x-codec( 0): msm_cdc_dt_parse_vreg_info: cdc-vdd-buck: vol=[1800000 1800000]uV, curr=[650000]uA, ond 0 lpm 0
01-01 08:00:40.978 I/wcd938x_codec wcd938x-codec( 0): msm_cdc_dt_parse_vreg_info: cdc-vdd-mic-bias: vol=[3296000 3296000]uV, curr=[30000]uA, ond 0 lpm 0
01-01 08:00:40.980 I/wcd938x_codec wcd938x-codec( 0): Linked as a consumer to regulator.7
01-01 08:00:40.981 I/msm_vidc( 0): high: 00000001: h265e: Closed video instance: ffffffc18a620000
01-01 08:00:40.984 I/wcd938x_codec wcd938x-codec( 0): Linked as a consumer to regulator.48
01-01 08:00:40.986 I/msm_vidc( 0): high: 00000001: ....e: Opening video instance: ffffffc18a6a8000, 0
01-01 08:00:40.996 I/msm_vidc( 0): high: 00000001: h265e: Closed video instance: ffffffc18a6a8000
01-01 08:00:41.000 I/msm_vidc( 0): high: 00000001: ....e: Opening video instance: ffffffc18a6a8000, 0
01-01 08:00:41.004 I/tx_macro tx-macro( 0): bolero_register_macro: register macro successful:0
01-01 08:00:41.008 W/kgsl-3d0( 0): Falling back to syfs fallback for: a650_sqe.fw
01-01 08:00:41.011 I/msm_vidc( 0): high: 00000001: h265e: Closed video instance: ffffffc18a6a8000
01-01 08:00:41.016 I/msm_vidc( 0): high: 00000001: ....e: Opening video instance: ffffffc18a674000, 0
01-01 08:00:41.022 I/msm_vidc( 0): err : 00000001: ....e: msm_vidc_comm_update_ctrl: failed: control name Ltr Count, min 0, max 0, step 0, default_value 0
01-01 08:00:41.031 I/msm_vidc( 0): high: 00000001: vp8e: Closed video instance: ffffffc18a674000
01-01 08:00:41.053 W/swr-wcd tx_swr_ctrl( 0): DMA mask not set
01-01 08:00:41.063 W/kona-asoc-snd soc( 0): qcom,msm-audio-apr:qcom,q6core-audio:sound: msm_init_aux_dev: Max WSA devices is 0 for this target?
01-01 08:00:41.068 W/kgsl-3d0( 0): Falling back to syfs fallback for: a650_gmu.bin
01-01 08:00:41.087 E/kona-asoc-snd soc( 0): qcom,msm-audio-apr:qcom,q6core-audio:sound: ASoC: CODEC DAI wsa_macro_vifeedback not registered
01-01 08:00:41.127 I/rx_macro rx-macro( 0): bolero_register_macro: register macro successful:1
01-01 08:00:41.142 E/register_client_adhoc( 0): find path.src 1 dest 589
01-01 08:00:41.143 E/register_client_adhoc( 0): Failed to find path.src 1 dest 589
01-01 08:00:41.168 I/wsa_macro wsa-macro( 0): bolero_register_macro: register macro successful:2
01-01 08:00:41.198 E/ ( 0): [drm:dp_display_init_aux_switch][msm-dp-err][447 ]failed to register notifier (-22)
01-01 08:00:41.231 W/kona-asoc-snd soc( 0): qcom,msm-audio-apr:qcom,q6core-audio:sound: msm_init_aux_dev: Max WSA devices is 0 for this target?
01-01 08:00:41.259 I/SystemServerInitThreadPool( 1017): Creating instance with 8 threads
01-01 08:00:41.273 I/msm_cvp ( 0): warn: DBLP Set: status 0 0
01-01 08:00:41.337 I/binder ( 0): 1125:1125 ioctl 40046210 7fee89e5c4 returned -22
01-01 08:00:41.465 E/msm-pcm-routing soc( 0): qcom,msm-pcm-routing: ASoC: no source widget found for AUDIO_REF_EC_UL30 MUX
01-01 08:00:41.476 E/msm-pcm-routing soc( 0): qcom,msm-pcm-routing: ASoC: Failed to add route AUDIO_REF_EC_UL30 MUX -> direct -> MM_UL30
01-01 08:00:41.498 E/msm-pcm-routing soc( 0): qcom,msm-pcm-routing: ASoC: no source widget found for AUX_PCM_TX
01-01 08:00:41.507 E/msm-pcm-routing soc( 0): qcom,msm-pcm-routing: ASoC: Failed to add route AUX_PCM_TX -> AUX_PCM_UL_TX -> VoLTE Stub Tx Mixer
01-01 08:00:41.526 E/msm-pcm-routing soc( 0): qcom,msm-pcm-routing: ASoC: no source widget found for AUX_PCM_RX
01-01 08:00:41.529 E/DTC_ETH,link_delay_work_func( 0): 3003, SQI=0, link=0
01-01 08:00:41.535 E/msm-pcm-routing soc( 0): qcom,msm-pcm-routing: ASoC: Failed to add route AUX_PCM_RX -> direct -> BE_OUT
01-01 08:00:41.567 W/msm-pcm-routing soc( 0): qcom,msm-pcm-routing: ASoC: no dapm match for MM_DL23 --> MultiMedia23 --> QUIN_TDM_RX_1 Audio Mixer
01-01 08:00:41.567 E/msm-pcm-routing soc( 0): qcom,msm-pcm-routing: ASoC: Failed to add route MM_DL23 -> MultiMedia23 -> QUIN_TDM_RX_1 Audio Mixer
01-01 08:00:41.580 W/msm-pcm-routing soc( 0): qcom,msm-pcm-routing: ASoC: no dapm match for MM_DL24 --> MultiMedia24 --> QUIN_TDM_RX_1 Audio Mixer
01-01 08:00:41.580 E/msm-pcm-routing soc( 0): qcom,msm-pcm-routing: ASoC: Failed to add route MM_DL24 -> MultiMedia24 -> QUIN_TDM_RX_1 Audio Mixer
01-01 08:00:41.592 W/msm-pcm-routing soc( 0): qcom,msm-pcm-routing: ASoC: no dapm match for MM_DL25 --> MultiMedia25 --> QUIN_TDM_RX_1 Audio Mixer
01-01 08:00:41.592 E/msm-pcm-routing soc( 0): qcom,msm-pcm-routing: ASoC: Failed to add route MM_DL25 -> MultiMedia25 -> QUIN_TDM_RX_1 Audio Mixer
01-01 08:00:41.670 E/msm-pcm-routing soc( 0): qcom,msm-pcm-routing: ASoC: no source widget found for AUX_PCM_TX
01-01 08:00:41.679 E/msm-pcm-routing soc( 0): qcom,msm-pcm-routing: ASoC: Failed to add route AUX_PCM_TX -> AUX_PCM_UL_TX -> SLIMBUS_0_RX Port Mixer
01-01 08:00:41.692 E/msm-pcm-routing soc( 0): qcom,msm-pcm-routing: ASoC: no source widget found for SEC_AUX_PCM_TX
01-01 08:00:41.702 E/msm-pcm-routing soc( 0): qcom,msm-pcm-routing: ASoC: Failed to add route SEC_AUX_PCM_TX -> SEC_AUX_PCM_UL_TX -> SLIMBUS_0_RX Port Mixer
01-01 08:00:41.715 E/msm-pcm-routing soc( 0): qcom,msm-pcm-routing: ASoC: no source widget found for TERT_AUX_PCM_TX
01-01 08:00:41.725 E/msm-pcm-routing soc( 0): qcom,msm-pcm-routing: ASoC: Failed to add route TERT_AUX_PCM_TX -> TERT_AUXPCM_UL_TX -> SLIMBUS_0_RX Port Mixer
01-01 08:00:41.739 E/msm-pcm-routing soc( 0): qcom,msm-pcm-routing: ASoC: no source widget found for QUAT_AUX_PCM_TX
01-01 08:00:41.749 E/msm-pcm-routing soc( 0): qcom,msm-pcm-routing: ASoC: Failed to add route QUAT_AUX_PCM_TX -> QUAT_AUXPCM_UL_TX -> SLIMBUS_0_RX Port Mixer
01-01 08:00:41.763 D/SystemServerTiming( 1017): InitBeforeStartServices took to complete: 1036ms
01-01 08:00:41.764 I/SystemServerTiming( 1017): StartServices
01-01 08:00:41.764 I/SystemServerTiming( 1017): startBootstrapServices
01-01 08:00:41.764 I/SystemServerTiming( 1017): StartWatchdog
01-01 08:00:41.771 D/SystemServerTiming( 1017): StartWatchdog took to complete: 7ms
01-01 08:00:41.771 I/SystemServer( 1017): Reading configuration...
01-01 08:00:41.771 I/SystemServerTiming( 1017): ReadingSystemConfig
01-01 08:00:41.771 D/SystemServerTiming( 1017): ReadingSystemConfig took to complete: 1ms
01-01 08:00:41.771 I/SystemServerTiming( 1017): PlatformCompat
01-01 08:00:41.772 I/SystemServerTimingAsync( 1017): InitThreadPoolExec:ReadingSystemConfig
01-01 08:00:41.763 E/msm-pcm-routing soc( 0): qcom,msm-pcm-routing: ASoC: no source widget found for QUIN_AUX_PCM_TX
01-01 08:00:41.772 D/SystemServerInitThreadPool( 1017): Started executing ReadingSystemConfig
01-01 08:00:41.773 E/msm-pcm-routing soc( 0): qcom,msm-pcm-routing: ASoC: Failed to add route QUIN_AUX_PCM_TX -> QUIN_AUXPCM_UL_TX -> SLIMBUS_0_RX Port Mixer
01-01 08:00:41.773 D/CompatConfig( 1017): Found a config file: /system/etc/compatconfig/calendar-provider-compat-config.xml
01-01 08:00:41.774 I/SystemConfig( 1017): Reading permissions from /system/etc/sysconfig/preinstalled-packages-com.android.providers.media.module.xml
01-01 08:00:41.774 D/CompatConfig( 1017): Adding: com.android.server.compat.config.Change@5673a79
01-01 08:00:41.776 D/CompatConfig( 1017): Found a config file: /system/etc/compatconfig/documents-ui-compat-config.xml
01-01 08:00:41.778 D/CompatConfig( 1017): Adding: com.android.server.compat.config.Change@6f1dc1f
01-01 08:00:41.778 D/CompatConfig( 1017): Found a config file: /system/etc/compatconfig/icu4j-platform-compat-config.xml
01-01 08:00:41.780 D/CompatConfig( 1017): Adding: com.android.server.compat.config.Change@5180535
01-01 08:00:41.781 D/CompatConfig( 1017): Found a config file: /system/etc/compatconfig/services-platform-compat-config.xml
01-01 08:00:41.782 I/SystemConfig( 1017): Reading permissions from /system/etc/sysconfig/qti_whitelist.xml
01-01 08:00:41.783 D/CompatConfig( 1017): Adding: com.android.server.compat.config.Change@fb3c258
01-01 08:00:41.783 I/SystemConfig( 1017): Reading permissions from /system/etc/sysconfig/framework-sysconfig.xml
01-01 08:00:41.783 D/CompatConfig( 1017): Adding: com.android.server.compat.config.Change@32fbc96
01-01 08:00:41.784 D/CompatConfig( 1017): Adding: com.android.server.compat.config.Change@8cd3017
01-01 08:00:41.784 I/SystemConfig( 1017): Reading permissions from /system/etc/sysconfig/preinstalled-packages-platform-full-base.xml
01-01 08:00:41.785 D/CompatConfig( 1017): Adding: com.android.server.compat.config.Change@b80a5ed
01-01 08:00:41.786 I/SystemConfig( 1017): Reading permissions from /system/etc/sysconfig/hiddenapi-package-whitelist.xml
01-01 08:00:41.787 I/SystemConfig( 1017): Reading permissions from /system/etc/sysconfig/preinstalled-packages-platform.xml
01-01 08:00:41.789 I/SystemConfig( 1017): Reading permissions from /system/etc/permissions/com.android.mediadrm.signer.xml
01-01 08:00:41.790 I/SystemConfig( 1017): Reading permissions from /system/etc/permissions/android.software.webview.xml
01-01 08:00:41.791 I/SystemConfig( 1017): Reading permissions from /system/etc/permissions/com.android.media.remotedisplay.xml
01-01 08:00:41.792 I/SystemConfig( 1017): Reading permissions from /system/etc/permissions/android.test.base.xml
01-01 08:00:41.792 D/CompatConfig( 1017): Adding: com.android.server.compat.config.Change@70d779c
01-01 08:00:41.793 I/SystemConfig( 1017): Reading permissions from /system/etc/permissions/android.software.freeform_window_management.xml
01-01 08:00:41.793 D/CompatConfig( 1017): Adding: com.android.server.compat.config.Change@b0dfd7a
01-01 08:00:41.794 I/SystemConfig( 1017): Reading permissions from /system/etc/permissions/com.android.networkstack.xml
01-01 08:00:41.794 D/CompatConfig( 1017): Adding: com.android.server.compat.config.Change@2487188
01-01 08:00:41.794 D/CompatConfig( 1017): Adding: com.android.server.compat.config.Change@29ff721
01-01 08:00:41.795 I/SystemConfig( 1017): Reading permissions from /system/etc/permissions/com.android.networkstack.tethering.xml
01-01 08:00:41.796 I/SystemConfig( 1017): Reading permissions from /system/etc/permissions/privapp-permissions-platform.xml
01-01 08:00:41.797 D/CompatConfig( 1017): Adding: com.android.server.compat.config.Change@6b71e34
01-01 08:00:41.798 D/CompatConfig( 1017): Adding: com.android.server.compat.config.Change@763e45d
01-01 08:00:41.799 D/CompatConfig( 1017): Adding: com.android.server.compat.config.Change@20ac1d2
01-01 08:00:41.800 D/CompatConfig( 1017): Adding: com.android.server.compat.config.Change@eb2a3
01-01 08:00:41.800 I/SystemConfig( 1017): Reading permissions from /system/etc/permissions/com.android.location.provider.xml
01-01 08:00:41.801 D/CompatConfig( 1017): Adding: com.android.server.compat.config.Change@27f6959
01-01 08:00:41.802 D/CompatConfig( 1017): Adding: com.android.server.compat.config.Change@62f291e
01-01 08:00:41.802 I/SystemConfig( 1017): Reading permissions from /system/etc/permissions/android.software.live_wallpaper.xml
01-01 08:00:41.802 D/CompatConfig( 1017): Adding: com.android.server.compat.config.Change@cebffcc
01-01 08:00:41.803 D/CompatConfig( 1017): Adding: com.android.server.compat.config.Change@c344215
01-01 08:00:41.803 I/SystemConfig( 1017): Reading permissions from /system/etc/permissions/com.thundercomm.debugtools.xml
01-01 08:00:41.804 D/CompatConfig( 1017): Adding: com.android.server.compat.config.Change@55d31b
01-01 08:00:41.804 I/SystemConfig( 1017): Reading permissions from /system/etc/permissions/android.test.mock.xml
01-01 08:00:41.804 D/CompatConfig( 1017): Adding: com.android.server.compat.config.Change@523ea91
01-01 08:00:41.805 I/SystemConfig( 1017): Reading permissions from /system/etc/permissions/com.android.nfc_extras.xml
01-01 08:00:41.805 D/CompatConfig( 1017): Adding: com.android.server.compat.config.Change@c7485f7
01-01 08:00:41.806 D/CompatConfig( 1017): Adding: com.android.server.compat.config.Change@2787c64
01-01 08:00:41.806 I/SystemConfig( 1017): Reading permissions from /system/etc/permissions/uimremoteserver.xml
01-01 08:00:41.806 D/CompatConfig( 1017): Adding: com.android.server.compat.config.Change@1634382
01-01 08:00:41.807 D/CompatConfig( 1017): Adding: com.android.server.compat.config.Change@e618a93
01-01 08:00:41.808 D/CompatConfig( 1017): Adding: com.android.server.compat.config.Change@e405ac9
01-01 08:00:41.808 I/SystemConfig( 1017): Reading permissions from /system/etc/permissions/com.thundercomm.screensaver.xml
01-01 08:00:41.808 D/CompatConfig( 1017): Adding: com.android.server.compat.config.Change@d8615ce
01-01 08:00:41.809 I/SystemConfig( 1017): Reading permissions from /system/etc/permissions/uimremoteclient.xml
01-01 08:00:41.809 D/CompatConfig( 1017): Adding: com.android.server.compat.config.Change@154f3fc
01-01 08:00:41.787 E/msm-pcm-routing soc( 0): qcom,msm-pcm-routing: ASoC: no source widget found for SEN_AUX_PCM_TX
01-01 08:00:41.797 E/msm-pcm-routing soc( 0): qcom,msm-pcm-routing: ASoC: Failed to add route SEN_AUX_PCM_TX -> SEN_AUXPCM_UL_TX -> SLIMBUS_0_RX Port Mixer
01-01 08:00:41.810 I/SystemConfig( 1017): Reading permissions from /system/etc/permissions/privapp-permissions-qti.xml
01-01 08:00:41.810 D/CompatConfig( 1017): Adding: com.android.server.compat.config.Change@7f1c0da
01-01 08:00:41.811 D/CompatConfig( 1017): Adding: com.android.server.compat.config.Change@d4db90b
01-01 08:00:41.811 I/SystemConfig( 1017): Reading permissions from /system/etc/permissions/javax.obex.xml
01-01 08:00:41.812 D/CompatConfig( 1017): Adding: com.android.server.compat.config.Change@9039a01
01-01 08:00:41.812 D/CompatConfig( 1017): Adding: com.android.server.compat.config.Change@d3b10a6
01-01 08:00:41.813 D/CompatConfig( 1017): Adding: com.android.server.compat.config.Change@79cdae7
01-01 08:00:41.813 I/SystemConfig( 1017): Reading permissions from /system/etc/permissions/com.android.documentsui.xml
01-01 08:00:41.814 D/CompatConfig( 1017): Adding: com.android.server.compat.config.Change@30ed53d
01-01 08:00:41.814 D/CompatConfig( 1017): Adding: com.android.server.compat.config.Change@c779132
01-01 08:00:41.814 D/CompatConfig( 1017): Adding: com.android.server.compat.config.Change@bd23e83
01-01 08:00:41.815 I/SystemConfig( 1017): Reading permissions from /system/etc/permissions/com.thundercomm.tcservice.xml
01-01 08:00:41.815 D/CompatConfig( 1017): Adding: com.android.server.compat.config.Change@b988839
01-01 08:00:41.815 D/CompatConfig( 1017): Adding: com.android.server.compat.config.Change@e898e7e
01-01 08:00:41.816 I/SystemConfig( 1017): Reading permissions from /system/etc/permissions/com.baidu.input.xml
01-01 08:00:41.816 D/CompatConfig( 1017): Adding: com.android.server.compat.config.Change@1bb542c
01-01 08:00:41.817 I/SystemConfig( 1017): Reading permissions from /system/etc/permissions/org.apache.http.legacy.xml
01-01 08:00:41.817 D/CompatConfig( 1017): Adding: com.android.server.compat.config.Change@62c148a
01-01 08:00:41.817 D/CompatConfig( 1017): Adding: com.android.server.compat.config.Change@bc2fafb
01-01 08:00:41.818 I/SystemConfig( 1017): Reading permissions from /system/etc/permissions/android.test.runner.xml
01-01 08:00:41.818 D/CompatConfig( 1017): Adding: com.android.server.compat.config.Change@aa60571
01-01 08:00:41.818 D/CompatConfig( 1017): Adding: com.android.server.compat.config.Change@4bc4bd7
01-01 08:00:41.819 I/SystemConfig( 1017): Reading permissions from /system/etc/permissions/com.android.future.usb.accessory.xml
01-01 08:00:41.819 D/CompatConfig( 1017): Adding: com.android.server.compat.config.Change@291fcc4
01-01 08:00:41.820 D/CompatConfig( 1017): Adding: com.android.server.compat.config.Change@6c487ad
01-01 08:00:41.820 D/CompatConfig( 1017): Adding: com.android.server.compat.config.Change@fd2aae2
01-01 08:00:41.820 I/SystemConfig( 1017): Reading permissions from /system/etc/permissions/platform.xml
01-01 08:00:41.821 D/CompatConfig( 1017): Adding: com.android.server.compat.config.Change@3142130
01-01 08:00:41.821 D/CompatConfig( 1017): Adding: com.android.server.compat.config.Change@ccef1a9
01-01 08:00:41.822 D/CompatConfig( 1017): Adding: com.android.server.compat.config.Change@374932e
01-01 08:00:41.822 D/CompatConfig( 1017): Adding: com.android.server.compat.config.Change@10edecf
01-01 08:00:41.823 D/CompatConfig( 1017): Adding: com.android.server.compat.config.Change@e52205c
01-01 08:00:41.824 D/CompatConfig( 1017): Adding: com.android.server.compat.config.Change@1fbff65
01-01 08:00:41.825 D/CompatConfig( 1017): Adding: com.android.server.compat.config.Change@d3ab43a
01-01 08:00:41.825 I/SystemConfig( 1017): Reading permissions from /vendor/etc/permissions/android.hardware.sensor.ambient_temperature.xml
01-01 08:00:41.826 D/CompatConfig( 1017): Adding: com.android.server.compat.config.Change@20ee648
01-01 08:00:41.827 D/CompatConfig( 1017): Adding: com.android.server.compat.config.Change@e322ce1
01-01 08:00:41.827 I/SystemConfig( 1017): Reading permissions from /vendor/etc/permissions/android.hardware.bluetooth_le.xml
01-01 08:00:41.828 D/CompatConfig( 1017): Found a config file: /system/etc/compatconfig/framework-platform-compat-config.xml
01-01 08:00:41.828 I/SystemConfig( 1017): Reading permissions from /vendor/etc/permissions/android.hardware.location.gps.xml
01-01 08:00:41.830 D/CompatConfig( 1017): Adding: com.android.server.compat.config.Change@743b61d
01-01 08:00:41.830 I/SystemConfig( 1017): Reading permissions from /vendor/etc/permissions/android.hardware.sensor.accelerometer.xml
01-01 08:00:41.831 D/CompatConfig( 1017): Adding: com.android.server.compat.config.Change@2893a63
01-01 08:00:41.831 D/CompatConfig( 1017): Adding: com.android.server.compat.config.Change@fca3660
01-01 08:00:41.832 D/CompatConfig( 1017): Adding: com.android.server.compat.config.Change@3ea9719
01-01 08:00:41.832 I/SystemConfig( 1017): Reading permissions from /vendor/etc/permissions/android.software.vulkan.deqp.level.xml
01-01 08:00:41.833 D/CompatConfig( 1017): Adding: com.android.server.compat.config.Change@dcb19bf
01-01 08:00:41.834 D/CompatConfig( 1017): Adding: com.android.server.compat.config.Change@a0c588c
01-01 08:00:41.835 D/CompatConfig( 1017): Adding: com.android.server.compat.config.Change@2848bd5
01-01 08:00:41.836 D/CompatConfig( 1017): Adding: com.android.server.compat.config.Change@c89fea
01-01 08:00:41.837 D/CompatConfig( 1017): Adding: com.android.server.compat.config.Change@f2192db
01-01 08:00:41.837 D/CompatConfig( 1017): Adding: com.android.server.compat.config.Change@c6c7178
01-01 08:00:41.838 D/CompatConfig( 1017): Adding: com.android.server.compat.config.Change@f8f1051
01-01 08:00:41.839 D/CompatConfig( 1017): Adding: com.android.server.compat.config.Change@688d0b6
01-01 08:00:41.839 D/CompatConfig( 1017): Adding: com.android.server.compat.config.Change@a9c81b7
01-01 08:00:41.840 D/CompatConfig( 1017): Adding: com.android.server.compat.config.Change@eb32d24
01-01 08:00:41.841 D/CompatConfig( 1017): Adding: com.android.server.compat.config.Change@d494242
01-01 08:00:41.841 I/SystemConfig( 1017): Reading permissions from /vendor/etc/permissions/vendor-qti-hardware-sensorscalibrate.xml
01-01 08:00:41.841 D/CompatConfig( 1017): Adding: com.android.server.compat.config.Change@b6d8253
01-01 08:00:41.842 D/CompatConfig( 1017): Adding: com.android.server.compat.config.Change@a87f790
01-01 08:00:41.842 D/CompatConfig( 1017): Adding: com.android.server.compat.config.Change@2b27889
01-01 08:00:41.842 I/SystemConfig( 1017): Reading permissions from /vendor/etc/permissions/qti_fingerprint_interface.xml
01-01 08:00:41.843 D/CompatConfig( 1017): Adding: com.android.server.compat.config.Change@443f0af
01-01 08:00:41.844 D/CompatConfig( 1017): Adding: com.android.server.compat.config.Change@a9cfcbc
01-01 08:00:41.844 I/SystemConfig( 1017): Reading permissions from /vendor/etc/permissions/android.hardware.sensor.relative_humidity.xml
01-01 08:00:41.844 D/CompatConfig( 1017): Adding: com.android.server.compat.config.Change@540d79a
01-01 08:00:41.845 D/CompatConfig( 1017): Adding: com.android.server.compat.config.Change@968e8cb
01-01 08:00:41.845 I/SystemConfig( 1017): Reading permissions from /vendor/etc/permissions/android.hardware.bluetooth.xml
01-01 08:00:41.845 D/CompatConfig( 1017): Adding: com.android.server.compat.config.Change@263afc1
01-01 08:00:41.846 I/SystemConfig( 1017): Reading permissions from /vendor/etc/permissions/handheld_core_hardware.xml
01-01 08:00:41.846 D/CompatConfig( 1017): Adding: com.android.server.compat.config.Change@9b46a7
01-01 08:00:41.847 D/CompatConfig( 1017): Adding: com.android.server.compat.config.Change@dce2754
01-01 08:00:41.847 I/SystemConfig( 1017): Reading permissions from /vendor/etc/permissions/android.hardware.vulkan.version-1_1.xml
01-01 08:00:41.847 D/CompatConfig( 1017): Adding: com.android.server.compat.config.Change@c3abff2
01-01 08:00:41.848 I/SystemConfig( 1017): Reading permissions from /vendor/etc/permissions/android.hardware.fingerprint.xml
01-01 08:00:41.848 D/CompatConfig( 1017): Adding: com.android.server.compat.config.Change@a9064c0
01-01 08:00:41.849 D/CompatConfig( 1017): Adding: com.android.server.compat.config.Change@aad95f9
01-01 08:00:41.849 I/SystemConfig( 1017): Reading permissions from /vendor/etc/permissions/android.hardware.wifi.passpoint.xml
01-01 08:00:41.849 D/CompatConfig( 1017): Adding: com.android.server.compat.config.Change@ad8639f
01-01 08:00:41.850 I/SystemConfig( 1017): Reading permissions from /vendor/etc/permissions/android.hardware.usb.host.xml
01-01 08:00:41.850 D/CompatConfig( 1017): Adding: com.android.server.compat.config.Change@b2898b5
01-01 08:00:41.850 D/CompatConfig( 1017): Adding: com.android.server.compat.config.Change@fce5b4a
01-01 08:00:41.851 I/SystemConfig( 1017): Reading permissions from /vendor/etc/permissions/android.hardware.vulkan.level-1.xml
01-01 08:00:41.851 D/CompatConfig( 1017): Adding: com.android.server.compat.config.Change@b3e0bd8
01-01 08:00:41.851 I/SystemConfig( 1017): Reading permissions from /vendor/etc/permissions/android.hardware.wifi.xml
01-01 08:00:41.852 D/CompatConfig( 1017): Adding: com.android.server.compat.config.Change@21ee216
01-01 08:00:41.852 D/CompatConfig( 1017): Adding: com.android.server.compat.config.Change@30d2797
01-01 08:00:41.852 I/SystemConfig( 1017): Reading permissions from /vendor/etc/permissions/android.hardware.audio.low_latency.xml
01-01 08:00:41.853 I/SystemConfig( 1017): Reading permissions from /vendor/etc/permissions/vendor.qti.hardware.factory.xml
01-01 08:00:41.853 D/CompatConfig( 1017): Adding: com.android.server.compat.config.Change@d1f09a2
01-01 08:00:41.854 D/CompatConfig( 1017): Adding: com.android.server.compat.config.Change@72a633
01-01 08:00:41.854 I/SystemConfig( 1017): Reading permissions from /vendor/etc/permissions/android.hardware.usb.accessory.xml
01-01 08:00:41.854 D/CompatConfig( 1017): Adding: com.android.server.compat.config.Change@d22ef69
01-01 08:00:41.855 D/CompatConfig( 1017): Adding: com.android.server.compat.config.Change@1081dee
01-01 08:00:41.855 I/SystemConfig( 1017): Reading permissions from /vendor/etc/permissions/android.hardware.sensor.compass.xml
01-01 08:00:41.855 D/CompatConfig( 1017): Adding: com.android.server.compat.config.Change@ecd891c
01-01 08:00:41.856 D/CompatConfig( 1017): Adding: com.android.server.compat.config.Change@4f21925
01-01 08:00:41.856 I/SystemConfig( 1017): Reading permissions from /vendor/etc/permissions/android.hardware.audio.pro.xml
01-01 08:00:41.856 D/CompatConfig( 1017): Adding: com.android.server.compat.config.Change@1b2a8ab
01-01 08:00:41.857 I/SystemConfig( 1017): Reading permissions from /vendor/etc/permissions/android.software.device_id_attestation.xml
01-01 08:00:41.857 D/CompatConfig( 1017): Adding: com.android.server.compat.config.Change@1d022a1
01-01 08:00:41.858 D/CompatConfig( 1017): Adding: com.android.server.compat.config.Change@9b1fcc6
01-01 08:00:41.858 D/CompatConfig( 1017): Adding: com.android.server.compat.config.Change@2f12487
01-01 08:00:41.859 I/SystemConfig( 1017): Reading permissions from /vendor/etc/permissions/android.software.ipsec_tunnels.xml
01-01 08:00:41.859 D/CompatConfig( 1017): Adding: com.android.server.compat.config.Change@42b47dd
01-01 08:00:41.860 I/SystemConfig( 1017): Reading permissions from /vendor/etc/permissions/android.hardware.vulkan.compute-0.xml
01-01 08:00:41.860 I/SystemConfig( 1017): Reading permissions from /vendor/etc/permissions/android.hardware.touchscreen.multitouch.jazzhand.xml
01-01 08:00:41.861 I/SystemConfig( 1017): Reading permissions from /vendor/etc/permissions/android.hardware.light.xml
01-01 08:00:41.862 I/SystemConfig( 1017): Reading permissions from /vendor/etc/permissions/android.software.verified_boot.xml
01-01 08:00:41.863 I/SystemConfig( 1017): Reading permissions from /vendor/etc/permissions/android.hardware.se.omapi.ese.xml
01-01 08:00:41.865 D/CompatConfig( 1017): Adding: com.android.server.compat.config.Change@e901d7f
01-01 08:00:41.865 I/SystemConfig( 1017): Reading permissions from /vendor/etc/permissions/android.hardware.wifi.aware.xml
01-01 08:00:41.865 D/CompatConfig( 1017): Adding: com.android.server.compat.config.Change@7149595
01-01 08:00:41.866 I/SystemConfig( 1017): Reading permissions from /vendor/etc/permissions/android.hardware.wifi.direct.xml
01-01 08:00:41.866 D/CompatConfig( 1017): Adding: com.android.server.compat.config.Change@f93129b
01-01 08:00:41.867 I/SystemConfig( 1017): Reading permissions from /vendor/etc/permissions/android.software.midi.xml
01-01 08:00:41.858 E/msm-dcc 1023000.dcc_v2( 0): DCC is not ready Disabling DCC...
01-01 08:00:41.867 D/CompatConfig( 1017): Adding: com.android.server.compat.config.Change@c75f611
01-01 08:00:41.867 I/SystemConfig( 1017): Reading permissions from /vendor/etc/permissions/android.hardware.sensor.gyroscope.xml
01-01 08:00:41.868 D/CompatConfig( 1017): Adding: com.android.server.compat.config.Change@f063d77
01-01 08:00:41.868 I/SystemConfig( 1017): Reading permissions from /vendor/etc/permissions/android.hardware.wifi.rtt.xml
01-01 08:00:41.869 D/CompatConfig( 1017): Adding: com.android.server.compat.config.Change@1b2e24d
01-01 08:00:41.869 I/SystemConfig( 1017): Reading permissions from /vendor/etc/permissions/android.hardware.sensor.hifi_sensors.xml
01-01 08:00:41.869 D/CompatConfig( 1017): Adding: com.android.server.compat.config.Change@1173a13
01-01 08:00:41.870 I/SystemConfig( 1017): Reading permissions from /vendor/etc/permissions/android.hardware.opengles.aep.xml
01-01 08:00:41.870 D/CompatConfig( 1017): Adding: com.android.server.compat.config.Change@5585649
01-01 08:00:41.870 I/SystemConfig( 1017): Reading permissions from /vendor/etc/permissions/android.hardware.se.omapi.uicc.xml
01-01 08:00:41.871 D/CompatConfig( 1017): Adding: com.android.server.compat.config.Change@531646f
01-01 08:00:41.871 D/CompatConfig( 1017): Adding: com.android.server.compat.config.Change@7c70e05
01-01 08:00:41.871 I/SystemConfig( 1017): Reading permissions from /vendor/etc/permissions/android.hardware.sensor.barometer.xml
01-01 08:00:41.872 D/CompatConfig( 1017): Adding: com.android.server.compat.config.Change@2e4ae5a
01-01 08:00:41.873 D/CompatConfig( 1017): Adding: com.android.server.compat.config.Change@c19d88b
01-01 08:00:41.874 I/SystemConfig( 1017): Reading permissions from /product/etc/sysconfig/preinstalled-packages-platform-handheld-product.xml
01-01 08:00:41.874 D/CompatConfig( 1017): Adding: com.android.server.compat.config.Change@4af8581
01-01 08:00:41.875 I/SystemConfig( 1017): Reading permissions from /product/etc/sysconfig/preinstalled-packages-platform-overlays.xml
01-01 08:00:41.876 D/CompatConfig( 1017): Found a config file: /system/system_ext/etc/compatconfig/settings-platform-compat-config.xml
