01-01 09:47:11.794 I/libprocessgroup( 0): Successfully killed process cgroup uid 0 pid 10038 in 0ms
01-01 09:47:11.876 W/audit ( 0): audit_lost=3294 audit_rate_limit=5 audit_backlog_limit=64
01-01 09:47:11.905 E/audit ( 0): rate limit exceeded
01-01 09:47:14.059 I/[schedu][0x1cc3327f14][11:09:03.777731] wlan( 0): [2762:I:OSIF] scan start scan id 41023
01-01 09:47:16.315 I/[schedu][0x1cc5c77f57][11:09:06.033946] wlan( 0): [2762:I:OSIF] vdev 0, scan id 41023 type COMPLETED(1) reason COMPLETED(1) scan found 48 bss
01-01 09:47:16.585 I/init ( 0): starting service 'hht_ota_mgr_service'...
01-01 09:47:16.802 I/init ( 0): Service 'hht_ota_mgr_service' (pid 10043) exited with status 0
01-01 09:47:16.826 I/init ( 0): Sending signal 9 to service 'hht_ota_mgr_service' (pid 10043) process group...
01-01 09:47:16.835 I/libprocessgroup( 0): Successfully killed process cgroup uid 0 pid 10043 in 0ms
01-01 09:47:21.623 I/init ( 0): starting service 'hht_ota_mgr_service'...
01-01 09:47:21.832 I/init ( 0): Service 'hht_ota_mgr_service' (pid 10044) exited with status 0
01-01 09:47:21.859 I/init ( 0): Sending signal 9 to service 'hht_ota_mgr_service' (pid 10044) process group...
01-01 09:47:21.869 I/libprocessgroup( 0): Successfully killed process cgroup uid 0 pid 10044 in 0ms
01-01 09:47:24.104 I/[schedu][0x1cceb14f0f][11:09:13.822529] wlan( 0): [2762:I:OSIF] scan start scan id 41024
01-01 09:47:26.319 I/[schedu][0x1cd13a725f][11:09:16.038255] wlan( 0): [2762:I:OSIF] vdev 0, scan id 41024 type COMPLETED(1) reason COMPLETED(1) scan found 36 bss
01-01 09:47:26.671 I/init ( 0): starting service 'hht_ota_mgr_service'...
01-01 09:47:26.883 I/init ( 0): Service 'hht_ota_mgr_service' (pid 10048) exited with status 0
01-01 09:47:26.907 I/init ( 0): Sending signal 9 to service 'hht_ota_mgr_service' (pid 10048) process group...
01-01 09:47:26.917 I/libprocessgroup( 0): Successfully killed process cgroup uid 0 pid 10048 in 0ms
01-01 09:47:29.640 I/qcom_rpmh DRV( 0): apps_rsc TCS Busy, retrying RPMH message send: addr=0x50000
01-01 09:47:30.831 W/audit ( 0): audit_lost=3296 audit_rate_limit=5 audit_backlog_limit=64
01-01 09:47:30.839 E/audit ( 0): rate limit exceeded
01-01 09:47:31.716 I/init ( 0): starting service 'hht_ota_mgr_service'...
01-01 09:47:31.923 I/init ( 0): Service 'hht_ota_mgr_service' (pid 10054) exited with status 0
01-01 09:47:31.948 I/init ( 0): Sending signal 9 to service 'hht_ota_mgr_service' (pid 10054) process group...
01-01 09:47:31.958 I/libprocessgroup( 0): Successfully killed process cgroup uid 0 pid 10054 in 0ms
01-01 09:47:31.967 W/audit ( 0): audit_lost=3304 audit_rate_limit=5 audit_backlog_limit=64
01-01 09:47:31.967 E/audit ( 0): rate limit exceeded
01-01 09:47:34.154 I/[schedu][0x1cda3194f3][11:09:23.872314] wlan( 0): [2762:I:OSIF] scan start scan id 41025
01-01 09:47:36.396 I/[schedu][0x1cdcc2a5ef][11:09:26.115182] wlan( 0): [2762:I:OSIF] vdev 0, scan id 41025 type COMPLETED(1) reason COMPLETED(1) scan found 37 bss
01-01 09:47:36.762 I/init ( 0): starting service 'hht_ota_mgr_service'...
01-01 09:47:36.962 I/init ( 0): Service 'hht_ota_mgr_service' (pid 10059) exited with status 0
01-01 09:47:36.986 I/init ( 0): Sending signal 9 to service 'hht_ota_mgr_service' (pid 10059) process group...
01-01 09:47:37.012 I/libprocessgroup( 0): Successfully killed process cgroup uid 0 pid 10059 in 0ms
01-01 09:47:37.967 W/audit ( 0): audit_lost=3305 audit_rate_limit=5 audit_backlog_limit=64
01-01 09:47:37.996 E/audit ( 0): rate limit exceeded
01-01 09:47:41.788 I/init ( 0): starting service 'hht_ota_mgr_service'...
01-01 09:47:42.001 I/init ( 0): Service 'hht_ota_mgr_service' (pid 10064) exited with status 0
01-01 09:47:42.027 I/init ( 0): Sending signal 9 to service 'hht_ota_mgr_service' (pid 10064) process group...
01-01 09:47:42.037 I/libprocessgroup( 0): Successfully killed process cgroup uid 0 pid 10064 in 1ms
01-01 09:47:44.197 I/[schedu][0x1ce5afed35][11:09:33.915520] wlan( 0): [2762:I:OSIF] scan start scan id 41026
01-01 09:47:46.569 I/[schedu][0x1ce8670eb1][11:09:36.288231] wlan( 0): [2762:I:OSIF] vdev 0, scan id 41026 type COMPLETED(1) reason COMPLETED(1) scan found 35 bss
01-01 09:47:46.830 I/init ( 0): starting service 'hht_ota_mgr_service'...
01-01 09:47:47.042 I/init ( 0): Service 'hht_ota_mgr_service' (pid 10066) exited with status 0
01-01 09:47:47.066 I/init ( 0): Sending signal 9 to service 'hht_ota_mgr_service' (pid 10066) process group...
01-01 09:47:47.075 I/libprocessgroup( 0): Successfully killed process cgroup uid 0 pid 10066 in 0ms
01-01 09:47:51.879 I/init ( 0): starting service 'hht_ota_mgr_service'...
01-01 09:47:52.076 I/init ( 0): Service 'hht_ota_mgr_service' (pid 10070) exited with status 0
01-01 09:47:52.099 I/init ( 0): Sending signal 9 to service 'hht_ota_mgr_service' (pid 10070) process group...
01-01 09:47:52.109 I/libprocessgroup( 0): Successfully killed process cgroup uid 0 pid 10070 in 0ms
01-01 09:47:54.240 I/[schedu][0x1cf12e610b][11:09:43.959089] wlan( 0): [2762:I:OSIF] scan start scan id 41027
01-01 09:47:56.618 I/[schedu][0x1cf3e71567][11:09:46.337173] wlan( 0): [2762:I:OSIF] vdev 0, scan id 41027 type COMPLETED(1) reason COMPLETED(1) scan found 37 bss
01-01 09:47:56.918 I/init ( 0): starting service 'hht_ota_mgr_service'...
01-01 09:47:57.123 I/init ( 0): Service 'hht_ota_mgr_service' (pid 10071) exited with status 0
01-01 09:47:57.147 I/init ( 0): Sending signal 9 to service 'hht_ota_mgr_service' (pid 10071) process group...
01-01 09:47:57.158 I/libprocessgroup( 0): Successfully killed process cgroup uid 0 pid 10071 in 1ms
01-01 09:48:01.966 I/init ( 0): starting service 'hht_ota_mgr_service'...
01-01 09:48:02.165 I/init ( 0): Service 'hht_ota_mgr_service' (pid 10076) exited with status 0
01-01 09:48:02.188 I/init ( 0): Sending signal 9 to service 'hht_ota_mgr_service' (pid 10076) process group...
01-01 09:48:02.197 I/libprocessgroup( 0): Successfully killed process cgroup uid 0 pid 10076 in 0ms
01-01 09:48:04.273 I/[schedu][0x1cfca9bfcb][11:09:53.992140] wlan( 0): [2762:I:OSIF] scan start scan id 41028
01-01 09:48:06.334 I/[schedu][0x1cff05708f][11:09:56.052736] wlan( 0): [2762:I:OSIF] vdev 0, scan id 41028 type COMPLETED(1) reason COMPLETED(1) scan found 51 bss
01-01 09:48:07.011 I/init ( 0): starting service 'hht_ota_mgr_service'...
01-01 09:48:07.204 I/init ( 0): Service 'hht_ota_mgr_service' (pid 10079) exited with status 0
01-01 09:48:07.228 I/init ( 0): Sending signal 9 to service 'hht_ota_mgr_service' (pid 10079) process group...
01-01 09:48:07.238 I/libprocessgroup( 0): Successfully killed process cgroup uid 0 pid 10079 in 0ms
01-01 09:48:12.039 I/init ( 0): starting service 'hht_ota_mgr_service'...
01-01 09:48:12.242 I/init ( 0): Service 'hht_ota_mgr_service' (pid 10084) exited with status 0
01-01 09:48:12.265 I/init ( 0): Sending signal 9 to service 'hht_ota_mgr_service' (pid 10084) process group...
01-01 09:48:12.276 I/libprocessgroup( 0): Successfully killed process cgroup uid 0 pid 10084 in 0ms
01-01 09:48:14.276 I/[schedu][0x1d081c2a01][11:10:03.994623] wlan( 0): [2762:I:OSIF] scan start scan id 41029
01-01 09:48:16.597 I/[schedu][0x1d0ac4229d][11:10:06.315589] wlan( 0): [2762:I:OSIF] vdev 0, scan id 41029 type COMPLETED(1) reason COMPLETED(1) scan found 50 bss
01-01 09:48:17.085 I/init ( 0): starting service 'hht_ota_mgr_service'...
01-01 09:48:17.282 I/init ( 0): Service 'hht_ota_mgr_service' (pid 10085) exited with status 0
01-01 09:48:17.305 I/init ( 0): Sending signal 9 to service 'hht_ota_mgr_service' (pid 10085) process group...
01-01 09:48:17.316 I/libprocessgroup( 0): Successfully killed process cgroup uid 0 pid 10085 in 0ms
01-01 09:48:22.128 I/init ( 0): starting service 'hht_ota_mgr_service'...
01-01 09:48:22.326 I/init ( 0): Service 'hht_ota_mgr_service' (pid 10089) exited with status 0
01-01 09:48:22.349 I/init ( 0): Sending signal 9 to service 'hht_ota_mgr_service' (pid 10089) process group...
01-01 09:48:22.359 I/libprocessgroup( 0): Successfully killed process cgroup uid 0 pid 10089 in 0ms
01-01 09:48:24.312 I/[schedu][0x1d13987378][11:10:14.030800] wlan( 0): [2762:I:OSIF] scan start scan id 41030
01-01 09:48:26.693 I/[schedu][0x1d1651e5be][11:10:16.411418] wlan( 0): [2762:I:OSIF] vdev 0, scan id 41030 type COMPLETED(1) reason COMPLETED(1) scan found 49 bss
01-01 09:48:27.169 I/init ( 0): starting service 'hht_ota_mgr_service'...
01-01 09:48:27.381 I/init ( 0): Service 'hht_ota_mgr_service' (pid 10093) exited with status 0
01-01 09:48:27.393 I/init ( 0): Sending signal 9 to service 'hht_ota_mgr_service' (pid 10093) process group...
01-01 09:48:27.403 I/libprocessgroup( 0): Successfully killed process cgroup uid 0 pid 10093 in 0ms
01-01 09:48:28.608 I/[dp_rx_][0x1d18830387][11:10:18.326699] wlan( 0): [2793:I:QDF] DHCP-R RX: SA:04:7f:0e:5e:91:85 DA:ff:ff:ff:ff:ff:ff
01-01 09:48:32.199 I/init ( 0): starting service 'hht_ota_mgr_service'...
01-01 09:48:32.403 I/init ( 0): Service 'hht_ota_mgr_service' (pid 10095) exited with status 0
01-01 09:48:32.427 I/init ( 0): Sending signal 9 to service 'hht_ota_mgr_service' (pid 10095) process group...
01-01 09:48:32.438 I/libprocessgroup( 0): Successfully killed process cgroup uid 0 pid 10095 in 2ms
01-01 09:48:34.349 I/[schedu][0x1d1f14df91][11:10:24.067444] wlan( 0): [2762:I:OSIF] scan start scan id 41031
01-01 09:48:36.794 I/[schedu][0x1d21e15499][11:10:26.512949] wlan( 0): [2762:I:OSIF] vdev 0, scan id 41031 type COMPLETED(1) reason COMPLETED(1) scan found 56 bss
01-01 09:48:37.244 I/init ( 0): starting service 'hht_ota_mgr_service'...
01-01 09:48:37.426 I/init ( 0): Service 'hht_ota_mgr_service' (pid 10099) exited with status 0
01-01 09:48:37.451 I/init ( 0): Sending signal 9 to service 'hht_ota_mgr_service' (pid 10099) process group...
01-01 09:48:37.462 I/libprocessgroup( 0): Successfully killed process cgroup uid 0 pid 10099 in 0ms
01-01 09:48:42.270 I/init ( 0): starting service 'hht_ota_mgr_service'...
01-01 09:48:42.480 I/init ( 0): Service 'hht_ota_mgr_service' (pid 10100) exited with status 0
01-01 09:48:42.489 I/init ( 0): Sending signal 9 to service 'hht_ota_mgr_service' (pid 10100) process group...
01-01 09:48:42.499 I/libprocessgroup( 0): Successfully killed process cgroup uid 0 pid 10100 in 0ms
01-01 09:48:44.354 I/[schedu][0x1d2a8815bc][11:10:34.072644] wlan( 0): [2762:I:OSIF] scan start scan id 41032
01-01 09:48:46.693 I/[schedu][0x1d2d3572e0][11:10:36.412019] wlan( 0): [2762:I:OSIF] vdev 0, scan id 41032 type COMPLETED(1) reason COMPLETED(1) scan found 43 bss
01-01 09:48:47.297 I/init ( 0): starting service 'hht_ota_mgr_service'...
01-01 09:48:47.468 I/init ( 0): Service 'hht_ota_mgr_service' (pid 10104) exited with status 0
01-01 09:48:47.493 I/init ( 0): Sending signal 9 to service 'hht_ota_mgr_service' (pid 10104) process group...
01-01 09:48:47.503 I/libprocessgroup( 0): Successfully killed process cgroup uid 0 pid 10104 in 0ms
01-01 09:48:52.328 I/init ( 0): starting service 'hht_ota_mgr_service'...
01-01 09:48:52.527 I/init ( 0): Service 'hht_ota_mgr_service' (pid 10105) exited with status 0
01-01 09:48:52.551 I/init ( 0): Sending signal 9 to service 'hht_ota_mgr_service' (pid 10105) process group...
01-01 09:48:52.560 I/libprocessgroup( 0): Successfully killed process cgroup uid 0 pid 10105 in 0ms
01-01 09:48:54.393 I/[schedu][0x1d36051dbb][11:10:44.111364] wlan( 0): [2762:I:OSIF] scan start scan id 41033
01-01 09:48:56.643 I/[schedu][0x1d38985aeb][11:10:46.361567] wlan( 0): [2762:I:OSIF] vdev 0, scan id 41033 type COMPLETED(1) reason COMPLETED(1) scan found 45 bss
01-01 09:48:57.374 I/init ( 0): starting service 'hht_ota_mgr_service'...
01-01 09:48:57.582 I/init ( 0): Service 'hht_ota_mgr_service' (pid 10110) exited with status 0
01-01 09:48:57.605 I/init ( 0): Sending signal 9 to service 'hht_ota_mgr_service' (pid 10110) process group...
01-01 09:48:57.615 I/libprocessgroup( 0): Successfully killed process cgroup uid 0 pid 10110 in 0ms
01-01 09:49:02.414 I/init ( 0): starting service 'hht_ota_mgr_service'...
01-01 09:49:02.624 I/init ( 0): Service 'hht_ota_mgr_service' (pid 10113) exited with status 0
01-01 09:49:02.649 I/init ( 0): Sending signal 9 to service 'hht_ota_mgr_service' (pid 10113) process group...
01-01 09:49:02.659 I/libprocessgroup( 0): Successfully killed process cgroup uid 0 pid 10113 in 0ms
01-01 09:49:04.446 I/[schedu][0x1d41866781][11:10:54.164616] wlan( 0): [2762:I:OSIF] scan start scan id 41034
01-01 09:49:06.772 I/[schedu][0x1d442fe3cf][11:10:56.490753] wlan( 0): [2762:I:OSIF] vdev 0, scan id 41034 type COMPLETED(1) reason COMPLETED(1) scan found 42 bss
01-01 09:49:07.466 I/init ( 0): starting service 'hht_ota_mgr_service'...
01-01 09:49:07.680 I/init ( 0): Service 'hht_ota_mgr_service' (pid 10117) exited with status 0
01-01 09:49:07.704 I/init ( 0): Sending signal 9 to service 'hht_ota_mgr_service' (pid 10117) process group...
01-01 09:49:07.714 I/libprocessgroup( 0): Successfully killed process cgroup uid 0 pid 10117 in 0ms
01-01 09:49:12.506 I/init ( 0): starting service 'hht_ota_mgr_service'...
01-01 09:49:12.706 I/init ( 0): Service 'hht_ota_mgr_service' (pid 10121) exited with status 0
01-01 09:49:12.729 I/init ( 0): Sending signal 9 to service 'hht_ota_mgr_service' (pid 10121) process group...
01-01 09:49:12.739 I/libprocessgroup( 0): Successfully killed process cgroup uid 0 pid 10121 in 0ms
01-01 09:49:14.493 I/[schedu][0x1d4d05dc03][11:11:04.211610] wlan( 0): [2762:I:OSIF] scan start scan id 41035
01-01 09:49:17.009 I/[schedu][0x1d4fe7270f][11:11:06.728236] wlan( 0): [2762:I:OSIF] vdev 0, scan id 41035 type COMPLETED(1) reason COMPLETED(1) scan found 55 bss
01-01 09:49:17.542 I/init ( 0): starting service 'hht_ota_mgr_service'...
01-01 09:49:17.735 I/init ( 0): Service 'hht_ota_mgr_service' (pid 10124) exited with status 0
01-01 09:49:17.758 I/init ( 0): Sending signal 9 to service 'hht_ota_mgr_service' (pid 10124) process group...
01-01 09:49:17.767 I/libprocessgroup( 0): Successfully killed process cgroup uid 0 pid 10124 in 0ms
01-01 09:49:22.563 I/init ( 0): starting service 'hht_ota_mgr_service'...
01-01 09:49:22.770 I/init ( 0): Service 'hht_ota_mgr_service' (pid 10128) exited with status 0
01-01 09:49:22.794 I/init ( 0): Sending signal 9 to service 'hht_ota_mgr_service' (pid 10128) process group...
01-01 09:49:22.804 I/libprocessgroup( 0): Successfully killed process cgroup uid 0 pid 10128 in 0ms
01-01 09:49:24.525 I/[schedu][0x1d5880dc75][11:11:14.243401] wlan( 0): [2762:I:OSIF] scan start scan id 41036
01-01 09:49:26.683 I/[schedu][0x1d5af930a0][11:11:16.401752] wlan( 0): [2762:I:OSIF] vdev 0, scan id 41036 type COMPLETED(1) reason COMPLETED(1) scan found 55 bss
01-01 09:49:27.591 I/init ( 0): starting service 'hht_ota_mgr_service'...
01-01 09:49:27.794 I/init ( 0): Service 'hht_ota_mgr_service' (pid 10130) exited with status 0
01-01 09:49:27.817 I/init ( 0): Sending signal 9 to service 'hht_ota_mgr_service' (pid 10130) process group...
01-01 09:49:27.827 I/libprocessgroup( 0): Successfully killed process cgroup uid 0 pid 10130 in 0ms
01-01 09:49:32.626 I/init ( 0): starting service 'hht_ota_mgr_service'...
01-01 09:49:32.834 I/init ( 0): Service 'hht_ota_mgr_service' (pid 10134) exited with status 0
01-01 09:49:32.857 I/init ( 0): Sending signal 9 to service 'hht_ota_mgr_service' (pid 10134) process group...
01-01 09:49:32.867 I/libprocessgroup( 0): Successfully killed process cgroup uid 0 pid 10134 in 0ms
01-01 09:49:34.546 I/[schedu][0x1d63f8e045][11:11:24.265000] wlan( 0): [2762:I:OSIF] scan start scan id 41037
01-01 09:49:36.867 I/[schedu][0x1d66a0c042][11:11:26.585638] wlan( 0): [2762:I:OSIF] vdev 0, scan id 41037 type COMPLETED(1) reason COMPLETED(1) scan found 38 bss
01-01 09:49:37.672 I/init ( 0): starting service 'hht_ota_mgr_service'...
01-01 09:49:37.871 I/init ( 0): Service 'hht_ota_mgr_service' (pid 10135) exited with status 0
01-01 09:49:37.895 I/init ( 0): Sending signal 9 to service 'hht_ota_mgr_service' (pid 10135) process group...
01-01 09:49:37.905 I/libprocessgroup( 0): Successfully killed process cgroup uid 0 pid 10135 in 0ms
01-01 09:49:42.711 I/init ( 0): starting service 'hht_ota_mgr_service'...
01-01 09:49:42.913 I/init ( 0): Service 'hht_ota_mgr_service' (pid 10139) exited with status 0
01-01 09:49:42.936 I/init ( 0): Sending signal 9 to service 'hht_ota_mgr_service' (pid 10139) process group...
01-01 09:49:42.946 I/libprocessgroup( 0): Successfully killed process cgroup uid 0 pid 10139 in 0ms
01-01 09:49:44.601 I/[schedu][0x1d6f7a8665][11:11:34.319482] wlan( 0): [2762:I:OSIF] scan start scan id 41038
01-01 09:49:46.957 I/[schedu][0x1d722ccb42][11:11:36.675600] wlan( 0): [2762:I:OSIF] vdev 0, scan id 41038 type COMPLETED(1) reason COMPLETED(1) scan found 44 bss
01-01 09:49:47.749 I/init ( 0): starting service 'hht_ota_mgr_service'...
01-01 09:49:47.940 I/init ( 0): Service 'hht_ota_mgr_service' (pid 10140) exited with status 0
01-01 09:49:47.962 I/init ( 0): Sending signal 9 to service 'hht_ota_mgr_service' (pid 10140) process group...
01-01 09:49:47.972 I/libprocessgroup( 0): Successfully killed process cgroup uid 0 pid 10140 in 0ms
01-01 09:49:52.776 I/init ( 0): starting service 'hht_ota_mgr_service'...
01-01 09:49:52.975 I/init ( 0): Service 'hht_ota_mgr_service' (pid 10145) exited with status 0
01-01 09:49:52.993 I/init ( 0): Sending signal 9 to service 'hht_ota_mgr_service' (pid 10145) process group...
01-01 09:49:53.023 I/libprocessgroup( 0): Successfully killed process cgroup uid 0 pid 10145 in 0ms
01-01 09:49:54.644 I/[schedu][0x1d7af8fcfc][11:11:44.363088] wlan( 0): [2762:I:OSIF] scan start scan id 41039
01-01 09:49:56.890 I/[schedu][0x1d7d8b0c21][11:11:46.609263] wlan( 0): [2762:I:OSIF] vdev 0, scan id 41039 type COMPLETED(1) reason COMPLETED(1) scan found 43 bss
01-01 09:49:57.815 I/init ( 0): starting service 'hht_ota_mgr_service'...
01-01 09:49:58.018 I/init ( 0): Service 'hht_ota_mgr_service' (pid 10149) exited with status 0
01-01 09:49:58.042 I/init ( 0): Sending signal 9 to service 'hht_ota_mgr_service' (pid 10149) process group...
01-01 09:49:58.052 I/libprocessgroup( 0): Successfully killed process cgroup uid 0 pid 10149 in 0ms
01-01 09:50:02.856 I/init ( 0): starting service 'hht_ota_mgr_service'...
01-01 09:50:03.059 I/init ( 0): Service 'hht_ota_mgr_service' (pid 10150) exited with status 0
01-01 09:50:03.083 I/init ( 0): Sending signal 9 to service 'hht_ota_mgr_service' (pid 10150) process group...
01-01 09:50:03.093 I/libprocessgroup( 0): Successfully killed process cgroup uid 0 pid 10150 in 0ms
01-01 09:50:04.689 I/[schedu][0x1d8677e347][11:11:54.408185] wlan( 0): [2762:I:OSIF] scan start scan id 41040
01-01 09:50:07.085 I/[schedu][0x1d8935bda4][11:11:56.803845] wlan( 0): [2762:I:OSIF] vdev 0, scan id 41040 type COMPLETED(1) reason COMPLETED(1) scan found 41 bss
01-01 09:50:07.894 I/init ( 0): starting service 'hht_ota_mgr_service'...
01-01 09:50:08.099 I/init ( 0): Service 'hht_ota_mgr_service' (pid 10155) exited with status 0
01-01 09:50:08.123 I/init ( 0): Sending signal 9 to service 'hht_ota_mgr_service' (pid 10155) process group...
01-01 09:50:08.133 I/libprocessgroup( 0): Successfully killed process cgroup uid 0 pid 10155 in 0ms
01-01 09:50:12.938 I/init ( 0): starting service 'hht_ota_mgr_service'...
01-01 09:50:13.157 I/init ( 0): Service 'hht_ota_mgr_service' (pid 10156) exited with status 0
01-01 09:50:13.181 I/init ( 0): Sending signal 9 to service 'hht_ota_mgr_service' (pid 10156) process group...
01-01 09:50:13.191 I/libprocessgroup( 0): Successfully killed process cgroup uid 0 pid 10156 in 0ms
01-01 09:50:14.726 I/[schedu][0x1d91f4651f][11:12:04.445124] wlan( 0): [2762:I:OSIF] scan start scan id 41041
01-01 09:50:16.755 I/[schedu][0x1d944697fc][11:12:06.473316] wlan( 0): [2762:I:OSIF] vdev 0, scan id 41041 type COMPLETED(1) reason COMPLETED(1) scan found 49 bss
01-01 09:50:17.988 I/init ( 0): starting service 'hht_ota_mgr_service'...
01-01 09:50:18.182 I/init ( 0): Service 'hht_ota_mgr_service' (pid 10160) exited with status 0
01-01 09:50:18.208 I/init ( 0): Sending signal 9 to service 'hht_ota_mgr_service' (pid 10160) process group...
01-01 09:50:18.219 I/libprocessgroup( 0): Successfully killed process cgroup uid 0 pid 10160 in 0ms
01-01 09:50:23.030 I/init ( 0): starting service 'hht_ota_mgr_service'...
01-01 09:50:23.234 I/init ( 0): Service 'hht_ota_mgr_service' (pid 10161) exited with status 0
01-01 09:50:23.257 I/init ( 0): Sending signal 9 to service 'hht_ota_mgr_service' (pid 10161) process group...
01-01 09:50:23.267 I/libprocessgroup( 0): Successfully killed process cgroup uid 0 pid 10161 in 0ms
01-01 09:50:24.743 I/[schedu][0x1d9d6b126d][11:12:14.462149] wlan( 0): [2762:I:OSIF] scan start scan id 41042
01-01 09:50:27.054 I/[schedu][0x1da00ffd87][11:12:16.772697] wlan( 0): [2762:I:OSIF] vdev 0, scan id 41042 type COMPLETED(1) reason COMPLETED(1) scan found 41 bss
01-01 09:50:28.070 I/init ( 0): starting service 'hht_ota_mgr_service'...
01-01 09:50:28.272 I/init ( 0): Service 'hht_ota_mgr_service' (pid 10165) exited with status 0
01-01 09:50:28.295 I/init ( 0): Sending signal 9 to service 'hht_ota_mgr_service' (pid 10165) process group...
01-01 09:50:28.305 I/libprocessgroup( 0): Successfully killed process cgroup uid 0 pid 10165 in 0ms
01-01 09:50:33.099 I/init ( 0): starting service 'hht_ota_mgr_service'...
01-01 09:50:33.298 I/init ( 0): Service 'hht_ota_mgr_service' (pid 10166) exited with status 0
01-01 09:50:33.322 I/init ( 0): Sending signal 9 to service 'hht_ota_mgr_service' (pid 10166) process group...
01-01 09:50:33.332 I/libprocessgroup( 0): Successfully killed process cgroup uid 0 pid 10166 in 0ms
01-01 09:50:34.780 I/[schedu][0x1da8e7a25d][11:12:24.499266] wlan( 0): [2762:I:OSIF] scan start scan id 41043
01-01 09:50:36.827 I/[schedu][0x1dab3f10f6][11:12:26.545328] wlan( 0): [2762:I:OSIF] vdev 0, scan id 41043 type COMPLETED(1) reason COMPLETED(1) scan found 46 bss
01-01 09:50:38.122 I/init ( 0): starting service 'hht_ota_mgr_service'...
01-01 09:50:38.339 I/init ( 0): Service 'hht_ota_mgr_service' (pid 10170) exited with status 0
01-01 09:50:38.364 I/init ( 0): Sending signal 9 to service 'hht_ota_mgr_service' (pid 10170) process group...
01-01 09:50:38.374 I/libprocessgroup( 0): Successfully killed process cgroup uid 0 pid 10170 in 0ms
01-01 09:50:43.164 I/init ( 0): starting service 'hht_ota_mgr_service'...
01-01 09:50:43.377 I/init ( 0): Service 'hht_ota_mgr_service' (pid 10174) exited with status 0
01-01 09:50:43.402 I/init ( 0): Sending signal 9 to service 'hht_ota_mgr_service' (pid 10174) process group...
01-01 09:50:43.414 I/libprocessgroup( 0): Successfully killed process cgroup uid 0 pid 10174 in 2ms
01-01 09:50:44.799 I/[schedu][0x1db45ea275][11:12:34.517402] wlan( 0): [2762:I:OSIF] scan start scan id 41044
01-01 09:50:46.983 I/[schedu][0x1db6de8aad][11:12:36.701615] wlan( 0): [2762:I:OSIF] vdev 0, scan id 41044 type COMPLETED(1) reason COMPLETED(1) scan found 56 bss
01-01 09:50:48.213 I/init ( 0): starting service 'hht_ota_mgr_service'...
01-01 09:50:48.404 I/init ( 0): Service 'hht_ota_mgr_service' (pid 10175) exited with status 0
01-01 09:50:48.427 I/init ( 0): Sending signal 9 to service 'hht_ota_mgr_service' (pid 10175) process group...
01-01 09:50:48.437 I/libprocessgroup( 0): Successfully killed process cgroup uid 0 pid 10175 in 0ms
01-01 09:50:53.237 I/init ( 0): starting service 'hht_ota_mgr_service'...
01-01 09:50:53.453 I/init ( 0): Service 'hht_ota_mgr_service' (pid 10179) exited with status 0
01-01 09:50:53.478 I/init ( 0): Sending signal 9 to service 'hht_ota_mgr_service' (pid 10179) process group...
01-01 09:50:53.487 I/libprocessgroup( 0): Successfully killed process cgroup uid 0 pid 10179 in 0ms
01-01 09:50:54.798 I/[schedu][0x1dbfd02cb2][11:12:44.516899] wlan( 0): [2762:I:OSIF] scan start scan id 41045
01-01 09:50:56.955 I/[schedu][0x1dc2481244][11:12:46.673771] wlan( 0): [2762:I:OSIF] vdev 0, scan id 41045 type COMPLETED(1) reason COMPLETED(1) scan found 47 bss
01-01 09:50:58.265 I/init ( 0): starting service 'hht_ota_mgr_service'...
01-01 09:50:58.473 I/init ( 0): Service 'hht_ota_mgr_service' (pid 10182) exited with status 0
01-01 09:50:58.497 I/init ( 0): Sending signal 9 to service 'hht_ota_mgr_service' (pid 10182) process group...
01-01 09:50:58.506 I/libprocessgroup( 0): Successfully killed process cgroup uid 0 pid 10182 in 0ms
01-01 09:51:03.307 I/init ( 0): starting service 'hht_ota_mgr_service'...
01-01 09:51:03.523 I/init ( 0): Service 'hht_ota_mgr_service' (pid 10187) exited with status 0
01-01 09:51:03.547 I/init ( 0): Sending signal 9 to service 'hht_ota_mgr_service' (pid 10187) process group...
01-01 09:51:03.558 I/libprocessgroup( 0): Successfully killed process cgroup uid 0 pid 10187 in 0ms
01-01 09:51:04.831 I/[schedu][0x1dcb4b7867][11:12:54.549695] wlan( 0): [2762:I:OSIF] scan start scan id 41046
01-01 09:51:07.015 I/[schedu][0x1dcdcb4cf9][11:12:56.733649] wlan( 0): [2762:I:OSIF] vdev 0, scan id 41046 type COMPLETED(1) reason COMPLETED(1) scan found 44 bss
01-01 09:51:08.356 I/init ( 0): starting service 'hht_ota_mgr_service'...
01-01 09:51:08.562 I/init ( 0): Service 'hht_ota_mgr_service' (pid 10190) exited with status 0
01-01 09:51:08.586 I/init ( 0): Sending signal 9 to service 'hht_ota_mgr_service' (pid 10190) process group...
01-01 09:51:08.596 I/libprocessgroup( 0): Successfully killed process cgroup uid 0 pid 10190 in 0ms
01-01 09:51:13.387 I/init ( 0): starting service 'hht_ota_mgr_service'...
01-01 09:51:13.601 I/init ( 0): Service 'hht_ota_mgr_service' (pid 10194) exited with status 0
01-01 09:51:13.625 I/init ( 0): Sending signal 9 to service 'hht_ota_mgr_service' (pid 10194) process group...
01-01 09:51:13.635 I/libprocessgroup( 0): Successfully killed process cgroup uid 0 pid 10194 in 0ms
01-01 09:51:14.884 I/[schedu][0x1dd6ccc80a][11:13:04.603024] wlan( 0): [2762:I:OSIF] scan start scan id 41047
01-01 09:51:17.063 I/[schedu][0x1dd94b1eac][11:13:06.781883] wlan( 0): [2762:I:OSIF] vdev 0, scan id 41047 type COMPLETED(1) reason COMPLETED(1) scan found 36 bss
01-01 09:51:18.426 I/init ( 0): starting service 'hht_ota_mgr_service'...
01-01 09:51:18.629 I/init ( 0): Service 'hht_ota_mgr_service' (pid 10198) exited with status 0
01-01 09:51:18.653 I/init ( 0): Sending signal 9 to service 'hht_ota_mgr_service' (pid 10198) process group...
01-01 09:51:18.663 I/libprocessgroup( 0): Successfully killed process cgroup uid 0 pid 10198 in 0ms
01-01 09:51:23.463 I/init ( 0): starting service 'hht_ota_mgr_service'...
01-01 09:51:23.655 I/init ( 0): Service 'hht_ota_mgr_service' (pid 10199) exited with status 0
01-01 09:51:23.677 I/init ( 0): Sending signal 9 to service 'hht_ota_mgr_service' (pid 10199) process group...
01-01 09:51:23.687 I/libprocessgroup( 0): Successfully killed process cgroup uid 0 pid 10199 in 0ms
01-01 09:51:24.904 I/[schedu][0x1de2442388][11:13:14.622375] wlan( 0): [2762:I:OSIF] scan start scan id 41048
01-01 09:51:26.881 I/[schedu][0x1de487904a][11:13:16.600145] wlan( 0): [2762:I:OSIF] vdev 0, scan id 41048 type COMPLETED(1) reason COMPLETED(1) scan found 34 bss
01-01 09:51:28.484 I/init ( 0): starting service 'hht_ota_mgr_service'...
01-01 09:51:28.690 I/init ( 0): Service 'hht_ota_mgr_service' (pid 10203) exited with status 0
01-01 09:51:28.713 I/init ( 0): Sending signal 9 to service 'hht_ota_mgr_service' (pid 10203) process group...
01-01 09:51:28.723 I/libprocessgroup( 0): Successfully killed process cgroup uid 0 pid 10203 in 0ms
01-01 09:51:32.636 I/[schedu][0x1deb1d6072][11:13:22.354389] wlan( 0): [2762:I:OSIF] scan start scan id 41049
01-01 09:51:33.506 I/init ( 0): starting service 'hht_ota_mgr_service'...
01-01 09:51:33.716 I/init ( 0): Service 'hht_ota_mgr_service' (pid 10204) exited with status 0
01-01 09:51:33.740 I/init ( 0): Sending signal 9 to service 'hht_ota_mgr_service' (pid 10204) process group...
01-01 09:51:33.750 I/libprocessgroup( 0): Successfully killed process cgroup uid 0 pid 10204 in 0ms
01-01 09:51:34.503 I/[schedu][0x1ded408a6d][11:13:24.222041] wlan( 0): [2762:I:OSIF] vdev 0, scan id 41049 type COMPLETED(1) reason COMPLETED(1) scan found 52 bss
01-01 09:51:34.918 I/[schedu][0x1dedba2654][11:13:24.637132] wlan( 0): [2762:I:OSIF] scan start scan id 41050
01-01 09:51:36.780 I/[schedu][0x1defdb8360][11:13:26.498640] wlan( 0): [2762:I:OSIF] vdev 0, scan id 41050 type COMPLETED(1) reason COMPLETED(1) scan found 40 bss
01-01 09:51:38.551 I/init ( 0): starting service 'hht_ota_mgr_service'...
01-01 09:51:38.773 I/init ( 0): Service 'hht_ota_mgr_service' (pid 10208) exited with status 0
01-01 09:51:38.788 I/init ( 0): Sending signal 9 to service 'hht_ota_mgr_service' (pid 10208) process group...
01-01 09:51:38.798 I/libprocessgroup( 0): Successfully killed process cgroup uid 0 pid 10208 in 0ms
01-01 09:51:43.599 I/init ( 0): starting service 'hht_ota_mgr_service'...
01-01 09:51:43.810 I/init ( 0): Service 'hht_ota_mgr_service' (pid 10209) exited with status 0
01-01 09:51:43.833 I/init ( 0): Sending signal 9 to service 'hht_ota_mgr_service' (pid 10209) process group...
01-01 09:51:43.843 I/libprocessgroup( 0): Successfully killed process cgroup uid 0 pid 10209 in 0ms
01-01 09:51:44.971 I/[schedu][0x1df93b5b9a][11:13:34.690110] wlan( 0): [2762:I:OSIF] scan start scan id 41051
01-01 09:51:46.994 I/[schedu][0x1dfb8bda89][11:13:36.712494] wlan( 0): [2762:I:OSIF] vdev 0, scan id 41051 type COMPLETED(1) reason COMPLETED(1) scan found 43 bss
01-01 09:51:48.648 I/init ( 0): starting service 'hht_ota_mgr_service'...
01-01 09:51:48.868 I/init ( 0): Service 'hht_ota_mgr_service' (pid 10214) exited with status 0
01-01 09:51:48.890 I/init ( 0): Sending signal 9 to service 'hht_ota_mgr_service' (pid 10214) process group...
01-01 09:51:48.900 I/libprocessgroup( 0): Successfully killed process cgroup uid 0 pid 10214 in 0ms
01-01 09:51:53.686 I/init ( 0): starting service 'hht_ota_mgr_service'...
01-01 09:51:53.883 W/audit ( 0): audit_lost=3306 audit_rate_limit=5 audit_backlog_limit=64
01-01 09:51:53.891 E/audit ( 0): rate limit exceeded
01-01 09:51:53.901 I/init ( 0): Service 'hht_ota_mgr_service' (pid 10216) exited with status 0
01-01 09:51:53.909 I/init ( 0): Sending signal 9 to service 'hht_ota_mgr_service' (pid 10216) process group...
01-01 09:51:53.920 I/libprocessgroup( 0): Successfully killed process cgroup uid 0 pid 10216 in 1ms
01-01 09:51:55.018 I/[schedu][0x1e04baaa86][11:13:44.736601] wlan( 0): [2762:I:OSIF] scan start scan id 41052
01-01 09:51:56.998 I/[schedu][0x1e06fed9e4][11:13:46.716966] wlan( 0): [2762:I:OSIF] vdev 0, scan id 41052 type COMPLETED(1) reason COMPLETED(1) scan found 36 bss
01-01 09:51:58.722 I/init ( 0): starting service 'hht_ota_mgr_service'...
01-01 09:51:58.930 I/init ( 0): Service 'hht_ota_mgr_service' (pid 10221) exited with status 0
01-01 09:51:58.954 I/init ( 0): Sending signal 9 to service 'hht_ota_mgr_service' (pid 10221) process group...
01-01 09:51:58.964 I/libprocessgroup( 0): Successfully killed process cgroup uid 0 pid 10221 in 0ms
01-01 09:52:03.771 I/init ( 0): starting service 'hht_ota_mgr_service'...
01-01 09:52:03.985 I/init ( 0): Service 'hht_ota_mgr_service' (pid 10225) exited with status 0
01-01 09:52:03.993 I/init ( 0): Sending signal 9 to service 'hht_ota_mgr_service' (pid 10225) process group...
01-01 09:52:04.024 I/libprocessgroup( 0): Successfully killed process cgroup uid 0 pid 10225 in 0ms
01-01 09:52:05.057 I/[schedu][0x1e1037c793][11:13:54.775604] wlan( 0): [2762:I:OSIF] scan start scan id 41053
01-01 09:52:06.946 I/[schedu][0x1e126140b2][11:13:56.664791] wlan( 0): [2762:I:OSIF] vdev 0, scan id 41053 type COMPLETED(1) reason COMPLETED(1) scan found 57 bss
01-01 09:52:08.824 I/init ( 0): starting service 'hht_ota_mgr_service'...
01-01 09:52:08.967 W/audit ( 0): audit_lost=3308 audit_rate_limit=5 audit_backlog_limit=64
01-01 09:52:08.974 E/audit ( 0): rate limit exceeded
01-01 09:52:09.010 I/init ( 0): Service 'hht_ota_mgr_service' (pid 10227) exited with status 0
01-01 09:52:09.033 I/init ( 0): Sending signal 9 to service 'hht_ota_mgr_service' (pid 10227) process group...
01-01 09:52:09.043 I/libprocessgroup( 0): Successfully killed process cgroup uid 0 pid 10227 in 0ms
01-01 09:52:13.844 I/init ( 0): starting service 'hht_ota_mgr_service'...
01-01 09:52:14.049 I/init ( 0): Service 'hht_ota_mgr_service' (pid 10233) exited with status 0
01-01 09:52:14.073 I/init ( 0): Sending signal 9 to service 'hht_ota_mgr_service' (pid 10233) process group...
01-01 09:52:14.082 I/libprocessgroup( 0): Successfully killed process cgroup uid 0 pid 10233 in 0ms
03-28 11:14:06.327 W/wificond( 1293): Scan aborted
01-01 09:52:16.616 I/[schedu][0x1e1d722d87][11:14:06.334509] wlan( 0): [2762:I:OSIF] vdev 0, scan id 41054 type COMPLETED(1) reason CANCELLED(2) scan found 33 bss
01-01 09:52:16.706 I/[schedu][0x1e1d8c7e00][11:14:06.424328] wlan( 0): [2762:I:PE] Assoc rsp RX: subtype 1 vdev 0 sys role 3 lim state 1 rssi 0 from 98:f1:81:81:83:01
01-01 09:52:16.731 W/[schedu][0x1e1d93ec60][11:14:06.449693] wlan( 0): [2762:W:SME] sme_qos_process_ft_reassoc_req_ev: 3318: Flow List empty, nothing to update
01-01 09:52:16.745 E/[schedu][0x1e1d9808a0][11:14:06.463722] wlan( 0): [2762:E:SME] sme_qos_process_reassoc_success_ev: 4605: session or RIC data is not present
01-01 09:52:16.760 E/[schedu][0x1e1d9c6d45][11:14:06.478717] wlan( 0): [2762:E:QDF] qdf_mem_malloc_debug: 1206: Cannot malloc 0 bytes @ csr_get_cfg_max_tx_power:14199
01-01 09:52:16.774 E/[schedu][0x1e1da0959d][11:14:06.492908] wlan( 0): [2762:E:QDF] qdf_mem_malloc_debug: 1206: Cannot malloc 0 bytes @ csr_get_cfg_max_tx_power:14199
01-01 09:52:16.790 I/[schedu][0x1e1da5319e][11:14:06.508641] wlan( 0): [2762:I:HDD] wlan0(vdevid-0): 96:49:80:62:22:bf connected to 98:f1:81:81:83:01
01-01 09:52:16.816 I/[schedu][0x1e1dacba3c][11:14:06.534356] wlan( 0): [2762:I:WMA] LFR3: Posting WMA_ROAM_OFFLOAD_SYNCH_CNF
01-01 09:52:16.826 I/[soft_i][0x1e1dafe798][11:14:06.545201] wlan( 0): [0:I:TXRX] HTT_T2H_MSG_TYPE_PEER_MAP msg for peer id 4 vdev id 0 n
01-01 09:52:16.826 E/[soft_i][0x1e1dafe8c5][11:14:06.545216] wlan( 0): [0:E:DP] dp_peer_find_add_id: peer ffffffc1c8258000 ID 4 vid 0 mac 98:f1:81:81:83:01
01-01 09:52:16.826 I/[soft_i][0x1e1dafe90c][11:14:06.545220] wlan( 0): [0:I:DP] dp_peer_find_add_id: ref_cnt: 2
01-01 09:52:16.826 E/[soft_i][0x1e1dafe979][11:14:06.545226] wlan( 0): [0:E:DP] dp_peer_map_ast: peer ffffffc1c8258000 ID 50 vid 0 mac 98:f1:81:81:83:01
03-28 11:14:06.579 I/DropBoxManagerService( 1017): add tag=system_server_wtf isTagEnabled=true flags=0x2
01-01 09:52:16.876 E/[schedu][0x1e1dbe7fab][11:14:06.595015] wlan( 0): [2762:E:QDF] qdf_mem_malloc_debug: 1206: Cannot malloc 0 bytes @ csr_get_cfg_max_tx_power:14199
01-01 09:52:16.891 I/[schedu][0x1e1dc2dfad][11:14:06.609948] wlan( 0): [2762:I:WMA] [11:14:04.126000] [ROAM_TRIGGER]: VDEV[0] Reason: "PER"
01-01 09:52:16.903 I/[schedu][0x1e1dc655f8][11:14:06.621766] wlan( 0): [2762:I:WMA] [11:14:04.126000] [ROAM_SCAN]: VDEV[0] Scan_type: PARTIAL {2412 2437 2462 5200 5240 5260 5280 5300 5745 5765 5785 5805 5825 }
01-01 09:52:16.921 I/[schedu][0x1e1dcb9d73][11:14:06.639785] wlan( 0): [2762:I:WMA] ============================================================================================================================
01-01 09:52:16.939 I/[schedu][0x1e1dd0d857][11:14:06.657637] wlan( 0): [2762:I:WMA] AP BSSID TSTAMP CH TY ETP RSSI/SCR CU%/SCR TOT_SCR BL_RSN BL_SRC BL_TSTAMP BL_TIMEOUT(ms)
01-01 09:52:16.957 I/[schedu][0x1e1dd61293][11:14:06.675480] wlan( 0): [2762:I:WMA] ============================================================================================================================
01-01 09:52:16.974 I/[schedu][0x1e1ddb4d03][11:14:06.693326] wlan( 0): [2762:I:WMA] 98:f1:81:81:79:a1 [11:14:04.126000] 5280 P_AP 0 71/0 0/0 2579 0 0 [00:00:00.000000] 0
01-01 09:52:16.975 I/[schedu][0x1e1ddb4d76][11:14:06.693332] wlan( 0): [2762:I:WMA] 98:f1:81:80:45:61 [11:14:05.868000] 5280 C_AP 189 61/0 50/0 4642 0 0 [00:00:00.000000] 0
01-01 09:52:16.975 I/[schedu][0x1e1ddb4e54][11:14:06.693344] wlan( 0): [2762:I:WMA] 98:f1:81:81:83:01 [11:14:05.705000] 5260 R_AP 189 75/0 50/0 1535 0 0 [00:00:00.000000] 0
01-01 09:52:16.975 I/[schedu][0x1e1ddb4ebf][11:14:06.693349] wlan( 0): [2762:I:WMA] 98:f1:81:81:83:20 [11:14:04.211000] 2412 C_AP 15 89/0 50/0 1005 0 0 [00:00:00.000000] 0
01-01 09:52:17.061 I/[schedu][0x1e1df4b629][11:14:06.780062] wlan( 0): [2762:I:WMA] 98:f1:81:81:79:c0 [11:14:04.224000] 2437 C_AP 28 83/0 50/0 1005 0 0 [00:00:00.000000] 0
01-01 09:52:17.079 I/[schedu][0x1e1df9d721][11:14:06.797568] wlan( 0): [2762:I:WMA] 98:f1:81:81:79:70 [11:14:04.554000] 5240 C_AP 95 86/0 50/0 860 0 0 [00:00:00.000000] 0
01-01 09:52:17.096 I/[schedu][0x1e1dfef1da][11:14:06.814991] wlan( 0): [2762:I:WMA] 98:f1:81:80:9c:40 [11:14:04.824000] 5745 C_AP 123 83/0 50/0 860 0 0 [00:00:00.000000] 0
01-01 09:52:17.114 I/[schedu][0x1e1e040d61][11:14:06.832425] wlan( 0): [2762:I:WMA] 98:f1:81:80:45:71 [11:14:04.834000] 5745 C_AP 114 84/0 50/0 860 0 0 [00:00:00.000000] 0
01-01 09:52:17.131 I/[schedu][0x1e1e0926b6][11:14:06.849829] wlan( 0): [2762:I:WMA] 98:f1:81:81:79:b1 [11:14:05.248000] 5785 C_AP 143 81/0 50/0 860 0 0 [00:00:00.000000] 0
01-01 09:52:17.149 I/[schedu][0x1e1e0e4eef][11:14:06.867432] wlan( 0): [2762:I:WMA] [11:14:06.522000] [ROAM_RESULT]: VDEV[0] SUCCESS
01-01 09:52:17.685 W/audit ( 0): audit_lost=3314 audit_rate_limit=5 audit_backlog_limit=64
01-01 09:52:17.713 E/audit ( 0): rate limit exceeded
01-01 09:52:18.870 I/init ( 0): starting service 'hht_ota_mgr_service'...
01-01 09:52:19.057 I/init ( 0): Service 'hht_ota_mgr_service' (pid 10256) exited with status 0
01-01 09:52:19.080 I/init ( 0): Sending signal 9 to service 'hht_ota_mgr_service' (pid 10256) process group...
01-01 09:52:19.090 I/libprocessgroup( 0): Successfully killed process cgroup uid 0 pid 10256 in 0ms
01-01 09:52:19.597 W/audit ( 0): audit_lost=3415 audit_rate_limit=5 audit_backlog_limit=64
01-01 09:52:19.605 E/audit ( 0): rate limit exceeded
01-01 09:52:23.892 I/init ( 0): starting service 'hht_ota_mgr_service'...
01-01 09:52:24.084 I/init ( 0): Service 'hht_ota_mgr_service' (pid 10260) exited with status 0
01-01 09:52:24.106 I/init ( 0): Sending signal 9 to service 'hht_ota_mgr_service' (pid 10260) process group...
01-01 09:52:24.116 I/libprocessgroup( 0): Successfully killed process cgroup uid 0 pid 10260 in 0ms
01-01 09:52:25.147 I/[schedu][0x1e273584ef][11:14:14.865595] wlan( 0): [2762:I:OSIF] scan start scan id 41055
01-01 09:52:27.071 I/[schedu][0x1e29695744][11:14:16.790105] wlan( 0): [2762:I:OSIF] vdev 0, scan id 41055 type COMPLETED(1) reason COMPLETED(1) scan found 42 bss
01-01 09:52:28.919 I/init ( 0): starting service 'hht_ota_mgr_service'...
01-01 09:52:29.138 I/init ( 0): Service 'hht_ota_mgr_service' (pid 10261) exited with status 0
01-01 09:52:29.162 I/init ( 0): Sending signal 9 to service 'hht_ota_mgr_service' (pid 10261) process group...
01-01 09:52:29.172 I/libprocessgroup( 0): Successfully killed process cgroup uid 0 pid 10261 in 0ms
01-01 09:52:33.965 I/init ( 0): starting service 'hht_ota_mgr_service'...
01-01 09:52:34.175 I/init ( 0): Service 'hht_ota_mgr_service' (pid 10265) exited with status 0
01-01 09:52:34.199 I/init ( 0): Sending signal 9 to service 'hht_ota_mgr_service' (pid 10265) process group...
01-01 09:52:34.209 I/libprocessgroup( 0): Successfully killed process cgroup uid 0 pid 10265 in 0ms
01-01 09:52:35.158 I/[schedu][0x1e32aa799d][11:14:24.876751] wlan( 0): [2762:I:OSIF] scan start scan id 41056
01-01 09:52:36.994 I/[schedu][0x1e34c46238][11:14:26.712811] wlan( 0): [2762:I:OSIF] vdev 0, scan id 41056 type COMPLETED(1) reason COMPLETED(1) scan found 41 bss
01-01 09:52:39.004 I/init ( 0): starting service 'hht_ota_mgr_service'...
01-01 09:52:39.218 I/init ( 0): Service 'hht_ota_mgr_service' (pid 10266) exited with status 0
01-01 09:52:39.241 I/init ( 0): Sending signal 9 to service 'hht_ota_mgr_service' (pid 10266) process group...
01-01 09:52:39.251 I/libprocessgroup( 0): Successfully killed process cgroup uid 0 pid 10266 in 0ms
01-01 09:52:44.045 I/init ( 0): starting service 'hht_ota_mgr_service'...
01-01 09:52:44.264 I/init ( 0): Service 'hht_ota_mgr_service' (pid 10270) exited with status 0
01-01 09:52:44.286 I/init ( 0): Sending signal 9 to service 'hht_ota_mgr_service' (pid 10270) process group...
01-01 09:52:44.296 I/libprocessgroup( 0): Successfully killed process cgroup uid 0 pid 10270 in 0ms
01-01 09:52:45.141 I/[schedu][0x1e3e172aec][11:14:34.859702] wlan( 0): [2762:I:OSIF] scan start scan id 41057
01-01 09:52:47.040 I/[schedu][0x1e40439772][11:14:36.758961] wlan( 0): [2762:I:OSIF] vdev 0, scan id 41057 type COMPLETED(1) reason COMPLETED(1) scan found 55 bss
01-01 09:52:49.088 I/init ( 0): starting service 'hht_ota_mgr_service'...
01-01 09:52:49.307 I/init ( 0): Service 'hht_ota_mgr_service' (pid 10274) exited with status 0
01-01 09:52:49.330 I/init ( 0): Sending signal 9 to service 'hht_ota_mgr_service' (pid 10274) process group...
01-01 09:52:49.340 I/libprocessgroup( 0): Successfully killed process cgroup uid 0 pid 10274 in 0ms
01-01 09:52:54.139 I/init ( 0): starting service 'hht_ota_mgr_service'...
01-01 09:52:54.341 I/init ( 0): Service 'hht_ota_mgr_service' (pid 10275) exited with status 0
01-01 09:52:54.365 I/init ( 0): Sending signal 9 to service 'hht_ota_mgr_service' (pid 10275) process group...
01-01 09:52:54.376 I/libprocessgroup( 0): Successfully killed process cgroup uid 0 pid 10275 in 0ms
01-01 09:52:55.239 I/[schedu][0x1e49a5b07a][11:14:44.958121] wlan( 0): [2762:I:OSIF] scan start scan id 41058
03-28 11:14:46.149 D/ActivityManager( 1017): freezing 9352 com.android.music
01-01 09:52:56.431 I/binder ( 0): 1017:1728 ioctl 400c620e 74237f95d8 returned -22
03-28 11:14:46.156 E/ActivityManager( 1017): Unable to freeze binder for 9352 com.android.music
03-28 11:14:46.159 D/ActivityManager( 1017): froze 9352 com.android.music
01-01 09:52:56.441 I/binder ( 0): 1017:1728 ioctl c00c620f 74237f95b8 returned -22
03-28 11:14:46.167 E/ActivityManager( 1017): Unable to freeze binder for 9352 com.android.music
03-28 11:14:46.168 I/ActivityManager( 1017): Killing 9352:com.android.music/u0a92 (adj 935): Unable to freeze binder interface
03-28 11:14:46.172 D/ActivityManager( 1017): freezing 9361 com.microsoft.emmx
01-01 09:52:56.454 I/binder ( 0): 1017:1728 ioctl 400c620e 74237f95d8 returned -22
03-28 11:14:46.179 E/ActivityManager( 1017): Unable to freeze binder for 9361 com.microsoft.emmx
03-28 11:14:46.181 D/ActivityManager( 1017): froze 9361 com.microsoft.emmx
01-01 09:52:56.463 I/binder ( 0): 1017:1728 ioctl c00c620f 74237f95b8 returned -22
03-28 11:14:46.188 E/ActivityManager( 1017): Unable to freeze binder for 9361 com.microsoft.emmx
03-28 11:14:46.189 I/ActivityManager( 1017): Killing 9361:com.microsoft.emmx/u0a36 (adj 925): Unable to freeze binder interface
03-28 11:14:46.242 D/ActivityManager( 1017): freezing 9378 com.android.gallery3d
03-28 11:14:46.249 E/ActivityManager( 1017): Unable to freeze binder for 9378 com.android.gallery3d
01-01 09:52:56.524 I/binder ( 0): 1017:1728 ioctl 400c620e 74237f95d8 returned -22
03-28 11:14:46.253 D/ActivityManager( 1017): froze 9378 com.android.gallery3d
03-28 11:14:46.260 E/ActivityManager( 1017): Unable to freeze binder for 9378 com.android.gallery3d
03-28 11:14:46.261 I/ActivityManager( 1017): Killing 9378:com.android.gallery3d/u0a67 (adj 915): Unable to freeze binder interface
01-01 09:52:56.534 I/binder ( 0): 1017:1728 ioctl c00c620f 74237f95b8 returned -22
03-28 11:14:46.402 D/ActivityManager( 1017): freezing 7814 com.thundercomm.screensaver
01-01 09:52:56.684 I/binder ( 0): 1017:1728 ioctl 400c620e 74237f95d8 returned -22
03-28 11:14:46.409 E/ActivityManager( 1017): Unable to freeze binder for 7814 com.thundercomm.screensaver
03-28 11:14:46.411 D/ActivityManager( 1017): froze 7814 com.thundercomm.screensaver
01-01 09:52:56.693 I/binder ( 0): 1017:1728 ioctl c00c620f 74237f95b8 returned -22
03-28 11:14:46.418 E/ActivityManager( 1017): Unable to freeze binder for 7814 com.thundercomm.screensaver
03-28 11:14:46.419 I/ActivityManager( 1017): Killing 7814:com.thundercomm.screensaver/u0a52 (adj 915): Unable to freeze binder interface
03-28 11:14:46.579 W/ActivityManager( 1017): setHasOverlayUi called on unknown pid: 7814
01-01 09:52:57.069 I/[schedu][0x1e4bbddba6][11:14:46.788243] wlan( 0): [2762:I:OSIF] vdev 0, scan id 41058 type COMPLETED(1) reason COMPLETED(1) scan found 32 bss
01-01 09:52:59.184 I/init ( 0): starting service 'hht_ota_mgr_service'...
01-01 09:52:59.400 I/init ( 0): Service 'hht_ota_mgr_service' (pid 10280) exited with status 0
01-01 09:52:59.422 I/init ( 0): Sending signal 9 to service 'hht_ota_mgr_service' (pid 10280) process group...
01-01 09:52:59.432 I/libprocessgroup( 0): Successfully killed process cgroup uid 0 pid 10280 in 0ms
01-01 09:53:04.236 I/init ( 0): starting service 'hht_ota_mgr_service'...
01-01 09:53:04.440 I/init ( 0): Service 'hht_ota_mgr_service' (pid 10281) exited with status 0
01-01 09:53:04.464 I/init ( 0): Sending signal 9 to service 'hht_ota_mgr_service' (pid 10281) process group...
01-01 09:53:04.474 I/libprocessgroup( 0): Successfully killed process cgroup uid 0 pid 10281 in 0ms
01-01 09:53:05.257 I/[schedu][0x1e551ca45f][11:14:54.976093] wlan( 0): [2762:I:OSIF] scan start scan id 41059
01-01 09:53:07.002 I/[schedu][0x1e571bd850][11:14:56.720999] wlan( 0): [2762:I:OSIF] vdev 0, scan id 41059 type COMPLETED(1) reason COMPLETED(1) scan found 39 bss
01-01 09:53:09.259 I/init ( 0): starting service 'hht_ota_mgr_service'...
01-01 09:53:09.481 I/init ( 0): Service 'hht_ota_mgr_service' (pid 10285) exited with status 0
01-01 09:53:09.505 I/init ( 0): Sending signal 9 to service 'hht_ota_mgr_service' (pid 10285) process group...
01-01 09:53:09.515 I/libprocessgroup( 0): Successfully killed process cgroup uid 0 pid 10285 in 1ms
01-01 09:53:14.314 I/init ( 0): starting service 'hht_ota_mgr_service'...
01-01 09:53:14.513 I/init ( 0): Service 'hht_ota_mgr_service' (pid 10286) exited with status 0
01-01 09:53:14.536 I/init ( 0): Sending signal 9 to service 'hht_ota_mgr_service' (pid 10286) process group...
01-01 09:53:14.545 I/libprocessgroup( 0): Successfully killed process cgroup uid 0 pid 10286 in 0ms
01-01 09:53:15.276 I/[schedu][0x1e6093e429][11:15:04.995078] wlan( 0): [2762:I:OSIF] scan start scan id 41060
03-28 11:15:05.473 V/DisplayPowerController[0]( 1017): Brightness [0.05] reason changing to: 'manual [ dim ]', previous reason: 'manual'.
03-28 11:15:05.474 W/PowerManagerService( 1017): Screen on took 619373 ms
03-28 11:15:05.482 E/DisplayDeviceConfig( 1017): requesting nits when no mapping exists.
03-28 11:15:05.485 E/DisplayDeviceConfig( 1017): requesting nits when no mapping exists.
03-28 11:15:05.486 I/DropBoxManagerService( 1017): add tag=system_server_wtf isTagEnabled=true flags=0x2
03-28 11:15:05.494 I/DropBoxManagerService( 1017): add tag=system_server_wtf isTagEnabled=true flags=0x2
03-28 11:15:05.496 E/DisplayDeviceConfig( 1017): requesting nits when no mapping exists.
03-28 11:15:05.497 E/DisplayDeviceConfig( 1017): requesting nits when no mapping exists.
03-28 11:15:05.500 I/DropBoxManagerService( 1017): add tag=system_server_wtf isTagEnabled=true flags=0x2
03-28 11:15:05.503 I/DropBoxManagerService( 1017): add tag=system_server_wtf isTagEnabled=true flags=0x2
03-28 11:15:05.510 E/DisplayDeviceConfig( 1017): requesting nits when no mapping exists.
03-28 11:15:05.510 E/DisplayDeviceConfig( 1017): requesting nits when no mapping exists.
03-28 11:15:05.512 I/DropBoxManagerService( 1017): add tag=system_server_wtf isTagEnabled=true flags=0x2
03-28 11:15:05.526 E/DisplayDeviceConfig( 1017): requesting nits when no mapping exists.
03-28 11:15:05.527 E/DisplayDeviceConfig( 1017): requesting nits when no mapping exists.
03-28 11:15:05.543 E/DisplayDeviceConfig( 1017): requesting nits when no mapping exists.
03-28 11:15:05.543 E/DisplayDeviceConfig( 1017): requesting nits when no mapping exists.
03-28 11:15:05.559 E/DisplayDeviceConfig( 1017): requesting nits when no mapping exists.
03-28 11:15:05.560 E/DisplayDeviceConfig( 1017): requesting nits when no mapping exists.
03-28 11:15:05.576 E/DisplayDeviceConfig( 1017): requesting nits when no mapping exists.
03-28 11:15:05.576 E/DisplayDeviceConfig( 1017): requesting nits when no mapping exists.
03-28 11:15:05.593 E/DisplayDeviceConfig( 1017): requesting nits when no mapping exists.
03-28 11:15:05.594 E/DisplayDeviceConfig( 1017): requesting nits when no mapping exists.
03-28 11:15:05.610 E/DisplayDeviceConfig( 1017): requesting nits when no mapping exists.
03-28 11:15:05.610 E/DisplayDeviceConfig( 1017): requesting nits when no mapping exists.
03-28 11:15:05.627 E/DisplayDeviceConfig( 1017): requesting nits when no mapping exists.
03-28 11:15:05.627 E/DisplayDeviceConfig( 1017): requesting nits when no mapping exists.
03-28 11:15:05.643 E/DisplayDeviceConfig( 1017): requesting nits when no mapping exists.
03-28 11:15:05.644 E/DisplayDeviceConfig( 1017): requesting nits when no mapping exists.
03-28 11:15:05.660 E/DisplayDeviceConfig( 1017): requesting nits when no mapping exists.
03-28 11:15:05.660 E/DisplayDeviceConfig( 1017): requesting nits when no mapping exists.
03-28 11:15:05.677 E/DisplayDeviceConfig( 1017): requesting nits when no mapping exists.
03-28 11:15:05.677 E/DisplayDeviceConfig( 1017): requesting nits when no mapping exists.
03-28 11:15:05.704 E/DisplayDeviceConfig( 1017): requesting nits when no mapping exists.
03-28 11:15:05.704 E/DisplayDeviceConfig( 1017): requesting nits when no mapping exists.
03-28 11:15:05.710 E/DisplayDeviceConfig( 1017): requesting nits when no mapping exists.
03-28 11:15:05.710 E/DisplayDeviceConfig( 1017): requesting nits when no mapping exists.
03-28 11:15:05.728 E/DisplayDeviceConfig( 1017): requesting nits when no mapping exists.
03-28 11:15:05.729 E/DisplayDeviceConfig( 1017): requesting nits when no mapping exists.
03-28 11:15:05.744 E/DisplayDeviceConfig( 1017): requesting nits when no mapping exists.
