04-10 02:17:08.432 2062 2062 D a2dp_codec: createCodec: codec aptX-HD
04-10 02:17:08.432 2062 2062 D a2dp_codec: setCodecPriority: codec_priority_: -1
04-10 02:17:08.433 2062 2062 D a2dp_codec: A2dpCodecConfig: init all codec caps info
04-10 02:17:08.433 2062 2062 D a2dp_vendor_aptx_hd: init: APTX-HD enabled in HW mode
04-10 02:17:08.433 2062 2062 I a2dp_codec: init: updated aptX-HD codec priority to -1
04-10 02:17:08.433 2062 2062 D a2dp_codec: createCodec: codec LDAC
04-10 02:17:08.433 2062 2062 D a2dp_codec: setCodecPriority: codec_priority_: -1
04-10 02:17:08.433 2062 2062 D a2dp_codec: A2dpCodecConfig: init all codec caps info
04-10 02:17:08.433 2062 2062 D a2dp_vendor_ldac: init: LDAC enabled in HW mode
04-10 02:17:08.433 2062 2062 I a2dp_codec: init: updated LDAC codec priority to -1
04-10 02:17:08.433 2062 2062 D a2dp_codec: createCodec: codec aptX-adaptive
04-10 02:17:08.434 2062 2062 D a2dp_codec: setCodecPriority: codec_priority_: -1
04-10 02:17:08.434 2062 2062 D a2dp_codec: A2dpCodecConfig: init all codec caps info
04-10 02:17:08.434 2062 2062 I a2dp_vendor_aptx_adaptive: A2dpCodecConfigAptxAdaptive: Using Aptx Adaptive R1 config
04-10 02:17:08.434 2062 2062 D a2dp_vendor_aptx_adaptive: init: APTX-Adaptive enabled in HW mode
04-10 02:17:08.434 2062 2062 I a2dp_codec: init: updated aptX-adaptive codec priority to -1
04-10 02:17:08.434 2062 2062 D a2dp_codec: createCodec: codec aptX-TWS
04-10 02:17:08.434 2062 2062 D a2dp_codec: setCodecPriority: codec_priority_: -1
04-10 02:17:08.434 2062 2062 D a2dp_codec: A2dpCodecConfig: init all codec caps info
04-10 02:17:08.435 2062 2062 E a2dp_vendor_aptx_tws: init: APTX-Tws enabled in HW mode
04-10 02:17:08.435 2062 2062 I a2dp_codec: init: updated aptX-TWS codec priority to -1
04-10 02:17:08.435 2062 2062 D a2dp_codec: createCodec: codec SBC SINK
04-10 02:17:08.435 2062 2062 D a2dp_codec: setDefaultCodecPriority: default_codec_priority_: 0
04-10 02:17:08.435 2062 2062 D a2dp_codec: setDefaultCodecPriority: Compute the default codec priority
04-10 02:17:08.435 2062 2062 D a2dp_codec: setDefaultCodecPriority: codec_priority_: 8001
04-10 02:17:08.435 2062 2062 D a2dp_codec: setCodecPriority: codec_priority_: 8001
04-10 02:17:08.435 2062 2062 D a2dp_codec: A2dpCodecConfig: init all codec caps info
01-01 08:59:51.228 0 0 E [kworke][0x407269d0][02:17:08.417389] wlan: [280:E:QDF] ready_extract_init_status_tlv: 8884: ready_extract_init_status_tlv:0
01-01 08:59:51.242 0 0 E [kworke][0x40769412][02:17:08.431607] wlan: [280:E:QDF] cds_get_context: 1486: Module ID 65 context is Null
04-10 02:17:08.435 2062 2062 D a2dp_codec: createCodec: codec UNKNOWN CODEC INDEX
04-10 02:17:08.435 2062 2062 D a2dp_codec: createCodec: codec UNKNOWN CODEC INDEX
04-10 02:17:08.435 2062 2062 I a2dp_codec: init: initialized Source codec AAC
04-10 02:17:08.435 2062 2062 I a2dp_codec: init: initialized Source codec SBC
04-10 02:17:08.435 2062 2062 I a2dp_codec: init: initialized Sink codec SBC(Sink)
04-10 02:17:08.435 2062 2062 E bt_btif : btif_sm_get_state : Invalid handle
04-10 02:17:08.435 2062 2062 E bt_btif : btif_sm_get_state : Invalid handle
04-10 02:17:08.436 2062 2062 E bt_btif : btif_media_send_reset_vendor_state:
04-10 02:17:08.436 2062 2860 D bt_btif_a2dp_source: btif_a2dp_source_command_ready: event: 7 BTIF_MEDIA_RESET_VS_STATE
04-10 02:17:08.436 2062 2062 E bt_btif : btif_sm_get_state : Invalid handle
04-10 02:17:08.436 2062 2860 D bt_btif_a2dp_source: btif_a2dp_source_command_ready: event: 2 BTIF_MEDIA_AUDIO_TX_STOP
04-10 02:17:08.436 2062 2860 E bt_stack: [ERROR:a2dp_encoding.cc(2718)] read: BluetoothAudio HAL is not enabled
04-10 02:17:08.436 2062 2860 E bt_btif : Invalid cmd pending for ack
04-10 02:17:08.437 2062 2062 I btif_av : isBATEnabled: 0
04-10 02:17:08.437 2062 2062 E bt_btif : bta_av_co_get_active_peer: peer index out of bounds: 5
04-10 02:17:08.437 2062 2062 E bt_btif : btif_av_is_split_a2dp_enabled: No active peer codec config found, by default splitmode
04-10 02:17:08.437 2062 2062 E bt_btif : btif_media_send_reset_vendor_state:
04-10 02:17:08.437 2062 2062 D bt_btif : btif_av_state_idle_handler: event:BTIF_SM_ENTER_EVT flags: 0 on index: 4, codec_cfg_change: 0
04-10 02:17:08.437 2062 2062 I btif_av : isBATEnabled: 0
04-10 02:17:08.438 2062 2062 E bt_btif : bta_av_co_get_active_peer: peer index out of bounds: 5
04-10 02:17:08.438 2062 2860 D bt_btif_a2dp_source: btif_a2dp_source_command_ready: event: 7 BTIF_MEDIA_RESET_VS_STATE
04-10 02:17:08.438 2062 2062 E bt_btif : btif_av_is_split_a2dp_enabled: No active peer codec config found, by default splitmode
04-10 02:17:08.438 2062 2062 D a2dp_codec: init
04-10 02:17:08.438 2062 2062 D a2dp_codec: createCodec: codec SBC
04-10 02:17:08.438 2062 2062 D a2dp_codec: setCodecPriority: codec_priority_: 1001
04-10 02:17:08.438 2062 2062 D a2dp_codec: A2dpCodecConfig: init all codec caps info
04-10 02:17:08.438 2062 2062 D a2dp_sbc: A2dpCodecConfigSbc
04-10 02:17:08.438 2062 2062 D a2dp_sbc: init: SBC enabled in HW mode
04-10 02:17:08.438 2062 2062 I a2dp_codec: init: updated SBC codec priority to 1001
04-10 02:17:08.438 2062 2062 D a2dp_codec: createCodec: codec AAC
04-10 02:17:08.438 2062 2062 D a2dp_codec: setCodecPriority: codec_priority_: 2001
04-10 02:17:08.438 2062 2062 D a2dp_codec: A2dpCodecConfig: init all codec caps info
04-10 02:17:08.438 2062 2062 D a2dp_aac: A2dpCodecConfigAac: AAC VBR is enabled for this target
04-10 02:17:08.438 2062 2062 D a2dp_aac: init: AAC enabled in HW mode
04-10 02:17:08.438 2062 2062 I a2dp_codec: init: updated AAC codec priority to 2001
04-10 02:17:08.438 2062 2062 D a2dp_codec: createCodec: codec aptX
04-10 02:17:08.438 2062 2062 D a2dp_codec: setCodecPriority: codec_priority_: -1
04-10 02:17:08.439 2062 2062 D a2dp_codec: A2dpCodecConfig: init all codec caps info
04-10 02:17:08.439 2062 2062 D a2dp_vendor_aptx: init: APTX enabled in HW mode
04-10 02:17:08.439 2062 2062 I a2dp_codec: init: updated aptX codec priority to -1
04-10 02:17:08.439 2062 2062 D a2dp_codec: createCodec: codec aptX-HD
04-10 02:17:08.439 2062 2062 D a2dp_codec: setCodecPriority: codec_priority_: -1
04-10 02:17:08.439 2062 2062 D a2dp_codec: A2dpCodecConfig: init all codec caps info
04-10 02:17:08.439 2062 2062 D a2dp_vendor_aptx_hd: init: APTX-HD enabled in HW mode
04-10 02:17:08.439 2062 2062 I a2dp_codec: init: updated aptX-HD codec priority to -1
04-10 02:17:08.439 2062 2062 D a2dp_codec: createCodec: codec LDAC
04-10 02:17:08.439 2062 2062 D a2dp_codec: setCodecPriority: codec_priority_: -1
04-10 02:17:08.439 2062 2062 D a2dp_codec: A2dpCodecConfig: init all codec caps info
04-10 02:17:08.439 2062 2062 D a2dp_vendor_ldac: init: LDAC enabled in HW mode
04-10 02:17:08.439 2062 2062 I a2dp_codec: init: updated LDAC codec priority to -1
04-10 02:17:08.439 2062 2062 D a2dp_codec: createCodec: codec aptX-adaptive
04-10 02:17:08.439 2062 2062 D a2dp_codec: setCodecPriority: codec_priority_: -1
04-10 02:17:08.439 2062 2062 D a2dp_codec: A2dpCodecConfig: init all codec caps info
04-10 02:17:08.439 2062 2062 I a2dp_vendor_aptx_adaptive: A2dpCodecConfigAptxAdaptive: Using Aptx Adaptive R1 config
04-10 02:17:08.439 2062 2062 D a2dp_vendor_aptx_adaptive: init: APTX-Adaptive enabled in HW mode
04-10 02:17:08.439 2062 2062 I a2dp_codec: init: updated aptX-adaptive codec priority to -1
04-10 02:17:08.439 2062 2062 D a2dp_codec: createCodec: codec aptX-TWS
04-10 02:17:08.439 2062 2062 D a2dp_codec: setCodecPriority: codec_priority_: -1
04-10 02:17:08.439 2062 2062 D a2dp_codec: A2dpCodecConfig: init all codec caps info
04-10 02:17:08.439 2062 2062 E a2dp_vendor_aptx_tws: init: APTX-Tws enabled in HW mode
04-10 02:17:08.439 2062 2062 I a2dp_codec: init: updated aptX-TWS codec priority to -1
04-10 02:17:08.439 2062 2062 D a2dp_codec: createCodec: codec SBC SINK
04-10 02:17:08.439 2062 2062 D a2dp_codec: setDefaultCodecPriority: default_codec_priority_: 0
04-10 02:17:08.439 2062 2062 D a2dp_codec: setDefaultCodecPriority: Compute the default codec priority
04-10 02:17:08.439 2062 2062 D a2dp_codec: setDefaultCodecPriority: codec_priority_: 8001
04-10 02:17:08.439 2062 2062 D a2dp_codec: setCodecPriority: codec_priority_: 8001
04-10 02:17:08.439 2062 2062 D a2dp_codec: A2dpCodecConfig: init all codec caps info
04-10 02:17:08.439 2062 2062 D a2dp_codec: createCodec: codec UNKNOWN CODEC INDEX
04-10 02:17:08.439 2062 2062 D a2dp_codec: createCodec: codec UNKNOWN CODEC INDEX
04-10 02:17:08.439 2062 2062 I a2dp_codec: init: initialized Source codec AAC
04-10 02:17:08.439 2062 2062 I a2dp_codec: init: initialized Source codec SBC
04-10 02:17:08.439 2062 2062 I a2dp_codec: init: initialized Sink codec SBC(Sink)
04-10 02:17:08.439 2062 2062 E bt_btif : btif_sm_get_state : Invalid handle
04-10 02:17:08.439 2062 2062 E bt_btif : btif_media_send_reset_vendor_state:
04-10 02:17:08.439 2062 2062 I btif_av : isBATEnabled: 0
04-10 02:17:08.439 2062 2062 E bt_btif : bta_av_co_get_active_peer: peer index out of bounds: 5
04-10 02:17:08.439 2062 2062 E bt_btif : btif_av_is_split_a2dp_enabled: No active peer codec config found, by default splitmode
04-10 02:17:08.439 2062 2062 E bt_btif : btif_media_send_reset_vendor_state:
04-10 02:17:08.439 2062 2860 D bt_btif_a2dp_source: btif_a2dp_source_command_ready: event: 7 BTIF_MEDIA_RESET_VS_STATE
04-10 02:17:08.440 2062 2860 D bt_btif_a2dp_source: btif_a2dp_source_command_ready: event: 2 BTIF_MEDIA_AUDIO_TX_STOP
04-10 02:17:08.440 2062 2860 E bt_stack: [ERROR:a2dp_encoding.cc(2718)] read: BluetoothAudio HAL is not enabled
04-10 02:17:08.440 2062 2222 E bt_btif : btif_a2dp_source_startup: A2DP Source media task already running
04-10 02:17:08.440 2062 2860 E bt_btif : Invalid cmd pending for ack
04-10 02:17:08.440 2080 2080 V KeyguardUpdateMonitor: *** register callback for com.android.systemui.biometrics.AuthRippleController$keyguardUpdateMonitorCallback$1@ecfc2d7
04-10 02:17:08.440 2080 2080 V KeyguardUpdateMonitor: *** unregister callback for null
04-10 02:17:08.440 2062 2062 D A2dpService: A2DP offload flag set to true
04-10 02:17:08.441 2062 2860 D bt_btif_a2dp_source: btif_a2dp_source_command_ready: event: 7 BTIF_MEDIA_RESET_VS_STATE
04-10 02:17:08.441 2062 2222 D bt_btif : btif_av_state_idle_handler: event:UNKNOWN_EVENT flags: 0 on index: 0, codec_cfg_change: 0
04-10 02:17:08.441 2062 2222 W bt_btif : btif_av_state_idle_handler: unhandled event=UNKNOWN_EVENT
04-10 02:17:08.441 2062 2222 E bt_btif : BTA_AvEnable:
04-10 02:17:08.441 2062 2222 I bt_btif_storage: btif_storage_get_adapter_property service_mask:0x220000048
04-10 02:17:08.441 2062 2818 W bt_btif : bta_av_api_enable
04-10 02:17:08.441 2062 2222 I bt_btif_storage: btif_storage_get_adapter_property service_mask:0x220000048
04-10 02:17:08.441 2062 2818 W bt_l2cap: L2CAP - L2CA_Register() called for PSM: 0x0019
04-10 02:17:08.441 2062 2222 D bt_btif : btif_av_state_idle_handler: event:BTA_AV_ENABLE_EVT flags: 0 on index: 0, codec_cfg_change: 0
04-10 02:17:08.441 2062 2818 W bt_l2cap: L2CAP - L2CA_Register() called for PSM: 0x0017
04-10 02:17:08.441 2062 2818 W bt_l2cap: L2CAP - L2CA_Register() called for PSM: 0x001b
04-10 02:17:08.441 2062 2818 E bt_btif : bta_av_co_get_active_peer: peer index out of bounds: 5
04-10 02:17:08.441 2062 2818 D a2dp_codec: A2DP_InitCodecConfig: codec SBC
04-10 02:17:08.441 2062 2818 D a2dp_sbc: A2DP_InitCodecConfigSbc:
04-10 02:17:08.441 2062 2818 E bt_btif : bta_av_co_get_active_peer: peer index out of bounds: 5
04-10 02:17:08.441 2062 2818 D a2dp_codec: A2DP_InitCodecConfig: codec AAC
04-10 02:17:08.441 2062 2818 D a2dp_aac: A2DP_BuildInfoAac: media_type: 0, p_ie->bitRate: 165000
04-10 02:17:08.442 2062 2818 E bt_btif : bta_av_co_get_active_peer: peer index out of bounds: 5
04-10 02:17:08.442 2062 2818 D a2dp_codec: A2DP_InitCodecConfig: codec aptX
04-10 02:17:08.442 2062 2818 E bt_btif : bta_av_co_get_active_peer: peer index out of bounds: 5
04-10 02:17:08.442 2062 2818 D a2dp_codec: A2DP_InitCodecConfig: codec aptX-HD
04-10 02:17:08.442 2062 2818 E bt_btif : bta_av_co_get_active_peer: peer index out of bounds: 5
04-10 02:17:08.442 2062 2818 D a2dp_codec: A2DP_InitCodecConfig: codec LDAC
04-10 02:17:08.442 2062 2818 E bt_btif : bta_av_co_get_active_peer: peer index out of bounds: 5
04-10 02:17:08.442 2062 2818 D a2dp_codec: A2DP_InitCodecConfig: codec aptX-adaptive
04-10 02:17:08.442 2062 2818 E bt_btif : bta_av_co_get_active_peer: peer index out of bounds: 5
04-10 02:17:08.442 2062 2818 D a2dp_codec: A2DP_InitCodecConfig: codec aptX-TWS
04-10 02:17:08.442 2062 2818 W bt_btif : bta_av_get_rcb_by_shdl: shdl = 0, rcb[i].shdl = 0, rcb[i].handle = 255, rcb[i].lidx = 0
04-10 02:17:08.442 2062 2818 W bt_btif : bta_av_get_rcb_by_shdl: shdl = 0, rcb[i].shdl = 0, rcb[i].handle = 255, rcb[i].lidx = 0
04-10 02:17:08.442 2062 2818 W bt_btif : bta_av_get_rcb_by_shdl: shdl = 0, rcb[i].shdl = 0, rcb[i].handle = 255, rcb[i].lidx = 0
04-10 02:17:08.442 2062 2818 W bt_btif : bta_av_get_rcb_by_shdl: shdl = 0, rcb[i].shdl = 0, rcb[i].handle = 255, rcb[i].lidx = 0
04-10 02:17:08.442 2062 2818 W bt_btif : bta_av_get_rcb_by_shdl: shdl = 0, rcb[i].shdl = 0, rcb[i].handle = 255, rcb[i].lidx = 0
04-10 02:17:08.442 2062 2818 W bt_btif : bta_av_get_rcb_by_shdl: shdl = 0, rcb[i].shdl = 0, rcb[i].handle = 255, rcb[i].lidx = 0
04-10 02:17:08.442 2062 2818 W bt_btif : bta_av_get_rcb_by_shdl: shdl = 0, rcb[i].shdl = 0, rcb[i].handle = 255, rcb[i].lidx = 0
04-10 02:17:08.442 2062 2818 D bt_btif : AVRC_Open role: 1, control:67 status:0, handle:0
04-10 02:17:08.442 2062 2818 W bt_btif : bta_av_rc_create RC handle 0 is connected
04-10 02:17:08.442 2062 2818 D bt_btif : rc_acp_handle: 0 idx: 1
04-10 02:17:08.442 2062 2818 D bt_btif : bta_av_rc_create create 0, role: 1, shdl:0, rc_handle:0, lidx:6, status:0x10
04-10 02:17:08.442 2062 2818 E bt_btif : bta_av_co_get_active_peer: peer index out of bounds: 5
04-10 02:17:08.442 2062 2818 D a2dp_codec: A2DP_InitCodecConfig: codec SBC
04-10 02:17:08.442 2062 2818 D a2dp_sbc: A2DP_InitCodecConfigSbc:
04-10 02:17:08.442 2062 2818 E bt_btif : bta_av_co_get_active_peer: peer index out of bounds: 5
04-10 02:17:08.442 2062 2818 D a2dp_codec: A2DP_InitCodecConfig: codec AAC
04-10 02:17:08.442 2062 2818 D a2dp_aac: A2DP_BuildInfoAac: media_type: 0, p_ie->bitRate: 165000
04-10 02:17:08.442 2062 2818 E bt_btif : bta_av_co_get_active_peer: peer index out of bounds: 5
04-10 02:17:08.442 2062 2818 D a2dp_codec: A2DP_InitCodecConfig: codec aptX
04-10 02:17:08.442 2062 2818 E bt_btif : bta_av_co_get_active_peer: peer index out of bounds: 5
04-10 02:17:08.442 2062 2818 D a2dp_codec: A2DP_InitCodecConfig: codec aptX-HD
04-10 02:17:08.442 2062 2818 E bt_btif : bta_av_co_get_active_peer: peer index out of bounds: 5
04-10 02:17:08.442 2062 2818 D a2dp_codec: A2DP_InitCodecConfig: codec LDAC
04-10 02:17:08.442 2062 2818 E bt_btif : bta_av_co_get_active_peer: peer index out of bounds: 5
04-10 02:17:08.442 2062 2818 D a2dp_codec: A2DP_InitCodecConfig: codec aptX-adaptive
04-10 02:17:08.442 2062 2818 E bt_btif : bta_av_co_get_active_peer: peer index out of bounds: 5
04-10 02:17:08.442 2062 2818 D a2dp_codec: A2DP_InitCodecConfig: codec aptX-TWS
04-10 02:17:08.443 2062 2818 E bt_btif : bta_av_co_get_active_peer: peer index out of bounds: 5
04-10 02:17:08.443 2062 2818 D a2dp_codec: A2DP_InitCodecConfig: codec SBC
04-10 02:17:08.443 2062 2818 D a2dp_sbc: A2DP_InitCodecConfigSbc:
04-10 02:17:08.443 2062 2818 E bt_btif : bta_av_co_get_active_peer: peer index out of bounds: 5
04-10 02:17:08.443 2062 2818 D a2dp_codec: A2DP_InitCodecConfig: codec AAC
04-10 02:17:08.443 2062 2818 D a2dp_aac: A2DP_BuildInfoAac: media_type: 0, p_ie->bitRate: 165000
04-10 02:17:08.443 2062 2818 E bt_btif : bta_av_co_get_active_peer: peer index out of bounds: 5
04-10 02:17:08.443 2062 2818 D a2dp_codec: A2DP_InitCodecConfig: codec aptX
04-10 02:17:08.443 2062 2818 E bt_btif : bta_av_co_get_active_peer: peer index out of bounds: 5
04-10 02:17:08.443 2062 2818 D a2dp_codec: A2DP_InitCodecConfig: codec aptX-HD
04-10 02:17:08.443 2062 2818 E bt_btif : bta_av_co_get_active_peer: peer index out of bounds: 5
04-10 02:17:08.443 2062 2818 D a2dp_codec: A2DP_InitCodecConfig: codec LDAC
04-10 02:17:08.443 2062 2818 E bt_btif : bta_av_co_get_active_peer: peer index out of bounds: 5
04-10 02:17:08.443 2062 2818 D a2dp_codec: A2DP_InitCodecConfig: codec aptX-adaptive
04-10 02:17:08.443 2062 2818 E bt_btif : bta_av_co_get_active_peer: peer index out of bounds: 5
04-10 02:17:08.443 2062 2818 D a2dp_codec: A2DP_InitCodecConfig: codec aptX-TWS
04-10 02:17:08.443 2062 2818 E bt_btif : bta_av_co_get_active_peer: peer index out of bounds: 5
04-10 02:17:08.443 2062 2818 D a2dp_codec: A2DP_InitCodecConfig: codec SBC
04-10 02:17:08.443 2062 2818 D a2dp_sbc: A2DP_InitCodecConfigSbc:
04-10 02:17:08.443 2062 2818 E bt_btif : bta_av_co_get_active_peer: peer index out of bounds: 5
04-10 02:17:08.443 2062 2818 D a2dp_codec: A2DP_InitCodecConfig: codec AAC
04-10 02:17:08.443 2062 2818 D a2dp_aac: A2DP_BuildInfoAac: media_type: 0, p_ie->bitRate: 165000
04-10 02:17:08.443 2062 2818 E bt_btif : bta_av_co_get_active_peer: peer index out of bounds: 5
04-10 02:17:08.443 2062 2818 D a2dp_codec: A2DP_InitCodecConfig: codec aptX
04-10 02:17:08.443 2062 2818 E bt_btif : bta_av_co_get_active_peer: peer index out of bounds: 5
04-10 02:17:08.443 2062 2818 D a2dp_codec: A2DP_InitCodecConfig: codec aptX-HD
01-01 08:59:51.254 0 0 F [kworke][0x407a03c4][02:17:08.443339] wlan: [280:F:DP] cdp_ipa_set_uc_tx_partition_base invalid instance
04-10 02:17:08.443 2062 2818 E bt_btif : bta_av_co_get_active_peer: peer index out of bounds: 5
04-10 02:17:08.443 2062 2818 D a2dp_codec: A2DP_InitCodecConfig: codec LDAC
04-10 02:17:08.443 2062 2818 E bt_btif : bta_av_co_get_active_peer: peer index out of bounds: 5
04-10 02:17:08.443 849 2812 I vendor.qti.bluetooth@1.0-ibs_handler: ProcessIbsCmd: Received IBS_WAKE_IND: 0xFD
04-10 02:17:08.443 2062 2818 D a2dp_codec: A2DP_InitCodecConfig: codec aptX-adaptive
04-10 02:17:08.443 2062 2818 E bt_btif : bta_av_co_get_active_peer: peer index out of bounds: 5
04-10 02:17:08.443 2062 2818 D a2dp_codec: A2DP_InitCodecConfig: codec aptX-TWS
04-10 02:17:08.443 2062 2818 E bt_btif : bta_av_co_get_active_peer: peer index out of bounds: 5
04-10 02:17:08.443 2062 2818 D a2dp_codec: A2DP_InitCodecConfig: codec SBC
04-10 02:17:08.443 2062 2818 D a2dp_sbc: A2DP_InitCodecConfigSbc:
04-10 02:17:08.443 2062 2818 E bt_btif : bta_av_co_get_active_peer: peer index out of bounds: 5
04-10 02:17:08.443 2062 2818 D a2dp_codec: A2DP_InitCodecConfig: codec AAC
04-10 02:17:08.443 2062 2818 D a2dp_aac: A2DP_BuildInfoAac: media_type: 0, p_ie->bitRate: 165000
04-10 02:17:08.444 2062 2818 E bt_btif : bta_av_co_get_active_peer: peer index out of bounds: 5
04-10 02:17:08.444 2062 2818 D a2dp_codec: A2DP_InitCodecConfig: codec aptX
04-10 02:17:08.444 2062 2818 E bt_btif : bta_av_co_get_active_peer: peer index out of bounds: 5
04-10 02:17:08.444 2062 2818 D a2dp_codec: A2DP_InitCodecConfig: codec aptX-HD
04-10 02:17:08.444 2062 2818 E bt_btif : bta_av_co_get_active_peer: peer index out of bounds: 5
04-10 02:17:08.444 849 2812 I vendor.qti.bluetooth@1.0-ibs_handler: ProcessIbsCmd: Writing IBS_WAKE_ACK
04-10 02:17:08.444 2062 2818 D a2dp_codec: A2DP_InitCodecConfig: codec LDAC
04-10 02:17:08.444 2062 2818 E bt_btif : bta_av_co_get_active_peer: peer index out of bounds: 5
04-10 02:17:08.444 2062 2818 D a2dp_codec: A2DP_InitCodecConfig: codec aptX-adaptive
04-10 02:17:08.444 2062 2818 E bt_btif : bta_av_co_get_active_peer: peer index out of bounds: 5
04-10 02:17:08.444 2062 2818 D a2dp_codec: A2DP_InitCodecConfig: codec aptX-TWS
04-10 02:17:08.444 2062 2222 D bt_btif : btif_av_state_idle_handler: event:BTA_AV_REGISTER_EVT flags: 0 on index: 0, codec_cfg_change: 0
04-10 02:17:08.444 2062 2222 D bt_btif : btif_av_state_idle_handler: event:BTA_AV_REGISTER_EVT flags: 0 on index: 1, codec_cfg_change: 0
04-10 02:17:08.444 2062 2222 D bt_btif : btif_av_state_idle_handler: event:BTA_AV_REGISTER_EVT flags: 0 on index: 2, codec_cfg_change: 0
04-10 02:17:08.444 2062 2222 D bt_btif : btif_av_state_idle_handler: event:BTA_AV_REGISTER_EVT flags: 0 on index: 3, codec_cfg_change: 0
04-10 02:17:08.445 2062 2222 D bt_btif : btif_av_state_idle_handler: event:BTA_AV_REGISTER_EVT flags: 0 on index: 4, codec_cfg_change: 0
04-10 02:17:08.445 2080 2436 W ActivityThread: Failed to find provider info for com.android.contacts (user not unlocked)
04-10 02:17:08.445 2062 2062 D A2dpService: setA2dpService(): set to: com.android.bluetooth.a2dp.A2dpService@94f16f8
04-10 02:17:08.445 2062 2062 D HeadsetService: getHeadsetService(): returning com.android.bluetooth.hfp.HeadsetService@74e9e99
04-10 02:17:08.445 2062 2062 D HeadsetService: isAudioOn: The number of audio connected devices 0
04-10 02:17:08.445 2062 2062 D HeadsetService: isScoOrCallActive(): Call Active:falseCall is Ringing:falseSCO is Active:false
04-10 02:17:08.445 2062 2062 D HeadsetService: isAudioOn: The number of audio connected devices 0
04-10 02:17:08.447 1015 2782 D DisplayPowerController[0]: requestPowerState: policy=BRIGHT, useProximitySensor=false, screenBrightnessOverride=1.0, useAutoBrightness=false, screenAutoBrightnessAdjustmentOverride=NaN, screenLowPowerBrightnessFactor=1.0, blockScreenOn=false, lowPowerMode=false, boostScreenBrightness=false, dozeScreenBrightness=NaN, dozeScreenState=UNKNOWN, waitForNegativeProximity=false
04-10 02:17:08.448 1015 2782 D PowerManagerNotifier: onScreenPolicyUpdate: newPolicy=3
04-10 02:17:08.448 1015 2782 D PowerManagerNotifier: onWakeLockAcquired: flags=1, tag="AudioMix", packageName=audioserver, ownerUid=1041, ownerPid=0, workSource=null
04-10 02:17:08.450 816 816 D audio_hw_primary: adev_get_parameters:fm_status
04-10 02:17:08.450 816 816 D audio_hw_spkr_prot: fbsp_get_parameters: Speaker protection disabled
04-10 02:17:08.450 816 816 D soundtrigger: audio_extn_sound_trigger_get_parameters input string
04-10 02:17:08.450 816 816 D soundtrigger: extract_sm_handle input string param string
04-10 02:17:08.450 816 816 D audio_hw_extn: audio_extn_fm_get_parameters: Enter
01-01 08:59:51.267 0 0 I [kworke][0x407de0e7][02:17:08.456526] wlan: [280:I:WMA] wma_he_update_tgt_services: 996: 11ax is enabled
04-10 02:17:08.450 816 816 D audio_hw_extn: audio_extn_get_parameters: returns fm_status=0
04-10 02:17:08.450 816 816 D audio_hw_primary: adev_get_parameters: exit: returns - fm_status=0
04-10 02:17:08.450 1044 1044 I hash_map_utils: system/bt/osi/src/hash_map_utils.cc:81 hash_map_utils_dump_string_keys_string_values: key: 'fm_status' value: ''
04-10 02:17:08.452 1015 2782 D DisplayPowerController[0]: requestPowerState: policy=BRIGHT, useProximitySensor=false, screenBrightnessOverride=1.0, useAutoBrightness=false, screenAutoBrightnessAdjustmentOverride=NaN, screenLowPowerBrightnessFactor=1.0, blockScreenOn=false, lowPowerMode=false, boostScreenBrightness=false, dozeScreenBrightness=NaN, dozeScreenState=UNKNOWN, waitForNegativeProximity=false
04-10 02:17:08.452 1015 2782 D PowerManagerNotifier: onScreenPolicyUpdate: newPolicy=3
04-10 02:17:08.452 1015 2782 D PowerManagerNotifier: onWakeLockAcquired: flags=1, tag="AudioMix", packageName=audioserver, ownerUid=1041, ownerPid=0, workSource=null
04-10 02:17:08.453 1015 2782 D DisplayPowerController[0]: requestPowerState: policy=BRIGHT, useProximitySensor=false, screenBrightnessOverride=1.0, useAutoBrightness=false, screenAutoBrightnessAdjustmentOverride=NaN, screenLowPowerBrightnessFactor=1.0, blockScreenOn=false, lowPowerMode=false, boostScreenBrightness=false, dozeScreenBrightness=NaN, dozeScreenState=UNKNOWN, waitForNegativeProximity=false
04-10 02:17:08.453 1015 2782 D PowerManagerNotifier: onScreenPolicyUpdate: newPolicy=3
04-10 02:17:08.453 1015 2782 D PowerManagerNotifier: onWakeLockAcquired: flags=1, tag="AudioMix", packageName=audioserver, ownerUid=1041, ownerPid=0, workSource=null
04-10 02:17:08.453 2062 2062 E A2dpService: setActiveDevice(null): already set to active
04-10 02:17:08.453 2062 2062 D A2dpService: profile started successfully
04-10 02:17:08.454 2062 2062 I BluetoothHidHostServiceJni: classInitNative: succeeds
04-10 02:17:08.454 1015 1077 D DisplayPowerController[0]: requestPowerState: policy=BRIGHT, useProximitySensor=false, screenBrightnessOverride=1.0, useAutoBrightness=false, screenAutoBrightnessAdjustmentOverride=NaN, screenLowPowerBrightnessFactor=1.0, blockScreenOn=false, lowPowerMode=false, boostScreenBrightness=false, dozeScreenBrightness=NaN, dozeScreenState=UNKNOWN, waitForNegativeProximity=false
04-10 02:17:08.455 1015 1077 D PowerManagerNotifier: onScreenPolicyUpdate: newPolicy=3
04-10 02:17:08.455 1015 1077 D PowerManagerNotifier: onWakeLockAcquired: flags=1, tag="AudioMix", packageName=audioserver, ownerUid=1041, ownerPid=0, workSource=null
04-10 02:17:08.456 1015 1077 D DisplayPowerController[0]: requestPowerState: policy=BRIGHT, useProximitySensor=false, screenBrightnessOverride=1.0, useAutoBrightness=false, screenAutoBrightnessAdjustmentOverride=NaN, screenLowPowerBrightnessFactor=1.0, blockScreenOn=false, lowPowerMode=false, boostScreenBrightness=false, dozeScreenBrightness=NaN, dozeScreenState=UNKNOWN, waitForNegativeProximity=false
04-10 02:17:08.456 1015 1077 D PowerManagerNotifier: onScreenPolicyUpdate: newPolicy=3
04-10 02:17:08.456 1015 1077 D PowerManagerNotifier: onWakeLockAcquired: flags=1, tag="AudioMix", packageName=audioserver, ownerUid=1041, ownerPid=0, workSource=null
04-10 02:17:08.458 2062 2062 D HidHostService: Received start request. Starting profile...
04-10 02:17:08.462 2828 2846 D QCCAuthMgr: SMQContentProvider query tableName: smq_settings
04-10 02:17:08.465 2630 2630 I QCC:OptInOutHandler: getTypeOptInOut, ret = 3
04-10 02:17:08.465 2630 2630 I QCC:OperationMode: dbHandler.getTypeOptInOut optMode : 3
04-10 02:17:08.467 2630 2630 D CompatibilityChangeReporter: Compat change id reported: 160794467; UID 1000; state: ENABLED
04-10 02:17:08.467 2062 2062 I bt_btif : get_profile_interface: id = hidhost
04-10 02:17:08.467 2062 2062 D BluetoothHidHostService: setHidHostService(): set to: com.android.bluetooth.hid.HidHostService@98514e6
04-10 02:17:08.467 2062 2062 D HidHostService: profile started successfully
04-10 02:17:08.468 2062 2222 I bt_bta_hh: BTA_HhEnable sec_mask:0x36 p_cback:0x70b1b894b8
04-10 02:17:08.468 2062 2222 I bt_btif_storage: btif_storage_get_adapter_property service_mask:0x220100048
04-10 02:17:08.468 2062 2818 W bt_l2cap: L2CAP - L2CA_Register() called for PSM: 0x0011
04-10 02:17:08.468 2062 2818 W bt_l2cap: L2CAP - L2CA_Register() called for PSM: 0x0013
04-10 02:17:08.468 2062 2818 V bt_stack: [VERBOSE1:bta_gattc_act.cc(210)] bta_gattc_register: state:2
04-10 02:17:08.468 2062 2818 I bt_stack: [INFO:gatt_api.cc(1223)] GATT_Register efd04bc6-b202-14d0-7ebd-26b057a3786a
04-10 02:17:08.468 2062 2818 I bt_stack: [INFO:gatt_api.cc(1244)] allocated gatt_if=4
04-10 02:17:08.468 2062 2818 V bt_stack: [VERBOSE1:gatt_api.cc(1369)] GATT_StartIf gatt_if=4
04-10 02:17:08.468 2062 2818 V bt_stack: [VERBOSE1:gatt_utils.cc(293)] gatt_find_the_connected_bda start_idx=0
04-10 02:17:08.468 2062 2818 V bt_stack: [VERBOSE1:gatt_utils.cc(305)] found=0 found_idx=5
04-10 02:17:08.469 2630 2630 I QCC:UploaderReceiver: stopUploaderSchedule - senderPi is not null -- try to cancel the alarm
04-10 02:17:08.470 2062 2062 I BluetoothPanServiceJni: classInitNative(L111): succeeds
01-01 08:59:51.282 0 0 I [kworke][0x408228ab][02:17:08.471137] wlan: [280:I:HIF] Initializing Runtime PM wakelock &mgmt_txrx_pdev_ctx->wakelock_tx_runtime_cmp
04-10 02:17:08.472 2062 2062 D PanService: Received start request. Starting profile...
04-10 02:17:08.474 2062 2062 D BluetoothPanServiceJni: initializeNative(L116): pan
04-10 02:17:08.474 2062 2062 I bt_btif : get_profile_interface: id = pan
04-10 02:17:08.474 2062 2062 D PanService: profile started successfully
04-10 02:17:08.474 2062 2818 W bt_l2cap: L2CAP - L2CA_Register() called for PSM: 0x000f
04-10 02:17:08.475 2062 2222 D BluetoothPanServiceJni: control_state_callback(L63): state:0, local_role:3, ifname:bt-pan
01-01 08:59:51.292 0 0 I [kworke][0x40850c6d][02:17:08.480999] wlan: [280:I:dfs] WLAN_DEBUG_DFS_ALWAYS : wlan_dfs_pdev_obj_create_notification: 421: dfs_offload 1
01-01 08:59:51.292 0 0 I [kworke][0x408527cb][02:17:08.481364] wlan: [280:I:SPECTRAL] null_get_capability: 1715: SPECTRAL : get_capability not registered
01-01 08:59:51.292 0 0 I [kworke][0x40852a83][02:17:08.481400] wlan: [280:I:SPECTRAL] target_if_pdev_spectral_init: 2249: HAL_CAP_PHYDIAG : Capable
01-01 08:59:51.292 0 0 I [kworke][0x40852cba][02:17:08.481430] wlan: [280:I:SPECTRAL] null_get_capability: 1715: SPECTRAL : get_capability not registered
01-01 08:59:51.292 0 0 I [kworke][0x40852f19][02:17:08.481462] wlan: [280:I:SPECTRAL] target_if_pdev_spectral_init: 2253: HAL_CAP_RADAR : Capable
01-01 08:59:51.292 0 0 I [kworke][0x4085312d][02:17:08.481489] wlan: [280:I:SPECTRAL] null_get_capability: 1715: SPECTRAL : get_capability not registered
01-01 08:59:51.292 0 0 I [kworke][0x4085332e][02:17:08.481515] wlan: [280:I:SPECTRAL] target_if_pdev_spectral_init: 2258: HAL_CAP_SPECTRAL_SCAN : Capable
01-01 08:59:51.292 0 0 I [kworke][0x40853665][02:17:08.481560] wlan: [280:I:SPECTRAL] null_get_tsf64: 1703: SPECTRAL : get_tsf64 not registered
01-01 08:59:51.292 0 0 I [kworke][0x40853fdc][02:17:08.481684] wlan: [280:I:GREEN_AP] wlan_green_ap_pdev_obj_create_notification: 106: Green AP creation successful, green ap ctx: ffffffc2b554c8e8, pdev: ffffffc2b54cd0e8
01-01 08:59:51.292 0 0 I [kworke][0x4085502e][02:17:08.481903] wlan: [280:I:IPA] wlan_ipa_wdi_init: 540: ipa_over_gsi: 1, is_smmu_enabled: 1
04-10 02:17:08.482 2062 2062 D BluetoothMapService: Received start request. Starting profile...
04-10 02:17:08.484 2062 2062 D BluetoothMapService: start()
04-10 02:17:08.487 1015 1203 E WifiThreadRunner: WifiThreadRunner.call() timed out!
04-10 02:17:08.487 1015 1203 E WifiThreadRunner: java.lang.Throwable: Caller thread Stack trace:
04-10 02:17:08.487 1015 1203 E WifiThreadRunner: at com.android.server.wifi.WifiThreadRunner.call(WifiThreadRunner.java:85)
04-10 02:17:08.487 1015 1203 E WifiThreadRunner: at com.android.server.wifi.WifiServiceImpl.getSupportedFeaturesInternal(WifiServiceImpl.java:4399)
04-10 02:17:08.487 1015 1203 E WifiThreadRunner: at com.android.server.wifi.WifiServiceImpl.getSupportedFeatures(WifiServiceImpl.java:2399)
04-10 02:17:08.487 1015 1203 E WifiThreadRunner: at android.net.wifi.WifiManager.getSupportedFeatures(WifiManager.java:2819)
04-10 02:17:08.487 1015 1203 E WifiThreadRunner: at android.net.wifi.WifiManager.isFeatureSupported(WifiManager.java:2826)
04-10 02:17:08.487 1015 1203 E WifiThreadRunner: at android.net.wifi.WifiManager.isEnhancedPowerReportingSupported(WifiManager.java:2968)
04-10 02:17:08.487 1015 1203 E WifiThreadRunner: at com.android.server.am.BatteryExternalStatsWorker.updateExternalStatsLocked(BatteryExternalStatsWorker.java:521)
04-10 02:17:08.487 1015 1203 E WifiThreadRunner: at com.android.server.am.BatteryExternalStatsWorker.access$1000(BatteryExternalStatsWorker.java:70)
04-10 02:17:08.487 1015 1203 E WifiThreadRunner: at com.android.server.am.BatteryExternalStatsWorker$1.run(BatteryExternalStatsWorker.java:463)
04-10 02:17:08.487 1015 1203 E WifiThreadRunner: at java.util.concurrent.Executors$RunnableAdapter.call(Executors.java:462)
04-10 02:17:08.487 1015 1203 E WifiThreadRunner: at java.util.concurrent.FutureTask.run(FutureTask.java:266)
04-10 02:17:08.487 1015 1203 E WifiThreadRunner: at java.util.concurrent.ScheduledThreadPoolExecutor$ScheduledFutureTask.run(ScheduledThreadPoolExecutor.java:301)
04-10 02:17:08.487 1015 1203 E WifiThreadRunner: at java.util.concurrent.ThreadPoolExecutor.runWorker(ThreadPoolExecutor.java:1167)
04-10 02:17:08.487 1015 1203 E WifiThreadRunner: at java.util.concurrent.ThreadPoolExecutor$Worker.run(ThreadPoolExecutor.java:641)
04-10 02:17:08.487 1015 1203 E WifiThreadRunner: at com.android.server.am.BatteryExternalStatsWorker.lambda$new$0(BatteryExternalStatsWorker.java:88)
04-10 02:17:08.487 1015 1203 E WifiThreadRunner: at com.android.server.am.BatteryExternalStatsWorker$$ExternalSyntheticLambda6.run(Unknown Source:2)
04-10 02:17:08.487 1015 1203 E WifiThreadRunner: at java.lang.Thread.run(Thread.java:920)
04-10 02:17:08.487 1015 1203 E WifiThreadRunner: WifiThreadRunner.call() timed out!
04-10 02:17:08.487 1015 1203 E WifiThreadRunner: java.lang.Throwable: Wifi thread Stack trace:
04-10 02:17:08.487 1015 1203 E WifiThreadRunner: at android.os.HwRemoteBinder.transact(Native Method)
04-10 02:17:08.487 1015 1203 E WifiThreadRunner: at com.android.wifi.x.android.hardware.wifi.V1_0.IWifi$Proxy.start(IWifi.java:378)
04-10 02:17:08.487 1015 1203 E WifiThreadRunner: at com.android.server.wifi.HalDeviceManager.startWifi(HalDeviceManager.java:1393)
04-10 02:17:08.487 1015 1203 E WifiThreadRunner: at com.android.server.wifi.HalDeviceManager.start(HalDeviceManager.java:205)
04-10 02:17:08.487 1015 1203 E WifiThreadRunner: at com.android.server.wifi.WifiVendorHal.startVendorHal(WifiVendorHal.java:416)
04-10 02:17:08.487 1015 1203 E WifiThreadRunner: at com.android.server.wifi.WifiNative.startHal(WifiNative.java:491)
04-10 02:17:08.487 1015 1203 E WifiThreadRunner: at com.android.server.wifi.WifiNative.setupInterfaceForClientInScanMode(WifiNative.java:1266)
04-10 02:17:08.487 1015 1203 E WifiThreadRunner: at com.android.server.wifi.ConcreteClientModeManager$ClientModeStateMachine$IdleState.processMessage(ConcreteClientModeManager.java:825)
04-10 02:17:08.487 1015 1203 E WifiThreadRunner: at com.android.wifi.x.com.android.internal.util.StateMachine$SmHandler.processMsg(StateMachine.java:993)
04-10 02:17:08.487 1015 1203 E WifiThreadRunner: at com.android.wifi.x.com.android.internal.util.StateMachine$SmHandler.handleMessage(StateMachine.java:810)
04-10 02:17:08.487 1015 1203 E WifiThreadRunner: at android.os.Handler.dispatchMessage(Handler.java:106)
04-10 02:17:08.487 1015 1203 E WifiThreadRunner: at android.os.Looper.loopOnce(Looper.java:201)
04-10 02:17:08.487 1015 1203 E WifiThreadRunner: at android.os.Looper.loop(Looper.java:288)
04-10 02:17:08.487 1015 1203 E WifiThreadRunner: at android.os.HandlerThread.run(HandlerThread.java:67)
01-01 08:59:51.303 0 0 I [kworke][0x408854ff][02:17:08.492207] wlan: [280:I:REGULATORY] reg_set_band: 483: set band bitmap: 3
04-10 02:17:08.489 2630 2630 I QCC:UploaderReceiver: getLastUploaderTimeMs : 1681064228185
04-10 02:17:08.491 2630 2630 I QCC:UploaderReceiver: getUploaderIntervalMs : 43200000
04-10 02:17:08.491 2630 2630 I QCC:UploaderReceiver: nCurrMs:1681064228465 / lastPeroidStartMs:1681064228185 / periodicity:43200000
04-10 02:17:08.491 2630 2630 I QCC:UploaderReceiver: nDiffMs:280 , remainedInterval:43199720
04-10 02:17:08.492 2630 2630 I QCC:UploaderReceiver: startPeriodicScheduler - elaspedTimeMs:49671 / elaspedTargetTimeMs : 43249391
04-10 02:17:08.492 2630 2630 I QCC:UploaderReceiver: setLastUploaderTimeMs :1681064228465
04-10 02:17:08.492 2630 2630 I QCC:UploaderReceiver: setLastUploaderTimeMs : 2023-04-10T02:17:08 上午
04-10 02:17:08.499 2062 2062 D BluetoothMapFixes: mSessionStatusHandler CREATE_MAS_INSTANCES
04-10 02:17:08.500 2062 2062 D BluetoothMapService: mSmsCapable :true
04-10 02:17:08.500 2062 2062 D BluetoothMapService: setBluetoothMapService(): set to: com.android.bluetooth.map.BluetoothMapService@9ab5d79
04-10 02:17:08.500 2062 2062 D BluetoothMapService: profile started successfully
04-10 02:17:08.500 2062 2062 I BluetoothAvrcpControllerJni: classInitNative: succeeds
04-10 02:17:08.501 1015 2782 D CompatibilityChangeReporter: Compat change id reported: 171306433; UID 1000; state: ENABLED
04-10 02:17:08.501 2062 2062 D AvrcpControllerService: Received start request. Starting profile...
04-10 02:17:08.502 2062 2865 V BluetoothMapService: Handler(): got msg=5
04-10 02:17:08.502 2062 2865 D BluetoothMapService: CREATE_MAS_INSTANCES
04-10 02:17:08.503 2062 2865 D BluetoothVendorService: getProfileInfo profile_id: 3
04-10 02:17:08.503 2062 2865 I BluetoothVendorJni: getProfileInfoNative
04-10 02:17:08.503 2062 2865 I bt_btif_vendor: get_profile_info :3
04-10 02:17:08.503 2062 2865 W bt_device_profile: profile_feature_fetch:profile 3
04-10 02:17:08.503 2062 2865 W bt_device_profile: profile_feature_fetch:MAP_EMAIL_SUPPORT found 1
04-10 02:17:08.503 2062 2865 D BluetoothMapAppObserver: isEmailSupported: true
04-10 02:17:08.503 2062 2865 D BluetoothMapAccountEmailLoader: mEmailContext Assigned
04-10 02:17:08.503 2062 2865 D BluetoothMapAccountEmailLoader: Groups SIZE: 0
04-10 02:17:08.503 2062 2865 D BluetoothMapAccountEmailLoader: Found 0 applications - Support legacy default or primary email Account
04-10 02:17:08.503 2062 2062 I bt_btif : get_profile_interface: id = avrcp_ctrl
04-10 02:17:08.503 2062 2062 I bt_btif : get_profile_interface: id = vendor_avrcp_ctrl
04-10 02:17:08.503 2062 2062 D bt_btif : btif_rc_vendor_ctrl_get_interface
04-10 02:17:08.502 2630 2630 I QCC:ApplicationManager: clearJobDlData
04-10 02:17:08.504 2630 2630 I QCC:QDMAJobService: cleanClientSubDir
04-10 02:17:08.505 2630 2630 I QCC:QDMAJobService: removeAllMetaFromClientID, clientID : 200
04-10 02:17:08.505 2630 2630 I QCC:QDMAJobManager: clearQDMAJob clientID: 200
04-10 02:17:08.505 2630 2630 I QCC:QDMAJobManager: clearQDMAJob - there is no exist job
04-10 02:17:08.507 2630 2630 I QCC:DMEFacade: === startQdmaFileServiceNative ===
04-10 02:17:08.507 2630 2630 I QCC:OmaDMNative: Java_com_qualcomm_qti_innodme_DMEFacade_doStartQdmaFileServiceNative()
04-10 02:17:08.509 2630 2630 I qcc_file_service: create socket_listener thread id: 483995233456
04-10 02:17:08.509 2630 2630 I QCC:OmaDMNative: start socket listener pid: 483995233456
04-10 02:17:08.509 2630 2630 I QCC:ApplicationManager: cleanApplicationData: do not need to retrieve previous session
01-01 08:59:51.304 0 0 I [kworke][0x4088e253][02:17:08.494091] wlan: [280:I:HIF] Initializing Runtime PM wakelock &ctx->dfs
01-01 08:59:51.304 0 0 I [kworke][0x4088e643][02:17:08.494143] wlan: [280:I:HIF] Initializing Runtime PM wakelock &ctx->connect
01-01 08:59:51.305 0 0 I [kworke][0x4088e992][02:17:08.494187] wlan: [280:I:HIF] Initializing Runtime PM wakelock &ctx->user
01-01 08:59:51.305 0 0 I [kworke][0x4088ed67][02:17:08.494238] wlan: [280:I:HIF] Initializing Runtime PM wakelock &scan_priv->runtime_pm_lock
01-01 08:59:51.305 0 0 I [kworke][0x4088f6b3][02:17:08.494362] wlan: [280:I:GREEN_AP] target_if_green_ap_register_egap_event_handler: 131: Set the Enhance Green AP event handler
01-01 08:59:51.305 0 0 E [kworke][0x4088f9af][02:17:08.494402] wlan: [280:E:QDF] dp_peer_map_attach_wifi3: 10048: dp_peer_map_attach_wifi3 max_peers 55, max_ast_index: 144
04-10 02:17:08.510 1015 2148 D CompatibilityInfo: mCompatibilityFlags - 4
04-10 02:17:08.510 1015 2148 D CompatibilityInfo: applicationDensity - 240
04-10 02:17:08.510 1015 2148 D CompatibilityInfo: applicationScale - 1.0
01-01 08:59:51.322 0 0 I [kworke][0x408dfc14][02:17:08.511502] wlan: [280:I:DP]
01-01 08:59:51.322 0 0 I : <=== cfg max peer id 55 ====>
01-01 08:59:51.322 0 0 I [kworke][0x408e033c][02:17:08.511596] wlan: [280:I:DP]
01-01 08:59:51.322 0 0 I : <=== cfg max ast idx 144 ====>
01-01 08:59:51.322 0 0 I [kworke][0x408e06f2][02:17:08.511646] wlan: [280:I:DP] ast hash_elems: 512, max_ast_idx: 144
01-01 08:59:51.326 0 0 I [kworke][0x408f484f][02:17:08.515932] wlan: [292:I:WMA] wma_wait_for_ready_event: 6926: FW ready event received
04-10 02:17:08.516 2062 2865 D BluetoothMapAccountEmailLoader: isEmailAppStarted: false
04-10 02:17:08.517 2062 2062 D AvrcpControllerService: profile started successfully
04-10 02:17:08.517 2630 2867 I qcc_file_server: listen to qdma socket: 70
04-10 02:17:08.518 2062 2062 V SapService: SapBinder()
04-10 02:17:08.518 2062 2062 D SapService: Received start request. Starting profile...
04-10 02:17:08.520 2062 2062 V SapService: start()
04-10 02:17:08.522 2062 2062 D SapService: setSapService(): set to: com.android.bluetooth.sap.SapService@58d263b
04-10 02:17:08.523 2062 2062 D SapService: profile started successfully
04-10 02:17:08.524 2630 2630 W System.err: android.content.pm.PackageManager$NameNotFoundException: com.qualcomm.qti.smq
04-10 02:17:08.524 2630 2630 W System.err: at android.app.ApplicationPackageManager.getPackageInfoAsUser(ApplicationPackageManager.java:241)
04-10 02:17:08.524 2062 2062 V BtOppService: onCreate
04-10 02:17:08.524 2630 2630 W System.err: at android.app.ApplicationPackageManager.getPackageInfo(ApplicationPackageManager.java:213)
04-10 02:17:08.524 2630 2630 W System.err: at com.qualcomm.qti.qdma.app.ApplicationManager.isQccTrUiVer2XorHigher(ApplicationManager.java:3401)
04-10 02:17:08.524 2630 2630 W System.err: at com.qualcomm.qti.qdma.app.ApplicationManager.onCreate(ApplicationManager.java:363)
04-10 02:17:08.524 2630 2630 W System.err: at android.app.Instrumentation.callApplicationOnCreate(Instrumentation.java:1212)
04-10 02:17:08.525 2630 2630 W System.err: at android.app.ActivityThread.handleBindApplication(ActivityThread.java:6744)
04-10 02:17:08.525 2630 2630 W System.err: at android.app.ActivityThread.access$1500(ActivityThread.java:248)
04-10 02:17:08.525 2630 2630 W System.err: at android.app.ActivityThread$H.handleMessage(ActivityThread.java:2054)
04-10 02:17:08.525 2630 2630 W System.err: at android.os.Handler.dispatchMessage(Handler.java:106)
04-10 02:17:08.525 2630 2630 W System.err: at android.os.Looper.loopOnce(Looper.java:201)
04-10 02:17:08.525 2630 2630 W System.err: at android.os.Looper.loop(Looper.java:288)
04-10 02:17:08.525 2630 2630 W System.err: at android.app.ActivityThread.main(ActivityThread.java:7880)
04-10 02:17:08.525 2630 2630 W System.err: at java.lang.reflect.Method.invoke(Native Method)
04-10 02:17:08.525 2630 2630 W System.err: at com.android.internal.os.RuntimeInit$MethodAndArgsCaller.run(RuntimeInit.java:548)
04-10 02:17:08.525 2630 2630 W System.err: at com.android.internal.os.ZygoteInit.main(ZygoteInit.java:1009)
04-10 02:17:08.525 2630 2630 I QCC:ApplicationManager: isQccTrUiVer2XorHigher: false
04-10 02:17:08.525 2630 2630 I QCC:DMENativeInterface: droppingDefaultCDF, Build.MANUFACTURER : TC ,Build.MODEL : figure, IS_QUALCOMM_DEVICE : false , oldver: true
04-10 02:17:08.526 2062 2865 D BluetoothMapAccountEmailLoader: Email app is not installed
04-10 02:17:08.526 2062 2865 W BluetoothMapAccountEmailLoader: mEmailContext Cannot Access DefaultEmail
04-10 02:17:08.526 2630 2630 I QCC:ApplicationManager: getSharedPersistence, key : DefaultCDFFile, value : 0
04-10 02:17:08.526 2062 2865 D BluetoothMapAccountEmailLoader: Enabled Accounts count:0
04-10 02:17:08.526 2062 2865 D BluetoothMapAccountLoader: Enabled Accounts count:0
04-10 02:17:08.526 2630 2630 I QCC:DMENativeInterface: not initial run or not Qualcomm device- do not droppingDefaultCDF
04-10 02:17:08.528 2062 2865 D BluetoothMapAppObserver: createReceiver()
04-10 02:17:08.530 2062 2062 D BluetoothOppService: Received start request. Starting profile...
04-10 02:17:08.531 505 505 I hwservicemanager: Since vendor.qti.hardware.iop@2.0::IIop/default is not registered, trying to start it as a lazy HAL.
04-10 02:17:08.532 2062 2865 D BluetoothMapAppObserver: initObservers()
04-10 02:17:08.532 2062 2865 D BluetoothMapAppObserver: getEnabledAccountItems()
04-10 02:17:08.533 2062 2865 V BluetoothMapService: Handler(): got msg=1
04-10 02:17:08.533 2062 2865 D BluetoothMapMasInstance0: Map Service startSocketListeners
04-10 02:17:08.533 1325 1325 E ANDR-IOP: IIop:: Iop HAL Service is not available.
04-10 02:17:08.533 2062 2865 D ObexServerSockets: create(rfcomm = 26, l2capPsm = 4137)
04-10 02:17:08.535 2062 2062 V BtOppService: start()
04-10 02:17:08.535 2062 2062 D BtOppService: setBluetoothOppService(): set to: com.android.bluetooth.opp.BluetoothOppService@b1642b1
04-10 02:17:08.535 2062 2062 D BluetoothOppService: profile started successfully
04-10 02:17:08.536 505 2870 W libc : Unable to set property "ctl.interface_start" to "vendor.qti.hardware.iop@2.0::IIop/default": error code: 0x20
04-10 02:17:08.537 505 2870 I hwservicemanager: Tried to start vendor.qti.hardware.iop@2.0::IIop/default as a lazy service, but was unable to. Usually this happens when a service is not installed, but if the service is intended to be used as a lazy service, then it may be configured incorrectly.
04-10 02:17:08.538 2062 2062 D BluetoothPbapService: Received start request. Starting profile...
04-10 02:17:08.541 2062 2062 I BluetoothPbapService: setCurrentUser(0)
04-10 02:17:08.544 2062 2818 I bt_stack: [INFO:port_api.cc(123)] RFCOMM_CreateConnection BDA: ff:ff:ff:ff:ff:ff
04-10 02:17:08.547 2062 2818 W bt_l2cap: L2CAP - L2CA_Register() called for PSM: 0x1029
04-10 02:17:08.547 2062 2865 D ObexServerSockets: Succeed to create listening sockets
04-10 02:17:08.547 2062 2865 D ObexServerSockets0: startAccept()
04-10 02:17:08.548 2062 2865 D BluetoothSdpJni: sdpCreateMapMasRecordNative
04-10 02:17:08.548 2062 2865 D BluetoothSdpJni: SDP Create record success - handle: 0
04-10 02:17:08.548 2062 2062 D BluetoothPbapService: setBluetoothPbapService(): set to: com.android.bluetooth.pbap.BluetoothPbapService@6b3b8a5
04-10 02:17:08.548 2062 2874 D ObexServerSockets0: Accepting socket connection...
04-10 02:17:08.548 2062 2062 D BluetoothPbapService: profile started successfully
04-10 02:17:08.549 2062 2873 D ObexServerSockets0: Accepting socket connection...
04-10 02:17:08.552 2062 2062 D HearingAidService: create()
04-10 02:17:08.553 1015 1015 D BluetoothHearingAid: Proxy object connected
04-10 02:17:08.553 1015 1015 I AS.BtHelper: In onServiceConnected(), profile: 21, proxy: android.bluetooth.BluetoothHearingAid@a510755
04-10 02:17:08.553 1015 1015 D BluetoothHearingAid: Proxy object connected
04-10 02:17:08.553 1015 1015 D BluetoothHearingAid: Proxy object connected
04-10 02:17:08.554 2062 2062 D HearingAidService: Received start request. Starting profile...
04-10 02:17:08.554 1015 1015 I Telecom : BluetoothDeviceManager: Got BluetoothHearingAid: android.bluetooth.BluetoothHearingAid@57a356a: BMSL.oSC@AAc
04-10 02:17:08.555 2062 2871 D ObexServerSockets: create(rfcomm = 19, l2capPsm = 4133)
04-10 02:17:08.555 2062 2062 D HearingAidService: start()
04-10 02:17:08.555 2062 2062 I bt_stack: [INFO:com_android_bluetooth_hearing_aid.cpp(100)] classInitNative: succeeds
04-10 02:17:08.558 2062 2818 I bt_stack: [INFO:port_api.cc(123)] RFCOMM_CreateConnection BDA: ff:ff:ff:ff:ff:ff
04-10 02:17:08.559 2062 2062 D HearingAidService: setHearingAidService(): set to: com.android.bluetooth.hearingaid.HearingAidService@930fe46
04-10 02:17:08.560 2062 2875 W ActivityThread: Failed to find provider info for com.android.contacts (user not unlocked)
04-10 02:17:08.560 2062 2875 D BluetoothPbapUtils: Failed to fetch contacts data from database..
04-10 02:17:08.561 2062 2062 I bt_btif : get_profile_interface: id = hearing_aid
04-10 02:17:08.561 2062 2818 W bt_l2cap: L2CAP - L2CA_Register() called for PSM: 0x1025
04-10 02:17:08.562 2062 2818 I bt_stack: [INFO:hearing_aid_software_encoding.cc(325)] init
04-10 02:17:08.562 2062 2818 W bt_stack: [WARNING:hearing_aid_software_encoding.cc(310)] get_hal_version
04-10 02:17:08.562 2062 2818 W bt_stack: [WARNING:client_interface.cc(240)] BluetoothAudioDeathRecipient: worker thread 0x0
04-10 02:17:08.562 2062 2062 D HearingAidService: profile started successfully
01-01 08:59:51.350 0 0 E [kworke][0x40962581][02:17:08.539360] wlan: [292:E:WMI] send_action_oui_cmd_tlv: 220: Invalid action id
01-01 08:59:51.362 0 0 E [kworke][0x4099a48d][02:17:08.551292] wlan: [292:E:action_oui] ucfg_action_oui_send: 160: Failed to send: 7
04-10 02:17:08.563 849 2503 D vendor.qti.bluetooth@1.0-wake_lock: Release wakelock is released
04-10 02:17:08.564 505 505 I hwservicemanager: getTransport: Cannot find entry vendor.qti.hardware.bluetooth_audio@2.1::IBluetoothAudioProvidersFactory/default in either framework or device VINTF manifest.
04-10 02:17:08.564 2062 2818 I bt_stack: [INFO:client_interface.cc(463)] GetHalVersion
04-10 02:17:08.564 2062 2818 W bt_stack: [WARNING:client_interface.cc(240)] BluetoothAudioDeathRecipient: worker thread 0xb400007188911398
04-10 02:17:08.564 2062 2818 V bt_stack: [VERBOSE1:bta_gattc_act.cc(210)] bta_gattc_register: state:2
04-10 02:17:08.564 2062 2818 I bt_stack: [INFO:gatt_api.cc(1223)] GATT_Register b388e2fc-7a96-0417-f8da-f289ce33d65c
04-10 02:17:08.564 2062 2818 I bt_stack: [INFO:gatt_api.cc(1244)] allocated gatt_if=5
04-10 02:17:08.564 2062 2818 V bt_stack: [VERBOSE1:gatt_api.cc(1369)] GATT_StartIf gatt_if=5
04-10 02:17:08.564 2062 2818 V bt_stack: [VERBOSE1:gatt_utils.cc(293)] gatt_find_the_connected_bda start_idx=0
04-10 02:17:08.564 2062 2818 V bt_stack: [VERBOSE1:gatt_utils.cc(305)] found=0 found_idx=5
04-10 02:17:08.564 2062 2062 D BluetoothMediaBrowserService: onCreate
04-10 02:17:08.565 2062 2871 D ObexServerSockets: Succeed to create listening sockets
04-10 02:17:08.565 2062 2871 D ObexServerSockets1: startAccept()
04-10 02:17:08.567 2080 2122 I OpenGLRenderer: Davey! duration=2808ms; Flags=1, FrameTimelineVsyncId=94, IntendedVsync=46926572183, Vsync=49326572087, InputEventId=0, HandleInputStart=49338257635, AnimationStart=49338260812, PerformTraversalsStart=49341113052, DrawStart=49725744197, FrameDeadline=46943238849, FrameInterval=49337759197, FrameStartTime=16666666, SyncQueued=49727522531, SyncStart=49728436906, IssueDrawCommandsStart=49728665968, SwapBuffers=49734909354, FrameCompleted=49736429510, DequeueBufferDuration=4688594, QueueBufferDuration=1029844, GpuCompleted=49735341020, SwapBuffersCompleted=49736429510, DisplayPresentTime=0,
