04-10 02:17:03.360 1015 1015 D SystemServerTiming: StartMediaResourceMonitor took to complete: 1ms
04-10 02:17:03.360 1015 1015 I SystemServerTiming: StartMediaRouterService
04-10 02:17:03.361 1015 1015 V HistoricalRegistry: Interaction before persistence initialized
04-10 02:17:03.362 1015 1015 D SystemServerTiming: StartMediaRouterService took to complete: 2ms
04-10 02:17:03.362 1015 1015 I SystemServerTiming: StartFingerprintSensor
04-10 02:17:03.363 1015 1015 I SystemServiceManager: Starting com.android.server.biometrics.sensors.fingerprint.FingerprintService
04-10 02:17:03.363 1015 1015 D SystemServerTiming: StartFingerprintSensor took to complete: 1ms
04-10 02:17:03.363 1015 1015 I SystemServerTiming: StartBiometricService
04-10 02:17:03.363 1015 1015 I SystemServiceManager: Starting com.android.server.biometrics.BiometricService
04-10 02:17:03.366 1015 1015 D SystemServerTiming: StartBiometricService took to complete: 3ms
04-10 02:17:03.366 1015 1015 I SystemServerTiming: StartAuthService
04-10 02:17:03.366 1015 1015 I SystemServiceManager: Starting com.android.server.biometrics.AuthService
01-01 08:59:46.170 0 0 E : INFO: trying to register non-static key.
01-01 08:59:46.175 0 0 E : the code is fine but needs lockdep annotation.
01-01 08:59:46.181 0 0 I : CPU: 7 PID: 1641 Comm: kworker/u16:17 Tainted: G S O 4.19.157+ #1
01-01 08:59:46.181 0 0 I Hardware name: Qualcomm Technologies, Inc. kona MTP-RmPM8150b. VX1(MCE) EVT1 (DT)
01-01 08:59:46.181 0 0 I Workqueue: events_unbound ion_system_secure_heap_prefetch_work
01-01 08:59:46.181 0 0 I Call trace:
01-01 08:59:46.181 0 0 I : dump_backtrace+0x0/0x258
01-01 08:59:46.181 0 0 I : show_stack+0x20/0x30
01-01 08:59:46.181 0 0 I : dump_stack+0xd8/0x12c
01-01 08:59:46.181 0 0 I : register_lock_class+0x4d0/0x5c8
01-01 08:59:46.181 0 0 I : __lock_acquire+0xbc/0x1e58
01-01 08:59:46.181 0 0 I : lock_acquire+0x1cc/0x218
01-01 08:59:46.181 0 0 I : _raw_spin_lock_irqsave+0x54/0x98
01-01 08:59:46.181 0 0 I : ion_system_secure_heap_prefetch_work+0x94/0x2c0
01-01 08:59:46.181 0 0 I : process_one_work+0x38c/0x660
01-01 08:59:46.181 0 0 I : worker_thread+0x268/0x4b8
01-01 08:59:46.181 0 0 I : kthread+0x140/0x150
01-01 08:59:46.181 0 0 I : ret_from_fork+0x10/0x1c
04-10 02:17:03.376 1015 1015 D AuthService: Registering HIDL ID: 0 Modality: 2 Strength: 15
04-10 02:17:03.377 1015 1015 D AuthService: Registering HIDL ID: 1 Modality: 8 Strength: 15
04-10 02:17:03.383 1015 1015 E AuthService: HIDL face configuration exists, but FaceService is null.
01-01 08:59:46.190 0 0 E : INFO: trying to register non-static key.
01-01 08:59:46.191 0 0 I msm_vidc: high: 00000001: ....e: Opening video instance: ffffffc357dc4000, 0
01-01 08:59:46.195 0 0 E : the code is fine but needs lockdep annotation.
01-01 08:59:46.195 0 0 I : CPU: 7 PID: 1641 Comm: kworker/u16:17 Tainted: G S O 4.19.157+ #1
01-01 08:59:46.195 0 0 I Hardware name: Qualcomm Technologies, Inc. kona MTP-RmPM8150b. VX1(MCE) EVT1 (DT)
01-01 08:59:46.195 0 0 I Workqueue: events_unbound ion_system_secure_heap_prefetch_work
01-01 08:59:46.195 0 0 I Call trace:
01-01 08:59:46.195 0 0 I : dump_backtrace+0x0/0x258
01-01 08:59:46.195 0 0 I : show_stack+0x20/0x30
01-01 08:59:46.195 0 0 I : dump_stack+0xd8/0x12c
01-01 08:59:46.195 0 0 I : register_lock_class+0x4d0/0x5c8
01-01 08:59:46.195 0 0 I : __lock_acquire+0xbc/0x1e58
01-01 08:59:46.195 0 0 I : lock_acquire+0x1cc/0x218
01-01 08:59:46.195 0 0 I : _raw_spin_lock_irqsave+0x54/0x98
01-01 08:59:46.195 0 0 I : ion_system_secure_heap_prefetch_work+0x94/0x2c0
01-01 08:59:46.195 0 0 I : process_one_work+0x38c/0x660
01-01 08:59:46.195 0 0 I : worker_thread+0x268/0x4b8
01-01 08:59:46.195 0 0 I : kthread+0x140/0x150
01-01 08:59:46.195 0 0 I : ret_from_fork+0x10/0x1c
04-10 02:17:03.387 1015 1015 D SystemServerTiming: StartAuthService took to complete: 21ms
04-10 02:17:03.388 1015 1015 I SystemServerTiming: StartBackgroundDexOptService
04-10 02:17:03.388 1015 1015 W BackgroundDexOptService: SysProp pm.dexopt.downgrade_after_inactive_days not set
04-10 02:17:03.390 1015 1015 D SystemServerTiming: StartBackgroundDexOptService took to complete: 2ms
04-10 02:17:03.390 1015 1015 I SystemServerTiming: StartDynamicCodeLoggingService
04-10 02:17:03.393 1015 1015 D SystemServerTiming: StartDynamicCodeLoggingService took to complete: 2ms
04-10 02:17:03.393 1015 1015 I SystemServerTiming: StartPruneInstantAppsJobService
04-10 02:17:03.395 1015 1015 D SystemServerTiming: StartPruneInstantAppsJobService took to complete: 1ms
04-10 02:17:03.395 1015 1015 I SystemServerTiming: StartShortcutServiceLifecycle
04-10 02:17:03.395 1015 1015 I SystemServiceManager: Starting com.android.server.pm.ShortcutService$Lifecycle
04-10 02:17:03.397 1015 1015 V HistoricalRegistry: Interaction before persistence initialized
04-10 02:17:03.400 1015 1015 D SystemServerTiming: StartShortcutServiceLifecycle took to complete: 5ms
04-10 02:17:03.400 1015 1015 I SystemServerTiming: StartLauncherAppsService
04-10 02:17:03.400 1015 1015 I SystemServiceManager: Starting com.android.server.pm.LauncherAppsService
04-10 02:17:03.402 1015 1998 D BiometricService: Registering ID: 0 Modality: 2 Strength: 15
04-10 02:17:03.403 1015 1015 D SystemServerTiming: StartLauncherAppsService took to complete: 3ms
04-10 02:17:03.403 1015 1015 I SystemServerTiming: StartCrossProfileAppsService
01-01 08:59:46.203 0 0 E : INFO: trying to register non-static key.
01-01 08:59:46.208 0 0 E : the code is fine but needs lockdep annotation.
01-01 08:59:46.214 0 0 I : CPU: 7 PID: 1641 Comm: kworker/u16:17 Tainted: G S O 4.19.157+ #1
01-01 08:59:46.214 0 0 I Hardware name: Qualcomm Technologies, Inc. kona MTP-RmPM8150b. VX1(MCE) EVT1 (DT)
01-01 08:59:46.214 0 0 I Workqueue: events_unbound ion_system_secure_heap_prefetch_work
01-01 08:59:46.214 0 0 I Call trace:
01-01 08:59:46.214 0 0 I : dump_backtrace+0x0/0x258
01-01 08:59:46.214 0 0 I : show_stack+0x20/0x30
01-01 08:59:46.214 0 0 I : dump_stack+0xd8/0x12c
01-01 08:59:46.214 0 0 I : register_lock_class+0x4d0/0x5c8
01-01 08:59:46.214 0 0 I : __lock_acquire+0xbc/0x1e58
01-01 08:59:46.214 0 0 I : lock_acquire+0x1cc/0x218
01-01 08:59:46.214 0 0 I : _raw_spin_lock_irqsave+0x54/0x98
01-01 08:59:46.214 0 0 I : ion_system_secure_heap_prefetch_work+0x94/0x2c0
01-01 08:59:46.214 0 0 I : process_one_work+0x38c/0x660
01-01 08:59:46.214 0 0 I : worker_thread+0x268/0x4b8
01-01 08:59:46.214 0 0 I : kthread+0x140/0x150
01-01 08:59:46.214 0 0 I : ret_from_fork+0x10/0x1c
04-10 02:17:03.403 1015 1015 I SystemServiceManager: Starting com.android.server.pm.CrossProfileAppsService
04-10 02:17:03.404 1015 1998 D BiometricStrengthController: updateStrengths: revert sensorId=0 to oemStrength=15
04-10 02:17:03.404 1015 1998 D BiometricService/Sensor: updateStrength: Before(ID(0), oemStrength: 15, updatedStrength: 15, modality 2, state: 0, cookie: 0, props: ID: 0, Strength: 2, Type: 1) After(ID(0), oemStrength: 15, updatedStrength: 15, modality 2, state: 0, cookie: 0, props: ID: 0, Strength: 2, Type: 1)
04-10 02:17:03.407 1015 1015 D SystemServerTiming: StartCrossProfileAppsService took to complete: 3ms
04-10 02:17:03.407 1015 1015 I SystemServerTiming: StartPeopleService
04-10 02:17:03.407 1015 1015 I SystemServiceManager: Starting com.android.server.people.PeopleService
04-10 02:17:03.410 1015 1015 D SystemServerTiming: StartPeopleService took to complete: 2ms
04-10 02:17:03.410 1015 1015 I SystemServerTiming: StartMediaMetricsManager
04-10 02:17:03.410 1015 1015 I SystemServiceManager: Starting com.android.server.media.metrics.MediaMetricsManagerService
04-10 02:17:03.413 1015 1015 D SystemServerTiming: StartMediaMetricsManager took to complete: 3ms
04-10 02:17:03.413 1015 1015 I SystemServerTiming: StartMediaProjectionManager
04-10 02:17:03.413 1015 1015 I SystemServiceManager: Starting com.android.server.media.projection.MediaProjectionManagerService
04-10 02:17:03.416 1015 1015 D SystemServerTiming: StartMediaProjectionManager took to complete: 2ms
04-10 02:17:03.416 1015 1015 I SystemServerTiming: StartSliceManagerService
04-10 02:17:03.416 1015 1015 I SystemServiceManager: Starting com.android.server.slice.SliceManagerService$Lifecycle
04-10 02:17:03.418 1015 1015 D SystemServerTiming: StartSliceManagerService took to complete: 3ms
04-10 02:17:03.418 1015 1015 I SystemServerTiming: StartStatsCompanion
01-01 08:59:46.222 0 0 E : INFO: trying to register non-static key.
01-01 08:59:46.224 0 0 I msm_vidc: high: 00000001: h265e: Closed video instance: ffffffc357dc4000
01-01 08:59:46.227 0 0 E : the code is fine but needs lockdep annotation.
01-01 08:59:46.227 0 0 I : CPU: 7 PID: 1641 Comm: kworker/u16:17 Tainted: G S O 4.19.157+ #1
01-01 08:59:46.227 0 0 I Hardware name: Qualcomm Technologies, Inc. kona MTP-RmPM8150b. VX1(MCE) EVT1 (DT)
01-01 08:59:46.227 0 0 I Workqueue: events_unbound ion_system_secure_heap_prefetch_work
01-01 08:59:46.227 0 0 I Call trace:
01-01 08:59:46.227 0 0 I : dump_backtrace+0x0/0x258
01-01 08:59:46.227 0 0 I : show_stack+0x20/0x30
01-01 08:59:46.227 0 0 I : dump_stack+0xd8/0x12c
01-01 08:59:46.227 0 0 I : register_lock_class+0x4d0/0x5c8
01-01 08:59:46.227 0 0 I : __lock_acquire+0xbc/0x1e58
01-01 08:59:46.227 0 0 I : lock_acquire+0x1cc/0x218
01-01 08:59:46.227 0 0 I : _raw_spin_lock_irqsave+0x54/0x98
01-01 08:59:46.227 0 0 I : ion_system_secure_heap_prefetch_work+0x94/0x2c0
01-01 08:59:46.233 0 0 I : process_one_work+0x38c/0x660
01-01 08:59:46.233 0 0 I : worker_thread+0x268/0x4b8
01-01 08:59:46.233 0 0 I : kthread+0x140/0x150
01-01 08:59:46.233 0 0 I : ret_from_fork+0x10/0x1c
04-10 02:17:03.437 1015 1015 I SystemServiceManager: Starting com.android.server.stats.StatsCompanion$Lifecycle
01-01 08:59:46.241 0 0 E : INFO: trying to register non-static key.
01-01 08:59:46.246 0 0 E : the code is fine but needs lockdep annotation.
01-01 08:59:46.252 0 0 I : CPU: 7 PID: 1641 Comm: kworker/u16:17 Tainted: G S O 4.19.157+ #1
01-01 08:59:46.252 0 0 I Hardware name: Qualcomm Technologies, Inc. kona MTP-RmPM8150b. VX1(MCE) EVT1 (DT)
01-01 08:59:46.252 0 0 I Workqueue: events_unbound ion_system_secure_heap_prefetch_work
01-01 08:59:46.252 0 0 I Call trace:
01-01 08:59:46.252 0 0 I : dump_backtrace+0x0/0x258
01-01 08:59:46.252 0 0 I : show_stack+0x20/0x30
01-01 08:59:46.252 0 0 I : dump_stack+0xd8/0x12c
01-01 08:59:46.252 0 0 I : register_lock_class+0x4d0/0x5c8
01-01 08:59:46.252 0 0 I : __lock_acquire+0xbc/0x1e58
01-01 08:59:46.252 0 0 I : lock_acquire+0x1cc/0x218
01-01 08:59:46.252 0 0 I : _raw_spin_lock_irqsave+0x54/0x98
01-01 08:59:46.252 0 0 I : ion_system_secure_heap_prefetch_work+0x94/0x2c0
01-01 08:59:46.252 0 0 I : process_one_work+0x38c/0x660
01-01 08:59:46.252 0 0 I : worker_thread+0x268/0x4b8
01-01 08:59:46.252 0 0 I : kthread+0x140/0x150
01-01 08:59:46.252 0 0 I : ret_from_fork+0x10/0x1c
04-10 02:17:03.444 1015 1015 D SystemServerTiming: StartStatsCompanion took to complete: 26ms
04-10 02:17:03.445 1015 1015 I SystemServerTiming: StartRebootReadinessManagerService
01-01 08:59:46.260 0 0 E : INFO: trying to register non-static key.
01-01 08:59:46.264 0 0 I msm_vidc: high: 00000001: ....e: Opening video instance: ffffffc359868000, 0
01-01 08:59:46.265 0 0 E : the code is fine but needs lockdep annotation.
01-01 08:59:46.265 0 0 I : CPU: 7 PID: 1641 Comm: kworker/u16:17 Tainted: G S O 4.19.157+ #1
01-01 08:59:46.265 0 0 I Hardware name: Qualcomm Technologies, Inc. kona MTP-RmPM8150b. VX1(MCE) EVT1 (DT)
01-01 08:59:46.265 0 0 I Workqueue: events_unbound ion_system_secure_heap_prefetch_work
01-01 08:59:46.265 0 0 I Call trace:
01-01 08:59:46.265 0 0 I : dump_backtrace+0x0/0x258
01-01 08:59:46.265 0 0 I : show_stack+0x20/0x30
01-01 08:59:46.265 0 0 I : dump_stack+0xd8/0x12c
01-01 08:59:46.265 0 0 I : register_lock_class+0x4d0/0x5c8
01-01 08:59:46.265 0 0 I : __lock_acquire+0xbc/0x1e58
01-01 08:59:46.265 0 0 I : lock_acquire+0x1cc/0x218
01-01 08:59:46.265 0 0 I : _raw_spin_lock_irqsave+0x54/0x98
01-01 08:59:46.265 0 0 I : ion_system_secure_heap_prefetch_work+0x94/0x2c0
01-01 08:59:46.271 0 0 I : process_one_work+0x38c/0x660
01-01 08:59:46.271 0 0 I : worker_thread+0x268/0x4b8
01-01 08:59:46.271 0 0 I : kthread+0x140/0x150
01-01 08:59:46.271 0 0 I : ret_from_fork+0x10/0x1c
04-10 02:17:03.468 1015 1015 I SystemServiceManager: Starting com.android.server.scheduling.RebootReadinessManagerService$Lifecycle
04-10 02:17:03.476 1015 1015 D SystemServerTiming: StartRebootReadinessManagerService took to complete: 31ms
04-10 02:17:03.476 1015 1015 I SystemServerTiming: StartStatsPullAtomService
04-10 02:17:03.476 1015 1015 I SystemServiceManager: Starting com.android.server.stats.pull.StatsPullAtomService
04-10 02:17:03.476 1015 1015 D SystemServerTiming: StartStatsPullAtomService took to complete: 0ms
04-10 02:17:03.476 1015 1015 I SystemServerTiming: StartIncidentCompanionService
04-10 02:17:03.476 1015 1015 I SystemServiceManager: Starting com.android.server.incident.IncidentCompanionService
04-10 02:17:03.478 1015 1015 D SystemServerTiming: StartIncidentCompanionService took to complete: 1ms
04-10 02:17:03.478 1015 1015 I SystemServerTiming: StartMmsService
04-10 02:17:03.478 1015 1015 I SystemServiceManager: Starting com.android.server.MmsServiceBroker
01-01 08:59:46.279 0 0 E : INFO: trying to register non-static key.
01-01 08:59:46.284 0 0 E : the code is fine but needs lockdep annotation.
01-01 08:59:46.289 0 0 I : CPU: 7 PID: 1641 Comm: kworker/u16:17 Tainted: G S O 4.19.157+ #1
01-01 08:59:46.289 0 0 I Hardware name: Qualcomm Technologies, Inc. kona MTP-RmPM8150b. VX1(MCE) EVT1 (DT)
01-01 08:59:46.289 0 0 I Workqueue: events_unbound ion_system_secure_heap_prefetch_work
01-01 08:59:46.290 0 0 I Call trace:
01-01 08:59:46.290 0 0 I : dump_backtrace+0x0/0x258
01-01 08:59:46.290 0 0 I : show_stack+0x20/0x30
01-01 08:59:46.290 0 0 I : dump_stack+0xd8/0x12c
01-01 08:59:46.290 0 0 I : register_lock_class+0x4d0/0x5c8
01-01 08:59:46.290 0 0 I : __lock_acquire+0xbc/0x1e58
01-01 08:59:46.290 0 0 I : lock_acquire+0x1cc/0x218
01-01 08:59:46.290 0 0 I : _raw_spin_lock_irqsave+0x54/0x98
01-01 08:59:46.290 0 0 I : ion_system_secure_heap_prefetch_work+0x94/0x2c0
01-01 08:59:46.290 0 0 I : process_one_work+0x38c/0x660
01-01 08:59:46.290 0 0 I : worker_thread+0x268/0x4b8
01-01 08:59:46.290 0 0 I : kthread+0x140/0x150
01-01 08:59:46.290 0 0 I : ret_from_fork+0x10/0x1c
04-10 02:17:03.479 1015 1015 D SystemServerTiming: StartMmsService took to complete: 1ms
04-10 02:17:03.479 1015 1015 I SystemServerTiming: StartAutoFillService
04-10 02:17:03.479 1015 1015 I SystemServiceManager: Starting com.android.server.autofill.AutofillManagerService
04-10 02:17:03.482 1015 1015 D AutofillManagerService: setLogLevelFromSettings(): level=2, debug=true, verbose=false
04-10 02:17:03.482 1015 1015 D AutofillManagerService: setMaxPartitionsFromSettings(): 10
04-10 02:17:03.482 1015 1015 D AutofillManagerService: setMaxVisibleDatasetsFromSettings(): 0
04-10 02:17:03.483 1015 1015 D AutofillManagerServiceImpl: Reset component for user 0:
04-10 02:17:03.483 1015 1171 D AutofillUI: destroySaveUiUiThread(): already destroyed
01-01 08:59:46.293 0 0 I msm_vidc: high: 00000001: h265e: Closed video instance: ffffffc359868000
04-10 02:17:03.485 1015 1015 D SystemServerTiming: StartAutoFillService took to complete: 5ms
04-10 02:17:03.485 1015 1015 D SystemServer: TranslationService not defined by OEM
04-10 02:17:03.485 1015 1015 I SystemServerTiming: StartClipboardService
04-10 02:17:03.485 1015 1015 I SystemServiceManager: Starting com.android.server.clipboard.ClipboardService
04-10 02:17:03.490 1015 1015 D SystemServerTiming: StartClipboardService took to complete: 6ms
04-10 02:17:03.490 1015 1015 I SystemServerTiming: AppServiceManager
04-10 02:17:03.490 1015 1015 I SystemServiceManager: Starting com.android.server.appbinding.AppBindingService$Lifecycle
04-10 02:17:03.492 1015 1015 D SystemServerTiming: AppServiceManager took to complete: 2ms
04-10 02:17:03.492 1015 1015 I SystemServerTiming: startTracingServiceProxy
04-10 02:17:03.492 1015 1015 I SystemServiceManager: Starting com.android.server.tracing.TracingServiceProxy
04-10 02:17:03.493 1015 1015 D SystemServerTiming: startTracingServiceProxy took to complete: 1ms
04-10 02:17:03.493 1015 1015 I SystemServerTiming: MakeLockSettingsServiceReady
01-01 08:59:46.298 0 0 E : INFO: trying to register non-static key.
01-01 08:59:46.303 0 0 E : the code is fine but needs lockdep annotation.
01-01 08:59:46.308 0 0 I : CPU: 7 PID: 1641 Comm: kworker/u16:17 Tainted: G S O 4.19.157+ #1
01-01 08:59:46.308 0 0 I Hardware name: Qualcomm Technologies, Inc. kona MTP-RmPM8150b. VX1(MCE) EVT1 (DT)
01-01 08:59:46.308 0 0 I Workqueue: events_unbound ion_system_secure_heap_prefetch_work
01-01 08:59:46.308 0 0 I Call trace:
01-01 08:59:46.308 0 0 I : dump_backtrace+0x0/0x258
01-01 08:59:46.308 0 0 I : show_stack+0x20/0x30
01-01 08:59:46.308 0 0 I : dump_stack+0xd8/0x12c
01-01 08:59:46.308 0 0 I : register_lock_class+0x4d0/0x5c8
01-01 08:59:46.308 0 0 I : __lock_acquire+0xbc/0x1e58
01-01 08:59:46.308 0 0 I : lock_acquire+0x1cc/0x218
01-01 08:59:46.308 0 0 I : _raw_spin_lock_irqsave+0x54/0x98
01-01 08:59:46.308 0 0 I : ion_system_secure_heap_prefetch_work+0x94/0x2c0
01-01 08:59:46.308 0 0 I : process_one_work+0x38c/0x660
01-01 08:59:46.308 0 0 I : worker_thread+0x268/0x4b8
01-01 08:59:46.308 0 0 I : kthread+0x140/0x150
01-01 08:59:46.308 0 0 I : ret_from_fork+0x10/0x1c
04-10 02:17:03.505 1015 1015 I SyntheticPasswordManager: Device does not support weaver
04-10 02:17:03.516 1015 1015 I LockSettingsService: Device doesn't implement AuthSecret HAL
01-01 08:59:46.316 0 0 E : INFO: trying to register non-static key.
01-01 08:59:46.321 0 0 E : the code is fine but needs lockdep annotation.
01-01 08:59:46.327 0 0 I : CPU: 7 PID: 1641 Comm: kworker/u16:17 Tainted: G S O 4.19.157+ #1
01-01 08:59:46.327 0 0 I Hardware name: Qualcomm Technologies, Inc. kona MTP-RmPM8150b. VX1(MCE) EVT1 (DT)
01-01 08:59:46.327 0 0 I Workqueue: events_unbound ion_system_secure_heap_prefetch_work
01-01 08:59:46.327 0 0 I Call trace:
01-01 08:59:46.327 0 0 I : dump_backtrace+0x0/0x258
01-01 08:59:46.327 0 0 I : show_stack+0x20/0x30
01-01 08:59:46.327 0 0 I : dump_stack+0xd8/0x12c
01-01 08:59:46.327 0 0 I : register_lock_class+0x4d0/0x5c8
01-01 08:59:46.327 0 0 I : __lock_acquire+0xbc/0x1e58
01-01 08:59:46.327 0 0 I : lock_acquire+0x1cc/0x218
01-01 08:59:46.327 0 0 I : _raw_spin_lock_irqsave+0x54/0x98
01-01 08:59:46.327 0 0 I : ion_system_secure_heap_prefetch_work+0x94/0x2c0
01-01 08:59:46.327 0 0 I : process_one_work+0x38c/0x660
01-01 08:59:46.327 0 0 I : worker_thread+0x268/0x4b8
01-01 08:59:46.327 0 0 I : kthread+0x140/0x150
01-01 08:59:46.327 0 0 I : ret_from_fork+0x10/0x1c
04-10 02:17:03.519 1015 1015 D SystemServerTiming: MakeLockSettingsServiceReady took to complete: 26ms
04-10 02:17:03.519 1015 1015 I SystemServerTiming: StartBootPhaseLockSettingsReady
04-10 02:17:03.519 1015 1015 I SystemServiceManager: Starting phase 480
04-10 02:17:03.519 1015 1015 I SystemServerTiming: OnBootPhase_480
04-10 02:17:03.519 1015 1015 I SystemServerTiming: OnBootPhase_480_com.android.server.security.FileIntegrityService
04-10 02:17:03.519 1015 1015 D SystemServerTiming: OnBootPhase_480_com.android.server.security.FileIntegrityService took to complete: 0ms
04-10 02:17:03.519 1015 1015 I SystemServerTiming: OnBootPhase_480_com.android.server.pm.Installer
04-10 02:17:03.519 1015 1015 D SystemServerTiming: OnBootPhase_480_com.android.server.pm.Installer took to complete: 0ms
04-10 02:17:03.520 1015 1015 I SystemServerTiming: OnBootPhase_480_com.android.server.os.DeviceIdentifiersPolicyService
04-10 02:17:03.520 1015 1015 D SystemServerTiming: OnBootPhase_480_com.android.server.os.DeviceIdentifiersPolicyService took to complete: 0ms
04-10 02:17:03.520 1015 1015 I SystemServerTiming: OnBootPhase_480_com.android.server.uri.UriGrantsManagerService$Lifecycle
04-10 02:17:03.520 1015 1015 D SystemServerTiming: OnBootPhase_480_com.android.server.uri.UriGrantsManagerService$Lifecycle took to complete: 0ms
04-10 02:17:03.520 1015 1015 I SystemServerTiming: OnBootPhase_480_com.android.server.powerstats.PowerStatsService
04-10 02:17:03.520 1015 1015 D SystemServerTiming: OnBootPhase_480_com.android.server.powerstats.PowerStatsService took to complete: 0ms
04-10 02:17:03.520 1015 1015 I SystemServerTiming: OnBootPhase_480_com.android.server.wm.ActivityTaskManagerService$Lifecycle
04-10 02:17:03.520 1015 1015 D SystemServerTiming: OnBootPhase_480_com.android.server.wm.ActivityTaskManagerService$Lifecycle took to complete: 0ms
04-10 02:17:03.520 1015 1015 I SystemServerTiming: OnBootPhase_480_com.android.server.am.ActivityManagerService$Lifecycle
04-10 02:17:03.520 1015 1015 D SystemServerTiming: OnBootPhase_480_com.android.server.am.ActivityManagerService$Lifecycle took to complete: 0ms
04-10 02:17:03.520 1015 1015 I SystemServerTiming: OnBootPhase_480_com.android.server.pm.DataLoaderManagerService
04-10 02:17:03.520 1015 1015 D SystemServerTiming: OnBootPhase_480_com.android.server.pm.DataLoaderManagerService took to complete: 0ms
04-10 02:17:03.520 1015 1015 I SystemServerTiming: OnBootPhase_480_com.android.server.power.PowerManagerService
04-10 02:17:03.520 1015 1015 D SystemServerTiming: OnBootPhase_480_com.android.server.power.PowerManagerService took to complete: 0ms
04-10 02:17:03.520 1015 1015 I SystemServerTiming: OnBootPhase_480_com.android.server.power.ThermalManagerService
04-10 02:17:03.520 1015 1015 D SystemServerTiming: OnBootPhase_480_com.android.server.power.ThermalManagerService took to complete: 0ms
04-10 02:17:03.520 1015 1015 I SystemServerTiming: OnBootPhase_480_com.android.server.power.hint.HintManagerService
04-10 02:17:03.520 1015 1015 D SystemServerTiming: OnBootPhase_480_com.android.server.power.hint.HintManagerService took to complete: 0ms
04-10 02:17:03.520 1015 1015 I SystemServerTiming: OnBootPhase_480_com.android.server.recoverysystem.RecoverySystemService$Lifecycle
04-10 02:17:03.520 1015 1015 D SystemServerTiming: OnBootPhase_480_com.android.server.recoverysystem.RecoverySystemService$Lifecycle took to complete: 0ms
04-10 02:17:03.520 1015 1015 I SystemServerTiming: OnBootPhase_480_com.android.server.lights.LightsService
04-10 02:17:03.520 1015 1015 D SystemServerTiming: OnBootPhase_480_com.android.server.lights.LightsService took to complete: 0ms
04-10 02:17:03.520 1015 1015 I SystemServerTiming: OnBootPhase_480_com.android.server.display.DisplayManagerService
04-10 02:17:03.520 1015 1015 D SystemServerTiming: OnBootPhase_480_com.android.server.display.DisplayManagerService took to complete: 0ms
04-10 02:17:03.520 1015 1015 I SystemServerTiming: OnBootPhase_480_com.android.server.pm.verify.domain.DomainVerificationService
04-10 02:17:03.520 1015 1015 D SystemServerTiming: OnBootPhase_480_com.android.server.pm.verify.domain.DomainVerificationService took to complete: 0ms
04-10 02:17:03.521 1015 1015 I SystemServerTiming: OnBootPhase_480_com.android.server.pm.PackageInstallerService$Lifecycle
04-10 02:17:03.521 1015 1015 D SystemServerTiming: OnBootPhase_480_com.android.server.pm.PackageInstallerService$Lifecycle took to complete: 0ms
04-10 02:17:03.521 1015 1015 I SystemServerTiming: OnBootPhase_480_com.android.server.pm.UserManagerService$LifeCycle
04-10 02:17:03.521 1015 1015 D SystemServerTiming: OnBootPhase_480_com.android.server.pm.UserManagerService$LifeCycle took to complete: 0ms
04-10 02:17:03.521 1015 1015 I SystemServerTiming: OnBootPhase_480_com.android.server.om.OverlayManagerService
04-10 02:17:03.521 1015 1015 D SystemServerTiming: OnBootPhase_480_com.android.server.om.OverlayManagerService took to complete: 0ms
04-10 02:17:03.521 1015 1015 I SystemServerTiming: OnBootPhase_480_com.android.server.SensorPrivacyService
04-10 02:17:03.521 1015 1015 D SystemServerTiming: OnBootPhase_480_com.android.server.SensorPrivacyService took to complete: 0ms
04-10 02:17:03.521 1015 1015 I SystemServerTiming: OnBootPhase_480_com.android.server.thunderperf.ThunderBoostPerfService
04-10 02:17:03.521 1015 1015 D SystemServerTiming: OnBootPhase_480_com.android.server.thunderperf.ThunderBoostPerfService took to complete: 0ms
04-10 02:17:03.521 1015 1015 I SystemServerTiming: OnBootPhase_480_com.android.server.sensors.SensorService
04-10 02:17:03.521 1015 1015 D SystemServerTiming: OnBootPhase_480_com.android.server.sensors.SensorService took to complete: 0ms
04-10 02:17:03.521 1015 1015 I SystemServerTiming: OnBootPhase_480_com.android.server.SystemConfigService
04-10 02:17:03.521 1015 1015 D SystemServerTiming: OnBootPhase_480_com.android.server.SystemConfigService took to complete: 0ms
04-10 02:17:03.521 1015 1015 I SystemServerTiming: OnBootPhase_480_com.android.server.BatteryService
04-10 02:17:03.521 1015 1015 D SystemServerTiming: OnBootPhase_480_com.android.server.BatteryService took to complete: 0ms
04-10 02:17:03.521 1015 1015 I SystemServerTiming: OnBootPhase_480_com.android.server.usage.UsageStatsService
04-10 02:17:03.521 1015 1015 D SystemServerTiming: OnBootPhase_480_com.android.server.usage.UsageStatsService took to complete: 0ms
04-10 02:17:03.521 1015 1015 I SystemServerTiming: OnBootPhase_480_com.android.server.webkit.WebViewUpdateService
04-10 02:17:03.521 1015 1015 D SystemServerTiming: OnBootPhase_480_com.android.server.webkit.WebViewUpdateService took to complete: 0ms
04-10 02:17:03.521 1015 1015 I SystemServerTiming: OnBootPhase_480_com.android.server.CachedDeviceStateService
04-10 02:17:03.521 1015 1015 D SystemServerTiming: OnBootPhase_480_com.android.server.CachedDeviceStateService took to complete: 0ms
04-10 02:17:03.522 1015 1015 I SystemServerTiming: OnBootPhase_480_com.android.server.BinderCallsStatsService$LifeCycle
04-10 02:17:03.522 1015 1015 D SystemServerTiming: OnBootPhase_480_com.android.server.BinderCallsStatsService$LifeCycle took to complete: 0ms
04-10 02:17:03.522 1015 1015 I SystemServerTiming: OnBootPhase_480_com.android.server.LooperStatsService$Lifecycle
04-10 02:17:03.522 1015 1015 D SystemServerTiming: OnBootPhase_480_com.android.server.LooperStatsService$Lifecycle took to complete: 0ms
04-10 02:17:03.522 1015 1015 I SystemServerTiming: OnBootPhase_480_com.android.server.rollback.RollbackManagerService
04-10 02:17:03.522 1015 1015 D SystemServerTiming: OnBootPhase_480_com.android.server.rollback.RollbackManagerService took to complete: 0ms
04-10 02:17:03.522 1015 1015 I SystemServerTiming: OnBootPhase_480_com.android.server.os.NativeTombstoneManagerService
04-10 02:17:03.522 1015 1015 D SystemServerTiming: OnBootPhase_480_com.android.server.os.NativeTombstoneManagerService took to complete: 0ms
04-10 02:17:03.522 1015 1015 I SystemServerTiming: OnBootPhase_480_com.android.server.os.BugreportManagerService
04-10 02:17:03.523 1015 1015 D SystemServerTiming: OnBootPhase_480_com.android.server.os.BugreportManagerService took to complete: 0ms
04-10 02:17:03.523 1015 1015 I SystemServerTiming: OnBootPhase_480_com.android.server.gpu.GpuService
04-10 02:17:03.523 1015 1015 D SystemServerTiming: OnBootPhase_480_com.android.server.gpu.GpuService took to complete: 0ms
04-10 02:17:03.523 1015 1015 I SystemServerTiming: OnBootPhase_480_com.android.server.security.KeyChainSystemService
04-10 02:17:03.523 1015 1015 D SystemServerTiming: OnBootPhase_480_com.android.server.security.KeyChainSystemService took to complete: 0ms
04-10 02:17:03.523 1015 1015 I SystemServerTiming: OnBootPhase_480_com.android.server.telecom.TelecomLoaderService
04-10 02:17:03.523 1015 1015 D SystemServerTiming: OnBootPhase_480_com.android.server.telecom.TelecomLoaderService took to complete: 0ms
04-10 02:17:03.523 1015 1015 I SystemServerTiming: OnBootPhase_480_com.android.server.accounts.AccountManagerService$Lifecycle
04-10 02:17:03.523 1015 1015 D SystemServerTiming: OnBootPhase_480_com.android.server.accounts.AccountManagerService$Lifecycle took to complete: 0ms
04-10 02:17:03.523 1015 1015 I SystemServerTiming: OnBootPhase_480_com.android.server.content.ContentService$Lifecycle
04-10 02:17:03.523 1015 1015 D SystemServerTiming: OnBootPhase_480_com.android.server.content.ContentService$Lifecycle took to complete: 0ms
04-10 02:17:03.523 1015 1015 I SystemServerTiming: OnBootPhase_480_com.android.server.DropBoxManagerService
04-10 02:17:03.523 1015 1015 D SystemServerTiming: OnBootPhase_480_com.android.server.DropBoxManagerService took to complete: 0ms
04-10 02:17:03.523 1015 1015 I SystemServerTiming: OnBootPhase_480_com.android.role.RoleService
04-10 02:17:03.524 1015 1015 D SystemServerTiming: OnBootPhase_480_com.android.role.RoleService took to complete: 0ms
04-10 02:17:03.524 1015 1015 I SystemServerTiming: OnBootPhase_480_com.android.server.vibrator.VibratorManagerService$Lifecycle
04-10 02:17:03.525 1015 1015 D SystemServerTiming: OnBootPhase_480_com.android.server.vibrator.VibratorManagerService$Lifecycle took to complete: 0ms
04-10 02:17:03.525 1015 1015 I SystemServerTiming: OnBootPhase_480_com.android.server.alarm.AlarmManagerService
04-10 02:17:03.525 1015 1015 D SystemServerTiming: OnBootPhase_480_com.android.server.alarm.AlarmManagerService took to complete: 0ms
04-10 02:17:03.525 1015 1015 I SystemServerTiming: OnBootPhase_480_com.android.server.devicestate.DeviceStateManagerService
04-10 02:17:03.525 1015 1015 D SystemServerTiming: OnBootPhase_480_com.android.server.devicestate.DeviceStateManagerService took to complete: 0ms
04-10 02:17:03.525 1015 1015 I SystemServerTiming: OnBootPhase_480_com.android.server.camera.CameraServiceProxy
04-10 02:17:03.525 1015 1015 D SystemServerTiming: OnBootPhase_480_com.android.server.camera.CameraServiceProxy took to complete: 0ms
04-10 02:17:03.525 1015 1015 I SystemServerTiming: OnBootPhase_480_com.android.server.BluetoothService
04-10 02:17:03.525 1015 1015 D SystemServerTiming: OnBootPhase_480_com.android.server.BluetoothService took to complete: 0ms
04-10 02:17:03.525 1015 1015 I SystemServerTiming: OnBootPhase_480_com.android.server.connectivity.IpConnectivityMetrics
04-10 02:17:03.525 1015 1015 D SystemServerTiming: OnBootPhase_480_com.android.server.connectivity.IpConnectivityMetrics took to complete: 0ms
04-10 02:17:03.525 1015 1015 I SystemServerTiming: OnBootPhase_480_com.android.server.net.watchlist.NetworkWatchlistService$Lifecycle
04-10 02:17:03.525 1015 1015 D SystemServerTiming: OnBootPhase_480_com.android.server.net.watchlist.NetworkWatchlistService$Lifecycle took to complete: 0ms
04-10 02:17:03.525 1015 1015 I SystemServerTiming: OnBootPhase_480_com.android.server.PinnerService
04-10 02:17:03.526 1015 1015 D SystemServerTiming: OnBootPhase_480_com.android.server.PinnerService took to complete: 0ms
04-10 02:17:03.526 1015 1015 I SystemServerTiming: OnBootPhase_480_com.google.android.startop.iorap.IorapForwardingService
04-10 02:17:03.526 1015 1015 D SystemServerTiming: OnBootPhase_480_com.google.android.startop.iorap.IorapForwardingService took to complete: 0ms
04-10 02:17:03.526 1015 1015 I SystemServerTiming: OnBootPhase_480_com.android.server.ActivityTriggerService
04-10 02:17:03.526 1015 1015 D SystemServerTiming: OnBootPhase_480_com.android.server.ActivityTriggerService took to complete: 0ms
04-10 02:17:03.526 1015 1015 I SystemServerTiming: OnBootPhase_480_com.android.server.integrity.AppIntegrityManagerService
04-10 02:17:03.526 1015 1015 D SystemServerTiming: OnBootPhase_480_com.android.server.integrity.AppIntegrityManagerService took to complete: 0ms
04-10 02:17:03.526 1015 1015 I SystemServerTiming: OnBootPhase_480_com.android.server.inputmethod.InputMethodManagerService$Lifecycle
04-10 02:17:03.526 1015 1015 D SystemServerTiming: OnBootPhase_480_com.android.server.inputmethod.InputMethodManagerService$Lifecycle took to complete: 0ms
04-10 02:17:03.526 1015 1015 I SystemServerTiming: OnBootPhase_480_com.android.server.accessibility.AccessibilityManagerService$Lifecycle
04-10 02:17:03.526 1015 1015 D SystemServerTiming: OnBootPhase_480_com.android.server.accessibility.AccessibilityManagerService$Lifecycle took to complete: 0ms
04-10 02:17:03.526 1015 1015 I SystemServerTiming: OnBootPhase_480_com.android.server.StorageManagerService$Lifecycle
04-10 02:17:03.526 1015 1015 D SystemServerTiming: OnBootPhase_480_com.android.server.StorageManagerService$Lifecycle took to complete: 0ms
04-10 02:17:03.527 1015 1015 I SystemServerTiming: OnBootPhase_480_com.android.server.usage.StorageStatsService$Lifecycle
04-10 02:17:03.527 1015 1015 D SystemServerTiming: OnBootPhase_480_com.android.server.usage.StorageStatsService$Lifecycle took to complete: 0ms
04-10 02:17:03.527 1015 1015 I SystemServerTiming: OnBootPhase_480_com.android.server.UiModeManagerService
04-10 02:17:03.527 1015 1015 D SystemServerTiming: OnBootPhase_480_com.android.server.UiModeManagerService took to complete: 0ms
04-10 02:17:03.527 1015 1015 I SystemServerTiming: OnBootPhase_480_com.android.server.locksettings.LockSettingsService$Lifecycle
04-10 02:17:03.527 1015 1015 D SystemServerTiming: OnBootPhase_480_com.android.server.locksettings.LockSettingsService$Lifecycle took to complete: 0ms
04-10 02:17:03.527 1015 1015 I SystemServerTiming: OnBootPhase_480_com.android.server.PersistentDataBlockService
04-10 02:17:03.527 1015 1015 D SystemServerTiming: OnBootPhase_480_com.android.server.PersistentDataBlockService took to complete: 0ms
04-10 02:17:03.527 1015 1015 I SystemServerTiming: OnBootPhase_480_com.android.server.testharness.TestHarnessModeService
04-10 02:17:03.527 1015 1015 D SystemServerTiming: OnBootPhase_480_com.android.server.testharness.TestHarnessModeService took to complete: 0ms
04-10 02:17:03.527 1015 1015 I SystemServerTiming: OnBootPhase_480_com.android.server.oemlock.OemLockService
04-10 02:17:03.527 1015 1015 D SystemServerTiming: OnBootPhase_480_com.android.server.oemlock.OemLockService took to complete: 0ms
04-10 02:17:03.527 1015 1015 I SystemServerTiming: OnBootPhase_480_com.android.server.DeviceIdleController
04-10 02:17:03.527 1015 1015 D SystemServerTiming: OnBootPhase_480_com.android.server.DeviceIdleController took to complete: 0ms
04-10 02:17:03.527 1015 1015 I SystemServerTiming: OnBootPhase_480_com.android.server.devicepolicy.DevicePolicyManagerService$Lifecycle
04-10 02:17:03.531 1015 1015 I DevicePolicyManager: Current version 2, latest version 2, not upgrading.
01-01 08:59:46.335 0 0 E : INFO: trying to register non-static key.
01-01 08:59:46.340 0 0 E : the code is fine but needs lockdep annotation.
01-01 08:59:46.346 0 0 I : CPU: 7 PID: 1641 Comm: kworker/u16:17 Tainted: G S O 4.19.157+ #1
01-01 08:59:46.346 0 0 I Hardware name: Qualcomm Technologies, Inc. kona MTP-RmPM8150b. VX1(MCE) EVT1 (DT)
01-01 08:59:46.346 0 0 I Workqueue: events_unbound ion_system_secure_heap_prefetch_work
01-01 08:59:46.346 0 0 I Call trace:
01-01 08:59:46.346 0 0 I : dump_backtrace+0x0/0x258
01-01 08:59:46.346 0 0 I : show_stack+0x20/0x30
01-01 08:59:46.346 0 0 I : dump_stack+0xd8/0x12c
01-01 08:59:46.346 0 0 I : register_lock_class+0x4d0/0x5c8
01-01 08:59:46.346 0 0 I : __lock_acquire+0xbc/0x1e58
01-01 08:59:46.346 0 0 I : lock_acquire+0x1cc/0x218
01-01 08:59:46.346 0 0 I : _raw_spin_lock_irqsave+0x54/0x98
01-01 08:59:46.346 0 0 I : ion_system_secure_heap_prefetch_work+0x94/0x2c0
01-01 08:59:46.346 0 0 I : process_one_work+0x38c/0x660
01-01 08:59:46.346 0 0 I : worker_thread+0x268/0x4b8
01-01 08:59:46.346 0 0 I : kthread+0x140/0x150
01-01 08:59:46.346 0 0 I : ret_from_fork+0x10/0x1c
04-10 02:17:03.544 1015 1015 D SystemServerTiming: OnBootPhase_480_com.android.server.devicepolicy.DevicePolicyManagerService$Lifecycle took to complete: 16ms
04-10 02:17:03.544 1015 1015 I SystemServerTiming: OnBootPhase_480_com.android.server.texttospeech.TextToSpeechManagerService
04-10 02:17:03.544 1015 1015 D SystemServerTiming: OnBootPhase_480_com.android.server.texttospeech.TextToSpeechManagerService took to complete: 0ms
04-10 02:17:03.544 1015 1015 I SystemServerTiming: OnBootPhase_480_com.android.server.speech.SpeechRecognitionManagerService
04-10 02:17:03.544 1015 1015 D SystemServerTiming: OnBootPhase_480_com.android.server.speech.SpeechRecognitionManagerService took to complete: 0ms
04-10 02:17:03.544 1015 1015 I SystemServerTiming: OnBootPhase_480_com.android.server.searchui.SearchUiManagerService
04-10 02:17:03.544 1015 1777 I SystemServerTimingAsync: InitThreadPoolExec:DevicePolicyManager
04-10 02:17:03.544 1015 1777 D SystemServerInitThreadPool: Started executing DevicePolicyManager
04-10 02:17:03.545 1015 1777 D SystemServerInitThreadPool: Finished executing DevicePolicyManager
04-10 02:17:03.545 1015 1777 D SystemServerTimingAsync: InitThreadPoolExec:DevicePolicyManager took to complete: 0ms
04-10 02:17:03.545 1015 1015 D SystemServerTiming: OnBootPhase_480_com.android.server.searchui.SearchUiManagerService took to complete: 0ms
04-10 02:17:03.545 1015 1015 I SystemServerTiming: OnBootPhase_480_com.android.server.smartspace.SmartspaceManagerService
04-10 02:17:03.545 1015 1015 D SystemServerTiming: OnBootPhase_480_com.android.server.smartspace.SmartspaceManagerService took to complete: 0ms
04-10 02:17:03.545 1015 1015 I SystemServerTiming: OnBootPhase_480_com.android.server.graphics.fonts.FontManagerService$Lifecycle
04-10 02:17:03.545 1015 1015 D SystemServerTiming: OnBootPhase_480_com.android.server.graphics.fonts.FontManagerService$Lifecycle took to complete: 0ms
04-10 02:17:03.545 1015 1015 I SystemServerTiming: OnBootPhase_480_com.android.server.textservices.TextServicesManagerService$Lifecycle
04-10 02:17:03.545 1015 1015 D SystemServerTiming: OnBootPhase_480_com.android.server.textservices.TextServicesManagerService$Lifecycle took to complete: 0ms
04-10 02:17:03.545 1015 1015 I SystemServerTiming: OnBootPhase_480_com.android.server.textclassifier.TextClassificationManagerService$Lifecycle
04-10 02:17:03.546 1015 1015 D SystemServerTiming: OnBootPhase_480_com.android.server.textclassifier.TextClassificationManagerService$Lifecycle took to complete: 0ms
04-10 02:17:03.546 1015 1015 I SystemServerTiming: OnBootPhase_480_com.android.server.NetworkScoreService$Lifecycle
04-10 02:17:03.546 1015 1015 D SystemServerTiming: OnBootPhase_480_com.android.server.NetworkScoreService$Lifecycle took to complete: 0ms
04-10 02:17:03.546 1015 1015 I SystemServerTiming: OnBootPhase_480_com.android.server.wifi.WifiService
04-10 02:17:03.546 1015 1015 D SystemServerTiming: OnBootPhase_480_com.android.server.wifi.WifiService took to complete: 0ms
04-10 02:17:03.546 1015 1015 I SystemServerTiming: OnBootPhase_480_com.android.server.wifi.scanner.WifiScanningService
04-10 02:17:03.546 1015 1015 D SystemServerTiming: OnBootPhase_480_com.android.server.wifi.scanner.WifiScanningService took to complete: 0ms
04-10 02:17:03.546 1015 1015 I SystemServerTiming: OnBootPhase_480_com.android.server.wifi.rtt.RttService
04-10 02:17:03.546 1015 1015 D SystemServerTiming: OnBootPhase_480_com.android.server.wifi.rtt.RttService took to complete: 0ms
04-10 02:17:03.546 1015 1015 I SystemServerTiming: OnBootPhase_480_com.android.server.wifi.aware.WifiAwareService
04-10 02:17:03.546 1015 1015 D SystemServerTiming: OnBootPhase_480_com.android.server.wifi.aware.WifiAwareService took to complete: 0ms
04-10 02:17:03.546 1015 1015 I SystemServerTiming: OnBootPhase_480_com.android.server.wifi.p2p.WifiP2pService
04-10 02:17:03.546 1015 1015 D SystemServerTiming: OnBootPhase_480_com.android.server.wifi.p2p.WifiP2pService took to complete: 0ms
04-10 02:17:03.546 1015 1015 I SystemServerTiming: OnBootPhase_480_com.android.server.ethernet.EthernetService
04-10 02:17:03.546 1015 1015 D SystemServerTiming: OnBootPhase_480_com.android.server.ethernet.EthernetService took to complete: 0ms
04-10 02:17:03.546 1015 1015 I SystemServerTiming: OnBootPhase_480_com.android.server.ConnectivityServiceInitializer
04-10 02:17:03.546 1015 1015 D SystemServerTiming: OnBootPhase_480_com.android.server.ConnectivityServiceInitializer took to complete: 0ms
04-10 02:17:03.546 1015 1015 I SystemServerTiming: OnBootPhase_480_com.android.server.notification.NotificationManagerService
04-10 02:17:03.546 1015 1015 D SystemServerTiming: OnBootPhase_480_com.android.server.notification.NotificationManagerService took to complete: 0ms
04-10 02:17:03.546 1015 1015 I SystemServerTiming: OnBootPhase_480_com.android.server.storage.DeviceStorageMonitorService
04-10 02:17:03.546 1015 1015 D SystemServerTiming: OnBootPhase_480_com.android.server.storage.DeviceStorageMonitorService took to complete: 0ms
04-10 02:17:03.546 1015 1015 I SystemServerTiming: OnBootPhase_480_com.android.server.location.LocationManagerService$Lifecycle
04-10 02:17:03.546 1015 1015 D SystemServerTiming: OnBootPhase_480_com.android.server.location.LocationManagerService$Lifecycle took to complete: 0ms
04-10 02:17:03.546 1015 1015 I SystemServerTiming: OnBootPhase_480_com.android.server.timedetector.TimeDetectorService$Lifecycle
04-10 02:17:03.546 1015 1015 D SystemServerTiming: OnBootPhase_480_com.android.server.timedetector.TimeDetectorService$Lifecycle took to complete: 0ms
04-10 02:17:03.547 1015 1015 I SystemServerTiming: OnBootPhase_480_com.android.server.timezonedetector.TimeZoneDetectorService$Lifecycle
04-10 02:17:03.547 1015 1015 D SystemServerTiming: OnBootPhase_480_com.android.server.timezonedetector.TimeZoneDetectorService$Lifecycle took to complete: 0ms
04-10 02:17:03.547 1015 1015 I SystemServerTiming: OnBootPhase_480_com.android.server.timezonedetector.location.LocationTimeZoneManagerService$Lifecycle
04-10 02:17:03.547 1015 1015 D SystemServerTiming: OnBootPhase_480_com.android.server.timezonedetector.location.LocationTimeZoneManagerService$Lifecycle took to complete: 0ms
04-10 02:17:03.547 1015 1015 I SystemServerTiming: OnBootPhase_480_com.android.server.search.SearchManagerService$Lifecycle
04-10 02:17:03.547 1015 1015 D SystemServerTiming: OnBootPhase_480_com.android.server.search.SearchManagerService$Lifecycle took to complete: 0ms
04-10 02:17:03.547 1015 1015 I SystemServerTiming: OnBootPhase_480_com.android.server.wallpaper.WallpaperManagerService$Lifecycle
04-10 02:17:03.547 1015 1015 D SystemServerTiming: OnBootPhase_480_com.android.server.wallpaper.WallpaperManagerService$Lifecycle took to complete: 0ms
04-10 02:17:03.547 1015 1015 I SystemServerTiming: OnBootPhase_480_com.android.server.audio.AudioService$Lifecycle
04-10 02:17:03.547 1015 1015 D SystemServerTiming: OnBootPhase_480_com.android.server.audio.AudioService$Lifecycle took to complete: 0ms
04-10 02:17:03.547 1015 1015 I SystemServerTiming: OnBootPhase_480_com.android.server.soundtrigger_middleware.SoundTriggerMiddlewareService$Lifecycle
04-10 02:17:03.547 1015 1015 D SystemServerTiming: OnBootPhase_480_com.android.server.soundtrigger_middleware.SoundTriggerMiddlewareService$Lifecycle took to complete: 0ms
04-10 02:17:03.547 1015 1015 I SystemServerTiming: OnBootPhase_480_com.android.server.DockObserver
04-10 02:17:03.547 1015 1015 D SystemServerTiming: OnBootPhase_480_com.android.server.DockObserver took to complete: 0ms
04-10 02:17:03.547 1015 1015 I SystemServerTiming: OnBootPhase_480_com.android.server.midi.MidiService$Lifecycle
04-10 02:17:03.547 1015 1015 D SystemServerTiming: OnBootPhase_480_com.android.server.midi.MidiService$Lifecycle took to complete: 0ms
04-10 02:17:03.547 1015 1015 I SystemServerTiming: OnBootPhase_480_com.android.server.adb.AdbService$Lifecycle
04-10 02:17:03.547 1015 1015 D SystemServerTiming: OnBootPhase_480_com.android.server.adb.AdbService$Lifecycle took to complete: 0ms
04-10 02:17:03.547 1015 1015 I SystemServerTiming: OnBootPhase_480_com.android.server.usb.UsbService$Lifecycle
04-10 02:17:03.547 1015 1015 D SystemServerTiming: OnBootPhase_480_com.android.server.usb.UsbService$Lifecycle took to complete: 0ms
04-10 02:17:03.547 1015 1015 I SystemServerTiming: OnBootPhase_480_com.android.server.twilight.TwilightService
04-10 02:17:03.547 1015 1015 D SystemServerTiming: OnBootPhase_480_com.android.server.twilight.TwilightService took to complete: 0ms
04-10 02:17:03.548 1015 1015 I SystemServerTiming: OnBootPhase_480_com.android.server.display.color.ColorDisplayService
04-10 02:17:03.548 1015 1015 D SystemServerTiming: OnBootPhase_480_com.android.server.display.color.ColorDisplayService took to complete: 0ms
04-10 02:17:03.548 1015 1015 I SystemServerTiming: OnBootPhase_480_com.android.server.job.JobSchedulerService
04-10 02:17:03.548 1015 1015 D SystemServerTiming: OnBootPhase_480_com.android.server.job.JobSchedulerService took to complete: 0ms
04-10 02:17:03.548 1015 1015 I SystemServerTiming: OnBootPhase_480_com.android.server.soundtrigger.SoundTriggerService
04-10 02:17:03.548 1015 1015 D SoundTriggerService: onBootPhase: 480 : false
04-10 02:17:03.548 1015 1015 D SystemServerTiming: OnBootPhase_480_com.android.server.soundtrigger.SoundTriggerService took to complete: 1ms
04-10 02:17:03.548 1015 1015 I SystemServerTiming: OnBootPhase_480_com.android.server.trust.TrustManagerService
04-10 02:17:03.548 1015 1015 D SystemServerTiming: OnBootPhase_480_com.android.server.trust.TrustManagerService took to complete: 0ms
04-10 02:17:03.548 1015 1015 I SystemServerTiming: OnBootPhase_480_com.android.server.backup.BackupManagerService$Lifecycle
04-10 02:17:03.548 1015 1015 D SystemServerTiming: OnBootPhase_480_com.android.server.backup.BackupManagerService$Lifecycle took to complete: 0ms
04-10 02:17:03.548 1015 1015 I SystemServerTiming: OnBootPhase_480_com.android.server.appwidget.AppWidgetService
04-10 02:17:03.549 1015 1015 D SystemServerTiming: OnBootPhase_480_com.android.server.appwidget.AppWidgetService took to complete: 0ms
04-10 02:17:03.549 1015 1015 I SystemServerTiming: OnBootPhase_480_com.android.server.voiceinteraction.VoiceInteractionManagerService
04-10 02:17:03.549 1015 1015 D SystemServerTiming: OnBootPhase_480_com.android.server.voiceinteraction.VoiceInteractionManagerService took to complete: 0ms
04-10 02:17:03.549 1015 1015 I SystemServerTiming: OnBootPhase_480_com.android.server.apphibernation.AppHibernationService
04-10 02:17:03.549 1015 1015 D SystemServerTiming: OnBootPhase_480_com.android.server.apphibernation.AppHibernationService took to complete: 0ms
04-10 02:17:03.549 1015 1015 I SystemServerTiming: OnBootPhase_480_com.android.server.SensorNotificationService
04-10 02:17:03.549 1015 1015 D SystemServerTiming: OnBootPhase_480_com.android.server.SensorNotificationService took to complete: 0ms
04-10 02:17:03.549 1015 1015 I SystemServerTiming: OnBootPhase_480_com.android.server.emergency.EmergencyAffordanceService
04-10 02:17:03.550 1015 1015 D SystemServerTiming: OnBootPhase_480_com.android.server.emergency.EmergencyAffordanceService took to complete: 0ms
04-10 02:17:03.551 1015 1015 I SystemServerTiming: OnBootPhase_480_com.android.server.blob.BlobStoreManagerService
04-10 02:17:03.551 1015 1015 D SystemServerTiming: OnBootPhase_480_com.android.server.blob.BlobStoreManagerService took to complete: 0ms
04-10 02:17:03.552 1015 1015 I SystemServerTiming: OnBootPhase_480_com.android.server.dreams.DreamManagerService
04-10 02:17:03.552 1015 1015 D SystemServerTiming: OnBootPhase_480_com.android.server.dreams.DreamManagerService took to complete: 0ms
04-10 02:17:03.552 1015 1015 I SystemServerTiming: OnBootPhase_480_com.android.server.companion.CompanionDeviceManagerService
04-10 02:17:03.552 1015 1015 D SystemServerTiming: OnBootPhase_480_com.android.server.companion.CompanionDeviceManagerService took to complete: 0ms
04-10 02:17:03.552 1015 1015 I SystemServerTiming: OnBootPhase_480_com.android.server.restrictions.RestrictionsManagerService
04-10 02:17:03.552 1015 1015 D SystemServerTiming: OnBootPhase_480_com.android.server.restrictions.RestrictionsManagerService took to complete: 0ms
04-10 02:17:03.553 1015 1015 I SystemServerTiming: OnBootPhase_480_com.android.server.media.MediaSessionService
04-10 02:17:03.553 1015 1015 D SystemServerTiming: OnBootPhase_480_com.android.server.media.MediaSessionService took to complete: 0ms
04-10 02:17:03.553 1015 1015 I SystemServerTiming: OnBootPhase_480_com.android.server.media.MediaResourceMonitorService
04-10 02:17:03.553 1015 1015 D SystemServerTiming: OnBootPhase_480_com.android.server.media.MediaResourceMonitorService took to complete: 0ms
04-10 02:17:03.553 1015 1015 I SystemServerTiming: OnBootPhase_480_com.android.server.biometrics.sensors.fingerprint.FingerprintService
04-10 02:17:03.553 1015 1015 D SystemServerTiming: OnBootPhase_480_com.android.server.biometrics.sensors.fingerprint.FingerprintService took to complete: 0ms
04-10 02:17:03.553 1015 1015 I SystemServerTiming: OnBootPhase_480_com.android.server.biometrics.BiometricService
04-10 02:17:03.553 1015 1015 D SystemServerTiming: OnBootPhase_480_com.android.server.biometrics.BiometricService took to complete: 0ms
04-10 02:17:03.553 1015 1015 I SystemServerTiming: OnBootPhase_480_com.android.server.biometrics.AuthService
04-10 02:17:03.553 1015 1015 D SystemServerTiming: OnBootPhase_480_com.android.server.biometrics.AuthService took to complete: 0ms
04-10 02:17:03.554 1015 1015 I SystemServerTiming: OnBootPhase_480_com.android.server.pm.ShortcutService$Lifecycle
01-01 08:59:46.361 0 0 E : INFO: trying to register non-static key.
01-01 08:59:46.366 0 0 E : the code is fine but needs lockdep annotation.
01-01 08:59:46.372 0 0 I : CPU: 6 PID: 1641 Comm: kworker/u16:17 Tainted: G S O 4.19.157+ #1
01-01 08:59:46.372 0 0 I Hardware name: Qualcomm Technologies, Inc. kona MTP-RmPM8150b. VX1(MCE) EVT1 (DT)
01-01 08:59:46.372 0 0 I Workqueue: events_unbound ion_system_secure_heap_prefetch_work
01-01 08:59:46.372 0 0 I Call trace:
01-01 08:59:46.372 0 0 I : dump_backtrace+0x0/0x258
01-01 08:59:46.372 0 0 I : show_stack+0x20/0x30
01-01 08:59:46.372 0 0 I : dump_stack+0xd8/0x12c
01-01 08:59:46.372 0 0 I : register_lock_class+0x4d0/0x5c8
01-01 08:59:46.372 0 0 I : __lock_acquire+0xbc/0x1e58
01-01 08:59:46.372 0 0 I : lock_acquire+0x1cc/0x218
01-01 08:59:46.372 0 0 I : _raw_spin_lock_irqsave+0x54/0x98
01-01 08:59:46.372 0 0 I : ion_system_secure_heap_prefetch_work+0x94/0x2c0
