04-10 02:17:04.469 1015 1015 W SystemServiceManager: Service com.android.server.policy.PermissionPolicyService took 90 ms in onBootPhase
04-10 02:17:04.469 1015 1015 D SystemServerTiming: OnBootPhase_550_com.android.server.policy.PermissionPolicyService took to complete: 89ms
04-10 02:17:04.469 1015 1015 I SystemServerTiming: OnBootPhase_550_com.android.server.pm.StagingManager$Lifecycle
04-10 02:17:04.470 1015 1015 D SystemServerTiming: OnBootPhase_550_com.android.server.pm.StagingManager$Lifecycle took to complete: 0ms
04-10 02:17:04.470 1015 1015 I SystemServerTiming: OnBootPhase_550_com.android.server.app.GameManagerService$Lifecycle
04-10 02:17:04.470 1015 1015 D SystemServerTiming: OnBootPhase_550_com.android.server.app.GameManagerService$Lifecycle took to complete: 0ms
04-10 02:17:04.470 1015 1015 I SystemServerTiming: OnBootPhase_550_com.android.server.appsearch.AppSearchManagerService
04-10 02:17:04.470 1015 1015 D SystemServerTiming: OnBootPhase_550_com.android.server.appsearch.AppSearchManagerService took to complete: 0ms
04-10 02:17:04.470 1015 1015 I SystemServerTiming: OnBootPhase_550_com.android.server.media.MediaCommunicationService
04-10 02:17:04.470 1015 1015 D SystemServerTiming: OnBootPhase_550_com.android.server.media.MediaCommunicationService took to complete: 0ms
04-10 02:17:04.470 1015 1015 D SystemServerTiming: OnBootPhase_550 took to complete: 273ms
04-10 02:17:04.470 1015 1015 D SystemServerTiming: StartActivityManagerReadyPhase took to complete: 273ms
04-10 02:17:04.470 1015 1015 I SystemServerTiming: StartObservingNativeCrashes
04-10 02:17:04.471 1015 1015 D SystemServerTiming: StartObservingNativeCrashes took to complete: 1ms
04-10 02:17:04.471 1015 1015 I SystemServerTiming: RegisterAppOpsPolicy
04-10 02:17:04.476 1015 1015 D SystemServerTiming: RegisterAppOpsPolicy took to complete: 4ms
01-01 08:59:47.276 0 0 E : the code is fine but needs lockdep annotation.
01-01 08:59:47.282 0 0 I : CPU: 7 PID: 1641 Comm: kworker/u16:17 Tainted: G S O 4.19.157+ #1
01-01 08:59:47.282 0 0 I Hardware name: Qualcomm Technologies, Inc. kona MTP-RmPM8150b. VX1(MCE) EVT1 (DT)
01-01 08:59:47.282 0 0 I Workqueue: events_unbound ion_system_secure_heap_prefetch_work
01-01 08:59:47.282 0 0 I Call trace:
01-01 08:59:47.282 0 0 I : dump_backtrace+0x0/0x258
01-01 08:59:47.282 0 0 I : show_stack+0x20/0x30
01-01 08:59:47.282 0 0 I : dump_stack+0xd8/0x12c
01-01 08:59:47.282 0 0 I : register_lock_class+0x4d0/0x5c8
01-01 08:59:47.282 0 0 I : __lock_acquire+0xbc/0x1e58
01-01 08:59:47.282 0 0 I : lock_acquire+0x1cc/0x218
01-01 08:59:47.282 0 0 I : _raw_spin_lock_irqsave+0x54/0x98
01-01 08:59:47.282 0 0 I : ion_system_secure_heap_prefetch_work+0x94/0x2c0
01-01 08:59:47.282 0 0 I : process_one_work+0x38c/0x660
01-01 08:59:47.282 0 0 I : worker_thread+0x268/0x4b8
01-01 08:59:47.282 0 0 I : kthread+0x140/0x150
01-01 08:59:47.282 0 0 I : ret_from_fork+0x10/0x1c
01-01 08:59:47.291 0 0 E : INFO: trying to register non-static key.
04-10 02:17:04.482 1015 1750 I SystemServerTimingAsync: InitThreadPoolExec:WebViewFactoryPreparation
04-10 02:17:04.482 1015 1750 D SystemServerInitThreadPool: Started executing WebViewFactoryPreparation
04-10 02:17:04.482 1015 1750 I SystemServer: WebViewFactoryPreparation
04-10 02:17:04.482 1015 1750 I SystemServerTimingAsync: WebViewFactoryPreparation
04-10 02:17:04.483 1015 1015 I SystemServerTiming: MakeNetworkManagementServiceReady
04-10 02:17:04.485 1015 1750 I am_uid_running: 1037
04-10 02:17:04.486 1015 1750 D CompatibilityChangeReporter: Compat change id reported: 135634846; UID 1000; state: DISABLED
04-10 02:17:04.486 1015 1750 D CompatibilityChangeReporter: Compat change id reported: 177438394; UID 1000; state: DISABLED
04-10 02:17:04.486 1015 1750 D CompatibilityChangeReporter: Compat change id reported: 135772972; UID 1000; state: DISABLED
04-10 02:17:04.486 1015 1750 D CompatibilityChangeReporter: Compat change id reported: 178038272; UID 1000; state: DISABLED
04-10 02:17:04.486 1015 1015 D SystemServerTiming: MakeNetworkManagementServiceReady took to complete: 4ms
04-10 02:17:04.486 1015 1015 I SystemServerTiming: MakeIpSecServiceReady
04-10 02:17:04.488 1015 1750 D SystemServerTimingAsync: WebViewFactoryPreparation took to complete: 6ms
04-10 02:17:04.488 1015 1750 D SystemServerInitThreadPool: Finished executing WebViewFactoryPreparation
04-10 02:17:04.488 1015 1750 D SystemServerTimingAsync: InitThreadPoolExec:WebViewFactoryPreparation took to complete: 7ms
01-01 08:59:47.297 0 0 E : the code is fine but needs lockdep annotation.
01-01 08:59:47.302 0 0 I : CPU: 7 PID: 1641 Comm: kworker/u16:17 Tainted: G S O 4.19.157+ #1
01-01 08:59:47.302 0 0 I Hardware name: Qualcomm Technologies, Inc. kona MTP-RmPM8150b. VX1(MCE) EVT1 (DT)
04-10 02:17:04.489 1015 1015 D IpSecService: IpSecService is ready
04-10 02:17:04.489 1015 1015 D SystemServerTiming: MakeIpSecServiceReady took to complete: 2ms
04-10 02:17:04.489 1015 1015 I SystemServerTiming: MakeNetworkStatsServiceReady
01-01 08:59:47.302 0 0 I Workqueue: events_unbound ion_system_secure_heap_prefetch_work
01-01 08:59:47.302 0 0 I Call trace:
01-01 08:59:47.302 0 0 I : dump_backtrace+0x0/0x258
01-01 08:59:47.302 0 0 I : show_stack+0x20/0x30
01-01 08:59:47.302 0 0 I : dump_stack+0xd8/0x12c
01-01 08:59:47.302 0 0 I : register_lock_class+0x4d0/0x5c8
01-01 08:59:47.302 0 0 I : __lock_acquire+0xbc/0x1e58
01-01 08:59:47.302 0 0 I : lock_acquire+0x1cc/0x218
01-01 08:59:47.302 0 0 I : _raw_spin_lock_irqsave+0x54/0x98
01-01 08:59:47.302 0 0 I : ion_system_secure_heap_prefetch_work+0x94/0x2c0
01-01 08:59:47.302 0 0 I : process_one_work+0x38c/0x660
01-01 08:59:47.302 0 0 I : worker_thread+0x268/0x4b8
01-01 08:59:47.302 0 0 I : kthread+0x140/0x150
01-01 08:59:47.302 0 0 I : ret_from_fork+0x10/0x1c
01-01 08:59:47.310 0 0 E : INFO: trying to register non-static key.
01-01 08:59:47.316 0 0 E : the code is fine but needs lockdep annotation.
01-01 08:59:47.321 0 0 I : CPU: 7 PID: 1641 Comm: kworker/u16:17 Tainted: G S O 4.19.157+ #1
01-01 08:59:47.321 0 0 I Hardware name: Qualcomm Technologies, Inc. kona MTP-RmPM8150b. VX1(MCE) EVT1 (DT)
01-01 08:59:47.321 0 0 I Workqueue: events_unbound ion_system_secure_heap_prefetch_work
01-01 08:59:47.321 0 0 I Call trace:
01-01 08:59:47.321 0 0 I : dump_backtrace+0x0/0x258
01-01 08:59:47.321 0 0 I : show_stack+0x20/0x30
01-01 08:59:47.321 0 0 I : dump_stack+0xd8/0x12c
01-01 08:59:47.321 0 0 I : register_lock_class+0x4d0/0x5c8
01-01 08:59:47.321 0 0 I : __lock_acquire+0xbc/0x1e58
01-01 08:59:47.321 0 0 I : lock_acquire+0x1cc/0x218
01-01 08:59:47.321 0 0 I : _raw_spin_lock_irqsave+0x54/0x98
01-01 08:59:47.321 0 0 I : ion_system_secure_heap_prefetch_work+0x94/0x2c0
01-01 08:59:47.321 0 0 I : process_one_work+0x38c/0x660
01-01 08:59:47.321 0 0 I : worker_thread+0x268/0x4b8
01-01 08:59:47.321 0 0 I : kthread+0x140/0x150
01-01 08:59:47.321 0 0 I : ret_from_fork+0x10/0x1c
04-10 02:17:04.511 1015 1913 I commit_sys_config_file: [net-policy,8]
04-10 02:17:04.511 1015 1913 W NetworkPolicy: setRestrictBackgroundUL: already false
04-10 02:17:04.535 1015 1913 D TelephonyRegistry: listen oscl: mHasNotifySubscriptionInfoChangedOccurred==false no callback
01-01 08:59:47.336 0 0 E : INFO: trying to register non-static key.
01-01 08:59:47.337 0 0 I : [MAX975X:max96755x_drm_notifier_callback] *INFO* receives EARLY_BLANK:UNBLANK
04-10 02:17:04.544 1015 1912 D TelephonyRegistry: listen oscl: mHasNotifySubscriptionInfoChangedOccurred==false no callback
01-01 08:59:47.341 0 0 E : the code is fine but needs lockdep annotation.
01-01 08:59:47.341 0 0 I : CPU: 7 PID: 1641 Comm: kworker/u16:17 Tainted: G S O 4.19.157+ #1
01-01 08:59:47.341 0 0 I Hardware name: Qualcomm Technologies, Inc. kona MTP-RmPM8150b. VX1(MCE) EVT1 (DT)
01-01 08:59:47.341 0 0 I Workqueue: events_unbound ion_system_secure_heap_prefetch_work
01-01 08:59:47.341 0 0 I Call trace:
01-01 08:59:47.341 0 0 I : dump_backtrace+0x0/0x258
01-01 08:59:47.341 0 0 I : show_stack+0x20/0x30
01-01 08:59:47.341 0 0 I : dump_stack+0xd8/0x12c
01-01 08:59:47.341 0 0 I : register_lock_class+0x4d0/0x5c8
01-01 08:59:47.347 0 0 I : __lock_acquire+0xbc/0x1e58
01-01 08:59:47.347 0 0 I : lock_acquire+0x1cc/0x218
01-01 08:59:47.347 0 0 I : _raw_spin_lock_irqsave+0x54/0x98
01-01 08:59:47.347 0 0 I : ion_system_secure_heap_prefetch_work+0x94/0x2c0
01-01 08:59:47.347 0 0 I : process_one_work+0x38c/0x660
01-01 08:59:47.347 0 0 I : worker_thread+0x268/0x4b8
01-01 08:59:47.347 0 0 I : kthread+0x140/0x150
01-01 08:59:47.347 0 0 I : ret_from_fork+0x10/0x1c
01-01 08:59:47.347 0 0 I cyttsp7_i2c_adapter 0-0024: FB event:2,blank:0
01-01 08:59:47.347 0 0 I cyttsp7_i2c_adapter 0-0024: suspend: event = 2, blank = 0, not care
01-01 08:59:47.347 0 0 I [drm:dsi_display_set_mode] [msm-dsi-info]: mdp_transfer_time_us=0 us
01-01 08:59:47.347 0 0 I [drm:dsi_display_set_mode] [msm-dsi-info]: hactive= 2380,vactive= 1020,fps=60
01-01 08:59:47.349 0 0 I [drm:dsi_ctrl_isr_configure] [msm-dsi-info]: dsi-ctrl-0: IRQ 403 registered
04-10 02:17:04.552 1015 1015 D SystemServerTiming: MakeNetworkStatsServiceReady took to complete: 63ms
04-10 02:17:04.552 1015 1015 I SystemServerTiming: MakeConnectivityServiceReady
01-01 08:59:47.365 0 0 E : INFO: trying to register non-static key.
01-01 08:59:47.370 0 0 E : the code is fine but needs lockdep annotation.
01-01 08:59:47.376 0 0 I : CPU: 7 PID: 1641 Comm: kworker/u16:17 Tainted: G S O 4.19.157+ #1
01-01 08:59:47.376 0 0 I Hardware name: Qualcomm Technologies, Inc. kona MTP-RmPM8150b. VX1(MCE) EVT1 (DT)
01-01 08:59:47.376 0 0 I Workqueue: events_unbound ion_system_secure_heap_prefetch_work
01-01 08:59:47.376 0 0 I Call trace:
01-01 08:59:47.376 0 0 I : dump_backtrace+0x0/0x258
01-01 08:59:47.376 0 0 I : show_stack+0x20/0x30
01-01 08:59:47.376 0 0 I : dump_stack+0xd8/0x12c
01-01 08:59:47.376 0 0 I : register_lock_class+0x4d0/0x5c8
01-01 08:59:47.376 0 0 I : __lock_acquire+0xbc/0x1e58
01-01 08:59:47.376 0 0 I : lock_acquire+0x1cc/0x218
01-01 08:59:47.376 0 0 I : _raw_spin_lock_irqsave+0x54/0x98
01-01 08:59:47.376 0 0 I : ion_system_secure_heap_prefetch_work+0x94/0x2c0
01-01 08:59:47.376 0 0 I : process_one_work+0x38c/0x660
01-01 08:59:47.376 0 0 I : worker_thread+0x268/0x4b8
01-01 08:59:47.376 0 0 I : kthread+0x140/0x150
01-01 08:59:47.376 0 0 I : ret_from_fork+0x10/0x1c
01-01 08:59:47.382 0 0 I binder : 2062:2062 ioctl 40046210 7ff41be1f4 returned -22
01-01 08:59:47.384 0 0 E : INFO: trying to register non-static key.
01-01 08:59:47.389 0 0 E : the code is fine but needs lockdep annotation.
01-01 08:59:47.395 0 0 I : CPU: 7 PID: 1641 Comm: kworker/u16:17 Tainted: G S O 4.19.157+ #1
01-01 08:59:47.395 0 0 I Hardware name: Qualcomm Technologies, Inc. kona MTP-RmPM8150b. VX1(MCE) EVT1 (DT)
01-01 08:59:47.395 0 0 I Workqueue: events_unbound ion_system_secure_heap_prefetch_work
01-01 08:59:47.395 0 0 I Call trace:
01-01 08:59:47.395 0 0 I : dump_backtrace+0x0/0x258
01-01 08:59:47.395 0 0 I : show_stack+0x20/0x30
01-01 08:59:47.395 0 0 I : dump_stack+0xd8/0x12c
01-01 08:59:47.395 0 0 I : register_lock_class+0x4d0/0x5c8
01-01 08:59:47.395 0 0 I : __lock_acquire+0xbc/0x1e58
01-01 08:59:47.395 0 0 I : lock_acquire+0x1cc/0x218
01-01 08:59:47.395 0 0 I : _raw_spin_lock_irqsave+0x54/0x98
01-01 08:59:47.395 0 0 I : ion_system_secure_heap_prefetch_work+0x94/0x2c0
01-01 08:59:47.395 0 0 I : process_one_work+0x38c/0x660
01-01 08:59:47.395 0 0 I : worker_thread+0x268/0x4b8
01-01 08:59:47.395 0 0 I : kthread+0x140/0x150
01-01 08:59:47.395 0 0 I : ret_from_fork+0x10/0x1c
04-10 02:17:04.582 1015 1077 I am_proc_bound: [0,2062,com.android.bluetooth]
04-10 02:17:04.583 1015 1077 D CompatibilityChangeReporter: Compat change id reported: 168419799; UID 1002; state: DISABLED
04-10 02:17:04.587 1015 1192 W ActivityManager: Slow operation: 238ms so far, now at startProcess: returned from zygote!
01-01 08:59:47.404 0 0 E : INFO: trying to register non-static key.
01-01 08:59:47.409 0 0 E : the code is fine but needs lockdep annotation.
01-01 08:59:47.413 0 0 I : [MAX975X:max96755x_drm_notifier_callback] *INFO* receives BLANK:UNBLANK
01-01 08:59:47.415 0 0 I : CPU: 7 PID: 1641 Comm: kworker/u16:17 Tainted: G S O 4.19.157+ #1
01-01 08:59:47.415 0 0 I Hardware name: Qualcomm Technologies, Inc. kona MTP-RmPM8150b. VX1(MCE) EVT1 (DT)
01-01 08:59:47.415 0 0 I Workqueue: events_unbound ion_system_secure_heap_prefetch_work
01-01 08:59:47.415 0 0 I Call trace:
01-01 08:59:47.415 0 0 I : dump_backtrace+0x0/0x258
01-01 08:59:47.415 0 0 I : show_stack+0x20/0x30
01-01 08:59:47.415 0 0 I : dump_stack+0xd8/0x12c
01-01 08:59:47.415 0 0 I : register_lock_class+0x4d0/0x5c8
01-01 08:59:47.415 0 0 I : __lock_acquire+0xbc/0x1e58
01-01 08:59:47.415 0 0 I : lock_acquire+0x1cc/0x218
01-01 08:59:47.415 0 0 I : _raw_spin_lock_irqsave+0x54/0x98
01-01 08:59:47.415 0 0 I : ion_system_secure_heap_prefetch_work+0x94/0x2c0
01-01 08:59:47.415 0 0 I : process_one_work+0x38c/0x660
01-01 08:59:47.415 0 0 I : worker_thread+0x268/0x4b8
01-01 08:59:47.415 0 0 I : kthread+0x140/0x150
01-01 08:59:47.415 0 0 I : ret_from_fork+0x10/0x1c
04-10 02:17:04.588 1015 1015 D SystemServerTiming: MakeConnectivityServiceReady took to complete: 35ms
04-10 02:17:04.588 1015 1015 I SystemServerTiming: MakeVpnManagerServiceReady
04-10 02:17:04.599 1015 1077 I am_uid_active: 1002
04-10 02:17:04.603 1015 1192 W ActivityManager: Slow operation: 254ms so far, now at startProcess: done updating battery stats
04-10 02:17:04.603 1015 1192 I am_proc_start: [0,2080,10078,com.android.systemui,service,{com.android.systemui/com.android.systemui.ImageWallpaper}]
04-10 02:17:04.603 1015 1192 W ActivityManager: Slow operation: 254ms so far, now at startProcess: building log message
04-10 02:17:04.603 1015 1192 I ActivityManager: Start proc 2080:com.android.systemui/u0a78 for service {com.android.systemui/com.android.systemui.ImageWallpaper}
04-10 02:17:04.603 1015 1192 W ActivityManager: Slow operation: 254ms so far, now at startProcess: starting to update pids map
04-10 02:17:04.603 1015 1192 W ActivityManager: Slow operation: 255ms so far, now at startProcess: done updating pids map
04-10 02:17:04.603 1015 1192 W ActivityManager: Slow operation: 118ms so far, now at startProcess: asking zygote to start proc
04-10 02:17:04.607 1015 1965 W BluetoothManagerService: bindBluetoothProfileService:Trying to bind to profile: 1, while Bluetooth is disabled
01-01 08:59:47.423 0 0 I cyttsp7_i2c_adapter 0-0024: FB event:1,blank:0
01-01 08:59:47.423 0 0 I cyttsp7_i2c_adapter 0-0024: drm_notifier_callback: UNBLANK! Resume by drm notifier.
01-01 08:59:47.429 0 0 E : INFO: trying to register non-static key.
01-01 08:59:47.434 0 0 E : the code is fine but needs lockdep annotation.
01-01 08:59:47.439 0 0 I : CPU: 7 PID: 1641 Comm: kworker/u16:17 Tainted: G S O 4.19.157+ #1
01-01 08:59:47.439 0 0 I Hardware name: Qualcomm Technologies, Inc. kona MTP-RmPM8150b. VX1(MCE) EVT1 (DT)
01-01 08:59:47.439 0 0 I Workqueue: events_unbound ion_system_secure_heap_prefetch_work
01-01 08:59:47.439 0 0 I Call trace:
01-01 08:59:47.439 0 0 I : dump_backtrace+0x0/0x258
01-01 08:59:47.439 0 0 I : show_stack+0x20/0x30
01-01 08:59:47.439 0 0 I : dump_stack+0xd8/0x12c
01-01 08:59:47.439 0 0 I : register_lock_class+0x4d0/0x5c8
01-01 08:59:47.439 0 0 I : __lock_acquire+0xbc/0x1e58
01-01 08:59:47.439 0 0 I : lock_acquire+0x1cc/0x218
01-01 08:59:47.439 0 0 I : _raw_spin_lock_irqsave+0x54/0x98
01-01 08:59:47.439 0 0 I : ion_system_secure_heap_prefetch_work+0x94/0x2c0
01-01 08:59:47.439 0 0 I : process_one_work+0x38c/0x660
01-01 08:59:47.439 0 0 I : worker_thread+0x268/0x4b8
01-01 08:59:47.439 0 0 I : kthread+0x140/0x150
01-01 08:59:47.439 0 0 I : ret_from_fork+0x10/0x1c
04-10 02:17:04.633 1015 1015 D SystemServerTiming: MakeVpnManagerServiceReady took to complete: 46ms
04-10 02:17:04.634 1015 1015 I SystemServerTiming: MakeVcnManagementServiceReady
04-10 02:17:04.639 1015 1015 D TelephonyRegistry: listen oscl: mHasNotifySubscriptionInfoChangedOccurred==false no callback
04-10 02:17:04.641 1015 1015 D SystemServerTiming: MakeVcnManagementServiceReady took to complete: 4ms
04-10 02:17:04.641 1015 1015 I SystemServerTiming: MakeNetworkPolicyServiceReady
04-10 02:17:04.642 1015 1015 D SystemServerTiming: MakeNetworkPolicyServiceReady took to complete: 0ms
04-10 02:17:04.642 1015 1015 I SystemServerTiming: PhaseThirdPartyAppsCanStart
04-10 02:17:04.642 1015 1015 I SystemServiceManager: Starting phase 600
04-10 02:17:04.642 1015 1015 I SystemServerTiming: OnBootPhase_600
04-10 02:17:04.642 1015 1015 I SystemServerTiming: OnBootPhase_600_com.android.server.security.FileIntegrityService
04-10 02:17:04.642 1015 1015 D SystemServerTiming: OnBootPhase_600_com.android.server.security.FileIntegrityService took to complete: 0ms
04-10 02:17:04.642 1015 1015 I SystemServerTiming: OnBootPhase_600_com.android.server.pm.Installer
04-10 02:17:04.642 1015 1015 D SystemServerTiming: OnBootPhase_600_com.android.server.pm.Installer took to complete: 0ms
04-10 02:17:04.642 1015 1015 I SystemServerTiming: OnBootPhase_600_com.android.server.os.DeviceIdentifiersPolicyService
04-10 02:17:04.642 1015 1015 D SystemServerTiming: OnBootPhase_600_com.android.server.os.DeviceIdentifiersPolicyService took to complete: 0ms
04-10 02:17:04.642 1015 1015 I SystemServerTiming: OnBootPhase_600_com.android.server.uri.UriGrantsManagerService$Lifecycle
04-10 02:17:04.643 1015 1015 D SystemServerTiming: OnBootPhase_600_com.android.server.uri.UriGrantsManagerService$Lifecycle took to complete: 0ms
04-10 02:17:04.643 1015 1015 I SystemServerTiming: OnBootPhase_600_com.android.server.powerstats.PowerStatsService
04-10 02:17:04.643 1015 1015 D SystemServerTiming: OnBootPhase_600_com.android.server.powerstats.PowerStatsService took to complete: 0ms
04-10 02:17:04.643 1015 1015 I SystemServerTiming: OnBootPhase_600_com.android.server.wm.ActivityTaskManagerService$Lifecycle
04-10 02:17:04.643 1015 1015 D SystemServerTiming: OnBootPhase_600_com.android.server.wm.ActivityTaskManagerService$Lifecycle took to complete: 0ms
04-10 02:17:04.643 1015 1015 I SystemServerTiming: OnBootPhase_600_com.android.server.am.ActivityManagerService$Lifecycle
04-10 02:17:04.643 1015 1015 I ExplicitHealthCheckController: Explicit health checks enabled.
01-01 08:59:47.449 0 0 E : INFO: trying to register non-static key.
01-01 08:59:47.454 0 0 E : the code is fine but needs lockdep annotation.
01-01 08:59:47.460 0 0 I : CPU: 7 PID: 1641 Comm: kworker/u16:17 Tainted: G S O 4.19.157+ #1
01-01 08:59:47.460 0 0 I Hardware name: Qualcomm Technologies, Inc. kona MTP-RmPM8150b. VX1(MCE) EVT1 (DT)
01-01 08:59:47.460 0 0 I Workqueue: events_unbound ion_system_secure_heap_prefetch_work
01-01 08:59:47.460 0 0 I Call trace:
01-01 08:59:47.460 0 0 I : dump_backtrace+0x0/0x258
01-01 08:59:47.460 0 0 I : show_stack+0x20/0x30
01-01 08:59:47.460 0 0 I : dump_stack+0xd8/0x12c
01-01 08:59:47.460 0 0 I : register_lock_class+0x4d0/0x5c8
01-01 08:59:47.460 0 0 I : __lock_acquire+0xbc/0x1e58
01-01 08:59:47.460 0 0 I : lock_acquire+0x1cc/0x218
01-01 08:59:47.460 0 0 I : _raw_spin_lock_irqsave+0x54/0x98
01-01 08:59:47.460 0 0 I : ion_system_secure_heap_prefetch_work+0x94/0x2c0
01-01 08:59:47.460 0 0 I : process_one_work+0x38c/0x660
01-01 08:59:47.460 0 0 I : worker_thread+0x268/0x4b8
01-01 08:59:47.460 0 0 I : kthread+0x140/0x150
01-01 08:59:47.460 0 0 I : ret_from_fork+0x10/0x1c
04-10 02:17:04.643 1015 1015 I PackageWatchdog: Syncing state, reason: health check state enabled
04-10 02:17:04.643 1015 1015 I PackageWatchdog: Discarding observer rollback-observer. All packages expired
04-10 02:17:04.644 1015 1015 D SystemServerTiming: OnBootPhase_600_com.android.server.am.ActivityManagerService$Lifecycle took to complete: 1ms
04-10 02:17:04.644 1015 1015 I SystemServerTiming: OnBootPhase_600_com.android.server.pm.DataLoaderManagerService
04-10 02:17:04.644 1015 1015 D SystemServerTiming: OnBootPhase_600_com.android.server.pm.DataLoaderManagerService took to complete: 0ms
04-10 02:17:04.644 1015 1015 I SystemServerTiming: OnBootPhase_600_com.android.server.power.PowerManagerService
04-10 02:17:04.644 1015 1015 D SystemServerTiming: OnBootPhase_600_com.android.server.power.PowerManagerService took to complete: 1ms
04-10 02:17:04.644 1015 1015 I SystemServerTiming: OnBootPhase_600_com.android.server.power.ThermalManagerService
04-10 02:17:04.644 1015 1015 D SystemServerTiming: OnBootPhase_600_com.android.server.power.ThermalManagerService took to complete: 0ms
04-10 02:17:04.644 1015 1015 I SystemServerTiming: OnBootPhase_600_com.android.server.power.hint.HintManagerService
04-10 02:17:04.644 1015 1015 D SystemServerTiming: OnBootPhase_600_com.android.server.power.hint.HintManagerService took to complete: 0ms
04-10 02:17:04.644 1015 1015 I SystemServerTiming: OnBootPhase_600_com.android.server.recoverysystem.RecoverySystemService$Lifecycle
04-10 02:17:04.645 1015 1015 D SystemServerTiming: OnBootPhase_600_com.android.server.recoverysystem.RecoverySystemService$Lifecycle took to complete: 0ms
04-10 02:17:04.645 1015 1015 I SystemServerTiming: OnBootPhase_600_com.android.server.lights.LightsService
04-10 02:17:04.645 1015 1015 D SystemServerTiming: OnBootPhase_600_com.android.server.lights.LightsService took to complete: 0ms
04-10 02:17:04.645 1015 1015 I SystemServerTiming: OnBootPhase_600_com.android.server.display.DisplayManagerService
04-10 02:17:04.645 1015 1015 D SystemServerTiming: OnBootPhase_600_com.android.server.display.DisplayManagerService took to complete: 0ms
04-10 02:17:04.645 1015 1015 I SystemServerTiming: OnBootPhase_600_com.android.server.pm.verify.domain.DomainVerificationService
04-10 02:17:04.645 1015 1015 D SystemServerTiming: OnBootPhase_600_com.android.server.pm.verify.domain.DomainVerificationService took to complete: 0ms
04-10 02:17:04.645 1015 1015 I SystemServerTiming: OnBootPhase_600_com.android.server.pm.PackageInstallerService$Lifecycle
04-10 02:17:04.645 1015 1015 D SystemServerTiming: OnBootPhase_600_com.android.server.pm.PackageInstallerService$Lifecycle took to complete: 0ms
04-10 02:17:04.645 1015 1015 I SystemServerTiming: OnBootPhase_600_com.android.server.pm.UserManagerService$LifeCycle
04-10 02:17:04.645 1015 1015 D SystemServerTiming: OnBootPhase_600_com.android.server.pm.UserManagerService$LifeCycle took to complete: 0ms
04-10 02:17:04.645 1015 1015 I SystemServerTiming: OnBootPhase_600_com.android.server.om.OverlayManagerService
04-10 02:17:04.645 1015 1015 D SystemServerTiming: OnBootPhase_600_com.android.server.om.OverlayManagerService took to complete: 0ms
04-10 02:17:04.645 1015 1015 I SystemServerTiming: OnBootPhase_600_com.android.server.SensorPrivacyService
04-10 02:17:04.645 1015 1015 D SystemServerTiming: OnBootPhase_600_com.android.server.SensorPrivacyService took to complete: 0ms
04-10 02:17:04.645 1015 1187 I PackageWatchdog: Saving observer state to file
04-10 02:17:04.647 1015 1015 I SystemServerTiming: OnBootPhase_600_com.android.server.thunderperf.ThunderBoostPerfService
04-10 02:17:04.647 1015 1015 D SystemServerTiming: OnBootPhase_600_com.android.server.thunderperf.ThunderBoostPerfService took to complete: 0ms
04-10 02:17:04.647 1015 1015 I SystemServerTiming: OnBootPhase_600_com.android.server.sensors.SensorService
04-10 02:17:04.647 1015 1015 D SystemServerTiming: OnBootPhase_600_com.android.server.sensors.SensorService took to complete: 0ms
04-10 02:17:04.648 1015 1015 I SystemServerTiming: OnBootPhase_600_com.android.server.SystemConfigService
04-10 02:17:04.648 1015 1015 D SystemServerTiming: OnBootPhase_600_com.android.server.SystemConfigService took to complete: 0ms
04-10 02:17:04.648 1015 1015 I SystemServerTiming: OnBootPhase_600_com.android.server.BatteryService
04-10 02:17:04.648 1015 1015 D SystemServerTiming: OnBootPhase_600_com.android.server.BatteryService took to complete: 0ms
04-10 02:17:04.648 1015 1015 I SystemServerTiming: OnBootPhase_600_com.android.server.usage.UsageStatsService
04-10 02:17:04.648 1015 1015 D SystemServerTiming: OnBootPhase_600_com.android.server.usage.UsageStatsService took to complete: 0ms
04-10 02:17:04.648 1015 1015 I SystemServerTiming: OnBootPhase_600_com.android.server.webkit.WebViewUpdateService
04-10 02:17:04.648 1015 1015 D SystemServerTiming: OnBootPhase_600_com.android.server.webkit.WebViewUpdateService took to complete: 0ms
04-10 02:17:04.648 1015 1015 I SystemServerTiming: OnBootPhase_600_com.android.server.CachedDeviceStateService
04-10 02:17:04.648 1015 1015 D SystemServerTiming: OnBootPhase_600_com.android.server.CachedDeviceStateService took to complete: 0ms
04-10 02:17:04.648 1015 1015 I SystemServerTiming: OnBootPhase_600_com.android.server.BinderCallsStatsService$LifeCycle
04-10 02:17:04.648 1015 1015 D SystemServerTiming: OnBootPhase_600_com.android.server.BinderCallsStatsService$LifeCycle took to complete: 0ms
04-10 02:17:04.649 1015 1015 I SystemServerTiming: OnBootPhase_600_com.android.server.LooperStatsService$Lifecycle
04-10 02:17:04.649 1015 1015 D SystemServerTiming: OnBootPhase_600_com.android.server.LooperStatsService$Lifecycle took to complete: 0ms
04-10 02:17:04.649 1015 1015 I SystemServerTiming: OnBootPhase_600_com.android.server.rollback.RollbackManagerService
04-10 02:17:04.649 1015 1015 D SystemServerTiming: OnBootPhase_600_com.android.server.rollback.RollbackManagerService took to complete: 0ms
04-10 02:17:04.649 1015 1015 I SystemServerTiming: OnBootPhase_600_com.android.server.os.NativeTombstoneManagerService
04-10 02:17:04.649 1015 1015 D SystemServerTiming: OnBootPhase_600_com.android.server.os.NativeTombstoneManagerService took to complete: 0ms
04-10 02:17:04.649 1015 1015 I SystemServerTiming: OnBootPhase_600_com.android.server.os.BugreportManagerService
04-10 02:17:04.649 1015 1015 D SystemServerTiming: OnBootPhase_600_com.android.server.os.BugreportManagerService took to complete: 0ms
04-10 02:17:04.649 1015 1015 I SystemServerTiming: OnBootPhase_600_com.android.server.gpu.GpuService
04-10 02:17:04.649 1015 1015 D SystemServerTiming: OnBootPhase_600_com.android.server.gpu.GpuService took to complete: 0ms
04-10 02:17:04.649 1015 1015 I SystemServerTiming: OnBootPhase_600_com.android.server.security.KeyChainSystemService
04-10 02:17:04.649 1015 1015 D SystemServerTiming: OnBootPhase_600_com.android.server.security.KeyChainSystemService took to complete: 0ms
04-10 02:17:04.649 1015 1015 I SystemServerTiming: OnBootPhase_600_com.android.server.telecom.TelecomLoaderService
04-10 02:17:04.649 1015 1015 D SystemServerTiming: OnBootPhase_600_com.android.server.telecom.TelecomLoaderService took to complete: 0ms
04-10 02:17:04.649 1015 1015 I SystemServerTiming: OnBootPhase_600_com.android.server.accounts.AccountManagerService$Lifecycle
04-10 02:17:04.649 1015 1015 D SystemServerTiming: OnBootPhase_600_com.android.server.accounts.AccountManagerService$Lifecycle took to complete: 0ms
04-10 02:17:04.649 1015 1015 I SystemServerTiming: OnBootPhase_600_com.android.server.content.ContentService$Lifecycle
04-10 02:17:04.649 1015 1015 D SystemServerTiming: OnBootPhase_600_com.android.server.content.ContentService$Lifecycle took to complete: 0ms
04-10 02:17:04.649 1015 1015 I SystemServerTiming: OnBootPhase_600_com.android.server.DropBoxManagerService
04-10 02:17:04.649 1015 1015 D SystemServerTiming: OnBootPhase_600_com.android.server.DropBoxManagerService took to complete: 0ms
04-10 02:17:04.649 1015 1015 I SystemServerTiming: OnBootPhase_600_com.android.role.RoleService
04-10 02:17:04.649 1015 1015 D SystemServerTiming: OnBootPhase_600_com.android.role.RoleService took to complete: 0ms
04-10 02:17:04.649 1015 1015 I SystemServerTiming: OnBootPhase_600_com.android.server.vibrator.VibratorManagerService$Lifecycle
04-10 02:17:04.649 1015 1015 D SystemServerTiming: OnBootPhase_600_com.android.server.vibrator.VibratorManagerService$Lifecycle took to complete: 0ms
04-10 02:17:04.649 1015 1015 I SystemServerTiming: OnBootPhase_600_com.android.server.alarm.AlarmManagerService
04-10 02:17:04.650 1015 1015 D SystemServerTiming: OnBootPhase_600_com.android.server.alarm.AlarmManagerService took to complete: 0ms
04-10 02:17:04.650 1015 1015 I SystemServerTiming: OnBootPhase_600_com.android.server.devicestate.DeviceStateManagerService
04-10 02:17:04.650 1015 1015 D SystemServerTiming: OnBootPhase_600_com.android.server.devicestate.DeviceStateManagerService took to complete: 0ms
04-10 02:17:04.650 1015 1015 I SystemServerTiming: OnBootPhase_600_com.android.server.camera.CameraServiceProxy
04-10 02:17:04.650 1015 1015 D SystemServerTiming: OnBootPhase_600_com.android.server.camera.CameraServiceProxy took to complete: 0ms
04-10 02:17:04.650 1015 1015 I SystemServerTiming: OnBootPhase_600_com.android.server.BluetoothService
04-10 02:17:04.650 1015 1015 D SystemServerTiming: OnBootPhase_600_com.android.server.BluetoothService took to complete: 0ms
04-10 02:17:04.650 1015 1015 I SystemServerTiming: OnBootPhase_600_com.android.server.connectivity.IpConnectivityMetrics
04-10 02:17:04.650 1015 1015 D SystemServerTiming: OnBootPhase_600_com.android.server.connectivity.IpConnectivityMetrics took to complete: 0ms
04-10 02:17:04.650 1015 1015 I SystemServerTiming: OnBootPhase_600_com.android.server.net.watchlist.NetworkWatchlistService$Lifecycle
04-10 02:17:04.650 1015 1015 D SystemServerTiming: OnBootPhase_600_com.android.server.net.watchlist.NetworkWatchlistService$Lifecycle took to complete: 0ms
04-10 02:17:04.650 1015 1015 I SystemServerTiming: OnBootPhase_600_com.android.server.PinnerService
04-10 02:17:04.650 1015 1015 D SystemServerTiming: OnBootPhase_600_com.android.server.PinnerService took to complete: 0ms
04-10 02:17:04.650 1015 1015 I SystemServerTiming: OnBootPhase_600_com.google.android.startop.iorap.IorapForwardingService
04-10 02:17:04.650 1015 1015 D SystemServerTiming: OnBootPhase_600_com.google.android.startop.iorap.IorapForwardingService took to complete: 0ms
04-10 02:17:04.650 1015 1015 I SystemServerTiming: OnBootPhase_600_com.android.server.ActivityTriggerService
04-10 02:17:04.650 1015 1015 D SystemServerTiming: OnBootPhase_600_com.android.server.ActivityTriggerService took to complete: 0ms
04-10 02:17:04.650 1015 1015 I SystemServerTiming: OnBootPhase_600_com.android.server.integrity.AppIntegrityManagerService
04-10 02:17:04.650 1015 1015 D SystemServerTiming: OnBootPhase_600_com.android.server.integrity.AppIntegrityManagerService took to complete: 0ms
04-10 02:17:04.651 1015 1015 I SystemServerTiming: OnBootPhase_600_com.android.server.inputmethod.InputMethodManagerService$Lifecycle
04-10 02:17:04.651 1015 1015 D SystemServerTiming: OnBootPhase_600_com.android.server.inputmethod.InputMethodManagerService$Lifecycle took to complete: 0ms
04-10 02:17:04.651 1015 1015 I SystemServerTiming: OnBootPhase_600_com.android.server.accessibility.AccessibilityManagerService$Lifecycle
04-10 02:17:04.651 1015 1015 D SystemServerTiming: OnBootPhase_600_com.android.server.accessibility.AccessibilityManagerService$Lifecycle took to complete: 0ms
04-10 02:17:04.651 1015 1015 I SystemServerTiming: OnBootPhase_600_com.android.server.StorageManagerService$Lifecycle
04-10 02:17:04.651 1015 1015 D SystemServerTiming: OnBootPhase_600_com.android.server.StorageManagerService$Lifecycle took to complete: 0ms
04-10 02:17:04.651 1015 1015 I SystemServerTiming: OnBootPhase_600_com.android.server.usage.StorageStatsService$Lifecycle
04-10 02:17:04.651 1015 1015 D SystemServerTiming: OnBootPhase_600_com.android.server.usage.StorageStatsService$Lifecycle took to complete: 0ms
04-10 02:17:04.651 1015 1015 I SystemServerTiming: OnBootPhase_600_com.android.server.UiModeManagerService
04-10 02:17:04.651 1015 1015 D SystemServerTiming: OnBootPhase_600_com.android.server.UiModeManagerService took to complete: 0ms
04-10 02:17:04.651 1015 1015 I SystemServerTiming: OnBootPhase_600_com.android.server.locksettings.LockSettingsService$Lifecycle
04-10 02:17:04.651 1015 1015 D SystemServerTiming: OnBootPhase_600_com.android.server.locksettings.LockSettingsService$Lifecycle took to complete: 0ms
04-10 02:17:04.651 1015 1015 I SystemServerTiming: OnBootPhase_600_com.android.server.PersistentDataBlockService
04-10 02:17:04.652 1015 1015 D SystemServerTiming: OnBootPhase_600_com.android.server.PersistentDataBlockService took to complete: 0ms
04-10 02:17:04.652 1015 1015 I SystemServerTiming: OnBootPhase_600_com.android.server.testharness.TestHarnessModeService
04-10 02:17:04.652 1015 1015 D SystemServerTiming: OnBootPhase_600_com.android.server.testharness.TestHarnessModeService took to complete: 0ms
04-10 02:17:04.652 1015 1015 I SystemServerTiming: OnBootPhase_600_com.android.server.oemlock.OemLockService
04-10 02:17:04.652 1015 1015 D SystemServerTiming: OnBootPhase_600_com.android.server.oemlock.OemLockService took to complete: 0ms
04-10 02:17:04.652 1015 1015 I SystemServerTiming: OnBootPhase_600_com.android.server.DeviceIdleController
04-10 02:17:04.652 1015 1015 D SystemServerTiming: OnBootPhase_600_com.android.server.DeviceIdleController took to complete: 0ms
04-10 02:17:04.652 1015 1015 I SystemServerTiming: OnBootPhase_600_com.android.server.devicepolicy.DevicePolicyManagerService$Lifecycle
04-10 02:17:04.652 1015 1015 D SystemServerTiming: OnBootPhase_600_com.android.server.devicepolicy.DevicePolicyManagerService$Lifecycle took to complete: 0ms
04-10 02:17:04.655 1015 1015 I SystemServerTiming: OnBootPhase_600_com.android.server.texttospeech.TextToSpeechManagerService
04-10 02:17:04.655 1015 1015 D SystemServerTiming: OnBootPhase_600_com.android.server.texttospeech.TextToSpeechManagerService took to complete: 1ms
04-10 02:17:04.655 1015 1015 I SystemServerTiming: OnBootPhase_600_com.android.server.speech.SpeechRecognitionManagerService
04-10 02:17:04.655 1015 1015 D SystemServerTiming: OnBootPhase_600_com.android.server.speech.SpeechRecognitionManagerService took to complete: 0ms
04-10 02:17:04.655 1015 1015 I SystemServerTiming: OnBootPhase_600_com.android.server.searchui.SearchUiManagerService
04-10 02:17:04.656 1015 1015 D SystemServerTiming: OnBootPhase_600_com.android.server.searchui.SearchUiManagerService took to complete: 0ms
04-10 02:17:04.656 1015 1015 I SystemServerTiming: OnBootPhase_600_com.android.server.smartspace.SmartspaceManagerService
04-10 02:17:04.656 1015 1015 D SystemServerTiming: OnBootPhase_600_com.android.server.smartspace.SmartspaceManagerService took to complete: 0ms
04-10 02:17:04.656 1015 1015 I SystemServerTiming: OnBootPhase_600_com.android.server.graphics.fonts.FontManagerService$Lifecycle
04-10 02:17:04.656 1015 1015 D SystemServerTiming: OnBootPhase_600_com.android.server.graphics.fonts.FontManagerService$Lifecycle took to complete: 0ms
04-10 02:17:04.656 1015 1015 I SystemServerTiming: OnBootPhase_600_com.android.server.textservices.TextServicesManagerService$Lifecycle
04-10 02:17:04.656 1015 1015 D SystemServerTiming: OnBootPhase_600_com.android.server.textservices.TextServicesManagerService$Lifecycle took to complete: 0ms
04-10 02:17:04.656 1015 1015 I SystemServerTiming: OnBootPhase_600_com.android.server.textclassifier.TextClassificationManagerService$Lifecycle
04-10 02:17:04.656 1015 1015 D SystemServerTiming: OnBootPhase_600_com.android.server.textclassifier.TextClassificationManagerService$Lifecycle took to complete: 0ms
04-10 02:17:04.656 1015 1015 I SystemServerTiming: OnBootPhase_600_com.android.server.NetworkScoreService$Lifecycle
04-10 02:17:04.656 1015 1015 D SystemServerTiming: OnBootPhase_600_com.android.server.NetworkScoreService$Lifecycle took to complete: 0ms
04-10 02:17:04.656 1015 1015 I SystemServerTiming: OnBootPhase_600_com.android.server.wifi.WifiService
04-10 02:17:04.656 1015 1015 D SystemServerTiming: OnBootPhase_600_com.android.server.wifi.WifiService took to complete: 0ms
04-10 02:17:04.656 1015 1015 I SystemServerTiming: OnBootPhase_600_com.android.server.wifi.scanner.WifiScanningService
04-10 02:17:04.656 1015 1015 D SystemServerTiming: OnBootPhase_600_com.android.server.wifi.scanner.WifiScanningService took to complete: 0ms
04-10 02:17:04.657 1015 1015 I SystemServerTiming: OnBootPhase_600_com.android.server.wifi.rtt.RttService
04-10 02:17:04.657 1015 1015 D SystemServerTiming: OnBootPhase_600_com.android.server.wifi.rtt.RttService took to complete: 0ms
04-10 02:17:04.657 1015 1015 I SystemServerTiming: OnBootPhase_600_com.android.server.wifi.aware.WifiAwareService
04-10 02:17:04.657 1015 1015 D SystemServerTiming: OnBootPhase_600_com.android.server.wifi.aware.WifiAwareService took to complete: 0ms
04-10 02:17:04.657 1015 1015 I SystemServerTiming: OnBootPhase_600_com.android.server.wifi.p2p.WifiP2pService
04-10 02:17:04.657 1015 1015 D SystemServerTiming: OnBootPhase_600_com.android.server.wifi.p2p.WifiP2pService took to complete: 0ms
04-10 02:17:04.657 1015 1015 I SystemServerTiming: OnBootPhase_600_com.android.server.ethernet.EthernetService
04-10 02:17:04.657 1015 1015 D SystemServerTiming: OnBootPhase_600_com.android.server.ethernet.EthernetService took to complete: 0ms
04-10 02:17:04.657 1015 1015 I SystemServerTiming: OnBootPhase_600_com.android.server.ConnectivityServiceInitializer
04-10 02:17:04.657 1015 1015 D SystemServerTiming: OnBootPhase_600_com.android.server.ConnectivityServiceInitializer took to complete: 0ms
04-10 02:17:04.657 1015 1015 I SystemServerTiming: OnBootPhase_600_com.android.server.notification.NotificationManagerService
04-10 02:17:04.660 1015 1015 D SystemServerTiming: OnBootPhase_600_com.android.server.notification.NotificationManagerService took to complete: 4ms
04-10 02:17:04.660 1015 1015 I SystemServerTiming: OnBootPhase_600_com.android.server.storage.DeviceStorageMonitorService
04-10 02:17:04.660 1015 1015 D SystemServerTiming: OnBootPhase_600_com.android.server.storage.DeviceStorageMonitorService took to complete: 0ms
01-01 08:59:47.468 0 0 E : INFO: trying to register non-static key.
01-01 08:59:47.473 0 0 E : the code is fine but needs lockdep annotation.
01-01 08:59:47.479 0 0 I : CPU: 7 PID: 1641 Comm: kworker/u16:17 Tainted: G S O 4.19.157+ #1
01-01 08:59:47.479 0 0 I Hardware name: Qualcomm Technologies, Inc. kona MTP-RmPM8150b. VX1(MCE) EVT1 (DT)
01-01 08:59:47.479 0 0 I Workqueue: events_unbound ion_system_secure_heap_prefetch_work
01-01 08:59:47.479 0 0 I Call trace:
01-01 08:59:47.479 0 0 I : dump_backtrace+0x0/0x258
01-01 08:59:47.479 0 0 I : show_stack+0x20/0x30
01-01 08:59:47.479 0 0 I : dump_stack+0xd8/0x12c
01-01 08:59:47.479 0 0 I : register_lock_class+0x4d0/0x5c8
01-01 08:59:47.479 0 0 I : __lock_acquire+0xbc/0x1e58
01-01 08:59:47.479 0 0 I : lock_acquire+0x1cc/0x218
01-01 08:59:47.479 0 0 I : _raw_spin_lock_irqsave+0x54/0x98
01-01 08:59:47.479 0 0 I : ion_system_secure_heap_prefetch_work+0x94/0x2c0
01-01 08:59:47.479 0 0 I : process_one_work+0x38c/0x660
01-01 08:59:47.479 0 0 I : worker_thread+0x268/0x4b8
01-01 08:59:47.479 0 0 I : kthread+0x140/0x150
01-01 08:59:47.479 0 0 I : ret_from_fork+0x10/0x1c
04-10 02:17:04.660 1015 1015 I SystemServerTiming: OnBootPhase_600_com.android.server.location.LocationManagerService$Lifecycle
04-10 02:17:04.667 1015 1077 D DisplayPowerController[0]: requestPowerState: policy=BRIGHT, useProximitySensor=false, screenBrightnessOverride=1.0, useAutoBrightness=false, screenAutoBrightnessAdjustmentOverride=NaN, screenLowPowerBrightnessFactor=1.0, blockScreenOn=false, lowPowerMode=false, boostScreenBrightness=false, dozeScreenBrightness=NaN, dozeScreenState=UNKNOWN, waitForNegativeProximity=false
04-10 02:17:04.667 1015 1077 D PowerManagerNotifier: onScreenPolicyUpdate: newPolicy=3
04-10 02:17:04.668 1015 1077 D PowerManagerNotifier: onWakeLockAcquired: flags=1, tag="AudioMix", packageName=audioserver, ownerUid=1041, ownerPid=0, workSource=null
04-10 02:17:04.669 1015 1077 D DisplayPowerController[0]: requestPowerState: policy=BRIGHT, useProximitySensor=false, screenBrightnessOverride=1.0, useAutoBrightness=false, screenAutoBrightnessAdjustmentOverride=NaN, screenLowPowerBrightnessFactor=1.0, blockScreenOn=false, lowPowerMode=false, boostScreenBrightness=false, dozeScreenBrightness=NaN, dozeScreenState=UNKNOWN, waitForNegativeProximity=false
04-10 02:17:04.669 1015 1077 D PowerManagerNotifier: onScreenPolicyUpdate: newPolicy=3
04-10 02:17:04.669 1015 1077 D PowerManagerNotifier: onWakeLockAcquired: flags=1, tag="AudioMix", packageName=audioserver, ownerUid=1041, ownerPid=0, workSource=null
04-10 02:17:04.672 1015 1816 D DisplayPowerController[0]: requestPowerState: policy=BRIGHT, useProximitySensor=false, screenBrightnessOverride=1.0, useAutoBrightness=false, screenAutoBrightnessAdjustmentOverride=NaN, screenLowPowerBrightnessFactor=1.0, blockScreenOn=false, lowPowerMode=false, boostScreenBrightness=false, dozeScreenBrightness=NaN, dozeScreenState=UNKNOWN, waitForNegativeProximity=false
04-10 02:17:04.673 1015 1816 D PowerManagerNotifier: onScreenPolicyUpdate: newPolicy=3
04-10 02:17:04.673 1015 1816 D PowerManagerNotifier: onWakeLockAcquired: flags=1, tag="AudioMix", packageName=audioserver, ownerUid=1041, ownerPid=0, workSource=null
04-10 02:17:04.673 1015 1816 D DisplayPowerController[0]: requestPowerState: policy=BRIGHT, useProximitySensor=false, screenBrightnessOverride=1.0, useAutoBrightness=false, screenAutoBrightnessAdjustmentOverride=NaN, screenLowPowerBrightnessFactor=1.0, blockScreenOn=false, lowPowerMode=false, boostScreenBrightness=false, dozeScreenBrightness=NaN, dozeScreenState=UNKNOWN, waitForNegativeProximity=false
04-10 02:17:04.673 1015 1816 D PowerManagerNotifier: onScreenPolicyUpdate: newPolicy=3
04-10 02:17:04.673 1015 1816 D PowerManagerNotifier: onWakeLockAcquired: flags=1, tag="AudioMix", packageName=audioserver, ownerUid=1041, ownerPid=0, workSource=null
01-01 08:59:47.492 0 0 E : INFO: trying to register non-static key.
01-01 08:59:47.497 0 0 E : the code is fine but needs lockdep annotation.
01-01 08:59:47.502 0 0 I : CPU: 7 PID: 1641 Comm: kworker/u16:17 Tainted: G S O 4.19.157+ #1
01-01 08:59:47.502 0 0 I Hardware name: Qualcomm Technologies, Inc. kona MTP-RmPM8150b. VX1(MCE) EVT1 (DT)
01-01 08:59:47.502 0 0 I Workqueue: events_unbound ion_system_secure_heap_prefetch_work
01-01 08:59:47.502 0 0 I Call trace:
01-01 08:59:47.502 0 0 I : dump_backtrace+0x0/0x258
01-01 08:59:47.502 0 0 I : show_stack+0x20/0x30
01-01 08:59:47.502 0 0 I : dump_stack+0xd8/0x12c
01-01 08:59:47.502 0 0 I : register_lock_class+0x4d0/0x5c8
01-01 08:59:47.503 0 0 I : __lock_acquire+0xbc/0x1e58
01-01 08:59:47.503 0 0 I : lock_acquire+0x1cc/0x218
01-01 08:59:47.503 0 0 I : _raw_spin_lock_irqsave+0x54/0x98
01-01 08:59:47.503 0 0 I : ion_system_secure_heap_prefetch_work+0x94/0x2c0
01-01 08:59:47.503 0 0 I : process_one_work+0x38c/0x660
01-01 08:59:47.503 0 0 I : worker_thread+0x268/0x4b8
01-01 08:59:47.503 0 0 I : kthread+0x140/0x150
01-01 08:59:47.503 0 0 I : ret_from_fork+0x10/0x1c
01-01 08:59:47.513 0 0 E : INFO: trying to register non-static key.
01-01 08:59:47.518 0 0 E : the code is fine but needs lockdep annotation.
01-01 08:59:47.523 0 0 I : CPU: 7 PID: 1641 Comm: kworker/u16:17 Tainted: G S O 4.19.157+ #1
01-01 08:59:47.523 0 0 I Hardware name: Qualcomm Technologies, Inc. kona MTP-RmPM8150b. VX1(MCE) EVT1 (DT)
01-01 08:59:47.523 0 0 I Workqueue: events_unbound ion_system_secure_heap_prefetch_work
01-01 08:59:47.523 0 0 I Call trace:
01-01 08:59:47.523 0 0 I : dump_backtrace+0x0/0x258
01-01 08:59:47.523 0 0 I : show_stack+0x20/0x30
01-01 08:59:47.523 0 0 I : dump_stack+0xd8/0x12c
01-01 08:59:47.523 0 0 I : register_lock_class+0x4d0/0x5c8
01-01 08:59:47.523 0 0 I : __lock_acquire+0xbc/0x1e58
01-01 08:59:47.523 0 0 I : lock_acquire+0x1cc/0x218
01-01 08:59:47.523 0 0 I : _raw_spin_lock_irqsave+0x54/0x98
01-01 08:59:47.523 0 0 I : ion_system_secure_heap_prefetch_work+0x94/0x2c0
01-01 08:59:47.523 0 0 I : process_one_work+0x38c/0x660
01-01 08:59:47.523 0 0 I : worker_thread+0x268/0x4b8
01-01 08:59:47.523 0 0 I : kthread+0x140/0x150
01-01 08:59:47.523 0 0 I : ret_from_fork+0x10/0x1c
01-01 08:59:47.530 0 0 D cnss : MHI status cb is called with reason MISSION_MODE(6)
04-10 02:17:04.724 1015 1015 I service_manager_slow: [14,appops]
01-01 08:59:47.531 0 0 D cnss : Completed event: REGISTER_DRIVER(7), state: 0x10, ret: 0/0
01-01 08:59:47.531 0 0 D cnss : PM relax, state: 0x10, count: 0
01-01 08:59:47.542 0 0 E : [drm:dp_display_init_aux_switch][msm-dp-err][403 ]failed to register notifier (-22)
04-10 02:17:04.735 1015 1015 I service_manager_stats: [474,452,5002]
04-10 02:17:04.741 1015 1015 D TelephonyRegistry: listen oscl: mHasNotifySubscriptionInfoChangedOccurred==false no callback
01-01 08:59:47.564 0 0 E : INFO: trying to register non-static key.
01-01 08:59:47.569 0 0 E : the code is fine but needs lockdep annotation.
01-01 08:59:47.575 0 0 I : CPU: 7 PID: 1641 Comm: kworker/u16:17 Tainted: G S O 4.19.157+ #1
01-01 08:59:47.575 0 0 I Hardware name: Qualcomm Technologies, Inc. kona MTP-RmPM8150b. VX1(MCE) EVT1 (DT)
01-01 08:59:47.575 0 0 I Workqueue: events_unbound ion_system_secure_heap_prefetch_work
01-01 08:59:47.575 0 0 I Call trace:
01-01 08:59:47.575 0 0 I : dump_backtrace+0x0/0x258
01-01 08:59:47.575 0 0 I : show_stack+0x20/0x30
01-01 08:59:47.575 0 0 I : dump_stack+0xd8/0x12c
01-01 08:59:47.575 0 0 I : register_lock_class+0x4d0/0x5c8
01-01 08:59:47.575 0 0 I : __lock_acquire+0xbc/0x1e58
01-01 08:59:47.575 0 0 I : lock_acquire+0x1cc/0x218
01-01 08:59:47.575 0 0 I : _raw_spin_lock_irqsave+0x54/0x98
01-01 08:59:47.575 0 0 I : ion_system_secure_heap_prefetch_work+0x94/0x2c0
01-01 08:59:47.575 0 0 I : process_one_work+0x38c/0x660
01-01 08:59:47.575 0 0 I : worker_thread+0x268/0x4b8
01-01 08:59:47.575 0 0 I : kthread+0x140/0x150
01-01 08:59:47.575 0 0 I : ret_from_fork+0x10/0x1c
01-01 08:59:47.578 0 0 E register_client_adhoc: find path.src 1 dest 589
01-01 08:59:47.578 0 0 E register_client_adhoc: Failed to find path.src 1 dest 589
01-01 08:59:47.594 0 0 E : INFO: trying to register non-static key.
01-01 08:59:47.606 0 0 E : the code is fine but needs lockdep annotation.
01-01 08:59:47.612 0 0 I : CPU: 7 PID: 1641 Comm: kworker/u16:17 Tainted: G S O 4.19.157+ #1
01-01 08:59:47.612 0 0 I Hardware name: Qualcomm Technologies, Inc. kona MTP-RmPM8150b. VX1(MCE) EVT1 (DT)
01-01 08:59:47.612 0 0 I Workqueue: events_unbound ion_system_secure_heap_prefetch_work
01-01 08:59:47.612 0 0 I Call trace:
01-01 08:59:47.612 0 0 I : dump_backtrace+0x0/0x258
01-01 08:59:47.612 0 0 I : show_stack+0x20/0x30
01-01 08:59:47.612 0 0 I : dump_stack+0xd8/0x12c
01-01 08:59:47.612 0 0 I : register_lock_class+0x4d0/0x5c8
01-01 08:59:47.612 0 0 I : __lock_acquire+0xbc/0x1e58
01-01 08:59:47.612 0 0 I : lock_acquire+0x1cc/0x218
01-01 08:59:47.612 0 0 I : _raw_spin_lock_irqsave+0x54/0x98
01-01 08:59:47.612 0 0 I : ion_system_secure_heap_prefetch_work+0x94/0x2c0
01-01 08:59:47.612 0 0 I : process_one_work+0x38c/0x660
01-01 08:59:47.612 0 0 I : worker_thread+0x268/0x4b8
01-01 08:59:47.612 0 0 I : kthread+0x140/0x150
01-01 08:59:47.612 0 0 I : ret_from_fork+0x10/0x1c
01-01 08:59:47.619 0 0 E : INFO: trying to register non-static key.
04-10 02:17:04.819 1015 1170 D DisplayPowerController[0]: requestPowerState: policy=BRIGHT, useProximitySensor=false, screenBrightnessOverride=1.0, useAutoBrightness=false, screenAutoBrightnessAdjustmentOverride=NaN, screenLowPowerBrightnessFactor=1.0, blockScreenOn=false, lowPowerMode=false, boostScreenBrightness=false, dozeScreenBrightness=NaN, dozeScreenState=UNKNOWN, waitForNegativeProximity=false
04-10 02:17:04.819 1015 1170 D PowerManagerNotifier: onScreenPolicyUpdate: newPolicy=3
04-10 02:17:04.819 1015 1170 D PowerManagerNotifier: onWakeLockAcquired: flags=1, tag="GnssVisibilityControl", packageName=android, ownerUid=1000, ownerPid=1015, workSource=null
01-01 08:59:47.625 0 0 E : the code is fine but needs lockdep annotation.
01-01 08:59:47.630 0 0 I : CPU: 7 PID: 1641 Comm: kworker/u16:17 Tainted: G S O 4.19.157+ #1
01-01 08:59:47.630 0 0 I Hardware name: Qualcomm Technologies, Inc. kona MTP-RmPM8150b. VX1(MCE) EVT1 (DT)
01-01 08:59:47.630 0 0 I Workqueue: events_unbound ion_system_secure_heap_prefetch_work
01-01 08:59:47.630 0 0 I Call trace:
01-01 08:59:47.630 0 0 I : dump_backtrace+0x0/0x258
01-01 08:59:47.630 0 0 I : show_stack+0x20/0x30
01-01 08:59:47.630 0 0 I : dump_stack+0xd8/0x12c
01-01 08:59:47.630 0 0 I : register_lock_class+0x4d0/0x5c8
01-01 08:59:47.630 0 0 I : __lock_acquire+0xbc/0x1e58
01-01 08:59:47.630 0 0 I : lock_acquire+0x1cc/0x218
01-01 08:59:47.630 0 0 I : _raw_spin_lock_irqsave+0x54/0x98
01-01 08:59:47.630 0 0 I : ion_system_secure_heap_prefetch_work+0x48/0x2c0
01-01 08:59:47.630 0 0 I : process_one_work+0x38c/0x660
01-01 08:59:47.630 0 0 I : worker_thread+0x33c/0x4b8
01-01 08:59:47.630 0 0 I : kthread+0x140/0x150
01-01 08:59:47.630 0 0 I : ret_from_fork+0x10/0x1c
01-01 08:59:47.635 0 0 E swr-wcd rx_swr_ctrl: swrm_get_logical_dev_num: device 0xd01170224 is not ready
04-10 02:17:04.832 1015 1192 W ActivityManager: Slow operation: 346ms so far, now at startProcess: returned from zygote!
04-10 02:17:04.832 1015 1192 W ActivityManager: Slow operation: 347ms so far, now at startProcess: done updating battery stats
04-10 02:17:04.832 1015 1192 I am_proc_start: [0,2108,1037,WebViewLoader-armeabi-v7a,NULL,]
04-10 02:17:04.832 1015 1192 W ActivityManager: Slow operation: 347ms so far, now at startProcess: building log message
04-10 02:17:04.832 1015 1192 I ActivityManager: Start proc 2108:WebViewLoader-armeabi-v7a/1037 [android.webkit.WebViewLibraryLoader$RelroFileCreator] for null
04-10 02:17:04.832 1015 1192 W ActivityManager: Slow operation: 347ms so far, now at startProcess: starting to update pids map
04-10 02:17:04.833 1015 1192 W ActivityManager: Slow operation: 348ms so far, now at startProcess: done updating pids map
04-10 02:17:04.833 1015 1192 W ActivityManager: Slow operation: 347ms so far, now at startProcess: asking zygote to start proc
04-10 02:17:04.837 1015 1170 W CarrierConfigManager: Error getting config for subId -1 ICarrierConfigLoader is null
