04-10 02:17:09.356 2897 2897 D wpa_supplicant: nl80211: Mode IEEE 802.11g: 2412 2417 2422 2427 2432 2437 2442 2447 2452 2457 2462 2467 2472 2484[DISABLED]
04-10 02:17:09.356 2897 2897 D wpa_supplicant: nl80211: Mode IEEE 802.11a: 5180 5200 5220 5240 5260[RADAR] 5280[RADAR] 5300[RADAR] 5320[RADAR] 5500[DISABLED] 5520[DISABLED] 5540[DISABLED] 5560[DISABLED] 5580[DISABLED] 5600[DISABLED] 5620[DISABLED] 5640[DISABLED]
04-10 02:17:09.356 2897 2897 D wpa_supplicant: nl80211: Mode IEEE 802.11b: 2412 2417 2422 2427 2432 2437 2442 2447 2452 2457 2462 2467 2472 2484[DISABLED]
04-10 02:17:09.369 2897 2897 D wpa_supplicant: wlan0: Own MAC address: 00:03:7f:12:de:b3
04-10 02:17:09.371 2897 2897 D wpa_supplicant: wpa_driver_nl80211_set_key: ifindex=17 (wlan0) alg=0 addr=0x0 key_idx=0 set_tx=0 seq_len=0 key_len=0 key_flag=0x10
04-10 02:17:09.371 2897 2897 D wpa_supplicant: nl80211: DEL_KEY
04-10 02:17:09.371 2897 2897 D wpa_supplicant: broadcast key
04-10 02:17:09.372 2897 2897 D wpa_supplicant: wpa_driver_nl80211_set_key: ifindex=17 (wlan0) alg=0 addr=0x0 key_idx=1 set_tx=0 seq_len=0 key_len=0 key_flag=0x10
04-10 02:17:09.372 2897 2897 D wpa_supplicant: nl80211: DEL_KEY
04-10 02:17:09.372 2897 2897 D wpa_supplicant: broadcast key
04-10 02:17:09.373 2897 2897 D wpa_supplicant: wpa_driver_nl80211_set_key: ifindex=17 (wlan0) alg=0 addr=0x0 key_idx=2 set_tx=0 seq_len=0 key_len=0 key_flag=0x10
04-10 02:17:09.373 2897 2897 D wpa_supplicant: nl80211: DEL_KEY
04-10 02:17:09.373 2897 2897 D wpa_supplicant: broadcast key
04-10 02:17:09.374 2897 2897 D wpa_supplicant: wpa_driver_nl80211_set_key: ifindex=17 (wlan0) alg=0 addr=0x0 key_idx=3 set_tx=0 seq_len=0 key_len=0 key_flag=0x10
04-10 02:17:09.374 2897 2897 D wpa_supplicant: nl80211: DEL_KEY
04-10 02:17:09.374 2897 2897 D wpa_supplicant: broadcast key
04-10 02:17:09.374 2897 2897 D wpa_supplicant: wpa_driver_nl80211_set_key: ifindex=17 (wlan0) alg=0 addr=0x0 key_idx=4 set_tx=0 seq_len=0 key_len=0 key_flag=0x10
04-10 02:17:09.374 2897 2897 D wpa_supplicant: nl80211: DEL_KEY
04-10 02:17:09.374 2897 2897 D wpa_supplicant: broadcast key
04-10 02:17:09.375 2897 2897 D wpa_supplicant: wpa_driver_nl80211_set_key: ifindex=17 (wlan0) alg=0 addr=0x0 key_idx=5 set_tx=0 seq_len=0 key_len=0 key_flag=0x10
04-10 02:17:09.375 2897 2897 D wpa_supplicant: nl80211: DEL_KEY
04-10 02:17:09.375 2897 2897 D wpa_supplicant: broadcast key
04-10 02:17:09.375 2897 2897 D wpa_supplicant: wlan0: RSN: flushing PMKID list in the driver
04-10 02:17:09.375 2897 2897 D wpa_supplicant: nl80211: Flush PMKIDs
04-10 02:17:09.376 2897 2897 D wpa_supplicant: wlan0: State: DISCONNECTED -> INACTIVE
04-10 02:17:09.376 2897 2897 D wpa_supplicant: Notifying state change event to hidl control: 2
04-10 02:17:09.380 2897 2897 D wpa_supplicant: TDLS: TDLS operation supported by driver
04-10 02:17:09.380 2897 2897 D wpa_supplicant: TDLS: Driver uses external link setup
04-10 02:17:09.381 2897 2897 D wpa_supplicant: TDLS: Driver does not support TDLS channel switching
04-10 02:17:09.388 2897 2897 D wpa_supplicant: wlan0: WPS: UUID based on MAC address: d9d5db8b-f4ae-59ed-b1e3-a192e6fb23ce
04-10 02:17:09.388 2897 2897 D wpa_supplicant: EAPOL: SUPP_PAE entering state DISCONNECTED
04-10 02:17:09.388 2897 2897 D wpa_supplicant: EAPOL: Supplicant port status: Unauthorized
04-10 02:17:09.388 2897 2897 D wpa_supplicant: nl80211: Skip set_supp_port(unauthorized) while not associated
04-10 02:17:09.388 2897 2897 D wpa_supplicant: EAPOL: KEY_RX entering state NO_KEY_RECEIVE
04-10 02:17:09.389 2897 2897 D wpa_supplicant: EAPOL: SUPP_BE entering state INITIALIZE
04-10 02:17:09.389 2897 2897 D wpa_supplicant: EAP: EAP entering state DISABLED
04-10 02:17:09.389 2897 2897 D wpa_supplicant: Using existing control interface directory.
04-10 02:17:09.389 2897 2897 D wpa_supplicant: nl80211: Setting wowlan
04-10 02:17:09.389 2897 2897 D wpa_supplicant: MBO: Update non-preferred channels, non_pref_chan=N/A
04-10 02:17:09.389 2897 2897 D wpa_supplicant: nl80211: Scan default IEs - hexdump(len=30): 7f 0b 00 00 0a 82 00 40 00 00 00 01 20 ff 03 02 00 ff dd 0a 50 6f 9a 16 03 01 03 65 01 01
04-10 02:17:09.389 2897 2897 D wpa_supplicant: Registering interface to hidl control: wlan0
04-10 02:17:09.389 2897 2897 I wpa_supplicant: Mapping to vendor sta iface
04-10 02:17:09.389 2897 2897 D wpa_supplicant: wlan0: Added interface wlan0
04-10 02:17:09.390 2897 2897 D wpa_supplicant: wlan0: State: INACTIVE -> DISCONNECTED
04-10 02:17:09.390 2897 2897 D wpa_supplicant: nl80211: Set wlan0 operstate 0->0 (DORMANT)
04-10 02:17:09.390 2897 2897 D wpa_supplicant: netlink: Operstate: ifindex=17 linkmode=-1 (no change), operstate=5 (IF_OPER_DORMANT)
04-10 02:17:09.390 2897 2897 D wpa_supplicant: Notifying state change event to hidl control: 0
04-10 02:17:09.392 2897 2897 D wpa_supplicant: RTM_NEWLINK: ifi_index=19 ifname=wifi-aware0 operstate=2 linkmode=0 ifi_family=0 ifi_flags=0x1003 ([UP])
04-10 02:17:09.392 2897 2897 D wpa_supplicant: RTM_NEWLINK: ifi_index=17 ifname=wlan0 operstate=2 linkmode=1 ifi_family=0 ifi_flags=0x1003 ([UP])
04-10 02:17:09.396 505 505 I hwservicemanager: getTransport: Cannot find entry android.hardware.wifi.supplicant@1.4::ISupplicant/default in either framework or device VINTF manifest.
04-10 02:17:09.398 1015 1919 D SupplicantStaIfaceHal: Newer HAL is found, skip V1_2 remaining init flow.
04-10 02:17:09.399 1015 1919 D SupplicantStaIfaceHal: Newer HAL is found, skip V1_1 remaining init flow.
04-10 02:17:09.399 1015 1919 D SupplicantStaIfaceHal: Newer HAL is found, skip V1_0 remaining init flow.
04-10 02:17:09.399 1015 1919 E SupplicantStaIfaceHal: Can't call vendor_setupIface, ISupplicantVendorStaIface is null
04-10 02:17:09.405 1015 1919 I android_os_HwBinder: HwBinder: Starting thread pool for getting: vendor.qti.hardware.wifi.supplicant@2.0::ISupplicantVendor/default
04-10 02:17:09.405 1015 1919 E SupplicantStaIfaceHal: Try to get Vendor HIDL@2.0 interface
04-10 02:17:09.406 1439 2893 D LOWI-9.0.0.87.a: [LOWI-Scan] wait_event:Wait done with Cmd 103
04-10 02:17:09.406 1407 1407 I cnss-daemon: nl80211 response handler invoked
04-10 02:17:09.406 1439 2893 D LOWI-9.0.0.87.a: [LOWI-Scan] do_listen_events: Rcvd valid Netlink Cmd 0 Err 0
04-10 02:17:09.406 1407 1407 I cnss-daemon: nl80211_response_handler: cmd 103, vendorID 4980, subcmd 12 received
04-10 02:17:09.406 951 2892 I WifiHAL : event received NL80211_CMD_VENDOR, vendor_id = 0x1374, subcmd = 0xc
04-10 02:17:09.406 951 2892 V WifiHAL : handleEvent: Vendor event: vendor_id=0x1374 subcmd=12
04-10 02:17:09.406 951 2892 V WifiHAL : handleEvent: Vendor data len received:92
04-10 02:17:09.406 951 2892 V WifiHAL : ******HexDump len:92*********
04-10 02:17:09.406 951 2892 V WifiHAL : 5c 00 02 00 21 02 58 00
04-10 02:17:09.406 951 2892 V WifiHAL : 00 00 04 00 00 00 00 00
04-10 02:17:09.406 951 2892 V WifiHAL : 00 00 00 00 01 00 00 00
04-10 02:17:09.406 951 2892 V WifiHAL : 06 00 00 00 06 00 00 00
04-10 02:17:09.406 951 2892 V WifiHAL : ff 00 00 00 ff 00 00 00
04-10 02:17:09.406 951 2892 V WifiHAL : fe 01 00 00 ff 00 00 00
04-10 02:17:09.406 951 2892 V WifiHAL : 80 00 00 00 20 00 00 00
04-10 02:17:09.406 951 2892 V WifiHAL : 01 00 00 00 08 00 00 00
04-10 02:17:09.406 951 2892 V WifiHAL : ff 00 00 00 06 00 00 00
04-10 02:17:09.406 951 2892 V WifiHAL : 03 00 00 00 01 00 00 00
04-10 02:17:09.406 951 2892 V WifiHAL : 00 01 00 00 1d 02 84 08
04-10 02:17:09.406 951 2892 V WifiHAL : 2a 00 00 00
04-10 02:17:09.406 951 2892 V WifiHAL : ******HexDump End***********
04-10 02:17:09.406 951 2892 V WifiHAL : handleEvent: Subcmd=12 Vendor data len received:92
04-10 02:17:09.406 951 2892 V WifiHAL : ******HexDump len:92*********
04-10 02:17:09.406 2897 2897 D wpa_supplicant: nl80211: Event message available
04-10 02:17:09.406 951 2892 V WifiHAL : 5c 00 02 00 21 02 58 00
04-10 02:17:09.406 951 2892 V WifiHAL : 00 00 04 00 00 00 00 00
04-10 02:17:09.406 951 2892 V WifiHAL : 00 00 00 00 01 00 00 00
04-10 02:17:09.406 951 2892 V WifiHAL : 06 00 00 00 06 00 00 00
04-10 02:17:09.406 951 2892 V WifiHAL : ff 00 00 00 ff 00 00 00
04-10 02:17:09.406 951 2892 V WifiHAL : fe 01 00 00 ff 00 00 00
04-10 02:17:09.406 951 2892 V WifiHAL : 80 00 00 00 20 00 00 00
04-10 02:17:09.406 951 2892 V WifiHAL : 01 00 00 00 08 00 00 00
04-10 02:17:09.406 951 2892 V WifiHAL : ff 00 00 00 06 00 00 00
04-10 02:17:09.406 951 2892 V WifiHAL : 03 00 00 00 01 00 00 00
04-10 02:17:09.406 2897 2897 D wpa_supplicant: nl80211: Drv Event 103 (NL80211_CMD_VENDOR) received for wlan0
04-10 02:17:09.406 951 2892 V WifiHAL : 00 01 00 00 1d 02 84 08
04-10 02:17:09.406 2897 2897 D wpa_supplicant: nl80211: Vendor event: wiphy=0 vendor_id=0x1374 subcmd=12
04-10 02:17:09.406 951 2892 V WifiHAL : 2a 00 00 00
04-10 02:17:09.406 951 2892 V WifiHAL : ******HexDump End***********
04-10 02:17:09.406 2897 2897 D wpa_supplicant: nl80211: Vendor data - hexdump(len=92): 5c 00 02 00 21 02 58 00 00 00 04 00 00 00 00 00 00 00 00 00 01 00 00 00 06 00 00 00 06 00 00 00 ...
04-10 02:17:09.407 951 2892 V WifiHAL : handleNanResponse called 0xb4000077e25c0f50
04-10 02:17:09.407 951 2892 D WifiHAL : NanErrorTranslation: Status: 0 Error Info[value 0]: NAN status success
04-10 02:17:09.407 951 2892 I WifiHAL : handleNanResponse ret:0 status:0 value:NAN status success response_type:12
04-10 02:17:09.407 2897 2897 D wpa_supplicant: nl80211: Ignore unsupported QCA vendor event 12
04-10 02:17:09.409 2897 2897 I wpa_supplicant: get vendor sta iface object
04-10 02:17:09.411 1015 1919 E SupplicantStaIfaceHal: Successful get Vendor sta interface
04-10 02:17:09.412 951 951 V WifiHAL : WifiVendorCommand 0xb4000077e25befb0 created vendor_id:0x1374 subcmd:171
04-10 02:17:09.412 951 951 V WifiHAL : NAN_DISABLE
04-10 02:17:09.413 951 951 V WifiHAL : Message Len 8
04-10 02:17:09.413 951 951 V WifiHAL : ******HexDump len:8*********
04-10 02:17:09.413 951 951 V WifiHAL : 81 01 08 00 00 00 ff ff
04-10 02:17:09.413 505 505 I hwservicemanager: getTransport: Cannot find entry android.hardware.wifi.supplicant@1.4::ISupplicant/default in either framework or device VINTF manifest.
04-10 02:17:09.413 951 951 V WifiHAL : ******HexDump End***********
04-10 02:17:09.413 951 951 V WifiHAL : requestEvent:Handle:0xb4000078225bdf80 Socket Value:0xb4000077625bfd80
04-10 02:17:09.413 951 951 E WifiHAL : error_handler_nan: Error code:-22 (Invalid argument)
04-10 02:17:09.413 951 951 E WifiHAL : nan_disable_request: requestEvent Error:-5
04-10 02:17:09.413 951 951 V WifiHAL : NanCommand 0xb4000077e25befb0 destroyed
04-10 02:17:09.413 951 951 V WifiHAL : NAN_DP_INTERFACE_DELETE
04-10 02:17:09.413 951 951 V WifiHAL : WifiVendorCommand 0xb4000077e25befb0 created vendor_id:0x1374 subcmd:81
04-10 02:17:09.413 505 505 I hwservicemanager: getTransport: Cannot find entry android.hardware.wifi.supplicant@1.4::ISupplicant/default in either framework or device VINTF manifest.
04-10 02:17:09.413 951 951 V WifiHAL : requestEvent:Handle:0xb4000078225bdf80 Socket Value:0xb4000077625bfd80
04-10 02:17:09.413 951 951 E WifiHAL : error_handler_nan: Error code:-22 (Invalid argument)
04-10 02:17:09.413 951 951 E WifiHAL : nan_data_interface_delete: requestEvent Error:-5
04-10 02:17:09.413 951 951 V WifiHAL : NanCommand 0xb4000077e25befb0 destroyed
04-10 02:17:09.413 951 951 V WifiHAL : NAN_DP_INTERFACE_DELETE
04-10 02:17:09.414 951 951 V WifiHAL : WifiVendorCommand 0xb4000077e25befb0 created vendor_id:0x1374 subcmd:81
04-10 02:17:09.415 951 951 V WifiHAL : requestEvent:Handle:0xb4000078225bdf80 Socket Value:0xb4000077625bfd80
04-10 02:17:09.415 951 951 E WifiHAL : error_handler_nan: Error code:-22 (Invalid argument)
04-10 02:17:09.415 951 951 E WifiHAL : nan_data_interface_delete: requestEvent Error:-5
04-10 02:17:09.415 951 951 V WifiHAL : NanCommand 0xb4000077e25befb0 destroyed
01-01 08:59:52.195 0 0 I : Boot completed
01-01 08:59:52.246 0 0 W QSEECOM : qseecom_load_app: App with id 7 (fingerpr) now loaded
04-10 02:17:09.437 1480 2911 D QSEECOMAPI: Loaded image: APP id = 7
04-10 02:17:09.450 1480 2911 I QFP : qsc_start_app: Loading app [fingerpr] succeeded
04-10 02:17:09.450 1480 2911 I QFP : openFramework: entry with eeprom_buffer_size=0
04-10 02:17:09.450 550 550 D vold : Successfully retrieved key
01-01 08:59:52.268 0 0 I [schedu][0x41a23fe6][02:17:09.454483] wlan: [2631:I:HIF] Deinitializing Runtime PM wakelock &vdev->vdev_set_key_runtime_wakelock
04-10 02:17:09.459 548 557 D DrmLibTime: got the req here! ret=0
04-10 02:17:09.460 548 557 D DrmLibTime: command id, time_cmd_id = 770
04-10 02:17:09.460 548 557 D DrmLibTime: time_getutcsec starts!
01-01 08:59:52.279 0 0 I [schedu][0x41a683b6][02:17:09.469041] wlan: [2631:I:HIF] Initializing Runtime PM wakelock &vdev->vdev_set_key_runtime_wakelock
04-10 02:17:09.462 548 557 D DrmLibTime: QSEE Time Listener: time_getutcsec
04-10 02:17:09.463 548 557 D DrmLibTime: QSEE Time Listener: get_utc_seconds
04-10 02:17:09.463 548 557 D DrmLibTime: QSEE Time Listener: time_get_modem_time
04-10 02:17:09.463 548 557 D DrmLibTime: QSEE Time Listener: Checking if ATS_MODEM is set or not.
04-10 02:17:09.463 548 557 D QC-time-services: Lib:time_genoff_operation: pargs->base = 13
04-10 02:17:09.463 548 557 D QC-time-services: Lib:time_genoff_operation: pargs->operation = 2
04-10 02:17:09.463 548 557 D QC-time-services: Lib:time_genoff_operation: pargs->ts_val = 0
04-10 02:17:09.464 548 557 D QC-time-services: Lib:time_genoff_operation: Send to server passed!!
04-10 02:17:09.465 648 1031 D QC-time-services: Daemon: Connection accepted:time_genoff
04-10 02:17:09.466 648 2914 D QC-time-services: Daemon:Received base = 13, unit = 1, operation = 2,value = 0
04-10 02:17:09.466 648 2914 D QC-time-services: Daemon:genoff_opr: Base = 13, val = 0, operation = 2
04-10 02:17:09.466 648 2914 D QC-time-services: offset is: 0 for base: 13
04-10 02:17:09.467 648 1031 E QC-time-services: Daemon: Time-services: Waiting to acceptconnection
04-10 02:17:09.467 548 557 E QC-time-services: Receive Passed == base = 13, unit = 1, operation = 2, result = 0
04-10 02:17:09.467 548 557 D DrmLibTime: QSEE Time Listener: ATS_MODEM is not set. Fallback to Android system time.
04-10 02:17:09.467 548 557 D DrmLibTime: QSEE Time Listener: Retrieved Android system time: 1681064229
04-10 02:17:09.467 548 557 D DrmLibTime: time_getutcsec returns 0, sec = 1681064229; nsec = 0
04-10 02:17:09.467 548 557 D DrmLibTime: time_getutcsec finished!
04-10 02:17:09.473 2897 2897 D wpa_supplicant: RTM_NEWLINK: ifi_index=19 ifname=wifi-aware0 operstate=2 linkmode=0 ifi_family=0 ifi_flags=0x1002 ()
04-10 02:17:09.473 1439 1463 D LOWI-9.0.0.87.a: [LOWINetlinkSocketReceiver] unpackRTMLinkMessage: RTM_NEWLINK - ifname wifi-aware0, flags 0x1002 ()
04-10 02:17:09.473 548 557 D DrmLibTime: iotcl_continue_command finished! and return 0
04-10 02:17:09.473 548 557 D DrmLibTime: before calling ioctl to read the next time_cmd
04-10 02:17:09.513 1420 1456 D tlogd : [TzLogger](saveTzlogMain) saveTzlogMain: End rp=/sys/kernel/debug/tzdbg/qsee_log sp=/data/tlog/tzlog/tzqsee_log.txt tid=1156644016
04-10 02:17:09.507 1420 1420 I auditd : type=1400 audit(0.0:150): avc: denied { read } for comm="tzlog" name="log" dev="debugfs" ino=9156 scontext=u:r:np_thundercomm_tlog:s0 tcontext=u:object_r:debugfs:s0 tclass=file permissive=1
04-10 02:17:09.507 1420 1420 I tzlog : type=1400 audit(0.0:150): avc: denied { read } for name="log" dev="debugfs" ino=9156 scontext=u:r:np_thundercomm_tlog:s0 tcontext=u:object_r:debugfs:s0 tclass=file permissive=1
04-10 02:17:09.507 1420 1420 I auditd : type=1400 audit(0.0:151): avc: denied { open } for comm="tzlog" path="/sys/kernel/debug/tzdbg/log" dev="debugfs" ino=9156 scontext=u:r:np_thundercomm_tlog:s0 tcontext=u:object_r:debugfs:s0 tclass=file permissive=1
04-10 02:17:09.507 1420 1420 I tzlog : type=1400 audit(0.0:151): avc: denied { open } for path="/sys/kernel/debug/tzdbg/log" dev="debugfs" ino=9156 scontext=u:r:np_thundercomm_tlog:s0 tcontext=u:object_r:debugfs:s0 tclass=file permissive=1
04-10 02:17:09.527 1015 2907 W AdbDebuggingManager: Read failed with count -1
04-10 02:17:09.529 1420 1456 D tlogd : [TzLogger](saveTzlogMain) saveTzlogMain: End rp=/sys/kernel/debug/tzdbg/log sp=/data/tlog/tzlog/tzlog.txt tid=1156644016
04-10 02:17:09.559 550 550 D vold : Installed fscrypt key with ref 12a6cd8ec23a568a829ac93903575426 to /data
04-10 02:17:09.559 550 550 D vold : Added fscrypt-provisioning key for 12a6cd8ec23a568a829ac93903575426 to session keyring
04-10 02:17:09.559 550 550 D vold : Installed ce key for user 0
04-10 02:17:09.562 1015 1919 W system_server: Long monitor contention with owner wifiAwareService (2028) at void com.android.server.wifi.HalDeviceManager.dispatchDestroyedListeners(java.lang.String, int, boolean)(HalDeviceManager.java:2449) waiters=0 in boolean com.android.server.wifi.HalDeviceManager.isWifiStarted() for 148ms
04-10 02:17:09.563 1015 1919 I dvm_lock_sample: [system_server,0,WifiHandlerThread,148,HalDeviceManager.java,1368,boolean com.android.server.wifi.HalDeviceManager.isWifiStarted(),-,2449,void com.android.server.wifi.HalDeviceManager.dispatchDestroyedListeners(java.lang.String, int, boolean),29]
04-10 02:17:09.563 1015 1173 I uc_finish_user_unlocking: 0
04-10 02:17:09.563 1015 1173 W ActivityManager: UserLifecycleEvent 5 received without an active userJourneySession.
04-10 02:17:09.563 1015 1173 D ActivityManager: Started unlocking user 0
04-10 02:17:09.563 1015 1173 D ActivityManager: Unlocking user 0 progress 0
04-10 02:17:09.563 1015 1173 D ActivityManager: Unlocking user 0 progress 5
04-10 02:17:09.565 1015 1170 W system_server: Long monitor contention with owner android.display (1173) at void com.android.server.am.ActivityManagerService.finishBooting()(ActivityManagerService.java:4879) waiters=1 in int com.android.server.am.ActivityManagerService.broadcastIntentWithFeature(android.app.IApplicationThread, java.lang.String, android.content.Intent, java.lang.String, android.content.IIntentReceiver, int, java.lang.String, android.os.Bundle, java.lang.String[], java.lang.String[], int, android.os.Bundle, boolean, boolean, int) for 226ms
04-10 02:17:09.566 1015 1170 I dvm_lock_sample: [system_server,0,android.fg,226,ActivityManagerService.java,13720,int com.android.server.am.ActivityManagerService.broadcastIntentWithFeature(android.app.IApplicationThread, java.lang.String, android.content.Intent, java.lang.String, android.content.IIntentReceiver, int, java.lang.String, android.os.Bundle, java.lang.String[], java.lang.String[], int, android.os.Bundle, boolean, boolean, int),-,4879,void com.android.server.am.ActivityManagerService.finishBooting(),45]
04-10 02:17:09.566 1015 1173 D ActivityManagerTiming: FinishBooting took to complete: 445ms
04-10 02:17:09.566 1015 1170 W Looper : Slow dispatch took 226ms android.fg h=com.android.server.DropBoxManagerService$DropBoxManagerBroadcastHandler c=null m=2
04-10 02:17:09.566 1015 1170 I EthernetTracker: interfaceLinkStateChanged, iface: wifi-aware0, up: false
04-10 02:17:09.568 550 550 D vold : fscrypt_prepare_user_storage for volume null, user 0, serial 0, flags 2
04-10 02:17:09.568 550 550 D vold : Preparing: /data/system_ce/0
04-10 02:17:09.568 550 550 D vold : Preparing: /data/misc_ce/0
04-10 02:17:09.568 550 550 D vold : Preparing: /data/vendor_ce/0
04-10 02:17:09.570 1015 1191 W system_server: Long monitor contention with owner android.display (1173) at void com.android.server.am.ActivityManagerService.finishBooting()(ActivityManagerService.java:4879) waiters=0 in void com.android.server.am.BroadcastQueue.processNextBroadcast(boolean) for 274ms
04-10 02:17:09.570 1015 1191 I dvm_lock_sample: [system_server,1,ActivityManager,274,BroadcastQueue.java,986,void com.android.server.am.BroadcastQueue.processNextBroadcast(boolean),ActivityManagerService.java,4879,void com.android.server.am.ActivityManagerService.finishBooting(),54]
04-10 02:17:09.570 951 951 V WifiHAL : WifiVendorCommand 0x7fda00ada0 created vendor_id:0x1374 subcmd:38
04-10 02:17:09.572 951 951 V WifiHAL : Got a Wi-Fi HAL module message from Driver
04-10 02:17:09.572 951 951 V WifiHAL : Supported feature set : 44e9bddf
04-10 02:17:09.572 951 951 V WifiHAL : Supported feature set acquired : 44e9bddf
04-10 02:17:09.572 951 951 V WifiHAL : WifiVendorCommand 0xb4000077c25ba150 created vendor_id:0x1374 subcmd:76
04-10 02:17:09.572 951 951 V WifiHAL : create: mVendor_id = 4980, Subcmd = 76.
04-10 02:17:09.573 951 951 V WifiHAL : WifiVendorCommand 0x7fda00aff0 created vendor_id:0x1374 subcmd:38
04-10 02:17:09.574 951 951 V WifiHAL : Got a Wi-Fi HAL module message from Driver
04-10 02:17:09.574 951 951 V WifiHAL : Supported feature set : 44e9bddf
04-10 02:17:09.574 951 951 V WifiHAL : Supported feature set acquired : 44e9bddf
04-10 02:17:09.574 951 951 V WifiHAL : WifiVendorCommand 0xb4000077c25ba150 created vendor_id:0x1374 subcmd:76
04-10 02:17:09.574 951 951 V WifiHAL : create: mVendor_id = 4980, Subcmd = 76.
04-10 02:17:09.577 505 505 I hwservicemanager: getTransport: Cannot find entry android.hardware.wifi.supplicant@1.4::ISupplicant/default in either framework or device VINTF manifest.
04-10 02:17:09.579 550 550 D vold : Preparing: /data/media/0
04-10 02:17:09.583 2897 2897 D wpa_supplicant: Driver capability mask: 0x3
04-10 02:17:09.584 1015 1919 I WifiNative: Successfully switched to connectivity mode on iface=Iface:{Name=wlan0,Id=0,Type=STA_CONNECTIVITY}
04-10 02:17:09.585 1015 1919 D WifiClientModeManager[wlan0]: entering ConnectModeState, starting ClientModeImpl
04-10 02:17:09.585 1015 1172 I DropBoxManagerService: add tag=system_server_strictmode isTagEnabled=true flags=0x2
04-10 02:17:09.587 550 550 D vold : Preparing: /data/data
04-10 02:17:09.587 550 550 I vold : Verified that /data/system_ce/0 has the encryption policy 12a6cd8ec23a568a829ac93903575426 v2 modes 1/4 flags 0xa
04-10 02:17:09.587 550 550 I vold : Verified that /data/misc_ce/0 has the encryption policy 12a6cd8ec23a568a829ac93903575426 v2 modes 1/4 flags 0xa
04-10 02:17:09.587 550 550 I vold : Verified that /data/vendor_ce/0 has the encryption policy 12a6cd8ec23a568a829ac93903575426 v2 modes 1/4 flags 0xa
04-10 02:17:09.588 550 550 I vold : Verified that /data/media/0 has the encryption policy 12a6cd8ec23a568a829ac93903575426 v2 modes 1/4 flags 0xa
04-10 02:17:09.588 550 550 I vold : Verified that /data/data has the encryption policy 12a6cd8ec23a568a829ac93903575426 v2 modes 1/4 flags 0xa
04-10 02:17:09.588 550 550 D vold : Starting restorecon of /data/system_ce/0
04-10 02:17:09.589 1015 1172 I DropBoxManagerService: add tag=system_server_strictmode isTagEnabled=true flags=0x2
04-10 02:17:09.590 1015 1173 D ColorDisplayService: setUp: currentUser=0
04-10 02:17:09.594 1015 1172 I DropBoxManagerService: add tag=system_server_strictmode isTagEnabled=true flags=0x2
04-10 02:17:09.595 1015 1191 D CompatibilityChangeReporter: Compat change id reported: 168419799; UID 10079; state: DISABLED
04-10 02:17:09.595 1015 1191 D CompatibilityInfo: mCompatibilityFlags - 4
04-10 02:17:09.595 1015 1191 D CompatibilityInfo: applicationDensity - 240
04-10 02:17:09.595 1015 1191 D CompatibilityInfo: applicationScale - 1.0
04-10 02:17:09.598 2529 2529 I MStatsReceiver: prop ==
04-10 02:17:09.598 2529 2529 I MStatsReceiver: Received intent but prop is not set.
04-10 02:17:09.600 1015 1919 D WifiScoreReport: setShouldReduceNetworkScore=false mNetworkAgent is null? true
04-10 02:17:09.600 1015 2148 I am_uid_running: 10072
04-10 02:17:09.600 1015 1919 V WifiClientModeManager[wlan0]: ClientModeManager started in role: Role: ROLE_CLIENT_PRIMARY, RequestorWs: WorkSource{1000 com.android.settings}, ModeListener: com.android.server.wifi.ActiveModeWarden$ClientListener@c65089d
04-10 02:17:09.601 1015 1172 I DropBoxManagerService: add tag=system_server_strictmode isTagEnabled=true flags=0x2
04-10 02:17:09.602 1015 2148 D CompatibilityChangeReporter: Compat change id reported: 135634846; UID 10072; state: DISABLED
04-10 02:17:09.602 1015 2148 D CompatibilityChangeReporter: Compat change id reported: 177438394; UID 10072; state: DISABLED
04-10 02:17:09.602 1015 2148 D CompatibilityChangeReporter: Compat change id reported: 135772972; UID 10072; state: DISABLED
04-10 02:17:09.603 1015 2148 D CompatibilityChangeReporter: Compat change id reported: 135754954; UID 10072; state: ENABLED
04-10 02:17:09.603 849 2821 I vendor.qti.bluetooth@1.0-ibs_handler: DeviceSleep: TX Awake, Sending SLEEP_IND
04-10 02:17:09.603 849 2821 D vendor.qti.bluetooth@1.0-ibs_handler: SerialClockVote: vote for UART CLK OFF
04-10 02:17:09.605 1015 1192 D CompatibilityChangeReporter: Compat change id reported: 143937733; UID 10072; state: ENABLED
04-10 02:17:09.605 1015 1919 D WifiScanRequestProxy: Sending scan available broadcast: true
04-10 02:17:09.605 1015 1919 I WifiScanRequestProxy: Scanning is enabled
04-10 02:17:09.605 1015 1919 I WifiScanRequestProxy: Scanning for hidden networks is enabled
04-10 02:17:09.609 1015 1933 I WifiScanningService: Received a request to enable scanning, UID = 1000
04-10 02:17:09.611 951 951 E WifiHAL : wifi_get_gscan_capabilities: GSCAN is not supported by driver
04-10 02:17:09.612 1015 1933 E WifiVendorHal: getBgScanCapabilities(l.853) failed {.code = ERROR_NOT_SUPPORTED, .description = }
04-10 02:17:09.614 550 550 D vold : Finished restorecon of /data/system_ce/0
04-10 02:17:09.614 550 550 D vold : Starting restorecon of /data/vendor_ce/0
04-10 02:17:09.617 1480 2911 E QFP : qfpCommand: error from send_command_to_tz: 0, QFP result -11 on (0 0)
04-10 02:17:09.617 1480 2911 I QFP : close: close, usecase 3 options 0
04-10 02:17:09.617 1480 2911 I QFP : closeHandle: closeHandle (0 0)
04-10 02:17:09.618 1015 1919 D WifiCountryCode: evaluateAllCmmStateAndApplyIfAllReady: {ConcreteClientModeManager{id=44919 iface=wlan0 role=ROLE_CLIENT_PRIMARY}=true}
04-10 02:17:09.619 1015 1919 D WifiCountryCode: Reading country code from telephony
04-10 02:17:09.621 1015 1919 D WifiCountryCode: Set telephony country code to:
04-10 02:17:09.621 1015 1919 D WifiCountryCode: updateCountryCode to null
04-10 02:17:09.622 1015 1919 D WifiConnectivityHelper: Firmware supported feature set: d8fca935dd
04-10 02:17:09.623 1015 1919 D WifiConnectivityHelper: Firmware roaming supported with capabilities: max num blocklist bssid=16 max num allowlist ssid=8
04-10 02:17:09.623 1015 1933 I WifiScanningService: Created a new impl for wlan0
04-10 02:17:09.624 1015 1933 I WifiScanningService: wifi driver loaded with scan capabilities: max buckets=16
04-10 02:17:09.630 1480 2911 D QSEECOMAPI: QSEECom_dealloc_memory
04-10 02:17:09.630 1480 2911 D QSEECOMAPI: QSEECom_shutdown_app, app_id = 7
04-10 02:17:09.637 1015 1173 D ColorDisplayService: onNightDisplayAutoModeChanged: autoMode=0
04-10 02:17:09.637 1015 1173 I ColorDisplayService: Turning off night display
04-10 02:17:09.637 1015 1173 D ColorDisplayService: Setting bright color reduction level: 50
04-10 02:17:09.637 1015 1695 V DisplayPowerController[0]: Brightness [1.0] manual adjustment.
04-10 02:17:09.640 1015 1919 D WakeupController: onWifiEnabled()
04-10 02:17:09.640 1015 1919 W WifiClientModeImpl: No cached packet filter to apply
04-10 02:17:09.640 550 550 D vold : Finished restorecon of /data/vendor_ce/0
04-10 02:17:09.640 550 550 D vold : Starting restorecon of /data/misc_ce/0
04-10 02:17:09.644 2897 2897 D wpa_supplicant: parse_get_feature_info: driver supported feature info = 2523
04-10 02:17:09.647 1015 1919 D WifiClientModeManager: output of doDriverCmd for concurrent band = 2523
04-10 02:17:09.648 1015 1919 D WifiClientModeImpl[wlan0]: entering ConnectableState: ifaceName = wlan0
01-01 08:59:52.460 0 0 W QSEECOM : __qseecom_unload_app: App (7) is unloaded
04-10 02:17:09.650 1480 2911 E QFP : Dropping unsupported QBT command
01-01 08:59:52.461 0 0 D qbt : qbt_release: entry minor_no=0 fd_available=0
01-01 08:59:52.461 0 0 D qbt : qbt_release: Releasing wakelock
01-01 08:59:52.461 0 0 D qbt : qbt_release: exit : fd_available=1
01-01 08:59:52.461 0 0 D qbt : qbt_release: entry minor_no=1 fd_available=1
01-01 08:59:52.461 0 0 D qbt : qbt_release: exit : fd_available=1
04-10 02:17:09.650 1480 2911 I QFP : openFramework:QFP TZ VERSION: 3.0.3.39
04-10 02:17:09.650 1480 2911 E QFP : releaseWakelock: qbt sensor handle is invalid
04-10 02:17:09.650 2897 2897 D wpa_supplicant: wpa_driver_nl80211_driver_cmd SETSUSPENDMODE 1 len = 0, 4096
04-10 02:17:09.650 1480 2911 E QFP : qfp_init failed -1
04-10 02:17:09.651 1480 2911 I QFP : QfpThreadOptimize::invoke: entry.
04-10 02:17:09.651 1480 2911 I QFP : QfpThreadOptimize::invoke: QFP not initialized, exiting Optimize thread
04-10 02:17:09.651 1480 2911 I QFP : QfpThreadErieEvent::invoke: entry.
04-10 02:17:09.651 1480 2911 I QFP : QfpThreadErieEvent::invoke: QFP not initialized, exiting ErieEvent thread
04-10 02:17:09.651 1480 1480 I QFP : notifyPowerState: 2
04-10 02:17:09.651 1480 1480 I QFP : notifyPowerState: 2
04-10 02:17:09.651 1480 1480 I QFP : notifyPowerState: screen state 2
04-10 02:17:09.651 1015 1919 D WifiClientModeImpl[wlan0]: Start makeIpClient ifaceName = wlan0
04-10 02:17:09.651 1480 1480 E QFP : set active group call error -1
04-10 02:17:09.652 1015 1015 W Looper : Slow dispatch took 360ms main h=android.os.Handler c=com.android.server.biometrics.sensors.fingerprint.hidl.Fingerprint21$$ExternalSyntheticLambda2@b0a0936 m=0
04-10 02:17:09.652 1015 1015 D BiometricScheduler/Fingerprint21: [Added] {[1] FingerprintUpdateActiveUserClient, proto=1, owner=android, cookie=0, requestId=-1, userId=0}, new queue size: 1
04-10 02:17:09.652 1015 1015 V BiometricScheduler/Fingerprint21: Not idle, current operation: {[0] FingerprintUpdateActiveUserClient, proto=1, owner=android, cookie=0, requestId=-1, userId=0}, State: 2
04-10 02:17:09.653 1015 1015 D BiometricScheduler/Fingerprint21: [Added] {[2] FingerprintInternalCleanupClient, proto=7, owner=android, cookie=0, requestId=-1, userId=0}, new queue size: 2
04-10 02:17:09.653 1015 1015 V BiometricScheduler/Fingerprint21: Not idle, current operation: {[0] FingerprintUpdateActiveUserClient, proto=1, owner=android, cookie=0, requestId=-1, userId=0}, State: 2
04-10 02:17:09.653 1015 1015 W Looper : Slow delivery took 362ms main h=android.os.Handler c=com.android.server.biometrics.sensors.fingerprint.hidl.Fingerprint21$$ExternalSyntheticLambda12@4b059a4 m=0
04-10 02:17:09.653 1015 1015 I sysui_multi_action: [757,1501,758,1,793,423,794,0,795,423,796,26,806,android,857,DEVELOPER_IMPORTANT,858,4,947,0,1500,0]
04-10 02:17:09.653 1015 1015 I sysui_multi_action: [757,804,799,note_interruptive,801,0,802,1]
04-10 02:17:09.653 1015 1015 I GameModeConfig: isGameModeOn = false
04-10 02:17:09.655 1015 1015 W NotificationHistory: Attempted to add notif for locked/gone/disabled user 0
04-10 02:17:09.655 1015 1015 I notification_enqueue: [1000,1015,android,55,NULL,-1,Notification(channel=DEVELOPER shortcut=null contentView=null vibrate=null sound=null tick defaults=0x0 flags=0x2 color=0x00000000 vis=PUBLIC),0]
04-10 02:17:09.655 1480 2923 I QFP : QfpThreadOptimize::invoke: entry.
04-10 02:17:09.655 1015 1015 D WifiP2pService: Wifi enabled=true
04-10 02:17:09.656 1480 2923 I QFP : QfpThreadOptimize::invoke: QFP not initialized, exiting Optimize thread
04-10 02:17:09.656 1480 2923 I QFP : QfpThreadErieEvent::invoke: entry.
04-10 02:17:09.656 1480 2923 I QFP : QfpThreadErieEvent::invoke: QFP not initialized, exiting ErieEvent thread
04-10 02:17:09.663 550 550 D vold : Finished restorecon of /data/misc_ce/0
04-10 02:17:09.663 550 550 D vold : /system/bin/vold_prepare_subdirs
04-10 02:17:09.663 550 550 D vold : prepare
04-10 02:17:09.663 550 550 D vold :
04-10 02:17:09.663 550 550 D vold : 0
04-10 02:17:09.663 550 550 D vold : 2
04-10 02:17:09.670 676 676 D Zygote : Forked child process 2927
04-10 02:17:09.671 1015 1192 W ActivityManager: Slow operation: 70ms so far, now at startProcess: returned from zygote!
04-10 02:17:09.671 1015 1192 W ActivityManager: Slow operation: 71ms so far, now at startProcess: done updating battery stats
04-10 02:17:09.671 1015 1192 I am_proc_start: [0,2927,10072,com.qualcomm.location,broadcast,{com.qualcomm.location/com.qualcomm.location.LocationServiceReceiver}]
04-10 02:17:09.671 1015 1192 W ActivityManager: Slow operation: 71ms so far, now at startProcess: building log message
04-10 02:17:09.671 1015 1192 I ActivityManager: Start proc 2927:com.qualcomm.location/u0a72 for broadcast {com.qualcomm.location/com.qualcomm.location.LocationServiceReceiver}
04-10 02:17:09.671 1015 1192 W ActivityManager: Slow operation: 71ms so far, now at startProcess: starting to update pids map
04-10 02:17:09.672 1015 1192 W ActivityManager: Slow operation: 71ms so far, now at startProcess: done updating pids map
04-10 02:17:09.676 1015 1919 I WifiClientModeImpl[wlan0]: disconnectedstate enter
04-10 02:17:09.676 1015 1919 D WifiClientModeImpl[wlan0]: setupClientMode() ifacename = wlan0
04-10 02:17:09.681 675 748 I netd : interfaceSetEnableIPv6(wlan0, false) <1.53ms>
04-10 02:17:09.683 675 748 I netd : interfaceClearAddrs(wlan0) <0.81ms>
04-10 02:17:09.684 2444 2926 E IpClient.wlan0: Failed to set accept_ra to 2
04-10 02:17:09.706 2924 2924 I adbd : persist.adb.watchdog set to ''
01-01 08:59:52.534 0 0 I [schedu][0x41f11b78][02:17:09.723651] wlan: [2631:I:HIF] Deinitializing Runtime PM wakelock &vdev->vdev_set_key_runtime_wakelock
04-10 02:17:09.707 2924 2924 I adbd : persist.sys.test_harness set to ''
04-10 02:17:09.707 2924 2924 I adbd : adb watchdog timeout set to 600 seconds
01-01 08:59:52.534 0 0 I : read descriptors
01-01 08:59:52.535 0 0 I : read strings
04-10 02:17:09.708 2924 2930 I adbd : Waiting for persist.adb.tls_server.enable=1
01-01 08:59:52.539 0 0 I [schedu][0x41f2adde][02:17:09.729018] wlan: [2631:I:HIF] Initializing Runtime PM wakelock &vdev->vdev_set_key_runtime_wakelock
04-10 02:17:09.708 2924 2924 I adbd : Setup mdns on port= 5555
04-10 02:17:09.719 1448 1448 I update_engine: [INFO:cleanup_previous_update_action.cc(112)] Executing task 7
04-10 02:17:09.723 2924 2932 I adbd : opening control endpoint /dev/usb-ffs/adb/ep0
01-01 08:59:52.560 0 0 I init : qssi copy & sync /metadata/vold/metadata_encryption/key/encrypted_key to /persist/key/encrypted_key_bak: No such file or directory
04-10 02:17:09.729 1448 1448 I update_engine: [INFO:cleanup_previous_update_action.cc(189)] Boot completed, waiting on markBootSuccessful()
04-10 02:17:09.734 1439 1463 D LOWI-9.0.0.87.a: [LOWINetlinkSocketReceiver] unpackRTMLinkMessage: RTM_NEWLINK - ifname wlan0, flags 0x1002 ()
04-10 02:17:09.734 1439 1463 D LOWI-9.0.0.87.a: [LOWINetlinkSocketReceiver] processNetlinkPacket: ifname(wlan0) status(0)
04-10 02:17:09.734 1439 1463 D LOWI-9.0.0.87.a: [LOWIController] intfStateReceived: ifname(wlan0) state(0)
04-10 02:17:09.734 1439 1472 D LOWI-9.0.0.87.a: [LOWIEventReceiver] handleEvent:FROM:NA, TO:NA, REQ:NA, IREQ:NA, REQ_ID:0, RESP:NA, INFO:INTF-STATUS-UPDATE
04-10 02:17:09.735 1439 1472 D LOWI-9.0.0.87.a: [LOWIEventReceiver] Info to [INTF-STATUS-UPDATE]
04-10 02:17:09.735 1439 1472 D LOWI-9.0.0.87.a: [LOWIController] updateIntfState: WIFI enabled 0 mNlWifiStatus 1 mWifiStateEnabled 1
04-10 02:17:09.735 1439 1472 D LOWI-9.0.0.87.a: [LOWIController] isWifiEnabled: mNlWifiStatus 0 mWifiStateEnabled 1
04-10 02:17:09.735 1439 1472 I LOWI-9.0.0.87.a: [LOWIController] isWifiEnabled: Wifi is now disabled
04-10 02:17:09.735 1439 1472 D LOWI-9.0.0.87.a: [LOWIController] terminateScanResultReceiver
04-10 02:17:09.736 2924 2924 I adbd : adbd listening on tcp:5555
04-10 02:17:09.737 2924 2932 I adbd : UsbFfsConnection constructed
04-10 02:17:09.737 2924 2924 I adbd : adbd listening on vsock:5555
04-10 02:17:09.739 1439 2893 D LOWI-9.0.0.87.a: [LOWI-Scan] wips_wait_on_nl_socket: read returned 6, Received string: Close
04-10 02:17:09.739 1439 2893 D LOWI-9.0.0.87.a: [LOWI-Scan] do_listen_events: Select Error return - -301
04-10 02:17:09.739 1439 2893 D LOWI-9.0.0.87.a: [LOWI-Scan] No dump done. Error -301
04-10 02:17:09.739 1439 2893 D LOWI-9.0.0.87.a: [LOWI-Scan] WipsScanUsingNL: passive scan cached 0, took 810 ms, err -301
04-10 02:17:09.739 1439 2893 D LOWI-9.0.0.87.a: [LOWI-Scan] lowi_proc_req_passive_scan_with_live_meas - No WLAN Frames to be parsed
04-10 02:17:09.739 1439 2893 D LOWI-9.0.0.87.a: [LOWIWifiDriverInterface] Scan terminated for passive listening request
04-10 02:17:09.739 1439 2893 I LOWI-9.0.0.87.a: [LOWIScanResultReceiver] Thread terminate was requested
04-10 02:17:09.741 1439 2893 D LOWI-9.0.0.87.a: [LOWI-Scan] Closing the pipe
04-10 02:17:09.744 2924 2924 I adbd : adbd started
04-10 02:17:09.744 1439 1472 D LOWI-9.0.0.87.a: [LOWIScanResultReceiver] After join complete
04-10 02:17:09.744 1439 1472 D LOWI-9.0.0.87.a: [LOWI-ROME-RTT] RomeUnblockRangingThread
04-10 02:17:09.744 1439 2894 D LOWI-9.0.0.87.a: [LOWI-ROME-RTT] RomeWaitOnActivityOnSocketOrPipe: Ranging thread Received string: Close, request socket shutdown
04-10 02:17:09.744 1439 2894 D LOWI-9.0.0.87.a: [LOWIRangingFSM] FSM: Received Terminate Thread request from Controller
04-10 02:17:09.744 1439 2894 I LOWI-9.0.0.87.a: [LOWIScanResultReceiver] Thread terminate was requested
04-10 02:17:09.744 1439 2894 D LOWI-9.0.0.87.a: [LOWI-ROME-RTT] Closing the Ranging pipe
04-10 02:17:09.744 2928 2928 D vold_prepare_subdirs: Setting up mode 771 uid 1000 gid 1000 context u:object_r:system_data_file:s0:c512,c768 on path: /data/data
04-10 02:17:09.745 1439 1472 D LOWI-9.0.0.87.a: [LOWIScanResultReceiver] After join complete
04-10 02:17:09.745 1439 1472 D LOWI-9.0.0.87.a: [LOWIController] terminateWifiDriver
04-10 02:17:09.745 1439 1472 I CLD80211: lowi-server: Sent msg on exit sock to unblock poll()
04-10 02:17:09.745 2928 2928 D vold_prepare_subdirs: Setting up mode 700 uid 0 gid 0 context u:object_r:vold_data_file:s0 on path: /data/misc_ce/0/vold
04-10 02:17:09.748 2928 2928 D vold_prepare_subdirs: Setting up mode 700 uid 0 gid 0 context u:object_r:storaged_data_file:s0 on path: /data/misc_ce/0/storaged
04-10 02:17:09.748 2924 2937 I adbd : UsbFfs-monitor thread spawned
04-10 02:17:09.751 2928 2928 D vold_prepare_subdirs: Setting up mode 700 uid 0 gid 0 context u:object_r:rollback_data_file:s0 on path: /data/misc_ce/0/rollback
04-10 02:17:09.752 1448 1448 I update_engine: EnsureMetadataMounted does nothing in Android mode.
04-10 02:17:09.753 2928 2928 D vold_prepare_subdirs: Setting up mode 700 uid 0 gid 0 context u:object_r:apex_rollback_data_file:s0 on path: /data/misc_ce/0/apexrollback
04-10 02:17:09.756 849 2503 E vendor.qti.bluetooth@1.0-wake_lock: Release wake lock not initialized/acquired
04-10 02:17:09.757 2928 2928 D vold_prepare_subdirs: Setting up mode 711 uid 0 gid 0 context u:object_r:apex_module_data_file:s0 on path: /data/misc_ce/0/apexdata
04-10 02:17:09.758 2928 2928 D vold_prepare_subdirs: Setting up mode 771 uid 0 gid 1000 context u:object_r:apex_module_data_file:s0 on path: /data/misc_ce/0/apexdata/com.android.vndk.v30
04-10 02:17:09.759 2928 2928 D vold_prepare_subdirs: Setting up mode 771 uid 0 gid 1000 context u:object_r:apex_wifi_data_file:s0 on path: /data/misc_ce/0/apexdata/com.android.wifi
04-10 02:17:09.761 2928 2928 D vold_prepare_subdirs: Setting up mode 771 uid 0 gid 1000 context u:object_r:apex_module_data_file:s0 on path: /data/misc_ce/0/apexdata/com.android.vndk.v31
04-10 02:17:09.763 2928 2928 D vold_prepare_subdirs: Setting up mode 771 uid 0 gid 1000 context u:object_r:apex_module_data_file:s0 on path: /data/misc_ce/0/apexdata/com.android.tzdata
04-10 02:17:09.764 2928 2928 D vold_prepare_subdirs: Setting up mode 771 uid 0 gid 1000 context u:object_r:apex_module_data_file:s0 on path: /data/misc_ce/0/apexdata/com.android.tethering
04-10 02:17:09.765 1448 1448 I update_engine: Read merge statistics file failed: No such file or directory
04-10 02:17:09.765 2928 2928 D vold_prepare_subdirs: Setting up mode 771 uid 0 gid 1000 context u:object_r:apex_module_data_file:s0 on path: /data/misc_ce/0/apexdata/com.android.sdkext
04-10 02:17:09.765 2924 2936 I adbd : jdwp connection from 2927
01-01 08:59:52.577 0 0 I binder : 2927:2927 ioctl 40046210 7ff41be1f4 returned -22
04-10 02:17:09.767 2927 2927 D ProcessState: Binder ioctl to enable oneway spam detection failed: Invalid argument
04-10 02:17:09.767 2928 2928 D vold_prepare_subdirs: Setting up mode 771 uid 0 gid 1000 context u:object_r:apex_module_data_file:s0 on path: /data/misc_ce/0/apexdata/com.android.scheduling
04-10 02:17:09.770 2928 2928 D vold_prepare_subdirs: Setting up mode 771 uid 0 gid 1000 context u:object_r:apex_module_data_file:s0 on path: /data/misc_ce/0/apexdata/com.android.runtime
04-10 02:17:09.772 2928 2928 D vold_prepare_subdirs: Setting up mode 771 uid 0 gid 1000 context u:object_r:apex_module_data_file:s0 on path: /data/misc_ce/0/apexdata/com.android.resolv
04-10 02:17:09.773 2928 2928 D vold_prepare_subdirs: Setting up mode 771 uid 0 gid 1000 context u:object_r:apex_permission_data_file:s0 on path: /data/misc_ce/0/apexdata/com.android.permission
04-10 02:17:09.774 2928 2928 D vold_prepare_subdirs: Setting up mode 771 uid 0 gid 1000 context u:object_r:apex_module_data_file:s0 on path: /data/misc_ce/0/apexdata/com.android.os.statsd
04-10 02:17:09.778 2928 2928 D vold_prepare_subdirs: Setting up mode 771 uid 0 gid 1000 context u:object_r:apex_module_data_file:s0 on path: /data/misc_ce/0/apexdata/com.android.neuralnetworks
04-10 02:17:09.783 2928 2928 D vold_prepare_subdirs: Setting up mode 771 uid 0 gid 1000 context u:object_r:apex_module_data_file:s0 on path: /data/misc_ce/0/apexdata/com.android.mediaprovider
04-10 02:17:09.785 1448 1448 I update_engine: [INFO:cleanup_previous_update_action.cc(261)] Waiting for any previous merge request to complete. This can take up to several minutes.
04-10 02:17:09.784 1015 2898 I am_proc_bound: [0,2927,com.qualcomm.location]
04-10 02:17:09.786 1015 2898 I service_manager_stats: [219,805,5051]
04-10 02:17:09.786 1015 2898 D CompatibilityChangeReporter: Compat change id reported: 168419799; UID 10072; state: DISABLED
04-10 02:17:09.786 1015 2898 D CompatibilityInfo: mCompatibilityFlags - 4
04-10 02:17:09.786 1015 2898 D CompatibilityInfo: applicationDensity - 240
04-10 02:17:09.786 1015 2898 D CompatibilityInfo: applicationScale - 1.0
04-10 02:17:09.789 1015 2898 I am_uid_active: 10072
04-10 02:17:09.790 1015 2898 D CompatibilityInfo: mCompatibilityFlags - 4
04-10 02:17:09.790 1015 2898 D CompatibilityInfo: applicationDensity - 240
04-10 02:17:09.790 1015 2898 D CompatibilityInfo: applicationScale - 1.0
04-10 02:17:09.792 2927 2927 D CompatibilityChangeReporter: Compat change id reported: 171979766; UID 10072; state: DISABLED
04-10 02:17:09.793 1448 1448 E update_engine: Read state file failed: No such file or directory
04-10 02:17:09.793 2928 2928 D vold_prepare_subdirs: Setting up mode 771 uid 0 gid 1000 context u:object_r:apex_module_data_file:s0 on path: /data/misc_ce/0/apexdata/com.android.media.swcodec
04-10 02:17:09.799 2928 2928 D vold_prepare_subdirs: Setting up mode 771 uid 0 gid 1000 context u:object_r:apex_module_data_file:s0 on path: /data/misc_ce/0/apexdata/com.android.media
04-10 02:17:09.805 2928 2928 D vold_prepare_subdirs: Setting up mode 771 uid 0 gid 1000 context u:object_r:apex_module_data_file:s0 on path: /data/misc_ce/0/apexdata/com.android.ipsec
04-10 02:17:09.808 2928 2928 D vold_prepare_subdirs: Setting up mode 771 uid 0 gid 1000 context u:object_r:apex_module_data_file:s0 on path: /data/misc_ce/0/apexdata/com.android.i18n
04-10 02:17:09.809 1448 1448 E update_engine: Read state file failed: No such file or directory
04-10 02:17:09.810 2928 2928 D vold_prepare_subdirs: Setting up mode 771 uid 0 gid 1000 context u:object_r:apex_module_data_file:s0 on path: /data/misc_ce/0/apexdata/com.android.extservices
04-10 02:17:09.814 2928 2928 D vold_prepare_subdirs: Setting up mode 771 uid 0 gid 1000 context u:object_r:apex_module_data_file:s0 on path: /data/misc_ce/0/apexdata/com.android.conscrypt
04-10 02:17:09.826 2928 2928 D vold_prepare_subdirs: Setting up mode 771 uid 0 gid 1000 context u:object_r:apex_module_data_file:s0 on path: /data/misc_ce/0/apexdata/com.android.art
04-10 02:17:09.827 1015 2100 D BufferPoolAccessor2.0: bufferpool2 0xb4000072189398c8 : 0(0 size) total buffers - 0(0 size) used buffers - 3/7 (recycle/alloc) - 6/24 (fetch/transfer)
04-10 02:17:09.827 1015 2100 D BufferPoolAccessor2.0: evictor expired: 1, evicted: 1
04-10 02:17:09.829 1439 1463 D LOWI-9.0.0.87.a: [LOWINetlinkSocketReceiver] unpackRTMLinkMessage: RTM_NEWLINK - ifname wlan0, flags 0x1002 ()
04-10 02:17:09.829 1439 1463 D LOWI-9.0.0.87.a: [LOWINetlinkSocketReceiver] processNetlinkPacket: ifname(wlan0) status(0)
04-10 02:17:09.829 1439 1463 D LOWI-9.0.0.87.a: [LOWIController] intfStateReceived: ifname(wlan0) state(0)
04-10 02:17:09.829 1439 1472 D LOWI-9.0.0.87.a: [LOWIEventReceiver] handleEvent:FROM:NA, TO:NA, REQ:NA, IREQ:NA, REQ_ID:0, RESP:NA, INFO:INTF-STATUS-UPDATE
04-10 02:17:09.829 1439 1472 D LOWI-9.0.0.87.a: [LOWIEventReceiver] Info to [INTF-STATUS-UPDATE]
04-10 02:17:09.830 1439 1472 D LOWI-9.0.0.87.a: [LOWIController] updateIntfState: WIFI enabled 0 mNlWifiStatus 0 mWifiStateEnabled 0
04-10 02:17:09.830 1439 1472 D LOWI-9.0.0.87.a: [LOWIController] isWifiEnabled: mNlWifiStatus 0 mWifiStateEnabled 0
04-10 02:17:09.831 2928 2928 D vold_prepare_subdirs: Setting up mode 771 uid 0 gid 1000 context u:object_r:apex_appsearch_data_file:s0 on path: /data/misc_ce/0/apexdata/com.android.appsearch
04-10 02:17:09.831 1448 1448 I update_engine: CheckMergeState for snapshots returned: 0
04-10 02:17:09.833 2928 2928 D vold_prepare_subdirs: Setting up mode 771 uid 0 gid 1000 context u:object_r:apex_module_data_file:s0 on path: /data/misc_ce/0/apexdata/com.android.adbd
01-01 08:59:52.645 0 0 I [wifi@1][0x42118813][02:17:09.834326] wlan: [951:I:DP] dp_vdev_attach_wifi3: wlan_cfg_ap_bridge_enabled 0
01-01 08:59:52.648 0 0 I init : qssi copy & sync /metadata/vold/metadata_encryption/key/keymaster_key_blob to /persist/key/keymaster_key_blob_bak: No such file or directory
04-10 02:17:09.834 1391 1799 D BufferPoolAccessor2.0: bufferpool2 0xb400007508474318 : 0(0 size) total buffers - 0(0 size) used buffers - 7/10 (recycle/alloc) - 3/9 (fetch/transfer)
04-10 02:17:09.835 1391 1799 D BufferPoolAccessor2.0: evictor expired: 1, evicted: 1
04-10 02:17:09.837 2928 2928 D vold_prepare_subdirs: Setting up mode 700 uid 1000 gid 1000 context u:object_r:backup_data_file:s0 on path: /data/system_ce/0/backup
04-10 02:17:09.839 1439 1463 D LOWI-9.0.0.87.a: [LOWINetlinkSocketReceiver] unpackRTMLinkMessage: RTM_NEWLINK - ifname wlan0, flags 0x1003 ([UP])
04-10 02:17:09.839 1439 1463 D LOWI-9.0.0.87.a: [LOWINetlinkSocketReceiver] processNetlinkPacket: ifname(wlan0) status(1)
04-10 02:17:09.839 1439 1463 D LOWI-9.0.0.87.a: [LOWIController] intfStateReceived: ifname(wlan0) state(1)
04-10 02:17:09.840 1439 1472 D LOWI-9.0.0.87.a: [LOWIEventReceiver] handleEvent:FROM:NA, TO:NA, REQ:NA, IREQ:NA, REQ_ID:0, RESP:NA, INFO:INTF-STATUS-UPDATE
04-10 02:17:09.840 1439 1472 D LOWI-9.0.0.87.a: [LOWIEventReceiver] Info to [INTF-STATUS-UPDATE]
04-10 02:17:09.840 1439 1472 D LOWI-9.0.0.87.a: [LOWIController] updateIntfState: WIFI enabled 1 mNlWifiStatus 0 mWifiStateEnabled 0
04-10 02:17:09.841 1439 1472 D LOWI-9.0.0.87.a: [LOWIController] isWifiEnabled: mNlWifiStatus 1 mWifiStateEnabled 0
04-10 02:17:09.841 1439 1472 I LOWI-9.0.0.87.a: [LOWIController] isWifiEnabled: Wifi is now enabled
04-10 02:17:09.841 1439 1472 D LOWI-9.0.0.87.a: [LOWIController] terminateScanResultReceiver
04-10 02:17:09.843 2928 2928 D vold_prepare_subdirs: Setting up mode 700 uid 1000 gid 1000 context u:object_r:backup_data_file:s0 on path: /data/system_ce/0/backup_stage
04-10 02:17:09.844 2928 2928 D vold_prepare_subdirs: Setting up mode 700 uid 1000 gid 1000 context u:object_r:face_vendor_data_file:s0 on path: /data/vendor_ce/0/facedata
04-10 02:17:09.844 1448 1448 I update_engine: ProcessUpdateState handling state: 0
04-10 02:17:09.850 1448 1448 I update_engine: [INFO:cleanup_previous_update_action.cc(287)] Can't find any snapshot to merge.
04-10 02:17:09.851 1439 1472 D LOWI-9.0.0.87.a: [LOWIWpaInterface] OpenCtrl]61 Success for mCtrl
04-10 02:17:09.853 1439 1472 D LOWI-9.0.0.87.a: [LOWI-Scan] nl80211_init:SUCCESS
04-10 02:17:09.856 1439 1472 D LOWI-9.0.0.87.a: [LOWI-Scan] nl_get_wiphy_info, done err = 0
04-10 02:17:09.856 1439 1472 I LOWI-9.0.0.87.a: [LOWI-Scan] WipsGetSupportedChannels: return err = 0 num_2g_ch = 13 num_5g_ch = 13 num_6g_ch = 0
04-10 02:17:09.856 1439 1472 I LOWI-9.0.0.87.a: [LOWIWifiDriverUtils] set the band mask from wiphy 3
04-10 02:17:09.856 1439 1472 D LOWI-9.0.0.87.a: [LOWIWifiDriverUtils] getWiFiIdentityFromIoctl: ioctl(GET_MAC_ADDR) return: 0, Mac = 6a:23:31:2f:69:38
04-10 02:17:09.859 2927 2927 W alcomm.locatio: ClassLoaderContext classpath size mismatch. expected=1, found=0 (PCL[/system/framework/com.android.location.provider.jar*3633238673] | PCL[])
04-10 02:17:09.860 1015 1919 E WifiScoringParams: Invalid frequency(-1), using 5G as default rssi array
04-10 02:17:09.860 1439 1472 I LOWI-9.0.0.87.a: [LOWI-ROME-RTT] RomeWipsOpen: libCld80211 found, load the symbols..
04-10 02:17:09.863 1439 1472 I CLD80211: lowi-server: initialized exit socket pair
04-10 02:17:09.863 1439 1472 D LOWI-9.0.0.87.a: [LOWI-ROME-RTT] cld80211InitAndRegister: Init and Registration done
04-10 02:17:09.863 1015 1170 V UserDataPreparer: Found /data/user/0 with serial number 0
04-10 02:17:09.864 1015 1170 V UserDataPreparer: Found /data/system_ce/0 with serial number 0
04-10 02:17:09.864 1015 1170 D UserDataPreparer: Setting property: sys.user.0.ce_available=true
04-10 02:17:09.865 951 951 V WifiHAL : WifiVendorCommand 0xb4000077c25ba4d0 created vendor_id:0x1374 subcmd:61
04-10 02:17:09.865 951 951 V WifiHAL : create: mVendor_id = 4980, Subcmd = 61.
04-10 02:17:09.866 951 951 V WifiHAL : handleResponse: WLAN Driver version : 5.2.022.10G
04-10 02:17:09.867 951 951 V WifiHAL : WifiVendorCommand 0xb4000077c25ba4d0 created vendor_id:0x1374 subcmd:61
