04-10 02:17:04.072 1015 1015 D SystemServerTiming: OnBootPhase_520_com.android.server.usage.StorageStatsService$Lifecycle took to complete: 0ms
04-10 02:17:04.072 1015 1015 I SystemServerTiming: OnBootPhase_520_com.android.server.UiModeManagerService
04-10 02:17:04.072 1015 1015 D SystemServerTiming: OnBootPhase_520_com.android.server.UiModeManagerService took to complete: 0ms
04-10 02:17:04.072 1015 1015 I SystemServerTiming: OnBootPhase_520_com.android.server.locksettings.LockSettingsService$Lifecycle
04-10 02:17:04.072 1015 1015 D SystemServerTiming: OnBootPhase_520_com.android.server.locksettings.LockSettingsService$Lifecycle took to complete: 0ms
04-10 02:17:04.072 1015 1015 I SystemServerTiming: OnBootPhase_520_com.android.server.PersistentDataBlockService
04-10 02:17:04.072 1015 1015 D SystemServerTiming: OnBootPhase_520_com.android.server.PersistentDataBlockService took to complete: 0ms
04-10 02:17:04.072 1015 1015 I SystemServerTiming: OnBootPhase_520_com.android.server.testharness.TestHarnessModeService
04-10 02:17:04.072 1015 1015 D SystemServerTiming: OnBootPhase_520_com.android.server.testharness.TestHarnessModeService took to complete: 0ms
04-10 02:17:04.072 1015 1015 I SystemServerTiming: OnBootPhase_520_com.android.server.oemlock.OemLockService
04-10 02:17:04.072 1015 1015 D SystemServerTiming: OnBootPhase_520_com.android.server.oemlock.OemLockService took to complete: 0ms
04-10 02:17:04.072 1015 1015 I SystemServerTiming: OnBootPhase_520_com.android.server.DeviceIdleController
04-10 02:17:04.072 1015 1015 D SystemServerTiming: OnBootPhase_520_com.android.server.DeviceIdleController took to complete: 0ms
04-10 02:17:04.072 1015 1015 I SystemServerTiming: OnBootPhase_520_com.android.server.devicepolicy.DevicePolicyManagerService$Lifecycle
04-10 02:17:04.072 1015 1015 D SystemServerTiming: OnBootPhase_520_com.android.server.devicepolicy.DevicePolicyManagerService$Lifecycle took to complete: 0ms
04-10 02:17:04.072 1015 1015 I SystemServerTiming: OnBootPhase_520_com.android.server.texttospeech.TextToSpeechManagerService
04-10 02:17:04.072 1015 1015 D SystemServerTiming: OnBootPhase_520_com.android.server.texttospeech.TextToSpeechManagerService took to complete: 0ms
04-10 02:17:04.072 1015 1015 I SystemServerTiming: OnBootPhase_520_com.android.server.speech.SpeechRecognitionManagerService
04-10 02:17:04.072 1015 1015 D SystemServerTiming: OnBootPhase_520_com.android.server.speech.SpeechRecognitionManagerService took to complete: 0ms
04-10 02:17:04.073 1015 1015 I SystemServerTiming: OnBootPhase_520_com.android.server.searchui.SearchUiManagerService
04-10 02:17:04.073 1015 1015 D SystemServerTiming: OnBootPhase_520_com.android.server.searchui.SearchUiManagerService took to complete: 0ms
04-10 02:17:04.073 1015 1015 I SystemServerTiming: OnBootPhase_520_com.android.server.smartspace.SmartspaceManagerService
04-10 02:17:04.073 1015 1015 D SystemServerTiming: OnBootPhase_520_com.android.server.smartspace.SmartspaceManagerService took to complete: 0ms
04-10 02:17:04.073 1015 1015 I SystemServerTiming: OnBootPhase_520_com.android.server.graphics.fonts.FontManagerService$Lifecycle
04-10 02:17:04.073 1015 1015 D SystemServerTiming: OnBootPhase_520_com.android.server.graphics.fonts.FontManagerService$Lifecycle took to complete: 0ms
04-10 02:17:04.073 1015 1015 I SystemServerTiming: OnBootPhase_520_com.android.server.textservices.TextServicesManagerService$Lifecycle
04-10 02:17:04.073 1015 1015 D SystemServerTiming: OnBootPhase_520_com.android.server.textservices.TextServicesManagerService$Lifecycle took to complete: 0ms
04-10 02:17:04.073 1015 1015 I SystemServerTiming: OnBootPhase_520_com.android.server.textclassifier.TextClassificationManagerService$Lifecycle
04-10 02:17:04.073 1015 1015 D SystemServerTiming: OnBootPhase_520_com.android.server.textclassifier.TextClassificationManagerService$Lifecycle took to complete: 0ms
04-10 02:17:04.073 1015 1015 I SystemServerTiming: OnBootPhase_520_com.android.server.NetworkScoreService$Lifecycle
04-10 02:17:04.073 1015 1015 D SystemServerTiming: OnBootPhase_520_com.android.server.NetworkScoreService$Lifecycle took to complete: 0ms
04-10 02:17:04.073 1015 1015 I SystemServerTiming: OnBootPhase_520_com.android.server.wifi.WifiService
04-10 02:17:04.073 1015 1015 D SystemServerTiming: OnBootPhase_520_com.android.server.wifi.WifiService took to complete: 0ms
04-10 02:17:04.073 1015 1015 I SystemServerTiming: OnBootPhase_520_com.android.server.wifi.scanner.WifiScanningService
04-10 02:17:04.073 1015 1015 D SystemServerTiming: OnBootPhase_520_com.android.server.wifi.scanner.WifiScanningService took to complete: 0ms
04-10 02:17:04.073 1015 1015 I SystemServerTiming: OnBootPhase_520_com.android.server.wifi.rtt.RttService
04-10 02:17:04.073 1015 1015 D SystemServerTiming: OnBootPhase_520_com.android.server.wifi.rtt.RttService took to complete: 0ms
04-10 02:17:04.073 1015 1015 I SystemServerTiming: OnBootPhase_520_com.android.server.wifi.aware.WifiAwareService
04-10 02:17:04.073 1015 1015 D SystemServerTiming: OnBootPhase_520_com.android.server.wifi.aware.WifiAwareService took to complete: 0ms
04-10 02:17:04.073 1015 1015 I SystemServerTiming: OnBootPhase_520_com.android.server.wifi.p2p.WifiP2pService
04-10 02:17:04.073 1015 1015 D SystemServerTiming: OnBootPhase_520_com.android.server.wifi.p2p.WifiP2pService took to complete: 0ms
04-10 02:17:04.073 1015 1015 I SystemServerTiming: OnBootPhase_520_com.android.server.ethernet.EthernetService
04-10 02:17:04.074 1015 1015 D SystemServerTiming: OnBootPhase_520_com.android.server.ethernet.EthernetService took to complete: 0ms
04-10 02:17:04.074 1015 1015 I SystemServerTiming: OnBootPhase_520_com.android.server.ConnectivityServiceInitializer
04-10 02:17:04.074 1015 1015 D SystemServerTiming: OnBootPhase_520_com.android.server.ConnectivityServiceInitializer took to complete: 0ms
04-10 02:17:04.074 1015 1015 I SystemServerTiming: OnBootPhase_520_com.android.server.notification.NotificationManagerService
04-10 02:17:04.074 1015 1015 D SystemServerTiming: OnBootPhase_520_com.android.server.notification.NotificationManagerService took to complete: 0ms
04-10 02:17:04.074 1015 1015 I SystemServerTiming: OnBootPhase_520_com.android.server.storage.DeviceStorageMonitorService
04-10 02:17:04.074 1015 1015 D SystemServerTiming: OnBootPhase_520_com.android.server.storage.DeviceStorageMonitorService took to complete: 0ms
04-10 02:17:04.074 1015 1015 I SystemServerTiming: OnBootPhase_520_com.android.server.location.LocationManagerService$Lifecycle
04-10 02:17:04.074 1015 1015 D SystemServerTiming: OnBootPhase_520_com.android.server.location.LocationManagerService$Lifecycle took to complete: 0ms
04-10 02:17:04.074 1015 1015 I SystemServerTiming: OnBootPhase_520_com.android.server.timedetector.TimeDetectorService$Lifecycle
04-10 02:17:04.074 1015 1015 D SystemServerTiming: OnBootPhase_520_com.android.server.timedetector.TimeDetectorService$Lifecycle took to complete: 0ms
04-10 02:17:04.074 1015 1015 I SystemServerTiming: OnBootPhase_520_com.android.server.timezonedetector.TimeZoneDetectorService$Lifecycle
04-10 02:17:04.074 1015 1015 D SystemServerTiming: OnBootPhase_520_com.android.server.timezonedetector.TimeZoneDetectorService$Lifecycle took to complete: 0ms
04-10 02:17:04.074 1015 1015 I SystemServerTiming: OnBootPhase_520_com.android.server.timezonedetector.location.LocationTimeZoneManagerService$Lifecycle
04-10 02:17:04.074 1015 1015 D SystemServerTiming: OnBootPhase_520_com.android.server.timezonedetector.location.LocationTimeZoneManagerService$Lifecycle took to complete: 0ms
04-10 02:17:04.074 1015 1015 I SystemServerTiming: OnBootPhase_520_com.android.server.search.SearchManagerService$Lifecycle
04-10 02:17:04.074 1015 1015 D SystemServerTiming: OnBootPhase_520_com.android.server.search.SearchManagerService$Lifecycle took to complete: 0ms
04-10 02:17:04.074 1015 1015 I SystemServerTiming: OnBootPhase_520_com.android.server.wallpaper.WallpaperManagerService$Lifecycle
04-10 02:17:04.074 1015 1015 D SystemServerTiming: OnBootPhase_520_com.android.server.wallpaper.WallpaperManagerService$Lifecycle took to complete: 0ms
04-10 02:17:04.074 1015 1015 I SystemServerTiming: OnBootPhase_520_com.android.server.audio.AudioService$Lifecycle
04-10 02:17:04.074 1015 1015 D SystemServerTiming: OnBootPhase_520_com.android.server.audio.AudioService$Lifecycle took to complete: 0ms
04-10 02:17:04.074 1015 1015 I SystemServerTiming: OnBootPhase_520_com.android.server.soundtrigger_middleware.SoundTriggerMiddlewareService$Lifecycle
04-10 02:17:04.075 1015 1015 D SystemServerTiming: OnBootPhase_520_com.android.server.soundtrigger_middleware.SoundTriggerMiddlewareService$Lifecycle took to complete: 0ms
04-10 02:17:04.075 1015 1015 I SystemServerTiming: OnBootPhase_520_com.android.server.DockObserver
04-10 02:17:04.075 1015 1015 D SystemServerTiming: OnBootPhase_520_com.android.server.DockObserver took to complete: 0ms
04-10 02:17:04.075 1015 1015 I SystemServerTiming: OnBootPhase_520_com.android.server.midi.MidiService$Lifecycle
04-10 02:17:04.075 1015 1015 D SystemServerTiming: OnBootPhase_520_com.android.server.midi.MidiService$Lifecycle took to complete: 0ms
04-10 02:17:04.075 1015 1015 I SystemServerTiming: OnBootPhase_520_com.android.server.adb.AdbService$Lifecycle
04-10 02:17:04.075 1015 1015 D SystemServerTiming: OnBootPhase_520_com.android.server.adb.AdbService$Lifecycle took to complete: 0ms
04-10 02:17:04.075 1015 1015 I SystemServerTiming: OnBootPhase_520_com.android.server.usb.UsbService$Lifecycle
04-10 02:17:04.075 1015 1015 D SystemServerTiming: OnBootPhase_520_com.android.server.usb.UsbService$Lifecycle took to complete: 0ms
04-10 02:17:04.075 1015 1015 I SystemServerTiming: OnBootPhase_520_com.android.server.twilight.TwilightService
04-10 02:17:04.075 1015 1015 D SystemServerTiming: OnBootPhase_520_com.android.server.twilight.TwilightService took to complete: 0ms
04-10 02:17:04.075 1015 1015 I SystemServerTiming: OnBootPhase_520_com.android.server.display.color.ColorDisplayService
04-10 02:17:04.075 1015 1015 D SystemServerTiming: OnBootPhase_520_com.android.server.display.color.ColorDisplayService took to complete: 0ms
04-10 02:17:04.075 1015 1015 I SystemServerTiming: OnBootPhase_520_com.android.server.job.JobSchedulerService
04-10 02:17:04.075 1015 1015 D SystemServerTiming: OnBootPhase_520_com.android.server.job.JobSchedulerService took to complete: 0ms
04-10 02:17:04.075 1015 1015 I SystemServerTiming: OnBootPhase_520_com.android.server.soundtrigger.SoundTriggerService
04-10 02:17:04.075 1015 1015 D SoundTriggerService: onBootPhase: 520 : false
04-10 02:17:04.075 1015 1015 D SystemServerTiming: OnBootPhase_520_com.android.server.soundtrigger.SoundTriggerService took to complete: 0ms
04-10 02:17:04.075 1015 1015 I SystemServerTiming: OnBootPhase_520_com.android.server.trust.TrustManagerService
04-10 02:17:04.075 1015 1015 D SystemServerTiming: OnBootPhase_520_com.android.server.trust.TrustManagerService took to complete: 0ms
04-10 02:17:04.075 1015 1015 I SystemServerTiming: OnBootPhase_520_com.android.server.backup.BackupManagerService$Lifecycle
04-10 02:17:04.075 1015 1015 D SystemServerTiming: OnBootPhase_520_com.android.server.backup.BackupManagerService$Lifecycle took to complete: 0ms
04-10 02:17:04.075 1015 1015 I SystemServerTiming: OnBootPhase_520_com.android.server.appwidget.AppWidgetService
04-10 02:17:04.075 1015 1015 D SystemServerTiming: OnBootPhase_520_com.android.server.appwidget.AppWidgetService took to complete: 0ms
04-10 02:17:04.076 1015 1015 I SystemServerTiming: OnBootPhase_520_com.android.server.voiceinteraction.VoiceInteractionManagerService
04-10 02:17:04.076 1015 1015 D SystemServerTiming: OnBootPhase_520_com.android.server.voiceinteraction.VoiceInteractionManagerService took to complete: 0ms
04-10 02:17:04.076 1015 1015 I SystemServerTiming: OnBootPhase_520_com.android.server.apphibernation.AppHibernationService
04-10 02:17:04.076 1015 1015 D SystemServerTiming: OnBootPhase_520_com.android.server.apphibernation.AppHibernationService took to complete: 0ms
04-10 02:17:04.076 1015 1015 I SystemServerTiming: OnBootPhase_520_com.android.server.SensorNotificationService
04-10 02:17:04.076 1015 1015 D SystemServerTiming: OnBootPhase_520_com.android.server.SensorNotificationService took to complete: 0ms
04-10 02:17:04.076 1015 1015 I SystemServerTiming: OnBootPhase_520_com.android.server.emergency.EmergencyAffordanceService
04-10 02:17:04.076 1015 1015 D SystemServerTiming: OnBootPhase_520_com.android.server.emergency.EmergencyAffordanceService took to complete: 0ms
04-10 02:17:04.076 1015 1015 I SystemServerTiming: OnBootPhase_520_com.android.server.blob.BlobStoreManagerService
04-10 02:17:04.076 1015 1015 D SystemServerTiming: OnBootPhase_520_com.android.server.blob.BlobStoreManagerService took to complete: 0ms
04-10 02:17:04.076 1015 1015 I SystemServerTiming: OnBootPhase_520_com.android.server.dreams.DreamManagerService
04-10 02:17:04.076 1015 1015 D SystemServerTiming: OnBootPhase_520_com.android.server.dreams.DreamManagerService took to complete: 0ms
04-10 02:17:04.076 1015 1015 I SystemServerTiming: OnBootPhase_520_com.android.server.companion.CompanionDeviceManagerService
04-10 02:17:04.076 1015 1015 D SystemServerTiming: OnBootPhase_520_com.android.server.companion.CompanionDeviceManagerService took to complete: 0ms
04-10 02:17:04.076 1015 1015 I SystemServerTiming: OnBootPhase_520_com.android.server.restrictions.RestrictionsManagerService
04-10 02:17:04.076 1015 1015 D SystemServerTiming: OnBootPhase_520_com.android.server.restrictions.RestrictionsManagerService took to complete: 0ms
04-10 02:17:04.076 1015 1015 I SystemServerTiming: OnBootPhase_520_com.android.server.media.MediaSessionService
04-10 02:17:04.076 1015 1015 D SystemServerTiming: OnBootPhase_520_com.android.server.media.MediaSessionService took to complete: 0ms
04-10 02:17:04.076 1015 1015 I SystemServerTiming: OnBootPhase_520_com.android.server.media.MediaResourceMonitorService
04-10 02:17:04.076 1015 1015 D SystemServerTiming: OnBootPhase_520_com.android.server.media.MediaResourceMonitorService took to complete: 0ms
04-10 02:17:04.076 1015 1015 I SystemServerTiming: OnBootPhase_520_com.android.server.biometrics.sensors.fingerprint.FingerprintService
04-10 02:17:04.076 1015 1015 D SystemServerTiming: OnBootPhase_520_com.android.server.biometrics.sensors.fingerprint.FingerprintService took to complete: 0ms
04-10 02:17:04.076 1015 1015 I SystemServerTiming: OnBootPhase_520_com.android.server.biometrics.BiometricService
04-10 02:17:04.077 1015 1015 D SystemServerTiming: OnBootPhase_520_com.android.server.biometrics.BiometricService took to complete: 0ms
04-10 02:17:04.077 1015 1015 I SystemServerTiming: OnBootPhase_520_com.android.server.biometrics.AuthService
04-10 02:17:04.077 1015 1015 D SystemServerTiming: OnBootPhase_520_com.android.server.biometrics.AuthService took to complete: 0ms
04-10 02:17:04.077 1015 1015 I SystemServerTiming: OnBootPhase_520_com.android.server.pm.ShortcutService$Lifecycle
04-10 02:17:04.077 1015 1015 D SystemServerTiming: OnBootPhase_520_com.android.server.pm.ShortcutService$Lifecycle took to complete: 0ms
04-10 02:17:04.077 1015 1015 I SystemServerTiming: OnBootPhase_520_com.android.server.pm.LauncherAppsService
04-10 02:17:04.077 1015 1015 D SystemServerTiming: OnBootPhase_520_com.android.server.pm.LauncherAppsService took to complete: 0ms
04-10 02:17:04.077 1015 1015 I SystemServerTiming: OnBootPhase_520_com.android.server.pm.CrossProfileAppsService
04-10 02:17:04.077 1015 1015 D SystemServerTiming: OnBootPhase_520_com.android.server.pm.CrossProfileAppsService took to complete: 0ms
04-10 02:17:04.077 1015 1015 I SystemServerTiming: OnBootPhase_520_com.android.server.people.PeopleService
04-10 02:17:04.077 1015 1015 D SystemServerTiming: OnBootPhase_520_com.android.server.people.PeopleService took to complete: 0ms
04-10 02:17:04.077 1015 1015 I SystemServerTiming: OnBootPhase_520_com.android.server.media.metrics.MediaMetricsManagerService
04-10 02:17:04.077 1015 1015 D SystemServerTiming: OnBootPhase_520_com.android.server.media.metrics.MediaMetricsManagerService took to complete: 0ms
04-10 02:17:04.077 1015 1015 I SystemServerTiming: OnBootPhase_520_com.android.server.media.projection.MediaProjectionManagerService
04-10 02:17:04.077 1015 1015 D SystemServerTiming: OnBootPhase_520_com.android.server.media.projection.MediaProjectionManagerService took to complete: 0ms
04-10 02:17:04.077 1015 1015 I SystemServerTiming: OnBootPhase_520_com.android.server.slice.SliceManagerService$Lifecycle
04-10 02:17:04.077 1015 1015 D SystemServerTiming: OnBootPhase_520_com.android.server.slice.SliceManagerService$Lifecycle took to complete: 0ms
04-10 02:17:04.077 1015 1015 I SystemServerTiming: OnBootPhase_520_com.android.server.stats.StatsCompanion$Lifecycle
04-10 02:17:04.077 1015 1015 D SystemServerTiming: OnBootPhase_520_com.android.server.stats.StatsCompanion$Lifecycle took to complete: 0ms
04-10 02:17:04.077 1015 1015 I SystemServerTiming: OnBootPhase_520_com.android.server.scheduling.RebootReadinessManagerService$Lifecycle
04-10 02:17:04.077 1015 1015 D SystemServerTiming: OnBootPhase_520_com.android.server.scheduling.RebootReadinessManagerService$Lifecycle took to complete: 0ms
04-10 02:17:04.078 1015 1015 I SystemServerTiming: OnBootPhase_520_com.android.server.stats.pull.StatsPullAtomService
04-10 02:17:04.078 1015 1015 D SystemServerTiming: OnBootPhase_520_com.android.server.stats.pull.StatsPullAtomService took to complete: 0ms
04-10 02:17:04.078 1015 1015 I SystemServerTiming: OnBootPhase_520_com.android.server.incident.IncidentCompanionService
04-10 02:17:04.078 1015 1015 D SystemServerTiming: OnBootPhase_520_com.android.server.incident.IncidentCompanionService took to complete: 0ms
04-10 02:17:04.078 1015 1015 I SystemServerTiming: OnBootPhase_520_com.android.server.MmsServiceBroker
04-10 02:17:04.078 1015 1015 D SystemServerTiming: OnBootPhase_520_com.android.server.MmsServiceBroker took to complete: 0ms
04-10 02:17:04.078 1015 1015 I SystemServerTiming: OnBootPhase_520_com.android.server.autofill.AutofillManagerService
04-10 02:17:04.078 1015 1015 D SystemServerTiming: OnBootPhase_520_com.android.server.autofill.AutofillManagerService took to complete: 0ms
04-10 02:17:04.078 1015 1015 I SystemServerTiming: OnBootPhase_520_com.android.server.clipboard.ClipboardService
04-10 02:17:04.078 1015 1015 D SystemServerTiming: OnBootPhase_520_com.android.server.clipboard.ClipboardService took to complete: 0ms
04-10 02:17:04.078 1015 1015 I SystemServerTiming: OnBootPhase_520_com.android.server.appbinding.AppBindingService$Lifecycle
04-10 02:17:04.078 1015 1015 D SystemServerTiming: OnBootPhase_520_com.android.server.appbinding.AppBindingService$Lifecycle took to complete: 0ms
04-10 02:17:04.078 1015 1015 I SystemServerTiming: OnBootPhase_520_com.android.server.tracing.TracingServiceProxy
04-10 02:17:04.081 1015 1015 D SystemServerTiming: OnBootPhase_520_com.android.server.tracing.TracingServiceProxy took to complete: 0ms
04-10 02:17:04.082 1015 1015 I SystemServerTiming: OnBootPhase_520_com.android.server.policy.PermissionPolicyService
04-10 02:17:04.082 1015 1015 D SystemServerTiming: OnBootPhase_520_com.android.server.policy.PermissionPolicyService took to complete: 0ms
04-10 02:17:04.082 1015 1015 I SystemServerTiming: OnBootPhase_520_com.android.server.pm.StagingManager$Lifecycle
04-10 02:17:04.082 1015 1015 D SystemServerTiming: OnBootPhase_520_com.android.server.pm.StagingManager$Lifecycle took to complete: 0ms
04-10 02:17:04.083 1015 1015 I SystemServerTiming: OnBootPhase_520_com.android.server.app.GameManagerService$Lifecycle
04-10 02:17:04.083 1015 1015 D SystemServerTiming: OnBootPhase_520_com.android.server.app.GameManagerService$Lifecycle took to complete: 0ms
04-10 02:17:04.083 1015 1015 D SystemServerTiming: OnBootPhase_520 took to complete: 15ms
04-10 02:17:04.083 1015 1015 D SystemServerTiming: StartBootPhaseDeviceSpecificServicesReady took to complete: 17ms
04-10 02:17:04.083 1015 1015 I SystemServerTiming: AppSearchManagerService
01-01 08:59:46.885 0 0 E DTC_ETH,link_delay_work_func: 3003, SQI=0, link=0
01-01 08:59:46.894 0 0 E : INFO: trying to register non-static key.
01-01 08:59:46.899 0 0 E : the code is fine but needs lockdep annotation.
01-01 08:59:46.904 0 0 I : CPU: 7 PID: 1641 Comm: kworker/u16:17 Tainted: G S O 4.19.157+ #1
01-01 08:59:46.904 0 0 I Hardware name: Qualcomm Technologies, Inc. kona MTP-RmPM8150b. VX1(MCE) EVT1 (DT)
01-01 08:59:46.904 0 0 I Workqueue: events_unbound ion_system_secure_heap_prefetch_work
01-01 08:59:46.904 0 0 I Call trace:
01-01 08:59:46.904 0 0 I : dump_backtrace+0x0/0x258
01-01 08:59:46.904 0 0 I : show_stack+0x20/0x30
01-01 08:59:46.904 0 0 I : dump_stack+0xd8/0x12c
01-01 08:59:46.904 0 0 I : register_lock_class+0x4d0/0x5c8
01-01 08:59:46.904 0 0 I : __lock_acquire+0xbc/0x1e58
01-01 08:59:46.904 0 0 I : lock_acquire+0x1cc/0x218
01-01 08:59:46.904 0 0 I : _raw_spin_lock_irqsave+0x54/0x98
01-01 08:59:46.904 0 0 I : ion_system_secure_heap_prefetch_work+0x94/0x2c0
01-01 08:59:46.904 0 0 I : process_one_work+0x38c/0x660
01-01 08:59:46.904 0 0 I : worker_thread+0x268/0x4b8
01-01 08:59:46.904 0 0 I : kthread+0x140/0x150
04-10 02:17:04.094 1015 1707 E DefaultPermGrantPolicy: Package not found: com.qualcomm.qti.cne
01-01 08:59:46.904 0 0 I : ret_from_fork+0x10/0x1c
01-01 08:59:46.914 0 0 E : INFO: trying to register non-static key.
01-01 08:59:46.919 0 0 E : the code is fine but needs lockdep annotation.
01-01 08:59:46.924 0 0 I : CPU: 7 PID: 1641 Comm: kworker/u16:17 Tainted: G S O 4.19.157+ #1
01-01 08:59:46.924 0 0 I Hardware name: Qualcomm Technologies, Inc. kona MTP-RmPM8150b. VX1(MCE) EVT1 (DT)
01-01 08:59:46.924 0 0 I Workqueue: events_unbound ion_system_secure_heap_prefetch_work
01-01 08:59:46.924 0 0 I Call trace:
01-01 08:59:46.924 0 0 I : dump_backtrace+0x0/0x258
01-01 08:59:46.924 0 0 I : show_stack+0x20/0x30
01-01 08:59:46.924 0 0 I : dump_stack+0xd8/0x12c
01-01 08:59:46.924 0 0 I : register_lock_class+0x4d0/0x5c8
01-01 08:59:46.924 0 0 I : __lock_acquire+0xbc/0x1e58
01-01 08:59:46.924 0 0 I : lock_acquire+0x1cc/0x218
01-01 08:59:46.924 0 0 I : _raw_spin_lock_irqsave+0x54/0x98
01-01 08:59:46.924 0 0 I : ion_system_secure_heap_prefetch_work+0x94/0x2c0
01-01 08:59:46.924 0 0 I : process_one_work+0x38c/0x660
01-01 08:59:46.924 0 0 I : worker_thread+0x268/0x4b8
01-01 08:59:46.924 0 0 I : kthread+0x140/0x150
01-01 08:59:46.924 0 0 I : ret_from_fork+0x10/0x1c
01-01 08:59:46.933 0 0 E : INFO: trying to register non-static key.
01-01 08:59:46.938 0 0 E : the code is fine but needs lockdep annotation.
01-01 08:59:46.944 0 0 I : CPU: 7 PID: 1641 Comm: kworker/u16:17 Tainted: G S O 4.19.157+ #1
01-01 08:59:46.944 0 0 I Hardware name: Qualcomm Technologies, Inc. kona MTP-RmPM8150b. VX1(MCE) EVT1 (DT)
01-01 08:59:46.944 0 0 I Workqueue: events_unbound ion_system_secure_heap_prefetch_work
01-01 08:59:46.944 0 0 I Call trace:
01-01 08:59:46.944 0 0 I : dump_backtrace+0x0/0x258
01-01 08:59:46.944 0 0 I : show_stack+0x20/0x30
01-01 08:59:46.944 0 0 I : dump_stack+0xd8/0x12c
01-01 08:59:46.944 0 0 I : register_lock_class+0x4d0/0x5c8
01-01 08:59:46.944 0 0 I : __lock_acquire+0xbc/0x1e58
01-01 08:59:46.944 0 0 I : lock_acquire+0x1cc/0x218
01-01 08:59:46.944 0 0 I : _raw_spin_lock_irqsave+0x54/0x98
01-01 08:59:46.944 0 0 I : ion_system_secure_heap_prefetch_work+0x94/0x2c0
01-01 08:59:46.944 0 0 I : process_one_work+0x38c/0x660
01-01 08:59:46.944 0 0 I : worker_thread+0x268/0x4b8
01-01 08:59:46.944 0 0 I : kthread+0x140/0x150
01-01 08:59:46.944 0 0 I : ret_from_fork+0x10/0x1c
04-10 02:17:04.137 1015 1015 I SystemServiceManager: Starting com.android.server.appsearch.AppSearchManagerService
01-01 08:59:46.950 0 0 D cnss : Assert WLAN_EN GPIO successfully
01-01 08:59:46.950 0 0 D cnss : Resuming PCI link
01-01 08:59:46.951 0 0 I msm_vidc: high: 00000001: ....d: Opening video instance: ffffffc35759c000, 1
01-01 08:59:46.951 0 0 I msm_pcie_enable: PCIe: Assert the reset of endpoint of RC0.
01-01 08:59:46.952 0 0 E : INFO: trying to register non-static key.
04-10 02:17:04.142 1015 1015 D SystemServerTiming: AppSearchManagerService took to complete: 59ms
04-10 02:17:04.142 1015 1015 I SystemServerTiming: StartMediaCommunicationService
04-10 02:17:04.144 1015 1015 I SystemServiceManager: Starting com.android.server.media.MediaCommunicationService
04-10 02:17:04.147 1015 1015 D SystemServerTiming: StartMediaCommunicationService took to complete: 5ms
04-10 02:17:04.148 1015 1015 I SystemServerTiming: PhaseActivityManagerReady
04-10 02:17:04.148 1015 1015 I SystemServerTiming: controllersReady
01-01 08:59:46.955 0 0 I msm_pcie_enable: PCIe: RC0: PCIE20_PARF_INT_ALL_MASK: 0x7f80d202
01-01 08:59:46.958 0 0 E : the code is fine but needs lockdep annotation.
01-01 08:59:46.958 0 0 I : CPU: 7 PID: 1641 Comm: kworker/u16:17 Tainted: G S O 4.19.157+ #1
01-01 08:59:46.958 0 0 I Hardware name: Qualcomm Technologies, Inc. kona MTP-RmPM8150b. VX1(MCE) EVT1 (DT)
01-01 08:59:46.958 0 0 I Workqueue: events_unbound ion_system_secure_heap_prefetch_work
01-01 08:59:46.958 0 0 I Call trace:
01-01 08:59:46.958 0 0 I : dump_backtrace+0x0/0x258
01-01 08:59:46.958 0 0 I : show_stack+0x20/0x30
01-01 08:59:46.958 0 0 I : dump_stack+0xd8/0x12c
01-01 08:59:46.958 0 0 I : register_lock_class+0x4d0/0x5c8
01-01 08:59:46.958 0 0 I : __lock_acquire+0xbc/0x1e58
01-01 08:59:46.958 0 0 I : lock_acquire+0x1cc/0x218
01-01 08:59:46.958 0 0 I : _raw_spin_lock_irqsave+0x54/0x98
01-01 08:59:46.958 0 0 I : ion_system_secure_heap_prefetch_work+0x94/0x2c0
01-01 08:59:46.963 0 0 I : process_one_work+0x38c/0x660
01-01 08:59:46.963 0 0 I : worker_thread+0x268/0x4b8
01-01 08:59:46.963 0 0 I : kthread+0x140/0x150
01-01 08:59:46.963 0 0 I : ret_from_fork+0x10/0x1c
04-10 02:17:04.155 1240 1240 I iorapd : iorapd (the prefetchening) readied up
01-01 08:59:46.968 0 0 I pcie_phy_init: PCIe RC0 PHY is ready!
01-01 08:59:46.968 0 0 E : INFO: trying to register non-static key.
04-10 02:17:04.164 1015 1823 I SystemServerTimingAsync: InitThreadPoolExec:Update app-ops uidState in case package com.android.permissioncontroller changed
04-10 02:17:04.164 1015 1823 D SystemServerInitThreadPool: Started executing Update app-ops uidState in case package com.android.permissioncontroller changed
04-10 02:17:04.164 1015 1872 I SystemServerTimingAsync: InitThreadPoolExec:Update app-ops uidState in case package com.hht.lebocast changed
04-10 02:17:04.164 1015 1872 D SystemServerInitThreadPool: Started executing Update app-ops uidState in case package com.hht.lebocast changed
04-10 02:17:04.165 1015 1788 I SystemServerTimingAsync: InitThreadPoolExec:Update app-ops uidState in case package com.android.providers.media.module changed
04-10 02:17:04.165 1015 1788 D SystemServerInitThreadPool: Started executing Update app-ops uidState in case package com.android.providers.media.module changed
04-10 02:17:04.165 1015 1823 D SystemServerInitThreadPool: Finished executing Update app-ops uidState in case package com.android.permissioncontroller changed
04-10 02:17:04.165 1015 1823 D SystemServerTimingAsync: InitThreadPoolExec:Update app-ops uidState in case package com.android.permissioncontroller changed took to complete: 1ms
04-10 02:17:04.165 1015 1750 I SystemServerTimingAsync: InitThreadPoolExec:Update app-ops uidState in case package com.qualcomm.qti.workloadclassifier changed
04-10 02:17:04.165 1015 1750 D SystemServerInitThreadPool: Started executing Update app-ops uidState in case package com.qualcomm.qti.workloadclassifier changed
04-10 02:17:04.165 1015 1823 I SystemServerTimingAsync: InitThreadPoolExec:Update app-ops uidState in case package com.android.systemui changed
04-10 02:17:04.166 1015 1823 D SystemServerInitThreadPool: Started executing Update app-ops uidState in case package com.android.systemui changed
04-10 02:17:04.166 1015 1788 D SystemServerInitThreadPool: Finished executing Update app-ops uidState in case package com.android.providers.media.module changed
04-10 02:17:04.166 1015 1750 D SystemServerInitThreadPool: Finished executing Update app-ops uidState in case package com.qualcomm.qti.workloadclassifier changed
04-10 02:17:04.166 1015 1787 I SystemServerTimingAsync: InitThreadPoolExec:Update app-ops uidState in case package com.qti.ltebc changed
04-10 02:17:04.166 1015 1777 I SystemServerTimingAsync: InitThreadPoolExec:Update app-ops uidState in case package com.android.launcher3 changed
04-10 02:17:04.166 1015 1787 D SystemServerInitThreadPool: Started executing Update app-ops uidState in case package com.qti.ltebc changed
04-10 02:17:04.166 1015 1787 D SystemServerInitThreadPool: Finished executing Update app-ops uidState in case package com.qti.ltebc changed
04-10 02:17:04.167 1015 1787 D SystemServerTimingAsync: InitThreadPoolExec:Update app-ops uidState in case package com.qti.ltebc changed took to complete: 0ms
04-10 02:17:04.167 1015 1787 I SystemServerTimingAsync: InitThreadPoolExec:Update app-ops uidState in case package com.baidu.input changed
04-10 02:17:04.167 1015 1787 D SystemServerInitThreadPool: Started executing Update app-ops uidState in case package com.baidu.input changed
04-10 02:17:04.167 1015 1015 D SystemServerTiming: controllersReady took to complete: 18ms
04-10 02:17:04.167 1015 1777 D SystemServerInitThreadPool: Started executing Update app-ops uidState in case package com.android.launcher3 changed
04-10 02:17:04.168 1015 1777 D SystemServerInitThreadPool: Finished executing Update app-ops uidState in case package com.android.launcher3 changed
04-10 02:17:04.168 1015 1777 D SystemServerTimingAsync: InitThreadPoolExec:Update app-ops uidState in case package com.android.launcher3 changed took to complete: 1ms
04-10 02:17:04.168 1015 1777 I SystemServerTimingAsync: InitThreadPoolExec:Update app-ops uidState in case package com.android.providers.contacts changed
04-10 02:17:04.168 1015 1777 D SystemServerInitThreadPool: Started executing Update app-ops uidState in case package com.android.providers.contacts changed
04-10 02:17:04.168 1015 1777 D SystemServerInitThreadPool: Finished executing Update app-ops uidState in case package com.android.providers.contacts changed
04-10 02:17:04.168 1015 1777 D SystemServerTimingAsync: InitThreadPoolExec:Update app-ops uidState in case package com.android.providers.contacts changed took to complete: 1ms
04-10 02:17:04.168 1015 1777 I SystemServerTimingAsync: InitThreadPoolExec:Update app-ops uidState in case package com.android.providers.downloads changed
04-10 02:17:04.168 1015 1777 D SystemServerInitThreadPool: Started executing Update app-ops uidState in case package com.android.providers.downloads changed
04-10 02:17:04.169 1015 1777 D SystemServerInitThreadPool: Finished executing Update app-ops uidState in case package com.android.providers.downloads changed
04-10 02:17:04.169 1015 1777 D SystemServerTimingAsync: InitThreadPoolExec:Update app-ops uidState in case package com.android.providers.downloads changed took to complete: 0ms
04-10 02:17:04.169 1015 1777 I SystemServerTimingAsync: InitThreadPoolExec:Update app-ops uidState in case package com.android.providers.calendar changed
04-10 02:17:04.169 1015 1015 I SystemServerTiming: killProcesses
04-10 02:17:04.169 1015 1178 I SystemServerTimingAsync: InitThreadPoolExec:Update app-ops uidState in case package com.qualcomm.location changed
04-10 02:17:04.170 1015 1178 D SystemServerInitThreadPool: Started executing Update app-ops uidState in case package com.qualcomm.location changed
04-10 02:17:04.170 1015 1877 I SystemServerTimingAsync: InitThreadPoolExec:Update app-ops uidState in case package com.qualcomm.qtil.aptxui changed
04-10 02:17:04.170 1015 1877 D SystemServerInitThreadPool: Started executing Update app-ops uidState in case package com.qualcomm.qtil.aptxui changed
04-10 02:17:04.170 1015 1877 D SystemServerInitThreadPool: Finished executing Update app-ops uidState in case package com.qualcomm.qtil.aptxui changed
04-10 02:17:04.170 1015 1877 D SystemServerTimingAsync: InitThreadPoolExec:Update app-ops uidState in case package com.qualcomm.qtil.aptxui changed took to complete: 1ms
04-10 02:17:04.171 1015 1877 I SystemServerTimingAsync: InitThreadPoolExec:Update app-ops uidState in case package com.android.shell changed
04-10 02:17:04.171 1015 1877 D SystemServerInitThreadPool: Started executing Update app-ops uidState in case package com.android.shell changed
04-10 02:17:04.171 1015 1877 D SystemServerInitThreadPool: Finished executing Update app-ops uidState in case package com.android.shell changed
04-10 02:17:04.171 1015 1015 D SystemServerTiming: killProcesses took to complete: 0ms
04-10 02:17:04.171 1015 1015 I ActivityManager: System now ready
04-10 02:17:04.172 1015 1015 I boot_progress_ams_ready: 45377
04-10 02:17:04.172 1015 1178 D SystemServerInitThreadPool: Finished executing Update app-ops uidState in case package com.qualcomm.location changed
04-10 02:17:04.172 1015 1178 D SystemServerTimingAsync: InitThreadPoolExec:Update app-ops uidState in case package com.qualcomm.location changed took to complete: 2ms
04-10 02:17:04.172 1015 1178 I SystemServerTimingAsync: InitThreadPoolExec:Update app-ops uidState in case package com.android.bluetooth changed
04-10 02:17:04.172 1015 1750 D SystemServerTimingAsync: InitThreadPoolExec:Update app-ops uidState in case package com.qualcomm.qti.workloadclassifier changed took to complete: 0ms
04-10 02:17:04.172 1015 1750 I SystemServerTimingAsync: InitThreadPoolExec:Update app-ops uidState in case package android changed
04-10 02:17:04.173 1015 1750 D SystemServerInitThreadPool: Started executing Update app-ops uidState in case package android changed
04-10 02:17:04.173 1015 1877 D SystemServerTimingAsync: InitThreadPoolExec:Update app-ops uidState in case package com.android.shell changed took to complete: 1ms
04-10 02:17:04.173 1015 1750 D SystemServerInitThreadPool: Finished executing Update app-ops uidState in case package android changed
04-10 02:17:04.173 1015 1877 I SystemServerTimingAsync: InitThreadPoolExec:Update app-ops uidState in case package com.thundercomm.tcsetupwizard changed
04-10 02:17:04.173 1015 1877 D SystemServerInitThreadPool: Started executing Update app-ops uidState in case package com.thundercomm.tcsetupwizard changed
04-10 02:17:04.173 1015 1823 D SystemServerInitThreadPool: Finished executing Update app-ops uidState in case package com.android.systemui changed
04-10 02:17:04.173 1015 1823 D SystemServerTimingAsync: InitThreadPoolExec:Update app-ops uidState in case package com.android.systemui changed took to complete: 8ms
04-10 02:17:04.174 1015 1823 I SystemServerTimingAsync: InitThreadPoolExec:Update app-ops uidState in case package com.android.server.telecom changed
04-10 02:17:04.174 1015 1777 D SystemServerInitThreadPool: Started executing Update app-ops uidState in case package com.android.providers.calendar changed
04-10 02:17:04.174 1015 1787 D SystemServerInitThreadPool: Finished executing Update app-ops uidState in case package com.baidu.input changed
04-10 02:17:04.175 1015 1787 D SystemServerTimingAsync: InitThreadPoolExec:Update app-ops uidState in case package com.baidu.input changed took to complete: 8ms
04-10 02:17:04.175 1015 1787 I SystemServerTimingAsync: InitThreadPoolExec:Update app-ops uidState in case package com.android.settings changed
04-10 02:17:04.175 1015 1787 D SystemServerInitThreadPool: Started executing Update app-ops uidState in case package com.android.settings changed
04-10 02:17:04.175 1015 1787 D SystemServerInitThreadPool: Finished executing Update app-ops uidState in case package com.android.settings changed
04-10 02:17:04.175 1015 1787 D SystemServerTimingAsync: InitThreadPoolExec:Update app-ops uidState in case package com.android.settings changed took to complete: 0ms
04-10 02:17:04.176 1015 1015 I SystemServerTiming: updateTopComponentForFactoryTest
04-10 02:17:04.176 1015 1877 D SystemServerInitThreadPool: Finished executing Update app-ops uidState in case package com.thundercomm.tcsetupwizard changed
04-10 02:17:04.176 1015 1015 D SystemServerTiming: updateTopComponentForFactoryTest took to complete: 0ms
04-10 02:17:04.176 1015 1015 I SystemServerTiming: registerActivityLaunchObserver
04-10 02:17:04.176 1015 1178 D SystemServerInitThreadPool: Started executing Update app-ops uidState in case package com.android.bluetooth changed
04-10 02:17:04.176 1015 1178 D SystemServerInitThreadPool: Finished executing Update app-ops uidState in case package com.android.bluetooth changed
04-10 02:17:04.176 1015 1015 D SystemServerTiming: registerActivityLaunchObserver took to complete: 0ms
04-10 02:17:04.176 1015 1015 I SystemServerTiming: watchDeviceProvisioning
04-10 02:17:04.177 1015 1750 D SystemServerTimingAsync: InitThreadPoolExec:Update app-ops uidState in case package android changed took to complete: 0ms
04-10 02:17:04.177 1015 1872 D SystemServerInitThreadPool: Finished executing Update app-ops uidState in case package com.hht.lebocast changed
04-10 02:17:04.177 1015 1877 D SystemServerTimingAsync: InitThreadPoolExec:Update app-ops uidState in case package com.thundercomm.tcsetupwizard changed took to complete: 2ms
04-10 02:17:04.177 1015 1872 D SystemServerTimingAsync: InitThreadPoolExec:Update app-ops uidState in case package com.hht.lebocast changed took to complete: 13ms
04-10 02:17:04.177 1015 1178 D SystemServerTimingAsync: InitThreadPoolExec:Update app-ops uidState in case package com.android.bluetooth changed took to complete: 4ms
01-01 08:59:46.973 0 0 E : the code is fine but needs lockdep annotation.
01-01 08:59:46.978 0 0 I msm_pcie_enable: PCIe: Release the reset of endpoint of RC0.
01-01 08:59:46.979 0 0 I : CPU: 7 PID: 1641 Comm: kworker/u16:17 Tainted: G S O 4.19.157+ #1
01-01 08:59:46.979 0 0 I Hardware name: Qualcomm Technologies, Inc. kona MTP-RmPM8150b. VX1(MCE) EVT1 (DT)
01-01 08:59:46.979 0 0 I Workqueue: events_unbound ion_system_secure_heap_prefetch_work
01-01 08:59:46.979 0 0 I Call trace:
01-01 08:59:46.979 0 0 I : dump_backtrace+0x0/0x258
01-01 08:59:46.979 0 0 I : show_stack+0x20/0x30
01-01 08:59:46.979 0 0 I : dump_stack+0xd8/0x12c
01-01 08:59:46.979 0 0 I : register_lock_class+0x4d0/0x5c8
01-01 08:59:46.979 0 0 I : __lock_acquire+0xbc/0x1e58
01-01 08:59:46.979 0 0 I : lock_acquire+0x1cc/0x218
01-01 08:59:46.979 0 0 I : _raw_spin_lock_irqsave+0x54/0x98
01-01 08:59:46.979 0 0 I : ion_system_secure_heap_prefetch_work+0x94/0x2c0
01-01 08:59:46.979 0 0 I : process_one_work+0x38c/0x660
01-01 08:59:46.979 0 0 I : worker_thread+0x268/0x4b8
01-01 08:59:46.979 0 0 I : kthread+0x140/0x150
01-01 08:59:46.979 0 0 I : ret_from_fork+0x10/0x1c
01-01 08:59:46.981 0 0 E : INFO: trying to register non-static key.
01-01 08:59:46.986 0 0 E : the code is fine but needs lockdep annotation.
04-10 02:17:04.182 1015 1777 D SystemServerInitThreadPool: Finished executing Update app-ops uidState in case package com.android.providers.calendar changed
04-10 02:17:04.182 1015 1777 D SystemServerTimingAsync: InitThreadPoolExec:Update app-ops uidState in case package com.android.providers.calendar changed took to complete: 12ms
04-10 02:17:04.183 1015 1788 D SystemServerTimingAsync: InitThreadPoolExec:Update app-ops uidState in case package com.android.providers.media.module changed took to complete: 1ms
01-01 08:59:46.992 0 0 I : CPU: 7 PID: 1641 Comm: kworker/u16:17 Tainted: G S O 4.19.157+ #1
01-01 08:59:46.992 0 0 I Hardware name: Qualcomm Technologies, Inc. kona MTP-RmPM8150b. VX1(MCE) EVT1 (DT)
01-01 08:59:46.992 0 0 I Workqueue: events_unbound ion_system_secure_heap_prefetch_work
01-01 08:59:46.992 0 0 I Call trace:
01-01 08:59:46.992 0 0 I : dump_backtrace+0x0/0x258
01-01 08:59:46.992 0 0 I : show_stack+0x20/0x30
01-01 08:59:46.992 0 0 I : dump_stack+0xd8/0x12c
01-01 08:59:46.992 0 0 I : register_lock_class+0x4d0/0x5c8
01-01 08:59:46.992 0 0 I : __lock_acquire+0xbc/0x1e58
01-01 08:59:46.992 0 0 I : lock_acquire+0x1cc/0x218
01-01 08:59:46.992 0 0 I : _raw_spin_lock_irqsave+0x54/0x98
01-01 08:59:46.992 0 0 I : ion_system_secure_heap_prefetch_work+0x94/0x2c0
01-01 08:59:46.992 0 0 I : process_one_work+0x38c/0x660
01-01 08:59:46.992 0 0 I : worker_thread+0x268/0x4b8
01-01 08:59:46.992 0 0 I : kthread+0x140/0x150
01-01 08:59:46.992 0 0 I : ret_from_fork+0x10/0x1c
04-10 02:17:04.184 1015 1823 D SystemServerInitThreadPool: Started executing Update app-ops uidState in case package com.android.server.telecom changed
04-10 02:17:04.187 1015 1823 D SystemServerInitThreadPool: Finished executing Update app-ops uidState in case package com.android.server.telecom changed
04-10 02:17:04.187 1015 1823 D SystemServerTimingAsync: InitThreadPoolExec:Update app-ops uidState in case package com.android.server.telecom changed took to complete: 14ms
04-10 02:17:04.190 1015 1015 D SystemServerTiming: watchDeviceProvisioning took to complete: 13ms
04-10 02:17:04.190 1015 1015 I SystemServerTiming: retrieveSettings
01-01 08:59:46.996 0 0 E : INFO: trying to register non-static key.
01-01 08:59:46.998 0 0 I msm_pcie_link_train: PCIe RC0 link initialized
01-01 08:59:47.001 0 0 E : the code is fine but needs lockdep annotation.
01-01 08:59:47.001 0 0 I : CPU: 7 PID: 1641 Comm: kworker/u16:17 Tainted: G S O 4.19.157+ #1
01-01 08:59:47.001 0 0 I Hardware name: Qualcomm Technologies, Inc. kona MTP-RmPM8150b. VX1(MCE) EVT1 (DT)
01-01 08:59:47.001 0 0 I Workqueue: events_unbound ion_system_secure_heap_prefetch_work
01-01 08:59:47.001 0 0 I Call trace:
01-01 08:59:47.001 0 0 I : dump_backtrace+0x0/0x258
01-01 08:59:47.001 0 0 I : show_stack+0x20/0x30
01-01 08:59:47.001 0 0 I : dump_stack+0xd8/0x12c
01-01 08:59:47.001 0 0 I : register_lock_class+0x4d0/0x5c8
01-01 08:59:47.001 0 0 I : __lock_acquire+0xbc/0x1e58
01-01 08:59:47.001 0 0 I : lock_acquire+0x1cc/0x218
01-01 08:59:47.001 0 0 I : _raw_spin_lock_irqsave+0x54/0x98
01-01 08:59:47.001 0 0 I : ion_system_secure_heap_prefetch_work+0x94/0x2c0
01-01 08:59:47.001 0 0 I : process_one_work+0x38c/0x660
01-01 08:59:47.001 0 0 I : worker_thread+0x268/0x4b8
01-01 08:59:47.001 0 0 I : kthread+0x140/0x150
01-01 08:59:47.001 0 0 I : ret_from_fork+0x10/0x1c
04-10 02:17:04.192 1015 1015 I configuration_changed: 268435456
04-10 02:17:04.193 1015 1015 I ActivityTaskManager: Config changes=10000000 {1.0 ?mcc?mnc [zh_CN] ldltr sw680dp w1586dp h612dp 240dpi lrg long land finger -keyb/v/h -nav/h winConfig={ mBounds=Rect(0, 0 - 2380, 1020) mAppBounds=Rect(0, 0 - 2380, 954) mMaxBounds=Rect(0, 0 - 2380, 1020) mWindowingMode=fullscreen mDisplayWindowingMode=fullscreen mActivityType=undefined mAlwaysOnTop=undefined mRotation=ROTATION_0} s.8 fontWeightAdjustment=0}
04-10 02:17:04.193 1015 1015 I WindowManager: Override config changes=10000000 {1.0 ?mcc?mnc [zh_CN] ldltr sw680dp w1586dp h612dp 240dpi lrg long land finger -keyb/v/h -nav/h winConfig={ mBounds=Rect(0, 0 - 2380, 1020) mAppBounds=Rect(0, 0 - 2380, 954) mMaxBounds=Rect(0, 0 - 2380, 1020) mWindowingMode=fullscreen mDisplayWindowingMode=fullscreen mActivityType=undefined mAlwaysOnTop=undefined mRotation=ROTATION_0} s.8 fontWeightAdjustment=0} for displayId=0
01-01 08:59:47.003 0 0 E : INFO: trying to register non-static key.
04-10 02:17:04.195 1015 1015 D SystemServerTiming: retrieveSettings took to complete: 6ms
04-10 02:17:04.195 1015 1015 I SystemServerTiming: Ugm.onSystemReady
04-10 02:17:04.196 1015 1015 D SystemServerTiming: Ugm.onSystemReady took to complete: 0ms
04-10 02:17:04.196 1015 1015 I SystemServerTiming: updateForceBackgroundCheck
04-10 02:17:04.196 1015 1015 D SystemServerTiming: updateForceBackgroundCheck took to complete: 0ms
04-10 02:17:04.196 1015 1015 I SystemServer: Making services ready
04-10 02:17:04.196 1015 1015 I SystemServerTiming: StartActivityManagerReadyPhase
04-10 02:17:04.196 1015 1015 I SystemServiceManager: Starting phase 550
04-10 02:17:04.196 1015 1015 I SystemServerTiming: OnBootPhase_550
04-10 02:17:04.196 1015 1015 I SystemServerTiming: OnBootPhase_550_com.android.server.security.FileIntegrityService
04-10 02:17:04.196 1015 1015 D SystemServerTiming: OnBootPhase_550_com.android.server.security.FileIntegrityService took to complete: 0ms
04-10 02:17:04.196 1015 1015 I SystemServerTiming: OnBootPhase_550_com.android.server.pm.Installer
04-10 02:17:04.196 1015 1015 D SystemServerTiming: OnBootPhase_550_com.android.server.pm.Installer took to complete: 0ms
04-10 02:17:04.196 1015 1015 I SystemServerTiming: OnBootPhase_550_com.android.server.os.DeviceIdentifiersPolicyService
04-10 02:17:04.196 1015 1015 D SystemServerTiming: OnBootPhase_550_com.android.server.os.DeviceIdentifiersPolicyService took to complete: 0ms
04-10 02:17:04.196 1015 1015 I SystemServerTiming: OnBootPhase_550_com.android.server.uri.UriGrantsManagerService$Lifecycle
04-10 02:17:04.196 1015 1015 D SystemServerTiming: OnBootPhase_550_com.android.server.uri.UriGrantsManagerService$Lifecycle took to complete: 0ms
04-10 02:17:04.197 1015 1015 I SystemServerTiming: OnBootPhase_550_com.android.server.powerstats.PowerStatsService
04-10 02:17:04.197 1015 1015 D SystemServerTiming: OnBootPhase_550_com.android.server.powerstats.PowerStatsService took to complete: 0ms
04-10 02:17:04.197 1015 1015 I SystemServerTiming: OnBootPhase_550_com.android.server.wm.ActivityTaskManagerService$Lifecycle
04-10 02:17:04.197 1015 1015 D SystemServerTiming: OnBootPhase_550_com.android.server.wm.ActivityTaskManagerService$Lifecycle took to complete: 0ms
04-10 02:17:04.197 1015 1015 I SystemServerTiming: OnBootPhase_550_com.android.server.am.ActivityManagerService$Lifecycle
04-10 02:17:04.197 1015 1015 D SystemServerTiming: OnBootPhase_550_com.android.server.am.ActivityManagerService$Lifecycle took to complete: 1ms
04-10 02:17:04.197 1015 1015 I SystemServerTiming: OnBootPhase_550_com.android.server.pm.DataLoaderManagerService
04-10 02:17:04.197 1015 1015 D SystemServerTiming: OnBootPhase_550_com.android.server.pm.DataLoaderManagerService took to complete: 0ms
04-10 02:17:04.197 1015 1015 I SystemServerTiming: OnBootPhase_550_com.android.server.power.PowerManagerService
04-10 02:17:04.197 1015 1015 D SystemServerTiming: OnBootPhase_550_com.android.server.power.PowerManagerService took to complete: 0ms
04-10 02:17:04.197 1015 1015 I SystemServerTiming: OnBootPhase_550_com.android.server.power.ThermalManagerService
01-01 08:59:47.012 0 0 E : the code is fine but needs lockdep annotation.
01-01 08:59:47.018 0 0 I : CPU: 7 PID: 1641 Comm: kworker/u16:17 Tainted: G S O 4.19.157+ #1
01-01 08:59:47.018 0 0 I Hardware name: Qualcomm Technologies, Inc. kona MTP-RmPM8150b. VX1(MCE) EVT1 (DT)
01-01 08:59:47.018 0 0 I Workqueue: events_unbound ion_system_secure_heap_prefetch_work
01-01 08:59:47.018 0 0 I Call trace:
01-01 08:59:47.018 0 0 I : dump_backtrace+0x0/0x258
01-01 08:59:47.018 0 0 I : show_stack+0x20/0x30
01-01 08:59:47.018 0 0 I : dump_stack+0xd8/0x12c
01-01 08:59:47.018 0 0 I : register_lock_class+0x4d0/0x5c8
01-01 08:59:47.018 0 0 I : __lock_acquire+0xbc/0x1e58
01-01 08:59:47.018 0 0 I : lock_acquire+0x1cc/0x218
01-01 08:59:47.018 0 0 I : _raw_spin_lock_irqsave+0x54/0x98
01-01 08:59:47.018 0 0 I : ion_system_secure_heap_prefetch_work+0x94/0x2c0
01-01 08:59:47.018 0 0 I : process_one_work+0x38c/0x660
01-01 08:59:47.018 0 0 I : worker_thread+0x268/0x4b8
01-01 08:59:47.018 0 0 I : kthread+0x140/0x150
01-01 08:59:47.018 0 0 I : ret_from_fork+0x10/0x1c
04-10 02:17:04.212 1015 1015 I ThermalHalWrapper: Thermal HAL 2.0 service connected.
04-10 02:17:04.212 1015 1015 E ThermalHalWrapper: Couldn't get temperatures because of HAL error: ThermalHAL not initialized properly.
04-10 02:17:04.212 1015 1015 W ThermalManagerService: Thermal HAL reported invalid data, abort connection
04-10 02:17:04.212 1015 1015 E ThermalHalWrapper: Couldn't get temperature thresholds because of HAL error: ThermalHAL not initialized properly.
04-10 02:17:04.212 1015 1015 D SystemServerTiming: OnBootPhase_550_com.android.server.power.ThermalManagerService took to complete: 15ms
04-10 02:17:04.212 1015 1015 I SystemServerTiming: OnBootPhase_550_com.android.server.power.hint.HintManagerService
04-10 02:17:04.212 1015 1015 D SystemServerTiming: OnBootPhase_550_com.android.server.power.hint.HintManagerService took to complete: 0ms
04-10 02:17:04.212 1015 1015 I SystemServerTiming: OnBootPhase_550_com.android.server.recoverysystem.RecoverySystemService$Lifecycle
04-10 02:17:04.213 1015 1015 D SystemServerTiming: OnBootPhase_550_com.android.server.recoverysystem.RecoverySystemService$Lifecycle took to complete: 0ms
04-10 02:17:04.213 1015 1015 I SystemServerTiming: OnBootPhase_550_com.android.server.lights.LightsService
04-10 02:17:04.213 1015 1015 D SystemServerTiming: OnBootPhase_550_com.android.server.lights.LightsService took to complete: 0ms
04-10 02:17:04.213 1015 1015 I SystemServerTiming: OnBootPhase_550_com.android.server.display.DisplayManagerService
04-10 02:17:04.213 1015 1015 D SystemServerTiming: OnBootPhase_550_com.android.server.display.DisplayManagerService took to complete: 0ms
04-10 02:17:04.213 1015 1015 I SystemServerTiming: OnBootPhase_550_com.android.server.pm.verify.domain.DomainVerificationService
04-10 02:17:04.213 1015 1015 D SystemServerTiming: OnBootPhase_550_com.android.server.pm.verify.domain.DomainVerificationService took to complete: 0ms
04-10 02:17:04.213 1015 1015 I SystemServerTiming: OnBootPhase_550_com.android.server.pm.PackageInstallerService$Lifecycle
04-10 02:17:04.213 1015 1015 D SystemServerTiming: OnBootPhase_550_com.android.server.pm.PackageInstallerService$Lifecycle took to complete: 0ms
04-10 02:17:04.213 1015 1015 I SystemServerTiming: OnBootPhase_550_com.android.server.pm.UserManagerService$LifeCycle
04-10 02:17:04.213 1015 1015 D SystemServerTiming: OnBootPhase_550_com.android.server.pm.UserManagerService$LifeCycle took to complete: 0ms
04-10 02:17:04.213 1015 1015 I SystemServerTiming: OnBootPhase_550_com.android.server.om.OverlayManagerService
