04-10 02:17:06.989 1015 1192 I ActivityManager: Start proc 2572:com.android.se/1068 for added application com.android.se
04-10 02:17:06.989 1015 1192 W ActivityManager: Slow operation: 1739ms so far, now at startProcess: starting to update pids map
04-10 02:17:06.990 1015 1192 W ActivityManager: Slow operation: 1739ms so far, now at startProcess: done updating pids map
04-10 02:17:06.990 1015 1192 W ActivityManager: Slow operation: 1738ms so far, now at startProcess: asking zygote to start proc
04-10 02:17:07.011 1015 2148 D CompatibilityChangeReporter: Compat change id reported: 182478738; UID 1073; state: DISABLED
04-10 02:17:07.036 1015 1192 W ActivityManager: Slow operation: 1785ms so far, now at startProcess: returned from zygote!
04-10 02:17:07.036 1015 1192 W ActivityManager: Slow operation: 1785ms so far, now at startProcess: done updating battery stats
04-10 02:17:07.036 1015 1192 I am_proc_start: [0,2579,1000,com.thundercomm.remotecontrolservice,added application,com.thundercomm.remotecontrolservice]
04-10 02:17:07.037 1015 1192 W ActivityManager: Slow operation: 1785ms so far, now at startProcess: building log message
04-10 02:17:07.037 1015 1192 I ActivityManager: Start proc 2579:com.thundercomm.remotecontrolservice/1000 for added application com.thundercomm.remotecontrolservice
04-10 02:17:07.037 1015 1192 W ActivityManager: Slow operation: 1785ms so far, now at startProcess: starting to update pids map
04-10 02:17:07.042 1015 1192 W ActivityManager: Slow operation: 1791ms so far, now at startProcess: done updating pids map
04-10 02:17:07.043 1015 1192 W ActivityManager: Slow operation: 1791ms so far, now at startProcess: asking zygote to start proc
04-10 02:17:07.056 1015 1015 I ConnectivityModuleConnector: Networking module service connected
04-10 02:17:07.064 1015 2148 I StatusBarManagerService: registerStatusBar bar=com.android.internal.statusbar.IStatusBar$Stub$Proxy@283171a
04-10 02:17:07.066 1015 1191 I am_wtf : [0,1015,system_server,-1,Binder,Outgoing transactions from this process must be FLAG_ONEWAY]
04-10 02:17:07.067 1015 1191 I DropBoxManagerService: add tag=system_server_wtf isTagEnabled=true flags=0x2
04-10 02:17:07.120 1015 1192 W ActivityManager: Slow operation: 1869ms so far, now at startProcess: returned from zygote!
04-10 02:17:07.121 1015 1192 W ActivityManager: Slow operation: 1870ms so far, now at startProcess: done updating battery stats
04-10 02:17:07.121 1015 1192 I am_proc_start: [0,2597,1000,com.thundercomm.tcservice,added application,com.thundercomm.tcservice]
04-10 02:17:07.122 1015 1192 W ActivityManager: Slow operation: 1870ms so far, now at startProcess: building log message
04-10 02:17:07.122 1015 1192 I ActivityManager: Start proc 2597:com.thundercomm.tcservice/1000 for added application com.thundercomm.tcservice
04-10 02:17:07.122 1015 1192 W ActivityManager: Slow operation: 1870ms so far, now at startProcess: starting to update pids map
04-10 02:17:07.122 1015 1192 W ActivityManager: Slow operation: 1871ms so far, now at startProcess: done updating pids map
04-10 02:17:07.123 1015 1192 W ActivityManager: Slow operation: 1865ms so far, now at startProcess: asking zygote to start proc
04-10 02:17:07.123 1015 1192 D CompatibilityChangeReporter: Compat change id reported: 143937733; UID 10062; state: ENABLED
04-10 02:17:07.129 2579 2579 I service_manager_slow: [22,activity]
04-10 02:17:07.130 1015 2148 I am_proc_bound: [0,2579,com.thundercomm.remotecontrolservice]
04-10 02:17:07.141 1015 2148 D CompatibilityChangeReporter: Compat change id reported: 168419799; UID 1000; state: DISABLED
04-10 02:17:07.215 1015 1075 I am_proc_bound: [0,2572,com.android.se]
04-10 02:17:07.217 1015 1075 D CompatibilityChangeReporter: Compat change id reported: 168419799; UID 1068; state: DISABLED
01-01 08:59:49.914 0 0 I binder : 2579:2579 ioctl 40046210 7ff41be1f4 returned -22
01-01 08:59:49.944 0 0 I [kworke][0x3efa3c66][02:17:07.133372] wlan: [292:I:HDD] hdd_pm_qos_add_request: 9360: Set cpu_mask 0f for affine_cores
01-01 08:59:49.944 0 0 I [kworke][0x3efa3f6e][02:17:07.133412] wlan: [292:I:HDD] hdd_pm_qos_add_request: 9362: Set cpu_mask 0f for affine_cores
01-01 08:59:49.944 0 0 D cnss : Sending ini sync request, state: 0x17, fw_log_mode: 1
01-01 08:59:49.950 0 0 I [kworke][0x3efc3361][02:17:07.140078] wlan: [292:I:HIF] Initializing Runtime PM wakelock &sc->prevent_linkdown_lock
01-01 08:59:49.951 0 0 I [kworke][0x3efc3816][02:17:07.140140] wlan: [292:I:HIF] hif_pci_enable_bus: con_mode = 0x0, WLAN_SOC_device_id = 0x1101
01-01 08:59:49.951 0 0 I [kworke][0x3efc3c06][02:17:07.140192] wlan: [292:I:HIF] hif_pci_enable_bus: hif_enable_pci done
01-01 08:59:49.951 0 0 I [kworke][0x3efc4d96][02:17:07.140426] wlan: [292:I:HIF] *********** QCA6390 *************
01-01 08:59:49.951 0 0 I [kworke][0x3efc4e3f][02:17:07.140435] wlan: [292:I:HIF] hif_pci_enable_bus: hif_type = 0x12, target_type = 0x17
01-01 08:59:49.951 0 0 I [kworke][0x3efc4ee4][02:17:07.140443] wlan: [292:I:HIF] hif_register_tbl_attach: HIF_TYPE_QCA6390
01-01 08:59:49.951 0 0 I [kworke][0x3efc4f7c][02:17:07.140451] wlan: [292:I:HIF] hif_target_register_tbl_attach: TARGET_TYPE_QCA6390
01-01 08:59:49.951 0 0 I [kworke][0x3efc5014][02:17:07.140459] wlan: [292:I:HIF] hif_pci_enable_bus:Skip tgt_wake up for srng devices
01-01 08:59:49.952 0 0 E [kworke][0x3efcbe90][02:17:07.141932] wlan: [292:E:TXRX] hif_print_hal_shadow_register_cfg: num_config 28
01-01 08:59:49.976 0 0 I [kworke][0x3f03d0c9][02:17:07.166070] wlan: [292:I:TXRX] hif_print_hal_shadow_register_cfg: i 0, val a3b034
01-01 08:59:49.976 0 0 I [kworke][0x3f03d25e][02:17:07.166090] wlan: [292:I:TXRX] hif_print_hal_shadow_register_cfg: i 1, val a3b03c
01-01 08:59:49.976 0 0 I [kworke][0x3f03d354][02:17:07.166103] wlan: [292:I:TXRX] hif_print_hal_shadow_register_cfg: i 2, val a3b044
01-01 08:59:49.976 0 0 I [kworke][0x3f03d436][02:17:07.166114] wlan: [292:I:TXRX] hif_print_hal_shadow_register_cfg: i 3, val a3b04c
01-01 08:59:49.976 0 0 I [kworke][0x3f03d50f][02:17:07.166126] wlan: [292:I:TXRX] hif_print_hal_shadow_register_cfg: i 4, val a3b054
01-01 08:59:49.976 0 0 I [kworke][0x3f03d5f1][02:17:07.166137] wlan: [292:I:TXRX] hif_print_hal_shadow_register_cfg: i 5, val a3b028
01-01 08:59:49.976 0 0 I [kworke][0x3f03d6b5][02:17:07.166148] wlan: [292:I:TXRX] hif_print_hal_shadow_register_cfg: i 6, val a3b020
01-01 08:59:49.977 0 0 I [kworke][0x3f03d759][02:17:07.166156] wlan: [292:I:TXRX] hif_print_hal_shadow_register_cfg: i 7, val a3b06c
01-01 08:59:49.977 0 0 I [kworke][0x3f03d7f6][02:17:07.166164] wlan: [292:I:TXRX] hif_print_hal_shadow_register_cfg: i 8, val a46000
01-01 08:59:49.977 0 0 I [kworke][0x3f03d895][02:17:07.166173] wlan: [292:I:TXRX] hif_print_hal_shadow_register_cfg: i 9, val a46008
01-01 08:59:49.977 0 0 I [kworke][0x3f03d930][02:17:07.166181] wlan: [292:I:TXRX] hif_print_hal_shadow_register_cfg: i 10, val a46010
01-01 08:59:49.977 0 0 I [kworke][0x3f03d9d4][02:17:07.166189] wlan: [292:I:TXRX] hif_print_hal_shadow_register_cfg: i 11, val a46018
01-01 08:59:49.977 0 0 I [kworke][0x3f03da72][02:17:07.166197] wlan: [292:I:TXRX] hif_print_hal_shadow_register_cfg: i 12, val a46034
01-01 08:59:49.977 0 0 I [kworke][0x3f03db08][02:17:07.166205] wlan: [292:I:TXRX] hif_print_hal_shadow_register_cfg: i 13, val a370b0
01-01 08:59:49.977 0 0 I [kworke][0x3f03dba7][02:17:07.166214] wlan: [292:I:TXRX] hif_print_hal_shadow_register_cfg: i 14, val a37018
01-01 08:59:49.977 0 0 I [kworke][0x3f03dc40][02:17:07.166221] wlan: [292:I:TXRX] hif_print_hal_shadow_register_cfg: i 15, val a370c4
01-01 08:59:49.977 0 0 I [kworke][0x3f03dcd8][02:17:07.166229] wlan: [292:I:TXRX] hif_print_hal_shadow_register_cfg: i 16, val a370cc
01-01 08:59:49.977 0 0 I [kworke][0x3f03df2d][02:17:07.166260] wlan: [292:I:TXRX] hif_print_hal_shadow_register_cfg: i 17, val a370d4
01-01 08:59:49.977 0 0 I [kworke][0x3f03dfd4][02:17:07.166269] wlan: [292:I:TXRX] hif_print_hal_shadow_register_cfg: i 18, val a370dc
01-01 08:59:49.977 0 0 I [kworke][0x3f03e069][02:17:07.166277] wlan: [292:I:TXRX] hif_print_hal_shadow_register_cfg: i 19, val a00400
01-01 08:59:49.977 0 0 I [kworke][0x3f03e11f][02:17:07.166287] wlan: [292:I:TXRX] hif_print_hal_shadow_register_cfg: i 20, val a03400
01-01 08:59:49.977 0 0 I [kworke][0x3f03e224][02:17:07.166301] wlan: [292:I:TXRX] hif_print_hal_shadow_register_cfg: i 21, val a0340c
01-01 08:59:49.977 0 0 I [kworke][0x3f03e335][02:17:07.166315] wlan: [292:I:TXRX] hif_print_hal_shadow_register_cfg: i 22, val a05400
01-01 08:59:49.977 0 0 I [kworke][0x3f03e454][02:17:07.166330] wlan: [292:I:TXRX] hif_print_hal_shadow_register_cfg: i 23, val a0540c
01-01 08:59:49.977 0 0 I [kworke][0x3f03e552][02:17:07.166343] wlan: [292:I:TXRX] hif_print_hal_shadow_register_cfg: i 24, val a06400
01-01 08:59:49.977 0 0 I [kworke][0x3f03e648][02:17:07.166355] wlan: [292:I:TXRX] hif_print_hal_shadow_register_cfg: i 25, val a08400
01-01 08:59:49.977 0 0 I [kworke][0x3f03e74c][02:17:07.166369] wlan: [292:I:TXRX] hif_print_hal_shadow_register_cfg: i 26, val a0b400
01-01 08:59:49.977 0 0 I [kworke][0x3f03e80d][02:17:07.166379] wlan: [292:I:TXRX] hif_print_hal_shadow_register_cfg: i 27, val a0b40c
01-01 08:59:49.977 0 0 D cnss : Mode: 0, config: ffffff801a0db7b8, host_version: 5.2.022.10G
01-01 08:59:49.977 0 0 D cnss : Sending WLAN config message, state: 0x17
01-01 08:59:49.978 0 0 D cnss : Sending mode message, mode: MISSION(0), state: 0x17
01-01 08:59:50.002 0 0 I binder : 2572:2572 ioctl 40046210 7ff41be1f4 returned -22
01-01 08:59:50.002 0 0 D cnss : Received QMI WLFW pin connect result indication
01-01 08:59:50.002 0 0 D cnss : Pin connect Result: pwr_pin: 0x1 phy_io_pin: 0x0 rf_io_pin: 0x0
01-01 08:59:50.002 0 0 D cnss : Assign MSI to user: CE, num_vectors: 10, user_base_data: 803, base_vector: 3
01-01 08:59:50.014 0 0 I [kworke][0x3f0eb8fa][02:17:07.203298] wlan: [292:I:HIF] ce_srng_dest_ring_setup: ce_id 1
01-01 08:59:50.014 0 0 D cnss : Assign MSI to user: CE, num_vectors: 10, user_base_data: 803, base_vector: 3
01-01 08:59:50.014 0 0 I [kworke][0x3f0ec677][02:17:07.203478] wlan: [292:I:HIF] ce_srng_status_ring_setup: ce_id 1
01-01 08:59:50.014 0 0 D cnss : Assign MSI to user: CE, num_vectors: 10, user_base_data: 803, base_vector: 3
01-01 08:59:50.014 0 0 I [kworke][0x3f0ed2bb][02:17:07.203641] wlan: [292:I:HIF] ce_srng_dest_ring_setup: ce_id 2
01-01 08:59:50.014 0 0 D cnss : Assign MSI to user: CE, num_vectors: 10, user_base_data: 803, base_vector: 3
01-01 08:59:50.014 0 0 I [kworke][0x3f0edef1][02:17:07.203804] wlan: [292:I:HIF] ce_srng_status_ring_setup: ce_id 2
01-01 08:59:50.014 0 0 D cnss : Assign MSI to user: CE, num_vectors: 10, user_base_data: 803, base_vector: 3
01-01 08:59:50.014 0 0 D cnss : Assign MSI to user: CE, num_vectors: 10, user_base_data: 803, base_vector: 3
04-10 02:17:07.219 1015 1075 I am_uid_active: 1068
01-01 08:59:50.056 0 0 I [kworke][0x3f1b054a][02:17:07.245275] wlan: [292:I:HIF] ce_srng_dest_ring_setup: ce_id 5
04-10 02:17:07.225 1015 1192 W ActivityManager: Slow operation: 1967ms so far, now at startProcess: returned from zygote!
04-10 02:17:07.225 1015 1192 W ActivityManager: Slow operation: 1968ms so far, now at startProcess: done updating battery stats
04-10 02:17:07.225 1015 1192 I am_proc_start: [0,2615,10062,com.qualcomm.qti.devicestatisticsservice,added application,com.qualcomm.qti.devicestatisticsservice]
04-10 02:17:07.225 1015 1192 W ActivityManager: Slow operation: 1968ms so far, now at startProcess: building log message
04-10 02:17:07.225 1015 1192 I ActivityManager: Start proc 2615:com.qualcomm.qti.devicestatisticsservice/u0a62 for added application com.qualcomm.qti.devicestatisticsservice
04-10 02:17:07.225 1015 1192 W ActivityManager: Slow operation: 1968ms so far, now at startProcess: starting to update pids map
04-10 02:17:07.226 1015 1192 W ActivityManager: Slow operation: 1968ms so far, now at startProcess: done updating pids map
04-10 02:17:07.226 1015 1192 W ActivityManager: Slow operation: 1965ms so far, now at startProcess: asking zygote to start proc
04-10 02:17:07.282 1015 1192 W ActivityManager: Slow operation: 2021ms so far, now at startProcess: returned from zygote!
04-10 02:17:07.282 1015 1192 W ActivityManager: Slow operation: 2022ms so far, now at startProcess: done updating battery stats
04-10 02:17:07.282 1015 1192 I am_proc_start: [0,2630,1000,com.qualcomm.qti.qdma,added application,com.qualcomm.qti.qdma]
04-10 02:17:07.282 1015 1192 W ActivityManager: Slow operation: 2022ms so far, now at startProcess: building log message
04-10 02:17:07.282 1015 1192 I ActivityManager: Start proc 2630:com.qualcomm.qti.qdma/1000 for added application com.qualcomm.qti.qdma
04-10 02:17:07.283 1015 1192 W ActivityManager: Slow operation: 2022ms so far, now at startProcess: starting to update pids map
04-10 02:17:07.283 1015 1192 W ActivityManager: Slow operation: 2022ms so far, now at startProcess: done updating pids map
04-10 02:17:07.283 1015 1192 W ActivityManager: Slow operation: 1805ms so far, now at startProcess: asking zygote to start proc
01-01 08:59:50.056 0 0 D cnss : Assign MSI to user: CE, num_vectors: 10, user_base_data: 803, base_vector: 3
01-01 08:59:50.056 0 0 I [kworke][0x3f1b1230][02:17:07.245447] wlan: [292:I:HIF] ce_srng_status_ring_setup: ce_id 5
01-01 08:59:50.056 0 0 D cnss : Assign MSI to user: CE, num_vectors: 10, user_base_data: 803, base_vector: 3
01-01 08:59:50.056 0 0 I [kworke][0x3f1b2964][02:17:07.245757] wlan: [292:I:HIF] hif_configure_irq: E
01-01 08:59:50.056 0 0 D cnss : Assign MSI to user: WAKE, num_vectors: 1, user_base_data: 813, base_vector: 13
01-01 08:59:50.056 0 0 D cnss : Get IRQ number 364 for vector index 13
01-01 08:59:50.057 0 0 D cnss : Assign MSI to user: CE, num_vectors: 10, user_base_data: 803, base_vector: 3
01-01 08:59:50.057 0 0 D cnss : Get IRQ number 354 for vector index 3
01-01 08:59:50.057 0 0 D cnss : Get IRQ number 355 for vector index 4
01-01 08:59:50.060 0 0 D cnss : Get IRQ number 356 for vector index 5
01-01 08:59:50.060 0 0 D cnss : Get IRQ number 357 for vector index 6
01-01 08:59:50.060 0 0 D cnss : Get IRQ number 359 for vector index 8
01-01 08:59:50.060 0 0 D cnss : Get IRQ number 360 for vector index 9
01-01 08:59:50.060 0 0 D cnss : Get IRQ number 362 for vector index 11
01-01 08:59:50.061 0 0 E [kworke][0x3f1c9793][02:17:07.250639] wlan: [292:E:mlme] mlme_init_reg_cfg: 2374: null pdev
01-01 08:59:50.071 0 0 E [kworke][0x3f1f8153][02:17:07.260582] wlan: [292:E:WMI] WMI handle is NULL
01-01 08:59:50.081 0 0 I [kworke][0x3f2275bd][02:17:07.270668] wlan: [292:I:HIF] Initializing Runtime PM wakelock &p2p_soc_obj->roc_runtime_lock
01-01 08:59:50.081 0 0 D cnss : Platform cap_flag is 0x4
01-01 08:59:50.081 0 0 E [kworke][0x3f22794c][02:17:07.270715] wlan: [292:E:QDF] cds_get_context: 1486: Module ID 66 context is Null
01-01 08:59:50.124 0 0 I binder : 2597:2597 ioctl 40046210 7ff41be1f4 returned -22
01-01 08:59:50.132 0 0 I binder : 2615:2615 ioctl 40046210 7ff41be1f4 returned -22
01-01 08:59:50.150 0 0 I binder : 2630:2630 ioctl 40046210 7ff41be1f4 returned -22
04-10 02:17:07.337 2597 2597 I service_manager_slow: [19,activity]
04-10 02:17:07.338 1015 1172 I DropBoxManagerService: add tag=system_app_strictmode isTagEnabled=true flags=0x2
04-10 02:17:07.340 1015 2148 I am_proc_bound: [0,2597,com.thundercomm.tcservice]
04-10 02:17:07.346 1015 2148 D CompatibilityChangeReporter: Compat change id reported: 168419799; UID 1000; state: DISABLED
01-01 08:59:50.185 0 0 I input : Remote Mouse Controller as /devices/virtual/input/input4
04-10 02:17:07.367 1015 1172 I DropBoxManagerService: add tag=system_app_strictmode isTagEnabled=true flags=0x2
04-10 02:17:07.372 1015 1172 I DropBoxManagerService: add tag=system_app_strictmode isTagEnabled=true flags=0x2
04-10 02:17:07.373 1015 2237 I am_proc_bound: [0,2615,com.qualcomm.qti.devicestatisticsservice]
04-10 02:17:07.374 1015 2237 D CompatibilityChangeReporter: Compat change id reported: 168419799; UID 10062; state: DISABLED
04-10 02:17:07.376 1015 2237 I am_uid_active: 10062
04-10 02:17:07.378 1015 1816 I am_proc_bound: [0,2630,com.qualcomm.qti.qdma]
04-10 02:17:07.380 1015 1816 D CompatibilityChangeReporter: Compat change id reported: 168419799; UID 1000; state: DISABLED
01-01 08:59:50.198 0 0 I input : Remote Keyboard Controller as /devices/virtual/input/input5
04-10 02:17:07.389 1015 1192 W ActivityManager: Slow operation: 1911ms so far, now at startProcess: returned from zygote!
04-10 02:17:07.389 1015 1192 W ActivityManager: Slow operation: 1912ms so far, now at startProcess: done updating battery stats
04-10 02:17:07.389 1015 1192 I am_proc_start: [0,2675,1000,com.android.settings,top-activity,{com.android.settings/com.android.settings.FallbackHome}]
04-10 02:17:07.389 1015 1192 W ActivityManager: Slow operation: 1912ms so far, now at startProcess: building log message
04-10 02:17:07.389 1015 1192 I ActivityManager: Start proc 2675:com.android.settings/1000 for top-activity {com.android.settings/com.android.settings.FallbackHome}
04-10 02:17:07.389 1015 1192 W ActivityManager: Slow operation: 1912ms so far, now at startProcess: starting to update pids map
04-10 02:17:07.390 1015 1192 W ActivityManager: Slow operation: 1912ms so far, now at startProcess: done updating pids map
04-10 02:17:07.390 1015 1192 W ActivityManager: Slow operation: 1840ms so far, now at startProcess: asking zygote to start proc
04-10 02:17:07.390 1015 1192 D CompatibilityChangeReporter: Compat change id reported: 143937733; UID 10092; state: ENABLED
04-10 02:17:07.396 1015 1172 I DropBoxManagerService: add tag=system_app_strictmode isTagEnabled=true flags=0x2
01-01 08:59:50.221 0 0 E [kworke][0x3f4b5c46][02:17:07.410275] wlan: [292:E:QDF] cds_get_context: 1486: Module ID 66 context is Null
01-01 08:59:50.236 0 0 I binder : 2572:2572 ioctl 40046210 7ff41bd1a4 returned -22
01-01 08:59:50.250 0 0 I [kworke][0x3f53d71a][02:17:07.439220] wlan: [292:I:HIF] Initializing Runtime PM wakelock &psoc_wakelock->wmi_cmd_rsp_runtime_lock
01-01 08:59:50.255 0 0 F [kworke][0x3f5562e3][02:17:07.444498] wlan: [292:F:WMA] WMA --> wmi_unified_attach - success
01-01 08:59:50.267 0 0 I [kworke][0x3f58d381][02:17:07.456238] wlan: [292:I:HIF] Initializing Runtime PM wakelock &vdev->vdev_set_key_runtime_wakelock
01-01 08:59:50.267 0 0 I [kworke][0x3f58f18b][02:17:07.456639] wlan: [292:I:HIF] Initializing Runtime PM wakelock &vdev->vdev_set_key_runtime_wakelock
01-01 08:59:50.267 0 0 I [kworke][0x3f5915c3][02:17:07.457122] wlan: [292:I:HIF] Initializing Runtime PM wakelock &vdev->vdev_set_key_runtime_wakelock
01-01 08:59:50.268 0 0 I [kworke][0x3f59321b][02:17:07.457500] wlan: [292:I:HIF] Initializing Runtime PM wakelock &vdev->vdev_set_key_runtime_wakelock
01-01 08:59:50.268 0 0 I [kworke][0x3f595424][02:17:07.457953] wlan: [292:I:HIF] Initializing Runtime PM wakelock &vdev->vdev_set_key_runtime_wakelock
01-01 08:59:50.269 0 0 I [kworke][0x3f5975a8][02:17:07.458400] wlan: [292:I:HIF] Initializing Runtime PM wakelock &vdev->vdev_set_key_runtime_wakelock
01-01 08:59:50.271 0 0 I [kworke][0x3f5a3eb4][02:17:07.461081] wlan: [292:I:HIF] Initializing Runtime PM wakelock &wma_handle->wmi_cmd_rsp_runtime_lock
01-01 08:59:50.271 0 0 I [kworke][0x3f5a4202][02:17:07.461125] wlan: [292:I:HIF] Initializing Runtime PM wakelock &wma_handle->sap_prevent_runtime_pm_lock
04-10 02:17:07.471 1420 1420 I auditd : type=1400 audit(0.0:148): avc: denied { read } for comm="tzlog" name="qsee_log" dev="debugfs" ino=9157 scontext=u:r:np_thundercomm_tlog:s0 tcontext=u:object_r:debugfs:s0 tclass=file permissive=1
04-10 02:17:07.471 1420 1420 I auditd : type=1400 audit(0.0:149): avc: denied { open } for comm="tzlog" path="/sys/kernel/debug/tzdbg/qsee_log" dev="debugfs" ino=9157 scontext=u:r:np_thundercomm_tlog:s0 tcontext=u:object_r:debugfs:s0 tclass=file permissive=1
01-01 08:59:50.296 0 0 I binder : 2675:2675 ioctl 40046210 7ff41be1f4 returned -22
01-01 08:59:50.323 0 0 E [kworke][0x3f694f38][02:17:07.512501] wlan: [292:E:QDF] htc_wait_target: 684: Target Ready! TX resource : 1 size:2176, MaxMsgsPerHTCBundle = 1
04-10 02:17:07.502 1015 1192 W ActivityManager: Slow operation: 1953ms so far, now at startProcess: returned from zygote!
04-10 02:17:07.503 1015 1192 W ActivityManager: Slow operation: 1953ms so far, now at startProcess: done updating battery stats
04-10 02:17:07.503 1015 1192 I am_proc_start: [0,2701,10092,android.ext.services,service,{android.ext.services/android.ext.services.autofill.InlineSuggestionRenderServiceImpl}]
04-10 02:17:07.503 1015 1192 W ActivityManager: Slow operation: 1953ms so far, now at startProcess: building log message
04-10 02:17:07.503 1015 1192 I ActivityManager: Start proc 2701:android.ext.services/u0a92 for service {android.ext.services/android.ext.services.autofill.InlineSuggestionRenderServiceImpl}
04-10 02:17:07.503 1015 1192 W ActivityManager: Slow operation: 1953ms so far, now at startProcess: starting to update pids map
04-10 02:17:07.503 1015 1192 W ActivityManager: Slow operation: 1954ms so far, now at startProcess: done updating pids map
04-10 02:17:07.503 1015 1192 W ActivityManager: Slow operation: 1737ms so far, now at startProcess: asking zygote to start proc
04-10 02:17:07.504 1015 1192 D CompatibilityChangeReporter: Compat change id reported: 143937733; UID 10063; state: ENABLED
04-10 02:17:07.521 2675 2675 I service_manager_slow: [28,activity]
01-01 08:59:50.337 0 0 E [kworke][0x3f6d7c53][02:17:07.526756] wlan: [292:E:QDF] htc_setup_target_buffer_assignments: 576: SVS Index : 1 TX : 0x100 : alloc:1
04-10 02:17:07.525 1015 2148 I am_proc_bound: [0,2675,com.android.settings]
01-01 08:59:50.351 0 0 D cnss : Assign MSI to user: DP, num_vectors: 18, user_base_data: 814, base_vector: 14
01-01 08:59:50.362 0 0 I [kworke][0x3f74bb7c][02:17:07.551493] wlan: [292:I:HIF] +hif_update_pipe_callback pipeid 5
01-01 08:59:50.362 0 0 I [kworke][0x3f74bd62][02:17:07.551517] wlan: [292:I:HIF] -hif_update_pipe_callback
01-01 08:59:50.362 0 0 D cnss : Assign MSI to user: DP, num_vectors: 18, user_base_data: 814, base_vector: 14
04-10 02:17:07.541 1015 2148 D CompatibilityChangeReporter: Compat change id reported: 168419799; UID 1000; state: DISABLED
04-10 02:17:07.545 1015 2148 I wm_restart_activity: [0,38096225,2,com.android.settings/.FallbackHome]
04-10 02:17:07.550 1015 1192 W ActivityManager: Slow operation: 1783ms so far, now at startProcess: returned from zygote!
04-10 02:17:07.553 1015 2148 I wm_set_resumed_activity: [0,com.android.settings/.FallbackHome,minimalResumeActivityLocked]
01-01 08:59:50.367 0 0 E [kworke][0x3f7657a0][02:17:07.556986] wlan: [292:E:DP] dp_srng_get_str_from_hal_ring_type: 7726: Invalid ring type
01-01 08:59:50.381 0 0 D cnss : Assign MSI to user: DP, num_vectors: 18, user_base_data: 814, base_vector: 14
01-01 08:59:50.381 0 0 D cnss : Assign MSI to user: DP, num_vectors: 18, user_base_data: 814, base_vector: 14
01-01 08:59:50.381 0 0 D cnss : Assign MSI to user: DP, num_vectors: 18, user_base_data: 814, base_vector: 14
01-01 08:59:50.381 0 0 D cnss : Assign MSI to user: DP, num_vectors: 18, user_base_data: 814, base_vector: 14
01-01 08:59:50.382 0 0 D cnss : Assign MSI to user: DP, num_vectors: 18, user_base_data: 814, base_vector: 14
01-01 08:59:50.382 0 0 D cnss : Assign MSI to user: DP, num_vectors: 18, user_base_data: 814, base_vector: 14
01-01 08:59:50.382 0 0 D cnss : Assign MSI to user: DP, num_vectors: 18, user_base_data: 814, base_vector: 14
01-01 08:59:50.382 0 0 D cnss : Assign MSI to user: DP, num_vectors: 18, user_base_data: 814, base_vector: 14
01-01 08:59:50.382 0 0 I [kworke][0x3f7ab6f9][02:17:07.571911] wlan: [292:I:DP] dp_tx_soc_attach Tx Desc Alloc num_pool = 4, descs = 4096
01-01 08:59:50.383 0 0 I [kworke][0x3f7ace48][02:17:07.572222] wlan: [292:I:DP] dp_tx_soc_attach MSDU Ext Desc Alloc 4, descs = 4096
01-01 08:59:50.383 0 0 I [kworke][0x3f7aee73][02:17:07.572651] wlan: [292:I:DP] dp_tx_soc_attach HAL Tx init Success
01-01 08:59:50.383 0 0 D cnss : Assign MSI to user: DP, num_vectors: 18, user_base_data: 814, base_vector: 14
01-01 08:59:50.383 0 0 D cnss : Assign MSI to user: DP, num_vectors: 18, user_base_data: 814, base_vector: 14
01-01 08:59:50.383 0 0 I [kworke][0x3f7b0738][02:17:07.572981] wlan: [292:I:DP] dp_soc_cmn_setup: 3274: num_reo_dest_rings 4
01-01 08:59:50.383 0 0 D cnss : Assign MSI to user: DP, num_vectors: 18, user_base_data: 814, base_vector: 14
01-01 08:59:50.383 0 0 D cnss : Assign MSI to user: DP, num_vectors: 18, user_base_data: 814, base_vector: 14
01-01 08:59:50.384 0 0 D cnss : Assign MSI to user: DP, num_vectors: 18, user_base_data: 814, base_vector: 14
01-01 08:59:50.384 0 0 D cnss : Assign MSI to user: DP, num_vectors: 18, user_base_data: 814, base_vector: 14
01-01 08:59:50.384 0 0 D cnss : Assign MSI to user: DP, num_vectors: 18, user_base_data: 814, base_vector: 14
01-01 08:59:50.384 0 0 D cnss : Assign MSI to user: DP, num_vectors: 18, user_base_data: 814, base_vector: 14
01-01 08:59:50.384 0 0 D cnss : Assign MSI to user: DP, num_vectors: 18, user_base_data: 814, base_vector: 14
01-01 08:59:50.384 0 0 D cnss : Assign MSI to user: DP, num_vectors: 18, user_base_data: 814, base_vector: 14
01-01 08:59:50.384 0 0 D cnss : Assign MSI to user: DP, num_vectors: 18, user_base_data: 814, base_vector: 14
01-01 08:59:50.385 0 0 D cnss : Assign MSI to user: DP, num_vectors: 18, user_base_data: 814, base_vector: 14
01-01 08:59:50.385 0 0 D cnss : Assign MSI to user: DP, num_vectors: 18, user_base_data: 814, base_vector: 14
01-01 08:59:50.385 0 0 I [kworke][0x3f7b8685][02:17:07.574678] wlan: [292:I:HAL] hal_reo_set_err_dst_remap_6390: 1024: HWIO_REO_R0_ERROR_DESTINATION_MAPPING_IX_0 0x28005b6d
01-01 08:59:50.385 0 0 D cnss : Assign MSI to user: DP, num_vectors: 18, user_base_data: 814, base_vector: 14
01-01 08:59:50.385 0 0 D cnss : Assign MSI to user: DP, num_vectors: 18, user_base_data: 814, base_vector: 14
01-01 08:59:50.385 0 0 D cnss : Assign MSI to user: DP, num_vectors: 18, user_base_data: 814, base_vector: 14
01-01 08:59:50.385 0 0 D cnss : Assign MSI to user: DP, num_vectors: 18, user_base_data: 814, base_vector: 14
01-01 08:59:50.385 0 0 D cnss : Assign MSI to user: DP, num_vectors: 18, user_base_data: 814, base_vector: 14
01-01 08:59:50.385 0 0 D cnss : Assign MSI to user: DP, num_vectors: 18, user_base_data: 814, base_vector: 14
01-01 08:59:50.409 0 0 I binder : 2701:2701 ioctl 40046210 7ff41be1f4 returned -22
01-01 08:59:50.433 0 0 I binder : 2597:2597 ioctl 40046210 7ff41bcd64 returned -22
04-10 02:17:07.565 1015 1192 W ActivityManager: Slow operation: 1799ms so far, now at startProcess: done updating battery stats
04-10 02:17:07.566 1015 1192 I am_proc_start: [0,2709,10063,com.thundercomm.gamemode.provider,content provider,{com.thundercomm.gamemode.provider/com.thundercomm.gamemode.provider.SettingsProvider}]
04-10 02:17:07.566 1015 1192 W ActivityManager: Slow operation: 1799ms so far, now at startProcess: building log message
04-10 02:17:07.567 1015 1192 I ActivityManager: Start proc 2709:com.thundercomm.gamemode.provider/u0a63 for content provider {com.thundercomm.gamemode.provider/com.thundercomm.gamemode.provider.SettingsProvider}
04-10 02:17:07.568 1015 1192 W ActivityManager: Slow operation: 1801ms so far, now at startProcess: starting to update pids map
04-10 02:17:07.578 1015 1192 W ActivityManager: Slow operation: 1811ms so far, now at startProcess: done updating pids map
04-10 02:17:07.578 1015 1192 W ActivityManager: Slow operation: 1148ms so far, now at startProcess: asking zygote to start proc
04-10 02:17:07.579 1015 1192 D CompatibilityChangeReporter: Compat change id reported: 143937733; UID 10071; state: ENABLED
04-10 02:17:07.627 1015 1816 I am_proc_bound: [0,2701,android.ext.services]
04-10 02:17:07.632 1015 2148 D PowerManagerNotifier: onWakeLockReleased: flags=1, tag="AudioMix", packageName=audioserver, ownerUid=1041, ownerPid=0, workSource=null
04-10 02:17:07.632 1015 2148 D DisplayPowerController[0]: requestPowerState: policy=BRIGHT, useProximitySensor=false, screenBrightnessOverride=1.0, useAutoBrightness=false, screenAutoBrightnessAdjustmentOverride=NaN, screenLowPowerBrightnessFactor=1.0, blockScreenOn=false, lowPowerMode=false, boostScreenBrightness=false, dozeScreenBrightness=NaN, dozeScreenState=UNKNOWN, waitForNegativeProximity=false
04-10 02:17:07.632 1015 2148 D PowerManagerNotifier: onScreenPolicyUpdate: newPolicy=3
04-10 02:17:07.633 1015 2237 D PowerManagerNotifier: onWakeLockReleased: flags=1, tag="AudioMix", packageName=audioserver, ownerUid=1041, ownerPid=0, workSource=null
04-10 02:17:07.633 1015 2237 D DisplayPowerController[0]: requestPowerState: policy=BRIGHT, useProximitySensor=false, screenBrightnessOverride=1.0, useAutoBrightness=false, screenAutoBrightnessAdjustmentOverride=NaN, screenLowPowerBrightnessFactor=1.0, blockScreenOn=false, lowPowerMode=false, boostScreenBrightness=false, dozeScreenBrightness=NaN, dozeScreenState=UNKNOWN, waitForNegativeProximity=false
04-10 02:17:07.633 1015 2237 D PowerManagerNotifier: onScreenPolicyUpdate: newPolicy=3
04-10 02:17:07.633 1015 2237 D PowerManagerNotifier: onWakeLockReleased: flags=1, tag="AudioMix", packageName=audioserver, ownerUid=1041, ownerPid=0, workSource=null
04-10 02:17:07.634 1015 2237 D DisplayPowerController[0]: requestPowerState: policy=BRIGHT, useProximitySensor=false, screenBrightnessOverride=1.0, useAutoBrightness=false, screenAutoBrightnessAdjustmentOverride=NaN, screenLowPowerBrightnessFactor=1.0, blockScreenOn=false, lowPowerMode=false, boostScreenBrightness=false, dozeScreenBrightness=NaN, dozeScreenState=UNKNOWN, waitForNegativeProximity=false
04-10 02:17:07.634 1015 2237 D PowerManagerNotifier: onScreenPolicyUpdate: newPolicy=3
04-10 02:17:07.634 1015 1816 D CompatibilityChangeReporter: Compat change id reported: 168419799; UID 10092; state: DISABLED
04-10 02:17:07.637 1015 1816 I am_uid_active: 10092
04-10 02:17:07.638 1015 2237 D PowerManagerNotifier: onWakeLockReleased: flags=1, tag="AudioMix", packageName=audioserver, ownerUid=1041, ownerPid=0, workSource=null
04-10 02:17:07.638 1015 2237 D DisplayPowerController[0]: requestPowerState: policy=BRIGHT, useProximitySensor=false, screenBrightnessOverride=1.0, useAutoBrightness=false, screenAutoBrightnessAdjustmentOverride=NaN, screenLowPowerBrightnessFactor=1.0, blockScreenOn=false, lowPowerMode=false, boostScreenBrightness=false, dozeScreenBrightness=NaN, dozeScreenState=UNKNOWN, waitForNegativeProximity=false
04-10 02:17:07.638 1015 2237 D PowerManagerNotifier: onScreenPolicyUpdate: newPolicy=3
04-10 02:17:07.653 1015 1192 W ActivityManager: Slow operation: 1222ms so far, now at startProcess: returned from zygote!
04-10 02:17:07.658 1015 1077 D CompatibilityChangeReporter: Compat change id reported: 168419799; UID 10078; state: DISABLED
04-10 02:17:07.669 1015 1192 W ActivityManager: Slow operation: 1238ms so far, now at startProcess: done updating battery stats
04-10 02:17:07.669 1015 1192 I am_proc_start: [0,2733,10071,com.android.launcher3,service,{com.android.launcher3/com.android.quickstep.TouchInteractionService}]
04-10 02:17:07.669 1015 1192 W ActivityManager: Slow operation: 1238ms so far, now at startProcess: building log message
04-10 02:17:07.669 1015 1192 I ActivityManager: Start proc 2733:com.android.launcher3/u0a71 for service {com.android.launcher3/com.android.quickstep.TouchInteractionService}
04-10 02:17:07.669 1015 1192 W ActivityManager: Slow operation: 1239ms so far, now at startProcess: starting to update pids map
04-10 02:17:07.670 1015 1192 W ActivityManager: Slow operation: 1239ms so far, now at startProcess: done updating pids map
04-10 02:17:07.678 2597 2597 W ContextImpl: Calling a method in the system process without a qualified user: android.app.ContextImpl.startService:1816 android.content.ContextWrapper.startService:774 com.thundercomm.tcservice.TCService.init:46 com.thundercomm.tcservice.TCService.onCreate:33 android.app.ActivityThread.handleCreateService:4488
01-01 08:59:50.526 0 0 I binder : 2733:2733 ioctl 40046210 7ff41be1f4 returned -22
04-10 02:17:07.751 1015 2237 I am_proc_bound: [0,2733,com.android.launcher3]
04-10 02:17:07.752 1015 2237 D CompatibilityChangeReporter: Compat change id reported: 168419799; UID 10071; state: DISABLED
04-10 02:17:07.754 1015 2237 I am_uid_active: 10071
01-01 08:59:50.597 0 0 I binder : 2630:2630 ioctl 40046210 7ff41bc1d4 returned -22
01-01 08:59:50.611 0 0 I binder : 2709:2709 ioctl 40046210 7ff41be1f4 returned -22
04-10 02:17:07.807 1015 2148 I am_proc_bound: [0,2709,com.thundercomm.gamemode.provider]
04-10 02:17:07.808 1015 2148 D CompatibilityChangeReporter: Compat change id reported: 168419799; UID 10063; state: DISABLED
04-10 02:17:07.809 1015 2148 I am_uid_active: 10063
04-10 02:17:07.841 1015 1172 I DropBoxManagerService: add tag=system_app_strictmode isTagEnabled=true flags=0x2
04-10 02:17:07.842 1015 1172 I DropBoxManagerService: add tag=system_app_strictmode isTagEnabled=true flags=0x2
04-10 02:17:07.851 1015 1015 I ExplicitHealthCheckController: Explicit health check service is connected ComponentInfo{android.ext.services/android.ext.services.watchdog.ExplicitHealthCheckServiceImpl}
04-10 02:17:07.851 1015 1015 I ExplicitHealthCheckController: Service initialized, syncing requests
04-10 02:17:07.852 1015 1015 I PackageWatchdog: Syncing health check requests for packages: {}
04-10 02:17:07.852 1015 1015 D ExplicitHealthCheckController: Getting health check supported packages
04-10 02:17:07.861 2675 2675 I wm_on_create_called: [38096225,com.android.settings.FallbackHome,performCreate]
04-10 02:17:07.862 1015 1172 I DropBoxManagerService: add tag=system_app_strictmode isTagEnabled=true flags=0x2
04-10 02:17:07.863 2675 2675 I wm_on_start_called: [38096225,com.android.settings.FallbackHome,handleStartActivity]
04-10 02:17:07.864 2675 2675 I wm_on_resume_called: [38096225,com.android.settings.FallbackHome,RESUME_ACTIVITY]
04-10 02:17:07.865 1015 1172 I DropBoxManagerService: add tag=system_app_strictmode isTagEnabled=true flags=0x2
04-10 02:17:07.884 1015 1015 V NotificationAssistants: 0 notification assistant service connected: ComponentInfo{android.ext.services/android.ext.services.notification.Assistant}
04-10 02:17:07.891 1015 2769 I ExplicitHealthCheckController: Explicit health check supported packages [PackageConfig{com.android.networkstack, 86400000}]
04-10 02:17:07.891 1015 2769 D PackageWatchdog: Received supported packages [PackageConfig{com.android.networkstack, 86400000}]
04-10 02:17:07.891 1015 2769 D ExplicitHealthCheckController: Getting health check requested packages
04-10 02:17:07.891 2675 2675 I wm_on_top_resumed_gained_called: [38096225,com.android.settings.FallbackHome,topStateChangedWhenResumed]
04-10 02:17:07.893 1015 2769 I ExplicitHealthCheckController: Explicit health check requested packages []
04-10 02:17:07.895 1015 2769 I ExplicitHealthCheckController: No more health check requests, unbinding...
04-10 02:17:07.900 1015 2769 I ExplicitHealthCheckController: Explicit health check service is unbound
04-10 02:17:07.910 1015 1174 I input_focus: [Focus request c0ab3aa com.android.settings/com.android.settings.FallbackHome,reason=UpdateInputWindows]
04-10 02:17:07.923 2080 2080 D SystemUIBootTiming: StartServicescom.android.systemui.statusbar.phone.StatusBar took to complete: 1167ms
04-10 02:17:07.931 2080 2080 D SystemUIBootTiming: StartServicescom.android.systemui.usb.StorageNotification took to complete: 9ms
04-10 02:17:07.935 2080 2356 W ActivityThread: Failed to find provider info for com.android.contacts (user not unlocked)
04-10 02:17:07.948 1015 1172 I DropBoxManagerService: add tag=system_app_strictmode isTagEnabled=true flags=0x2
04-10 02:17:07.948 2080 2080 D SystemUIBootTiming: StartServicescom.android.systemui.power.PowerUI took to complete: 17ms
04-10 02:17:07.954 2080 2080 D SystemUIBootTiming: StartServicescom.android.systemui.media.RingtonePlayer took to complete: 5ms
04-10 02:17:07.954 1015 1172 I DropBoxManagerService: add tag=system_app_strictmode isTagEnabled=true flags=0x2
04-10 02:17:07.957 2080 2080 D SystemUIBootTiming: StartServicescom.android.systemui.keyboard.KeyboardUI took to complete: 3ms
04-10 02:17:07.957 1015 1172 I DropBoxManagerService: add tag=system_app_strictmode isTagEnabled=true flags=0x2
04-10 02:17:07.960 2080 2080 D SystemUIBootTiming: StartServicescom.android.systemui.shortcut.ShortcutKeyDispatcher took to complete: 3ms
04-10 02:17:07.960 2080 2080 D SystemUIBootTiming: StartServicescom.android.systemui.VendorServices took to complete: 0ms
04-10 02:17:07.961 2080 2080 D SystemUIBootTiming: StartServicescom.android.systemui.util.leak.GarbageMonitor$Service took to complete: 1ms
04-10 02:17:07.961 2080 2080 D SystemUIBootTiming: StartServicescom.android.systemui.LatencyTester took to complete: 1ms
04-10 02:17:07.961 1015 1172 I DropBoxManagerService: add tag=system_app_strictmode isTagEnabled=true flags=0x2
04-10 02:17:07.966 2080 2080 D SystemUIBootTiming: StartServicescom.android.systemui.globalactions.GlobalActionsComponent took to complete: 5ms
04-10 02:17:07.969 2080 2080 D SystemUIBootTiming: StartServicescom.android.systemui.ScreenDecorations took to complete: 2ms
04-10 02:17:07.976 2080 2080 D SystemUIBootTiming: StartServicescom.android.systemui.biometrics.AuthController took to complete: 7ms
04-10 02:17:07.976 2080 2080 D SystemUIBootTiming: StartServicescom.android.systemui.SliceBroadcastRelayHandler took to complete: 0ms
01-01 08:59:50.789 0 0 I binder : 2675:2777 ioctl 40046210 70af6d41f4 returned -22
04-10 02:17:07.978 2080 2080 D SystemUIBootTiming: StartServicescom.android.systemui.statusbar.notification.InstantAppNotifier took to complete: 2ms
04-10 02:17:07.985 2080 2080 D SystemUIBootTiming: StartServicescom.android.systemui.theme.ThemeOverlayController took to complete: 6ms
04-10 02:17:07.986 2080 2080 D SystemUIBootTiming: StartServicescom.android.systemui.accessibility.WindowMagnification took to complete: 0ms
04-10 02:17:07.997 2080 2080 D SystemUIBootTiming: StartServicescom.android.systemui.accessibility.SystemActions took to complete: 11ms
04-10 02:17:07.997 2080 2080 D SystemUIBootTiming: StartServicescom.android.systemui.toast.ToastUI took to complete: 0ms
04-10 02:17:07.999 2080 2080 D SystemUIBootTiming: StartServicescom.android.systemui.wmshell.WMShell took to complete: 1ms
04-10 02:17:08.025 1015 1173 I ActivityManagerTiming: FinishBooting
04-10 02:17:08.025 1015 2088 I am_uid_running: 10086
04-10 02:17:08.026 1015 2088 D CompatibilityChangeReporter: Compat change id reported: 135634846; UID 10086; state: DISABLED
04-10 02:17:08.026 1015 2088 D CompatibilityChangeReporter: Compat change id reported: 177438394; UID 10086; state: DISABLED
04-10 02:17:08.027 1015 2088 D CompatibilityChangeReporter: Compat change id reported: 135772972; UID 10086; state: DISABLED
04-10 02:17:08.027 1015 2088 D CompatibilityChangeReporter: Compat change id reported: 135754954; UID 10086; state: ENABLED
04-10 02:17:08.028 1015 1192 D CompatibilityChangeReporter: Compat change id reported: 143937733; UID 10086; state: ENABLED
04-10 02:17:08.029 1015 1173 I boot_progress_enable_screen: 49234
04-10 02:17:08.031 1015 1173 I screen_toggled: 1
04-10 02:17:08.040 1015 1173 W KeyguardServiceDelegate: onScreenTurningOn(): no keyguard service!
01-01 08:59:50.868 0 0 E bt_ioctl: BT_CMD_PWR_CTRL pwr_cntrl:2
01-01 08:59:50.873 0 0 E bt_vreg_unvote: vreg_unvote successful for : qca,bt-vdd-rfa2
01-01 08:59:50.880 0 0 E bt_vreg_unvote: vreg_unvote successful for : qca,bt-vdd-rfa1
01-01 08:59:50.888 0 0 E bt_vreg_unvote: vreg_unvote successful for : qca,bt-vdd-dig
01-01 08:59:50.895 0 0 E bt_vreg_unvote: vreg_unvote successful for : qca,bt-vdd-aon
04-10 02:17:08.085 2080 2080 D SystemUIBootTiming: StartServicescom.android.systemui.ShowWindowUtil took to complete: 87ms
04-10 02:17:08.103 2080 2080 D SystemUIBootTiming: StartServices took to complete: 1925ms
01-01 08:59:50.926 0 0 I [kworke][0x401a06c4][02:17:08.115695] wlan: [292:I:DP] Peer pool init
01-01 08:59:50.926 0 0 W [kworke][0x401a1388][02:17:08.115865] wlan: [292:W:DP] dp_rx_pdev_mon_attach: pdev attach id=0
04-10 02:17:08.139 1015 1172 I DropBoxManagerService: add tag=system_app_strictmode isTagEnabled=true flags=0x2
01-01 08:59:50.958 0 0 D cnss : Assign MSI to user: DP, num_vectors: 18, user_base_data: 814, base_vector: 14
01-01 08:59:50.958 0 0 D cnss : Get IRQ number 365 for vector index 14
01-01 08:59:50.959 0 0 D cnss : Assign MSI to user: DP, num_vectors: 18, user_base_data: 814, base_vector: 14
01-01 08:59:50.959 0 0 D cnss : Get IRQ number 366 for vector index 15
01-01 08:59:50.959 0 0 D cnss : Assign MSI to user: DP, num_vectors: 18, user_base_data: 814, base_vector: 14
01-01 08:59:50.959 0 0 D cnss : Get IRQ number 367 for vector index 16
01-01 08:59:50.959 0 0 D cnss : Assign MSI to user: DP, num_vectors: 18, user_base_data: 814, base_vector: 14
01-01 08:59:50.959 0 0 D cnss : Get IRQ number 368 for vector index 17
01-01 08:59:50.959 0 0 D cnss : Assign MSI to user: DP, num_vectors: 18, user_base_data: 814, base_vector: 14
01-01 08:59:50.959 0 0 D cnss : Assign MSI to user: DP, num_vectors: 18, user_base_data: 814, base_vector: 14
01-01 08:59:50.959 0 0 D cnss : Get IRQ number 370 for vector index 19
01-01 08:59:50.959 0 0 D cnss : Assign MSI to user: DP, num_vectors: 18, user_base_data: 814, base_vector: 14
01-01 08:59:50.959 0 0 D cnss : Get IRQ number 371 for vector index 20
04-10 02:17:08.151 1015 1172 I DropBoxManagerService: add tag=system_app_strictmode isTagEnabled=true flags=0x2
04-10 02:17:08.157 1015 1172 I DropBoxManagerService: add tag=system_app_strictmode isTagEnabled=true flags=0x2
04-10 02:17:08.174 1015 1192 W ActivityManager: Slow operation: 148ms so far, now at startProcess: returned from zygote!
04-10 02:17:08.174 1015 1192 W ActivityManager: Slow operation: 149ms so far, now at startProcess: done updating battery stats
04-10 02:17:08.174 1015 1192 I am_proc_start: [0,2828,10086,com.qualcomm.qti.qccauthmgr,content provider,{com.qualcomm.qti.qccauthmgr/com.qualcomm.qti.qccauthmgr.providers.SMQContentProvider}]
04-10 02:17:08.174 1015 1192 W ActivityManager: Slow operation: 149ms so far, now at startProcess: building log message
04-10 02:17:08.174 1015 1192 I ActivityManager: Start proc 2828:com.qualcomm.qti.qccauthmgr/u0a86 for content provider {com.qualcomm.qti.qccauthmgr/com.qualcomm.qti.qccauthmgr.providers.SMQContentProvider}
04-10 02:17:08.174 1015 1192 W ActivityManager: Slow operation: 149ms so far, now at startProcess: starting to update pids map
04-10 02:17:08.176 1015 1192 W ActivityManager: Slow operation: 150ms so far, now at startProcess: done updating pids map
01-01 08:59:50.989 0 0 E [kworke][0x402c68b8][02:17:08.178441] wlan: [292:E:HIF] hif_pci_ce_irq_set_affinity_hint: 3708: Unable to set cpu mask for offline CPU 0
01-01 08:59:51.014 0 0 I [kworke][0x4033d553][02:17:08.203782] wlan: [1906:I:WMA] wma_rx_service_ready_event: Firmware build version : 101a0521
01-01 08:59:51.014 0 0 I [kworke][0x4033d7ab][02:17:08.203814] wlan: [1906:I:WMA] wma_rx_service_ready_event: Board id: 0, Board version: 8 0 0 0 6
01-01 08:59:51.024 0 0 I [kworke][0x4036d50a][02:17:08.214019] wlan: [1906:I:WMA] wma_is_dbs_mandatory: 5417: MAC0 does not support both bands 2 DBS is mandatory
01-01 08:59:51.024 0 0 E [kworke][0x4036dd9c][02:17:08.214133] wlan: [1906:E:QDF] copy_fw_abi_version_tlv: 6979: copy_fw_abi_version_tlv: INIT_CMD version: 1, 0, 0x5f414351, 0x4c4d, 0x0, 0x0
04-10 02:17:08.238 1015 1689 W ProcessCpuTracker: Failed to stat(/proc/2800): android.system.ErrnoException: stat failed: ENOENT (No such file or directory)
04-10 02:17:08.238 1015 1689 W ProcessCpuTracker: Skipping unknown process pid 2800
04-10 02:17:08.253 1015 1015 D BluetoothManagerService: Bluetooth Adapter address changed to C8:D9:D2:06:D8:22
04-10 02:17:08.254 1015 1015 D BluetoothManagerService: Stored Bluetoothaddress: C8:D9:D2:06:D8:22
04-10 02:17:08.255 1015 1015 D BluetoothManagerService: Bluetooth Adapter name changed to 高合娱乐副屏 by android
04-10 02:17:08.255 1015 1015 D BluetoothManagerService: Stored Bluetooth name: 高合娱乐副屏
04-10 02:17:08.260 1015 1015 D BluetoothManagerService: Bluetooth Adapter address changed to C8:D9:D2:06:D8:22
04-10 02:17:08.261 1015 1015 D BluetoothManagerService: Stored Bluetoothaddress: C8:D9:D2:06:D8:22
04-10 02:17:08.275 1015 1172 D BluetoothManagerService: MESSAGE_BLUETOOTH_STATE_CHANGE: BLE_TURNING_ON > BLE_ON
04-10 02:17:08.275 1015 1172 D BluetoothManagerService: Bluetooth is in LE only mode
04-10 02:17:08.275 1015 1172 D BluetoothManagerService: Binding Bluetooth GATT service
04-10 02:17:08.277 1015 1172 D BluetoothManagerService: Sending BLE State Change: BLE_TURNING_ON > BLE_ON
04-10 02:17:08.278 1015 1015 D CompanionDeviceManagerService: Received BT state transition broadcast: BLE_TURNING_ON -> BLE_ON
04-10 02:17:08.279 1015 1015 I CompanionDeviceManagerService: startBleScan()
04-10 02:17:08.279 1015 1015 I CompanionDeviceManagerService: Read associations from disk: {0=[]}
04-10 02:17:08.279 1015 1015 D BluetoothManagerService: BluetoothServiceConnection: com.android.bluetooth.gatt.GattService
04-10 02:17:08.280 1015 1172 D BluetoothManagerService: MESSAGE_BLUETOOTH_SERVICE_CONNECTED: 2
04-10 02:17:08.280 1015 1172 D BluetoothManagerService: continueFromBleOnState()
04-10 02:17:08.285 1015 1172 D BluetoothManagerService: Persisting Bluetooth Setting: 1
04-10 02:17:08.286 1015 1172 D BluetoothManagerService: MESSAGE_BLUETOOTH_STATE_CHANGE: BLE_ON > TURNING_ON
04-10 02:17:08.286 1015 1172 D BluetoothManagerService: Sending BLE State Change: BLE_ON > TURNING_ON
04-10 02:17:08.287 1015 1172 D BluetoothManagerService: Sending State Change: OFF > TURNING_ON
04-10 02:17:08.287 1015 1015 D CompanionDeviceManagerService: Received BT state transition broadcast: BLE_ON -> TURNING_ON
01-01 08:59:51.107 0 0 I binder : 2828:2828 ioctl 40046210 7ff41be1f4 returned -22
04-10 02:17:08.307 1015 2782 I am_proc_bound: [0,2828,com.qualcomm.qti.qccauthmgr]
04-10 02:17:08.309 1015 2782 D CompatibilityChangeReporter: Compat change id reported: 168419799; UID 10086; state: DISABLED
04-10 02:17:08.310 1015 2782 I am_uid_active: 10086
04-10 02:17:08.312 1015 1077 D TelephonyRegistry: listen oscl: mHasNotifySubscriptionInfoChangedOccurred==false no callback
04-10 02:17:08.345 1015 1955 I GameModeConfig: isGameModeOn = false
04-10 02:17:08.345 1015 1955 I GameModeConfig: isGameModeOn = false --------- beginning of main
04-10 02:17:08.354 2062 2062 V Avrcp_ext: updatePlaybackState (1): old=PlaybackState {state=0, position=-1, buffered position=0, speed=0.0, updated=49544, actions=0, custom actions=[], active item id=-1, error=null}(0), new=PlaybackState {state=2, position=-1, buffered position=0, speed=0.0, updated=49559, actions=0, custom actions=[], active item id=-1, error=null}(2)
04-10 02:17:08.355 2062 2062 I Avrcp_ext: Exit updatePlayStatusForDevice
04-10 02:17:08.355 2062 2062 D HeadsetService: isAudioOn: The number of audio connected devices 0
04-10 02:17:08.355 2062 2062 D HeadsetService: isScoOrCallActive(): Call Active:falseCall is Ringing:falseSCO is Active:false
04-10 02:17:08.355 2062 2062 D HeadsetService: isAudioOn: The number of audio connected devices 0
04-10 02:17:08.355 2062 2062 I Avrcp_ext: updatePlayStatusForDevice: device: null
04-10 02:17:08.355 2062 2062 V Avrcp_ext: updatePlaybackState (1): old=PlaybackState {state=0, position=-1, buffered position=0, speed=0.0, updated=49544, actions=0, custom actions=[], active item id=-1, error=null}(0), new=PlaybackState {state=2, position=-1, buffered position=0, speed=0.0, updated=49559, actions=0, custom actions=[], active item id=-1, error=null}(2)
04-10 02:17:08.355 2062 2062 I Avrcp_ext: Exit updatePlayStatusForDevice
04-10 02:17:08.355 2062 2062 D HeadsetService: isAudioOn: The number of audio connected devices 0
04-10 02:17:08.355 2062 2062 D HeadsetService: isScoOrCallActive(): Call Active:falseCall is Ringing:falseSCO is Active:false
04-10 02:17:08.355 2062 2062 D HeadsetService: isAudioOn: The number of audio connected devices 0
04-10 02:17:08.355 2062 2062 I Avrcp_ext: updatePlayStatusForDevice: device: null
04-10 02:17:08.355 2062 2062 V Avrcp_ext: updatePlaybackState (1): old=PlaybackState {state=0, position=-1, buffered position=0, speed=0.0, updated=49544, actions=0, custom actions=[], active item id=-1, error=null}(0), new=PlaybackState {state=2, position=-1, buffered position=0, speed=0.0, updated=49559, actions=0, custom actions=[], active item id=-1, error=null}(2)
04-10 02:17:08.355 2062 2062 I Avrcp_ext: Exit updatePlayStatusForDevice
04-10 02:17:08.355 2062 2062 D HeadsetService: isAudioOn: The number of audio connected devices 0
04-10 02:17:08.355 2062 2062 D HeadsetService: isScoOrCallActive(): Call Active:falseCall is Ringing:falseSCO is Active:false
04-10 02:17:08.355 2062 2062 D HeadsetService: isAudioOn: The number of audio connected devices 0
04-10 02:17:08.355 2062 2062 I Avrcp_ext: updatePlayStatusForDevice: device: null
04-10 02:17:08.356 2062 2062 V Avrcp_ext: updatePlaybackState (1): old=PlaybackState {state=0, position=-1, buffered position=0, speed=0.0, updated=49544, actions=0, custom actions=[], active item id=-1, error=null}(0), new=PlaybackState {state=2, position=-1, buffered position=0, speed=0.0, updated=49559, actions=0, custom actions=[], active item id=-1, error=null}(2)
04-10 02:17:08.356 2062 2062 I Avrcp_ext: Exit updatePlayStatusForDevice
04-10 02:17:08.356 2062 2062 D HeadsetService: isAudioOn: The number of audio connected devices 0
04-10 02:17:08.356 2062 2062 D HeadsetService: isScoOrCallActive(): Call Active:falseCall is Ringing:falseSCO is Active:false
04-10 02:17:08.356 2062 2062 D HeadsetService: isAudioOn: The number of audio connected devices 0
04-10 02:17:08.356 2062 2062 I Avrcp_ext: updatePlayStatusForDevice: device: null
