04-10 02:17:30.187 4121 4121 I hiphi_update_api: Hh_GetVersion calling ......
04-10 02:17:30.187 4121 4121 I hiphi_update_api: get version:01.00.X103_20230410_private_userdebug
04-10 02:17:30.187 4121 4121 I hiphi_update_api: Hh_GetVersion ret:0
04-10 02:17:30.274 650 660 I mpu_uart: [MSG-P:RECV]:No message received in 1000 ms
04-10 02:17:30.361 4121 4121 E vota : [78d174f8]: [vota]: [scheduler]: finish coroutine(0x7f7772e158)
04-10 02:17:30.361 4121 4121 E vota : [78d174f8]: [vota]: [scheduler]: switch to original coroutine
04-10 02:17:30.361 4121 4121 E vota : [78d174f8]: [vota]: [scheduler]: switch to coroutine(0x7f77826ca0) from coroutine(0x7f7772e158)
04-10 02:17:30.361 4121 4121 E vota : [78d174f8]: [vota]: [scheduler]: [loop]: ready 0
04-10 02:17:30.362 4121 4121 E vota : [78d174f8]: [vota]: [coroutine]: exit: 0x7f7772e158
04-10 02:17:30.355 4121 4121 I auditd : type=1400 audit(0.0:199): avc: denied { read append } for comm="hht_ota_mgr" name="NvmSim_yy.dat" dev="dm-6" ino=362 scontext=u:r:hht_ota_mgr:s0 tcontext=u:object_r:system_data_file:s0 tclass=file permissive=0
04-10 02:17:30.355 4121 4121 W hht_ota_mgr: type=1400 audit(0.0:199): avc: denied { read append } for name="NvmSim_yy.dat" dev="dm-6" ino=362 scontext=u:r:hht_ota_mgr:s0 tcontext=u:object_r:system_data_file:s0 tclass=file permissive=0
04-10 02:17:30.362 4121 4121 E vota : [78d174f8]: [vota]: [lock_profiler]: lock: 0xb400007d18d6e8ac, name: allocator, occupied: 0
04-10 02:17:30.362 4121 4121 E vota : [78d174f8]: [vota]: [lock_profiler]: lock: 0xb400007d08d7b494, name: native_large_allocator, occupied: 0
04-10 02:17:30.362 4121 4121 E vota : [78d174f8]: [vota]: [small_allocator]:
04-10 02:17:30.362 4121 4121 E vota : [78d174f8]: [vota]: [static_fixed_pool]: [16]: peak_size: 288, wast_rate: 4074/10000, pred_failed: 0, item_maxn: 245, free_count: 18, malloc_count: 18
04-10 02:17:30.362 4121 4121 E vota : [78d174f8]: [vota]: [static_fixed_pool]: [96]: peak_size: 2208, wast_rate: 1028/10000, pred_failed: 0, item_maxn: 248, free_count: 23, malloc_count: 23
04-10 02:17:30.362 4121 4121 E vota : [78d174f8]: [vota]: [static_fixed_pool]: [128]: peak_size: 9216, wast_rate: 791/10000, pred_failed: 0, item_maxn: 249, free_count: 72, malloc_count: 72
04-10 02:17:30.362 4121 4121 E vota : [78d174f8]: [vota]: [static_fixed_pool]: [192]: peak_size: 2112, wast_rate: 541/10000, pred_failed: 0, item_maxn: 250, free_count: 11, malloc_count: 11
04-10 02:17:30.362 4121 4121 E vota : [78d174f8]: [vota]: [static_fixed_pool]: [256]: peak_size: 256, wast_rate: 411/10000, pred_failed: 0, item_maxn: 251, free_count: 1, malloc_count: 1
04-10 02:17:30.362 4121 4121 E vota : [78d174f8]: [vota]: [static_fixed_pool]: [384]: peak_size: 5376, wast_rate: 278/10000, pred_failed: 0, item_maxn: 252, free_count: 14, malloc_count: 14
01-01 09:00:13.180 0 0 I init : Service 'hht_ota_mgr_service' (pid 4121) exited with status 0
04-10 02:17:30.362 4121 4121 E vota : [78d174f8]: [vota]: [static_fixed_pool]: [512]: peak_size: 5632, wast_rate: 210/10000, pred_failed: 0, item_maxn: 253, free_count: 11, malloc_count: 11
04-10 02:17:30.362 4121 4121 E vota : [78d174f8]: [vota]: [static_fixed_pool]: [1024]: peak_size: 2048, wast_rate: 106/10000, pred_failed: 0, item_maxn: 254, free_count: 2, malloc_count: 2
04-10 02:17:30.362 4121 4121 E vota : [78d174f8]: [vota]: [native_large_allocator]:
01-01 09:00:13.180 0 0 I init : Sending signal 9 to service 'hht_ota_mgr_service' (pid 4121) process group...
04-10 02:17:30.362 4121 4121 E vota : [78d174f8]: [vota]: [native_large_allocator]: peak_size: 3373986
04-10 02:17:30.362 4121 4121 E vota : [78d174f8]: [vota]: [native_large_allocator]: wast_rate: 4/10000
04-10 02:17:30.362 4121 4121 E vota : [78d174f8]: [vota]: [native_large_allocator]: free_count: 52
04-10 02:17:30.362 4121 4121 E vota : [78d174f8]: [vota]: [native_large_allocator]: malloc_count: 52
04-10 02:17:30.362 4121 4121 E vota : [78d174f8]: [vota]: [native_large_allocator]: ralloc_count: 0
04-10 02:17:30.362 4121 4121 E vota : [78d174f8]: [vota]: exit: ok
01-01 09:00:13.182 0 0 I libprocessgroup: Successfully killed process cgroup uid 0 pid 4121 in 2ms
04-10 02:17:30.578 4075 4075 I MSP-JNI : JNI_OnLoad called
04-10 02:17:30.579 4075 4075 E MSP-JNI : Failed to get class in Jload
04-10 02:17:30.579 4075 4075 I MSP-JNI : FindClass - com/qualcomm/ltebc/LTEBroadcastService JNI EXCEPTION CLEARED
04-10 02:17:30.580 4075 4075 I MSP-JNI : JNI_OnLoad: Initializing File Delivery references
04-10 02:17:30.580 4075 4075 I MSP-JNI : FindClass CARRIER_SPECIFIC_CLASS_DEFINITION JNI EXCEPTION CLEARED
04-10 02:17:30.580 4075 4075 I MSP-JNI : JNI_OnLoad: Completed File Delivery initialization
04-10 02:17:30.583 4075 4075 I LTE Application: LTEApplicationCreate
04-10 02:17:30.584 4075 4075 I LTE Application: applicationContext : com.qualcomm.ltebc.LTEQTIApplication@caf0e23
04-10 02:17:30.589 4075 4075 I LTE QMI Link: Creating QMI Link
04-10 02:17:30.591 4075 4075 D LTE Application: packageName = com.qti.ltebc versionCode = 5401010 versionName = MSDC_LA_5.4.01.01.0
04-10 02:17:30.592 4075 4075 I LTE Application: LTE Broadcast Library Release Version = MSDC_LA_5.4.01.01.0
04-10 02:17:30.592 4075 4075 D LTE Application: IntentSender : Last intent Status NOT_SENT forcedBroadcast flag = true
04-10 02:17:30.592 4075 4075 D LTE Application: sendBroadcastIntent IntentAction : Sending com.qualcomm.intent.EMBMS_STATUS ACTIVE = false
04-10 02:17:30.596 4075 4075 W SOCKET : ConnectionManager constructor has been initialised
04-10 02:17:30.596 4075 4075 E System : Ignoring attempt to set property "java.net.preferIPv6Addresses" to value "false".
04-10 02:17:30.600 4075 4075 D LTE Application: Android API Version 31
04-10 02:17:30.600 4075 4075 I LTE Application: Package Name : com.qti.ltebc
04-10 02:17:30.604 4075 4075 I LTE Application: app is not whitelisted
04-10 02:17:30.609 4075 4075 I LTE Broadcast Receiver: Broadcast Receiver Received intent : Intent { act=android.intent.action.MEDIA_MOUNTED dat=file:///storage/emulated/0 flg=0x5000010 cmp=com.qti.ltebc/com.qualcomm.ltebc.LTEBroadcastReceiver (has extras) }
04-10 02:17:30.610 4075 4075 I LTE Broadcast Receiver: Handled media mounted or unmounted event
04-10 02:17:30.610 4075 4075 E LTE Broadcast Receiver: Received media mounted event when MSP is not initialized
04-10 02:17:30.610 4075 4075 I LTE Application: getStartupReason - startup_reason: STARTUP_REASON_NOTSET
04-10 02:17:30.610 4075 4075 I LTE Broadcast Receiver: Middleware is started due to media event..exiting app
04-10 02:17:30.617 4075 4075 I com.qti.ltebc: System.exit called, status: 0
04-10 02:17:30.617 4075 4075 I AndroidRuntime: VM exiting with result code 0, cleanup skipped.
04-10 02:17:30.767 2298 2386 W System.err: java.net.NoRouteToHostException: Host unreachable
04-10 02:17:30.768 2298 2386 W System.err: at libcore.io.IoBridge.connect(IoBridge.java:183)
04-10 02:17:30.768 2298 2386 W System.err: at java.net.PlainSocketImpl.socketConnect(PlainSocketImpl.java:142)
04-10 02:17:30.768 2298 2386 W System.err: at java.net.AbstractPlainSocketImpl.doConnect(AbstractPlainSocketImpl.java:390)
04-10 02:17:30.768 2298 2386 W System.err: at java.net.AbstractPlainSocketImpl.connectToAddress(AbstractPlainSocketImpl.java:230)
04-10 02:17:30.769 2298 2386 W System.err: at java.net.AbstractPlainSocketImpl.connect(AbstractPlainSocketImpl.java:212)
04-10 02:17:30.769 2298 2386 W System.err: at java.net.SocksSocketImpl.connect(SocksSocketImpl.java:436)
04-10 02:17:30.769 2298 2386 W System.err: at java.net.Socket.connect(Socket.java:621)
04-10 02:17:30.769 2298 2386 W System.err: at java.net.Socket.connect(Socket.java:570)
04-10 02:17:30.769 2298 2386 W System.err: at java.net.Socket.(Socket.java:450)
04-10 02:17:30.769 2298 2386 W System.err: at java.net.Socket.(Socket.java:292)
04-10 02:17:30.769 2298 2386 W System.err: at com.thundercomm.microservice.base.BaseMicroSocketClient.createClientSocket(BaseMicroSocketClient.java:20)
04-10 02:17:30.769 2298 2386 W System.err: at com.thundercomm.microservice.MicroSocketClient.serialSendMessage(MicroSocketClient.java:79)
04-10 02:17:30.770 2298 2386 W System.err: at com.thundercomm.microservice.MicroSocketClient.lambda$handShark$1$MicroSocketClient(MicroSocketClient.java:94)
04-10 02:17:30.770 2298 2386 W System.err: at com.thundercomm.microservice.MicroSocketClient$$ExternalSyntheticLambda0.run(Unknown Source:4)
04-10 02:17:30.770 2298 2386 W System.err: at java.lang.Thread.run(Thread.java:920)
04-10 02:17:30.770 2298 2386 E MicroService: DTC_ETH: BaseMicroSocketClient:createClientSocket() java.net.NoRouteToHostException: Host unreachable
04-10 02:17:30.815 1015 2898 I ActivityManager: Process com.qti.ltebc (pid 4075) has died: fg RCVR
04-10 02:17:30.816 1015 1197 I libprocessgroup: Successfully killed process cgroup uid 10074 pid 4075 in 1ms
04-10 02:17:30.817 1015 2898 I am_proc_died: [0,4075,com.qti.ltebc,0,11]
04-10 02:17:30.818 1015 2898 I am_broadcast_discard_app: [0,257958759,android.intent.action.MEDIA_MOUNTED,2,ResolveInfo{45847f8 com.qti.ltebc/com.qualcomm.ltebc.LTEBroadcastReceiver m=0x208000}]
04-10 02:17:30.820 1015 2898 I am_uid_stopped: 10074
04-10 02:17:30.828 1015 1191 I am_uid_running: 10074
04-10 02:17:30.828 1015 1191 D CompatibilityChangeReporter: Compat change id reported: 135634846; UID 10074; state: DISABLED
04-10 02:17:30.829 1015 1191 D CompatibilityChangeReporter: Compat change id reported: 177438394; UID 10074; state: DISABLED
04-10 02:17:30.829 1015 1191 D CompatibilityChangeReporter: Compat change id reported: 135772972; UID 10074; state: DISABLED
04-10 02:17:30.829 1015 1191 D CompatibilityChangeReporter: Compat change id reported: 135754954; UID 10074; state: ENABLED
04-10 02:17:30.830 1015 1192 D CompatibilityChangeReporter: Compat change id reported: 143937733; UID 10074; state: ENABLED
04-10 02:17:30.870 1015 2100 D BufferPoolAccessor2.0: evictor expired: 2, evicted: 0
04-10 02:17:30.887 676 676 D Zygote : Forked child process 4125
04-10 02:17:30.888 676 676 I Zygote : Process 4075 exited cleanly (0)
04-10 02:17:30.889 1015 1192 W ActivityManager: Slow operation: 61ms so far, now at startProcess: returned from zygote!
04-10 02:17:30.889 1015 1192 W ActivityManager: Slow operation: 61ms so far, now at startProcess: done updating battery stats
04-10 02:17:30.889 1015 1192 I am_proc_start: [0,4125,10074,com.qti.ltebc,broadcast,{com.qti.ltebc/com.qualcomm.ltebc.LTEBroadcastReceiver}]
04-10 02:17:30.889 1015 1192 W ActivityManager: Slow operation: 61ms so far, now at startProcess: building log message
04-10 02:17:30.889 1015 1192 I ActivityManager: Start proc 4125:com.qti.ltebc/u0a74 for broadcast {com.qti.ltebc/com.qualcomm.ltebc.LTEBroadcastReceiver}
04-10 02:17:30.889 1015 1192 W ActivityManager: Slow operation: 62ms so far, now at startProcess: starting to update pids map
04-10 02:17:30.889 1015 1192 W ActivityManager: Slow operation: 62ms so far, now at startProcess: done updating pids map
04-10 02:17:30.918 3044 3956 W hpplay-java: [ServerTaskManager]:IPManager:getActiveNets invalid networkInfo:null
04-10 02:17:30.918 3044 3956 I hpplay-java: [ServerTaskManager]:IPManager:getActiveNets eth0:false wifi:false mobile:false ap:false
04-10 02:17:30.919 3044 3956 I hpplay-java: [ServerTaskManager]:ServerTaskManager:get local ip:null
04-10 02:17:30.938 2924 2936 I adbd : jdwp connection from 4125
04-10 02:17:30.940 4125 4125 D ProcessState: Binder ioctl to enable oneway spam detection failed: Invalid argument
01-01 09:00:13.751 0 0 I binder : 4125:4125 ioctl 40046210 7ff41be1f4 returned -22
04-10 02:17:30.953 1015 2898 I am_proc_bound: [0,4125,com.qti.ltebc]
04-10 02:17:30.953 1015 2898 D CompatibilityInfo: mCompatibilityFlags - 4
04-10 02:17:30.954 1015 2898 D CompatibilityInfo: applicationDensity - 240
04-10 02:17:30.954 1015 2898 D CompatibilityInfo: applicationScale - 1.0
04-10 02:17:30.956 1015 2898 I am_uid_active: 10074
04-10 02:17:30.957 1015 2898 D CompatibilityInfo: mCompatibilityFlags - 4
04-10 02:17:30.957 1015 2898 D CompatibilityInfo: applicationDensity - 240
04-10 02:17:30.957 1015 2898 D CompatibilityInfo: applicationScale - 1.0
04-10 02:17:30.966 4125 4125 D CompatibilityChangeReporter: Compat change id reported: 171979766; UID 10074; state: ENABLED
04-10 02:17:31.029 4125 4125 I Perf : Connecting to perf service.
04-10 02:17:31.039 4125 4125 V GraphicsEnvironment: ANGLE Developer option for 'com.qti.ltebc' set to: 'default'
04-10 02:17:31.041 4125 4125 V GraphicsEnvironment: ANGLE GameManagerService for com.qti.ltebc: false
04-10 02:17:31.044 4125 4125 D NetworkSecurityConfig: Using Network Security Config from resource network_security_config debugBuild: false
04-10 02:17:31.047 4125 4125 D NetworkSecurityConfig: Using Network Security Config from resource network_security_config debugBuild: false
04-10 02:17:31.049 4125 4125 D LTE Application: getLibraryName = msp
04-10 02:17:31.275 650 660 I mpu_uart: [MSG-P:RECV]:No message received in 1000 ms
04-10 02:17:31.310 1015 1187 I am_pss : [2999,10084,com.qualcomm.qtil.aptxui,7296000,5742592,0,92262400,0,19,13]
04-10 02:17:31.332 1015 1187 I am_pss : [2675,1000,com.android.settings,31884288,17682432,0,149098496,0,19,15]
04-10 02:17:31.349 1015 1187 I am_pss : [2701,10092,android.ext.services,13191168,5767168,0,127418368,0,5,12]
04-10 02:17:31.728 2411 4105 D TlogClient_LogCollectService: === FINISH to package logs ===
04-10 02:17:31.770 2298 2386 D MicroService: send handshake message, currentTryAccount=9
04-10 02:17:31.922 3044 3956 W hpplay-java: [ServerTaskManager]:IPManager:getActiveNets invalid networkInfo:null
04-10 02:17:31.923 3044 3956 I hpplay-java: [ServerTaskManager]:IPManager:getActiveNets eth0:false wifi:false mobile:false ap:false
04-10 02:17:31.923 3044 3956 I hpplay-java: [ServerTaskManager]:ServerTaskManager:get local ip:null
04-10 02:17:32.277 650 660 I mpu_uart: [MSG-P:RECV]:No message received in 1000 ms
04-10 02:17:32.277 650 659 I mpu_uart: [MSG-P:R]:recv sync frame timeout
04-10 02:17:32.383 1015 1172 D CompatibilityInfo: mCompatibilityFlags - 4
04-10 02:17:32.383 1015 1172 D CompatibilityInfo: applicationDensity - 240
04-10 02:17:32.383 1015 1172 D CompatibilityInfo: applicationScale - 1.0
04-10 02:17:32.409 1015 1187 I am_pss : [3310,10077,com.qualcomm.location.XT,6365184,4644864,0,94224384,0,6,13]
04-10 02:17:32.516 2579 2579 D RemoteControlService: startVlanDispatchThread
04-10 02:17:32.927 3044 3956 W hpplay-java: [ServerTaskManager]:IPManager:getActiveNets invalid networkInfo:null
04-10 02:17:32.928 3044 3956 I hpplay-java: [ServerTaskManager]:IPManager:getActiveNets eth0:false wifi:false mobile:false ap:false
04-10 02:17:32.928 3044 3956 I hpplay-java: [ServerTaskManager]:ServerTaskManager:get local ip:null
04-10 02:17:33.277 650 660 I mpu_uart: [MSG-P:RECV]:No message received in 1000 ms
04-10 02:17:33.627 1015 1187 I am_pss : [3496,1000,com.qualcomm.qti.qmmi,6933504,5328896,0,92643328,0,19,12]
04-10 02:17:33.647 1015 1187 I am_pss : [3410,10034,com.baidu.input,69877760,64237568,0,177647616,0,7,16]
04-10 02:17:33.663 1015 1187 I am_pss : [3367,10035,com.android.traceur,10359808,8667136,0,97890304,0,19,12]
04-10 02:17:33.678 1015 1187 I am_pss : [3265,1000,com.android.keychain,8269824,6647808,0,94384128,0,19,12]
04-10 02:17:33.843 2298 2386 W System.err: java.net.NoRouteToHostException: Host unreachable
04-10 02:17:33.844 2298 2386 W System.err: at libcore.io.IoBridge.connect(IoBridge.java:183)
04-10 02:17:33.844 2298 2386 W System.err: at java.net.PlainSocketImpl.socketConnect(PlainSocketImpl.java:142)
04-10 02:17:33.844 2298 2386 W System.err: at java.net.AbstractPlainSocketImpl.doConnect(AbstractPlainSocketImpl.java:390)
04-10 02:17:33.844 2298 2386 W System.err: at java.net.AbstractPlainSocketImpl.connectToAddress(AbstractPlainSocketImpl.java:230)
04-10 02:17:33.844 2298 2386 W System.err: at java.net.AbstractPlainSocketImpl.connect(AbstractPlainSocketImpl.java:212)
04-10 02:17:33.844 2298 2386 W System.err: at java.net.SocksSocketImpl.connect(SocksSocketImpl.java:436)
04-10 02:17:33.844 2298 2386 W System.err: at java.net.Socket.connect(Socket.java:621)
04-10 02:17:33.844 2298 2386 W System.err: at java.net.Socket.connect(Socket.java:570)
04-10 02:17:33.844 2298 2386 W System.err: at java.net.Socket.(Socket.java:450)
04-10 02:17:33.844 2298 2386 W System.err: at java.net.Socket.(Socket.java:292)
04-10 02:17:33.845 2298 2386 W System.err: at com.thundercomm.microservice.base.BaseMicroSocketClient.createClientSocket(BaseMicroSocketClient.java:20)
04-10 02:17:33.845 2298 2386 W System.err: at com.thundercomm.microservice.MicroSocketClient.serialSendMessage(MicroSocketClient.java:79)
04-10 02:17:33.845 2298 2386 W System.err: at com.thundercomm.microservice.MicroSocketClient.lambda$handShark$1$MicroSocketClient(MicroSocketClient.java:94)
04-10 02:17:33.845 2298 2386 W System.err: at com.thundercomm.microservice.MicroSocketClient$$ExternalSyntheticLambda0.run(Unknown Source:4)
04-10 02:17:33.845 2298 2386 W System.err: at java.lang.Thread.run(Thread.java:920)
04-10 02:17:33.845 2298 2386 E MicroService: DTC_ETH: BaseMicroSocketClient:createClientSocket() java.net.NoRouteToHostException: Host unreachable
04-10 02:17:33.932 3044 3956 W hpplay-java: [ServerTaskManager]:IPManager:getActiveNets invalid networkInfo:null
04-10 02:17:33.932 3044 3956 I hpplay-java: [ServerTaskManager]:IPManager:getActiveNets eth0:false wifi:false mobile:false ap:false
04-10 02:17:33.932 3044 3956 I hpplay-java: [ServerTaskManager]:ServerTaskManager:get local ip:null
04-10 02:17:34.278 650 660 I mpu_uart: [MSG-P:RECV]:No message received in 1000 ms
04-10 02:17:34.367 1015 1955 I GameModeConfig: isGameModeOn = false
04-10 02:17:34.367 1015 1955 I GameModeConfig: isGameModeOn = false
01-01 09:00:17.606 0 0 E DTC_ETH,link_delay_work_func: 3003, SQI=0, link=0
04-10 02:17:34.845 2298 2386 D MicroService: send handshake message, currentTryAccount=10
04-10 02:17:34.937 3044 3956 W hpplay-java: [ServerTaskManager]:IPManager:getActiveNets invalid networkInfo:null
04-10 02:17:34.937 3044 3956 I hpplay-java: [ServerTaskManager]:IPManager:getActiveNets eth0:false wifi:false mobile:false ap:false
04-10 02:17:34.937 3044 3956 I hpplay-java: [ServerTaskManager]:ServerTaskManager:get local ip:null
01-01 09:00:17.927 0 0 I init : starting service 'hht_ota_mgr_service'...
04-10 02:17:35.136 1134 1134 D BootAnimation: type:2 0 0 1
04-10 02:17:35.146 1287 1287 D NuPlayerDriver: stop(0xe6381f50)
04-10 02:17:35.147 1287 3730 D NuPlayerDriver: reset(0xe6381f50) at state 8
01-01 09:00:18.022 0 0 I : VideoDecMsgThre (2051) used greatest stack depth: 8168 bytes left
04-10 02:17:35.209 1334 1334 I OMX-VDEC-1080P: omx_vdec::component_deinit() complete
04-10 02:17:35.217 1334 1334 I OMX-VDEC-1080P: Exit OMX vdec Destructor: fd=7
01-01 09:00:18.027 0 0 I msm_vidc: high: 00000001: h264d: Closed video instance: ffffffc35759c000
04-10 02:17:35.222 1287 1815 D SurfaceUtils: disconnecting from surface 0xe5b01948, reason disconnectFromSurface
04-10 02:17:35.231 4162 4162 E vota : [2b62e4f8]: [vota]: init: ..
04-10 02:17:35.232 4162 4162 E vota : [2b62e4f8]: [vota]: [warning]: the java machine be not inited, please pass it to the tb_init function! at tb_android_init_env(): 43, src/vota/platform/android/android.c
04-10 02:17:35.235 4162 4162 E vota : [2b62e4f8]: [vota]: version: tbox_v1_6_7_202302251411_arm64-v8a_elf by Android (8481493, based on r416183c2) Clang 12.0.9 (https://android.googlesource.com/toolchain/llvm-project c935d99d7cf2016289302412d708641d52d2f7ee)
04-10 02:17:35.235 4162 4162 E vota : [2b62e4f8]: [vota]: init: ok
04-10 02:17:35.235 4162 4162 E vota : [2b62e4f8]: [vota]: [scheduler]: start ..
04-10 02:17:35.235 4162 4162 E vota : [2b62e4f8]: [vota]: [coroutine]: init 0x7d2a046158
04-10 02:17:35.235 4162 4162 E vota : [2b62e4f8]: [vota]: [scheduler]: start ok
04-10 02:17:35.235 4162 4162 E vota : [2b62e4f8]: [vota]: [scheduler]: switch to coroutine(0x7d2a046158) from coroutine(0x7d2a13dca0)
04-10 02:17:35.235 4162 4162 E vota : [2b62e4f8]: [vota]: [coroutine]: entry: 0x7d2a046158 stack: 0x7d2a0461b8 - 0x7d2a0861b8 from coroutine(0x7d2a13dca0)
04-10 02:17:35.236 1287 1814 D SurfaceUtils: connecting to surface 0xe5b01948, reason onShutdown
04-10 02:17:35.236 4162 4162 I hiphi_update_api: Hh_GetVersion calling ......
04-10 02:17:35.237 4162 4162 I hiphi_update_api: get version:01.00.X103_20230410_private_userdebug
04-10 02:17:35.237 4162 4162 I hiphi_update_api: Hh_GetVersion ret:0
04-10 02:17:35.246 1287 1795 D NuPlayerDriver: notifyResetComplete(0xe6381f50)
04-10 02:17:35.246 1287 3730 D SurfaceUtils: disconnecting from surface 0xe5b03278, reason disconnectNativeWindow
04-10 02:17:35.247 1287 3730 W AMessage: failed to post message as target looper for handler 0 is gone.
04-10 02:17:35.251 1134 1146 E libEGL : eglDestroySurfaceImpl:853 error 300d (EGL_BAD_SURFACE)
04-10 02:17:35.257 1134 1134 D BootAnimation: BootAnimationStopTiming start time: 76462ms
04-10 02:17:35.278 650 660 I mpu_uart: [MSG-P:RECV]:No message received in 1000 ms
04-10 02:17:35.278 650 659 I mpu_uart: [MSG-P:R]:recv sync frame timeout
04-10 02:17:35.291 1134 1134 I BpBinder: onLastStrongRef automatically unlinking death recipients:
01-01 09:00:18.137 0 0 I binder : undelivered transaction 68518, process died.
01-01 09:00:18.139 0 0 I init : Service 'bootanim' (pid 1134) exited with status 0 oneshot service took 41.099998 seconds in background
01-01 09:00:18.139 0 0 I init : Sending signal 9 to service 'bootanim' (pid 1134) process group...
01-01 09:00:18.140 0 0 I libprocessgroup: Successfully killed process cgroup uid 1003 pid 1134 in 0ms
04-10 02:17:35.394 1015 1187 I am_pss : [2733,10071,com.android.launcher3,92297216,81219584,0,219082752,0,2,15]
04-10 02:17:35.409 1015 1187 I am_pss : [2828,10086,com.qualcomm.qti.qccauthmgr,6261760,4378624,0,95748096,0,19,12]
04-10 02:17:35.413 4162 4162 E vota : [2b62e4f8]: [vota]: [scheduler]: finish coroutine(0x7d2a046158)
04-10 02:17:35.413 4162 4162 E vota : [2b62e4f8]: [vota]: [scheduler]: switch to original coroutine
04-10 02:17:35.413 4162 4162 E vota : [2b62e4f8]: [vota]: [scheduler]: switch to coroutine(0x7d2a13dca0) from coroutine(0x7d2a046158)
04-10 02:17:35.413 4162 4162 E vota : [2b62e4f8]: [vota]: [scheduler]: [loop]: ready 0
04-10 02:17:35.414 4162 4162 E vota : [2b62e4f8]: [vota]: [coroutine]: exit: 0x7d2a046158
04-10 02:17:35.414 4162 4162 E vota : [2b62e4f8]: [vota]: [lock_profiler]:
04-10 02:17:35.414 4162 4162 E vota : [2b62e4f8]: [vota]: [lock_profiler]: lock: 0xb400007ad150f48c, name: allocator, occupied: 0
04-10 02:17:35.414 4162 4162 E vota : [2b62e4f8]: [vota]: [lock_profiler]: lock: 0xb400007ac150d5b4, name: native_large_allocator, occupied: 0
04-10 02:17:35.414 4162 4162 E vota : [2b62e4f8]: [vota]: [small_allocator]:
04-10 02:17:35.414 4162 4162 E vota : [2b62e4f8]: [vota]: [static_fixed_pool]: [16]: peak_size: 288, wast_rate: 4074/10000, pred_failed: 0, item_maxn: 245, free_count: 18, malloc_count: 18
04-10 02:17:35.414 4162 4162 E vota : [2b62e4f8]: [vota]: [static_fixed_pool]: [96]: peak_size: 2208, wast_rate: 1028/10000, pred_failed: 0, item_maxn: 248, free_count: 23, malloc_count: 23
04-10 02:17:35.414 4162 4162 E vota : [2b62e4f8]: [vota]: [static_fixed_pool]: [128]: peak_size: 9216, wast_rate: 791/10000, pred_failed: 0, item_maxn: 249, free_count: 72, malloc_count: 72
04-10 02:17:35.414 4162 4162 E vota : [2b62e4f8]: [vota]: [static_fixed_pool]: [192]: peak_size: 2112, wast_rate: 541/10000, pred_failed: 0, item_maxn: 250, free_count: 11, malloc_count: 11
04-10 02:17:35.414 4162 4162 E vota : [2b62e4f8]: [vota]: [static_fixed_pool]: [256]: peak_size: 256, wast_rate: 411/10000, pred_failed: 0, item_maxn: 251, free_count: 1, malloc_count: 1
04-10 02:17:35.407 4162 4162 I auditd : type=1400 audit(0.0:200): avc: denied { read append } for comm="hht_ota_mgr" name="NvmSim_yy.dat" dev="dm-6" ino=362 scontext=u:r:hht_ota_mgr:s0 tcontext=u:object_r:system_data_file:s0 tclass=file permissive=0
04-10 02:17:35.407 4162 4162 W hht_ota_mgr: type=1400 audit(0.0:200): avc: denied { read append } for name="NvmSim_yy.dat" dev="dm-6" ino=362 scontext=u:r:hht_ota_mgr:s0 tcontext=u:object_r:system_data_file:s0 tclass=file permissive=0
04-10 02:17:35.414 4162 4162 E vota : [2b62e4f8]: [vota]: [static_fixed_pool]: [384]: peak_size: 5376, wast_rate: 278/10000, pred_failed: 0, item_maxn: 252, free_count: 14, malloc_count: 14
04-10 02:17:35.414 4162 4162 E vota : [2b62e4f8]: [vota]: [static_fixed_pool]: [512]: peak_size: 5632, wast_rate: 210/10000, pred_failed: 0, item_maxn: 253, free_count: 11, malloc_count: 11
04-10 02:17:35.414 4162 4162 E vota : [2b62e4f8]: [vota]: [static_fixed_pool]: [1024]: peak_size: 2048, wast_rate: 106/10000, pred_failed: 0, item_maxn: 254, free_count: 2, malloc_count: 2
04-10 02:17:35.414 4162 4162 E vota : [2b62e4f8]: [vota]: [native_large_allocator]:
04-10 02:17:35.414 4162 4162 E vota : [2b62e4f8]: [vota]: [native_large_allocator]: peak_size: 3373986
04-10 02:17:35.414 4162 4162 E vota : [2b62e4f8]: [vota]: [native_large_allocator]: wast_rate: 4/10000
04-10 02:17:35.414 4162 4162 E vota : [2b62e4f8]: [vota]: [native_large_allocator]: free_count: 52
04-10 02:17:35.414 4162 4162 E vota : [2b62e4f8]: [vota]: [native_large_allocator]: malloc_count: 52
04-10 02:17:35.414 4162 4162 E vota : [2b62e4f8]: [vota]: [native_large_allocator]: ralloc_count: 0
04-10 02:17:35.414 4162 4162 E vota : [2b62e4f8]: [vota]: exit: ok
01-01 09:00:18.232 0 0 I init : Service 'hht_ota_mgr_service' (pid 4162) exited with status 0
01-01 09:00:18.232 0 0 I init : Sending signal 9 to service 'hht_ota_mgr_service' (pid 4162) process group...
01-01 09:00:18.232 0 0 I libprocessgroup: Successfully killed process cgroup uid 0 pid 4162 in 0ms
04-10 02:17:35.424 1015 1187 I am_pss : [3681,1000,com.android.dynsystem:dynsystem,5685248,3915776,0,91877376,0,19,12]
04-10 02:17:35.440 1015 1187 I am_pss : [3599,1000,com.android.localtransport,5412864,3796992,0,91586560,0,19,12]
04-10 02:17:35.454 1015 1187 I am_pss : [3623,1000,com.android.dynsystem,5422080,3780608,0,90771456,0,19,11]
04-10 02:17:35.469 1015 1187 I am_pss : [3544,1000,com.qti.diagservices,6095872,4067328,0,95571968,0,10,12]
04-10 02:17:35.819 1015 1187 I am_pss : [3745,10030,com.android.managedprovisioning,8862720,7258112,0,94711808,0,19,13]
04-10 02:17:35.869 4125 4125 I MSP-JNI : JNI_OnLoad called
04-10 02:17:35.871 4125 4125 E MSP-JNI : Failed to get class in Jload
04-10 02:17:35.871 4125 4125 I MSP-JNI : FindClass - com/qualcomm/ltebc/LTEBroadcastService JNI EXCEPTION CLEARED
04-10 02:17:35.871 4125 4125 I MSP-JNI : JNI_OnLoad: Initializing File Delivery references
04-10 02:17:35.872 4125 4125 I MSP-JNI : FindClass CARRIER_SPECIFIC_CLASS_DEFINITION JNI EXCEPTION CLEARED
04-10 02:17:35.872 4125 4125 I MSP-JNI : JNI_OnLoad: Completed File Delivery initialization
04-10 02:17:35.877 4125 4125 I LTE Application: LTEApplicationCreate
04-10 02:17:35.877 4125 4125 I LTE Application: applicationContext : com.qualcomm.ltebc.LTEQTIApplication@caf0e23
04-10 02:17:35.882 4125 4125 I LTE QMI Link: Creating QMI Link
04-10 02:17:35.884 4125 4125 D LTE Application: packageName = com.qti.ltebc versionCode = 5401010 versionName = MSDC_LA_5.4.01.01.0
04-10 02:17:35.884 4125 4125 I LTE Application: LTE Broadcast Library Release Version = MSDC_LA_5.4.01.01.0
04-10 02:17:35.884 4125 4125 D LTE Application: IntentSender : Last intent Status NOT_SENT forcedBroadcast flag = true
04-10 02:17:35.885 4125 4125 D LTE Application: sendBroadcastIntent IntentAction : Sending com.qualcomm.intent.EMBMS_STATUS ACTIVE = false
04-10 02:17:35.888 4125 4125 W SOCKET : ConnectionManager constructor has been initialised
04-10 02:17:35.888 4125 4125 E System : Ignoring attempt to set property "java.net.preferIPv6Addresses" to value "false".
04-10 02:17:35.892 4125 4125 D LTE Application: Android API Version 31
04-10 02:17:35.892 4125 4125 I LTE Application: Package Name : com.qti.ltebc
04-10 02:17:35.895 4125 4125 I LTE Application: app is not whitelisted
04-10 02:17:35.899 4125 4125 I LTE Broadcast Receiver: Broadcast Receiver Received intent : Intent { act=android.intent.action.MEDIA_MOUNTED dat=file:///storage/emulated/0 flg=0x5000010 cmp=com.qti.ltebc/com.qualcomm.ltebc.LTEBroadcastReceiver (has extras) }
04-10 02:17:35.900 4125 4125 I LTE Broadcast Receiver: Handled media mounted or unmounted event
04-10 02:17:35.900 4125 4125 E LTE Broadcast Receiver: Received media mounted event when MSP is not initialized
04-10 02:17:35.900 4125 4125 I LTE Application: getStartupReason - startup_reason: STARTUP_REASON_NOTSET
04-10 02:17:35.900 4125 4125 I LTE Broadcast Receiver: Middleware is started due to media event..exiting app
04-10 02:17:35.903 4125 4125 I com.qti.ltebc: System.exit called, status: 0
04-10 02:17:35.903 4125 4125 I AndroidRuntime: VM exiting with result code 0, cleanup skipped.
04-10 02:17:35.940 3044 3956 W hpplay-java: [ServerTaskManager]:IPManager:getActiveNets invalid networkInfo:null
04-10 02:17:35.941 3044 3956 I hpplay-java: [ServerTaskManager]:IPManager:getActiveNets eth0:false wifi:false mobile:false ap:false
04-10 02:17:35.941 3044 3956 I hpplay-java: [ServerTaskManager]:ServerTaskManager:get local ip:null
04-10 02:17:36.042 1015 1816 I ActivityManager: Process com.qti.ltebc (pid 4125) has died: fg RCVR
04-10 02:17:36.044 1015 1197 I libprocessgroup: Successfully killed process cgroup uid 10074 pid 4125 in 1ms
04-10 02:17:36.045 1015 1816 I am_proc_died: [0,4125,com.qti.ltebc,0,11]
04-10 02:17:36.047 1015 1816 I am_broadcast_discard_app: [0,121363323,android.intent.action.MEDIA_MOUNTED,2,ResolveInfo{c3bca1a com.qti.ltebc/com.qualcomm.ltebc.LTEBroadcastReceiver m=0x208000}]
04-10 02:17:36.049 1015 1816 I am_uid_stopped: 10074
04-10 02:17:36.052 676 676 I Zygote : Process 4125 exited cleanly (0)
04-10 02:17:36.057 1015 1191 I am_uid_running: 10074
04-10 02:17:36.058 1015 1191 D CompatibilityChangeReporter: Compat change id reported: 135634846; UID 10074; state: DISABLED
04-10 02:17:36.058 1015 1191 D CompatibilityChangeReporter: Compat change id reported: 177438394; UID 10074; state: DISABLED
04-10 02:17:36.058 1015 1191 D CompatibilityChangeReporter: Compat change id reported: 135772972; UID 10074; state: DISABLED
04-10 02:17:36.058 1015 1191 D CompatibilityChangeReporter: Compat change id reported: 135754954; UID 10074; state: ENABLED
04-10 02:17:36.059 1015 1192 D CompatibilityChangeReporter: Compat change id reported: 143937733; UID 10074; state: ENABLED
04-10 02:17:36.070 1015 1187 I am_pss : [3776,10083,com.android.music,7563264,5410816,0,94101504,0,19,12]
04-10 02:17:36.116 676 676 D Zygote : Forked child process 4168
04-10 02:17:36.117 1015 1192 W ActivityManager: Slow operation: 59ms so far, now at startProcess: returned from zygote!
04-10 02:17:36.117 1015 1192 W ActivityManager: Slow operation: 60ms so far, now at startProcess: done updating battery stats
04-10 02:17:36.117 1015 1192 I am_proc_start: [0,4168,10074,com.qti.ltebc,broadcast,{com.qti.ltebc/com.qualcomm.ltebc.LTEBroadcastAlarmReceiver}]
04-10 02:17:36.117 1015 1192 W ActivityManager: Slow operation: 60ms so far, now at startProcess: building log message
04-10 02:17:36.117 1015 1192 I ActivityManager: Start proc 4168:com.qti.ltebc/u0a74 for broadcast {com.qti.ltebc/com.qualcomm.ltebc.LTEBroadcastAlarmReceiver}
04-10 02:17:36.117 1015 1192 W ActivityManager: Slow operation: 60ms so far, now at startProcess: starting to update pids map
04-10 02:17:36.118 1015 1192 W ActivityManager: Slow operation: 60ms so far, now at startProcess: done updating pids map
04-10 02:17:36.189 2924 2936 I adbd : jdwp connection from 4168
01-01 09:00:19.004 0 0 I binder : 4168:4168 ioctl 40046210 7ff41be1f4 returned -22
04-10 02:17:36.194 4168 4168 D ProcessState: Binder ioctl to enable oneway spam detection failed: Invalid argument
04-10 02:17:36.203 1015 1781 I am_uid_active: 10074
04-10 02:17:36.205 1015 1816 I am_proc_bound: [0,4168,com.qti.ltebc]
04-10 02:17:36.207 1015 1816 D CompatibilityInfo: mCompatibilityFlags - 4
04-10 02:17:36.207 1015 1816 D CompatibilityInfo: applicationDensity - 240
04-10 02:17:36.207 1015 1816 D CompatibilityInfo: applicationScale - 1.0
04-10 02:17:36.213 1015 1816 D CompatibilityInfo: mCompatibilityFlags - 4
04-10 02:17:36.213 1015 1816 D CompatibilityInfo: applicationDensity - 240
04-10 02:17:36.213 1015 1816 D CompatibilityInfo: applicationScale - 1.0
04-10 02:17:36.222 4168 4168 D CompatibilityChangeReporter: Compat change id reported: 171979766; UID 10074; state: ENABLED
04-10 02:17:36.278 4168 4168 I Perf : Connecting to perf service.
04-10 02:17:36.279 650 660 I mpu_uart: [MSG-P:RECV]:No message received in 1000 ms
04-10 02:17:36.290 4168 4168 V GraphicsEnvironment: ANGLE Developer option for 'com.qti.ltebc' set to: 'default'
04-10 02:17:36.292 4168 4168 V GraphicsEnvironment: ANGLE GameManagerService for com.qti.ltebc: false
04-10 02:17:36.296 4168 4168 D NetworkSecurityConfig: Using Network Security Config from resource network_security_config debugBuild: false
04-10 02:17:36.299 4168 4168 D NetworkSecurityConfig: Using Network Security Config from resource network_security_config debugBuild: false
04-10 02:17:36.300 4168 4168 D LTE Application: getLibraryName = msp
04-10 02:17:36.526 1015 1187 I am_pss : [3805,10059,com.android.onetimeinitializer,5244928,3629056,0,90841088,0,19,13]
01-01 09:00:19.528 0 0 I msm_vidc: err : ffffffff: .....: DBLP Set: status 0
04-10 02:17:36.916 2298 2386 W System.err: java.net.NoRouteToHostException: Host unreachable
04-10 02:17:36.917 2298 2386 W System.err: at libcore.io.IoBridge.connect(IoBridge.java:183)
04-10 02:17:36.917 2298 2386 W System.err: at java.net.PlainSocketImpl.socketConnect(PlainSocketImpl.java:142)
04-10 02:17:36.917 2298 2386 W System.err: at java.net.AbstractPlainSocketImpl.doConnect(AbstractPlainSocketImpl.java:390)
04-10 02:17:36.917 2298 2386 W System.err: at java.net.AbstractPlainSocketImpl.connectToAddress(AbstractPlainSocketImpl.java:230)
04-10 02:17:36.917 2298 2386 W System.err: at java.net.AbstractPlainSocketImpl.connect(AbstractPlainSocketImpl.java:212)
04-10 02:17:36.917 2298 2386 W System.err: at java.net.SocksSocketImpl.connect(SocksSocketImpl.java:436)
04-10 02:17:36.917 2298 2386 W System.err: at java.net.Socket.connect(Socket.java:621)
04-10 02:17:36.917 2298 2386 W System.err: at java.net.Socket.connect(Socket.java:570)
04-10 02:17:36.918 2298 2386 W System.err: at java.net.Socket.(Socket.java:450)
04-10 02:17:36.918 2298 2386 W System.err: at java.net.Socket.(Socket.java:292)
04-10 02:17:36.918 2298 2386 W System.err: at com.thundercomm.microservice.base.BaseMicroSocketClient.createClientSocket(BaseMicroSocketClient.java:20)
04-10 02:17:36.918 2298 2386 W System.err: at com.thundercomm.microservice.MicroSocketClient.serialSendMessage(MicroSocketClient.java:79)
04-10 02:17:36.918 2298 2386 W System.err: at com.thundercomm.microservice.MicroSocketClient.lambda$handShark$1$MicroSocketClient(MicroSocketClient.java:94)
04-10 02:17:36.918 2298 2386 W System.err: at com.thundercomm.microservice.MicroSocketClient$$ExternalSyntheticLambda0.run(Unknown Source:4)
04-10 02:17:36.920 2298 2386 W System.err: at java.lang.Thread.run(Thread.java:920)
04-10 02:17:36.921 2298 2386 E MicroService: DTC_ETH: BaseMicroSocketClient:createClientSocket() java.net.NoRouteToHostException: Host unreachable
04-10 02:17:36.944 3044 3956 W hpplay-java: [ServerTaskManager]:IPManager:getActiveNets invalid networkInfo:null
04-10 02:17:36.945 3044 3956 I hpplay-java: [ServerTaskManager]:IPManager:getActiveNets eth0:false wifi:false mobile:false ap:false
04-10 02:17:36.945 3044 3956 I hpplay-java: [ServerTaskManager]:ServerTaskManager:get local ip:null
04-10 02:17:37.279 650 660 I mpu_uart: [MSG-P:RECV]:No message received in 1000 ms
04-10 02:17:37.281 1015 1187 I am_pss : [3861,10090,com.android.permissioncontroller,11701248,9932800,0,99934208,0,19,14]
04-10 02:17:37.297 1015 1187 I am_pss : [3835,10020,com.android.packageinstaller,7244800,5672960,0,91631616,0,19,13]
04-10 02:17:37.539 2579 2579 D RemoteControlService: startVlanDispatchThread
04-10 02:17:37.948 3044 3956 W hpplay-java: [ServerTaskManager]:IPManager:getActiveNets invalid networkInfo:null
04-10 02:17:37.948 3044 3956 I hpplay-java: [ServerTaskManager]:IPManager:getActiveNets eth0:false wifi:false mobile:false ap:false
04-10 02:17:37.949 3044 3956 I hpplay-java: [ServerTaskManager]:ServerTaskManager:get local ip:null
04-10 02:17:38.209 1015 1187 I am_pss : [3904,2000,com.android.shell,5938176,4313088,0,92241920,0,19,13]
04-10 02:17:38.279 650 660 I mpu_uart: [MSG-P:RECV]:No message received in 1000 ms
04-10 02:17:38.282 650 659 I mpu_uart: [MSG-P:R]:recv sync frame timeout
04-10 02:17:38.584 2924 4187 I adbd : adbd restarting as root
04-10 02:17:38.717 1015 2907 W AdbDebuggingManager: Read failed with count -1
01-01 09:00:21.547 0 0 I init : Service 'adbd' (pid 2924) exited with status 1
01-01 09:00:21.548 0 0 I init : Sending signal 9 to service 'adbd' (pid 2924) process group...
01-01 09:00:21.548 0 0 I libprocessgroup: Successfully killed process cgroup uid 0 pid 2924 in 0ms
04-10 02:17:38.831 4191 4191 I adbd : persist.adb.watchdog set to ''
04-10 02:17:38.831 4191 4191 I adbd : persist.sys.test_harness set to ''
04-10 02:17:38.831 4191 4191 I adbd : adb watchdog timeout set to 600 seconds
04-10 02:17:38.834 4191 4191 I adbd : Setup mdns on port= 5555
04-10 02:17:38.835 4191 4191 I adbd : adbd listening on tcp:5555
04-10 02:17:38.835 4191 4191 I adbd : adbd listening on vsock:5555
04-10 02:17:38.835 4191 4195 I adbd : opening control endpoint /dev/usb-ffs/adb/ep0
01-01 09:00:21.646 0 0 I : read descriptors
04-10 02:17:38.835 4191 4193 I adbd : Waiting for persist.adb.tls_server.enable=1
04-10 02:17:38.835 4191 4191 I adbd : adbd started
01-01 09:00:21.646 0 0 I : read strings
04-10 02:17:38.851 4191 4195 I adbd : UsbFfsConnection constructed
04-10 02:17:38.853 4191 4200 I adbd : UsbFfs-monitor thread spawned
04-10 02:17:38.853 4191 4200 I adbd : USB event: FUNCTIONFS_BIND
04-10 02:17:38.853 4191 4196 I adbd : adbd mDNS service _adb._tcp registered: 1
01-01 09:00:21.738 0 0 I android_work: sent uevent USB_STATE=DISCONNECTED
04-10 02:17:38.952 3044 3956 W hpplay-java: [ServerTaskManager]:IPManager:getActiveNets invalid networkInfo:null
04-10 02:17:38.953 3044 3956 I hpplay-java: [ServerTaskManager]:IPManager:getActiveNets eth0:false wifi:false mobile:false ap:false
04-10 02:17:38.953 3044 3956 I hpplay-java: [ServerTaskManager]:ServerTaskManager:get local ip:null
01-01 09:00:21.840 0 0 E msm-dwc3 a600000.ssusb: Could not get usb psy
01-01 09:00:21.976 0 0 E msm-dwc3 a600000.ssusb: Could not get usb psy
01-01 09:00:21.981 0 0 I android_work: did not send uevent (0 0 0000000000000000)
04-10 02:17:39.224 4191 4199 I adbd : jdwp connection from 2927
04-10 02:17:39.226 4191 4199 I adbd : jdwp connection from 2701
04-10 02:17:39.227 4191 4199 I adbd : jdwp connection from 2473
04-10 02:17:39.228 4191 4199 I adbd : jdwp connection from 3310
04-10 02:17:39.229 4191 4199 I adbd : jdwp connection from 2080
04-10 02:17:39.231 4191 4199 I adbd : jdwp connection from 3171
04-10 02:17:39.231 4191 4199 I adbd : jdwp connection from 2302
04-10 02:17:39.232 4191 4199 I adbd : jdwp connection from 3118
04-10 02:17:39.232 4191 4199 I adbd : jdwp connection from 2520
04-10 02:17:39.233 4191 4199 I adbd : jdwp connection from 2372
04-10 02:17:39.234 4191 4199 I adbd : jdwp connection from 1015
04-10 02:17:39.234 4191 4199 I adbd : jdwp connection from 2298
04-10 02:17:39.235 4191 4199 I adbd : jdwp connection from 2733
04-10 02:17:39.236 4191 4199 I adbd : jdwp connection from 3078
04-10 02:17:39.236 4191 4199 I adbd : jdwp connection from 2229
04-10 02:17:39.237 4191 4199 I adbd : jdwp connection from 2340
04-10 02:17:39.237 4191 4199 I adbd : jdwp connection from 2579
04-10 02:17:39.238 4191 4199 I adbd : jdwp connection from 3224
04-10 02:17:39.239 4191 4199 I adbd : jdwp connection from 2572
04-10 02:17:39.239 4191 4199 I adbd : jdwp connection from 2411
04-10 02:17:39.240 4191 4199 I adbd : jdwp connection from 3146
04-10 02:17:39.241 4191 4199 I adbd : jdwp connection from 2062
04-10 02:17:39.241 4191 4199 I adbd : jdwp connection from 2444
04-10 02:17:39.242 4191 4199 I adbd : jdwp connection from 3539
04-10 02:17:39.243 4191 4199 I adbd : jdwp connection from 3208
04-10 02:17:39.243 4191 4199 I adbd : jdwp connection from 2529
04-10 02:17:39.244 4191 4199 I adbd : jdwp connection from 2323
04-10 02:17:39.244 4191 4199 I adbd : jdwp connection from 2597
04-10 02:17:39.245 4191 4199 I adbd : jdwp connection from 2630
04-10 02:17:39.245 4191 4199 I adbd : jdwp connection from 3044
04-10 02:17:39.245 4191 4199 I adbd : jdwp connection from 3278
04-10 02:17:39.251 4191 4199 I adbd : jdwp connection from 3904
04-10 02:17:39.252 4191 4199 I adbd : jdwp connection from 2999
04-10 02:17:39.253 4191 4199 I adbd : jdwp connection from 2675
04-10 02:17:39.253 4191 4199 I adbd : jdwp connection from 4019
04-10 02:17:39.259 4191 4199 I adbd : jdwp connection from 4050
04-10 02:17:39.264 4191 4199 I adbd : jdwp connection from 3861
04-10 02:17:39.265 4191 4199 I adbd : jdwp connection from 3599
04-10 02:17:39.265 4191 4199 I adbd : jdwp connection from 3496
04-10 02:17:39.268 4191 4199 I adbd : jdwp connection from 3835
04-10 02:17:39.268 4191 4199 I adbd : jdwp connection from 2709
04-10 02:17:39.269 4191 4199 I adbd : jdwp connection from 3410
04-10 02:17:39.269 4191 4199 I adbd : jdwp connection from 3776
04-10 02:17:39.269 4191 4199 I adbd : jdwp connection from 3544
04-10 02:17:39.270 4191 4199 I adbd : jdwp connection from 3745
04-10 02:17:39.270 4191 4199 I adbd : jdwp connection from 3374
04-10 02:17:39.270 4191 4199 I adbd : jdwp connection from 3880
04-10 02:17:39.271 4191 4199 I adbd : jdwp connection from 3434
04-10 02:17:39.271 4191 4199 I adbd : jdwp connection from 3367
04-10 02:17:39.271 4191 4199 I adbd : jdwp connection from 3805
04-10 02:17:39.272 4191 4199 I adbd : jdwp connection from 3623
04-10 02:17:39.272 4191 4199 I adbd : jdwp connection from 2828
04-10 02:17:39.272 4191 4199 I adbd : jdwp connection from 3681
04-10 02:17:39.273 4191 4199 I adbd : jdwp connection from 3265
04-10 02:17:39.273 4191 4199 I adbd : jdwp connection from 4168
04-10 02:17:39.280 650 660 I mpu_uart: [MSG-P:RECV]:No message received in 1000 ms
04-10 02:17:39.303 2444 2566 I Tethering: USB bcast connected:true configured:false rndis:false ncm:false
04-10 02:17:39.307 1015 1191 D CompatibilityInfo: mCompatibilityFlags - 4
04-10 02:17:39.307 1015 1191 D CompatibilityInfo: applicationDensity - 240
04-10 02:17:39.307 1015 1191 D CompatibilityInfo: applicationScale - 1.0
01-01 09:00:22.132 0 0 I android_work: sent uevent USB_STATE=CONNECTED
01-01 09:00:22.132 0 0 E msm-dwc3 a600000.ssusb: Could not get usb psy
01-01 09:00:22.142 0 0 I android_work: sent uevent USB_STATE=DISCONNECTED
01-01 09:00:22.261 0 0 I android_work: sent uevent USB_STATE=CONNECTED
01-01 09:00:22.261 0 0 E msm-dwc3 a600000.ssusb: Could not get usb psy
01-01 09:00:22.267 0 0 I configfs-gadget gadget: high-speed config #1: b
01-01 09:00:22.267 0 0 E msm-dwc3 a600000.ssusb: Could not get usb psy
04-10 02:17:39.457 4191 4200 I adbd : USB event: FUNCTIONFS_ENABLE
04-10 02:17:39.458 4191 4201 I adbd : UsbFfs-worker thread spawned
01-01 09:00:22.278 0 0 I android_work: sent uevent USB_STATE=CONFIGURED
04-10 02:17:39.471 2444 2566 I Tethering: USB bcast connected:true configured:true rndis:false ncm:false
04-10 02:17:39.472 1015 1191 D CompatibilityInfo: mCompatibilityFlags - 4
04-10 02:17:39.473 1015 1191 D CompatibilityInfo: applicationDensity - 240
04-10 02:17:39.473 1015 1191 D CompatibilityInfo: applicationScale - 1.0
04-10 02:17:39.724 4191 4194 I adbd : adbd_auth: received a new framework connection
04-10 02:17:39.725 4191 4194 I adbd : adbd_auth: received new framework fd 77 (current = -1)
04-10 02:17:39.765 4191 4191 I adbd : UsbFfs: already offline
04-10 02:17:39.766 4191 4191 I adbd : authentication not required
01-01 09:00:22.727 0 0 E DTC_ETH,link_delay_work_func: 3003, SQI=0, link=0
04-10 02:17:39.957 3044 3956 W hpplay-java: [ServerTaskManager]:IPManager:getActiveNets invalid networkInfo:null
04-10 02:17:39.958 3044 3956 I hpplay-java: [ServerTaskManager]:IPManager:getActiveNets eth0:false wifi:false mobile:false ap:false
04-10 02:17:39.958 3044 3956 I hpplay-java: [ServerTaskManager]:ServerTaskManager:get local ip:null
01-01 09:00:22.903 0 0 I logd : logdr: UID=0 GID=0 PID=4209 b tail=0 logMask=99 pid=0 start=0ns deadline=0ns
01-01 09:00:22.958 0 0 I init : starting service 'hht_ota_mgr_service'...
04-10 02:17:40.221 4212 4212 E vota : [d78824f8]: [vota]: init: ..
04-10 02:17:40.222 4212 4212 E vota : [d78824f8]: [vota]: [warning]: the java machine be not inited, please pass it to the tb_init function! at tb_android_init_env(): 43, src/vota/platform/android/android.c
04-10 02:17:40.224 4212 4212 E vota : [d78824f8]: [vota]: version: tbox_v1_6_7_202302251411_arm64-v8a_elf by Android (8481493, based on r416183c2) Clang 12.0.9 (https://android.googlesource.com/toolchain/llvm-project c935d99d7cf2016289302412d708641d52d2f7ee)
04-10 02:17:40.224 4212 4212 E vota : [d78824f8]: [vota]: init: ok
04-10 02:17:40.225 4212 4212 E vota : [d78824f8]: [vota]: [scheduler]: start ..
04-10 02:17:40.225 4212 4212 E vota : [d78824f8]: [vota]: [coroutine]: init 0x77d628c158
04-10 02:17:40.225 4212 4212 E vota : [d78824f8]: [vota]: [scheduler]: start ok
04-10 02:17:40.225 4212 4212 E vota : [d78824f8]: [vota]: [scheduler]: switch to coroutine(0x77d628c158) from coroutine(0x77d6391ca0)
04-10 02:17:40.225 4212 4212 E vota : [d78824f8]: [vota]: [coroutine]: entry: 0x77d628c158 stack: 0x77d628c1b8 - 0x77d62cc1b8 from coroutine(0x77d6391ca0)
04-10 02:17:40.226 4212 4212 I hiphi_update_api: Hh_GetVersion calling ......
04-10 02:17:40.226 4212 4212 I hiphi_update_api: get version:01.00.X103_20230410_private_userdebug
04-10 02:17:40.226 4212 4212 I hiphi_update_api: Hh_GetVersion ret:0
04-10 02:17:40.281 650 660 I mpu_uart: [MSG-P:RECV]:No message received in 1000 ms
04-10 02:17:40.402 4212 4212 E vota : [d78824f8]: [vota]: [scheduler]: finish coroutine(0x77d628c158)
04-10 02:17:40.402 4212 4212 E vota : [d78824f8]: [vota]: [scheduler]: switch to original coroutine
04-10 02:17:40.402 4212 4212 E vota : [d78824f8]: [vota]: [scheduler]: switch to coroutine(0x77d6391ca0) from coroutine(0x77d628c158)
04-10 02:17:40.402 4212 4212 E vota : [d78824f8]: [vota]: [scheduler]: [loop]: ready 0
04-10 02:17:40.402 4212 4212 E vota : [d78824f8]: [vota]: [coroutine]: exit: 0x77d628c158
04-10 02:17:40.402 4212 4212 E vota : [d78824f8]: [vota]: [lock_profiler]:
04-10 02:17:40.402 4212 4212 E vota : [d78824f8]: [vota]: [lock_profiler]: lock: 0xb40000756e873fd4, name: native_large_allocator, occupied: 0
04-10 02:17:40.402 4212 4212 E vota : [d78824f8]: [vota]: [lock_profiler]: lock: 0xb40000757e87474c, name: allocator, occupied: 0
04-10 02:17:40.402 4212 4212 E vota : [d78824f8]: [vota]: [small_allocator]:
04-10 02:17:40.402 4212 4212 E vota : [d78824f8]: [vota]: [static_fixed_pool]: [16]: peak_size: 288, wast_rate: 4074/10000, pred_failed: 0, item_maxn: 245, free_count: 18, malloc_count: 18
04-10 02:17:40.402 4212 4212 E vota : [d78824f8]: [vota]: [static_fixed_pool]: [96]: peak_size: 2208, wast_rate: 1028/10000, pred_failed: 0, item_maxn: 248, free_count: 23, malloc_count: 23
04-10 02:17:40.402 4212 4212 E vota : [d78824f8]: [vota]: [static_fixed_pool]: [128]: peak_size: 9216, wast_rate: 791/10000, pred_failed: 0, item_maxn: 249, free_count: 72, malloc_count: 72
04-10 02:17:40.402 4212 4212 E vota : [d78824f8]: [vota]: [static_fixed_pool]: [192]: peak_size: 2112, wast_rate: 541/10000, pred_failed: 0, item_maxn: 250, free_count: 11, malloc_count: 11
04-10 02:17:40.402 4212 4212 E vota : [d78824f8]: [vota]: [static_fixed_pool]: [256]: peak_size: 256, wast_rate: 411/10000, pred_failed: 0, item_maxn: 251, free_count: 1, malloc_count: 1
04-10 02:17:40.402 4212 4212 E vota : [d78824f8]: [vota]: [static_fixed_pool]: [384]: peak_size: 5376, wast_rate: 278/10000, pred_failed: 0, item_maxn: 252, free_count: 14, malloc_count: 14
04-10 02:17:40.402 4212 4212 E vota : [d78824f8]: [vota]: [static_fixed_pool]: [512]: peak_size: 5632, wast_rate: 210/10000, pred_failed: 0, item_maxn: 253, free_count: 11, malloc_count: 11
04-10 02:17:40.402 4212 4212 E vota : [d78824f8]: [vota]: [static_fixed_pool]: [1024]: peak_size: 2048, wast_rate: 106/10000, pred_failed: 0, item_maxn: 254, free_count: 2, malloc_count: 2
04-10 02:17:40.402 4212 4212 E vota : [d78824f8]: [vota]: [native_large_allocator]:
04-10 02:17:40.402 4212 4212 E vota : [d78824f8]: [vota]: [native_large_allocator]: peak_size: 3373986
04-10 02:17:40.402 4212 4212 E vota : [d78824f8]: [vota]: [native_large_allocator]: wast_rate: 4/10000
04-10 02:17:40.403 4212 4212 E vota : [d78824f8]: [vota]: [native_large_allocator]: free_count: 52
04-10 02:17:40.403 4212 4212 E vota : [d78824f8]: [vota]: [native_large_allocator]: malloc_count: 52
04-10 02:17:40.403 4212 4212 E vota : [d78824f8]: [vota]: [native_large_allocator]: ralloc_count: 0
04-10 02:17:40.403 4212 4212 E vota : [d78824f8]: [vota]: exit: ok
04-10 02:17:40.395 4212 4212 I auditd : type=1400 audit(0.0:201): avc: denied { read append } for comm="hht_ota_mgr" name="NvmSim_yy.dat" dev="dm-6" ino=362 scontext=u:r:hht_ota_mgr:s0 tcontext=u:object_r:system_data_file:s0 tclass=file permissive=0
04-10 02:17:40.395 4212 4212 W hht_ota_mgr: type=1400 audit(0.0:201): avc: denied { read append } for name="NvmSim_yy.dat" dev="dm-6" ino=362 scontext=u:r:hht_ota_mgr:s0 tcontext=u:object_r:system_data_file:s0 tclass=file permissive=0
01-01 09:00:23.220 0 0 I init : Service 'hht_ota_mgr_service' (pid 4212) exited with status 0
01-01 09:00:23.220 0 0 I init : Sending signal 9 to service 'hht_ota_mgr_service' (pid 4212) process group...
