01-01 08:59:32.349 0 0 D cnss : Regulator wlan-ant-switch is being enabled
01-01 08:59:32.350 0 0 D cnss : Regulator vdd-wlan-aon is being enabled
01-01 08:59:32.350 0 0 D cnss : Regulator vdd-wlan-dig is being enabled
01-01 08:59:32.351 0 0 D cnss : Regulator vdd-wlan-rfa1 is being enabled
01-01 08:59:32.351 0 0 D cnss : Regulator vdd-wlan-rfa2 is being enabled
01-01 08:59:32.351 0 0 D cnss : BT_EN_GPIO State: Off. Delay WLAN_GPIO enable
01-01 08:59:32.454 0 0 D cnss : Assert WLAN_EN GPIO successfully
01-01 08:59:32.454 0 0 D cnss : Resuming PCI link
01-01 08:59:32.455 0 0 I msm_pcie_enable: PCIe: Assert the reset of endpoint of RC0.
01-01 08:59:32.467 0 0 I msm_pcie_enable: PCIe: RC0: PCIE20_PARF_INT_ALL_MASK: 0x7f80d202
01-01 08:59:32.478 0 0 I pcie_phy_init: PCIe RC0 PHY is ready!
01-01 08:59:32.493 0 0 I msm_pcie_enable: PCIe: Release the reset of endpoint of RC0.
01-01 08:59:32.518 0 0 I msm_pcie_link_train: PCIe RC0 link initialized
01-01 08:59:32.541 0 0 I cnss_pci 0000: 01:00.0: enabling device (0000 -> 0002)
01-01 08:59:32.548 0 0 D cnss : Read register offset 0x1f8031c, val = 0x6
01-01 08:59:32.548 0 0 D cnss : Write val 0x2 to register offset 0x1f8031c
01-01 08:59:32.548 0 0 D cnss : Setting MHI state: INIT(0)
01-01 08:59:32.564 0 0 D cnss : Setting MHI state: POWER_ON(2)
01-01 08:59:32.567 0 0 W cnss_pci 0000: 01:00.0: Falling back to syfs fallback for: qca6390/amss20.bin
01-01 08:59:32.583 0 0 I ueventd : firmware: loading 'qca6390/amss20.bin' for '/devices/platform/soc/1c00000.qcom,pcie/pci0000:00/0000:00:00.0/0000:01:00.0/firmware/qca6390!amss20.bin'
01-01 08:59:32.624 0 0 I ueventd : loading /devices/platform/soc/1c00000.qcom,pcie/pci0000:00/0000:00:00.0/0000:01:00.0/firmware/qca6390!amss20.bin took 40ms
01-01 08:59:32.890 0 0 I update_verifier: Started with arg 1: nonencrypted
01-01 08:59:32.897 0 0 I binder : 673:673 ioctl 40046210 7fdf8edfe4 returned -22
01-01 08:59:32.904 0 0 D hw-ProcessState: Binder ioctl to enable oneway spam detection failed: Invalid argument
01-01 08:59:32.910 0 0 I update_verifier: Booting slot 0: isSlotMarkedSuccessful=1
01-01 08:59:32.916 0 0 I update_verifier: Leaving update_verifier.
01-01 08:59:32.981 0 0 I binder : 674:674 ioctl 40046210 7fd356c5b4 returned -22
01-01 08:59:32.986 0 0 W subsys-pil-tz 17300000.qcom,lpass: Falling back to syfs fallback for: adsp.mdt
01-01 08:59:32.986 0 0 W subsys-pil-tz 8300000.qcom,turing: Falling back to syfs fallback for: cdsp.mdt
01-01 08:59:33.000 0 0 I ueventd : firmware: loading 'cdsp.mdt' for '/devices/platform/soc/8300000.qcom,turing/firmware/cdsp.mdt'
01-01 08:59:33.019 0 0 I ueventd : loading /devices/platform/soc/8300000.qcom,turing/firmware/cdsp.mdt took 18ms
01-01 08:59:33.020 0 0 I subsys-pil-tz 8300000.qcom,turing: cdsp: loading from 0x0000000087800000 to 0x0000000088c00000
01-01 08:59:33.025 0 0 D cnss : MHI status cb is called with reason MISSION_MODE(6)
01-01 08:59:33.026 0 0 D cnss : Notify MHI to use already allocated images
01-01 08:59:33.026 0 0 D cnss : PM relax, state: 0x8, count: 0
01-01 08:59:33.029 0 0 E ueventd : firmware: could not find firmware for dsi_prop
01-01 08:59:33.030 0 0 E register_client_adhoc: find path.src 1 dest 589
01-01 08:59:33.031 0 0 E register_client_adhoc: Failed to find path.src 1 dest 589
01-01 08:59:33.034 0 0 E : [drm:dp_display_init_aux_switch][msm-dp-err][70 ]failed to register notifier (-22)
01-01 08:59:33.043 0 0 E register_client_adhoc: find path.src 1 dest 589
01-01 08:59:33.043 0 0 E register_client_adhoc: Failed to find path.src 1 dest 589
01-01 08:59:33.046 0 0 I ueventd : firmware: loading 'adsp.mdt' for '/devices/platform/soc/17300000.qcom,lpass/firmware/adsp.mdt'
01-01 08:59:33.047 0 0 E ueventd : firmware: attempted /etc/firmware/dsi_prop, open failed: No such file or directory
01-01 08:59:33.047 0 0 E ueventd : firmware: attempted /odm/firmware/dsi_prop, open failed: No such file or directory
01-01 08:59:33.047 0 0 E ueventd : firmware: attempted /vendor/firmware/dsi_prop, open failed: No such file or directory
01-01 08:59:33.047 0 0 E ueventd : firmware: attempted /firmware/image/dsi_prop, open failed: No such file or directory
01-01 08:59:33.050 0 0 E OF : graph: no port node found in /soc/qcom,dsi-display-primary
01-01 08:59:33.050 0 0 W [drm] [msm-dsi-warn]: [hx82101+hx8692 video mode dsi truly panel] fallback to default te-pin-select
01-01 08:59:33.052 0 0 I msm_drm ae00000.qcom,mdss_mdp: Linked as a consumer to regulator.31
01-01 08:59:33.075 0 0 W subsys-pil-tz 8300000.qcom,turing: Falling back to syfs fallback for: cdsp.b03
01-01 08:59:33.075 0 0 W subsys-pil-tz 8300000.qcom,turing: Falling back to syfs fallback for: cdsp.b02
01-01 08:59:33.075 0 0 W subsys-pil-tz 8300000.qcom,turing: Falling back to syfs fallback for: cdsp.b04
01-01 08:59:33.083 0 0 W subsys-pil-tz 8300000.qcom,turing: Falling back to syfs fallback for: cdsp.b05
01-01 08:59:33.085 0 0 E register_client_adhoc: find path.src 1 dest 590
01-01 08:59:33.088 0 0 I subsys-pil-tz 17300000.qcom,lpass: adsp: loading from 0x000000008a100000 to 0x000000008be00000
01-01 08:59:33.094 0 0 E register_client_adhoc: Client handle 15 mdss_reg
01-01 08:59:33.099 0 0 W subsys-pil-tz 8300000.qcom,turing: Falling back to syfs fallback for: cdsp.b06
01-01 08:59:33.101 0 0 W subsys-pil-tz 8300000.qcom,turing: Falling back to syfs fallback for: cdsp.b08
01-01 08:59:33.102 0 0 E register_client_adhoc: find path.src 22 dest 512
01-01 08:59:33.104 0 0 E : [drm:dp_display_init_aux_switch][msm-dp-err][124 ]failed to register notifier (-22)
01-01 08:59:33.109 0 0 E register_client_adhoc: find path.src 23 dest 512
01-01 08:59:33.112 0 0 E register_client_adhoc: Client handle 53 mdss_sde
01-01 08:59:33.113 0 0 W subsys-pil-tz 8300000.qcom,turing: Falling back to syfs fallback for: cdsp.b09
01-01 08:59:33.116 0 0 W subsys-pil-tz 8300000.qcom,turing: Falling back to syfs fallback for: cdsp.b11
01-01 08:59:33.118 0 0 W subsys-pil-tz 17300000.qcom,lpass: Falling back to syfs fallback for: adsp.b02
01-01 08:59:33.119 0 0 W subsys-pil-tz 17300000.qcom,lpass: Falling back to syfs fallback for: adsp.b03
01-01 08:59:33.120 0 0 W subsys-pil-tz 17300000.qcom,lpass: Falling back to syfs fallback for: adsp.b04
01-01 08:59:33.121 0 0 W subsys-pil-tz 17300000.qcom,lpass: Falling back to syfs fallback for: adsp.b05
01-01 08:59:33.125 0 0 W subsys-pil-tz 17300000.qcom,lpass: Falling back to syfs fallback for: adsp.b06
01-01 08:59:33.127 0 0 W subsys-pil-tz 17300000.qcom,lpass: Falling back to syfs fallback for: adsp.b07
01-01 08:59:33.127 0 0 W subsys-pil-tz 17300000.qcom,lpass: Falling back to syfs fallback for: adsp.b08
01-01 08:59:33.130 0 0 W subsys-pil-tz 17300000.qcom,lpass: Falling back to syfs fallback for: adsp.b09
01-01 08:59:33.130 0 0 E register_client_adhoc: find path.src 1 dest 589
01-01 08:59:33.130 0 0 I [drm:sde_dbg_init:4676] evtlog_status: enable:11, panic:1, dump:2
01-01 08:59:33.130 0 0 E register_client_adhoc: Failed to find path.src 1 dest 589
01-01 08:59:33.132 0 0 W subsys-pil-tz 17300000.qcom,lpass: Falling back to syfs fallback for: adsp.b10
01-01 08:59:33.133 0 0 W subsys-pil-tz 17300000.qcom,lpass: Falling back to syfs fallback for: adsp.b11
01-01 08:59:33.133 0 0 W subsys-pil-tz 17300000.qcom,lpass: Falling back to syfs fallback for: adsp.b12
01-01 08:59:33.134 0 0 W subsys-pil-tz 17300000.qcom,lpass: Falling back to syfs fallback for: adsp.b13
01-01 08:59:33.141 0 0 W subsys-pil-tz 17300000.qcom,lpass: Falling back to syfs fallback for: adsp.b14
01-01 08:59:33.147 0 0 W subsys-pil-tz 17300000.qcom,lpass: Falling back to syfs fallback for: adsp.b15
01-01 08:59:33.148 0 0 W subsys-pil-tz 17300000.qcom,lpass: Falling back to syfs fallback for: adsp.b16
01-01 08:59:33.148 0 0 I msm_drm ae00000.qcom,mdss_mdp: bound soc:qcom,wb-display@0 (ops sde_wb_comp_ops)
01-01 08:59:33.155 0 0 I msm-dsi-display soc: qcom,dsi-display-primary: Linked as a consumer to regulator.25
01-01 08:59:33.163 0 0 W subsys-pil-tz 17300000.qcom,lpass: Falling back to syfs fallback for: adsp.b17
01-01 08:59:33.164 0 0 W subsys-pil-tz 17300000.qcom,lpass: Falling back to syfs fallback for: adsp.b18
01-01 08:59:33.174 0 0 I [drm:dsi_display_bind] [msm-dsi-info]: Successfully bind display panel 'qcom,mdss_dsi_panel_hx82101_hx8692_truly_v2_video'
01-01 08:59:33.411 0 0 I subsys-pil-tz 8300000.qcom,turing: cdsp: Brought out of reset
01-01 08:59:33.420 0 0 I msm_drm ae00000.qcom,mdss_mdp: bound soc:qcom,dsi-display-primary (ops dsi_display_comp_ops)
01-01 08:59:33.427 0 0 I subsys-pil-tz 8300000.qcom,turing: cdsp: Power/Clock ready interrupt received
01-01 08:59:33.451 0 0 I subsys-pil-tz 8300000.qcom,turing: Subsystem error monitoring/handling services are up
01-01 08:59:33.453 0 0 I msm_drm ae00000.qcom,mdss_mdp: bound af20000.qcom,sde_rscc (ops sde_rsc_comp_ops)
01-01 08:59:33.487 0 0 I adsprpc : fastrpc_restart_notifier_cb: cdsp subsystem is up
01-01 08:59:33.491 0 0 I : [drm] mapped mdp address space @ffffff8014100000
01-01 08:59:33.499 0 0 E : [drm:dp_display_init_aux_switch][msm-dp-err][441 ]failed to register notifier (-22)
01-01 08:59:33.504 0 0 E register_client_adhoc: find path.src 1 dest 589
01-01 08:59:33.504 0 0 E register_client_adhoc: Failed to find path.src 1 dest 589
01-01 08:59:33.509 0 0 I msm_cvp : info: Opening cvp instance: ffffffc32b102280
01-01 08:59:33.514 0 0 I msm_cvp_v4l2 ab00000.qcom,cvp: Linked as a consumer to regulator.77
01-01 08:59:33.562 0 0 I msm_cvp_v4l2 ab00000.qcom,cvp: Linked as a consumer to regulator.76
01-01 08:59:33.569 0 0 W subsys-pil-tz 9800000.qcom,npu: Falling back to syfs fallback for: npu.mdt
01-01 08:59:33.572 0 0 I binder : 675:675 ioctl 40046210 7fc5f28824 returned -22
01-01 08:59:33.587 0 0 I : [drm:_sde_kms_hw_init_blocks:3613] sde hardware revision:0x60000000
01-01 08:59:33.592 0 0 I binder : 675:675 ioctl 40046210 7fc5f28a34 returned -22
01-01 08:59:33.597 0 0 E : [drm:dp_display_init_aux_switch][msm-dp-err][441 ]failed to register notifier (-22)
01-01 08:59:33.598 0 0 I subsys-restart: __subsystem_get(): Changing subsys fw_name to cvpss
01-01 08:59:33.598 0 0 I qcom_smd_qrtr_probe: Entered
01-01 08:59:33.599 0 0 W subsys-pil-tz abb0000.qcom,cvpss: Falling back to syfs fallback for: cvpss.mdt
01-01 08:59:33.614 0 0 I msmdrm_smmu ae00000.qcom,mdss_mdp: qcom,smmu_sde_unsec_cb: Linked as a consumer to 15000000.apps-smmu
01-01 08:59:33.621 0 0 I qcom_smd_qrtr_probe: SMD QRTR driver probed
01-01 08:59:33.630 0 0 I subsys-pil-tz 9800000.qcom,npu: npu: loading from 0x0000000086900000 to 0x0000000086e00000
01-01 08:59:33.632 0 0 I iommu : Adding device ae00000.qcom,mdss_mdp:qcom,smmu_sde_unsec_cb to group 51
01-01 08:59:33.637 0 0 E register_client_adhoc: find path.src 1 dest 589
01-01 08:59:33.638 0 0 E register_client_adhoc: Failed to find path.src 1 dest 589
01-01 08:59:33.642 0 0 I subsys-pil-tz abb0000.qcom,cvpss: cvpss: loading from 0x0000000087300000 to 0x0000000087800000
01-01 08:59:33.643 0 0 I adsprpc : fastrpc_rpmsg_probe: opened rpmsg channel for cdsp
01-01 08:59:33.650 0 0 E : [drm:dp_display_init_aux_switch][msm-dp-err][441 ]failed to register notifier (-22)
01-01 08:59:33.662 0 0 I : [drm] probing device qcom,smmu_sde_unsec
01-01 08:59:33.672 0 0 E register_client_adhoc: find path.src 1 dest 589
01-01 08:59:33.673 0 0 E register_client_adhoc: Failed to find path.src 1 dest 589
01-01 08:59:33.695 0 0 I : [drm] Created domain mdp_ns, secure=0
01-01 08:59:33.706 0 0 E : [drm:dp_display_init_aux_switch][msm-dp-err][441 ]failed to register notifier (-22)
01-01 08:59:33.710 0 0 I subsys-pil-tz 17300000.qcom,lpass: adsp: Brought out of reset
01-01 08:59:33.712 0 0 W subsys-pil-tz 9800000.qcom,npu: Falling back to syfs fallback for: npu.b02
01-01 08:59:33.712 0 0 W subsys-pil-tz abb0000.qcom,cvpss: Falling back to syfs fallback for: cvpss.b03
01-01 08:59:33.712 0 0 W subsys-pil-tz 9800000.qcom,npu: Falling back to syfs fallback for: npu.b03
01-01 08:59:33.712 0 0 W subsys-pil-tz abb0000.qcom,cvpss: Falling back to syfs fallback for: cvpss.b02
01-01 08:59:33.712 0 0 W subsys-pil-tz abb0000.qcom,cvpss: Falling back to syfs fallback for: cvpss.b04
01-01 08:59:33.713 0 0 W subsys-pil-tz 9800000.qcom,npu: Falling back to syfs fallback for: npu.b04
01-01 08:59:33.713 0 0 W subsys-pil-tz abb0000.qcom,cvpss: Falling back to syfs fallback for: cvpss.b05
01-01 08:59:33.713 0 0 W subsys-pil-tz 9800000.qcom,npu: Falling back to syfs fallback for: npu.b05
01-01 08:59:33.713 0 0 W subsys-pil-tz abb0000.qcom,cvpss: Falling back to syfs fallback for: cvpss.b06
01-01 08:59:33.714 0 0 W subsys-pil-tz 9800000.qcom,npu: Falling back to syfs fallback for: npu.b06
01-01 08:59:33.714 0 0 W subsys-pil-tz abb0000.qcom,cvpss: Falling back to syfs fallback for: cvpss.b07
01-01 08:59:33.714 0 0 W subsys-pil-tz abb0000.qcom,cvpss: Falling back to syfs fallback for: cvpss.b08
01-01 08:59:33.715 0 0 W subsys-pil-tz abb0000.qcom,cvpss: Falling back to syfs fallback for: cvpss.b09
01-01 08:59:33.715 0 0 W subsys-pil-tz abb0000.qcom,cvpss: Falling back to syfs fallback for: cvpss.b10
01-01 08:59:33.715 0 0 W subsys-pil-tz abb0000.qcom,cvpss: Falling back to syfs fallback for: cvpss.b19
01-01 08:59:33.720 0 0 I subsys-pil-tz 17300000.qcom,lpass: adsp: Power/Clock ready interrupt received
01-01 08:59:33.720 0 0 I qcom_rpmh DRV: apps_rsc TCS Busy, retrying RPMH message send: addr=0x30030
01-01 08:59:33.720 0 0 I qcom_rpmh DRV: apps_rsc TCS Busy, retrying RPMH message send: addr=0x30040
01-01 08:59:33.720 0 0 E register_client_adhoc: find path.src 1 dest 589
01-01 08:59:33.721 0 0 E register_client_adhoc: Failed to find path.src 1 dest 589
01-01 08:59:33.724 0 0 I msmdrm_smmu ae00000.qcom,mdss_mdp: qcom,smmu_sde_sec_cb: Linked as a consumer to 15000000.apps-smmu
01-01 08:59:33.371 676 676 I boot_progress_start: 31766
01-01 08:59:33.917 0 0 I subsys-pil-tz 17300000.qcom,lpass: Subsystem error monitoring/handling services are up
01-01 08:59:33.922 0 0 I iommu : Adding device ae00000.qcom,mdss_mdp:qcom,smmu_sde_sec_cb to group 52
01-01 08:59:33.924 0 0 E : [drm:dp_display_init_aux_switch][msm-dp-err][441 ]failed to register notifier (-22)
01-01 08:59:33.934 0 0 I subsys-pil-tz 9800000.qcom,npu: npu: Brought out of reset
01-01 08:59:33.940 0 0 I subsys-pil-tz abb0000.qcom,cvpss: cvpss: Brought out of reset
01-01 08:59:33.942 0 0 I : [drm] probing device qcom,smmu_sde_sec
01-01 08:59:33.942 0 0 I : [drm] Created domain mdp_s, secure=1
01-01 08:59:33.974 0 0 W NPU_WARN: host_session_msg_hdlr: 1904 handle npu session msg when FW is disabled
01-01 08:59:33.974 0 0 I NPU_INFO: npu_get_fw_caps: 236 fw caps 0:2007
01-01 08:59:33.983 0 0 I NPU_INFO: npu_get_fw_caps: 236 fw caps 1:80000005
01-01 08:59:33.983 0 0 I NPU_INFO: npu_get_fw_caps: 236 fw caps 2:0
01-01 08:59:33.983 0 0 I NPU_INFO: npu_get_fw_caps: 236 fw caps 3:0
01-01 08:59:33.983 0 0 I NPU_INFO: npu_get_fw_caps: 236 fw caps 4:0
01-01 08:59:33.983 0 0 I NPU_INFO: npu_get_fw_caps: 236 fw caps 5:0
01-01 08:59:33.983 0 0 I NPU_INFO: npu_get_fw_caps: 236 fw caps 6:0
01-01 08:59:33.983 0 0 I NPU_INFO: npu_get_fw_caps: 236 fw caps 7:0
01-01 08:59:33.990 0 0 D cnss : DRV subsystem is connected
01-01 08:59:34.003 0 0 I adsprpc : fastrpc_restart_notifier_cb: adsp subsystem is up
01-01 08:59:34.015 0 0 I adsprpc : fastrpc_rpmsg_probe: opened rpmsg channel for adsp
01-01 08:59:34.034 0 0 I [drm:dsi_panel_get_mode] [msm-dsi-info]: default topology: lm: 1 comp_enc:0 intf: 1
01-01 08:59:34.048 0 0 I qcom_smd_qrtr_probe: Entered
01-01 08:59:34.058 0 0 I qcom_smd_qrtr_probe: Entered
01-01 08:59:34.063 0 0 I qcom_smd_qrtr_probe: SMD QRTR driver probed
01-01 08:59:34.064 0 0 E register_client_adhoc: find path.src 1 dest 589
01-01 08:59:34.064 0 0 E register_client_adhoc: Failed to find path.src 1 dest 589
01-01 08:59:34.068 0 0 I qcom_smd_qrtr_probe: SMD QRTR driver probed
01-01 08:59:34.089 0 0 I : [drm] Supports vblank timestamp caching Rev 2 (21.10.2013).
01-01 08:59:34.097 0 0 E : [drm:dp_display_init_aux_switch][msm-dp-err][447 ]failed to register notifier (-22)
01-01 08:59:34.097 0 0 I apr_tal_rpmsg qcom,glink: adsp.apr_audio_svc.-1.-1: apr_tal_rpmsg_probe: Channel[apr_audio_svc] state[Up]
01-01 08:59:34.106 0 0 I : [drm] No driver support for vblank timestamp query.
01-01 08:59:34.118 0 0 E register_client_adhoc: find path.src 1 dest 589
01-01 08:59:34.118 0 0 E register_client_adhoc: Failed to find path.src 1 dest 589
01-01 08:59:34.147 0 0 E : [drm:dp_display_init_aux_switch][msm-dp-err][357 ]failed to register notifier (-22)
01-01 08:59:34.154 0 0 I : [drm] Initialized msm_drm 1.3.0 20130625 for ae00000.qcom,mdss_mdp on minor 0
01-01 08:59:34.155 0 0 I : [drm] cont_splash feature not enabled
01-01 08:59:34.169 0 0 I msm_cvp : info: Closed cvp instance: ffffffc32b102280 session_id = 0
01-01 08:59:34.183 0 0 E register_client_adhoc: find path.src 1 dest 589
01-01 08:59:34.044 677 677 I snet_event_log: [200284993,-1,]
01-01 08:59:34.066 676 676 I snet_event_log: [200284993,-1,]
01-01 08:59:34.126 676 676 D Build : ro.build.display.id=01.00.X103_20230410_private_userdebug
01-01 08:59:34.130 677 677 D Build : ro.build.display.id=01.00.X103_20230410_private_userdebug
01-01 08:59:34.135 676 676 I boot_progress_preload_start: 32530
01-01 08:59:34.175 677 677 D Zygote32Timing: PostZygoteInitGC took to complete: 35ms
01-01 08:59:34.176 677 677 D Zygote32Timing: ZygoteInit took to complete: 44ms
01-01 08:59:34.197 676 676 D Zygote64Timing: BeginPreload took to complete: 62ms
01-01 08:59:34.184 0 0 E register_client_adhoc: Failed to find path.src 1 dest 589
01-01 08:59:35.270 0 0 I subsys-restart: __subsystem_get(): Changing subsys fw_name to slpi
01-01 08:59:35.285 0 0 W subsys-pil-tz 5c00000.qcom,ssc: Falling back to syfs fallback for: slpi.mdt
01-01 08:59:35.315 0 0 I subsys-pil-tz 5c00000.qcom,ssc: slpi: loading from 0x0000000088c00000 to 0x000000008a100000
01-01 08:59:35.335 0 0 W subsys-pil-tz 5c00000.qcom,ssc: Falling back to syfs fallback for: slpi.b02
01-01 08:59:35.336 0 0 W subsys-pil-tz 5c00000.qcom,ssc: Falling back to syfs fallback for: slpi.b04
01-01 08:59:35.336 0 0 W subsys-pil-tz 5c00000.qcom,ssc: Falling back to syfs fallback for: slpi.b03
01-01 08:59:35.354 0 0 W subsys-pil-tz 5c00000.qcom,ssc: Falling back to syfs fallback for: slpi.b05
01-01 08:59:35.354 0 0 W subsys-pil-tz 5c00000.qcom,ssc: Falling back to syfs fallback for: slpi.b06
01-01 08:59:35.356 0 0 W subsys-pil-tz 5c00000.qcom,ssc: Falling back to syfs fallback for: slpi.b07
01-01 08:59:35.358 0 0 W subsys-pil-tz 5c00000.qcom,ssc: Falling back to syfs fallback for: slpi.b08
01-01 08:59:35.358 0 0 W subsys-pil-tz 5c00000.qcom,ssc: Falling back to syfs fallback for: slpi.b09
01-01 08:59:35.358 0 0 W subsys-pil-tz 5c00000.qcom,ssc: Falling back to syfs fallback for: slpi.b10
01-01 08:59:35.360 0 0 W subsys-pil-tz 5c00000.qcom,ssc: Falling back to syfs fallback for: slpi.b11
01-01 08:59:35.361 0 0 W subsys-pil-tz 5c00000.qcom,ssc: Falling back to syfs fallback for: slpi.b13
01-01 08:59:35.361 0 0 W subsys-pil-tz 5c00000.qcom,ssc: Falling back to syfs fallback for: slpi.b12
01-01 08:59:35.361 0 0 W subsys-pil-tz 5c00000.qcom,ssc: Falling back to syfs fallback for: slpi.b15
01-01 08:59:35.362 0 0 W subsys-pil-tz 5c00000.qcom,ssc: Falling back to syfs fallback for: slpi.b14
01-01 08:59:35.375 0 0 W subsys-pil-tz 5c00000.qcom,ssc: Falling back to syfs fallback for: slpi.b16
01-01 08:59:35.377 0 0 W subsys-pil-tz 5c00000.qcom,ssc: Falling back to syfs fallback for: slpi.b17
01-01 08:59:35.377 0 0 W subsys-pil-tz 5c00000.qcom,ssc: Falling back to syfs fallback for: slpi.b18
01-01 08:59:35.377 0 0 W subsys-pil-tz 5c00000.qcom,ssc: Falling back to syfs fallback for: slpi.b19
01-01 08:59:35.377 0 0 W subsys-pil-tz 5c00000.qcom,ssc: Falling back to syfs fallback for: slpi.b20
01-01 08:59:35.521 0 0 I binder : 821:821 ioctl 40046210 7fe375af14 returned -22
01-01 08:59:35.614 0 0 I binder : 827:827 ioctl 40046210 7fe7977d34 returned -22
01-01 08:59:35.623 0 0 I binder : 827:827 ioctl 40046210 7fe7977d14 returned -22
01-01 08:59:35.719 0 0 I subsys-pil-tz 5c00000.qcom,ssc: slpi: Brought out of reset
01-01 08:59:35.779 0 0 I subsys-pil-tz 5c00000.qcom,ssc: Subsystem error monitoring/handling services are up
01-01 08:59:35.788 0 0 I subsys-pil-tz 5c00000.qcom,ssc: slpi: Power/Clock ready interrupt received
01-01 08:59:35.814 0 0 I adsprpc : fastrpc_restart_notifier_cb: slpi subsystem is up
01-01 08:59:35.818 0 0 E : [drm:dp_display_init_aux_switch][msm-dp-err][5 ]failed to register notifier (-22)
01-01 08:59:35.830 0 0 I adsprpc : fastrpc_rpmsg_probe: opened rpmsg channel for slpi
01-01 08:59:35.832 0 0 I binder : 935:935 ioctl 40046210 7fc8dcf654 returned -22
01-01 08:59:35.855 0 0 I qcom_smd_qrtr_probe: Entered
01-01 08:59:35.865 0 0 E register_client_adhoc: find path.src 1 dest 589
01-01 08:59:35.867 0 0 E register_client_adhoc: Failed to find path.src 1 dest 589
01-01 08:59:35.878 0 0 I qcom_smd_qrtr_probe: SMD QRTR driver probed
01-01 08:59:35.910 0 0 E : [drm:dp_display_init_aux_switch][msm-dp-err][5 ]failed to register notifier (-22)
01-01 08:59:35.926 0 0 E register_client_adhoc: find path.src 1 dest 589
01-01 08:59:35.928 0 0 E register_client_adhoc: Failed to find path.src 1 dest 589
01-01 08:59:35.940 0 0 I binder : 944:944 ioctl 40046210 7fe6466db4 returned -22
01-01 08:59:35.675 676 676 D Zygote64Timing: PreloadClasses took to complete: 1478ms
01-01 08:59:35.678 951 951 I android.hardware.wifi@1.0-service: Wifi Hal is booting up...
01-01 08:59:35.690 951 951 I HidlServiceManagement: Registered android.hardware.wifi@1.4::IWifi/default (start delay of 224ms)
01-01 08:59:35.707 676 676 D Zygote64Timing: CacheNonBootClasspathClassLoaders took to complete: 31ms
01-01 08:59:35.739 676 676 D Zygote64Timing: PreloadResources took to complete: 32ms
01-01 08:59:36.391 0 0 I binder : 990:990 ioctl 40046210 7fdb61a344 returned -22
01-01 08:59:36.401 0 0 W QSEECOM : qseecom_load_app: App (soter64) does'nt exist, loading apps for first time
01-01 08:59:36.424 0 0 W QSEECOM : qseecom_load_app: App with id 4 (soter64) now loaded
01-01 08:59:35.982 676 676 I boot_progress_preload_end: 34376
01-01 08:59:35.982 676 676 D Zygote64Timing: ZygotePreload took to complete: 1846ms
01-01 08:59:36.474 0 0 I init : starting service 'vendor.vppservice'...
01-01 08:59:36.058 676 676 D Zygote64Timing: PostZygoteInitGC took to complete: 77ms
01-01 08:59:36.058 676 676 D Zygote64Timing: ZygoteInit took to complete: 1929ms
01-01 08:59:36.504 0 0 I init : Command 'class_start hal' action=boot (/system/etc/init/hw/init.rc:1113) took 1159ms and succeeded
01-01 08:59:36.516 0 0 E init : Control message: Could not find 'android.hardware.health@2.1::IHealth/default' for ctl.interface_start from pid: 505 (/system/bin/hwservicemanager)
01-01 08:59:36.534 0 0 I init : starting service 'qcom-c_core-sh'...
01-01 08:59:36.564 0 0 I init : starting service 'vendor.qrtr-ns'...
01-01 08:59:36.626 0 0 I init : starting service 'irsc_util'...
01-01 08:59:36.667 0 0 E init : Could not start service 'esepmdaemon' as part of class 'core': Cannot find '/system/vendor/bin/esepmdaemon': No such file or directory
01-01 08:59:36.681 0 0 I init : starting service 'cs-early-boot'...
01-01 08:59:36.250 1013 1013 I irsc_util: Starting irsc tool
01-01 08:59:36.699 0 0 I init : starting service 'vendor.lowi'...
01-01 08:59:36.257 1013 1013 I irsc_util: Num of entries:298
01-01 08:59:36.257 1013 1013 I irsc_util: Ending irsc tool
01-01 08:59:36.721 0 0 I init : starting service 'vendor.pd_mapper'...
01-01 08:59:36.737 0 0 E diag : In diag_send_peripheral_buffering_mode, buffering flag not set for 3
01-01 08:59:36.746 0 0 I msm_vidc: high: 00000001: ....d: Opening video instance: ffffffc30e858000, 1
01-01 08:59:36.755 0 0 E diag : In diag_send_feature_mask_update, control channel is not open, p: 5, ffffffaf6cdd8220
01-01 08:59:36.766 0 0 I msm_vidc_v4l2 aa00000.qcom,vidc: Linked as a consumer to regulator.75
01-01 08:59:36.768 0 0 E diag : In diag_send_peripheral_buffering_mode, buffering flag not set for 5
01-01 08:59:36.776 0 0 I msm_vidc_v4l2 aa00000.qcom,vidc: Linked as a consumer to regulator.74
01-01 08:59:36.784 0 0 E diag : In diag_send_feature_mask_update, control channel is not open, p: 6, ffffffaf6cdd8470
01-01 08:59:36.801 0 0 E diag : In diag_send_feature_mask_update, control channel is not open, p: 6, ffffffaf6cdd8470
01-01 08:59:36.827 0 0 W healthd : No battery devices found
01-01 08:59:36.832 0 0 E diag : In diag_send_peripheral_buffering_mode, buffering flag not set for 6
01-01 08:59:36.832 0 0 I subsys-restart: __subsystem_get(): Changing subsys fw_name to venus
01-01 08:59:36.832 0 0 W subsys-pil-tz aab0000.qcom,venus: Falling back to syfs fallback for: venus.mdt
01-01 08:59:36.371 934 934 I auditd : type=1400 audit(0.0:23): avc: denied { read } for comm="android.hardwar" name="type" dev="sysfs" ino=68315 scontext=u:r:hal_health_default:s0 tcontext=u:object_r:sysfs:s0 tclass=file permissive=0
01-01 08:59:36.854 0 0 I sysmon-qmi: ssctl_new_server: Connection established between QMI handle and slpi's SSCTL service
01-01 08:59:36.864 0 0 I subsys-pil-tz aab0000.qcom,venus: venus: loading from 0x0000000086e00000 to 0x0000000087300000
01-01 08:59:36.437 0 0 W healthd : battery none chg=
01-01 08:59:36.458 0 0 W subsys-pil-tz aab0000.qcom,venus: Falling back to syfs fallback for: venus.b02
01-01 08:59:36.459 0 0 W subsys-pil-tz aab0000.qcom,venus: Falling back to syfs fallback for: venus.b03
01-01 08:59:36.462 0 0 W subsys-pil-tz aab0000.qcom,venus: Falling back to syfs fallback for: venus.b04
01-01 08:59:36.462 0 0 W subsys-pil-tz aab0000.qcom,venus: Falling back to syfs fallback for: venus.b06
01-01 08:59:36.463 0 0 W subsys-pil-tz aab0000.qcom,venus: Falling back to syfs fallback for: venus.b05
01-01 08:59:36.464 0 0 W subsys-pil-tz aab0000.qcom,venus: Falling back to syfs fallback for: venus.b08
01-01 08:59:36.464 0 0 W subsys-pil-tz aab0000.qcom,venus: Falling back to syfs fallback for: venus.b07
01-01 08:59:36.464 0 0 W subsys-pil-tz aab0000.qcom,venus: Falling back to syfs fallback for: venus.b09
01-01 08:59:36.464 0 0 W subsys-pil-tz aab0000.qcom,venus: Falling back to syfs fallback for: venus.b10
01-01 08:59:36.465 0 0 W subsys-pil-tz aab0000.qcom,venus: Falling back to syfs fallback for: venus.b19
01-01 08:59:36.470 0 0 I sysmon-qmi: ssctl_new_server: Connection established between QMI handle and adsp's SSCTL service
01-01 08:59:36.493 0 0 I sysmon-qmi: ssctl_new_server: Connection established between QMI handle and cdsp's SSCTL service
01-01 08:59:36.495 0 0 D cnss : WLFW server arriving: node 7 port 1
01-01 08:59:36.495 0 0 D cnss : Posting event: SERVER_ARRIVE(0), state: 0x8 flags: 0x0
01-01 08:59:36.495 0 0 D cnss : PM stay awake, state: 0x8, count: 1
01-01 08:59:36.495 0 0 D cnss : PM relax, state: 0x8, count: 0
01-01 08:59:36.496 0 0 D cnss : PM stay awake, state: 0x8, count: 1
01-01 08:59:36.496 0 0 D cnss : Processing driver event: SERVER_ARRIVE(0), state: 0x8
01-01 08:59:36.496 0 0 I cnss : QMI WLFW service connected, state: 0x9
01-01 08:59:36.496 0 0 D cnss : Sending indication register message, state: 0x9
01-01 08:59:36.498 0 0 E diag : In diag_send_feature_mask_update, control channel is not open, p: 1, ffffffaf6cdd78e0
01-01 08:59:36.500 0 0 E diag : In diag_send_peripheral_buffering_mode, buffering flag not set for 1
01-01 08:59:36.506 0 0 I sysmon-qmi: ssctl_new_server: Connection established between QMI handle and slpi's SSCTL service
01-01 08:59:36.507 0 0 D cnss : Sending host capability message, state: 0x9
01-01 08:59:36.507 0 0 D cnss : Number of clients is 2
01-01 08:59:36.507 0 0 D cnss : Assign MSI to user: WAKE, num_vectors: 1, user_base_data: 813, base_vector: 13
01-01 08:59:36.507 0 0 D cnss : WAKE MSI base data is 813
01-01 08:59:36.507 0 0 D cnss : Calibration done is 0
01-01 08:59:36.507 0 0 D cnss : Sending iova starting 0xa0000000 with size 0x10010000
01-01 08:59:36.516 0 0 D cnss : PM relax, state: 0x9, count: 0
01-01 08:59:36.532 0 0 I servloc : init_service_locator: Service locator initialized
01-01 08:59:36.532 0 0 I servloc : service_locator_new_server: Connection established with the Service locator
01-01 08:59:36.552 0 0 I binder : 1015:1015 ioctl 40046210 7ff41be534 returned -22
01-01 08:59:36.568 0 0 I audio_notifer_reg_service: service PDR_ADSP is in use
01-01 08:59:36.568 0 0 I adsprpc : fastrpc_get_service_location_notify: PDR notifier for adsp registered for msm/adsp/audio_pd (audio_pdr_adsprpc)
01-01 08:59:36.568 0 0 I adsprpc : fastrpc_get_service_location_notify: audio_pdr_adsprpc (msm/adsp/audio_pd) PDR service for adsp is uninitialized
01-01 08:59:36.591 0 0 I service-notifier: service_notifier_new_server: Connection established between QMI handle and 74 service
01-01 08:59:36.594 0 0 I binder : 1052:1052 ioctl 40046210 7ff4347894 returned -22
01-01 08:59:36.595 0 0 I subsys-pil-tz aab0000.qcom,venus: venus: Brought out of reset
01-01 08:59:36.627 1015 1015 I SystemServerTiming: InitBeforeStartServices
01-01 08:59:36.642 1015 1015 I system_server_start: [1,35021,35021]
01-01 08:59:36.642 1015 1015 I SystemServer: Entered the Android system server!
01-01 08:59:36.642 1015 1015 I boot_progress_system_run: 35037
01-01 08:59:36.646 0 0 E DTC_ETH,link_delay_work_func: 3003, SQI=0, link=0
01-01 08:59:36.657 0 0 I msm_vidc: high: 00000001: h264d: Closed video instance: ffffffc30e858000
01-01 08:59:36.662 0 0 I apr_adsp_up: Q6 is Up
01-01 08:59:36.662 0 0 I adsprpc : fastrpc_pdr_notifier_cb: msm/adsp/audio_pd (audio_pdr_adsprpc) is up on adsp
01-01 08:59:36.682 0 0 I binder : 1070:1070 ioctl 40046210 7fcfada234 returned -22
01-01 08:59:36.684 0 0 I msm-audio-ion soc: qcom,msm-audio-apr:qcom,msm-audio-ion: Linked as a consumer to 15000000.apps-smmu
01-01 08:59:36.688 0 0 I msm_vidc: high: 00000001: ....d: Opening video instance: ffffffc30b2d0000, 1
01-01 08:59:36.698 0 0 I sps : BAM 0x0000000003a84000 (va:0xffffff801c040000) enabled: ver:0x19, number of pipes:25
01-01 08:59:36.715 0 0 I msm_vidc: high: 00000001: h264d: Closed video instance: ffffffc30b2d0000
01-01 08:59:36.730 0 0 I iommu : Adding device soc:qcom,msm-audio-apr:qcom,msm-audio-ion to group 53
01-01 08:59:36.719 472 472 I auditd : type=1400 audit(0.0:24): avc: denied { create } for comm="init" name="drm" scontext=u:r:vendor_init:s0 tcontext=u:object_r:mnt_product_file:s0 tclass=dir permissive=0
01-01 08:59:36.733 0 0 I msm_vidc: high: 00000001: ....d: Opening video instance: ffffffc30b2d0000, 1
01-01 08:59:36.744 0 0 I sps : BAM 0x0000000003a84000 is registered.
01-01 08:59:36.752 0 0 E : [drm:dp_display_init_aux_switch][msm-dp-err][737 ]failed to register notifier (-22)
01-01 08:59:36.731 472 472 I auditd : type=1400 audit(0.0:25): avc: denied { create } for comm="init" name="bluetooth" scontext=u:r:vendor_init:s0 tcontext=u:object_r:mnt_product_file:s0 tclass=dir permissive=0
01-01 08:59:36.773 0 0 E rmt_storage: ERR:main: Mmap Failed for rmts (-1)...pausing execution!
01-01 08:59:36.777 0 0 I msm_vidc: high: 00000001: h265d: Closed video instance: ffffffc30b2d0000
01-01 08:59:36.731 472 472 I auditd : type=1400 audit(0.0:26): avc: denied { create } for comm="init" name="misc" scontext=u:r:vendor_init:s0 tcontext=u:object_r:mnt_product_file:s0 tclass=dir permissive=0
01-01 08:59:36.731 472 472 I auditd : type=1400 audit(0.0:27): avc: denied { create } for comm="init" name="alarm" scontext=u:r:vendor_init:s0 tcontext=u:object_r:mnt_product_file:s0 tclass=dir permissive=0
01-01 08:59:36.763 1 1 I auditd : type=1107 audit(0.0:28): uid=0 auid=4294967295 ses=4294967295 subj=u:r:init:s0 msg='avc: denied { set } for property=ctl.start$console pid=1089 uid=0 gid=0 scontext=u:r:vendor_qti_init_shell:s0 tcontext=u:object_r:ctl_start_prop:s0 tclass=property_service permissive=0'
01-01 08:59:36.775 472 472 I auditd : type=1400 audit(0.0:29): avc: denied { setattr } for comm="init" name="rawdump" dev="tmpfs" ino=27807 scontext=u:r:vendor_init:s0 tcontext=u:object_r:block_device:s0 tclass=lnk_file permissive=0
01-01 08:59:36.784 0 0 E register_client_adhoc: find path.src 1 dest 589
01-01 08:59:36.775 472 472 I auditd : type=1400 audit(0.0:30): avc: denied { setattr } for comm="init" name="rawdump" dev="tmpfs" ino=27807 scontext=u:r:vendor_init:s0 tcontext=u:object_r:block_device:s0 tclass=lnk_file permissive=0
01-01 08:59:36.785 0 0 E register_client_adhoc: Failed to find path.src 1 dest 589
01-01 08:59:36.797 0 0 I msm_vidc: high: 00000001: ....d: Opening video instance: ffffffc30b2d0000, 1
01-01 08:59:36.812 0 0 E : [drm:dp_display_init_aux_switch][msm-dp-err][737 ]failed to register notifier (-22)
01-01 08:59:36.814 0 0 I : Mass Storage Function, version: 2009/09/11
01-01 08:59:36.816 0 0 I binder : 1044:1044 ioctl 40046210 7fc78e9354 returned -22
01-01 08:59:36.817 0 0 I binder : 1044:1044 ioctl 40046210 7fc78e9374 returned -22
01-01 08:59:36.822 0 0 I LUN : removable file: (no medium)
01-01 08:59:36.828 0 0 E register_client_adhoc: find path.src 1 dest 589
01-01 08:59:36.828 0 0 I msm_vidc: high: 00000001: h265d: Closed video instance: ffffffc30b2d0000
01-01 08:59:36.829 0 0 E register_client_adhoc: Failed to find path.src 1 dest 589
01-01 08:59:36.836 0 0 I msm_vidc: high: 00000001: ....d: Opening video instance: ffffffc30b2d0000, 1
01-01 08:59:36.856 0 0 I msm_vidc: high: 00000001: vp8d: Closed video instance: ffffffc30b2d0000
01-01 08:59:36.858 0 0 I msm_vidc: high: 00000001: ....d: Opening video instance: ffffffc30b2d0000, 1
01-01 08:59:36.862 0 0 I : file system registered
01-01 08:59:36.864 0 0 I msm_vidc: high: 00000001: vp9d: Closed video instance: ffffffc30b2d0000
01-01 08:59:36.866 0 0 I msm_vidc: high: 00000001: ....d: Opening video instance: ffffffc30b2d0000, 1
01-01 08:59:36.877 0 0 I msm_vidc: high: 00000001: vp9d: Closed video instance: ffffffc30b2d0000
01-01 08:59:36.881 0 0 I msm_vidc: high: 00000001: ....d: Opening video instance: ffffffc309070000, 1
01-01 08:59:36.883 0 0 I binder : 1078:1078 ioctl 40046210 7fca1a9804 returned -22
01-01 08:59:36.890 0 0 I msm_vidc: high: 00000001: mpg2d: Closed video instance: ffffffc309070000
01-01 08:59:36.891 0 0 I f_cdev_alloc: port_name:at_usb0 (ffffffc30903b680) portno:(0)
01-01 08:59:36.891 0 0 I binder : 1078:1078 ioctl 40046210 7fca1ab234 returned -22
01-01 08:59:36.896 0 0 I msm_vidc: high: 00000001: ....d: Opening video instance: ffffffc3090c0000, 1
01-01 08:59:36.898 0 0 I f_cdev_alloc: port_name:at_usb1 (ffffffc309039280) portno:(1)
01-01 08:59:36.902 0 0 I f_cdev_alloc: port_name:at_usb2 (ffffffc309038080) portno:(2)
01-01 08:59:36.907 0 0 I msm_vidc: high: 00000001: mpg2d: Closed video instance: ffffffc3090c0000
01-01 08:59:36.910 0 0 W kona-asoc-snd soc: qcom,msm-audio-apr:qcom,q6core-audio:sound: msm_init_aux_dev: Max WSA devices is 0 for this target?
01-01 08:59:36.912 0 0 I msm_vidc: high: 00000001: ....e: Opening video instance: ffffffc309128000, 0
01-01 08:59:36.918 504 504 I auditd : avc: denied { find } for pid=1078 uid=1000 name=vendor.qti.hardware.display.config.IDisplayConfig/default scontext=u:r:surfaceflinger:s0 tcontext=u:object_r:default_android_service:s0 tclass=service_manager permissive=0
01-01 08:59:36.918 0 0 E kona-asoc-snd soc: qcom,msm-audio-apr:qcom,q6core-audio:sound: ASoC: CODEC DAI wsa_macro_vifeedback not registered
01-01 08:59:36.923 0 0 I msm_vidc: high: 00000001: h264e: Closed video instance: ffffffc309128000
01-01 08:59:36.933 0 0 I msm_vidc: high: 00000001: ....e: Opening video instance: ffffffc30911c000, 0
01-01 08:59:36.934 504 504 I auditd : avc: denied { find } for pid=1078 uid=1000 name=vendor.qti.hardware.display.config.IDisplayConfig/default scontext=u:r:surfaceflinger:s0 tcontext=u:object_r:default_android_service:s0 tclass=service_manager permissive=0
01-01 08:59:36.944 0 0 I msm_vidc: high: 00000001: h265e: Closed video instance: ffffffc30911c000
01-01 08:59:36.947 0 0 E qcom-lpi-pinctrl soc: qcom,msm-audio-apr:qcom,q6core-audio:lpi_pinctrl@33c0000: snd_event_notify: No snd dev entry found
01-01 08:59:36.952 0 0 I msm_vidc: high: 00000001: ....e: Opening video instance: ffffffc3091cc000, 0
01-01 08:59:36.984 0 0 I msm_vidc: high: 00000001: h265e: Closed video instance: ffffffc3091cc000
01-01 08:59:36.993 0 0 I msm_vidc: high: 00000001: ....e: Opening video instance: ffffffc309288000, 0
01-01 08:59:37.016 0 0 I msm_vidc: high: 00000001: h265e: Closed video instance: ffffffc309288000
01-01 08:59:37.011 1015 1015 I SystemServerInitThreadPool: Creating instance with 8 threads
01-01 08:59:37.024 0 0 I msm_vidc: high: 00000001: ....e: Opening video instance: ffffffc30eab8000, 0
01-01 08:59:37.027 0 0 W kgsl-3d0: Falling back to syfs fallback for: a650_sqe.fw
01-01 08:59:37.032 0 0 I msm_vidc: err : 00000001: ....e: msm_vidc_comm_update_ctrl: failed: control name Ltr Count, min 0, max 0, step 0, default_value 0
01-01 08:59:37.038 0 0 I msm_vidc: high: 00000001: vp8e: Closed video instance: ffffffc30eab8000
01-01 08:59:37.046 0 0 I platform soc: qcom,msm-audio-apr:qcom,voice-mhi-audio: assigned reserved memory node mailbox_region
01-01 08:59:37.058 0 0 E : [drm:dp_display_init_aux_switch][msm-dp-err][441 ]failed to register notifier (-22)
01-01 08:59:37.072 0 0 E register_client_adhoc: find path.src 1 dest 589
01-01 08:59:37.072 0 0 E register_client_adhoc: Failed to find path.src 1 dest 589
01-01 08:59:37.078 0 0 W kgsl-3d0: Falling back to syfs fallback for: a650_gmu.bin
01-01 08:59:37.104 0 0 W kona-asoc-snd soc: qcom,msm-audio-apr:qcom,q6core-audio:sound: msm_init_aux_dev: Max WSA devices is 0 for this target?
01-01 08:59:37.112 0 0 E kona-asoc-snd soc: qcom,msm-audio-apr:qcom,q6core-audio:sound: ASoC: CODEC DAI wsa_macro_vifeedback not registered
01-01 08:59:37.140 0 0 W : bolero-clk-rsc-mngr bolero-clk-rsc-mngr: DMA mask not set
01-01 08:59:37.154 0 0 W tx_macro tx-macro: DMA mask not set
01-01 08:59:37.154 0 0 E tx_macro tx-macro: tx_macro_probe: va-macro not registered yet, defer
01-01 08:59:37.167 0 0 W rx_macro rx-macro: DMA mask not set
01-01 08:59:37.167 0 0 E rx_macro rx-macro: rx_macro_probe: va-macro not registered yet, defer
01-01 08:59:37.170 0 0 I msm_cvp : warn: DBLP Set: status 0 0
01-01 08:59:37.180 0 0 W wsa_macro wsa-macro: DMA mask not set
01-01 08:59:37.180 0 0 E wsa_macro wsa-macro: wsa_macro_probe: va-macro not registered yet, defer
01-01 08:59:37.194 0 0 W va_macro va-macro: DMA mask not set
01-01 08:59:37.195 0 0 E msm_cdc_pinctrl_get_gpiodata: device node is null
01-01 08:59:37.205 0 0 I va_macro va-macro: Linked as a consumer to regulator.7
01-01 08:59:37.205 0 0 I va_macro va-macro: bolero_register_macro: register macro successful:3
01-01 08:59:37.210 0 0 W wcd938x_codec wcd938x-codec: DMA mask not set
01-01 08:59:37.210 0 0 I wcd938x_codec wcd938x-codec: msm_cdc_dt_parse_vreg_info: cdc-vdd-rxtx: vol=[1800000 1800000]uV, curr=[30000]uA, ond 0 lpm 0
01-01 08:59:37.210 0 0 I wcd938x_codec wcd938x-codec: msm_cdc_dt_parse_vreg_info: cdc-vddio: vol=[1800000 1800000]uV, curr=[30000]uA, ond 0 lpm 0
01-01 08:59:37.211 0 0 I wcd938x_codec wcd938x-codec: msm_cdc_dt_parse_vreg_info: cdc-vdd-buck: vol=[1800000 1800000]uV, curr=[650000]uA, ond 0 lpm 0
01-01 08:59:37.211 0 0 I wcd938x_codec wcd938x-codec: msm_cdc_dt_parse_vreg_info: cdc-vdd-mic-bias: vol=[3296000 3296000]uV, curr=[30000]uA, ond 0 lpm 0
01-01 08:59:37.212 0 0 I wcd938x_codec wcd938x-codec: Linked as a consumer to regulator.7
01-01 08:59:37.215 0 0 I wcd938x_codec wcd938x-codec: Linked as a consumer to regulator.48
01-01 08:59:37.232 0 0 E : [drm:dp_display_init_aux_switch][msm-dp-err][441 ]failed to register notifier (-22)
01-01 08:59:37.248 0 0 E register_client_adhoc: find path.src 1 dest 589
01-01 08:59:37.248 0 0 E register_client_adhoc: Failed to find path.src 1 dest 589
01-01 08:59:37.274 0 0 I binder : 1134:1134 ioctl 40046210 7fe6213e34 returned -22
01-01 08:59:37.275 0 0 W kona-asoc-snd soc: qcom,msm-audio-apr:qcom,q6core-audio:sound: msm_init_aux_dev: Max WSA devices is 0 for this target?
01-01 08:59:37.276 0 0 W subsys-pil-tz soc: qcom,kgsl-hyp: Falling back to syfs fallback for: a650_zap.mdt
01-01 08:59:37.287 0 0 I ueventd : firmware: loading 'a650_zap.mdt' for '/devices/platform/soc/soc:qcom,kgsl-hyp/firmware/a650_zap.mdt'
01-01 08:59:37.288 0 0 E kona-asoc-snd soc: qcom,msm-audio-apr:qcom,q6core-audio:sound: ASoC: CODEC DAI wsa_macro_vifeedback not registered
01-01 08:59:37.292 0 0 I ueventd : loading /devices/platform/soc/soc:qcom,kgsl-hyp/firmware/a650_zap.mdt took 5ms
01-01 08:59:37.304 0 0 I subsys-pil-tz soc: qcom,kgsl-hyp: a650_zap: loading from 0x00000000fcf00000 to 0x00000000fcf01000
01-01 08:59:37.310 0 0 W subsys-pil-tz soc: qcom,kgsl-hyp: Falling back to syfs fallback for: a650_zap.b02
01-01 08:59:37.311 0 0 I tx_macro tx-macro: bolero_register_macro: register macro successful:0
01-01 08:59:37.318 0 0 I rx_macro rx-macro: bolero_register_macro: register macro successful:1
01-01 08:59:37.321 0 0 I ueventd : firmware: loading 'a650_zap.b02' for '/devices/platform/soc/soc:qcom,kgsl-hyp/firmware/a650_zap.b02'
01-01 08:59:37.324 0 0 I ueventd : loading /devices/platform/soc/soc:qcom,kgsl-hyp/firmware/a650_zap.b02 took 4ms
01-01 08:59:37.325 0 0 I wsa_macro wsa-macro: bolero_register_macro: register macro successful:2
01-01 08:59:37.326 0 0 I subsys-pil-tz soc: qcom,kgsl-hyp: a650_zap: Brought out of reset
01-01 08:59:37.330 0 0 E : [drm:dp_display_init_aux_switch][msm-dp-err][441 ]failed to register notifier (-22)
01-01 08:59:37.344 0 0 E register_client_adhoc: find path.src 1 dest 589
01-01 08:59:37.345 0 0 E register_client_adhoc: Failed to find path.src 1 dest 589
01-01 08:59:37.370 0 0 W kona-asoc-snd soc: qcom,msm-audio-apr:qcom,q6core-audio:sound: msm_init_aux_dev: Max WSA devices is 0 for this target?
01-01 08:59:37.396 0 0 I binder : 1134:1146 ioctl 40046210 6ee1701144 returned -22
01-01 08:59:37.439 0 0 W swr-wcd tx_swr_ctrl: DMA mask not set
01-01 08:59:37.488 0 0 W swr-wcd rx_swr_ctrl: DMA mask not set
01-01 08:59:37.619 1015 1015 D SystemServerTiming: InitBeforeStartServices took to complete: 992ms
01-01 08:59:37.619 1015 1015 I SystemServerTiming: StartServices
01-01 08:59:37.620 1015 1015 I SystemServerTiming: startBootstrapServices
01-01 08:59:37.620 1015 1015 I SystemServerTiming: StartWatchdog
01-01 08:59:37.605 0 0 E swr-wcd rx_swr_ctrl: swrm_get_logical_dev_num: device 0xd01170224 is not ready
01-01 08:59:37.627 0 0 E swr_get_logical_dev_num: Error -22 to get logical addr for device d01170224
01-01 08:59:37.637 1015 1015 D SystemServerTiming: StartWatchdog took to complete: 18ms
01-01 08:59:37.637 1015 1015 I SystemServer: Reading configuration...
01-01 08:59:37.637 1015 1015 I SystemServerTiming: ReadingSystemConfig
01-01 08:59:37.638 1015 1015 D SystemServerTiming: ReadingSystemConfig took to complete: 0ms
01-01 08:59:37.638 1015 1015 I SystemServerTiming: PlatformCompat
01-01 08:59:37.639 1015 1178 I SystemServerTimingAsync: InitThreadPoolExec:ReadingSystemConfig
01-01 08:59:37.639 1015 1178 D SystemServerInitThreadPool: Started executing ReadingSystemConfig
01-01 08:59:37.641 1015 1015 D CompatConfig: Found a config file: /system/etc/compatconfig/framework-platform-compat-config.xml
01-01 08:59:37.643 1015 1015 D CompatConfig: Adding: com.android.server.compat.config.Change@ff70690
01-01 08:59:37.645 1015 1015 D CompatConfig: Adding: com.android.server.compat.config.Change@38ddb89
01-01 08:59:37.646 1015 1015 D CompatConfig: Adding: com.android.server.compat.config.Change@140678e
01-01 08:59:37.647 1015 1015 D CompatConfig: Adding: com.android.server.compat.config.Change@dcd8baf
01-01 08:59:37.647 1015 1015 D CompatConfig: Adding: com.android.server.compat.config.Change@96dfbbc
01-01 08:59:37.648 1015 1015 D CompatConfig: Adding: com.android.server.compat.config.Change@5efa745
01-01 08:59:37.649 1015 1015 D CompatConfig: Adding: com.android.server.compat.config.Change@5f6e9a
01-01 08:59:37.650 1015 1178 I SystemConfig: Reading permissions from /system/etc/sysconfig/framework-sysconfig.xml
01-01 08:59:37.650 1015 1015 D CompatConfig: Adding: com.android.server.compat.config.Change@4fd17a8
01-01 08:59:37.651 1015 1015 D CompatConfig: Adding: com.android.server.compat.config.Change@e872c1
01-01 08:59:37.651 1015 1015 D CompatConfig: Adding: com.android.server.compat.config.Change@835da66
01-01 08:59:37.652 1015 1015 D CompatConfig: Adding: com.android.server.compat.config.Change@85d41a7
01-01 08:59:37.653 1015 1015 D CompatConfig: Adding: com.android.server.compat.config.Change@7e00654
01-01 08:59:37.653 1015 1178 I SystemConfig: Reading permissions from /system/etc/sysconfig/hiddenapi-package-whitelist.xml
01-01 08:59:37.653 1015 1015 D CompatConfig: Adding: com.android.server.compat.config.Change@bb536f2
01-01 08:59:37.654 1015 1015 D CompatConfig: Adding: com.android.server.compat.config.Change@4125143
01-01 08:59:37.655 1015 1178 I SystemConfig: Reading permissions from /system/etc/sysconfig/preinstalled-packages-com.android.providers.media.module.xml
01-01 08:59:37.656 1015 1015 D CompatConfig: Adding: com.android.server.compat.config.Change@6a7b8f9
01-01 08:59:37.656 1015 1015 D CompatConfig: Adding: com.android.server.compat.config.Change@95bd03e
01-01 08:59:37.658 1015 1015 D CompatConfig: Adding: com.android.server.compat.config.Change@905cbec
01-01 08:59:37.658 1015 1178 I SystemConfig: Reading permissions from /system/etc/sysconfig/qti_whitelist.xml
01-01 08:59:37.659 1015 1015 D CompatConfig: Adding: com.android.server.compat.config.Change@21ebb5
01-01 08:59:37.661 1015 1015 D CompatConfig: Adding: com.android.server.compat.config.Change@740b24a
01-01 08:59:37.661 1015 1178 I SystemConfig: Reading permissions from /system/etc/sysconfig/preinstalled-packages-platform.xml
01-01 08:59:37.662 1015 1015 D CompatConfig: Adding: com.android.server.compat.config.Change@f79bad8
01-01 08:59:37.663 1015 1015 D CompatConfig: Adding: com.android.server.compat.config.Change@8d28e31
01-01 08:59:37.664 1015 1015 D CompatConfig: Adding: com.android.server.compat.config.Change@3dfa916
01-01 08:59:37.664 1015 1178 I SystemConfig: Reading permissions from /system/etc/sysconfig/preinstalled-packages-platform-full-base.xml
01-01 08:59:37.665 1015 1015 D CompatConfig: Adding: com.android.server.compat.config.Change@23bac84
01-01 08:59:37.666 1015 1015 D CompatConfig: Adding: com.android.server.compat.config.Change@410dc6d
01-01 08:59:37.668 1015 1178 I SystemConfig: Reading permissions from /system/etc/permissions/com.thundercomm.tcservice.xml
01-01 08:59:37.670 1015 1015 D CompatConfig: Adding: com.android.server.compat.config.Change@a5a1133
01-01 08:59:37.670 1015 1178 I SystemConfig: Reading permissions from /system/etc/permissions/com.android.documentsui.xml
01-01 08:59:37.671 1015 1015 D CompatConfig: Adding: com.android.server.compat.config.Change@96bd269
01-01 08:59:37.672 1015 1015 D CompatConfig: Adding: com.android.server.compat.config.Change@33ac4ee
01-01 08:59:37.672 1015 1178 I SystemConfig: Reading permissions from /system/etc/permissions/privapp-permissions-platform.xml
01-01 08:59:37.673 1015 1015 D CompatConfig: Adding: com.android.server.compat.config.Change@c0a081c
01-01 08:59:37.674 1015 1015 D CompatConfig: Adding: com.android.server.compat.config.Change@662c25
01-01 08:59:37.675 1015 1015 D CompatConfig: Adding: com.android.server.compat.config.Change@69241fa
01-01 08:59:37.676 1015 1015 D CompatConfig: Adding: com.android.server.compat.config.Change@dbc73ab
01-01 08:59:37.653 0 0 E swr-wcd rx_swr_ctrl: swrm_get_logical_dev_num: device 0xd01170224 is not ready
01-01 08:59:37.669 0 0 E swr_get_logical_dev_num: Error -22 to get logical addr for device d01170224
01-01 08:59:37.677 1015 1015 D CompatConfig: Adding: com.android.server.compat.config.Change@5bd8a08
01-01 08:59:37.679 1015 1178 I SystemConfig: Reading permissions from /system/etc/permissions/org.apache.http.legacy.xml
01-01 08:59:37.679 1015 1015 D CompatConfig: Adding: com.android.server.compat.config.Change@cb283c6
01-01 08:59:37.680 1015 1015 D CompatConfig: Adding: com.android.server.compat.config.Change@d4c9f87
01-01 08:59:37.681 1015 1178 I SystemConfig: Reading permissions from /system/etc/permissions/uimremoteclient.xml
01-01 08:59:37.681 1015 1015 D CompatConfig: Adding: com.android.server.compat.config.Change@1aebadd
01-01 08:59:37.682 1015 1015 D CompatConfig: Adding: com.android.server.compat.config.Change@8431652
01-01 08:59:37.683 1015 1178 I SystemConfig: Reading permissions from /system/etc/permissions/android.test.base.xml
01-01 08:59:37.683 1015 1015 D CompatConfig: Adding: com.android.server.compat.config.Change@6b19220
01-01 08:59:37.684 1015 1015 D CompatConfig: Adding: com.android.server.compat.config.Change@8e127d9
01-01 08:59:37.685 1015 1015 D CompatConfig: Adding: com.android.server.compat.config.Change@cd8459e
01-01 08:59:37.686 1015 1178 I SystemConfig: Reading permissions from /system/etc/permissions/android.software.webview.xml
01-01 08:59:37.686 1015 1015 D CompatConfig: Adding: com.android.server.compat.config.Change@c6db04c
01-01 08:59:37.687 1015 1015 D CompatConfig: Adding: com.android.server.compat.config.Change@d336895
01-01 08:59:37.688 1015 1015 D CompatConfig: Adding: com.android.server.compat.config.Change@ff1daa
01-01 08:59:37.689 1015 1015 D CompatConfig: Adding: com.android.server.compat.config.Change@3259d9b
01-01 08:59:37.689 1015 1178 I SystemConfig: Reading permissions from /system/etc/permissions/com.android.nfc_extras.xml
01-01 08:59:37.691 1015 1178 I SystemConfig: Reading permissions from /system/etc/permissions/com.thundercomm.screensaver.xml
01-01 08:59:37.691 1015 1015 D CompatConfig: Adding: com.android.server.compat.config.Change@5096a76
01-01 08:59:37.692 1015 1015 D CompatConfig: Adding: com.android.server.compat.config.Change@b67877
01-01 08:59:37.693 1015 1015 D CompatConfig: Adding: com.android.server.compat.config.Change@96fbce4
01-01 08:59:37.693 1015 1178 I SystemConfig: Reading permissions from /system/etc/permissions/android.test.mock.xml
