04-10 02:17:10.913 2062 2062 D Avrcp_ext: add #2:MediaPlayerInfo com.microsoft.emmx (as 'Edge') Type = 1, SubType = 0, Status = 0 Feature Bits [40 41 42 44 45 47 48 58] Controller: null
04-10 02:17:10.914 2062 2062 D Avrcp_ext: Added MediaPlayerController/MediaPlayerPackage
04-10 02:17:10.916 2062 2062 V Avrcp_ext: updateCurrentMediaState: mMediaController: null
04-10 02:17:10.916 2062 2062 W Avrcp_ext: isMusicActive: false getBluetoothPlayState: 2 A2dp State: 11 mAudioPlaybackIsActive: false
04-10 02:17:10.916 2062 2062 W Avrcp_ext: updateCurrentMediaState: isPlaying = false
04-10 02:17:10.916 2062 2062 V Avrcp_ext: Media update: id -1➡-1? [MediaAttributes: none] : [MediaAttributes: none]
04-10 02:17:10.916 2062 2062 D Avrcp_ext: isPackageNameValid: browsedPackage = isValid = false
04-10 02:17:10.917 2062 2062 V Avrcp_ext: updatePlaybackState, state: PlaybackState {state=2, position=-1, buffered position=0, speed=0.0, updated=52122, actions=0, custom actions=[], active item id=-1, error=null} device: null
04-10 02:17:10.917 2080 2080 W View : requestLayout() improperly called by com.android.keyguard.AlphaOptimizedLinearLayout{b087447 V.E...... ......ID 4,0-34,33 #7f0b069c app:id/wifi_group} during layout: running second layout pass
04-10 02:17:10.920 1015 2172 I service_manager_slow: [18,platform_compat]
04-10 02:17:10.921 1015 2172 D CompatibilityChangeReporter: Compat change id reported: 185004937; UID 10071; state: DISABLED
04-10 02:17:10.921 1015 1191 I SystemServerTimingAsync: ssm.onUnlockedUser-0_com.android.server.os.NativeTombstoneManagerService
04-10 02:17:10.921 1015 1191 D SystemServerTimingAsync: ssm.onUnlockedUser-0_com.android.server.os.NativeTombstoneManagerService took to complete: 0ms
04-10 02:17:10.921 1015 1191 I SystemServerTimingAsync: ssm.onUnlockedUser-0_com.android.server.os.BugreportManagerService
04-10 02:17:10.921 1015 1191 D SystemServerTimingAsync: ssm.onUnlockedUser-0_com.android.server.os.BugreportManagerService took to complete: 0ms
04-10 02:17:10.921 1015 1191 I SystemServerTimingAsync: ssm.onUnlockedUser-0_com.android.server.gpu.GpuService
04-10 02:17:10.921 1015 1191 D SystemServerTimingAsync: ssm.onUnlockedUser-0_com.android.server.gpu.GpuService took to complete: 0ms
04-10 02:17:10.921 1015 1191 I SystemServerTimingAsync: ssm.onUnlockedUser-0_com.android.server.security.KeyChainSystemService
04-10 02:17:10.922 1015 1191 D SystemServerTimingAsync: ssm.onUnlockedUser-0_com.android.server.security.KeyChainSystemService took to complete: 0ms
04-10 02:17:10.922 1015 1191 I SystemServerTimingAsync: ssm.onUnlockedUser-0_com.android.server.telecom.TelecomLoaderService
04-10 02:17:10.922 1015 1191 D SystemServerTimingAsync: ssm.onUnlockedUser-0_com.android.server.telecom.TelecomLoaderService took to complete: 0ms
04-10 02:17:10.922 1015 1191 I SystemServerTimingAsync: ssm.onUnlockedUser-0_com.android.server.accounts.AccountManagerService$Lifecycle
04-10 02:17:10.922 1015 1191 D SystemServerTimingAsync: ssm.onUnlockedUser-0_com.android.server.accounts.AccountManagerService$Lifecycle took to complete: 0ms
04-10 02:17:10.923 1015 1191 I SystemServerTimingAsync: ssm.onUnlockedUser-0_com.android.server.content.ContentService$Lifecycle
04-10 02:17:10.923 677 677 D Zygote : Forked child process 3044
04-10 02:17:10.924 1015 1191 D SystemServerTimingAsync: ssm.onUnlockedUser-0_com.android.server.content.ContentService$Lifecycle took to complete: 0ms
04-10 02:17:10.924 1015 1191 I SystemServerTimingAsync: ssm.onUnlockedUser-0_com.android.server.DropBoxManagerService
04-10 02:17:10.924 1015 1191 D SystemServerTimingAsync: ssm.onUnlockedUser-0_com.android.server.DropBoxManagerService took to complete: 0ms
04-10 02:17:10.924 1015 1192 W ActivityManager: Slow operation: 178ms so far, now at startProcess: returned from zygote!
04-10 02:17:10.926 1015 1191 I SystemServerTimingAsync: ssm.onUnlockedUser-0_com.android.role.RoleService
04-10 02:17:10.927 1015 1191 D SystemServerTimingAsync: ssm.onUnlockedUser-0_com.android.role.RoleService took to complete: 0ms
04-10 02:17:10.927 1015 1191 I SystemServerTimingAsync: ssm.onUnlockedUser-0_com.android.server.vibrator.VibratorManagerService$Lifecycle
04-10 02:17:10.927 1015 1191 D SystemServerTimingAsync: ssm.onUnlockedUser-0_com.android.server.vibrator.VibratorManagerService$Lifecycle took to complete: 0ms
04-10 02:17:10.927 1015 1191 I SystemServerTimingAsync: ssm.onUnlockedUser-0_com.android.server.alarm.AlarmManagerService
04-10 02:17:10.927 1015 1191 D SystemServerTimingAsync: ssm.onUnlockedUser-0_com.android.server.alarm.AlarmManagerService took to complete: 0ms
04-10 02:17:10.927 1015 1191 I SystemServerTimingAsync: ssm.onUnlockedUser-0_com.android.server.devicestate.DeviceStateManagerService
04-10 02:17:10.927 1015 1191 D SystemServerTimingAsync: ssm.onUnlockedUser-0_com.android.server.devicestate.DeviceStateManagerService took to complete: 0ms
04-10 02:17:10.927 1015 1191 I SystemServerTimingAsync: ssm.onUnlockedUser-0_com.android.server.camera.CameraServiceProxy
04-10 02:17:10.927 1015 1191 D SystemServerTimingAsync: ssm.onUnlockedUser-0_com.android.server.camera.CameraServiceProxy took to complete: 0ms
04-10 02:17:10.927 1015 1191 I SystemServerTimingAsync: ssm.onUnlockedUser-0_com.android.server.BluetoothService
04-10 02:17:10.927 1015 1191 D SystemServerTimingAsync: ssm.onUnlockedUser-0_com.android.server.BluetoothService took to complete: 0ms
04-10 02:17:10.927 1015 1191 I SystemServerTimingAsync: ssm.onUnlockedUser-0_com.android.server.connectivity.IpConnectivityMetrics
04-10 02:17:10.927 1015 1191 D SystemServerTimingAsync: ssm.onUnlockedUser-0_com.android.server.connectivity.IpConnectivityMetrics took to complete: 0ms
04-10 02:17:10.927 1015 1191 I SystemServerTimingAsync: ssm.onUnlockedUser-0_com.android.server.net.watchlist.NetworkWatchlistService$Lifecycle
04-10 02:17:10.927 1015 1191 D SystemServerTimingAsync: ssm.onUnlockedUser-0_com.android.server.net.watchlist.NetworkWatchlistService$Lifecycle took to complete: 0ms
04-10 02:17:10.927 1015 1191 I SystemServerTimingAsync: ssm.onUnlockedUser-0_com.android.server.PinnerService
04-10 02:17:10.927 1015 1191 D SystemServerTimingAsync: ssm.onUnlockedUser-0_com.android.server.PinnerService took to complete: 0ms
04-10 02:17:10.927 1015 1191 I SystemServerTimingAsync: ssm.onUnlockedUser-0_com.google.android.startop.iorap.IorapForwardingService
04-10 02:17:10.927 1015 1191 D SystemServerTimingAsync: ssm.onUnlockedUser-0_com.google.android.startop.iorap.IorapForwardingService took to complete: 0ms
04-10 02:17:10.927 1015 1191 I SystemServerTimingAsync: ssm.onUnlockedUser-0_com.android.server.ActivityTriggerService
04-10 02:17:10.927 1015 1191 D SystemServerTimingAsync: ssm.onUnlockedUser-0_com.android.server.ActivityTriggerService took to complete: 0ms
04-10 02:17:10.928 1015 1191 I SystemServerTimingAsync: ssm.onUnlockedUser-0_com.android.server.integrity.AppIntegrityManagerService
04-10 02:17:10.928 1015 1191 D SystemServerTimingAsync: ssm.onUnlockedUser-0_com.android.server.integrity.AppIntegrityManagerService took to complete: 0ms
04-10 02:17:10.928 1015 1191 I SystemServerTimingAsync: ssm.onUnlockedUser-0_com.android.server.inputmethod.InputMethodManagerService$Lifecycle
04-10 02:17:10.928 1015 1191 D SystemServerTimingAsync: ssm.onUnlockedUser-0_com.android.server.inputmethod.InputMethodManagerService$Lifecycle took to complete: 0ms
04-10 02:17:10.928 1015 1191 I SystemServerTimingAsync: ssm.onUnlockedUser-0_com.android.server.accessibility.AccessibilityManagerService$Lifecycle
04-10 02:17:10.928 1015 1191 D SystemServerTimingAsync: ssm.onUnlockedUser-0_com.android.server.accessibility.AccessibilityManagerService$Lifecycle took to complete: 0ms
04-10 02:17:10.928 1015 1191 I SystemServerTimingAsync: ssm.onUnlockedUser-0_com.android.server.StorageManagerService$Lifecycle
04-10 02:17:10.928 1015 1191 D SystemServerTimingAsync: ssm.onUnlockedUser-0_com.android.server.StorageManagerService$Lifecycle took to complete: 0ms
04-10 02:17:10.928 1015 1191 I SystemServerTimingAsync: ssm.onUnlockedUser-0_com.android.server.usage.StorageStatsService$Lifecycle
04-10 02:17:10.928 1015 1191 D SystemServerTimingAsync: ssm.onUnlockedUser-0_com.android.server.usage.StorageStatsService$Lifecycle took to complete: 0ms
04-10 02:17:10.928 1015 1191 I SystemServerTimingAsync: ssm.onUnlockedUser-0_com.android.server.UiModeManagerService
04-10 02:17:10.928 1015 1191 D SystemServerTimingAsync: ssm.onUnlockedUser-0_com.android.server.UiModeManagerService took to complete: 0ms
04-10 02:17:10.928 1015 1191 I SystemServerTimingAsync: ssm.onUnlockedUser-0_com.android.server.locksettings.LockSettingsService$Lifecycle
04-10 02:17:10.928 1015 1191 D SystemServerTimingAsync: ssm.onUnlockedUser-0_com.android.server.locksettings.LockSettingsService$Lifecycle took to complete: 0ms
04-10 02:17:10.928 1015 1191 I SystemServerTimingAsync: ssm.onUnlockedUser-0_com.android.server.PersistentDataBlockService
04-10 02:17:10.928 1015 1191 D SystemServerTimingAsync: ssm.onUnlockedUser-0_com.android.server.PersistentDataBlockService took to complete: 0ms
04-10 02:17:10.928 1015 1191 I SystemServerTimingAsync: ssm.onUnlockedUser-0_com.android.server.testharness.TestHarnessModeService
04-10 02:17:10.928 1015 1191 D SystemServerTimingAsync: ssm.onUnlockedUser-0_com.android.server.testharness.TestHarnessModeService took to complete: 0ms
04-10 02:17:10.928 1015 1191 I SystemServerTimingAsync: ssm.onUnlockedUser-0_com.android.server.oemlock.OemLockService
04-10 02:17:10.928 1015 1191 D SystemServerTimingAsync: ssm.onUnlockedUser-0_com.android.server.oemlock.OemLockService took to complete: 0ms
04-10 02:17:10.928 1015 1191 I SystemServerTimingAsync: ssm.onUnlockedUser-0_com.android.server.DeviceIdleController
04-10 02:17:10.928 1015 1191 D SystemServerTimingAsync: ssm.onUnlockedUser-0_com.android.server.DeviceIdleController took to complete: 0ms
04-10 02:17:10.929 1015 1191 I SystemServerTimingAsync: ssm.onUnlockedUser-0_com.android.server.devicepolicy.DevicePolicyManagerService$Lifecycle
04-10 02:17:10.929 1015 1191 D SystemServerTimingAsync: ssm.onUnlockedUser-0_com.android.server.devicepolicy.DevicePolicyManagerService$Lifecycle took to complete: 0ms
04-10 02:17:10.929 1015 1191 I SystemServerTimingAsync: ssm.onUnlockedUser-0_com.android.server.texttospeech.TextToSpeechManagerService
04-10 02:17:10.929 1015 1191 D SystemServerTimingAsync: ssm.onUnlockedUser-0_com.android.server.texttospeech.TextToSpeechManagerService took to complete: 0ms
04-10 02:17:10.929 1015 1191 I SystemServerTimingAsync: ssm.onUnlockedUser-0_com.android.server.speech.SpeechRecognitionManagerService
04-10 02:17:10.929 1015 1191 D SystemServerTimingAsync: ssm.onUnlockedUser-0_com.android.server.speech.SpeechRecognitionManagerService took to complete: 0ms
04-10 02:17:10.929 1015 1191 I SystemServerTimingAsync: ssm.onUnlockedUser-0_com.android.server.searchui.SearchUiManagerService
04-10 02:17:10.929 1015 1191 D SystemServerTimingAsync: ssm.onUnlockedUser-0_com.android.server.searchui.SearchUiManagerService took to complete: 0ms
04-10 02:17:10.929 1015 1191 I SystemServerTimingAsync: ssm.onUnlockedUser-0_com.android.server.smartspace.SmartspaceManagerService
04-10 02:17:10.929 1015 1191 D SystemServerTimingAsync: ssm.onUnlockedUser-0_com.android.server.smartspace.SmartspaceManagerService took to complete: 0ms
04-10 02:17:10.929 1015 1191 I SystemServerTimingAsync: ssm.onUnlockedUser-0_com.android.server.graphics.fonts.FontManagerService$Lifecycle
04-10 02:17:10.929 1015 1191 D SystemServerTimingAsync: ssm.onUnlockedUser-0_com.android.server.graphics.fonts.FontManagerService$Lifecycle took to complete: 0ms
04-10 02:17:10.929 1015 1191 I SystemServerTimingAsync: ssm.onUnlockedUser-0_com.android.server.textservices.TextServicesManagerService$Lifecycle
04-10 02:17:10.929 1015 1191 D SystemServerTimingAsync: ssm.onUnlockedUser-0_com.android.server.textservices.TextServicesManagerService$Lifecycle took to complete: 0ms
04-10 02:17:10.929 1015 1191 I SystemServerTimingAsync: ssm.onUnlockedUser-0_com.android.server.textclassifier.TextClassificationManagerService$Lifecycle
04-10 02:17:10.929 1015 1191 D SystemServerTimingAsync: ssm.onUnlockedUser-0_com.android.server.textclassifier.TextClassificationManagerService$Lifecycle took to complete: 0ms
04-10 02:17:10.929 1015 1191 I SystemServerTimingAsync: ssm.onUnlockedUser-0_com.android.server.NetworkScoreService$Lifecycle
04-10 02:17:10.929 1015 1191 D SystemServerTimingAsync: ssm.onUnlockedUser-0_com.android.server.NetworkScoreService$Lifecycle took to complete: 0ms
04-10 02:17:10.929 1015 1191 I SystemServerTimingAsync: ssm.onUnlockedUser-0_com.android.server.wifi.WifiService
04-10 02:17:10.929 1015 1191 D SystemServerTimingAsync: ssm.onUnlockedUser-0_com.android.server.wifi.WifiService took to complete: 0ms
04-10 02:17:10.929 1015 1191 I SystemServerTimingAsync: ssm.onUnlockedUser-0_com.android.server.wifi.scanner.WifiScanningService
04-10 02:17:10.929 1015 1191 D SystemServerTimingAsync: ssm.onUnlockedUser-0_com.android.server.wifi.scanner.WifiScanningService took to complete: 0ms
04-10 02:17:10.930 1015 1191 I SystemServerTimingAsync: ssm.onUnlockedUser-0_com.android.server.wifi.rtt.RttService
04-10 02:17:10.930 1015 1191 D SystemServerTimingAsync: ssm.onUnlockedUser-0_com.android.server.wifi.rtt.RttService took to complete: 0ms
04-10 02:17:10.930 1015 1191 I SystemServerTimingAsync: ssm.onUnlockedUser-0_com.android.server.wifi.aware.WifiAwareService
04-10 02:17:10.930 1015 1191 D SystemServerTimingAsync: ssm.onUnlockedUser-0_com.android.server.wifi.aware.WifiAwareService took to complete: 0ms
04-10 02:17:10.930 1015 1191 I SystemServerTimingAsync: ssm.onUnlockedUser-0_com.android.server.wifi.p2p.WifiP2pService
04-10 02:17:10.931 1015 1191 D SystemServerTimingAsync: ssm.onUnlockedUser-0_com.android.server.wifi.p2p.WifiP2pService took to complete: 0ms
04-10 02:17:10.931 1015 1191 I SystemServerTimingAsync: ssm.onUnlockedUser-0_com.android.server.ethernet.EthernetService
04-10 02:17:10.931 1015 1191 D SystemServerTimingAsync: ssm.onUnlockedUser-0_com.android.server.ethernet.EthernetService took to complete: 0ms
04-10 02:17:10.917 2062 2062 V Avrcp_ext: Device: no name:
04-10 02:17:10.931 1015 1191 I SystemServerTimingAsync: ssm.onUnlockedUser-0_com.android.server.ConnectivityServiceInitializer
04-10 02:17:10.931 1015 1191 D SystemServerTimingAsync: ssm.onUnlockedUser-0_com.android.server.ConnectivityServiceInitializer took to complete: 0ms
04-10 02:17:10.931 1015 1191 I SystemServerTimingAsync: ssm.onUnlockedUser-0_com.android.server.notification.NotificationManagerService
04-10 02:17:10.931 2062 2062 V Avrcp_ext: Device: no name:
04-10 02:17:10.931 1015 1191 D SystemServerTimingAsync: ssm.onUnlockedUser-0_com.android.server.notification.NotificationManagerService took to complete: 0ms
04-10 02:17:10.931 2062 2062 V Avrcp_ext: Device: no name:
04-10 02:17:10.931 1015 1191 I SystemServerTimingAsync: ssm.onUnlockedUser-0_com.android.server.storage.DeviceStorageMonitorService
04-10 02:17:10.931 2062 2062 V Avrcp_ext: Device: no name:
04-10 02:17:10.931 1015 1191 D SystemServerTimingAsync: ssm.onUnlockedUser-0_com.android.server.storage.DeviceStorageMonitorService took to complete: 0ms
04-10 02:17:10.931 2062 2062 V Avrcp_ext: Device: no name:
04-10 02:17:10.931 1015 1191 I SystemServerTimingAsync: ssm.onUnlockedUser-0_com.android.server.location.LocationManagerService$Lifecycle
04-10 02:17:10.931 1015 1191 D SystemServerTimingAsync: ssm.onUnlockedUser-0_com.android.server.location.LocationManagerService$Lifecycle took to complete: 0ms
04-10 02:17:10.931 1015 1191 I SystemServerTimingAsync: ssm.onUnlockedUser-0_com.android.server.timedetector.TimeDetectorService$Lifecycle
04-10 02:17:10.931 2062 2062 V Avrcp_ext: updatePlayerStateAndPosition, old=PlaybackState {state=2, position=-1, buffered position=0, speed=0.0, updated=49775, actions=0, custom actions=[], active item id=-1, error=null}, state=PlaybackState {state=2, position=-1, buffered position=0, speed=0.0, updated=52122, actions=0, custom actions=[], active item id=-1, error=null}
04-10 02:17:10.932 1015 1191 D SystemServerTimingAsync: ssm.onUnlockedUser-0_com.android.server.timedetector.TimeDetectorService$Lifecycle took to complete: 0ms
04-10 02:17:10.932 2062 2062 V Avrcp_ext: old state = PlaybackState {state=2, position=-1, buffered position=0, speed=0.0, updated=49775, actions=0, custom actions=[], active item id=-1, error=null}, new state= PlaybackState {state=2, position=-1, buffered position=0, speed=0.0, updated=52122, actions=0, custom actions=[], active item id=-1, error=null}
04-10 02:17:10.932 1015 1191 I SystemServerTimingAsync: ssm.onUnlockedUser-0_com.android.server.timezonedetector.TimeZoneDetectorService$Lifecycle
04-10 02:17:10.932 1015 1191 D SystemServerTimingAsync: ssm.onUnlockedUser-0_com.android.server.timezonedetector.TimeZoneDetectorService$Lifecycle took to complete: 0ms
04-10 02:17:10.932 1015 1191 I SystemServerTimingAsync: ssm.onUnlockedUser-0_com.android.server.timezonedetector.location.LocationTimeZoneManagerService$Lifecycle
04-10 02:17:10.932 1015 1191 D SystemServerTimingAsync: ssm.onUnlockedUser-0_com.android.server.timezonedetector.location.LocationTimeZoneManagerService$Lifecycle took to complete: 0ms
04-10 02:17:10.932 2062 2062 D HeadsetService: getHeadsetService(): returning com.android.bluetooth.hfp.HeadsetService@74e9e99
04-10 02:17:10.932 1015 1191 I SystemServerTimingAsync: ssm.onUnlockedUser-0_com.android.server.search.SearchManagerService$Lifecycle
04-10 02:17:10.932 2062 2062 D HeadsetService: isAudioOn: The number of audio connected devices 0
04-10 02:17:10.932 1015 1191 D SystemServerTimingAsync: ssm.onUnlockedUser-0_com.android.server.search.SearchManagerService$Lifecycle took to complete: 0ms
04-10 02:17:10.932 2062 2062 D HeadsetService: isScoOrCallActive(): Call Active:falseCall is Ringing:falseSCO is Active:false
04-10 02:17:10.932 1015 1191 I SystemServerTimingAsync: ssm.onUnlockedUser-0_com.android.server.wallpaper.WallpaperManagerService$Lifecycle
04-10 02:17:10.932 1015 1191 D SystemServerTimingAsync: ssm.onUnlockedUser-0_com.android.server.wallpaper.WallpaperManagerService$Lifecycle took to complete: 0ms
01-01 08:59:53.787 0 0 I binder : 3038:3038 ioctl 40046210 7ffc2757e4 returned -22
04-10 02:17:10.932 2062 2062 D HeadsetService: isAudioOn: The number of audio connected devices 0
04-10 02:17:10.932 1015 1191 I SystemServerTimingAsync: ssm.onUnlockedUser-0_com.android.server.audio.AudioService$Lifecycle
04-10 02:17:10.932 2062 2062 I Avrcp_ext: updatePlayStatusForDevice: device: null
04-10 02:17:10.932 1015 1191 D SystemServerTimingAsync: ssm.onUnlockedUser-0_com.android.server.audio.AudioService$Lifecycle took to complete: 0ms
04-10 02:17:10.932 1015 1191 I SystemServerTimingAsync: ssm.onUnlockedUser-0_com.android.server.soundtrigger_middleware.SoundTriggerMiddlewareService$Lifecycle
04-10 02:17:10.933 1015 1191 D SystemServerTimingAsync: ssm.onUnlockedUser-0_com.android.server.soundtrigger_middleware.SoundTriggerMiddlewareService$Lifecycle took to complete: 0ms
04-10 02:17:10.933 2062 2062 V Avrcp_ext: updatePlaybackState (1): old=PlaybackState {state=2, position=-1, buffered position=0, speed=0.0, updated=49775, actions=0, custom actions=[], active item id=-1, error=null}(2), new=PlaybackState {state=2, position=-1, buffered position=0, speed=0.0, updated=52122, actions=0, custom actions=[], active item id=-1, error=null}(2)
04-10 02:17:10.933 2062 2062 I Avrcp_ext: Exit updatePlayStatusForDevice
04-10 02:17:10.933 1015 1191 I SystemServerTimingAsync: ssm.onUnlockedUser-0_com.android.server.DockObserver
04-10 02:17:10.933 1015 1191 D SystemServerTimingAsync: ssm.onUnlockedUser-0_com.android.server.DockObserver took to complete: 0ms
04-10 02:17:10.933 2062 2062 D HeadsetService: isAudioOn: The number of audio connected devices 0
04-10 02:17:10.933 1015 1191 I SystemServerTimingAsync: ssm.onUnlockedUser-0_com.android.server.midi.MidiService$Lifecycle
04-10 02:17:10.933 2062 2062 D HeadsetService: isScoOrCallActive(): Call Active:falseCall is Ringing:falseSCO is Active:false
04-10 02:17:10.933 1015 1191 D SystemServerTimingAsync: ssm.onUnlockedUser-0_com.android.server.midi.MidiService$Lifecycle took to complete: 1ms
04-10 02:17:10.933 2062 2062 D HeadsetService: isAudioOn: The number of audio connected devices 0
04-10 02:17:10.933 2062 2062 I Avrcp_ext: updatePlayStatusForDevice: device: null
04-10 02:17:10.933 1015 1191 I SystemServerTimingAsync: ssm.onUnlockedUser-0_com.android.server.adb.AdbService$Lifecycle
04-10 02:17:10.933 1015 1191 D SystemServerTimingAsync: ssm.onUnlockedUser-0_com.android.server.adb.AdbService$Lifecycle took to complete: 0ms
04-10 02:17:10.933 2062 2062 V Avrcp_ext: updatePlaybackState (1): old=PlaybackState {state=2, position=-1, buffered position=0, speed=0.0, updated=49775, actions=0, custom actions=[], active item id=-1, error=null}(2), new=PlaybackState {state=2, position=-1, buffered position=0, speed=0.0, updated=52122, actions=0, custom actions=[], active item id=-1, error=null}(2)
04-10 02:17:10.933 1015 1191 I SystemServerTimingAsync: ssm.onUnlockedUser-0_com.android.server.usb.UsbService$Lifecycle
04-10 02:17:10.933 2062 2062 I Avrcp_ext: Exit updatePlayStatusForDevice
04-10 02:17:10.933 1015 1191 D SystemServerTimingAsync: ssm.onUnlockedUser-0_com.android.server.usb.UsbService$Lifecycle took to complete: 0ms
04-10 02:17:10.934 2062 2062 D HeadsetService: isAudioOn: The number of audio connected devices 0
04-10 02:17:10.934 2062 2062 D HeadsetService: isScoOrCallActive(): Call Active:falseCall is Ringing:falseSCO is Active:false
04-10 02:17:10.934 1015 1191 I SystemServerTimingAsync: ssm.onUnlockedUser-0_com.android.server.twilight.TwilightService
04-10 02:17:10.934 1015 1191 D SystemServerTimingAsync: ssm.onUnlockedUser-0_com.android.server.twilight.TwilightService took to complete: 0ms
04-10 02:17:10.934 2062 2062 D HeadsetService: isAudioOn: The number of audio connected devices 0
04-10 02:17:10.934 1015 1191 I SystemServerTimingAsync: ssm.onUnlockedUser-0_com.android.server.display.color.ColorDisplayService
04-10 02:17:10.934 2062 2062 I Avrcp_ext: updatePlayStatusForDevice: device: null
04-10 02:17:10.934 1015 1191 D SystemServerTimingAsync: ssm.onUnlockedUser-0_com.android.server.display.color.ColorDisplayService took to complete: 0ms
04-10 02:17:10.934 1015 1191 I SystemServerTimingAsync: ssm.onUnlockedUser-0_com.android.server.job.JobSchedulerService
04-10 02:17:10.934 2062 2062 V Avrcp_ext: updatePlaybackState (1): old=PlaybackState {state=2, position=-1, buffered position=0, speed=0.0, updated=49775, actions=0, custom actions=[], active item id=-1, error=null}(2), new=PlaybackState {state=2, position=-1, buffered position=0, speed=0.0, updated=52122, actions=0, custom actions=[], active item id=-1, error=null}(2)
04-10 02:17:10.934 2062 2062 I Avrcp_ext: Exit updatePlayStatusForDevice
04-10 02:17:10.934 2062 2062 D HeadsetService: isAudioOn: The number of audio connected devices 0
04-10 02:17:10.934 1015 1191 D SystemServerTimingAsync: ssm.onUnlockedUser-0_com.android.server.job.JobSchedulerService took to complete: 0ms
04-10 02:17:10.934 2062 2062 D HeadsetService: isScoOrCallActive(): Call Active:falseCall is Ringing:falseSCO is Active:false
04-10 02:17:10.934 1015 1191 I SystemServerTimingAsync: ssm.onUnlockedUser-0_com.android.server.soundtrigger.SoundTriggerService
04-10 02:17:10.935 2062 2062 D HeadsetService: isAudioOn: The number of audio connected devices 0
04-10 02:17:10.935 1015 1191 D SystemServerTimingAsync: ssm.onUnlockedUser-0_com.android.server.soundtrigger.SoundTriggerService took to complete: 0ms
04-10 02:17:10.935 2062 2062 I Avrcp_ext: updatePlayStatusForDevice: device: null
04-10 02:17:10.935 1015 1191 I SystemServerTimingAsync: ssm.onUnlockedUser-0_com.android.server.trust.TrustManagerService
04-10 02:17:10.935 2062 2062 V Avrcp_ext: updatePlaybackState (1): old=PlaybackState {state=2, position=-1, buffered position=0, speed=0.0, updated=49775, actions=0, custom actions=[], active item id=-1, error=null}(2), new=PlaybackState {state=2, position=-1, buffered position=0, speed=0.0, updated=52122, actions=0, custom actions=[], active item id=-1, error=null}(2)
04-10 02:17:10.935 1015 1191 D SystemServerTimingAsync: ssm.onUnlockedUser-0_com.android.server.trust.TrustManagerService took to complete: 0ms
04-10 02:17:10.935 2062 2062 I Avrcp_ext: Exit updatePlayStatusForDevice
04-10 02:17:10.935 1015 1191 I SystemServerTimingAsync: ssm.onUnlockedUser-0_com.android.server.backup.BackupManagerService$Lifecycle
04-10 02:17:10.935 2062 2062 D HeadsetService: isAudioOn: The number of audio connected devices 0
04-10 02:17:10.935 1015 1191 D SystemServerTimingAsync: ssm.onUnlockedUser-0_com.android.server.backup.BackupManagerService$Lifecycle took to complete: 0ms
04-10 02:17:10.935 2062 2062 D HeadsetService: isScoOrCallActive(): Call Active:falseCall is Ringing:falseSCO is Active:false
04-10 02:17:10.935 1015 1191 I SystemServerTimingAsync: ssm.onUnlockedUser-0_com.android.server.appwidget.AppWidgetService
04-10 02:17:10.935 2062 2062 D HeadsetService: isAudioOn: The number of audio connected devices 0
04-10 02:17:10.935 1015 1191 D SystemServerTimingAsync: ssm.onUnlockedUser-0_com.android.server.appwidget.AppWidgetService took to complete: 0ms
04-10 02:17:10.935 2062 2062 I Avrcp_ext: updatePlayStatusForDevice: device: null
04-10 02:17:10.935 1015 1191 I SystemServerTimingAsync: ssm.onUnlockedUser-0_com.android.server.voiceinteraction.VoiceInteractionManagerService
04-10 02:17:10.935 2062 2062 V Avrcp_ext: updatePlaybackState (1): old=PlaybackState {state=2, position=-1, buffered position=0, speed=0.0, updated=49775, actions=0, custom actions=[], active item id=-1, error=null}(2), new=PlaybackState {state=2, position=-1, buffered position=0, speed=0.0, updated=52122, actions=0, custom actions=[], active item id=-1, error=null}(2)
04-10 02:17:10.935 1015 1191 D SystemServerTimingAsync: ssm.onUnlockedUser-0_com.android.server.voiceinteraction.VoiceInteractionManagerService took to complete: 0ms
04-10 02:17:10.935 2062 2062 I Avrcp_ext: Exit updatePlayStatusForDevice
04-10 02:17:10.935 1015 1191 I SystemServerTimingAsync: ssm.onUnlockedUser-0_com.android.server.apphibernation.AppHibernationService
04-10 02:17:10.936 2062 2062 D Avrcp_ext: Enter sendPlayPosNotificationRsp
04-10 02:17:10.936 1015 1191 D SystemServerTimingAsync: ssm.onUnlockedUser-0_com.android.server.apphibernation.AppHibernationService took to complete: 0ms
04-10 02:17:10.936 2062 2062 D Avrcp_ext: sendPlayPosNotificationRsp: Not registered or requesting.
04-10 02:17:10.936 1015 1191 I SystemServerTimingAsync: ssm.onUnlockedUser-0_com.android.server.SensorNotificationService
04-10 02:17:10.936 2062 2062 D Avrcp_ext: Enter sendPlayPosNotificationRsp
04-10 02:17:10.936 1015 1191 D SystemServerTimingAsync: ssm.onUnlockedUser-0_com.android.server.SensorNotificationService took to complete: 0ms
04-10 02:17:10.936 2062 2062 D Avrcp_ext: sendPlayPosNotificationRsp: Not registered or requesting.
04-10 02:17:10.936 1015 1191 I SystemServerTimingAsync: ssm.onUnlockedUser-0_com.android.server.emergency.EmergencyAffordanceService
04-10 02:17:10.936 2062 2062 D Avrcp_ext: Enter sendPlayPosNotificationRsp
04-10 02:17:10.936 1015 1191 D SystemServerTimingAsync: ssm.onUnlockedUser-0_com.android.server.emergency.EmergencyAffordanceService took to complete: 0ms
04-10 02:17:10.936 2062 2062 D Avrcp_ext: sendPlayPosNotificationRsp: Not registered or requesting.
04-10 02:17:10.936 1015 1191 I SystemServerTimingAsync: ssm.onUnlockedUser-0_com.android.server.blob.BlobStoreManagerService
04-10 02:17:10.936 2062 2062 D Avrcp_ext: Enter sendPlayPosNotificationRsp
04-10 02:17:10.936 1015 1191 D SystemServerTimingAsync: ssm.onUnlockedUser-0_com.android.server.blob.BlobStoreManagerService took to complete: 0ms
04-10 02:17:10.936 2062 2062 D Avrcp_ext: sendPlayPosNotificationRsp: Not registered or requesting.
04-10 02:17:10.937 2062 2062 D Avrcp_ext: Enter sendPlayPosNotificationRsp
04-10 02:17:10.937 2062 2062 D Avrcp_ext: sendPlayPosNotificationRsp: Not registered or requesting.
04-10 02:17:10.937 1015 1191 I SystemServerTimingAsync: ssm.onUnlockedUser-0_com.android.server.dreams.DreamManagerService
04-10 02:17:10.937 2062 2062 V Avrcp_ext: Exit updatePlayerStateAndPosition
04-10 02:17:10.937 1015 1191 D SystemServerTimingAsync: ssm.onUnlockedUser-0_com.android.server.dreams.DreamManagerService took to complete: 0ms
04-10 02:17:10.937 1015 1191 I SystemServerTimingAsync: ssm.onUnlockedUser-0_com.android.server.companion.CompanionDeviceManagerService
04-10 02:17:10.937 1015 1191 D SystemServerTimingAsync: ssm.onUnlockedUser-0_com.android.server.companion.CompanionDeviceManagerService took to complete: 0ms
04-10 02:17:10.937 1015 1191 I SystemServerTimingAsync: ssm.onUnlockedUser-0_com.android.server.restrictions.RestrictionsManagerService
04-10 02:17:10.937 1015 1191 D SystemServerTimingAsync: ssm.onUnlockedUser-0_com.android.server.restrictions.RestrictionsManagerService took to complete: 0ms
04-10 02:17:10.937 1015 1191 I SystemServerTimingAsync: ssm.onUnlockedUser-0_com.android.server.media.MediaSessionService
04-10 02:17:10.937 1015 1191 D SystemServerTimingAsync: ssm.onUnlockedUser-0_com.android.server.media.MediaSessionService took to complete: 0ms
04-10 02:17:10.937 1015 1191 I SystemServerTimingAsync: ssm.onUnlockedUser-0_com.android.server.media.MediaResourceMonitorService
04-10 02:17:10.937 1015 1191 D SystemServerTimingAsync: ssm.onUnlockedUser-0_com.android.server.media.MediaResourceMonitorService took to complete: 0ms
04-10 02:17:10.938 1015 1191 I SystemServerTimingAsync: ssm.onUnlockedUser-0_com.android.server.biometrics.sensors.fingerprint.FingerprintService
04-10 02:17:10.938 1015 1191 D SystemServerTimingAsync: ssm.onUnlockedUser-0_com.android.server.biometrics.sensors.fingerprint.FingerprintService took to complete: 0ms
04-10 02:17:10.938 1015 1191 I SystemServerTimingAsync: ssm.onUnlockedUser-0_com.android.server.biometrics.BiometricService
04-10 02:17:10.941 1015 2172 D CompatibilityChangeReporter: Compat change id reported: 181136395; UID 10071; state: DISABLED
04-10 02:17:10.945 1015 2172 D CompatibilityChangeReporter: Compat change id reported: 174042936; UID 10071; state: DISABLED
04-10 02:17:10.947 1015 2172 D CompatibilityChangeReporter: Compat change id reported: 174042980; UID 10071; state: DISABLED
04-10 02:17:10.947 550 550 I vold : Bind mounting /mnt/runtime/full/emulated to /mnt/pass_through/0/emulated
04-10 02:17:10.948 2062 2062 D HidHostService: Unlocked userId 0
04-10 02:17:10.950 2062 2062 D PanService: Unlocked userId 0
04-10 02:17:10.950 1015 1191 D SystemServerTimingAsync: ssm.onUnlockedUser-0_com.android.server.biometrics.BiometricService took to complete: 0ms
04-10 02:17:10.950 1015 1191 I SystemServerTimingAsync: ssm.onUnlockedUser-0_com.android.server.biometrics.AuthService
04-10 02:17:10.950 1015 1191 D SystemServerTimingAsync: ssm.onUnlockedUser-0_com.android.server.biometrics.AuthService took to complete: 0ms
04-10 02:17:10.951 1015 1191 I SystemServerTimingAsync: ssm.onUnlockedUser-0_com.android.server.pm.ShortcutService$Lifecycle
04-10 02:17:10.951 1015 1191 D SystemServerTimingAsync: ssm.onUnlockedUser-0_com.android.server.pm.ShortcutService$Lifecycle took to complete: 0ms
04-10 02:17:10.951 1015 1191 I SystemServerTimingAsync: ssm.onUnlockedUser-0_com.android.server.pm.LauncherAppsService
04-10 02:17:10.951 2062 2062 D BluetoothMapService: Unlocked userId 0
04-10 02:17:10.951 1015 1191 D SystemServerTimingAsync: ssm.onUnlockedUser-0_com.android.server.pm.LauncherAppsService took to complete: 0ms
04-10 02:17:10.951 1015 1191 I SystemServerTimingAsync: ssm.onUnlockedUser-0_com.android.server.pm.CrossProfileAppsService
04-10 02:17:10.951 1015 1191 D SystemServerTimingAsync: ssm.onUnlockedUser-0_com.android.server.pm.CrossProfileAppsService took to complete: 1ms
04-10 02:17:10.951 1015 1191 I SystemServerTimingAsync: ssm.onUnlockedUser-0_com.android.server.people.PeopleService
04-10 02:17:10.951 2062 2062 D AvrcpControllerService: Unlocked userId 0
04-10 02:17:10.952 1015 1864 I StorageSessionController: On volume mount VolumeInfo{emulated;0}:
04-10 02:17:10.952 1015 1864 I StorageSessionController: type=EMULATED diskId=null partGuid= mountFlags=PRIMARY|VISIBLE
04-10 02:17:10.952 1015 1864 I StorageSessionController: mountUserId=0 state=CHECKING
04-10 02:17:10.952 1015 1864 I StorageSessionController: fsType=null fsUuid=null fsLabel=null
04-10 02:17:10.952 1015 1864 I StorageSessionController: path=/storage/emulated internalPath=/data/media
04-10 02:17:10.952 1015 1191 D SystemServerTimingAsync: ssm.onUnlockedUser-0_com.android.server.people.PeopleService took to complete: 0ms
04-10 02:17:10.952 1015 1191 I SystemServerTimingAsync: ssm.onUnlockedUser-0_com.android.server.media.metrics.MediaMetricsManagerService
04-10 02:17:10.952 1015 1191 D SystemServerTimingAsync: ssm.onUnlockedUser-0_com.android.server.media.metrics.MediaMetricsManagerService took to complete: 0ms
04-10 02:17:10.952 1015 1191 I SystemServerTimingAsync: ssm.onUnlockedUser-0_com.android.server.media.projection.MediaProjectionManagerService
04-10 02:17:10.952 1015 1191 D SystemServerTimingAsync: ssm.onUnlockedUser-0_com.android.server.media.projection.MediaProjectionManagerService took to complete: 0ms
04-10 02:17:10.952 2062 2062 D SapService: Unlocked userId 0
04-10 02:17:10.953 2062 2062 D BluetoothOppService: Unlocked userId 0
04-10 02:17:10.954 2062 2062 D BluetoothPbapService: Unlocked userId 0
04-10 02:17:10.954 2062 2062 I BluetoothPbapService: setUserUnlocked(0)
04-10 02:17:10.954 2062 2062 D HearingAidService: Unlocked userId 0
04-10 02:17:10.952 1015 1191 I SystemServerTimingAsync: ssm.onUnlockedUser-0_com.android.server.slice.SliceManagerService$Lifecycle
04-10 02:17:10.957 1015 1191 D SystemServerTimingAsync: ssm.onUnlockedUser-0_com.android.server.slice.SliceManagerService$Lifecycle took to complete: 0ms
04-10 02:17:10.957 1015 1191 I SystemServerTimingAsync: ssm.onUnlockedUser-0_com.android.server.stats.StatsCompanion$Lifecycle
04-10 02:17:10.957 1015 1191 D SystemServerTimingAsync: ssm.onUnlockedUser-0_com.android.server.stats.StatsCompanion$Lifecycle took to complete: 0ms
04-10 02:17:10.958 1015 1191 I SystemServerTimingAsync: ssm.onUnlockedUser-0_com.android.server.scheduling.RebootReadinessManagerService$Lifecycle
04-10 02:17:10.958 1015 1191 D SystemServerTimingAsync: ssm.onUnlockedUser-0_com.android.server.scheduling.RebootReadinessManagerService$Lifecycle took to complete: 0ms
04-10 02:17:10.958 1015 1191 I SystemServerTimingAsync: ssm.onUnlockedUser-0_com.android.server.stats.pull.StatsPullAtomService
04-10 02:17:10.958 1015 1191 D SystemServerTimingAsync: ssm.onUnlockedUser-0_com.android.server.stats.pull.StatsPullAtomService took to complete: 0ms
04-10 02:17:10.958 1015 1191 I SystemServerTimingAsync: ssm.onUnlockedUser-0_com.android.server.incident.IncidentCompanionService
04-10 02:17:10.958 1015 1191 D SystemServerTimingAsync: ssm.onUnlockedUser-0_com.android.server.incident.IncidentCompanionService took to complete: 0ms
04-10 02:17:10.958 1015 1191 I SystemServerTimingAsync: ssm.onUnlockedUser-0_com.android.server.MmsServiceBroker
04-10 02:17:10.958 1015 1191 D SystemServerTimingAsync: ssm.onUnlockedUser-0_com.android.server.MmsServiceBroker took to complete: 0ms
04-10 02:17:10.958 1015 1191 I SystemServerTimingAsync: ssm.onUnlockedUser-0_com.android.server.autofill.AutofillManagerService
04-10 02:17:10.958 1015 1191 D SystemServerTimingAsync: ssm.onUnlockedUser-0_com.android.server.autofill.AutofillManagerService took to complete: 0ms
04-10 02:17:10.958 1015 1191 I SystemServerTimingAsync: ssm.onUnlockedUser-0_com.android.server.clipboard.ClipboardService
04-10 02:17:10.958 1015 1191 D SystemServerTimingAsync: ssm.onUnlockedUser-0_com.android.server.clipboard.ClipboardService took to complete: 0ms
04-10 02:17:10.958 1015 1191 I SystemServerTimingAsync: ssm.onUnlockedUser-0_com.android.server.appbinding.AppBindingService$Lifecycle
04-10 02:17:10.958 1015 1191 D SystemServerTimingAsync: ssm.onUnlockedUser-0_com.android.server.appbinding.AppBindingService$Lifecycle took to complete: 0ms
04-10 02:17:10.959 1015 1191 I SystemServerTimingAsync: ssm.onUnlockedUser-0_com.android.server.tracing.TracingServiceProxy
04-10 02:17:10.959 1015 1191 D SystemServerTimingAsync: ssm.onUnlockedUser-0_com.android.server.tracing.TracingServiceProxy took to complete: 0ms
04-10 02:17:10.959 1015 1191 I SystemServerTimingAsync: ssm.onUnlockedUser-0_com.android.server.policy.PermissionPolicyService
04-10 02:17:10.959 1015 1191 D SystemServerTimingAsync: ssm.onUnlockedUser-0_com.android.server.policy.PermissionPolicyService took to complete: 0ms
04-10 02:17:10.959 1015 1191 I SystemServerTimingAsync: ssm.onUnlockedUser-0_com.android.server.pm.StagingManager$Lifecycle
04-10 02:17:10.959 1015 1191 D SystemServerTimingAsync: ssm.onUnlockedUser-0_com.android.server.pm.StagingManager$Lifecycle took to complete: 0ms
04-10 02:17:10.959 1015 1191 I SystemServerTimingAsync: ssm.onUnlockedUser-0_com.android.server.app.GameManagerService$Lifecycle
04-10 02:17:10.959 1015 1191 D SystemServerTimingAsync: ssm.onUnlockedUser-0_com.android.server.app.GameManagerService$Lifecycle took to complete: 0ms
04-10 02:17:10.959 1015 1191 I SystemServerTimingAsync: ssm.onUnlockedUser-0_com.android.server.appsearch.AppSearchManagerService
04-10 02:17:10.959 1015 1191 D SystemServerTimingAsync: ssm.onUnlockedUser-0_com.android.server.appsearch.AppSearchManagerService took to complete: 0ms
04-10 02:17:10.959 1015 1191 I SystemServerTimingAsync: ssm.onUnlockedUser-0_com.android.server.media.MediaCommunicationService
04-10 02:17:10.959 1015 1191 D SystemServerTimingAsync: ssm.onUnlockedUser-0_com.android.server.media.MediaCommunicationService took to complete: 0ms
04-10 02:17:10.959 1015 1191 D SystemServerTimingAsync: ssm.UnlockedUser-0 took to complete: 99ms
04-10 02:17:10.959 1015 1191 W ActivityManager: UserLifecycleEvent 6 received without an active userJourneySession.
04-10 02:17:10.960 2080 2080 W View : requestLayout() improperly called by com.android.keyguard.AlphaOptimizedLinearLayout{bf15474 V.E...... ......ID 4,0-34,33 #7f0b069c app:id/wifi_group} during layout: running second layout pass
04-10 02:17:10.961 1015 1172 I DropBoxManagerService: add tag=system_server_strictmode isTagEnabled=true flags=0x2
04-10 02:17:10.967 505 505 I hwservicemanager: Since vendor.qti.hardware.iop@2.0::IIop/default is not registered, trying to start it as a lazy HAL.
04-10 02:17:10.967 1015 1864 I StorageSessionController: Creating connection for user: 0
04-10 02:17:10.968 1015 1864 I StorageSessionController: Creating and starting session with id: emulated;0
04-10 02:17:10.969 1015 1864 I StorageUserConnection: Binding to the ExternalStorageService for user 0
04-10 02:17:10.969 1015 2172 I wm_task_created: [16,-1]
04-10 02:17:10.969 1015 1015 D GameModeIF_GameModeSettings: getUriFor setting_content_uri_root = content://com.thundercomm.gamemode.api/gamemode_settings , name = gamemode_enable
04-10 02:17:10.971 1015 2172 I wm_task_moved: [16,1,2147483647]
04-10 02:17:10.975 3038 3038 I qspmsvc-service: Qspmsvc We're inside the service
04-10 02:17:10.976 1015 2172 I wm_task_moved: [1,1,5]
04-10 02:17:10.976 1015 2172 I wm_create_task: [0,16]
04-10 02:17:10.976 1015 2172 I wm_create_activity: [0,72111127,16,com.android.launcher3/.uioverrides.QuickstepLauncher,android.intent.action.MAIN,NULL,NULL,268435712]
04-10 02:17:10.976 1015 2172 I wm_task_moved: [1,1,5]
04-10 02:17:10.976 1015 2172 I wm_task_moved: [16,1,2147483647]
04-10 02:17:10.976 1015 2172 I wm_task_to_front: [0,16]
04-10 02:17:10.976 3038 3038 D ProcessState: Binder ioctl to enable oneway spam detection failed: Invalid argument
04-10 02:17:10.978 1015 2172 D CompatibilityChangeReporter: Compat change id reported: 168419799; UID 10071; state: DISABLED
04-10 02:17:10.978 1015 2172 D CompatibilityInfo: mCompatibilityFlags - 4
04-10 02:17:10.978 1015 2172 D CompatibilityInfo: applicationDensity - 240
04-10 02:17:10.978 1015 2172 D CompatibilityInfo: applicationScale - 1.0
04-10 02:17:10.980 1015 2172 D PowerManagerNotifier: onWakeLockChanging: flags=1, tag="*launch*", packageName=android, ownerUid=1000, ownerPid=1015, workSource=WorkSource{10071}
04-10 02:17:10.980 1015 2172 I ActivityTaskManager: FOREGROUND_APPLICATION_CHANGED to com.android.launcher3.uioverrides.QuickstepLauncher
04-10 02:17:10.981 1015 2172 I ActivityTaskManager: The Process com.android.launcher3 Already Exists in BG. So sending its PID: 2733
04-10 02:17:10.983 1015 2172 I wm_restart_activity: [0,72111127,16,com.android.launcher3/.uioverrides.QuickstepLauncher]
04-10 02:17:10.983 1015 2172 D CompatibilityInfo: mCompatibilityFlags - 4
04-10 02:17:10.983 1015 2172 D CompatibilityInfo: applicationDensity - 240
04-10 02:17:10.983 1015 2172 D CompatibilityInfo: applicationScale - 1.0
04-10 02:17:10.984 3038 3038 I qspmsvc-service: IQspmsvc::IQspmsvc()
04-10 02:17:10.984 1015 2172 I wm_set_resumed_activity: [0,com.android.launcher3/.uioverrides.QuickstepLauncher,minimalResumeActivityLocked]
04-10 02:17:11.001 1015 1170 D CompatibilityChangeReporter: Compat change id reported: 168419799; UID 10072; state: DISABLED
04-10 02:17:11.002 1015 1170 D CompatibilityInfo: mCompatibilityFlags - 4
04-10 02:17:11.002 1015 1170 D CompatibilityInfo: applicationDensity - 240
04-10 02:17:11.002 1015 1170 D CompatibilityInfo: applicationScale - 1.0
01-01 08:59:53.837 0 0 W QSEECOM : qseecom_load_app: App with id 9 (fingerpr) now loaded
04-10 02:17:11.005 3038 3038 I qspmsvc-service: Qspmsvc service is now ready
04-10 02:17:11.008 505 3047 W libc : Unable to set property "ctl.interface_start" to "vendor.qti.hardware.iop@2.0::IIop/default": error code: 0x20
04-10 02:17:11.009 505 3047 I hwservicemanager: Tried to start vendor.qti.hardware.iop@2.0::IIop/default as a lazy service, but was unable to. Usually this happens when a service is not installed, but if the service is intended to be used as a lazy service, then it may be configured incorrectly.
04-10 02:17:11.009 3044 3044 W om.hht.lebocas: Using default instruction set features for ARM CPU variant (cortex-a9) using conservative defaults
04-10 02:17:11.015 2927 2927 D IzatProvider: getNetworkProvider
04-10 02:17:11.017 1015 3041 E TaskPersister: File error accessing recents directory (directory doesn't exist?).
04-10 02:17:11.025 2927 2927 D IzatProvider: getNetworkProvider finish
04-10 02:17:11.026 2927 2927 D IzatProvider_network: location provider loaded
04-10 02:17:11.026 2924 2936 I adbd : jdwp connection from 3044
04-10 02:17:11.028 933 933 V LocSvc_HIDL_HidlGnss: [getExtensionLocHidlIzatNetworkProvider][266] [HS] <<<<= [HC]
04-10 02:17:11.028 1480 3016 D QSEECOMAPI: Loaded image: APP id = 9
04-10 02:17:11.028 1015 1170 W Looper : Slow dispatch took 161ms android.fg h=android.os.Handler c=com.android.server.servicewatcher.ServiceWatcherImpl$$ExternalSyntheticLambda1@17e9a5 m=0
04-10 02:17:11.030 1015 1192 W ActivityManager: Slow operation: 284ms so far, now at startProcess: done updating battery stats
04-10 02:17:11.030 1015 1192 I am_proc_start: [0,3044,10085,com.hht.lebocast,added application,com.hht.lebocast]
04-10 02:17:11.030 1015 1192 W ActivityManager: Slow operation: 284ms so far, now at startProcess: building log message
04-10 02:17:11.030 1015 1192 I ActivityManager: Start proc 3044:com.hht.lebocast/u0a85 for added application com.hht.lebocast
04-10 02:17:11.030 1015 1192 W ActivityManager: Slow operation: 284ms so far, now at startProcess: starting to update pids map
04-10 02:17:11.030 1015 1192 W ActivityManager: Slow operation: 285ms so far, now at startProcess: done updating pids map
04-10 02:17:11.031 1015 1192 W ActivityManager: Slow operation: 283ms so far, now at startProcess: asking zygote to start proc
04-10 02:17:11.031 1015 1192 D CompatibilityChangeReporter: Compat change id reported: 143937733; UID 10055; state: ENABLED
04-10 02:17:11.037 1015 1015 E Binder : Outgoing transactions from this process must be FLAG_ONEWAY
04-10 02:17:11.037 1015 1015 E Binder : java.lang.Throwable
04-10 02:17:11.037 1015 1015 E Binder : at android.os.BinderProxy.transact(BinderProxy.java:528)
04-10 02:17:11.037 1015 1015 E Binder : at android.content.ContentProviderProxy.query(ContentProviderNative.java:479)
04-10 02:17:11.037 1015 1015 E Binder : at android.content.ContentResolver.query(ContentResolver.java:1221)
04-10 02:17:11.037 1015 1015 E Binder : at android.content.ContentResolver.query(ContentResolver.java:1152)
04-10 02:17:11.037 1015 1015 E Binder : at android.content.ContentResolver.query(ContentResolver.java:1108)
04-10 02:17:11.037 1015 1015 E Binder : at com.thundercomm.gamemode.api.GameModeSettings$Settings.getInt(GameModeSettings.java:142)
04-10 02:17:11.037 1015 1015 E Binder : at com.thundercomm.gamemode.api.GameModeSettings$Settings.getBoolean(GameModeSettings.java:188)
04-10 02:17:11.037 1015 1015 E Binder : at com.android.server.notification.GameModeConfig.updateData(GameModeConfig.java:116)
04-10 02:17:11.037 1015 1015 E Binder : at com.android.server.notification.ZenModeHelper.onUserUnlocked(ZenModeHelper.java:265)
04-10 02:17:11.037 1015 1015 E Binder : at com.android.server.notification.NotificationManagerService$6.onReceive(NotificationManagerService.java:1856)
04-10 02:17:11.037 1015 1015 E Binder : at android.app.LoadedApk$ReceiverDispatcher$Args.lambda$getRunnable$0$LoadedApk$ReceiverDispatcher$Args(LoadedApk.java:1679)
04-10 02:17:11.037 1015 1015 E Binder : at android.app.LoadedApk$ReceiverDispatcher$Args$$ExternalSyntheticLambda0.run(Unknown Source:2)
04-10 02:17:11.037 1015 1015 E Binder : at android.os.Handler.handleCallback(Handler.java:938)
04-10 02:17:11.037 1015 1015 E Binder : at android.os.Handler.dispatchMessage(Handler.java:99)
04-10 02:17:11.037 1015 1015 E Binder : at android.os.Looper.loopOnce(Looper.java:201)
04-10 02:17:11.037 1015 1015 E Binder : at android.os.Looper.loop(Looper.java:288)
04-10 02:17:11.037 1015 1015 E Binder : at com.android.server.SystemServer.run(SystemServer.java:909)
04-10 02:17:11.037 1015 1015 E Binder : at com.android.server.SystemServer.main(SystemServer.java:616)
04-10 02:17:11.037 1015 1015 E Binder : at java.lang.reflect.Method.invoke(Native Method)
04-10 02:17:11.037 1015 1015 E Binder : at com.android.internal.os.RuntimeInit$MethodAndArgsCaller.run(RuntimeInit.java:548)
04-10 02:17:11.037 1015 1015 E Binder : at com.android.internal.os.ZygoteInit.main(ZygoteInit.java:987)
04-10 02:17:11.038 933 933 V LocSvc_HIDL_IzatProvider: [init][138] [HS] <<<<= [HC]
04-10 02:17:11.041 2927 2964 D XTProxy : XTProxy ctor
04-10 02:17:11.041 2927 2964 E XTProxy : XTProxy binderDied
04-10 02:17:11.042 1015 1015 D GameModeIF_GameModeSettings: getUriFor setting_content_uri_root = content://com.thundercomm.gamemode.api/gamemode_settings , name = gamemode_dnd_notification
04-10 02:17:11.044 1015 1015 D GameModeIF_GameModeSettings: getUriFor setting_content_uri_root = content://com.thundercomm.gamemode.api/gamemode_settings , name = gamemode_isgaming
04-10 02:17:11.045 1015 1173 I EventSequenceValidator: Transition from INTENT_STARTED to ACTIVITY_LAUNCHED
04-10 02:17:11.045 1015 1191 I am_wtf : [0,1015,system_server,-1,Binder,Outgoing transactions from this process must be FLAG_ONEWAY]
04-10 02:17:11.048 1015 1191 I DropBoxManagerService: add tag=system_server_wtf isTagEnabled=true flags=0x2
04-10 02:17:11.049 1015 1015 D GameModeIF_GameModeSettings: getUriFor setting_content_uri_root = content://com.thundercomm.gamemode.api/gamemode_settings , name = gamemode_dnd_voice
01-01 08:59:53.861 0 0 I binder : 3044:3044 ioctl 40046210 ffe788d8 returned -22
04-10 02:17:11.052 3044 3044 D ProcessState: Binder ioctl to enable oneway spam detection failed: Invalid argument
04-10 02:17:11.053 1015 1015 W Looper : Slow dispatch took 206ms main h=android.app.ActivityThread$H c=android.app.LoadedApk$ReceiverDispatcher$Args$$ExternalSyntheticLambda0@d3a7da0 m=0
04-10 02:17:11.059 1015 1864 I am_uid_running: 10091
04-10 02:17:11.059 1015 1864 D CompatibilityChangeReporter: Compat change id reported: 135634846; UID 10091; state: DISABLED
04-10 02:17:11.060 1015 1864 D CompatibilityChangeReporter: Compat change id reported: 177438394; UID 10091; state: DISABLED
04-10 02:17:11.060 1015 1864 D CompatibilityChangeReporter: Compat change id reported: 135772972; UID 10091; state: DISABLED
04-10 02:17:11.060 1015 1864 D CompatibilityChangeReporter: Compat change id reported: 135754954; UID 10091; state: ENABLED
04-10 02:17:11.061 1015 1015 W Looper : Slow delivery took 207ms main h=android.app.ActivityThread$H c=android.app.LoadedApk$ReceiverDispatcher$Args$$ExternalSyntheticLambda0@d59d3cc m=0
04-10 02:17:11.061 1015 1864 I StorageUserConnection: Bound to the ExternalStorageService for user 0
04-10 02:17:11.062 1015 1170 I ServiceWatcher: [fused] disconnected from 1000/com.android.location.fused/.FusedLocationService@0
04-10 02:17:11.063 1015 2064 I dvm_lock_sample: [system_server,0,AsyncTask #1,78,ActivityManagerService.java,8688,int com.android.server.am.ActivityManagerService.getMemoryTrimLevel(),,0,null,15]
04-10 02:17:11.075 1480 3016 I QFP : qsc_start_app: Loading app [fingerpr] succeeded
04-10 02:17:11.075 1480 3016 I QFP : openFramework: entry with eeprom_buffer_size=0
04-10 02:17:11.077 505 505 I hwservicemanager: Since vendor.qti.hardware.iop@2.0::IIop/default is not registered, trying to start it as a lazy HAL.
04-10 02:17:11.081 1015 2064 E ANDR-PERF-JNI: UXEngine Trigger - Returning null
04-10 02:17:11.085 548 557 D DrmLibTime: got the req here! ret=0
04-10 02:17:11.085 548 557 D DrmLibTime: command id, time_cmd_id = 770
04-10 02:17:11.085 548 557 D DrmLibTime: time_getutcsec starts!
04-10 02:17:11.085 548 557 D DrmLibTime: QSEE Time Listener: time_getutcsec
