04-10 02:17:08.356 2062 2062 V Avrcp_ext: updatePlaybackState (1): old=PlaybackState {state=0, position=-1, buffered position=0, speed=0.0, updated=49544, actions=0, custom actions=[], active item id=-1, error=null}(0), new=PlaybackState {state=2, position=-1, buffered position=0, speed=0.0, updated=49559, actions=0, custom actions=[], active item id=-1, error=null}(2)
04-10 02:17:08.356 2062 2062 I Avrcp_ext: Exit updatePlayStatusForDevice
04-10 02:17:08.356 2062 2062 D Avrcp_ext: Enter sendPlayPosNotificationRsp
04-10 02:17:08.356 2062 2062 D Avrcp_ext: sendPlayPosNotificationRsp: Not registered or requesting.
04-10 02:17:08.356 2062 2062 D Avrcp_ext: Enter sendPlayPosNotificationRsp
04-10 02:17:08.356 2062 2062 D Avrcp_ext: sendPlayPosNotificationRsp: Not registered or requesting.
04-10 02:17:08.356 2062 2062 D Avrcp_ext: Enter sendPlayPosNotificationRsp
04-10 02:17:08.356 2062 2062 D Avrcp_ext: sendPlayPosNotificationRsp: Not registered or requesting.
04-10 02:17:08.356 2062 2062 D Avrcp_ext: Enter sendPlayPosNotificationRsp
04-10 02:17:08.356 2062 2062 D Avrcp_ext: sendPlayPosNotificationRsp: Not registered or requesting.
04-10 02:17:08.356 2062 2062 D Avrcp_ext: Enter sendPlayPosNotificationRsp
04-10 02:17:08.356 2062 2062 D Avrcp_ext: sendPlayPosNotificationRsp: Not registered or requesting.
04-10 02:17:08.356 2062 2062 V Avrcp_ext: Exit updatePlayerStateAndPosition
04-10 02:17:08.359 2080 2080 V KeyguardUpdateMonitor: *** register callback for com.android.systemui.statusbar.phone.KeyguardBottomAreaView$9@e7b6640
04-10 02:17:08.359 2080 2080 V KeyguardUpdateMonitor: *** unregister callback for null
04-10 02:17:08.360 2080 2080 V KeyguardUpdateMonitor: *** register callback for com.android.keyguard.EmergencyButtonController$1@9323979
04-10 02:17:08.360 2080 2080 V KeyguardUpdateMonitor: *** unregister callback for null
04-10 02:17:08.364 2080 2436 W ActivityThread: Failed to find provider info for com.android.contacts (user not unlocked)
04-10 02:17:08.365 2080 2080 D CompatibilityChangeReporter: Compat change id reported: 182185642; UID 10078; state: ENABLED
04-10 02:17:08.365 2828 2828 I Perf : Connecting to perf service.
04-10 02:17:08.366 2080 2080 E EmergencyButton: Fail to call TelephonyManager.requestCellInfoUpdate
04-10 02:17:08.366 2080 2080 E EmergencyButton: java.lang.IllegalStateException: Telephony is null
04-10 02:17:08.366 2080 2080 E EmergencyButton: at android.telephony.TelephonyManager.requestCellInfoUpdate(TelephonyManager.java:6362)
04-10 02:17:08.366 2080 2080 E EmergencyButton: at com.android.keyguard.EmergencyButtonController.requestCellInfoUpdate(EmergencyButtonController.java:182)
04-10 02:17:08.366 2080 2080 E EmergencyButton: at com.android.keyguard.EmergencyButtonController.access$100(EmergencyButtonController.java:51)
04-10 02:17:08.366 2080 2080 E EmergencyButton: at com.android.keyguard.EmergencyButtonController$1.onPhoneStateChanged(EmergencyButtonController.java:77)
04-10 02:17:08.366 2080 2080 E EmergencyButton: at com.android.keyguard.KeyguardUpdateMonitor.sendUpdates(KeyguardUpdateMonitor.java:3085)
04-10 02:17:08.366 2080 2080 E EmergencyButton: at com.android.keyguard.KeyguardUpdateMonitor.registerCallback(KeyguardUpdateMonitor.java:3062)
04-10 02:17:08.366 2080 2080 E EmergencyButton: at com.android.keyguard.EmergencyButtonController.onViewAttached(EmergencyButtonController.java:119)
04-10 02:17:08.366 2080 2080 E EmergencyButton: at com.android.systemui.util.ViewController$1.onViewAttachedToWindow(ViewController.java:52)
04-10 02:17:08.366 2080 2080 E EmergencyButton: at android.view.View.dispatchAttachedToWindow(View.java:20768)
04-10 02:17:08.366 2080 2080 E EmergencyButton: at android.view.ViewGroup.dispatchAttachedToWindow(ViewGroup.java:3497)
04-10 02:17:08.366 2080 2080 E EmergencyButton: at android.view.ViewGroup.dispatchAttachedToWindow(ViewGroup.java:3497)
04-10 02:17:08.366 2080 2080 E EmergencyButton: at android.view.ViewGroup.dispatchAttachedToWindow(ViewGroup.java:3497)
04-10 02:17:08.366 2080 2080 E EmergencyButton: at android.view.ViewGroup.dispatchAttachedToWindow(ViewGroup.java:3497)
04-10 02:17:08.366 2080 2080 E EmergencyButton: at android.view.ViewRootImpl.performTraversals(ViewRootImpl.java:2633)
04-10 02:17:08.366 2080 2080 E EmergencyButton: at android.view.ViewRootImpl.doTraversal(ViewRootImpl.java:2146)
04-10 02:17:08.366 2080 2080 E EmergencyButton: at android.view.ViewRootImpl$TraversalRunnable.run(ViewRootImpl.java:8676)
04-10 02:17:08.366 2080 2080 E EmergencyButton: at android.view.Choreographer$CallbackRecord.run(Choreographer.java:1120)
04-10 02:17:08.366 2080 2080 E EmergencyButton: at android.view.Choreographer.doCallbacks(Choreographer.java:926)
04-10 02:17:08.366 2080 2080 E EmergencyButton: at android.view.Choreographer.doFrame(Choreographer.java:859)
04-10 02:17:08.366 2080 2080 E EmergencyButton: at android.view.Choreographer$FrameDisplayEventReceiver.run(Choreographer.java:1105)
04-10 02:17:08.366 2080 2080 E EmergencyButton: at android.os.Handler.handleCallback(Handler.java:938)
04-10 02:17:08.366 2080 2080 E EmergencyButton: at android.os.Handler.dispatchMessage(Handler.java:99)
04-10 02:17:08.366 2080 2080 E EmergencyButton: at android.os.Looper.loopOnce(Looper.java:201)
04-10 02:17:08.366 2080 2080 E EmergencyButton: at android.os.Looper.loop(Looper.java:288)
04-10 02:17:08.366 2080 2080 E EmergencyButton: at android.app.ActivityThread.main(ActivityThread.java:7880)
04-10 02:17:08.366 2080 2080 E EmergencyButton: at java.lang.reflect.Method.invoke(Native Method)
04-10 02:17:08.366 2080 2080 E EmergencyButton: at com.android.internal.os.RuntimeInit$MethodAndArgsCaller.run(RuntimeInit.java:548)
04-10 02:17:08.366 2080 2080 E EmergencyButton: at com.android.internal.os.ZygoteInit.main(ZygoteInit.java:1009)
04-10 02:17:08.367 2080 2080 V KeyguardUpdateMonitor: *** register callback for com.android.keyguard.LockIconViewController$3@6e550ca
04-10 02:17:08.367 2080 2080 V KeyguardUpdateMonitor: *** unregister callback for null
04-10 02:17:08.367 2080 2080 V KeyguardUpdateMonitor: *** register callback for com.android.keyguard.KeyguardStatusViewController$2@47d223b
04-10 02:17:08.367 2080 2080 V KeyguardUpdateMonitor: *** unregister callback for null
04-10 02:17:08.373 2080 2080 V KeyguardUpdateMonitor: *** register callback for com.android.keyguard.AnimatableClockController$4@22b74ed
04-10 02:17:08.373 2080 2080 V KeyguardUpdateMonitor: *** unregister callback for null
04-10 02:17:08.376 2080 2080 V KeyguardUpdateMonitor: *** register callback for com.android.keyguard.AnimatableClockController$4@66f2f22
04-10 02:17:08.376 2080 2080 V KeyguardUpdateMonitor: *** unregister callback for null
04-10 02:17:08.378 2828 2828 V GraphicsEnvironment: ANGLE Developer option for 'com.qualcomm.qti.qccauthmgr' set to: 'default'
04-10 02:17:08.380 2828 2828 V GraphicsEnvironment: ANGLE GameManagerService for com.qualcomm.qti.qccauthmgr: false
04-10 02:17:08.382 2828 2828 D NetworkSecurityConfig: No Network Security Config specified, using platform default
04-10 02:17:08.382 2828 2828 D NetworkSecurityConfig: No Network Security Config specified, using platform default
04-10 02:17:08.382 2062 2062 V Avrcp_ext: Exit start
04-10 02:17:08.382 2062 2062 V Avrcp_ext: Exit make
04-10 02:17:08.383 2828 2828 D qcc:QccAuthApp: load libqccAuthMgr
04-10 02:17:08.384 2062 2062 W A2dpCodecConfig: Disable Aptx Adaptive. Entry not present in offload property
04-10 02:17:08.385 2062 2062 I A2dpCodecConfig: Aptx Adaptive priority: -1
04-10 02:17:08.388 2062 2062 I bt_btif : get_profile_interface: id = a2dp
04-10 02:17:08.389 2062 2062 I btif_av : isBATEnabled: 0
04-10 02:17:08.389 2062 2062 E bt_btif : bta_av_co_get_active_peer: peer index out of bounds: 5
04-10 02:17:08.389 2062 2062 E bt_btif : btif_av_is_split_a2dp_enabled: No active peer codec config found, by default splitmode
04-10 02:17:08.392 2062 2860 I bt_osi_thread: run_thread: thread id 2860, thread name media_worker started
04-10 02:17:08.394 2062 2062 I btif_av : isBATEnabled: 0
04-10 02:17:08.394 2062 2062 E bt_btif : bta_av_co_get_active_peer: peer index out of bounds: 5
04-10 02:17:08.394 2062 2062 E bt_btif : btif_av_is_split_a2dp_enabled: No active peer codec config found, by default splitmode
04-10 02:17:08.395 2062 2062 I a2dp_codec: A2dp_SetOffloadStatus:status = 1
04-10 02:17:08.395 2062 2062 D a2dp_codec: init
04-10 02:17:08.395 2062 2062 D a2dp_codec: createCodec: codec SBC
04-10 02:17:08.395 2062 2062 D a2dp_codec: setCodecPriority: codec_priority_: 1001
04-10 02:17:08.395 2062 2062 D a2dp_codec: A2dpCodecConfig: init all codec caps info
04-10 02:17:08.395 2062 2062 D a2dp_sbc: A2dpCodecConfigSbc
04-10 02:17:08.395 2062 2062 D a2dp_sbc: init: SBC enabled in HW mode
04-10 02:17:08.395 2062 2062 I a2dp_codec: init: updated SBC codec priority to 1001
04-10 02:17:08.395 2062 2062 D a2dp_codec: createCodec: codec AAC
04-10 02:17:08.395 2062 2062 D a2dp_codec: setCodecPriority: codec_priority_: 2001
04-10 02:17:08.395 2062 2062 D a2dp_codec: A2dpCodecConfig: init all codec caps info
04-10 02:17:08.396 2062 2062 D a2dp_aac: A2dpCodecConfigAac: AAC VBR is enabled for this target
04-10 02:17:08.396 2062 2062 D a2dp_aac: init: AAC enabled in HW mode
04-10 02:17:08.396 2062 2062 I a2dp_codec: init: updated AAC codec priority to 2001
04-10 02:17:08.396 2062 2062 D a2dp_codec: createCodec: codec aptX
04-10 02:17:08.396 2062 2062 D a2dp_codec: setCodecPriority: codec_priority_: -1
04-10 02:17:08.396 2062 2062 D a2dp_codec: A2dpCodecConfig: init all codec caps info
04-10 02:17:08.396 2062 2062 D a2dp_vendor_aptx: init: APTX enabled in HW mode
04-10 02:17:08.396 2062 2062 I a2dp_codec: init: updated aptX codec priority to -1
04-10 02:17:08.396 2828 2828 D QCCAuthMgr: SMQContentProvider onCreate
04-10 02:17:08.396 2062 2062 D a2dp_codec: createCodec: codec aptX-HD
04-10 02:17:08.396 2062 2062 D a2dp_codec: setCodecPriority: codec_priority_: -1
04-10 02:17:08.396 2062 2062 D a2dp_codec: A2dpCodecConfig: init all codec caps info
04-10 02:17:08.396 2062 2062 D a2dp_vendor_aptx_hd: init: APTX-HD enabled in HW mode
04-10 02:17:08.396 2062 2062 I a2dp_codec: init: updated aptX-HD codec priority to -1
04-10 02:17:08.397 2062 2062 D a2dp_codec: createCodec: codec LDAC
04-10 02:17:08.397 2062 2062 D a2dp_codec: setCodecPriority: codec_priority_: -1
04-10 02:17:08.397 2062 2062 D a2dp_codec: A2dpCodecConfig: init all codec caps info
04-10 02:17:08.397 2062 2062 D a2dp_vendor_ldac: init: LDAC enabled in HW mode
04-10 02:17:08.397 2062 2062 I a2dp_codec: init: updated LDAC codec priority to -1
04-10 02:17:08.397 2062 2062 D a2dp_codec: createCodec: codec aptX-adaptive
04-10 02:17:08.397 2062 2062 D a2dp_codec: setCodecPriority: codec_priority_: -1
04-10 02:17:08.397 2062 2062 D a2dp_codec: A2dpCodecConfig: init all codec caps info
04-10 02:17:08.397 2062 2062 I a2dp_vendor_aptx_adaptive: A2dpCodecConfigAptxAdaptive: Using Aptx Adaptive R1 config
04-10 02:17:08.397 2062 2062 D a2dp_vendor_aptx_adaptive: init: APTX-Adaptive enabled in HW mode
04-10 02:17:08.397 2062 2062 I a2dp_codec: init: updated aptX-adaptive codec priority to -1
04-10 02:17:08.397 2062 2062 D a2dp_codec: createCodec: codec aptX-TWS
04-10 02:17:08.397 2062 2062 D a2dp_codec: setCodecPriority: codec_priority_: -1
04-10 02:17:08.397 2062 2062 D a2dp_codec: A2dpCodecConfig: init all codec caps info
04-10 02:17:08.397 2062 2062 E a2dp_vendor_aptx_tws: init: APTX-Tws enabled in HW mode
04-10 02:17:08.397 2062 2062 I a2dp_codec: init: updated aptX-TWS codec priority to -1
04-10 02:17:08.398 2062 2062 D a2dp_codec: createCodec: codec SBC SINK
04-10 02:17:08.398 2062 2062 D a2dp_codec: setDefaultCodecPriority: default_codec_priority_: 0
04-10 02:17:08.398 2062 2062 D a2dp_codec: setDefaultCodecPriority: Compute the default codec priority
04-10 02:17:08.398 2062 2062 D a2dp_codec: setDefaultCodecPriority: codec_priority_: 8001
04-10 02:17:08.398 2062 2062 D a2dp_codec: setCodecPriority: codec_priority_: 8001
04-10 02:17:08.398 2062 2062 D a2dp_codec: A2dpCodecConfig: init all codec caps info
04-10 02:17:08.398 2062 2062 D a2dp_codec: createCodec: codec UNKNOWN CODEC INDEX
04-10 02:17:08.398 2062 2062 D a2dp_codec: createCodec: codec UNKNOWN CODEC INDEX
04-10 02:17:08.398 2062 2062 I a2dp_codec: init: initialized Source codec AAC
04-10 02:17:08.398 2062 2062 I a2dp_codec: init: initialized Source codec SBC
04-10 02:17:08.399 2062 2062 I a2dp_codec: init: initialized Sink codec SBC(Sink)
04-10 02:17:08.399 2062 2062 D a2dp_codec: init
04-10 02:17:08.399 2062 2062 D a2dp_codec: createCodec: codec SBC
04-10 02:17:08.399 2062 2062 D a2dp_codec: setCodecPriority: codec_priority_: 1001
04-10 02:17:08.399 2062 2062 D a2dp_codec: A2dpCodecConfig: init all codec caps info
04-10 02:17:08.399 2062 2062 D a2dp_sbc: A2dpCodecConfigSbc
04-10 02:17:08.399 2062 2062 D a2dp_sbc: init: SBC enabled in HW mode
04-10 02:17:08.399 2062 2062 I a2dp_codec: init: updated SBC codec priority to 1001
04-10 02:17:08.399 2062 2062 D a2dp_codec: createCodec: codec AAC
04-10 02:17:08.399 2062 2062 D a2dp_codec: setCodecPriority: codec_priority_: 2001
04-10 02:17:08.399 2062 2062 D a2dp_codec: A2dpCodecConfig: init all codec caps info
04-10 02:17:08.400 2062 2062 D a2dp_aac: A2dpCodecConfigAac: AAC VBR is enabled for this target
04-10 02:17:08.400 2062 2062 D a2dp_aac: init: AAC enabled in HW mode
04-10 02:17:08.400 2062 2062 I a2dp_codec: init: updated AAC codec priority to 2001
04-10 02:17:08.400 2062 2062 D a2dp_codec: createCodec: codec aptX
04-10 02:17:08.400 2062 2062 D a2dp_codec: setCodecPriority: codec_priority_: -1
04-10 02:17:08.400 2062 2062 D a2dp_codec: A2dpCodecConfig: init all codec caps info
04-10 02:17:08.400 2062 2062 D a2dp_vendor_aptx: init: APTX enabled in HW mode
04-10 02:17:08.400 2062 2062 I a2dp_codec: init: updated aptX codec priority to -1
04-10 02:17:08.400 2062 2062 D a2dp_codec: createCodec: codec aptX-HD
04-10 02:17:08.400 2062 2062 D a2dp_codec: setCodecPriority: codec_priority_: -1
04-10 02:17:08.400 2062 2062 D a2dp_codec: A2dpCodecConfig: init all codec caps info
04-10 02:17:08.400 2062 2062 D a2dp_vendor_aptx_hd: init: APTX-HD enabled in HW mode
04-10 02:17:08.401 2062 2062 I a2dp_codec: init: updated aptX-HD codec priority to -1
04-10 02:17:08.401 2062 2062 D a2dp_codec: createCodec: codec LDAC
04-10 02:17:08.401 2062 2062 D a2dp_codec: setCodecPriority: codec_priority_: -1
04-10 02:17:08.401 2062 2062 D a2dp_codec: A2dpCodecConfig: init all codec caps info
04-10 02:17:08.401 2062 2062 D a2dp_vendor_ldac: init: LDAC enabled in HW mode
04-10 02:17:08.401 2062 2062 I a2dp_codec: init: updated LDAC codec priority to -1
04-10 02:17:08.401 2062 2062 D a2dp_codec: createCodec: codec aptX-adaptive
04-10 02:17:08.401 2062 2062 D a2dp_codec: setCodecPriority: codec_priority_: -1
04-10 02:17:08.401 2062 2062 D a2dp_codec: A2dpCodecConfig: init all codec caps info
04-10 02:17:08.401 2062 2062 I a2dp_vendor_aptx_adaptive: A2dpCodecConfigAptxAdaptive: Using Aptx Adaptive R1 config
04-10 02:17:08.402 2062 2062 D a2dp_vendor_aptx_adaptive: init: APTX-Adaptive enabled in HW mode
04-10 02:17:08.402 2062 2062 I a2dp_codec: init: updated aptX-adaptive codec priority to -1
04-10 02:17:08.402 2062 2062 D a2dp_codec: createCodec: codec aptX-TWS
04-10 02:17:08.402 2062 2062 D a2dp_codec: setCodecPriority: codec_priority_: -1
04-10 02:17:08.402 2062 2062 D a2dp_codec: A2dpCodecConfig: init all codec caps info
04-10 02:17:08.402 2062 2062 E a2dp_vendor_aptx_tws: init: APTX-Tws enabled in HW mode
04-10 02:17:08.402 2062 2062 I a2dp_codec: init: updated aptX-TWS codec priority to -1
04-10 02:17:08.402 2062 2062 D a2dp_codec: createCodec: codec SBC SINK
04-10 02:17:08.402 2828 2828 I qcc:QccAuthApp: onCreate()
04-10 02:17:08.402 2828 2828 D qcc:QccAuthApp: detectUninstallIsv
04-10 02:17:08.402 2062 2062 D a2dp_codec: setDefaultCodecPriority: default_codec_priority_: 0
04-10 02:17:08.402 2062 2062 D a2dp_codec: setDefaultCodecPriority: Compute the default codec priority
04-10 02:17:08.402 2062 2062 D a2dp_codec: setDefaultCodecPriority: codec_priority_: 8001
04-10 02:17:08.402 2062 2062 D a2dp_codec: setCodecPriority: codec_priority_: 8001
04-10 02:17:08.403 2062 2062 D a2dp_codec: A2dpCodecConfig: init all codec caps info
04-10 02:17:08.403 2062 2062 D a2dp_codec: createCodec: codec UNKNOWN CODEC INDEX
04-10 02:17:08.403 2062 2062 D a2dp_codec: createCodec: codec UNKNOWN CODEC INDEX
04-10 02:17:08.403 2062 2062 I a2dp_codec: init: initialized Source codec AAC
04-10 02:17:08.403 2062 2062 I a2dp_codec: init: initialized Source codec SBC
04-10 02:17:08.403 2062 2062 I a2dp_codec: init: initialized Sink codec SBC(Sink)
04-10 02:17:08.403 2062 2062 D a2dp_codec: init
04-10 02:17:08.403 2062 2062 D a2dp_codec: createCodec: codec SBC
04-10 02:17:08.403 2062 2062 D a2dp_codec: setCodecPriority: codec_priority_: 1001
04-10 02:17:08.403 2062 2062 D a2dp_codec: A2dpCodecConfig: init all codec caps info
04-10 02:17:08.403 2062 2062 D a2dp_sbc: A2dpCodecConfigSbc
04-10 02:17:08.403 2062 2062 D a2dp_sbc: init: SBC enabled in HW mode
04-10 02:17:08.403 2062 2062 I a2dp_codec: init: updated SBC codec priority to 1001
04-10 02:17:08.403 2062 2062 D a2dp_codec: createCodec: codec AAC
04-10 02:17:08.403 2062 2062 D a2dp_codec: setCodecPriority: codec_priority_: 2001
04-10 02:17:08.404 2062 2062 D a2dp_codec: A2dpCodecConfig: init all codec caps info
04-10 02:17:08.404 2062 2062 D a2dp_aac: A2dpCodecConfigAac: AAC VBR is enabled for this target
04-10 02:17:08.404 2062 2062 D a2dp_aac: init: AAC enabled in HW mode
04-10 02:17:08.404 2062 2062 I a2dp_codec: init: updated AAC codec priority to 2001
04-10 02:17:08.404 2062 2062 D a2dp_codec: createCodec: codec aptX
04-10 02:17:08.404 2062 2062 D a2dp_codec: setCodecPriority: codec_priority_: -1
04-10 02:17:08.404 2062 2062 D a2dp_codec: A2dpCodecConfig: init all codec caps info
04-10 02:17:08.404 2062 2062 D a2dp_vendor_aptx: init: APTX enabled in HW mode
04-10 02:17:08.404 2062 2062 I a2dp_codec: init: updated aptX codec priority to -1
04-10 02:17:08.404 2062 2062 D a2dp_codec: createCodec: codec aptX-HD
04-10 02:17:08.404 2062 2062 D a2dp_codec: setCodecPriority: codec_priority_: -1
04-10 02:17:08.404 2062 2062 D a2dp_codec: A2dpCodecConfig: init all codec caps info
04-10 02:17:08.404 2062 2062 D a2dp_vendor_aptx_hd: init: APTX-HD enabled in HW mode
04-10 02:17:08.404 2062 2062 I a2dp_codec: init: updated aptX-HD codec priority to -1
04-10 02:17:08.404 2062 2062 D a2dp_codec: createCodec: codec LDAC
04-10 02:17:08.405 2062 2062 D a2dp_codec: setCodecPriority: codec_priority_: -1
04-10 02:17:08.405 2062 2062 D a2dp_codec: A2dpCodecConfig: init all codec caps info
04-10 02:17:08.405 2062 2062 D a2dp_vendor_ldac: init: LDAC enabled in HW mode
04-10 02:17:08.405 2062 2062 I a2dp_codec: init: updated LDAC codec priority to -1
04-10 02:17:08.405 2062 2062 D a2dp_codec: createCodec: codec aptX-adaptive
04-10 02:17:08.405 2062 2062 D a2dp_codec: setCodecPriority: codec_priority_: -1
04-10 02:17:08.405 2062 2062 D a2dp_codec: A2dpCodecConfig: init all codec caps info
04-10 02:17:08.405 2062 2062 I a2dp_vendor_aptx_adaptive: A2dpCodecConfigAptxAdaptive: Using Aptx Adaptive R1 config
04-10 02:17:08.405 2062 2062 D a2dp_vendor_aptx_adaptive: init: APTX-Adaptive enabled in HW mode
04-10 02:17:08.405 2062 2062 I a2dp_codec: init: updated aptX-adaptive codec priority to -1
04-10 02:17:08.405 2062 2062 D a2dp_codec: createCodec: codec aptX-TWS
04-10 02:17:08.405 2062 2062 D a2dp_codec: setCodecPriority: codec_priority_: -1
04-10 02:17:08.405 2062 2062 D a2dp_codec: A2dpCodecConfig: init all codec caps info
04-10 02:17:08.405 2062 2062 E a2dp_vendor_aptx_tws: init: APTX-Tws enabled in HW mode
04-10 02:17:08.406 2062 2062 I a2dp_codec: init: updated aptX-TWS codec priority to -1
04-10 02:17:08.406 2062 2062 D a2dp_codec: createCodec: codec SBC SINK
04-10 02:17:08.406 2062 2062 D a2dp_codec: setDefaultCodecPriority: default_codec_priority_: 0
04-10 02:17:08.406 2062 2062 D a2dp_codec: setDefaultCodecPriority: Compute the default codec priority
04-10 02:17:08.406 2062 2062 D a2dp_codec: setDefaultCodecPriority: codec_priority_: 8001
04-10 02:17:08.406 2062 2062 D a2dp_codec: setCodecPriority: codec_priority_: 8001
04-10 02:17:08.406 2062 2062 D a2dp_codec: A2dpCodecConfig: init all codec caps info
04-10 02:17:08.406 849 2812 I vendor.qti.bluetooth@1.0-ibs_handler: ProcessIbsCmd: Received IBS_SLEEP_IND: 0xFE
04-10 02:17:08.406 2062 2062 D a2dp_codec: createCodec: codec UNKNOWN CODEC INDEX
04-10 02:17:08.406 2062 2062 D a2dp_codec: createCodec: codec UNKNOWN CODEC INDEX
04-10 02:17:08.406 2062 2062 I a2dp_codec: init: initialized Source codec AAC
04-10 02:17:08.407 2062 2062 I a2dp_codec: init: initialized Source codec SBC
04-10 02:17:08.407 2062 2062 I a2dp_codec: init: initialized Sink codec SBC(Sink)
04-10 02:17:08.407 2062 2062 D a2dp_codec: init
04-10 02:17:08.407 2062 2062 D a2dp_codec: createCodec: codec SBC
04-10 02:17:08.407 2062 2062 D a2dp_codec: setCodecPriority: codec_priority_: 1001
04-10 02:17:08.407 2062 2062 D a2dp_codec: A2dpCodecConfig: init all codec caps info
04-10 02:17:08.407 2062 2062 D a2dp_sbc: A2dpCodecConfigSbc
04-10 02:17:08.408 2062 2062 D a2dp_sbc: init: SBC enabled in HW mode
04-10 02:17:08.408 2062 2062 I a2dp_codec: init: updated SBC codec priority to 1001
04-10 02:17:08.408 2062 2062 D a2dp_codec: createCodec: codec AAC
04-10 02:17:08.408 505 505 I hwservicemanager: Since vendor.qti.hardware.iop@2.0::IIop/default is not registered, trying to start it as a lazy HAL.
04-10 02:17:08.408 2062 2062 D a2dp_codec: setCodecPriority: codec_priority_: 2001
04-10 02:17:08.408 2062 2062 D a2dp_codec: A2dpCodecConfig: init all codec caps info
04-10 02:17:08.408 2062 2062 D a2dp_aac: A2dpCodecConfigAac: AAC VBR is enabled for this target
04-10 02:17:08.408 2062 2062 D a2dp_aac: init: AAC enabled in HW mode
04-10 02:17:08.408 2062 2062 I a2dp_codec: init: updated AAC codec priority to 2001
04-10 02:17:08.408 2080 2436 W ActivityThread: Failed to find provider info for com.android.contacts (user not unlocked)
04-10 02:17:08.408 2062 2062 D a2dp_codec: createCodec: codec aptX
04-10 02:17:08.408 2062 2062 D a2dp_codec: setCodecPriority: codec_priority_: -1
04-10 02:17:08.408 2062 2062 D a2dp_codec: A2dpCodecConfig: init all codec caps info
04-10 02:17:08.408 1325 1325 E ANDR-IOP: IIop:: Iop HAL Service is not available.
04-10 02:17:08.408 2062 2062 D a2dp_vendor_aptx: init: APTX enabled in HW mode
04-10 02:17:08.409 2062 2062 I a2dp_codec: init: updated aptX codec priority to -1
04-10 02:17:08.409 2062 2062 D a2dp_codec: createCodec: codec aptX-HD
04-10 02:17:08.409 2062 2062 D a2dp_codec: setCodecPriority: codec_priority_: -1
04-10 02:17:08.409 2062 2062 D a2dp_codec: A2dpCodecConfig: init all codec caps info
04-10 02:17:08.409 2062 2062 D a2dp_vendor_aptx_hd: init: APTX-HD enabled in HW mode
04-10 02:17:08.409 2062 2062 I a2dp_codec: init: updated aptX-HD codec priority to -1
04-10 02:17:08.409 2062 2062 D a2dp_codec: createCodec: codec LDAC
04-10 02:17:08.409 2062 2062 D a2dp_codec: setCodecPriority: codec_priority_: -1
04-10 02:17:08.409 2062 2062 D a2dp_codec: A2dpCodecConfig: init all codec caps info
04-10 02:17:08.409 2062 2062 D a2dp_vendor_ldac: init: LDAC enabled in HW mode
04-10 02:17:08.409 2062 2062 I a2dp_codec: init: updated LDAC codec priority to -1
04-10 02:17:08.410 2062 2062 D a2dp_codec: createCodec: codec aptX-adaptive
04-10 02:17:08.410 2062 2062 D a2dp_codec: setCodecPriority: codec_priority_: -1
04-10 02:17:08.410 2062 2062 D a2dp_codec: A2dpCodecConfig: init all codec caps info
04-10 02:17:08.410 2062 2062 I a2dp_vendor_aptx_adaptive: A2dpCodecConfigAptxAdaptive: Using Aptx Adaptive R1 config
04-10 02:17:08.410 2062 2062 D a2dp_vendor_aptx_adaptive: init: APTX-Adaptive enabled in HW mode
04-10 02:17:08.410 2062 2062 I a2dp_codec: init: updated aptX-adaptive codec priority to -1
04-10 02:17:08.410 2062 2062 D a2dp_codec: createCodec: codec aptX-TWS
04-10 02:17:08.410 2062 2062 D a2dp_codec: setCodecPriority: codec_priority_: -1
04-10 02:17:08.410 2062 2062 D a2dp_codec: A2dpCodecConfig: init all codec caps info
04-10 02:17:08.411 505 2861 W libc : Unable to set property "ctl.interface_start" to "vendor.qti.hardware.iop@2.0::IIop/default": error code: 0x20
04-10 02:17:08.411 2062 2062 E a2dp_vendor_aptx_tws: init: APTX-Tws enabled in HW mode
04-10 02:17:08.411 2828 2846 D QCCAuthMgr: SMQContentProvider query uri: content://com.qti.smq.Feedback.provider/smq_settings, selection: key=?, uri_matcher: 1
04-10 02:17:08.411 2062 2062 I a2dp_codec: init: updated aptX-TWS codec priority to -1
04-10 02:17:08.411 505 2861 I hwservicemanager: Tried to start vendor.qti.hardware.iop@2.0::IIop/default as a lazy service, but was unable to. Usually this happens when a service is not installed, but if the service is intended to be used as a lazy service, then it may be configured incorrectly.
04-10 02:17:08.411 2062 2062 D a2dp_codec: createCodec: codec SBC SINK
04-10 02:17:08.411 2062 2062 D a2dp_codec: setDefaultCodecPriority: default_codec_priority_: 0
04-10 02:17:08.411 2062 2062 D a2dp_codec: setDefaultCodecPriority: Compute the default codec priority
04-10 02:17:08.412 2062 2062 D a2dp_codec: setDefaultCodecPriority: codec_priority_: 8001
04-10 02:17:08.412 2062 2062 D a2dp_codec: setCodecPriority: codec_priority_: 8001
04-10 02:17:08.412 2062 2062 D a2dp_codec: A2dpCodecConfig: init all codec caps info
04-10 02:17:08.412 2062 2062 D a2dp_codec: createCodec: codec UNKNOWN CODEC INDEX
04-10 02:17:08.412 2062 2062 D a2dp_codec: createCodec: codec UNKNOWN CODEC INDEX
04-10 02:17:08.412 2062 2062 I a2dp_codec: init: initialized Source codec AAC
04-10 02:17:08.412 2062 2062 I a2dp_codec: init: initialized Source codec SBC
04-10 02:17:08.412 2062 2062 I a2dp_codec: init: initialized Sink codec SBC(Sink)
04-10 02:17:08.412 2062 2062 D a2dp_codec: init
04-10 02:17:08.412 2062 2062 D a2dp_codec: createCodec: codec SBC
04-10 02:17:08.412 2062 2062 D a2dp_codec: setCodecPriority: codec_priority_: 1001
04-10 02:17:08.412 2062 2062 D a2dp_codec: A2dpCodecConfig: init all codec caps info
04-10 02:17:08.412 2062 2062 D a2dp_sbc: A2dpCodecConfigSbc
04-10 02:17:08.413 2062 2062 D a2dp_sbc: init: SBC enabled in HW mode
04-10 02:17:08.413 2062 2062 I a2dp_codec: init: updated SBC codec priority to 1001
04-10 02:17:08.413 2062 2062 D a2dp_codec: createCodec: codec AAC
04-10 02:17:08.413 2062 2062 D a2dp_codec: setCodecPriority: codec_priority_: 2001
04-10 02:17:08.413 2062 2062 D a2dp_codec: A2dpCodecConfig: init all codec caps info
04-10 02:17:08.413 2062 2062 D a2dp_aac: A2dpCodecConfigAac: AAC VBR is enabled for this target
04-10 02:17:08.413 2062 2062 D a2dp_aac: init: AAC enabled in HW mode
04-10 02:17:08.413 2062 2062 I a2dp_codec: init: updated AAC codec priority to 2001
04-10 02:17:08.413 2062 2062 D a2dp_codec: createCodec: codec aptX
04-10 02:17:08.413 2062 2062 D a2dp_codec: setCodecPriority: codec_priority_: -1
04-10 02:17:08.413 2062 2062 D a2dp_codec: A2dpCodecConfig: init all codec caps info
04-10 02:17:08.413 2062 2062 D a2dp_vendor_aptx: init: APTX enabled in HW mode
04-10 02:17:08.413 2062 2062 I a2dp_codec: init: updated aptX codec priority to -1
04-10 02:17:08.413 2062 2062 D a2dp_codec: createCodec: codec aptX-HD
04-10 02:17:08.413 2062 2062 D a2dp_codec: setCodecPriority: codec_priority_: -1
04-10 02:17:08.413 2062 2062 D a2dp_codec: A2dpCodecConfig: init all codec caps info
04-10 02:17:08.414 2062 2062 D a2dp_vendor_aptx_hd: init: APTX-HD enabled in HW mode
04-10 02:17:08.414 2062 2062 I a2dp_codec: init: updated aptX-HD codec priority to -1
04-10 02:17:08.414 2062 2062 D a2dp_codec: createCodec: codec LDAC
04-10 02:17:08.414 2062 2062 D a2dp_codec: setCodecPriority: codec_priority_: -1
04-10 02:17:08.414 2062 2062 D a2dp_codec: A2dpCodecConfig: init all codec caps info
04-10 02:17:08.414 2062 2062 D a2dp_vendor_ldac: init: LDAC enabled in HW mode
04-10 02:17:08.414 2062 2062 I a2dp_codec: init: updated LDAC codec priority to -1
04-10 02:17:08.414 2062 2062 D a2dp_codec: createCodec: codec aptX-adaptive
04-10 02:17:08.414 2062 2062 D a2dp_codec: setCodecPriority: codec_priority_: -1
04-10 02:17:08.414 2062 2062 D a2dp_codec: A2dpCodecConfig: init all codec caps info
04-10 02:17:08.414 2062 2062 I a2dp_vendor_aptx_adaptive: A2dpCodecConfigAptxAdaptive: Using Aptx Adaptive R1 config
04-10 02:17:08.414 2062 2062 D a2dp_vendor_aptx_adaptive: init: APTX-Adaptive enabled in HW mode
04-10 02:17:08.414 2062 2062 I a2dp_codec: init: updated aptX-adaptive codec priority to -1
04-10 02:17:08.414 2062 2062 D a2dp_codec: createCodec: codec aptX-TWS
04-10 02:17:08.414 2062 2062 D a2dp_codec: setCodecPriority: codec_priority_: -1
04-10 02:17:08.414 2062 2062 D a2dp_codec: A2dpCodecConfig: init all codec caps info
04-10 02:17:08.414 2062 2062 E a2dp_vendor_aptx_tws: init: APTX-Tws enabled in HW mode
04-10 02:17:08.414 2062 2062 I a2dp_codec: init: updated aptX-TWS codec priority to -1
04-10 02:17:08.414 2062 2062 D a2dp_codec: createCodec: codec SBC SINK
04-10 02:17:08.414 2062 2062 D a2dp_codec: setDefaultCodecPriority: default_codec_priority_: 0
04-10 02:17:08.415 2062 2062 D a2dp_codec: setDefaultCodecPriority: Compute the default codec priority
04-10 02:17:08.415 2062 2062 D a2dp_codec: setDefaultCodecPriority: codec_priority_: 8001
04-10 02:17:08.415 2062 2062 D a2dp_codec: setCodecPriority: codec_priority_: 8001
04-10 02:17:08.415 2062 2062 D a2dp_codec: A2dpCodecConfig: init all codec caps info
04-10 02:17:08.415 2062 2062 D a2dp_codec: createCodec: codec UNKNOWN CODEC INDEX
04-10 02:17:08.415 2062 2062 D a2dp_codec: createCodec: codec UNKNOWN CODEC INDEX
04-10 02:17:08.415 2062 2062 I a2dp_codec: init: initialized Source codec AAC
04-10 02:17:08.415 2062 2062 I a2dp_codec: init: initialized Source codec SBC
04-10 02:17:08.415 2062 2062 I a2dp_codec: init: initialized Sink codec SBC(Sink)
04-10 02:17:08.415 2062 2062 D bt_btif : btif_dispatch_sm_event: event: 36, len: 6
04-10 02:17:08.416 2062 2062 D bt_btif : btif_dispatch_sm_event: event 36 sent
04-10 02:17:08.416 2062 2222 D bt_btif : ignore updating BTIF_AV_SOURCE_CONFIG_UPDATED_EVT
04-10 02:17:08.416 2062 2062 D bt_btif : btif_av_state_idle_handler: event:BTIF_SM_ENTER_EVT flags: 0 on index: 0, codec_cfg_change: 0
04-10 02:17:08.416 2062 2062 I btif_av : isBATEnabled: 0
04-10 02:17:08.416 2062 2062 E bt_btif : bta_av_co_get_active_peer: peer index out of bounds: 5
04-10 02:17:08.416 2062 2062 E bt_btif : btif_av_is_split_a2dp_enabled: No active peer codec config found, by default splitmode
04-10 02:17:08.416 2062 2062 D a2dp_codec: init
04-10 02:17:08.416 2062 2062 D a2dp_codec: createCodec: codec SBC
04-10 02:17:08.416 2062 2062 D a2dp_codec: setCodecPriority: codec_priority_: 1001
04-10 02:17:08.416 2062 2062 D a2dp_codec: A2dpCodecConfig: init all codec caps info
04-10 02:17:08.416 2062 2062 D a2dp_sbc: A2dpCodecConfigSbc
04-10 02:17:08.416 2062 2062 D a2dp_sbc: init: SBC enabled in HW mode
04-10 02:17:08.416 2062 2062 I a2dp_codec: init: updated SBC codec priority to 1001
04-10 02:17:08.416 2062 2062 D a2dp_codec: createCodec: codec AAC
04-10 02:17:08.416 2062 2062 D a2dp_codec: setCodecPriority: codec_priority_: 2001
04-10 02:17:08.416 2062 2062 D a2dp_codec: A2dpCodecConfig: init all codec caps info
04-10 02:17:08.416 2062 2062 D a2dp_aac: A2dpCodecConfigAac: AAC VBR is enabled for this target
04-10 02:17:08.416 2062 2062 D a2dp_aac: init: AAC enabled in HW mode
04-10 02:17:08.416 2062 2062 I a2dp_codec: init: updated AAC codec priority to 2001
04-10 02:17:08.416 2062 2062 D a2dp_codec: createCodec: codec aptX
04-10 02:17:08.416 2062 2062 D a2dp_codec: setCodecPriority: codec_priority_: -1
04-10 02:17:08.416 2062 2062 D a2dp_codec: A2dpCodecConfig: init all codec caps info
04-10 02:17:08.416 2062 2062 D a2dp_vendor_aptx: init: APTX enabled in HW mode
04-10 02:17:08.416 2062 2062 I a2dp_codec: init: updated aptX codec priority to -1
04-10 02:17:08.416 2062 2062 D a2dp_codec: createCodec: codec aptX-HD
04-10 02:17:08.416 2062 2062 D a2dp_codec: setCodecPriority: codec_priority_: -1
04-10 02:17:08.416 2062 2062 D a2dp_codec: A2dpCodecConfig: init all codec caps info
04-10 02:17:08.416 2062 2062 D a2dp_vendor_aptx_hd: init: APTX-HD enabled in HW mode
04-10 02:17:08.416 2062 2062 I a2dp_codec: init: updated aptX-HD codec priority to -1
04-10 02:17:08.416 2062 2062 D a2dp_codec: createCodec: codec LDAC
04-10 02:17:08.417 2062 2062 D a2dp_codec: setCodecPriority: codec_priority_: -1
04-10 02:17:08.417 2062 2062 D a2dp_codec: A2dpCodecConfig: init all codec caps info
04-10 02:17:08.417 2062 2062 D a2dp_vendor_ldac: init: LDAC enabled in HW mode
04-10 02:17:08.417 2062 2062 I a2dp_codec: init: updated LDAC codec priority to -1
04-10 02:17:08.417 2062 2062 D a2dp_codec: createCodec: codec aptX-adaptive
04-10 02:17:08.417 2062 2062 D a2dp_codec: setCodecPriority: codec_priority_: -1
04-10 02:17:08.417 2062 2062 D a2dp_codec: A2dpCodecConfig: init all codec caps info
04-10 02:17:08.417 2062 2062 I a2dp_vendor_aptx_adaptive: A2dpCodecConfigAptxAdaptive: Using Aptx Adaptive R1 config
04-10 02:17:08.417 2062 2062 D a2dp_vendor_aptx_adaptive: init: APTX-Adaptive enabled in HW mode
04-10 02:17:08.417 2062 2062 I a2dp_codec: init: updated aptX-adaptive codec priority to -1
04-10 02:17:08.417 2062 2062 D a2dp_codec: createCodec: codec aptX-TWS
04-10 02:17:08.417 2062 2062 D a2dp_codec: setCodecPriority: codec_priority_: -1
04-10 02:17:08.417 2062 2062 D a2dp_codec: A2dpCodecConfig: init all codec caps info
04-10 02:17:08.417 2062 2062 E a2dp_vendor_aptx_tws: init: APTX-Tws enabled in HW mode
04-10 02:17:08.417 2062 2062 I a2dp_codec: init: updated aptX-TWS codec priority to -1
04-10 02:17:08.417 2062 2062 D a2dp_codec: createCodec: codec SBC SINK
04-10 02:17:08.417 2062 2062 D a2dp_codec: setDefaultCodecPriority: default_codec_priority_: 0
04-10 02:17:08.417 2062 2062 D a2dp_codec: setDefaultCodecPriority: Compute the default codec priority
04-10 02:17:08.417 2062 2062 D a2dp_codec: setDefaultCodecPriority: codec_priority_: 8001
04-10 02:17:08.417 2062 2062 D a2dp_codec: setCodecPriority: codec_priority_: 8001
04-10 02:17:08.417 2062 2062 D a2dp_codec: A2dpCodecConfig: init all codec caps info
04-10 02:17:08.417 2062 2062 D a2dp_codec: createCodec: codec UNKNOWN CODEC INDEX
04-10 02:17:08.417 2062 2062 D a2dp_codec: createCodec: codec UNKNOWN CODEC INDEX
04-10 02:17:08.417 2062 2062 I a2dp_codec: init: initialized Source codec AAC
04-10 02:17:08.417 2062 2062 I a2dp_codec: init: initialized Source codec SBC
04-10 02:17:08.417 2062 2062 I a2dp_codec: init: initialized Sink codec SBC(Sink)
04-10 02:17:08.417 2062 2062 E bt_btif : btif_sm_get_state : Invalid handle
04-10 02:17:08.417 2062 2062 E bt_btif : btif_sm_get_state : Invalid handle
04-10 02:17:08.417 2062 2062 E bt_btif : btif_sm_get_state : Invalid handle
04-10 02:17:08.417 2062 2062 E bt_btif : btif_sm_get_state : Invalid handle
04-10 02:17:08.417 2062 2062 E bt_btif : btif_sm_get_state : Invalid handle
04-10 02:17:08.417 2062 2062 E bt_btif : btif_media_send_reset_vendor_state:
04-10 02:17:08.417 2062 2062 E bt_btif : btif_sm_get_state : Invalid handle
04-10 02:17:08.417 2062 2062 E bt_btif : btif_sm_get_state : Invalid handle
04-10 02:17:08.417 2062 2062 E bt_btif : btif_sm_get_state : Invalid handle
04-10 02:17:08.417 2062 2062 E bt_btif : btif_sm_get_state : Invalid handle
04-10 02:17:08.417 2062 2062 I btif_av : isBATEnabled: 0
04-10 02:17:08.417 2062 2062 E bt_btif : bta_av_co_get_active_peer: peer index out of bounds: 5
04-10 02:17:08.418 2062 2062 E bt_btif : btif_av_is_split_a2dp_enabled: No active peer codec config found, by default splitmode
04-10 02:17:08.418 2062 2062 E bt_btif : btif_media_send_reset_vendor_state:
04-10 02:17:08.418 2062 2860 D bt_btif_a2dp_source: btif_a2dp_source_command_ready: event: 7 BTIF_MEDIA_RESET_VS_STATE
04-10 02:17:08.418 2062 2062 D bt_btif : btif_av_state_idle_handler: event:BTIF_SM_ENTER_EVT flags: 0 on index: 1, codec_cfg_change: 0
04-10 02:17:08.418 2062 2860 D bt_btif_a2dp_source: btif_a2dp_source_command_ready: event: 2 BTIF_MEDIA_AUDIO_TX_STOP
04-10 02:17:08.418 2062 2062 I btif_av : isBATEnabled: 0
04-10 02:17:08.418 2062 2860 E bt_stack: [ERROR:a2dp_encoding.cc(2718)] read: BluetoothAudio HAL is not enabled
04-10 02:17:08.418 2062 2860 E bt_btif : Invalid cmd pending for ack
04-10 02:17:08.418 2062 2860 D bt_btif_a2dp_source: btif_a2dp_source_command_ready: event: 7 BTIF_MEDIA_RESET_VS_STATE
04-10 02:17:08.420 2062 2062 E bt_btif : bta_av_co_get_active_peer: peer index out of bounds: 5
04-10 02:17:08.420 2062 2062 E bt_btif : btif_av_is_split_a2dp_enabled: No active peer codec config found, by default splitmode
04-10 02:17:08.420 2062 2062 D a2dp_codec: init
04-10 02:17:08.420 2062 2062 D a2dp_codec: createCodec: codec SBC
04-10 02:17:08.420 2062 2062 D a2dp_codec: setCodecPriority: codec_priority_: 1001
04-10 02:17:08.420 2062 2062 D a2dp_codec: A2dpCodecConfig: init all codec caps info
04-10 02:17:08.420 2062 2062 D a2dp_sbc: A2dpCodecConfigSbc
04-10 02:17:08.420 2062 2062 D a2dp_sbc: init: SBC enabled in HW mode
04-10 02:17:08.420 2062 2062 I a2dp_codec: init: updated SBC codec priority to 1001
04-10 02:17:08.420 2062 2062 D a2dp_codec: createCodec: codec AAC
04-10 02:17:08.420 2062 2062 D a2dp_codec: setCodecPriority: codec_priority_: 2001
04-10 02:17:08.420 2062 2062 D a2dp_codec: A2dpCodecConfig: init all codec caps info
04-10 02:17:08.420 2062 2062 D a2dp_aac: A2dpCodecConfigAac: AAC VBR is enabled for this target
04-10 02:17:08.420 2062 2062 D a2dp_aac: init: AAC enabled in HW mode
04-10 02:17:08.420 2062 2062 I a2dp_codec: init: updated AAC codec priority to 2001
04-10 02:17:08.420 2062 2062 D a2dp_codec: createCodec: codec aptX
04-10 02:17:08.420 2062 2062 D a2dp_codec: setCodecPriority: codec_priority_: -1
04-10 02:17:08.420 2062 2062 D a2dp_codec: A2dpCodecConfig: init all codec caps info
04-10 02:17:08.420 2062 2062 D a2dp_vendor_aptx: init: APTX enabled in HW mode
04-10 02:17:08.420 2062 2062 I a2dp_codec: init: updated aptX codec priority to -1
04-10 02:17:08.420 2062 2062 D a2dp_codec: createCodec: codec aptX-HD
04-10 02:17:08.420 2062 2062 D a2dp_codec: setCodecPriority: codec_priority_: -1
04-10 02:17:08.420 2062 2062 D a2dp_codec: A2dpCodecConfig: init all codec caps info
04-10 02:17:08.420 2062 2062 D a2dp_vendor_aptx_hd: init: APTX-HD enabled in HW mode
04-10 02:17:08.420 2062 2062 I a2dp_codec: init: updated aptX-HD codec priority to -1
04-10 02:17:08.420 2062 2062 D a2dp_codec: createCodec: codec LDAC
04-10 02:17:08.420 2062 2062 D a2dp_codec: setCodecPriority: codec_priority_: -1
04-10 02:17:08.420 2062 2062 D a2dp_codec: A2dpCodecConfig: init all codec caps info
04-10 02:17:08.421 2062 2062 D a2dp_vendor_ldac: init: LDAC enabled in HW mode
04-10 02:17:08.421 2062 2062 I a2dp_codec: init: updated LDAC codec priority to -1
04-10 02:17:08.421 2062 2062 D a2dp_codec: createCodec: codec aptX-adaptive
04-10 02:17:08.421 2062 2062 D a2dp_codec: setCodecPriority: codec_priority_: -1
04-10 02:17:08.421 2062 2062 D a2dp_codec: A2dpCodecConfig: init all codec caps info
04-10 02:17:08.421 2062 2062 I a2dp_vendor_aptx_adaptive: A2dpCodecConfigAptxAdaptive: Using Aptx Adaptive R1 config
04-10 02:17:08.421 2062 2062 D a2dp_vendor_aptx_adaptive: init: APTX-Adaptive enabled in HW mode
04-10 02:17:08.421 2062 2062 I a2dp_codec: init: updated aptX-adaptive codec priority to -1
04-10 02:17:08.421 2062 2062 D a2dp_codec: createCodec: codec aptX-TWS
04-10 02:17:08.421 2062 2062 D a2dp_codec: setCodecPriority: codec_priority_: -1
04-10 02:17:08.421 2062 2062 D a2dp_codec: A2dpCodecConfig: init all codec caps info
04-10 02:17:08.421 2062 2062 E a2dp_vendor_aptx_tws: init: APTX-Tws enabled in HW mode
04-10 02:17:08.421 2062 2062 I a2dp_codec: init: updated aptX-TWS codec priority to -1
04-10 02:17:08.421 2062 2062 D a2dp_codec: createCodec: codec SBC SINK
04-10 02:17:08.421 2062 2062 D a2dp_codec: setDefaultCodecPriority: default_codec_priority_: 0
04-10 02:17:08.421 2062 2062 D a2dp_codec: setDefaultCodecPriority: Compute the default codec priority
04-10 02:17:08.421 2062 2062 D a2dp_codec: setDefaultCodecPriority: codec_priority_: 8001
04-10 02:17:08.421 2062 2062 D a2dp_codec: setCodecPriority: codec_priority_: 8001
04-10 02:17:08.421 2062 2062 D a2dp_codec: A2dpCodecConfig: init all codec caps info
04-10 02:17:08.421 2062 2062 D a2dp_codec: createCodec: codec UNKNOWN CODEC INDEX
04-10 02:17:08.421 2062 2062 D a2dp_codec: createCodec: codec UNKNOWN CODEC INDEX
04-10 02:17:08.421 2062 2062 I a2dp_codec: init: initialized Source codec AAC
04-10 02:17:08.421 2062 2062 I a2dp_codec: init: initialized Source codec SBC
04-10 02:17:08.421 2062 2062 I a2dp_codec: init: initialized Sink codec SBC(Sink)
04-10 02:17:08.421 2062 2062 E bt_btif : btif_sm_get_state : Invalid handle
04-10 02:17:08.421 2062 2062 E bt_btif : btif_sm_get_state : Invalid handle
04-10 02:17:08.421 2062 2062 E bt_btif : btif_sm_get_state : Invalid handle
04-10 02:17:08.421 2062 2062 E bt_btif : btif_sm_get_state : Invalid handle
04-10 02:17:08.421 2062 2062 E bt_btif : btif_media_send_reset_vendor_state:
04-10 02:17:08.421 2062 2860 D bt_btif_a2dp_source: btif_a2dp_source_command_ready: event: 7 BTIF_MEDIA_RESET_VS_STATE
04-10 02:17:08.421 2062 2860 D bt_btif_a2dp_source: btif_a2dp_source_command_ready: event: 2 BTIF_MEDIA_AUDIO_TX_STOP
04-10 02:17:08.422 2062 2860 E bt_stack: [ERROR:a2dp_encoding.cc(2718)] read: BluetoothAudio HAL is not enabled
04-10 02:17:08.422 2062 2860 E bt_btif : Invalid cmd pending for ack
04-10 02:17:08.422 2062 2062 E bt_btif : btif_sm_get_state : Invalid handle
04-10 02:17:08.422 2062 2062 E bt_btif : btif_sm_get_state : Invalid handle
04-10 02:17:08.422 2062 2062 E bt_btif : btif_sm_get_state : Invalid handle
04-10 02:17:08.422 2062 2062 I btif_av : isBATEnabled: 0
04-10 02:17:08.422 2062 2062 E bt_btif : bta_av_co_get_active_peer: peer index out of bounds: 5
04-10 02:17:08.422 2062 2062 E bt_btif : btif_av_is_split_a2dp_enabled: No active peer codec config found, by default splitmode
04-10 02:17:08.422 2062 2062 E bt_btif : btif_media_send_reset_vendor_state:
04-10 02:17:08.422 2062 2860 D bt_btif_a2dp_source: btif_a2dp_source_command_ready: event: 7 BTIF_MEDIA_RESET_VS_STATE
04-10 02:17:08.422 2062 2062 D bt_btif : btif_av_state_idle_handler: event:BTIF_SM_ENTER_EVT flags: 0 on index: 2, codec_cfg_change: 0
04-10 02:17:08.422 2062 2062 I btif_av : isBATEnabled: 0
04-10 02:17:08.422 2062 2062 E bt_btif : bta_av_co_get_active_peer: peer index out of bounds: 5
04-10 02:17:08.422 2062 2062 E bt_btif : btif_av_is_split_a2dp_enabled: No active peer codec config found, by default splitmode
04-10 02:17:08.422 2062 2062 D a2dp_codec: init
04-10 02:17:08.422 2062 2062 D a2dp_codec: createCodec: codec SBC
04-10 02:17:08.422 2062 2062 D a2dp_codec: setCodecPriority: codec_priority_: 1001
04-10 02:17:08.422 2062 2062 D a2dp_codec: A2dpCodecConfig: init all codec caps info
04-10 02:17:08.424 1407 1441 I cnss-daemon: WLPS service connected
04-10 02:17:08.423 2062 2062 D a2dp_sbc: A2dpCodecConfigSbc
04-10 02:17:08.424 2062 2062 D a2dp_sbc: init: SBC enabled in HW mode
04-10 02:17:08.425 2062 2062 I a2dp_codec: init: updated SBC codec priority to 1001
04-10 02:17:08.425 2062 2062 D a2dp_codec: createCodec: codec AAC
04-10 02:17:08.425 2062 2062 D a2dp_codec: setCodecPriority: codec_priority_: 2001
04-10 02:17:08.425 2062 2062 D a2dp_codec: A2dpCodecConfig: init all codec caps info
04-10 02:17:08.425 2062 2062 D a2dp_aac: A2dpCodecConfigAac: AAC VBR is enabled for this target
04-10 02:17:08.425 2062 2062 D a2dp_aac: init: AAC enabled in HW mode
04-10 02:17:08.425 2062 2062 I a2dp_codec: init: updated AAC codec priority to 2001
04-10 02:17:08.425 2062 2062 D a2dp_codec: createCodec: codec aptX
04-10 02:17:08.425 2062 2062 D a2dp_codec: setCodecPriority: codec_priority_: -1
04-10 02:17:08.425 2062 2062 D a2dp_codec: A2dpCodecConfig: init all codec caps info
04-10 02:17:08.425 2062 2062 D a2dp_vendor_aptx: init: APTX enabled in HW mode
04-10 02:17:08.425 2062 2062 I a2dp_codec: init: updated aptX codec priority to -1
04-10 02:17:08.425 2062 2062 D a2dp_codec: createCodec: codec aptX-HD
04-10 02:17:08.425 2062 2062 D a2dp_codec: setCodecPriority: codec_priority_: -1
04-10 02:17:08.425 2062 2062 D a2dp_codec: A2dpCodecConfig: init all codec caps info
04-10 02:17:08.425 2062 2062 D a2dp_vendor_aptx_hd: init: APTX-HD enabled in HW mode
04-10 02:17:08.425 2062 2062 I a2dp_codec: init: updated aptX-HD codec priority to -1
04-10 02:17:08.425 2062 2062 D a2dp_codec: createCodec: codec LDAC
04-10 02:17:08.425 2062 2062 D a2dp_codec: setCodecPriority: codec_priority_: -1
04-10 02:17:08.425 2062 2062 D a2dp_codec: A2dpCodecConfig: init all codec caps info
04-10 02:17:08.425 2062 2062 D a2dp_vendor_ldac: init: LDAC enabled in HW mode
04-10 02:17:08.425 2062 2062 I a2dp_codec: init: updated LDAC codec priority to -1
04-10 02:17:08.425 2062 2062 D a2dp_codec: createCodec: codec aptX-adaptive
04-10 02:17:08.425 2062 2062 D a2dp_codec: setCodecPriority: codec_priority_: -1
04-10 02:17:08.426 2062 2062 D a2dp_codec: A2dpCodecConfig: init all codec caps info
04-10 02:17:08.426 2062 2062 I a2dp_vendor_aptx_adaptive: A2dpCodecConfigAptxAdaptive: Using Aptx Adaptive R1 config
04-10 02:17:08.426 2062 2062 D a2dp_vendor_aptx_adaptive: init: APTX-Adaptive enabled in HW mode
04-10 02:17:08.426 2062 2062 I a2dp_codec: init: updated aptX-adaptive codec priority to -1
04-10 02:17:08.427 2062 2062 D a2dp_codec: createCodec: codec aptX-TWS
04-10 02:17:08.427 2062 2062 D a2dp_codec: setCodecPriority: codec_priority_: -1
04-10 02:17:08.427 2062 2062 D a2dp_codec: A2dpCodecConfig: init all codec caps info
04-10 02:17:08.427 2062 2062 E a2dp_vendor_aptx_tws: init: APTX-Tws enabled in HW mode
04-10 02:17:08.427 2062 2062 I a2dp_codec: init: updated aptX-TWS codec priority to -1
04-10 02:17:08.427 2062 2062 D a2dp_codec: createCodec: codec SBC SINK
04-10 02:17:08.428 2062 2062 D a2dp_codec: setDefaultCodecPriority: default_codec_priority_: 0
04-10 02:17:08.428 2062 2062 D a2dp_codec: setDefaultCodecPriority: Compute the default codec priority
04-10 02:17:08.428 2062 2062 D a2dp_codec: setDefaultCodecPriority: codec_priority_: 8001
04-10 02:17:08.428 2062 2062 D a2dp_codec: setCodecPriority: codec_priority_: 8001
04-10 02:17:08.428 2062 2062 D a2dp_codec: A2dpCodecConfig: init all codec caps info
04-10 02:17:08.428 2062 2062 D a2dp_codec: createCodec: codec UNKNOWN CODEC INDEX
04-10 02:17:08.428 2062 2062 D a2dp_codec: createCodec: codec UNKNOWN CODEC INDEX
04-10 02:17:08.428 2062 2062 I a2dp_codec: init: initialized Source codec AAC
04-10 02:17:08.428 2062 2062 I a2dp_codec: init: initialized Source codec SBC
04-10 02:17:08.428 2062 2062 I a2dp_codec: init: initialized Sink codec SBC(Sink)
04-10 02:17:08.428 2062 2062 E bt_btif : btif_sm_get_state : Invalid handle
04-10 02:17:08.429 2062 2062 E bt_btif : btif_sm_get_state : Invalid handle
04-10 02:17:08.429 2062 2062 E bt_btif : btif_sm_get_state : Invalid handle
04-10 02:17:08.429 2062 2062 E bt_btif : btif_media_send_reset_vendor_state:
04-10 02:17:08.429 2062 2860 D bt_btif_a2dp_source: btif_a2dp_source_command_ready: event: 7 BTIF_MEDIA_RESET_VS_STATE
04-10 02:17:08.429 2062 2860 D bt_btif_a2dp_source: btif_a2dp_source_command_ready: event: 2 BTIF_MEDIA_AUDIO_TX_STOP
04-10 02:17:08.429 2062 2062 E bt_btif : btif_sm_get_state : Invalid handle
04-10 02:17:08.429 2062 2860 E bt_stack: [ERROR:a2dp_encoding.cc(2718)] read: BluetoothAudio HAL is not enabled
04-10 02:17:08.429 2062 2860 E bt_btif : Invalid cmd pending for ack
04-10 02:17:08.430 2062 2062 E bt_btif : btif_sm_get_state : Invalid handle
04-10 02:17:08.430 2062 2062 I btif_av : isBATEnabled: 0
04-10 02:17:08.431 2062 2062 E bt_btif : bta_av_co_get_active_peer: peer index out of bounds: 5
04-10 02:17:08.431 2062 2062 E bt_btif : btif_av_is_split_a2dp_enabled: No active peer codec config found, by default splitmode
04-10 02:17:08.431 2062 2062 E bt_btif : btif_media_send_reset_vendor_state:
04-10 02:17:08.431 2062 2860 D bt_btif_a2dp_source: btif_a2dp_source_command_ready: event: 7 BTIF_MEDIA_RESET_VS_STATE
04-10 02:17:08.431 2062 2062 D bt_btif : btif_av_state_idle_handler: event:BTIF_SM_ENTER_EVT flags: 0 on index: 3, codec_cfg_change: 0
04-10 02:17:08.431 2062 2062 I btif_av : isBATEnabled: 0
04-10 02:17:08.431 2062 2062 E bt_btif : bta_av_co_get_active_peer: peer index out of bounds: 5
04-10 02:17:08.431 2062 2062 E bt_btif : btif_av_is_split_a2dp_enabled: No active peer codec config found, by default splitmode
04-10 02:17:08.431 2062 2062 D a2dp_codec: init
04-10 02:17:08.431 2062 2062 D a2dp_codec: createCodec: codec SBC
04-10 02:17:08.431 2062 2062 D a2dp_codec: setCodecPriority: codec_priority_: 1001
04-10 02:17:08.431 2062 2062 D a2dp_codec: A2dpCodecConfig: init all codec caps info
04-10 02:17:08.431 2062 2062 D a2dp_sbc: A2dpCodecConfigSbc
04-10 02:17:08.431 2062 2062 D a2dp_sbc: init: SBC enabled in HW mode
04-10 02:17:08.432 2062 2062 I a2dp_codec: init: updated SBC codec priority to 1001
04-10 02:17:08.432 2062 2062 D a2dp_codec: createCodec: codec AAC
04-10 02:17:08.432 2062 2062 D a2dp_codec: setCodecPriority: codec_priority_: 2001
04-10 02:17:08.432 2062 2062 D a2dp_codec: A2dpCodecConfig: init all codec caps info
04-10 02:17:08.432 2062 2062 D a2dp_aac: A2dpCodecConfigAac: AAC VBR is enabled for this target
04-10 02:17:08.432 2062 2062 D a2dp_aac: init: AAC enabled in HW mode
04-10 02:17:08.432 2062 2062 I a2dp_codec: init: updated AAC codec priority to 2001
04-10 02:17:08.432 2062 2062 D a2dp_codec: createCodec: codec aptX
04-10 02:17:08.432 2062 2062 D a2dp_codec: setCodecPriority: codec_priority_: -1
04-10 02:17:08.432 2062 2062 D a2dp_codec: A2dpCodecConfig: init all codec caps info
04-10 02:17:08.432 2062 2062 D a2dp_vendor_aptx: init: APTX enabled in HW mode
04-10 02:17:08.432 2062 2062 I a2dp_codec: init: updated aptX codec priority to -1
