04-10 02:17:09.866 1015 1170 V PackageManager: reconcileAppsData for null u0 0x2 migrateAppData=false
04-10 02:17:09.867 951 951 V WifiHAL : create: mVendor_id = 4980, Subcmd = 61.
04-10 02:17:09.867 1439 1472 D LOWI-9.0.0.87.a: [LOWIController] createWifiDriver: wifi driver created.
04-10 02:17:09.867 1439 1472 D LOWI-9.0.0.87.a: [LOWIController] getWifiCapabilities
04-10 02:17:09.870 1439 1472 D LOWI-9.0.0.87.a: [LOWIController] passContConfig
04-10 02:17:09.870 1439 1472 I LOWI-9.0.0.87.a: [LOWIWifiDriverUtils] return band_mask based on wiphy 3
04-10 02:17:09.870 1439 1472 D LOWI-9.0.0.87.a: [LOWIControllerExtn] createScanResultReceiver: scanbitmask(0x26)
04-10 02:17:09.870 1439 1472 D LOWI-9.0.0.87.a: [LOWIController] createScanResultReceiver: Capabilities: discovery(1), ranging(1), bgscan(0), scanbitmask(0x26)
04-10 02:17:09.871 1439 1472 D LOWI-9.0.0.87.a: [LOWIController] created scanReceiver successfully
04-10 02:17:09.871 1439 1472 D LOWI-9.0.0.87.a: [LOWIController] created scanReceiver successfully
04-10 02:17:09.871 1439 2958 D LOWI-9.0.0.87.a: [LOWI-ROME-RTT] Creating pipe to Ranging Thread
04-10 02:17:09.871 1439 2958 D LOWI-9.0.0.87.a: [LOWIScanResultReceiver] Enter passive listening mode
04-10 02:17:09.871 1439 2958 D LOWI-9.0.0.87.a: [LOWIRangingFSM] FSM: Received Event EVENT_START_THREAD, Current state: STATE_IDLE_START
04-10 02:17:09.871 951 2892 V WifiHAL : event received NL80211_CMD_TRIGGER_SCAN
04-10 02:17:09.872 951 2892 V WifiHAL : validate_cld80211_msg: FAMILY ID : 27 ,NL CMD : 25 received
04-10 02:17:09.872 1439 2957 D LOWI-9.0.0.87.a: [LOWI-Scan] Creating the pipe
04-10 02:17:09.872 1439 2957 D LOWI-9.0.0.87.a: [LOWIScanResultReceiver] Enter passive listening mode
04-10 02:17:09.872 1439 2957 D LOWI-9.0.0.87.a: [LOWIWifiDriverInterface] getMeasurements - Passive listening mode
04-10 02:17:09.872 1439 2957 D LOWI-9.0.0.87.a: [LOWI-Scan] WipsScanUsingNL:wait -1 sec for netlink message
04-10 02:17:09.872 1439 2957 D LOWI-9.0.0.87.a: [LOWI-Scan] wait_event:Wait done with Cmd 33
04-10 02:17:09.872 1439 2957 D LOWI-9.0.0.87.a: [LOWI-Scan] do_listen_events: Rcvd valid Netlink Cmd 0 Err 0
04-10 02:17:09.874 951 951 V WifiHAL : handleResponse: WLAN Firmware version : FW:1.0.1.0.1313.0 HW:HW_VERSION=ffffffff.
04-10 02:17:09.875 1015 1919 I WifiVendorHal: Driver: 5.2.022.10G Firmware: FW:1.0.1.0.1313.0 HW:HW_VERSION=ffffffff.
04-10 02:17:09.877 951 951 V WifiHAL : WifiVendorCommand 0xb4000077c25ba4d0 created vendor_id:0x1374 subcmd:62
04-10 02:17:09.877 951 951 V WifiHAL : create: mVendor_id = 4980, Subcmd = 62.
04-10 02:17:09.885 2927 2927 W alcomm.locatio: ClassLoaderContext shared library size mismatch. Expected=0, found=3 (PCL[] | PCL[]{PCL[/system/framework/com.android.location.provider.jar*3633238673]#PCL[/system/system_ext/framework/izat.xt.srv.jar*844606969]#PCL[/system/framework/services.jar*3815375977:/system/framework/services.jar!classes2.dex*2204621060]})
04-10 02:17:09.889 1448 1448 E update_engine: Read state file failed: No such file or directory
04-10 02:17:09.891 951 951 V WifiHAL : wifi_start_logging: Logging Started for power_events_rb. with verboselevel 0
04-10 02:17:09.891 951 2892 I WifiHAL : send_nl_data: sent cld80211 msg of len: 48 to driver
04-10 02:17:09.892 1439 2958 D LOWI-9.0.0.87.a: [LOWI-ROME-RTT] send_cld80211_nlmsg: sent cld80211 message for pid 1439
04-10 02:17:09.892 1439 2958 D LOWI-9.0.0.87.a: [LOWIRangingFSM] FSM: New FSM state: STATE_IDLE_START
04-10 02:17:09.892 1439 2958 D LOWI-9.0.0.87.a: [LOWI-ROME-RTT] RomeWaitOnActivityOnSocketOrPipe: issue timed select: TO: 5
04-10 02:17:09.892 951 2892 I WifiHAL : send oem msg of len : 40 to apps
01-01 08:59:52.686 0 0 E [wifi@1][0x421d8401][02:17:09.875232] wlan: [2892:E:wifipos] wifi_pos_process_app_reg_req: 608: Received App Req Req pid(1061159863), len(16)
04-10 02:17:09.893 1439 2958 D LOWI-9.0.0.87.a: [LOWI-ROME-RTT] RomeWaitOnActivityOnSocketOrPipe: timed select over: TO: 5 retVal: 1
01-01 08:59:52.691 0 0 I init : qssi copy & sync /metadata/vold/metadata_encryption/key/secdiscardable to /persist/key/secdiscardable_bak: No such file or directory
04-10 02:17:09.893 1439 2958 D LOWI-9.0.0.87.a: [LOWI-ROME-RTT] event_handler: Valid data with length 11
04-10 02:17:09.893 1439 2958 D LOWI-9.0.0.87.a: [LOWI-HELIUM-RTT] RomeNLRecvMessage: The Received RomeMsgType: ROME_REG_RSP_MSG
04-10 02:17:09.893 1439 2958 D LOWI-9.0.0.87.a: [LOWIRangingFSM] FSM: Received Event EVENT_REGISTRATION_SUCCESS, Current state: STATE_IDLE_START
04-10 02:17:09.893 1439 2958 D LOWI-9.0.0.87.a: [LOWI-ROME-RTT] RomeExtractRegRsp: driver support nl packing for oem data
04-10 02:17:09.893 1439 2958 I LOWI-9.0.0.87.a: [LOWI-ROME-RTT] RomeExtractRegRsp: nl format oem data enabled
04-10 02:17:09.893 1439 2958 D LOWI-9.0.0.87.a: [LOWI-ROME-RTT] RomeExtractRegRsp: Registered with CLD, 1 vDevs. Using 0 for STA
04-10 02:17:09.895 951 2892 I WifiHAL : send_nl_data: sent cld80211 msg of len: 32 to driver
04-10 02:17:09.895 1439 2958 D LOWI-9.0.0.87.a: [LOWI-ROME-RTT] send_oem_nl_msg: sent cld80211 message with subcmd: 3
04-10 02:17:09.895 1439 2958 D LOWI-9.0.0.87.a: [LOWIRangingFSM] FSM: New FSM state: STATE_WAITING_OEM_CAP
04-10 02:17:09.895 1439 2958 D LOWI-9.0.0.87.a: [LOWI-ROME-RTT] RomeWaitOnActivityOnSocketOrPipe: issue timed select: TO: 5
01-01 08:59:52.706 0 0 I [wifi@1][0x42237208][02:17:09.895472] wlan: [2892:I:wifipos] wifi_pos_get_ch_info: 461: num channels: 26
01-01 08:59:52.709 0 0 I [wifi@1][0x422475b3][02:17:09.898934] wlan: [2892:I:wifipos] wifi_pos_get_ch_info: 461: num channels: 26
04-10 02:17:09.896 951 2892 I WifiHAL : send oem msg of len : 148 to apps
04-10 02:17:09.896 1439 2958 D LOWI-9.0.0.87.a: [LOWI-ROME-RTT] RomeWaitOnActivityOnSocketOrPipe: timed select over: TO: 5 retVal: 1
04-10 02:17:09.898 1439 2958 D LOWI-9.0.0.87.a: [LOWI-ROME-RTT] event_handler: Valid data with length 116
04-10 02:17:09.898 1439 2958 D LOWI-9.0.0.87.a: [LOWI-HELIUM-RTT] RomeNLRecvMessage: The Received RomeMsgType: ROME_OEM_CAP_MSG
04-10 02:17:09.898 1439 2958 D LOWI-9.0.0.87.a: [LOWIRangingFSM] FSM: Received Event EVENT_OEM_CAP_INFO, Current state: STATE_WAITING_OEM_CAP
04-10 02:17:09.898 1439 2958 D LOWI-9.0.0.87.a: [LOWI-ROME-RTT] RomeExtractOemCapabilities: oem_target_signature(QUALCOMM) oem_target_type(23)oem_fw_version(270140705) driver_version(0xa120205)
04-10 02:17:09.898 1439 2958 D LOWI-9.0.0.87.a: [LOWI-ROME-RTT] allowed_dwell_time_min(20) allowed_dwell_time_max(40)curr_dwell_time_min(0) curr_dwell_time_max(0)supported_bands(3) num_channels(0)
04-10 02:17:09.899 951 2892 I WifiHAL : send_nl_data: sent cld80211 msg of len: 32 to driver
04-10 02:17:09.899 1439 2958 D LOWI-9.0.0.87.a: [LOWI-ROME-RTT] send_oem_nl_msg: sent cld80211 message with subcmd: 4
04-10 02:17:09.899 1439 2958 D LOWI-9.0.0.87.a: [LOWIRangingFSM] FSM: New FSM state: STATE_WAITING_FOR_WIPHY_INFO
04-10 02:17:09.899 1439 2958 D LOWI-9.0.0.87.a: [LOWI-ROME-RTT] RomeWaitOnActivityOnSocketOrPipe: issue timed select: TO: 5
04-10 02:17:09.899 951 2892 I WifiHAL : send oem msg of len : 1608 to apps
04-10 02:17:09.899 1439 2958 D LOWI-9.0.0.87.a: [LOWI-ROME-RTT] RomeWaitOnActivityOnSocketOrPipe: timed select over: TO: 5 retVal: 1
04-10 02:17:09.899 1439 2958 D LOWI-9.0.0.87.a: [LOWI-ROME-RTT] event_handler: Valid data with length 1576
04-10 02:17:09.899 1439 2958 D LOWI-9.0.0.87.a: [LOWI-HELIUM-RTT] RomeNLRecvMessage: The Received RomeMsgType: ROME_CHANNEL_INFO_MSG
04-10 02:17:09.899 1439 2958 D LOWI-9.0.0.87.a: [LOWIRangingFSM] FSM: Received Event EVENT_CHANNEL_INFO, Current state: STATE_WAITING_FOR_WIPHY_INFO
04-10 02:17:09.899 1439 2958 I LOWI-9.0.0.87.a: [LOWI-ROME-RTT] ExtractNLChannelInfo: NumChan = 26
04-10 02:17:09.899 951 2892 I WifiHAL : send_nl_data: sent cld80211 msg of len: 64 to driver
04-10 02:17:09.900 1439 2958 D LOWI-9.0.0.87.a: [LOWI-ROME-RTT] send_oem_nl_msg: sent cld80211 message with subcmd: 5
04-10 02:17:09.900 1439 2958 D LOWI-9.0.0.87.a: [LOWIRangingFSM] FSM: New FSM state: STATE_WAITING_FOR_RANGING_CAP
04-10 02:17:09.900 1439 2958 D LOWI-9.0.0.87.a: [LOWI-ROME-RTT] RomeWaitOnActivityOnSocketOrPipe: issue timed select: TO: 5
04-10 02:17:09.901 1448 1448 I update_engine: [INFO:cleanup_previous_update_action.cc(130)] Stopping/suspending/completing CleanupPreviousUpdateAction
04-10 02:17:09.907 1015 1919 D WifiDiags: startLogging() iface list is {wlan0} after adding wlan0
04-10 02:17:09.909 1448 1448 I update_engine: [INFO:cleanup_previous_update_action.cc(469)] Not reporting merge stats because state is None
04-10 02:17:09.919 1448 1448 I update_engine: [INFO:cleanup_previous_update_action.cc(130)] Stopping/suspending/completing CleanupPreviousUpdateAction
01-01 08:59:52.733 0 0 I init : qssi copy & sync /metadata/vold/metadata_encryption/key/stretching to /persist/key/stretching_bak: No such file or directory
04-10 02:17:09.924 1448 1448 I update_engine: [INFO:action_processor.cc(116)] ActionProcessor: finished last action CleanupPreviousUpdateAction with code ErrorCode::kSuccess
04-10 02:17:09.924 2927 2927 I Perf : Connecting to perf service.
04-10 02:17:09.927 1015 1919 I WifiClientModeImpl: Get factory mac address: c8:d9:d2:06:d8:33
04-10 02:17:09.928 1015 1919 I WifiClientModeImpl: Factory MAC address retrieved and stored in config store: c8:d9:d2:06:d8:33
04-10 02:17:09.931 2927 2927 V GraphicsEnvironment: ANGLE Developer option for 'com.qualcomm.location' set to: 'default'
04-10 02:17:09.931 2927 2927 V GraphicsEnvironment: ANGLE GameManagerService for com.qualcomm.location: false
04-10 02:17:09.940 2927 2927 D NetworkSecurityConfig: No Network Security Config specified, using platform default
04-10 02:17:09.940 2927 2927 D NetworkSecurityConfig: No Network Security Config specified, using platform default
04-10 02:17:09.942 505 505 I hwservicemanager: Since vendor.qti.hardware.iop@2.0::IIop/default is not registered, trying to start it as a lazy HAL.
04-10 02:17:09.943 1325 1325 E ANDR-IOP: IIop:: Iop HAL Service is not available.
04-10 02:17:09.945 1448 1448 I update_engine: [INFO:update_attempter_android.cc(546)] Processing Done.
01-01 08:59:52.758 0 0 I init : qssi copy & sync /metadata/vold/metadata_encryption/key/version to /persist/key/version_bak: No such file or directory
04-10 02:17:09.949 1448 1448 I update_engine: [INFO:update_attempter_android.cc(694)] Terminating cleanup previous update.
04-10 02:17:09.955 505 2960 W libc : Unable to set property "ctl.interface_start" to "vendor.qti.hardware.iop@2.0::IIop/default": error code: 0x20
04-10 02:17:09.955 505 2960 I hwservicemanager: Tried to start vendor.qti.hardware.iop@2.0::IIop/default as a lazy service, but was unable to. Usually this happens when a service is not installed, but if the service is intended to be used as a lazy service, then it may be configured incorrectly.
04-10 02:17:09.959 1015 2898 D CompatibilityInfo: mCompatibilityFlags - 4
04-10 02:17:09.959 1015 2898 D CompatibilityInfo: applicationDensity - 240
04-10 02:17:09.959 1015 2898 D CompatibilityInfo: applicationScale - 1.0
04-10 02:17:09.965 1015 2898 D CompatibilityInfo: mCompatibilityFlags - 4
04-10 02:17:09.965 1015 2898 D CompatibilityInfo: applicationDensity - 240
04-10 02:17:09.965 1015 2898 D CompatibilityInfo: applicationScale - 1.0
04-10 02:17:09.970 2597 2731 D MCUUpdate: onStatusUpdate 0, Percent 0.00
04-10 02:17:09.972 2597 2731 D MCUUpdate: onPayloadApplicationComplete 0
04-10 02:17:09.972 1015 2898 D CompatibilityInfo: mCompatibilityFlags - 4
04-10 02:17:09.972 1015 2898 D CompatibilityInfo: applicationDensity - 240
04-10 02:17:09.972 1015 2898 D CompatibilityInfo: applicationScale - 1.0
04-10 02:17:09.974 2828 2828 I QCCAuthMgr: BootReceiver - onReceive
04-10 02:17:09.975 2828 2828 I QCCAuthMgr: android.intent.action.LOCKED_BOOT_COMPLETED intent received
04-10 02:17:09.976 2828 2828 D QCCAuthMgr: SMQContentProvider query uri: content://com.qti.smq.Feedback.provider/smq_settings, selection: key=?, uri_matcher: 1
04-10 02:17:09.976 2828 2828 D QCCAuthMgr: SMQContentProvider query tableName: smq_settings
04-10 02:17:09.976 2828 2828 I QCCAuthMgr: BootReceiver - db is not initial
04-10 02:17:09.978 1015 2898 D CompatibilityInfo: mCompatibilityFlags - 4
04-10 02:17:09.979 1015 2898 D CompatibilityInfo: applicationDensity - 240
04-10 02:17:09.979 1015 2898 D CompatibilityInfo: applicationScale - 1.0
04-10 02:17:09.987 2630 2630 I QCC:QDMAEmbargoesList: checkEmbargoesListFile
04-10 02:17:09.996 2630 2630 I QCC:QDMAEmbargoesList: QDMAEmbargoesIsDeviceInRegulatedArea regulated:false
04-10 02:17:09.996 2630 2630 I QCC:OptInOutHandler: getAppStatusOptInOut
04-10 02:17:09.999 2828 2846 D QCCAuthMgr: SMQContentProvider query uri: content://com.qti.smq.Feedback.provider/smq_settings, selection: key=?, uri_matcher: 1
04-10 02:17:09.999 2828 2846 D QCCAuthMgr: SMQContentProvider query tableName: smq_settings
04-10 02:17:10.001 2927 2967 D LocIDLClientBase: try to get LOCAIDL service
04-10 02:17:10.002 504 504 E servicemanager: Could not find vendor.qti.gnss.ILocAidlGnss/default in the VINTF manifest.
04-10 02:17:10.003 2927 2967 D LocIDLClientBase: LOCAIDL service not available
04-10 02:17:10.003 2927 2967 D LocIDLClientBase: try to get 4.1 service
04-10 02:17:10.003 2630 2630 I QCC:OptInOutHandler: getAppStatusOptInOut, ret = false
04-10 02:17:10.007 2961 2961 I bootstat: Service started: /system/bin/bootstat --record_boot_complete --record_boot_reason --record_time_since_factory_reset -l
04-10 02:17:10.007 2630 2630 I QCC:OperationMode: readOpMode operationMode: 1
04-10 02:17:10.008 2961 2961 E bootstat: Failed to read /data/misc/bootstat/post_decrypt_time_elapsed: No such file or directory
04-10 02:17:10.008 2961 2961 E bootstat: Failed to parse boot time record: /data/misc/bootstat/post_decrypt_time_elapsed
04-10 02:17:10.008 2927 2967 D hw-ProcessState: Binder ioctl to enable oneway spam detection failed: Invalid argument
04-10 02:17:10.009 2630 2630 E QCC:OperationMode: isQDMAUIInstalled - non exist: android.content.pm.PackageManager$NameNotFoundException: com.qualcomm.qti.smq
04-10 02:17:10.009 2630 2630 I QCC:OperationMode: isQDMAUIInstalled : false
04-10 02:17:10.009 2630 2630 I QCC:Collector: calling forceDisableQdmaStatsD
04-10 02:17:10.009 2630 2630 I QCC:Collector: calling forceDisabledAllCollectors
01-01 08:59:52.819 0 0 I binder : 2927:2967 ioctl 40046210 70b401e934 returned -22
04-10 02:17:10.010 2630 2630 I QCC:Collector: deleteDir: /data/misc/qdma/down/1 already disabled
04-10 02:17:10.011 505 505 I hwservicemanager: getTransport: Cannot find entry vendor.qti.gnss@4.1::ILocHidlGnss/gnss_vendor in either framework or device VINTF manifest.
04-10 02:17:10.014 2927 2967 D LocIDLClientBase: NoSuchElementException: java.util.NoSuchElementException
04-10 02:17:10.014 2927 2967 D LocIDLClientBase: try to get 4.0 service
04-10 02:17:10.015 2630 2630 I QCC:OmaDMNative: qcc_hidl_update_vendor_dropbox(), path=/data/misc/qdma/down/1 isEnabled=0
04-10 02:17:10.016 978 978 D QCC:qccvndhal: /data/vendor/qdma/down/1 is null
04-10 02:17:10.016 2630 2630 I QCC:OmaDMNative: qcc_hidl_update_vendor_dropbox() res=0
04-10 02:17:10.016 2630 2630 I QCC:Collector: deleteDir: /data/misc/qdma/down/3 already disabled
04-10 02:17:10.020 2927 2967 I android_os_HwBinder: HwBinder: Starting thread pool for getting: vendor.qti.gnss@4.0::ILocHidlGnss/gnss_vendor
04-10 02:17:10.024 2927 2927 E RilInfoMonitorAidlClient: ILocAidlGnss handle is null
04-10 02:17:10.025 933 933 V LocSvc_HIDL_HidlGnss: [getExtensionLocHidlIzatSubscription_1_1][395] [HS] <<<<= [HC]
04-10 02:17:10.025 2630 2630 I QCC:OmaDMNative: qcc_hidl_update_vendor_dropbox(), path=/data/misc/qdma/down/3 isEnabled=0
04-10 02:17:10.026 978 978 D QCC:qccvndhal: /data/vendor/qdma/down/3 is null
04-10 02:17:10.026 2630 2630 I QCC:OmaDMNative: qcc_hidl_update_vendor_dropbox() res=0
04-10 02:17:10.027 2630 2630 I QCC:Collector: deleteDir: /data/misc/qdma/down/1500 already disabled
04-10 02:17:10.028 2927 2927 D RilInfoMonitor: ILocHidlGnss.getService(), service = vendor.qti.gnss@4.0::ILocHidlGnss@Proxy
04-10 02:17:10.028 933 933 V LocSvc_HIDL_HidlGnss: [getExtensionLocHidlRilInfoMonitor][306] [HS] <<<<= [HC]
04-10 02:17:10.034 2927 2927 D RilInfoMonitor: getRilInfoMonitorIface, mRilInfoMonitor=vendor.qti.gnss@1.1::ILocHidlRilInfoMonitor@Proxy
04-10 02:17:10.034 2630 2630 I QCC:OmaDMNative: qcc_hidl_update_vendor_dropbox(), path=/data/misc/qdma/down/1500 isEnabled=0
04-10 02:17:10.034 978 978 D QCC:qccvndhal: /data/vendor/qdma/down/1500 is null
04-10 02:17:10.034 2630 2630 I QCC:OmaDMNative: qcc_hidl_update_vendor_dropbox() res=0
04-10 02:17:10.035 2630 2630 I QCC:Collector: deleteDir: /data/misc/qdma/down/1504 already disabled
04-10 02:17:10.035 2961 2961 W bootstat: LogBootEvents, atomInfo not defined for events:last_boot_time_utc,build_date,ro.boottime.init.cold_boot_wait,boot_reason,system_boot_reason,time_since_last_boot
04-10 02:17:10.036 933 933 V LocSvc_HIDL_RilInfoMonitor: [init][18] [HS] <<<<= [HC]
04-10 02:17:10.036 2927 2927 D RilInfoMonitor: RilInfoMonitorHidlClient hidl init
04-10 02:17:10.041 1015 2898 D DisplayPowerController[0]: requestPowerState: policy=BRIGHT, useProximitySensor=false, screenBrightnessOverride=NaN, useAutoBrightness=true, screenAutoBrightnessAdjustmentOverride=NaN, screenLowPowerBrightnessFactor=1.0, blockScreenOn=false, lowPowerMode=false, boostScreenBrightness=false, dozeScreenBrightness=NaN, dozeScreenState=UNKNOWN, waitForNegativeProximity=false
04-10 02:17:10.042 1015 2898 D PowerManagerNotifier: onScreenPolicyUpdate: newPolicy=3
04-10 02:17:10.042 1015 2898 D PowerManagerNotifier: onWakeLockAcquired: flags=1, tag="LocationService", packageName=com.qualcomm.location, ownerUid=10072, ownerPid=2927, workSource=null
04-10 02:17:10.043 2630 2630 I QCC:OmaDMNative: qcc_hidl_update_vendor_dropbox(), path=/data/misc/qdma/down/1504 isEnabled=0
04-10 02:17:10.043 933 933 V LocSvc_HIDL_IzatSubscription: [init][171] [HS] <<<<= [HC]
04-10 02:17:10.043 933 933 V LocSvc_HIDL_IzatSubscription: [updateSubscribe][58] [HS] =>>>> [HC]
04-10 02:17:10.044 978 978 D QCC:qccvndhal: /data/vendor/qdma/down/1504 is null
04-10 02:17:10.044 2630 2630 I QCC:OmaDMNative: qcc_hidl_update_vendor_dropbox() res=0
04-10 02:17:10.045 2630 2630 I QCC:Collector: deleteDir: /data/misc/qdma/down/6 already disabled
04-10 02:17:10.047 2924 2936 I adbd : jdwp connection from 1015
04-10 02:17:10.048 2924 2936 I adbd : jdwp connection from 2062
04-10 02:17:10.053 2924 2936 I adbd : jdwp connection from 2630
04-10 02:17:10.054 2924 2936 I adbd : jdwp connection from 2572
04-10 02:17:10.054 2924 2936 I adbd : jdwp connection from 2597
04-10 02:17:10.059 2924 2936 I adbd : jdwp connection from 2444
04-10 02:17:10.059 2924 2936 I adbd : jdwp connection from 2411
04-10 02:17:10.059 2630 2630 I QCC:OmaDMNative: qcc_hidl_update_vendor_dropbox(), path=/data/misc/qdma/down/6 isEnabled=0
04-10 02:17:10.059 2924 2936 I adbd : jdwp connection from 2372
04-10 02:17:10.059 978 978 D QCC:qccvndhal: /data/vendor/qdma/down/6 is null
04-10 02:17:10.060 2630 2630 I QCC:OmaDMNative: qcc_hidl_update_vendor_dropbox() res=0
04-10 02:17:10.060 2924 2936 I adbd : jdwp connection from 2520
04-10 02:17:10.060 2630 2630 I QCC:Collector: deleteDir: /data/misc/qdma/down/51 already disabled
04-10 02:17:10.060 2924 2936 I adbd : jdwp connection from 2323
04-10 02:17:10.061 2924 2936 I adbd : jdwp connection from 2529
04-10 02:17:10.061 2924 2936 I adbd : jdwp connection from 2733
04-10 02:17:10.062 2924 2936 I adbd : jdwp connection from 2080
04-10 02:17:10.062 2927 2964 D OsAgent : [updateSubscribe][2914] [HC] <<= [HS]
04-10 02:17:10.062 2924 2936 I adbd : jdwp connection from 2340
04-10 02:17:10.062 2924 2936 I adbd : jdwp connection from 2302
04-10 02:17:10.063 933 933 V LocSvc_HIDL_IzatSubscription: [requestData][88] [HS] =>>>> [HC]
04-10 02:17:10.064 2924 2936 I adbd : jdwp connection from 2675
04-10 02:17:10.064 2927 2964 D OsAgent : [requestData][2904] [HC] <<= [HS]
04-10 02:17:10.064 2924 2936 I adbd : jdwp connection from 2579
04-10 02:17:10.064 933 933 V LocSvc_HIDL_IzatSubscription: [updateSubscribe][58] [HS] =>>>> [HC]
04-10 02:17:10.064 2630 2630 I QCC:OmaDMNative: qcc_hidl_update_vendor_dropbox(), path=/data/misc/qdma/down/51 isEnabled=0
04-10 02:17:10.065 2927 2964 D OsAgent : [updateSubscribe][2914] [HC] <<= [HS]
04-10 02:17:10.065 978 978 D QCC:qccvndhal: /data/vendor/qdma/down/51 is null
04-10 02:17:10.066 2924 2936 I adbd : jdwp connection from 2298
04-10 02:17:10.067 2924 2936 I adbd : jdwp connection from 2473
04-10 02:17:10.067 2924 2936 I adbd : jdwp connection from 2828
04-10 02:17:10.067 2924 2936 I adbd : jdwp connection from 2701
04-10 02:17:10.067 2924 2936 I adbd : jdwp connection from 2615
04-10 02:17:10.068 2924 2936 I adbd : jdwp connection from 2709
04-10 02:17:10.068 2924 2936 I adbd : jdwp connection from 2229
04-10 02:17:10.072 2630 2630 I QCC:OmaDMNative: qcc_hidl_update_vendor_dropbox() res=0
04-10 02:17:10.073 2630 2630 I QCC:Collector: deleteDir: /data/misc/qdma/down/102 already disabled
04-10 02:17:10.073 2630 2630 I QCC:Collector: deleteDir: /data/misc/qdma/down/104 already disabled
04-10 02:17:10.074 2630 2630 I QCC:Collector: deleteDir: /data/misc/qdma/down/1501 already disabled
04-10 02:17:10.077 2630 2630 I QCC:OmaDMNative: qcc_hidl_update_vendor_dropbox(), path=/data/misc/qdma/down/1501 isEnabled=0
04-10 02:17:10.077 978 978 D QCC:qccvndhal: /data/vendor/qdma/down/1501 is null
04-10 02:17:10.077 2630 2630 I QCC:OmaDMNative: qcc_hidl_update_vendor_dropbox() res=0
04-10 02:17:10.078 2630 2630 I QCC:Collector: deleteDir: /data/misc/qdma/down/1502 already disabled
04-10 02:17:10.089 2927 2964 D CompatibilityChangeReporter: Compat change id reported: 147600208; UID 10072; state: ENABLED
01-01 08:59:52.900 0 0 I [schedu][0x425c3bf2][02:17:10.089312] wlan: [2631:I:OSIF] scan start scan id 40961
04-10 02:17:10.091 1015 2898 I LocationAccessPolicy: com.qualcomm.location is aware of fine but the app-ops permission is specifically denied.
04-10 02:17:10.095 2630 2630 I QCC:OmaDMNative: qcc_hidl_update_vendor_dropbox(), path=/data/misc/qdma/down/1502 isEnabled=0
04-10 02:17:10.096 978 978 D QCC:qccvndhal: /data/vendor/qdma/down/1502 is null
04-10 02:17:10.096 2927 2964 D RilInfoMonitor: handleMessage what - 601
04-10 02:17:10.096 2927 2964 D RilInfoMonitor: SGLTE with ES SUPL
04-10 02:17:10.096 2630 2630 I QCC:OmaDMNative: qcc_hidl_update_vendor_dropbox() res=0
04-10 02:17:10.096 2927 2964 D RilInfoMonitor: [init][321] [HC] =>> [HS]
04-10 02:17:10.098 2630 2630 I QCC:Collector: deleteDir: /data/misc/qdma/down/1503 already disabled
04-10 02:17:10.098 933 933 V LocSvc_HIDL_RilInfoMonitor: [init][18] [HS] <<<<= [HC]
04-10 02:17:10.100 2927 2964 D LocSvc_java: [init][993] [HC] =>> [HS]
04-10 02:17:10.102 933 933 V LocSvc_HIDL_HidlGnss: [getExtensionLocHidlGnssNi][282] [HS] <<<<= [HC]
04-10 02:17:10.103 2630 2630 I QCC:OmaDMNative: qcc_hidl_update_vendor_dropbox(), path=/data/misc/qdma/down/1503 isEnabled=0
04-10 02:17:10.103 978 978 D QCC:qccvndhal: /data/vendor/qdma/down/1503 is null
04-10 02:17:10.104 2630 2630 I QCC:OmaDMNative: qcc_hidl_update_vendor_dropbox() res=0
04-10 02:17:10.104 2630 2630 I QCC:OperationMode: bQDMAUIEnabled : false
04-10 02:17:10.105 2927 2964 D LocSvc_java: getGnssNiIface, sGnssNi=vendor.qti.gnss@1.1::ILocHidlGnssNi@Proxy
04-10 02:17:10.105 933 933 V LocSvc_HIDL_HidlGnss: [getExtensionLocHidlAGnss_2_1][438] [HS] <<<<= [HC]
04-10 02:17:10.109 2927 2964 D LocSvc_java: getAGnssIface with instanceOf, sAGnss_2_1=vendor.qti.gnss@2.1::ILocHidlAGnss@Proxy
04-10 02:17:10.110 933 933 V LocSvc_HIDL_GnssNi: [setVendorCallback][36] [HS] <<<<= [HC]
04-10 02:17:10.113 933 933 V LocSvc_HIDL_HidlAGnss: [setCallbackExt][328] [HS] <<<<= [HC]
04-10 02:17:10.113 933 933 D LocSvc_HIDL_HidlAGnss: getGnssInterface]: loading libgnss.so::getGnssInterface ...
04-10 02:17:10.113 2630 2630 I QCC:OperationMode: prepareProvisioned nProvisioned = 1
04-10 02:17:10.114 2630 2630 I QCC:OperationMode: readOpMode operationMode: 1
04-10 02:17:10.114 2630 2630 I QCC:OperationMode: DEVICE_PROVISIONED done or need to opmode as 3
04-10 02:17:10.115 1015 2898 D PowerManagerNotifier: onWakeLockReleased: flags=1, tag="LocationService", packageName=com.qualcomm.location, ownerUid=10072, ownerPid=2927, workSource=null
04-10 02:17:10.115 1015 2898 D DisplayPowerController[0]: requestPowerState: policy=BRIGHT, useProximitySensor=false, screenBrightnessOverride=NaN, useAutoBrightness=true, screenAutoBrightnessAdjustmentOverride=NaN, screenLowPowerBrightnessFactor=1.0, blockScreenOn=false, lowPowerMode=false, boostScreenBrightness=false, dozeScreenBrightness=NaN, dozeScreenState=UNKNOWN, waitForNegativeProximity=false
04-10 02:17:10.115 1015 2898 D PowerManagerNotifier: onScreenPolicyUpdate: newPolicy=3
04-10 02:17:10.116 2927 2964 D GeocoderService: handleMessage what - 700
04-10 02:17:10.116 2927 2964 D GeocoderService: GeocoderProxy init
04-10 02:17:10.116 2630 2630 W ContextImpl: Calling a method in the system process without a qualified user: android.app.ContextImpl.startService:1816 android.content.ContextWrapper.startService:774 android.content.ContextWrapper.startService:774 com.qualcomm.qti.qdma.app.BootReceiver.onBootReceived:115 com.qualcomm.qti.innodme.InnoBootReceiver.onReceive:22
04-10 02:17:10.118 1015 2172 D TelephonyRegistry: listen oscl: mHasNotifySubscriptionInfoChangedOccurred==false no callback
04-10 02:17:10.119 951 2892 I WifiHAL : send oem msg of len : 112 to apps
04-10 02:17:10.120 1439 2958 D LOWI-9.0.0.87.a: [LOWI-ROME-RTT] RomeWaitOnActivityOnSocketOrPipe: timed select over: TO: 5 retVal: 1
04-10 02:17:10.120 1439 2958 D LOWI-9.0.0.87.a: [LOWI-ROME-RTT] event_handler: Valid data with length 80
04-10 02:17:10.120 1439 2958 D LOWI-9.0.0.87.a: [LOWI-HELIUM-RTT] storeNLFragment: new fragment group, tokenid(2), adding 72 chars @position 0
04-10 02:17:10.120 1439 2958 D LOWI-9.0.0.87.a: [LOWI-HELIUM-RTT] RomeNLRecvMessage: The Received OEMSubType: RTT_MSG_SUBTYPE_CAPABILITY_RSP
04-10 02:17:10.120 1439 2958 D LOWI-9.0.0.87.a: [LOWI-HELIUM-RTT] RomeNLRecvMessage: The Received RomeMsgType: ROME_RANGING_CAP_MSG
04-10 02:17:10.120 1439 2958 D LOWI-9.0.0.87.a: [LOWIRangingFSM] FSM: Received Event EVENT_RANGING_CAP_INFO, Current state: STATE_WAITING_FOR_RANGING_CAP
04-10 02:17:10.120 1439 2958 D LOWI-9.0.0.87.a: [LOWIWifiTlvHandler] processRspHeadTlv: reqId(1) measDone(1) rttStatus(RTT_STATUS_SUCCESS) subtype(RTT_MSG_SUBTYPE_CAPABILITY_RSP) isFrag(0) fragIdx(0) fragLen(0) tknId(0)
04-10 02:17:10.120 1439 2958 D LOWI-9.0.0.87.a: [LOWIWifiTlvHandler] checkTlvTag: Processing idx(0) received TLV: wmi_rtt_oem_rsp_head
04-10 02:17:10.120 1439 2958 D LOWI-9.0.0.87.a: [LOWIWifiTlvHandler] processIfPeerEvtHdrTag: Invalid Tag(33), not added to vector mPeerIdx(0)
04-10 02:17:10.120 1439 2958 D LOWI-9.0.0.87.a: [LOWIWifiTlvHandler] processIfPerFrmInfoTag: Invalid Tag(33) measurement not added for peer(0)
04-10 02:17:10.121 1439 2958 D LOWI-9.0.0.87.a: [LOWIWifiTlvHandler] checkTlvTag: Processing idx(1) received TLV: wmi_rtt_oem_cap_rsp_head
04-10 02:17:10.121 1439 2958 D LOWI-9.0.0.87.a: [LOWIWifiTlvHandler] processIfPeerEvtHdrTag: Invalid Tag(35), not added to vector mPeerIdx(0)
04-10 02:17:10.121 1439 2958 D LOWI-9.0.0.87.a: [LOWIWifiTlvHandler] processIfPerFrmInfoTag: Invalid Tag(35) measurement not added for peer(0)
04-10 02:17:10.121 1439 2958 D LOWI-9.0.0.87.a: [LOWIWifiTlvHandler] checkTlvTag: Processing idx(2) received TLV: wmi_rtt_oem_cap_rsp_event
04-10 02:17:10.121 1439 2958 D LOWI-9.0.0.87.a: [LOWIWifiTlvHandler] processIfPeerEvtHdrTag: Invalid Tag(36), not added to vector mPeerIdx(0)
04-10 02:17:10.121 1439 2958 D LOWI-9.0.0.87.a: [LOWIWifiTlvHandler] processIfPerFrmInfoTag: Invalid Tag(36) measurement not added for peer(0)
04-10 02:17:10.121 1439 2958 D LOWI-9.0.0.87.a: [LOWIWifiTlvHandler] printBssidInfo: No peer info from processing TLVs
04-10 02:17:10.121 1439 2958 D LOWI-9.0.0.87.a: [LOWI-HELIUM-RTT] parseRttCapabilitiesMsg: Skipping wmi_rtt_oem_rsp_head
04-10 02:17:10.121 1439 2958 D LOWI-9.0.0.87.a: [LOWI-HELIUM-RTT] parseRttCapabilitiesMsg: parsing wmi_rtt_oem_cap_rsp_head TLVversion(0x3) major(0x0) minor(0x10001) serviceBitMask[0](0x0) serviceBitMask[1](0x0) serviceBitMask[2](0x0) serviceBitMask[3](0x0)
04-10 02:17:10.121 1439 2958 D LOWI-9.0.0.87.a: [LOWI-HELIUM-RTT] parseRttCapabilitiesMsg: parsing wmi_rtt_oem_cap_rsp_event TLVrangingTypeMask(5) supportedFramesMask(11) maxDestPerReq(10) maxMeasPerDest(31) maxChannelsAllowed(1) maxBwAllowed(2) preambleSupportedMask(7) reportTypeSupportedMask(15) maxRfChains(3) facTypeMask(2) numPhys(1) fwMultiBurstSupport(1)
04-10 02:17:10.121 1439 2958 D LOWI-9.0.0.87.a: [LOWIRangingFSM] FSM: New FSM state: STATE_READY_AND_IDLE
04-10 02:17:10.121 1439 2958 D LOWI-9.0.0.87.a: [LOWI-ROME-RTT] RomeWaitOnActivityOnSocketOrPipe: issue blocking select
04-10 02:17:10.122 675 748 I netd : interfaceGetCfg(wlan0) -> {InterfaceConfigurationParcel{ifName: wlan0, hwAddr: 6a:23:31:2f:69:38, ipv4Addr: 0.0.0.0, prefixLength: 0, flags: [up, broadcast, multicast]}} <0.68ms>
04-10 02:17:10.124 675 748 I netd : interfaceGetCfg(wlan0) -> {InterfaceConfigurationParcel{ifName: wlan0, hwAddr: 6a:23:31:2f:69:38, ipv4Addr: 0.0.0.0, prefixLength: 0, flags: [up, broadcast, multicast]}} <0.25ms>
04-10 02:17:10.126 2062 2062 D BluetoothAdapterService: Soft AP is on band: 1
04-10 02:17:10.126 1015 2898 D CompatibilityInfo: mCompatibilityFlags - 4
04-10 02:17:10.126 1015 2898 D CompatibilityInfo: applicationDensity - 240
04-10 02:17:10.126 1015 2898 D CompatibilityInfo: applicationScale - 1.0
04-10 02:17:10.128 2927 2964 D OsAgent : [string_dataitem_update][2980] [HC] =>> [HS]
04-10 02:17:10.128 933 933 V LocSvc_HIDL_IzatSubscription: [stringDataItemUpdate][283] [HS] <<<<= [HC]
04-10 02:17:10.128 1015 1919 D WifiActiveModeWarden: Switching all client mode managers
04-10 02:17:10.129 933 953 I LocSvc_SystemStatusOsObserver: DataItem: MCCMNC: - >> XtraSystemStatusObserver
04-10 02:17:10.131 2597 2597 V WifiManager: registerScanResultsCallback: callback=com.thundercomm.tcservice.debug.WifiDebugService$1@545c195, executor=com.thundercomm.tcservice.debug.WifiDebugService$$ExternalSyntheticLambda0@ded02aa
04-10 02:17:10.136 1015 1919 D WifiService: Handle boot completed
04-10 02:17:10.136 1015 2087 D CompatibilityInfo: mCompatibilityFlags - 4
04-10 02:17:10.137 1015 2087 D CompatibilityInfo: applicationDensity - 240
04-10 02:17:10.137 1015 2087 D CompatibilityInfo: applicationScale - 1.0
04-10 02:17:10.139 1015 1919 I WifiScoreCard: Installing MemoryStore
04-10 02:17:10.139 1015 1919 I WifiHealthMonitor: Installing MemoryStore
04-10 02:17:10.137 2630 2983 I QCC:ActiveCareService: onStartCommand :Intent: Intent { act=com.qualcomm.qti.qdma.DEVICE_BOOTED cmp=com.qualcomm.qti.qdma/.app.ActiveCareService }
04-10 02:17:10.143 2630 2983 I QCC:ApplicationManager: isItDMSessionRecovery, Invoked.?
04-10 02:17:10.144 2323 2323 D RCSService BC-Receiver: Boot Complete Event Received. Is IMS RCS Single Reg enabled0
04-10 02:17:10.144 2323 2323 D RCSService BC-Receiver: START RCS SERVICE ON BOOTUP
04-10 02:17:10.143 2630 2983 I QCC:ApplicationManager: isItDMSessionRecovery, return false.
04-10 02:17:10.145 1015 2148 D CompatibilityInfo: mCompatibilityFlags - 4
04-10 02:17:10.145 1015 2148 D CompatibilityInfo: applicationDensity - 240
04-10 02:17:10.145 1015 2148 D CompatibilityInfo: applicationScale - 1.0
04-10 02:17:10.145 2630 2983 I QCC:PeriodicCI: PeriodicCI.start()
04-10 02:17:10.146 2630 2983 I QCC:PeriodicCI: sw_ver is changed
04-10 02:17:10.147 2323 2323 I QRCSService: onCreate: Attempt to start service
04-10 02:17:10.147 2630 2983 I QCC:PeriodicCI: PeriodicCI.run() invoked, status=0, use wifi=false
04-10 02:17:10.148 2630 2983 I QCC:PeriodicCI: Starting Registration session...
04-10 02:17:10.148 1015 2087 I am_uid_running: 10084
04-10 02:17:10.149 2630 2983 W ContextImpl: Calling a method in the system process without a qualified user: android.app.ContextImpl.startService:1816 android.content.ContextWrapper.startService:774 com.qualcomm.qti.qdma.util.PeriodicCI.run:477 com.qualcomm.qti.qdma.util.PeriodicCI.start:390 com.qualcomm.qti.qdma.app.ActiveCareService$ProcessSessionRequest.run:457
04-10 02:17:10.149 1015 2087 D CompatibilityChangeReporter: Compat change id reported: 135634846; UID 10084; state: DISABLED
04-10 02:17:10.149 1015 2087 D CompatibilityChangeReporter: Compat change id reported: 177438394; UID 10084; state: DISABLED
04-10 02:17:10.149 1015 2087 D CompatibilityChangeReporter: Compat change id reported: 135772972; UID 10084; state: DISABLED
04-10 02:17:10.149 1015 2087 D CompatibilityChangeReporter: Compat change id reported: 135754954; UID 10084; state: ENABLED
04-10 02:17:10.150 1015 1192 D CompatibilityChangeReporter: Compat change id reported: 143937733; UID 10084; state: ENABLED
04-10 02:17:10.155 1015 1919 D WifiNetworkFactory: Registering NetworkFactory
04-10 02:17:10.155 1015 1919 D UntrustedWifiNetworkFactory: Registering NetworkFactory
04-10 02:17:10.155 1015 1919 D OemPaidWifiNetworkFactory: Registering NetworkFactory
04-10 02:17:10.156 1015 1919 E ApConfigUtil: Malformed channel value detected: java.lang.NumberFormatException: For input string: ""
04-10 02:17:10.156 1015 1946 D ConnectivityService: Got NetworkProvider Messenger for WifiNetworkFactory
04-10 02:17:10.156 1015 1946 D ConnectivityService: Got NetworkProvider Messenger for UntrustedWifiNetworkFactory
04-10 02:17:10.156 1015 1946 D ConnectivityService: Got NetworkProvider Messenger for OemPaidWifiNetworkFactory
04-10 02:17:10.158 1015 1919 E ApConfigUtil: Malformed channel value detected: java.lang.NumberFormatException: For input string: ""
04-10 02:17:10.160 2927 2964 E OsAgent : Wifi Scan Always Available: 0
04-10 02:17:10.161 2927 2964 D OsAgent : [bool_dataitem_update][2966] [HC] =>> [HS]
04-10 02:17:10.162 2323 2323 D CompatibilityChangeReporter: Compat change id reported: 147600208; UID 1001; state: ENABLED
04-10 02:17:10.164 933 933 V LocSvc_HIDL_IzatSubscription: [boolDataItemUpdate][223] [HS] <<<<= [HC]
04-10 02:17:10.164 2968 2968 E vota : [08d764f8]: [vota]: init: ..
04-10 02:17:10.165 933 933 I Xt_Adapter: setXtAdapterUserPref() pref 0
04-10 02:17:10.165 2968 2968 E vota : [08d764f8]: [vota]: [warning]: the java machine be not inited, please pass it to the tb_init function! at tb_android_init_env(): 43, src/vota/platform/android/android.c
04-10 02:17:10.168 933 953 I LocSvc_SystemStatusOsObserver: DataItem: IS_QUALCOMM_ENHANCED_PROVIDER_ENABLED: false >> ComboNetworkProvider
04-10 02:17:10.168 933 953 I LocSvc_SystemStatusOsObserver: DataItem: IS_WIFI_HARDWARE_ON: true >> Wiper
04-10 02:17:10.169 1015 2148 D CompatibilityChangeReporter: Compat change id reported: 182478738; UID 1001; state: DISABLED
04-10 02:17:10.169 2927 2964 D OsAgent : [string_dataitem_update][2980] [HC] =>> [HS]
04-10 02:17:10.169 2968 2968 E vota : [08d764f8]: [vota]: version: tbox_v1_6_7_202302251411_arm64-v8a_elf by Android (8481493, based on r416183c2) Clang 12.0.9 (https://android.googlesource.com/toolchain/llvm-project c935d99d7cf2016289302412d708641d52d2f7ee)
04-10 02:17:10.169 2968 2968 E vota : [08d764f8]: [vota]: init: ok
04-10 02:17:10.169 933 933 V LocSvc_HIDL_IzatSubscription: [stringDataItemUpdate][283] [HS] <<<<= [HC]
04-10 02:17:10.169 2968 2968 E vota : [08d764f8]: [vota]: [scheduler]: start ..
04-10 02:17:10.169 933 953 I LocSvc_SystemStatusOsObserver: DataItem: TAC: - >> XtraSystemStatusObserver
04-10 02:17:10.171 2630 2988 I QCC:ActiveCareService: onStartCommand :Intent: Intent { act=com.qualcomm.qti.qdma.PERIODIC_CLIENT_INITIATED_REGISTRATION cmp=com.qualcomm.qti.qdma/.app.ActiveCareService }
04-10 02:17:10.173 2630 2988 I QCC:QDMAEmbargoesList: updateEmbargoesRequest
04-10 02:17:10.173 2630 2988 I QCC:QDMAEmbargoesList: makeRequest
04-10 02:17:10.174 2968 2968 E vota : [08d764f8]: [vota]: [coroutine]: init 0x7107781158
04-10 02:17:10.174 2968 2968 E vota : [08d764f8]: [vota]: [scheduler]: start ok
04-10 02:17:10.174 2968 2968 E vota : [08d764f8]: [vota]: [scheduler]: switch to coroutine(0x7107781158) from coroutine(0x7107885ca0)
04-10 02:17:10.174 2968 2968 E vota : [08d764f8]: [vota]: [coroutine]: entry: 0x7107781158 stack: 0x71077811b8 - 0x71077c11b8 from coroutine(0x7107885ca0)
04-10 02:17:10.175 2968 2968 I hiphi_update_api: Hh_GetVersion calling ......
04-10 02:17:10.176 2968 2968 I hiphi_update_api: get version:01.00.X103_20230410_private_userdebug
04-10 02:17:10.176 2968 2968 I hiphi_update_api: Hh_GetVersion ret:0
04-10 02:17:10.180 2927 2964 D OsAgent : [timezone_change_update][3149] [HC] =>> [HS]
04-10 02:17:10.180 933 933 V LocSvc_HIDL_IzatSubscription: [timezoneChangeUpdate][624] [HS] <<<<= [HC]
04-10 02:17:10.180 933 953 I LocSvc_SystemStatusOsObserver: DataItem: IS_TIMEZONE_CHANGED: true >> Wiper
04-10 02:17:10.180 2630 2988 I QCC:QDMAEmbargoesList: existEmbargoesReq
04-10 02:17:10.181 2927 2964 D OsAgent : [time_change_update][3164] [HC] =>> [HS]
04-10 02:17:10.182 933 933 V LocSvc_HIDL_IzatSubscription: [timeChangeUpdate][645] [HS] <<<<= [HC]
04-10 02:17:10.182 933 953 I LocSvc_SystemStatusOsObserver: DataItem: IS_TIME_CHANGED: true >> Wiper
04-10 02:17:10.182 2323 2323 I QRCSService: onCreate: isSimInserted[false]
04-10 02:17:10.182 2323 2323 I QRCSService: onStartCommand- Call
04-10 02:17:10.187 2630 2988 I QCC:QDMAEmbargoesList: existEmbargoesReq entryFile: /data/misc/qdma/down/100/100-1.0-EmbargoesList.key.0.req
04-10 02:17:10.187 2630 2988 I QCC:QDMAEmbargoesList: existEmbargoesReq existed request: /data/misc/qdma/down/100/100-1.0-EmbargoesList.key.0.req
04-10 02:17:10.187 2630 2988 I QCC:QDMAEmbargoesList: existEmbargoesReq ret: true
04-10 02:17:10.187 2323 2989 I QRCSService: start service isHidlServiceUp[false], isSimInserted[false], mHidlService is [false]
04-10 02:17:10.187 2630 2988 I QCC:UploaderPolicy: updateUploadPolicyRequest
04-10 02:17:10.187 2323 2989 I QRCSService: Attempting to get HIDL-IUceService
04-10 02:17:10.187 2323 2989 D Aidl-shim UceServiceStub: getService start
04-10 02:17:10.188 2323 2989 D Aidl-shim UceServiceStub: Hal_2_3 bindToHal
04-10 02:17:10.188 2630 2988 E QCC:OperationMode: isQDMAUIInstalled - non exist: android.content.pm.PackageManager$NameNotFoundException: com.qualcomm.qti.smq
04-10 02:17:10.188 2630 2988 I QCC:OperationMode: isQDMAUIInstalled : false
04-10 02:17:10.188 2630 2988 I QCC:Collector: calling forceDisableQdmaStatsD
04-10 02:17:10.188 2630 2988 I QCC:Collector: calling forceDisabledAllCollectors
04-10 02:17:10.188 2630 2988 I QCC:Collector: deleteDir: /data/misc/qdma/down/1 already disabled
04-10 02:17:10.190 2927 2964 E OsAgent : Wifi Scan Always Available: 0
04-10 02:17:10.191 2927 2964 D OsAgent : [bool_dataitem_update][2966] [HC] =>> [HS]
04-10 02:17:10.191 933 933 V LocSvc_HIDL_IzatSubscription: [boolDataItemUpdate][223] [HS] <<<<= [HC]
04-10 02:17:10.196 1015 1919 D WifiConfigStore: Writing to stores completed in 12 ms.
04-10 02:17:10.198 1015 1015 W Looper : Slow dispatch took 543ms main h=android.app.ActivityThread$H c=android.app.LoadedApk$ReceiverDispatcher$Args$$ExternalSyntheticLambda0@cc328e2 m=0
04-10 02:17:10.199 1015 1015 D BiometricScheduler/Fingerprint21: [Finishing] {[0] FingerprintUpdateActiveUserClient, proto=1, owner=android, cookie=0, requestId=-1, userId=0}, success: true
04-10 02:17:10.199 1015 1015 D BiometricScheduler/Fingerprint21: [Polled] {[1] FingerprintUpdateActiveUserClient, proto=1, owner=android, cookie=0, requestId=-1, userId=0}, State: 0
04-10 02:17:10.199 1015 1015 D BiometricScheduler/Fingerprint21: [Starting] {[1] FingerprintUpdateActiveUserClient, proto=1, owner=android, cookie=0, requestId=-1, userId=0}, State: 0
04-10 02:17:10.199 1015 1015 D BiometricScheduler/Fingerprint21: [Started] {[1] FingerprintUpdateActiveUserClient, proto=1, owner=android, cookie=0, requestId=-1, userId=0}
04-10 02:17:10.200 1480 1480 I QFP : notifyPowerState: 2
04-10 02:17:10.200 1480 1480 I QFP : notifyPowerState: 2
04-10 02:17:10.200 1480 1480 I QFP : notifyPowerState: 2
04-10 02:17:10.200 1480 1480 I QFP : notifyPowerState: screen state 2
04-10 02:17:10.201 2323 2989 I android_os_HwBinder: HwBinder: Starting thread pool for getting: com.qualcomm.qti.uceservice@2.3::IUceService/com.qualcomm.qti.uceservice
04-10 02:17:10.202 2062 2062 D BluetoothVendorService: getPowerBackoff
04-10 02:17:10.202 2062 2062 D BluetoothVendorService: setPowerBackoff to: true
04-10 02:17:10.202 2062 2062 I BluetoothVendorJni: setPowerBackoffNative
04-10 02:17:10.202 2062 2062 I bt_btif_vendor: setPowerBackOffState :1
04-10 02:17:10.203 2062 2818 W bt_btm : btm_cb.is_power_backoff = 1
04-10 02:17:10.203 2062 2818 W bt_device_profile: max_radiated_power_fetch:profile 4
04-10 02:17:10.203 2062 2818 W bt_device_profile: max_radiated_power_fetch:profile 4
04-10 02:17:10.203 2062 2818 W bt_device_profile: max_radiated_power_fetch:profile 4
04-10 02:17:10.203 1480 2991 I QFP : Initializing QFP framework, container 0 handle 0
01-01 08:59:53.014 0 0 D qbt : qbt_open: entry minor_no=0 fd_available=1
04-10 02:17:10.203 675 748 I netd : interfaceGetCfg(wlan0) -> {InterfaceConfigurationParcel{ifName: wlan0, hwAddr: 6a:23:31:2f:69:38, ipv4Addr: 0.0.0.0, prefixLength: 0, flags: [up, broadcast, multicast]}} <0.25ms>
04-10 02:17:10.203 1480 2991 I QFP : getPersistPropVal: persist.vendor.qfp.qbt_fd_name = /dev/qbt_fd (default /dev/qbt_fd)
04-10 02:17:10.203 1480 2991 I QFP : getPersistPropVal: persist.vendor.qfp.qbt_ipc_name = /dev/qbt_ipc (default /dev/qbt_ipc)
04-10 02:17:10.204 1480 2991 E QFP : Dropping unsupported QBT command
04-10 02:17:10.204 675 748 I netd : interfaceGetCfg(wlan0) -> {InterfaceConfigurationParcel{ifName: wlan0, hwAddr: 6a:23:31:2f:69:38, ipv4Addr: 0.0.0.0, prefixLength: 0, flags: [up, broadcast, multicast]}} <0.21ms>
04-10 02:17:10.204 2927 2964 D OsAgent : [wifi_supplicant_status_update][3202] [HC] =>> [HS]
04-10 02:17:10.205 933 933 V LocSvc_HIDL_IzatSubscription: [wifiSupplicantStatusUpdate][682] [HS] <<<<= [HC]
04-10 02:17:10.205 675 748 I netd : interfaceGetCfg(wlan0) -> {InterfaceConfigurationParcel{ifName: wlan0, hwAddr: 6a:23:31:2f:69:38, ipv4Addr: 0.0.0.0, prefixLength: 0, flags: [up, broadcast, multicast]}} <0.23ms>
04-10 02:17:10.205 933 953 I LocSvc_SystemStatusOsObserver: DataItem: Attach state: 1, Mac address valid: false, AP MAC address: [00:00:00:00:00:00], Wifi-Ap SSID Valid: false, SSID: >> Wiper
04-10 02:17:10.205 2062 2062 D AvrcpBipRsp: action: android.bluetooth.adapter.action.STATE_CHANGED
04-10 02:17:10.205 2062 2062 D AvrcpBipRsp: state:12
04-10 02:17:10.205 2062 2246 D BluetoothActiveDeviceManager: handleMessage(MESSAGE_ADAPTER_ACTION_STATE_CHANGED): newState=12
04-10 02:17:10.206 675 748 I netd : interfaceGetCfg(wlan0) -> {InterfaceConfigurationParcel{ifName: wlan0, hwAddr: 6a:23:31:2f:69:38, ipv4Addr: 0.0.0.0, prefixLength: 0, flags: [up, broadcast, multicast]}} <0.28ms>
04-10 02:17:10.206 2062 2062 D BtOppService: action : android.bluetooth.adapter.action.STATE_CHANGED
04-10 02:17:10.205 2323 2989 I QRCSService: Received HIDL-UCEService :VERSION_2_3
04-10 02:17:10.206 2323 2989 D Aidl-shim UceServiceStub: RCSStartRCSService setHidlUceService
04-10 02:17:10.206 1015 1919 D WifiNetworkFactory: got request NetworkRequest [ REQUEST id=7, [ Capabilities: INTERNET&NOT_RESTRICTED&TRUSTED&NOT_VCN_MANAGED Uid: 1000 RequestorUid: 1000 RequestorPkg: android] ]
04-10 02:17:10.206 2927 2964 D OsAgent : [wifi_supplicant_status_update][3202] [HC] =>> [HS]
04-10 02:17:10.207 933 933 V LocSvc_HIDL_IzatSubscription: [wifiSupplicantStatusUpdate][682] [HS] <<<<= [HC]
04-10 02:17:10.207 933 953 I LocSvc_SystemStatusOsObserver: DataItem: Attach state: 0, Mac address valid: false, AP MAC address: [00:00:00:00:00:00], Wifi-Ap SSID Valid: false, SSID: >> Wiper
04-10 02:17:10.207 1015 1919 E WifiScoringParams: Invalid frequency(-1), using 5G as default rssi array
04-10 02:17:10.209 1015 1919 D WifiNetworkFactory: got request NetworkRequest [ REQUEST id=23, [ Capabilities: INTERNET&NOT_RESTRICTED&TRUSTED&NOT_VCN_MANAGED Uid: 10078 RequestorUid: 10078 RequestorPkg: com.android.systemui] ]
04-10 02:17:10.209 1015 1919 D WifiNetworkFactory: got request NetworkRequest [ REQUEST id=21, [ Capabilities: INTERNET&NOT_RESTRICTED&TRUSTED&NOT_VCN_MANAGED Uid: 10078 RequestorUid: 10078 RequestorPkg: com.android.systemui] ]
04-10 02:17:10.209 1015 1919 D WifiNetworkFactory: got request NetworkRequest [ REQUEST id=15, [ Capabilities: INTERNET&NOT_RESTRICTED&TRUSTED&NOT_VCN_MANAGED Uid: 1000 RequestorUid: 1000 RequestorPkg: android] ]
04-10 02:17:10.209 1015 1919 D WifiNetworkFactory: got request NetworkRequest [ REQUEST id=17, [ Capabilities: INTERNET&NOT_RESTRICTED&TRUSTED&NOT_VCN_MANAGED Uid: 1073 RequestorUid: 1073 RequestorPkg: com.android.networkstack] ]
04-10 02:17:10.209 1015 1919 D WifiNetworkFactory: got request NetworkRequest [ REQUEST id=1, [ Capabilities: INTERNET&NOT_RESTRICTED&TRUSTED&NOT_VPN&NOT_VCN_MANAGED RequestorUid: 1000 RequestorPkg: android] ]
04-10 02:17:10.210 1480 2991 D QSEECOMAPI: QSEECom_get_handle sb_length = 0x40000
04-10 02:17:10.212 2323 2989 I Aidl-shim UceServiceStub: ServiceStatus isRCSRegistered [true]
04-10 02:17:10.212 2323 2989 I QRCSService: startService: attempt BroadCast ServieUpIntent
04-10 02:17:10.214 2630 2982 I DrmHal : found instance=clearkey version=android.hardware.drm@1.3::IDrmFactory
04-10 02:17:10.214 2630 2982 I DrmHal : found instance=wfdhdcp version=android.hardware.drm@1.3::IDrmFactory
04-10 02:17:10.214 1015 1919 D UntrustedWifiNetworkFactory: got request NetworkRequest [ REQUEST id=7, [ Capabilities: INTERNET&NOT_RESTRICTED&TRUSTED&NOT_VCN_MANAGED Uid: 1000 RequestorUid: 1000 RequestorPkg: android] ]
04-10 02:17:10.214 1015 1919 D UntrustedWifiNetworkFactory: got request NetworkRequest [ REQUEST id=23, [ Capabilities: INTERNET&NOT_RESTRICTED&TRUSTED&NOT_VCN_MANAGED Uid: 10078 RequestorUid: 10078 RequestorPkg: com.android.systemui] ]
01-01 08:59:53.014 0 0 D qbt : qbt_open: exit : 0 fd_available=0
01-01 08:59:53.014 0 0 D qbt : qbt_open: entry minor_no=1 fd_available=0
01-01 08:59:53.014 0 0 D qbt : qbt_open: exit : 0 fd_available=0
01-01 08:59:53.015 0 0 D qbt : qbt_ioctl: cmd received 107
01-01 08:59:53.015 0 0 D qbt : qbt_ioctl: Acquiring wakelock
04-10 02:17:10.214 1015 1919 D UntrustedWifiNetworkFactory: got request NetworkRequest [ REQUEST id=21, [ Capabilities: INTERNET&NOT_RESTRICTED&TRUSTED&NOT_VCN_MANAGED Uid: 10078 RequestorUid: 10078 RequestorPkg: com.android.systemui] ]
04-10 02:17:10.215 1015 1919 D UntrustedWifiNetworkFactory: got request NetworkRequest [ REQUEST id=15, [ Capabilities: INTERNET&NOT_RESTRICTED&TRUSTED&NOT_VCN_MANAGED Uid: 1000 RequestorUid: 1000 RequestorPkg: android] ]
04-10 02:17:10.215 1015 1919 D UntrustedWifiNetworkFactory: got request NetworkRequest [ REQUEST id=17, [ Capabilities: INTERNET&NOT_RESTRICTED&TRUSTED&NOT_VCN_MANAGED Uid: 1073 RequestorUid: 1073 RequestorPkg: com.android.networkstack] ]
04-10 02:17:10.215 1015 1919 D UntrustedWifiNetworkFactory: got request NetworkRequest [ REQUEST id=1, [ Capabilities: INTERNET&NOT_RESTRICTED&TRUSTED&NOT_VPN&NOT_VCN_MANAGED RequestorUid: 1000 RequestorPkg: android] ]
04-10 02:17:10.215 1015 1919 D OemPaidWifiNetworkFactory: got request NetworkRequest [ REQUEST id=7, [ Capabilities: INTERNET&NOT_RESTRICTED&TRUSTED&NOT_VCN_MANAGED Uid: 1000 RequestorUid: 1000 RequestorPkg: android] ]
04-10 02:17:10.215 1331 1352 D HDCPManagerAdapter: getHDCPFactory get new Instance
01-01 08:59:53.071 0 0 W QSEECOM : qseecom_load_app: App (fingerpr) does'nt exist, loading apps for first time
04-10 02:17:10.215 1015 1919 D OemPaidWifiNetworkFactory: got request NetworkRequest [ REQUEST id=23, [ Capabilities: INTERNET&NOT_RESTRICTED&TRUSTED&NOT_VCN_MANAGED Uid: 10078 RequestorUid: 10078 RequestorPkg: com.android.systemui] ]
04-10 02:17:10.215 1015 1919 D OemPaidWifiNetworkFactory: got request NetworkRequest [ REQUEST id=21, [ Capabilities: INTERNET&NOT_RESTRICTED&TRUSTED&NOT_VCN_MANAGED Uid: 10078 RequestorUid: 10078 RequestorPkg: com.android.systemui] ]
04-10 02:17:10.215 1015 1919 D OemPaidWifiNetworkFactory: got request NetworkRequest [ REQUEST id=15, [ Capabilities: INTERNET&NOT_RESTRICTED&TRUSTED&NOT_VCN_MANAGED Uid: 1000 RequestorUid: 1000 RequestorPkg: android] ]
04-10 02:17:10.215 2630 2988 I QCC:OmaDMNative: qcc_hidl_update_vendor_dropbox(), path=/data/misc/qdma/down/1 isEnabled=0
04-10 02:17:10.215 1015 1919 D OemPaidWifiNetworkFactory: got request NetworkRequest [ REQUEST id=17, [ Capabilities: INTERNET&NOT_RESTRICTED&TRUSTED&NOT_VCN_MANAGED Uid: 1073 RequestorUid: 1073 RequestorPkg: com.android.networkstack] ]
04-10 02:17:10.216 1015 1919 D OemPaidWifiNetworkFactory: got request NetworkRequest [ REQUEST id=1, [ Capabilities: INTERNET&NOT_RESTRICTED&TRUSTED&NOT_VPN&NOT_VCN_MANAGED RequestorUid: 1000 RequestorPkg: android] ]
04-10 02:17:10.216 1480 2991 D QSEECOMAPI: App is not loaded in QSEE
04-10 02:17:10.216 1480 2991 D QSEECOMAPI: app_arch = 2, total_files = 9
04-10 02:17:10.218 1480 2991 E ion : ioctl c0044901 failed with code -1: Inappropriate ioctl for device
04-10 02:17:10.223 978 978 D QCC:qccvndhal: /data/vendor/qdma/down/1 is null
04-10 02:17:10.225 2630 2988 I QCC:OmaDMNative: qcc_hidl_update_vendor_dropbox() res=0
04-10 02:17:10.225 2630 2988 I QCC:Collector: deleteDir: /data/misc/qdma/down/3 already disabled
04-10 02:17:10.229 2062 2062 D BluetoothAdapterService: android.net.wifi.WIFI_STATE_CHANGED
04-10 02:17:10.227 1331 1352 D HDCPManagerAdapter: getHDCPFactory got new Instance
04-10 02:17:10.236 1331 1352 W HDCPManagerAdapter: HDCPManagerAdapter::isHDCPAvailable 0
04-10 02:17:10.237 2630 2988 I QCC:OmaDMNative: qcc_hidl_update_vendor_dropbox(), path=/data/misc/qdma/down/3 isEnabled=0
04-10 02:17:10.239 978 978 D QCC:qccvndhal: /data/vendor/qdma/down/3 is null
04-10 02:17:10.240 2630 2988 I QCC:OmaDMNative: qcc_hidl_update_vendor_dropbox() res=0
