01-01 08:59:46.372 0 0 I : process_one_work+0x38c/0x660
01-01 08:59:46.372 0 0 I : worker_thread+0x268/0x4b8
01-01 08:59:46.372 0 0 I : kthread+0x140/0x150
01-01 08:59:46.372 0 0 I : ret_from_fork+0x10/0x1c
04-10 02:17:03.563 1015 1015 D SystemServerTiming: OnBootPhase_480_com.android.server.pm.ShortcutService$Lifecycle took to complete: 9ms
04-10 02:17:03.563 1015 1015 I SystemServerTiming: OnBootPhase_480_com.android.server.pm.LauncherAppsService
04-10 02:17:03.563 1015 1015 D SystemServerTiming: OnBootPhase_480_com.android.server.pm.LauncherAppsService took to complete: 0ms
04-10 02:17:03.563 1015 1015 I SystemServerTiming: OnBootPhase_480_com.android.server.pm.CrossProfileAppsService
04-10 02:17:03.563 1015 1015 D SystemServerTiming: OnBootPhase_480_com.android.server.pm.CrossProfileAppsService took to complete: 0ms
04-10 02:17:03.563 1015 1015 I SystemServerTiming: OnBootPhase_480_com.android.server.people.PeopleService
04-10 02:17:03.563 1015 1015 D SystemServerTiming: OnBootPhase_480_com.android.server.people.PeopleService took to complete: 0ms
04-10 02:17:03.563 1015 1015 I SystemServerTiming: OnBootPhase_480_com.android.server.media.metrics.MediaMetricsManagerService
04-10 02:17:03.563 1015 1015 D SystemServerTiming: OnBootPhase_480_com.android.server.media.metrics.MediaMetricsManagerService took to complete: 0ms
04-10 02:17:03.563 1015 1015 I SystemServerTiming: OnBootPhase_480_com.android.server.media.projection.MediaProjectionManagerService
04-10 02:17:03.563 1015 1015 D SystemServerTiming: OnBootPhase_480_com.android.server.media.projection.MediaProjectionManagerService took to complete: 0ms
04-10 02:17:03.563 1015 1015 I SystemServerTiming: OnBootPhase_480_com.android.server.slice.SliceManagerService$Lifecycle
04-10 02:17:03.563 1015 1015 D SystemServerTiming: OnBootPhase_480_com.android.server.slice.SliceManagerService$Lifecycle took to complete: 0ms
04-10 02:17:03.563 1015 1015 I SystemServerTiming: OnBootPhase_480_com.android.server.stats.StatsCompanion$Lifecycle
04-10 02:17:03.563 1015 1015 D SystemServerTiming: OnBootPhase_480_com.android.server.stats.StatsCompanion$Lifecycle took to complete: 0ms
04-10 02:17:03.563 1015 1015 I SystemServerTiming: OnBootPhase_480_com.android.server.scheduling.RebootReadinessManagerService$Lifecycle
04-10 02:17:03.564 1015 1015 D SystemServerTiming: OnBootPhase_480_com.android.server.scheduling.RebootReadinessManagerService$Lifecycle took to complete: 0ms
04-10 02:17:03.564 1015 1015 I SystemServerTiming: OnBootPhase_480_com.android.server.stats.pull.StatsPullAtomService
04-10 02:17:03.564 1015 1015 D SystemServerTiming: OnBootPhase_480_com.android.server.stats.pull.StatsPullAtomService took to complete: 0ms
04-10 02:17:03.564 1015 1015 I SystemServerTiming: OnBootPhase_480_com.android.server.incident.IncidentCompanionService
04-10 02:17:03.564 1015 1015 D SystemServerTiming: OnBootPhase_480_com.android.server.incident.IncidentCompanionService took to complete: 0ms
04-10 02:17:03.564 1015 1015 I SystemServerTiming: OnBootPhase_480_com.android.server.MmsServiceBroker
04-10 02:17:03.564 1015 1015 D SystemServerTiming: OnBootPhase_480_com.android.server.MmsServiceBroker took to complete: 0ms
04-10 02:17:03.564 1015 1015 I SystemServerTiming: OnBootPhase_480_com.android.server.autofill.AutofillManagerService
04-10 02:17:03.564 1015 1015 D SystemServerTiming: OnBootPhase_480_com.android.server.autofill.AutofillManagerService took to complete: 0ms
04-10 02:17:03.564 1015 1015 I SystemServerTiming: OnBootPhase_480_com.android.server.clipboard.ClipboardService
04-10 02:17:03.564 1015 1015 D SystemServerTiming: OnBootPhase_480_com.android.server.clipboard.ClipboardService took to complete: 0ms
04-10 02:17:03.564 1015 1015 I SystemServerTiming: OnBootPhase_480_com.android.server.appbinding.AppBindingService$Lifecycle
04-10 02:17:03.564 1015 1015 D SystemServerTiming: OnBootPhase_480_com.android.server.appbinding.AppBindingService$Lifecycle took to complete: 0ms
04-10 02:17:03.564 1015 1015 I SystemServerTiming: OnBootPhase_480_com.android.server.tracing.TracingServiceProxy
04-10 02:17:03.564 1015 1015 D SystemServerTiming: OnBootPhase_480_com.android.server.tracing.TracingServiceProxy took to complete: 0ms
04-10 02:17:03.565 1015 1015 D SystemServerTiming: OnBootPhase_480 took to complete: 45ms
04-10 02:17:03.565 1015 1015 D SystemServerTiming: StartBootPhaseLockSettingsReady took to complete: 45ms
04-10 02:17:03.565 1015 1015 I SystemServerTiming: StartBootPhaseSystemServicesReady
04-10 02:17:03.565 1015 1015 I SystemServiceManager: Starting phase 500
04-10 02:17:03.565 1015 1015 I SystemServerTiming: OnBootPhase_500
04-10 02:17:03.565 1015 1015 I SystemServerTiming: OnBootPhase_500_com.android.server.security.FileIntegrityService
04-10 02:17:03.565 1015 1015 D SystemServerTiming: OnBootPhase_500_com.android.server.security.FileIntegrityService took to complete: 0ms
04-10 02:17:03.565 1015 1015 I SystemServerTiming: OnBootPhase_500_com.android.server.pm.Installer
04-10 02:17:03.565 1015 1015 D SystemServerTiming: OnBootPhase_500_com.android.server.pm.Installer took to complete: 0ms
04-10 02:17:03.565 1015 1015 I SystemServerTiming: OnBootPhase_500_com.android.server.os.DeviceIdentifiersPolicyService
04-10 02:17:03.565 1015 1015 D SystemServerTiming: OnBootPhase_500_com.android.server.os.DeviceIdentifiersPolicyService took to complete: 0ms
04-10 02:17:03.565 1015 1015 I SystemServerTiming: OnBootPhase_500_com.android.server.uri.UriGrantsManagerService$Lifecycle
04-10 02:17:03.565 1015 1015 D SystemServerTiming: OnBootPhase_500_com.android.server.uri.UriGrantsManagerService$Lifecycle took to complete: 0ms
04-10 02:17:03.565 1015 1015 I SystemServerTiming: OnBootPhase_500_com.android.server.powerstats.PowerStatsService
04-10 02:17:03.565 1015 1015 E StatsPullAtomCallbackImpl: Failed to start PowerStatsService statsd pullers
04-10 02:17:03.566 1015 1015 D SystemServerTiming: OnBootPhase_500_com.android.server.powerstats.PowerStatsService took to complete: 0ms
04-10 02:17:03.566 1015 1015 I SystemServerTiming: OnBootPhase_500_com.android.server.wm.ActivityTaskManagerService$Lifecycle
04-10 02:17:03.566 1015 1015 D SystemServerTiming: OnBootPhase_500_com.android.server.wm.ActivityTaskManagerService$Lifecycle took to complete: 0ms
04-10 02:17:03.566 1015 1015 I SystemServerTiming: OnBootPhase_500_com.android.server.am.ActivityManagerService$Lifecycle
01-01 08:59:46.381 0 0 E : INFO: trying to register non-static key.
01-01 08:59:46.384 0 0 I msm_vidc: high: 00000001: ....e: Opening video instance: ffffffc2daee4000, 0
01-01 08:59:46.386 0 0 E : the code is fine but needs lockdep annotation.
01-01 08:59:46.386 0 0 I : CPU: 6 PID: 1641 Comm: kworker/u16:17 Tainted: G S O 4.19.157+ #1
01-01 08:59:46.386 0 0 I Hardware name: Qualcomm Technologies, Inc. kona MTP-RmPM8150b. VX1(MCE) EVT1 (DT)
01-01 08:59:46.386 0 0 I Workqueue: events_unbound ion_system_secure_heap_prefetch_work
01-01 08:59:46.386 0 0 I Call trace:
01-01 08:59:46.386 0 0 I : dump_backtrace+0x0/0x258
01-01 08:59:46.386 0 0 I : show_stack+0x20/0x30
01-01 08:59:46.386 0 0 I : dump_stack+0xd8/0x12c
01-01 08:59:46.386 0 0 I : register_lock_class+0x4d0/0x5c8
01-01 08:59:46.386 0 0 I : __lock_acquire+0xbc/0x1e58
01-01 08:59:46.386 0 0 I : lock_acquire+0x1cc/0x218
01-01 08:59:46.386 0 0 I : _raw_spin_lock_irqsave+0x54/0x98
01-01 08:59:46.386 0 0 I : ion_system_secure_heap_prefetch_work+0x94/0x2c0
01-01 08:59:46.386 0 0 I : process_one_work+0x38c/0x660
01-01 08:59:46.386 0 0 I : worker_thread+0x268/0x4b8
01-01 08:59:46.386 0 0 I : kthread+0x140/0x150
01-01 08:59:46.386 0 0 I : ret_from_fork+0x10/0x1c
04-10 02:17:03.574 1015 1015 E BatteryStatsService: Could not register PowerStatsInternal
04-10 02:17:03.579 1015 1015 D SystemServerTiming: OnBootPhase_500_com.android.server.am.ActivityManagerService$Lifecycle took to complete: 14ms
04-10 02:17:03.579 1015 1015 I SystemServerTiming: OnBootPhase_500_com.android.server.pm.DataLoaderManagerService
04-10 02:17:03.580 1015 1015 D SystemServerTiming: OnBootPhase_500_com.android.server.pm.DataLoaderManagerService took to complete: 0ms
04-10 02:17:03.580 1015 1015 I SystemServerTiming: OnBootPhase_500_com.android.server.power.PowerManagerService
04-10 02:17:03.580 1015 1015 D SystemServerTiming: OnBootPhase_500_com.android.server.power.PowerManagerService took to complete: 0ms
04-10 02:17:03.580 1015 1015 I SystemServerTiming: OnBootPhase_500_com.android.server.power.ThermalManagerService
04-10 02:17:03.580 1015 1015 D SystemServerTiming: OnBootPhase_500_com.android.server.power.ThermalManagerService took to complete: 0ms
04-10 02:17:03.580 1015 1015 I SystemServerTiming: OnBootPhase_500_com.android.server.power.hint.HintManagerService
04-10 02:17:03.580 1015 1015 V HintManagerService: Initializing HintManager service...
04-10 02:17:03.580 1015 1015 V HistoricalRegistry: Interaction before persistence initialized
04-10 02:17:03.580 1015 1015 D SystemServerTiming: OnBootPhase_500_com.android.server.power.hint.HintManagerService took to complete: 0ms
04-10 02:17:03.580 1015 1015 I SystemServerTiming: OnBootPhase_500_com.android.server.recoverysystem.RecoverySystemService$Lifecycle
04-10 02:17:03.580 1015 1015 D SystemServerTiming: OnBootPhase_500_com.android.server.recoverysystem.RecoverySystemService$Lifecycle took to complete: 0ms
04-10 02:17:03.580 1015 1015 I SystemServerTiming: OnBootPhase_500_com.android.server.lights.LightsService
04-10 02:17:03.580 1015 1015 D SystemServerTiming: OnBootPhase_500_com.android.server.lights.LightsService took to complete: 0ms
04-10 02:17:03.580 1015 1015 I SystemServerTiming: OnBootPhase_500_com.android.server.display.DisplayManagerService
04-10 02:17:03.580 1015 1015 D SystemServerTiming: OnBootPhase_500_com.android.server.display.DisplayManagerService took to complete: 0ms
04-10 02:17:03.580 1015 1015 I SystemServerTiming: OnBootPhase_500_com.android.server.pm.verify.domain.DomainVerificationService
04-10 02:17:03.580 1015 1015 D SystemServerTiming: OnBootPhase_500_com.android.server.pm.verify.domain.DomainVerificationService took to complete: 0ms
04-10 02:17:03.580 1015 1015 I SystemServerTiming: OnBootPhase_500_com.android.server.pm.PackageInstallerService$Lifecycle
04-10 02:17:03.580 1015 1015 D SystemServerTiming: OnBootPhase_500_com.android.server.pm.PackageInstallerService$Lifecycle took to complete: 0ms
04-10 02:17:03.580 1015 1015 I SystemServerTiming: OnBootPhase_500_com.android.server.pm.UserManagerService$LifeCycle
04-10 02:17:03.580 1015 1015 D SystemServerTiming: OnBootPhase_500_com.android.server.pm.UserManagerService$LifeCycle took to complete: 0ms
04-10 02:17:03.580 1015 1015 I SystemServerTiming: OnBootPhase_500_com.android.server.om.OverlayManagerService
04-10 02:17:03.580 1015 1015 D SystemServerTiming: OnBootPhase_500_com.android.server.om.OverlayManagerService took to complete: 0ms
04-10 02:17:03.581 1015 1015 I SystemServerTiming: OnBootPhase_500_com.android.server.SensorPrivacyService
01-01 08:59:46.393 0 0 I msm_vidc: err : 00000001: ....e: msm_vidc_comm_update_ctrl: failed: control name Ltr Count, min 0, max 0, step 0, default_value 0
04-10 02:17:03.586 1015 1015 D SystemServerTiming: OnBootPhase_500_com.android.server.SensorPrivacyService took to complete: 5ms
04-10 02:17:03.586 1015 1015 I SystemServerTiming: OnBootPhase_500_com.android.server.thunderperf.ThunderBoostPerfService
04-10 02:17:03.586 1015 1015 D SystemServerTiming: OnBootPhase_500_com.android.server.thunderperf.ThunderBoostPerfService took to complete: 0ms
04-10 02:17:03.586 1015 1015 I SystemServerTiming: OnBootPhase_500_com.android.server.sensors.SensorService
04-10 02:17:03.586 1015 1015 D SystemServerTiming: OnBootPhase_500_com.android.server.sensors.SensorService took to complete: 0ms
04-10 02:17:03.586 1015 1015 I SystemServerTiming: OnBootPhase_500_com.android.server.SystemConfigService
04-10 02:17:03.586 1015 1015 D SystemServerTiming: OnBootPhase_500_com.android.server.SystemConfigService took to complete: 0ms
04-10 02:17:03.586 1015 1015 I SystemServerTiming: OnBootPhase_500_com.android.server.BatteryService
04-10 02:17:03.586 1015 1015 D SystemServerTiming: OnBootPhase_500_com.android.server.BatteryService took to complete: 0ms
04-10 02:17:03.586 1015 1015 I SystemServerTiming: OnBootPhase_500_com.android.server.usage.UsageStatsService
04-10 02:17:03.590 1015 1015 D AppStandbyController: Setting app idle enabled state
01-01 08:59:46.394 0 0 E : INFO: trying to register non-static key.
01-01 08:59:46.400 0 0 E : the code is fine but needs lockdep annotation.
01-01 08:59:46.405 0 0 I : CPU: 6 PID: 1641 Comm: kworker/u16:17 Tainted: G S O 4.19.157+ #1
01-01 08:59:46.405 0 0 I Hardware name: Qualcomm Technologies, Inc. kona MTP-RmPM8150b. VX1(MCE) EVT1 (DT)
01-01 08:59:46.405 0 0 I Workqueue: events_unbound ion_system_secure_heap_prefetch_work
01-01 08:59:46.405 0 0 I Call trace:
01-01 08:59:46.405 0 0 I : dump_backtrace+0x0/0x258
01-01 08:59:46.405 0 0 I : show_stack+0x20/0x30
01-01 08:59:46.405 0 0 I : dump_stack+0xd8/0x12c
01-01 08:59:46.405 0 0 I : register_lock_class+0x4d0/0x5c8
01-01 08:59:46.405 0 0 I : __lock_acquire+0xbc/0x1e58
01-01 08:59:46.405 0 0 I : lock_acquire+0x1cc/0x218
01-01 08:59:46.405 0 0 I : _raw_spin_lock_irqsave+0x54/0x98
01-01 08:59:46.405 0 0 I : ion_system_secure_heap_prefetch_work+0x94/0x2c0
01-01 08:59:46.405 0 0 I : process_one_work+0x38c/0x660
01-01 08:59:46.405 0 0 I : worker_thread+0x268/0x4b8
01-01 08:59:46.405 0 0 I : kthread+0x140/0x150
01-01 08:59:46.405 0 0 I : ret_from_fork+0x10/0x1c
04-10 02:17:03.593 1015 1015 V HistoricalRegistry: Interaction before persistence initialized
04-10 02:17:03.594 1015 1015 D SystemServerTiming: OnBootPhase_500_com.android.server.usage.UsageStatsService took to complete: 7ms
04-10 02:17:03.594 1015 1015 I SystemServerTiming: OnBootPhase_500_com.android.server.webkit.WebViewUpdateService
04-10 02:17:03.594 1015 1015 D SystemServerTiming: OnBootPhase_500_com.android.server.webkit.WebViewUpdateService took to complete: 0ms
04-10 02:17:03.594 1015 1015 I SystemServerTiming: OnBootPhase_500_com.android.server.CachedDeviceStateService
04-10 02:17:03.594 1015 1015 D SystemServerTiming: OnBootPhase_500_com.android.server.CachedDeviceStateService took to complete: 1ms
04-10 02:17:03.594 1015 1015 I SystemServerTiming: OnBootPhase_500_com.android.server.BinderCallsStatsService$LifeCycle
04-10 02:17:03.597 1015 1015 D SystemServerTiming: OnBootPhase_500_com.android.server.BinderCallsStatsService$LifeCycle took to complete: 3ms
04-10 02:17:03.597 1015 1015 I SystemServerTiming: OnBootPhase_500_com.android.server.LooperStatsService$Lifecycle
04-10 02:17:03.597 1015 1015 D SystemServerTiming: OnBootPhase_500_com.android.server.LooperStatsService$Lifecycle took to complete: 0ms
04-10 02:17:03.597 1015 1015 I SystemServerTiming: OnBootPhase_500_com.android.server.rollback.RollbackManagerService
04-10 02:17:03.598 1015 1015 D SystemServerTiming: OnBootPhase_500_com.android.server.rollback.RollbackManagerService took to complete: 0ms
04-10 02:17:03.598 1015 1015 I SystemServerTiming: OnBootPhase_500_com.android.server.os.NativeTombstoneManagerService
04-10 02:17:03.598 1015 1015 D SystemServerTiming: OnBootPhase_500_com.android.server.os.NativeTombstoneManagerService took to complete: 0ms
04-10 02:17:03.598 1015 1015 I SystemServerTiming: OnBootPhase_500_com.android.server.os.BugreportManagerService
04-10 02:17:03.598 1015 1015 D SystemServerTiming: OnBootPhase_500_com.android.server.os.BugreportManagerService took to complete: 0ms
04-10 02:17:03.598 1015 1015 I SystemServerTiming: OnBootPhase_500_com.android.server.gpu.GpuService
04-10 02:17:03.598 1015 1015 D SystemServerTiming: OnBootPhase_500_com.android.server.gpu.GpuService took to complete: 0ms
04-10 02:17:03.598 1015 1015 I SystemServerTiming: OnBootPhase_500_com.android.server.security.KeyChainSystemService
04-10 02:17:03.598 1015 1015 D SystemServerTiming: OnBootPhase_500_com.android.server.security.KeyChainSystemService took to complete: 0ms
04-10 02:17:03.598 1015 1015 I SystemServerTiming: OnBootPhase_500_com.android.server.telecom.TelecomLoaderService
04-10 02:17:03.598 1015 1015 D SystemServerTiming: OnBootPhase_500_com.android.server.telecom.TelecomLoaderService took to complete: 0ms
04-10 02:17:03.598 1015 1015 I SystemServerTiming: OnBootPhase_500_com.android.server.accounts.AccountManagerService$Lifecycle
04-10 02:17:03.598 1015 1015 D SystemServerTiming: OnBootPhase_500_com.android.server.accounts.AccountManagerService$Lifecycle took to complete: 0ms
04-10 02:17:03.598 1015 1015 I SystemServerTiming: OnBootPhase_500_com.android.server.content.ContentService$Lifecycle
04-10 02:17:03.598 1015 1015 D SystemServerTiming: OnBootPhase_500_com.android.server.content.ContentService$Lifecycle took to complete: 0ms
04-10 02:17:03.598 1015 1015 I SystemServerTiming: OnBootPhase_500_com.android.server.DropBoxManagerService
04-10 02:17:03.598 1015 1015 D SystemServerTiming: OnBootPhase_500_com.android.server.DropBoxManagerService took to complete: 0ms
04-10 02:17:03.598 1015 1015 I SystemServerTiming: OnBootPhase_500_com.android.role.RoleService
04-10 02:17:03.598 1015 1015 D SystemServerTiming: OnBootPhase_500_com.android.role.RoleService took to complete: 0ms
04-10 02:17:03.599 1015 1015 I SystemServerTiming: OnBootPhase_500_com.android.server.vibrator.VibratorManagerService$Lifecycle
04-10 02:17:03.599 1015 1015 V VibratorManagerService: Initializing VibratorManager service...
04-10 02:17:03.599 1015 1015 V HistoricalRegistry: Interaction before persistence initialized
04-10 02:17:03.600 1015 1015 V VibratorManagerService: VibratorManager service initialized
04-10 02:17:03.600 1015 1015 D SystemServerTiming: OnBootPhase_500_com.android.server.vibrator.VibratorManagerService$Lifecycle took to complete: 2ms
04-10 02:17:03.600 1015 1015 I SystemServerTiming: OnBootPhase_500_com.android.server.alarm.AlarmManagerService
04-10 02:17:03.601 1015 1015 E LazyAlarmStore: Removed TIME_TICK alarm
04-10 02:17:03.601 1015 1191 I am_wtf : [0,1015,system_server,-1,LazyAlarmStore,Removed TIME_TICK alarm]
04-10 02:17:03.604 1015 1191 I DropBoxManagerService: add tag=system_server_wtf isTagEnabled=true flags=0x2
04-10 02:17:03.605 1015 1015 D SystemServerTiming: OnBootPhase_500_com.android.server.alarm.AlarmManagerService took to complete: 5ms
04-10 02:17:03.605 1015 1015 I SystemServerTiming: OnBootPhase_500_com.android.server.devicestate.DeviceStateManagerService
04-10 02:17:03.605 1015 1015 D SystemServerTiming: OnBootPhase_500_com.android.server.devicestate.DeviceStateManagerService took to complete: 0ms
04-10 02:17:03.606 1015 1015 I SystemServerTiming: OnBootPhase_500_com.android.server.camera.CameraServiceProxy
04-10 02:17:03.606 1015 1015 D SystemServerTiming: OnBootPhase_500_com.android.server.camera.CameraServiceProxy took to complete: 0ms
01-01 08:59:46.408 0 0 I msm_vidc: high: 00000001: vp8e: Closed video instance: ffffffc2daee4000
01-01 08:59:46.414 0 0 E : INFO: trying to register non-static key.
04-10 02:17:03.606 1015 1015 I SystemServerTiming: OnBootPhase_500_com.android.server.BluetoothService
04-10 02:17:03.607 1015 1015 D SystemServerTiming: OnBootPhase_500_com.android.server.BluetoothService took to complete: 1ms
04-10 02:17:03.607 1015 1015 I SystemServerTiming: OnBootPhase_500_com.android.server.connectivity.IpConnectivityMetrics
04-10 02:17:03.614 1015 1015 D SystemServerTiming: OnBootPhase_500_com.android.server.connectivity.IpConnectivityMetrics took to complete: 7ms
04-10 02:17:03.614 1015 1015 I SystemServerTiming: OnBootPhase_500_com.android.server.net.watchlist.NetworkWatchlistService$Lifecycle
04-10 02:17:03.614 1015 1015 D SystemServerTiming: OnBootPhase_500_com.android.server.net.watchlist.NetworkWatchlistService$Lifecycle took to complete: 0ms
04-10 02:17:03.614 1015 1015 I SystemServerTiming: OnBootPhase_500_com.android.server.PinnerService
01-01 08:59:46.419 0 0 E : the code is fine but needs lockdep annotation.
01-01 08:59:46.425 0 0 I : CPU: 6 PID: 1641 Comm: kworker/u16:17 Tainted: G S O 4.19.157+ #1
01-01 08:59:46.425 0 0 I Hardware name: Qualcomm Technologies, Inc. kona MTP-RmPM8150b. VX1(MCE) EVT1 (DT)
01-01 08:59:46.425 0 0 I Workqueue: events_unbound ion_system_secure_heap_prefetch_work
01-01 08:59:46.425 0 0 I Call trace:
01-01 08:59:46.425 0 0 I : dump_backtrace+0x0/0x258
01-01 08:59:46.425 0 0 I : show_stack+0x20/0x30
01-01 08:59:46.425 0 0 I : dump_stack+0xd8/0x12c
01-01 08:59:46.425 0 0 I : register_lock_class+0x4d0/0x5c8
01-01 08:59:46.425 0 0 I : __lock_acquire+0xbc/0x1e58
01-01 08:59:46.425 0 0 I : lock_acquire+0x1cc/0x218
01-01 08:59:46.425 0 0 I : _raw_spin_lock_irqsave+0x54/0x98
01-01 08:59:46.425 0 0 I : ion_system_secure_heap_prefetch_work+0x94/0x2c0
01-01 08:59:46.425 0 0 I : process_one_work+0x38c/0x660
01-01 08:59:46.425 0 0 I : worker_thread+0x268/0x4b8
01-01 08:59:46.425 0 0 I : kthread+0x140/0x150
01-01 08:59:46.425 0 0 I : ret_from_fork+0x10/0x1c
04-10 02:17:03.615 1015 1015 D SystemServerTiming: OnBootPhase_500_com.android.server.PinnerService took to complete: 2ms
04-10 02:17:03.615 1015 1015 I SystemServerTiming: OnBootPhase_500_com.google.android.startop.iorap.IorapForwardingService
04-10 02:17:03.615 1015 1015 D SystemServerTiming: OnBootPhase_500_com.google.android.startop.iorap.IorapForwardingService took to complete: 0ms
04-10 02:17:03.615 1015 1015 I SystemServerTiming: OnBootPhase_500_com.android.server.ActivityTriggerService
04-10 02:17:03.615 1015 1015 D SystemServerTiming: OnBootPhase_500_com.android.server.ActivityTriggerService took to complete: 0ms
04-10 02:17:03.615 1015 1015 I SystemServerTiming: OnBootPhase_500_com.android.server.integrity.AppIntegrityManagerService
04-10 02:17:03.615 1015 1015 D SystemServerTiming: OnBootPhase_500_com.android.server.integrity.AppIntegrityManagerService took to complete: 0ms
04-10 02:17:03.615 1015 1015 I SystemServerTiming: OnBootPhase_500_com.android.server.inputmethod.InputMethodManagerService$Lifecycle
04-10 02:17:03.616 1015 1015 D SystemServerTiming: OnBootPhase_500_com.android.server.inputmethod.InputMethodManagerService$Lifecycle took to complete: 0ms
04-10 02:17:03.616 1015 1015 I SystemServerTiming: OnBootPhase_500_com.android.server.accessibility.AccessibilityManagerService$Lifecycle
04-10 02:17:03.616 1015 1015 D SystemServerTiming: OnBootPhase_500_com.android.server.accessibility.AccessibilityManagerService$Lifecycle took to complete: 0ms
04-10 02:17:03.616 1015 1015 I SystemServerTiming: OnBootPhase_500_com.android.server.StorageManagerService$Lifecycle
04-10 02:17:03.622 1015 1015 D SystemServerTiming: OnBootPhase_500_com.android.server.StorageManagerService$Lifecycle took to complete: 6ms
04-10 02:17:03.622 1015 1015 I SystemServerTiming: OnBootPhase_500_com.android.server.usage.StorageStatsService$Lifecycle
04-10 02:17:03.622 1015 1015 D SystemServerTiming: OnBootPhase_500_com.android.server.usage.StorageStatsService$Lifecycle took to complete: 0ms
04-10 02:17:03.622 1015 1015 I SystemServerTiming: OnBootPhase_500_com.android.server.UiModeManagerService
04-10 02:17:03.628 1015 1015 I configuration_changed: 512
04-10 02:17:03.629 1015 1015 I ActivityTaskManager: Config changes=200 {1.0 ?mcc?mnc [zh_CN] ldltr sw680dp w1586dp h612dp 240dpi lrg long land finger -keyb/v/h -nav/h winConfig={ mBounds=Rect(0, 0 - 2380, 1020) mAppBounds=Rect(0, 0 - 2380, 954) mMaxBounds=Rect(0, 0 - 2380, 1020) mWindowingMode=fullscreen mDisplayWindowingMode=fullscreen mActivityType=undefined mAlwaysOnTop=undefined mRotation=ROTATION_0} s.6 ?fontWeightAdjustment}
04-10 02:17:03.631 1015 1015 I WindowManager: Override config changes=200 {1.0 ?mcc?mnc [zh_CN] ldltr sw680dp w1586dp h612dp 240dpi lrg long land finger -keyb/v/h -nav/h winConfig={ mBounds=Rect(0, 0 - 2380, 1020) mAppBounds=Rect(0, 0 - 2380, 954) mMaxBounds=Rect(0, 0 - 2380, 1020) mWindowingMode=fullscreen mDisplayWindowingMode=fullscreen mActivityType=undefined mAlwaysOnTop=undefined mRotation=ROTATION_0} s.6 ?fontWeightAdjustment} for displayId=0
04-10 02:17:03.636 1015 1015 D SystemServerTiming: OnBootPhase_500_com.android.server.UiModeManagerService took to complete: 14ms
04-10 02:17:03.638 1015 1015 I SystemServerTiming: OnBootPhase_500_com.android.server.locksettings.LockSettingsService$Lifecycle
04-10 02:17:03.638 1015 1015 D SystemServerTiming: OnBootPhase_500_com.android.server.locksettings.LockSettingsService$Lifecycle took to complete: 0ms
04-10 02:17:03.638 1015 1015 I SystemServerTiming: OnBootPhase_500_com.android.server.PersistentDataBlockService
04-10 02:17:03.639 1015 1015 D SystemServerTiming: OnBootPhase_500_com.android.server.PersistentDataBlockService took to complete: 0ms
04-10 02:17:03.639 1015 1015 I SystemServerTiming: OnBootPhase_500_com.android.server.testharness.TestHarnessModeService
04-10 02:17:03.639 1015 1015 D TestHarnessModeService: Setting up test harness mode
04-10 02:17:03.639 1015 1015 D TestHarnessModeService: Getting PersistentDataBlockManagerInternal from LocalServices
01-01 08:59:46.437 0 0 E : INFO: trying to register non-static key.
01-01 08:59:46.442 0 0 E : the code is fine but needs lockdep annotation.
01-01 08:59:46.447 0 0 I : CPU: 6 PID: 1641 Comm: kworker/u16:17 Tainted: G S O 4.19.157+ #1
01-01 08:59:46.447 0 0 I Hardware name: Qualcomm Technologies, Inc. kona MTP-RmPM8150b. VX1(MCE) EVT1 (DT)
01-01 08:59:46.447 0 0 I Workqueue: events_unbound ion_system_secure_heap_prefetch_work
01-01 08:59:46.447 0 0 I Call trace:
01-01 08:59:46.447 0 0 I : dump_backtrace+0x0/0x258
01-01 08:59:46.447 0 0 I : show_stack+0x20/0x30
01-01 08:59:46.447 0 0 I : dump_stack+0xd8/0x12c
01-01 08:59:46.447 0 0 I : register_lock_class+0x4d0/0x5c8
01-01 08:59:46.447 0 0 I : __lock_acquire+0xbc/0x1e58
01-01 08:59:46.447 0 0 I : lock_acquire+0x1cc/0x218
01-01 08:59:46.447 0 0 I : _raw_spin_lock_irqsave+0x54/0x98
01-01 08:59:46.447 0 0 I : ion_system_secure_heap_prefetch_work+0x94/0x2c0
01-01 08:59:46.447 0 0 I : process_one_work+0x38c/0x660
01-01 08:59:46.447 0 0 I : worker_thread+0x268/0x4b8
01-01 08:59:46.447 0 0 I : kthread+0x140/0x150
01-01 08:59:46.447 0 0 I : ret_from_fork+0x10/0x1c
01-01 08:59:46.450 0 0 E : INFO: trying to register non-static key.
01-01 08:59:46.455 0 0 E : the code is fine but needs lockdep annotation.
01-01 08:59:46.461 0 0 I : CPU: 6 PID: 1641 Comm: kworker/u16:17 Tainted: G S O 4.19.157+ #1
01-01 08:59:46.461 0 0 I Hardware name: Qualcomm Technologies, Inc. kona MTP-RmPM8150b. VX1(MCE) EVT1 (DT)
01-01 08:59:46.461 0 0 I Workqueue: events_unbound ion_system_secure_heap_prefetch_work
01-01 08:59:46.461 0 0 I Call trace:
01-01 08:59:46.461 0 0 I : dump_backtrace+0x0/0x258
01-01 08:59:46.461 0 0 I : show_stack+0x20/0x30
01-01 08:59:46.461 0 0 I : dump_stack+0xd8/0x12c
01-01 08:59:46.461 0 0 I : register_lock_class+0x4d0/0x5c8
01-01 08:59:46.461 0 0 I : __lock_acquire+0xbc/0x1e58
01-01 08:59:46.461 0 0 I : lock_acquire+0x1cc/0x218
01-01 08:59:46.461 0 0 I : _raw_spin_lock_irqsave+0x54/0x98
01-01 08:59:46.461 0 0 I : ion_system_secure_heap_prefetch_work+0x94/0x2c0
01-01 08:59:46.461 0 0 I : process_one_work+0x38c/0x660
01-01 08:59:46.461 0 0 I : worker_thread+0x268/0x4b8
01-01 08:59:46.461 0 0 I : kthread+0x140/0x150
01-01 08:59:46.461 0 0 I : ret_from_fork+0x10/0x1c
04-10 02:17:03.658 1015 1015 D SystemServerTiming: OnBootPhase_500_com.android.server.testharness.TestHarnessModeService took to complete: 20ms
04-10 02:17:03.658 1015 1015 I SystemServerTiming: OnBootPhase_500_com.android.server.oemlock.OemLockService
04-10 02:17:03.658 1015 1015 D SystemServerTiming: OnBootPhase_500_com.android.server.oemlock.OemLockService took to complete: 0ms
04-10 02:17:03.658 1015 1015 I SystemServerTiming: OnBootPhase_500_com.android.server.DeviceIdleController
04-10 02:17:03.664 1015 1015 V HistoricalRegistry: Interaction before persistence initialized
01-01 08:59:46.464 0 0 E : INFO: trying to register non-static key.
01-01 08:59:46.470 0 0 E : the code is fine but needs lockdep annotation.
01-01 08:59:46.475 0 0 I : CPU: 6 PID: 1641 Comm: kworker/u16:17 Tainted: G S O 4.19.157+ #1
01-01 08:59:46.475 0 0 I Hardware name: Qualcomm Technologies, Inc. kona MTP-RmPM8150b. VX1(MCE) EVT1 (DT)
01-01 08:59:46.475 0 0 I Workqueue: events_unbound ion_system_secure_heap_prefetch_work
01-01 08:59:46.475 0 0 I Call trace:
01-01 08:59:46.475 0 0 I : dump_backtrace+0x0/0x258
01-01 08:59:46.475 0 0 I : show_stack+0x20/0x30
01-01 08:59:46.475 0 0 I : dump_stack+0xd8/0x12c
01-01 08:59:46.475 0 0 I : register_lock_class+0x4d0/0x5c8
01-01 08:59:46.475 0 0 I : __lock_acquire+0xbc/0x1e58
01-01 08:59:46.475 0 0 I : lock_acquire+0x1cc/0x218
01-01 08:59:46.475 0 0 I : _raw_spin_lock_irqsave+0x54/0x98
01-01 08:59:46.475 0 0 I : ion_system_secure_heap_prefetch_work+0x94/0x2c0
01-01 08:59:46.475 0 0 I : process_one_work+0x38c/0x660
01-01 08:59:46.475 0 0 I : worker_thread+0x268/0x4b8
01-01 08:59:46.475 0 0 I : kthread+0x140/0x150
01-01 08:59:46.475 0 0 I : ret_from_fork+0x10/0x1c
04-10 02:17:03.665 1015 1015 D SystemServerTiming: OnBootPhase_500_com.android.server.DeviceIdleController took to complete: 6ms
04-10 02:17:03.665 1015 1015 I SystemServerTiming: OnBootPhase_500_com.android.server.devicepolicy.DevicePolicyManagerService$Lifecycle
04-10 02:17:03.665 1015 1015 D SystemServerTiming: OnBootPhase_500_com.android.server.devicepolicy.DevicePolicyManagerService$Lifecycle took to complete: 0ms
04-10 02:17:03.665 1015 1015 I SystemServerTiming: OnBootPhase_500_com.android.server.texttospeech.TextToSpeechManagerService
04-10 02:17:03.665 1015 1015 D SystemServerTiming: OnBootPhase_500_com.android.server.texttospeech.TextToSpeechManagerService took to complete: 0ms
04-10 02:17:03.665 1015 1015 I SystemServerTiming: OnBootPhase_500_com.android.server.speech.SpeechRecognitionManagerService
04-10 02:17:03.665 1015 1015 D SystemServerTiming: OnBootPhase_500_com.android.server.speech.SpeechRecognitionManagerService took to complete: 0ms
04-10 02:17:03.665 1015 1015 I SystemServerTiming: OnBootPhase_500_com.android.server.searchui.SearchUiManagerService
04-10 02:17:03.665 1015 1015 D SystemServerTiming: OnBootPhase_500_com.android.server.searchui.SearchUiManagerService took to complete: 0ms
04-10 02:17:03.665 1015 1015 I SystemServerTiming: OnBootPhase_500_com.android.server.smartspace.SmartspaceManagerService
04-10 02:17:03.665 1015 1015 D SystemServerTiming: OnBootPhase_500_com.android.server.smartspace.SmartspaceManagerService took to complete: 0ms
04-10 02:17:03.665 1015 1015 I SystemServerTiming: OnBootPhase_500_com.android.server.graphics.fonts.FontManagerService$Lifecycle
04-10 02:17:03.665 1015 1015 D SystemServerTiming: OnBootPhase_500_com.android.server.graphics.fonts.FontManagerService$Lifecycle took to complete: 0ms
04-10 02:17:03.665 1015 1015 I SystemServerTiming: OnBootPhase_500_com.android.server.textservices.TextServicesManagerService$Lifecycle
04-10 02:17:03.665 1015 1015 D SystemServerTiming: OnBootPhase_500_com.android.server.textservices.TextServicesManagerService$Lifecycle took to complete: 0ms
04-10 02:17:03.665 1015 1015 I SystemServerTiming: OnBootPhase_500_com.android.server.textclassifier.TextClassificationManagerService$Lifecycle
04-10 02:17:03.665 1015 1015 D SystemServerTiming: OnBootPhase_500_com.android.server.textclassifier.TextClassificationManagerService$Lifecycle took to complete: 0ms
04-10 02:17:03.665 1015 1015 I SystemServerTiming: OnBootPhase_500_com.android.server.NetworkScoreService$Lifecycle
04-10 02:17:03.666 1015 1015 D SystemServerTiming: OnBootPhase_500_com.android.server.NetworkScoreService$Lifecycle took to complete: 0ms
04-10 02:17:03.666 1015 1015 I SystemServerTiming: OnBootPhase_500_com.android.server.wifi.WifiService
04-10 02:17:03.666 1015 1015 D SystemServerTiming: OnBootPhase_500_com.android.server.wifi.WifiService took to complete: 1ms
04-10 02:17:03.666 1015 1015 I SystemServerTiming: OnBootPhase_500_com.android.server.wifi.scanner.WifiScanningService
04-10 02:17:03.666 1015 1015 D SystemServerTiming: OnBootPhase_500_com.android.server.wifi.scanner.WifiScanningService took to complete: 0ms
04-10 02:17:03.666 1015 1015 I SystemServerTiming: OnBootPhase_500_com.android.server.wifi.rtt.RttService
04-10 02:17:03.670 1015 1015 D SystemServerTiming: OnBootPhase_500_com.android.server.wifi.rtt.RttService took to complete: 4ms
04-10 02:17:03.670 1015 1015 I SystemServerTiming: OnBootPhase_500_com.android.server.wifi.aware.WifiAwareService
04-10 02:17:03.673 1015 1965 I stream_devices_changed: [3,0,2]
04-10 02:17:03.678 1015 1015 D SystemServerTiming: OnBootPhase_500_com.android.server.wifi.aware.WifiAwareService took to complete: 7ms
04-10 02:17:03.678 1015 1015 I SystemServerTiming: OnBootPhase_500_com.android.server.wifi.p2p.WifiP2pService
04-10 02:17:03.678 1015 1015 D SystemServerTiming: OnBootPhase_500_com.android.server.wifi.p2p.WifiP2pService took to complete: 0ms
04-10 02:17:03.678 1015 1015 I SystemServerTiming: OnBootPhase_500_com.android.server.ethernet.EthernetService
01-01 08:59:46.478 0 0 E : INFO: trying to register non-static key.
01-01 08:59:46.484 0 0 E : the code is fine but needs lockdep annotation.
01-01 08:59:46.489 0 0 I : CPU: 2 PID: 1641 Comm: kworker/u16:17 Tainted: G S O 4.19.157+ #1
01-01 08:59:46.489 0 0 I Hardware name: Qualcomm Technologies, Inc. kona MTP-RmPM8150b. VX1(MCE) EVT1 (DT)
01-01 08:59:46.489 0 0 I Workqueue: events_unbound ion_system_secure_heap_prefetch_work
01-01 08:59:46.489 0 0 I Call trace:
01-01 08:59:46.489 0 0 I : dump_backtrace+0x0/0x258
01-01 08:59:46.489 0 0 I : show_stack+0x20/0x30
01-01 08:59:46.489 0 0 I : dump_stack+0xd8/0x12c
01-01 08:59:46.489 0 0 I : register_lock_class+0x4d0/0x5c8
01-01 08:59:46.489 0 0 I : __lock_acquire+0xbc/0x1e58
01-01 08:59:46.489 0 0 I : lock_acquire+0x1cc/0x218
01-01 08:59:46.489 0 0 I : _raw_spin_lock_irqsave+0x54/0x98
01-01 08:59:46.489 0 0 I : ion_system_secure_heap_prefetch_work+0x94/0x2c0
01-01 08:59:46.489 0 0 I : process_one_work+0x38c/0x660
01-01 08:59:46.489 0 0 I : worker_thread+0x268/0x4b8
01-01 08:59:46.489 0 0 I : kthread+0x140/0x150
01-01 08:59:46.489 0 0 I : ret_from_fork+0x10/0x1c
04-10 02:17:03.684 1015 1015 D SystemServerTiming: OnBootPhase_500_com.android.server.ethernet.EthernetService took to complete: 6ms
04-10 02:17:03.684 1015 1015 I SystemServerTiming: OnBootPhase_500_com.android.server.ConnectivityServiceInitializer
04-10 02:17:03.684 1015 1015 D SystemServerTiming: OnBootPhase_500_com.android.server.ConnectivityServiceInitializer took to complete: 0ms
04-10 02:17:03.684 1015 1015 I SystemServerTiming: OnBootPhase_500_com.android.server.notification.NotificationManagerService
01-01 08:59:46.493 0 0 E : INFO: trying to register non-static key.
01-01 08:59:46.498 0 0 E : the code is fine but needs lockdep annotation.
01-01 08:59:46.504 0 0 I : CPU: 2 PID: 1641 Comm: kworker/u16:17 Tainted: G S O 4.19.157+ #1
01-01 08:59:46.504 0 0 I Hardware name: Qualcomm Technologies, Inc. kona MTP-RmPM8150b. VX1(MCE) EVT1 (DT)
01-01 08:59:46.504 0 0 I Workqueue: events_unbound ion_system_secure_heap_prefetch_work
01-01 08:59:46.504 0 0 I Call trace:
01-01 08:59:46.504 0 0 I : dump_backtrace+0x0/0x258
01-01 08:59:46.504 0 0 I : show_stack+0x20/0x30
01-01 08:59:46.504 0 0 I : dump_stack+0xd8/0x12c
01-01 08:59:46.504 0 0 I : register_lock_class+0x4d0/0x5c8
01-01 08:59:46.504 0 0 I : __lock_acquire+0xbc/0x1e58
01-01 08:59:46.504 0 0 I : lock_acquire+0x1cc/0x218
01-01 08:59:46.504 0 0 I : _raw_spin_lock_irqsave+0x54/0x98
01-01 08:59:46.504 0 0 I : ion_system_secure_heap_prefetch_work+0x94/0x2c0
01-01 08:59:46.504 0 0 I : process_one_work+0x38c/0x660
01-01 08:59:46.504 0 0 I : worker_thread+0x268/0x4b8
01-01 08:59:46.504 0 0 I : kthread+0x140/0x150
01-01 08:59:46.504 0 0 I : ret_from_fork+0x10/0x1c
01-01 08:59:46.507 0 0 E : INFO: trying to register non-static key.
01-01 08:59:46.512 0 0 E : the code is fine but needs lockdep annotation.
01-01 08:59:46.518 0 0 I : CPU: 2 PID: 1641 Comm: kworker/u16:17 Tainted: G S O 4.19.157+ #1
01-01 08:59:46.518 0 0 I Hardware name: Qualcomm Technologies, Inc. kona MTP-RmPM8150b. VX1(MCE) EVT1 (DT)
01-01 08:59:46.518 0 0 I Workqueue: events_unbound ion_system_secure_heap_prefetch_work
01-01 08:59:46.518 0 0 I Call trace:
01-01 08:59:46.518 0 0 I : dump_backtrace+0x0/0x258
01-01 08:59:46.518 0 0 I : show_stack+0x20/0x30
01-01 08:59:46.518 0 0 I : dump_stack+0xd8/0x12c
01-01 08:59:46.518 0 0 I : register_lock_class+0x4d0/0x5c8
01-01 08:59:46.518 0 0 I : __lock_acquire+0xbc/0x1e58
01-01 08:59:46.518 0 0 I : lock_acquire+0x1cc/0x218
01-01 08:59:46.518 0 0 I : _raw_spin_lock_irqsave+0x54/0x98
01-01 08:59:46.518 0 0 I : ion_system_secure_heap_prefetch_work+0x94/0x2c0
01-01 08:59:46.518 0 0 I : process_one_work+0x38c/0x660
01-01 08:59:46.518 0 0 I : worker_thread+0x268/0x4b8
01-01 08:59:46.518 0 0 I : kthread+0x140/0x150
01-01 08:59:46.518 0 0 I : ret_from_fork+0x10/0x1c
01-01 08:59:46.520 0 0 E : INFO: trying to register non-static key.
01-01 08:59:46.523 0 0 D cnss : Received QMI WLFW pin connect result indication
01-01 08:59:46.524 0 0 I cnss-daemon: wlfw_qmi_ind_cb: Receive Ind : 0x21
01-01 08:59:46.526 0 0 E : the code is fine but needs lockdep annotation.
01-01 08:59:46.526 0 0 I : CPU: 2 PID: 1641 Comm: kworker/u16:17 Tainted: G S O 4.19.157+ #1
01-01 08:59:46.526 0 0 I Hardware name: Qualcomm Technologies, Inc. kona MTP-RmPM8150b. VX1(MCE) EVT1 (DT)
01-01 08:59:46.526 0 0 I Workqueue: events_unbound ion_system_secure_heap_prefetch_work
01-01 08:59:46.526 0 0 I Call trace:
01-01 08:59:46.526 0 0 I : dump_backtrace+0x0/0x258
01-01 08:59:46.526 0 0 I : show_stack+0x20/0x30
01-01 08:59:46.526 0 0 I : dump_stack+0xd8/0x12c
01-01 08:59:46.526 0 0 I : register_lock_class+0x4d0/0x5c8
01-01 08:59:46.526 0 0 I : __lock_acquire+0xbc/0x1e58
01-01 08:59:46.526 0 0 I : lock_acquire+0x1cc/0x218
01-01 08:59:46.526 0 0 I : _raw_spin_lock_irqsave+0x54/0x98
01-01 08:59:46.526 0 0 I : ion_system_secure_heap_prefetch_work+0x94/0x2c0
01-01 08:59:46.526 0 0 I : process_one_work+0x38c/0x660
01-01 08:59:46.526 0 0 I : worker_thread+0x268/0x4b8
01-01 08:59:46.526 0 0 I : kthread+0x140/0x150
01-01 08:59:46.526 0 0 I : ret_from_fork+0x10/0x1c
01-01 08:59:46.528 0 0 E : INFO: trying to register non-static key.
01-01 08:59:46.531 0 0 I : Wifi Turning On from UI
01-01 08:59:46.532 0 0 D cnss : Pin connect Result: pwr_pin: 0x0 phy_io_pin: 0x0 rf_io_pin: 0x2b
01-01 08:59:46.537 0 0 E : the code is fine but needs lockdep annotation.
01-01 08:59:46.537 0 0 I : CPU: 2 PID: 1641 Comm: kworker/u16:17 Tainted: G S O 4.19.157+ #1
01-01 08:59:46.537 0 0 I Hardware name: Qualcomm Technologies, Inc. kona MTP-RmPM8150b. VX1(MCE) EVT1 (DT)
01-01 08:59:46.537 0 0 I Workqueue: events_unbound ion_system_secure_heap_prefetch_work
01-01 08:59:46.537 0 0 I Call trace:
01-01 08:59:46.537 0 0 I : dump_backtrace+0x0/0x258
01-01 08:59:46.537 0 0 I : show_stack+0x20/0x30
01-01 08:59:46.537 0 0 I : dump_stack+0xd8/0x12c
01-01 08:59:46.537 0 0 I : register_lock_class+0x4d0/0x5c8
01-01 08:59:46.537 0 0 I : __lock_acquire+0xbc/0x1e58
01-01 08:59:46.537 0 0 I : lock_acquire+0x1cc/0x218
01-01 08:59:46.537 0 0 I : _raw_spin_lock_irqsave+0x54/0x98
01-01 08:59:46.537 0 0 I : ion_system_secure_heap_prefetch_work+0x94/0x2c0
01-01 08:59:46.537 0 0 I : process_one_work+0x38c/0x660
01-01 08:59:46.537 0 0 I : worker_thread+0x268/0x4b8
01-01 08:59:46.537 0 0 I : kthread+0x140/0x150
01-01 08:59:46.537 0 0 I : ret_from_fork+0x10/0x1c
04-10 02:17:03.729 1015 1965 I stream_devices_changed: [6,0,1]
01-01 08:59:46.542 0 0 E : INFO: trying to register non-static key.
01-01 08:59:46.543 0 0 D cnss : Received QMI WLFW calibration done indication
01-01 08:59:46.548 0 0 E : the code is fine but needs lockdep annotation.
01-01 08:59:46.548 0 0 I : CPU: 4 PID: 1641 Comm: kworker/u16:17 Tainted: G S O 4.19.157+ #1
01-01 08:59:46.548 0 0 I Hardware name: Qualcomm Technologies, Inc. kona MTP-RmPM8150b. VX1(MCE) EVT1 (DT)
01-01 08:59:46.548 0 0 I Workqueue: events_unbound ion_system_secure_heap_prefetch_work
01-01 08:59:46.548 0 0 I Call trace:
01-01 08:59:46.548 0 0 I : dump_backtrace+0x0/0x258
01-01 08:59:46.548 0 0 I : show_stack+0x20/0x30
01-01 08:59:46.548 0 0 I : dump_stack+0xd8/0x12c
01-01 08:59:46.548 0 0 I : register_lock_class+0x4d0/0x5c8
01-01 08:59:46.548 0 0 I : __lock_acquire+0xbc/0x1e58
01-01 08:59:46.548 0 0 I : lock_acquire+0x1cc/0x218
01-01 08:59:46.548 0 0 I : _raw_spin_lock_irqsave+0x54/0x98
01-01 08:59:46.548 0 0 I : ion_system_secure_heap_prefetch_work+0x94/0x2c0
01-01 08:59:46.548 0 0 I : process_one_work+0x38c/0x660
01-01 08:59:46.548 0 0 I : worker_thread+0x268/0x4b8
01-01 08:59:46.548 0 0 I : kthread+0x140/0x150
01-01 08:59:46.548 0 0 I : ret_from_fork+0x10/0x1c
01-01 08:59:46.551 0 0 E : INFO: trying to register non-static key.
01-01 08:59:46.554 0 0 D cnss : Posting event: COLD_BOOT_CAL_DONE(6), state: 0xf flags: 0x0
01-01 08:59:46.559 0 0 E : the code is fine but needs lockdep annotation.
01-01 08:59:46.559 0 0 I : CPU: 4 PID: 1641 Comm: kworker/u16:17 Tainted: G S O 4.19.157+ #1
01-01 08:59:46.559 0 0 I Hardware name: Qualcomm Technologies, Inc. kona MTP-RmPM8150b. VX1(MCE) EVT1 (DT)
01-01 08:59:46.559 0 0 I Workqueue: events_unbound ion_system_secure_heap_prefetch_work
01-01 08:59:46.559 0 0 I Call trace:
01-01 08:59:46.559 0 0 I : dump_backtrace+0x0/0x258
01-01 08:59:46.559 0 0 I : show_stack+0x20/0x30
01-01 08:59:46.559 0 0 I : dump_stack+0xd8/0x12c
01-01 08:59:46.559 0 0 I : register_lock_class+0x4d0/0x5c8
01-01 08:59:46.559 0 0 I : __lock_acquire+0xbc/0x1e58
01-01 08:59:46.559 0 0 I : lock_acquire+0x1cc/0x218
01-01 08:59:46.559 0 0 I : _raw_spin_lock_irqsave+0x54/0x98
01-01 08:59:46.559 0 0 I : ion_system_secure_heap_prefetch_work+0x94/0x2c0
01-01 08:59:46.559 0 0 I : process_one_work+0x38c/0x660
01-01 08:59:46.559 0 0 I : worker_thread+0x268/0x4b8
01-01 08:59:46.559 0 0 I : kthread+0x140/0x150
01-01 08:59:46.559 0 0 I : ret_from_fork+0x10/0x1c
01-01 08:59:46.562 0 0 E : INFO: trying to register non-static key.
01-01 08:59:46.565 0 0 D cnss : PM stay awake, state: 0xf, count: 1
01-01 08:59:46.570 0 0 E : the code is fine but needs lockdep annotation.
01-01 08:59:46.570 0 0 I : CPU: 7 PID: 1641 Comm: kworker/u16:17 Tainted: G S O 4.19.157+ #1
01-01 08:59:46.570 0 0 I Hardware name: Qualcomm Technologies, Inc. kona MTP-RmPM8150b. VX1(MCE) EVT1 (DT)
01-01 08:59:46.570 0 0 I Workqueue: events_unbound ion_system_secure_heap_prefetch_work
01-01 08:59:46.570 0 0 I Call trace:
01-01 08:59:46.570 0 0 I : dump_backtrace+0x0/0x258
01-01 08:59:46.570 0 0 I : show_stack+0x20/0x30
01-01 08:59:46.570 0 0 I : dump_stack+0xd8/0x12c
01-01 08:59:46.570 0 0 I : register_lock_class+0x4d0/0x5c8
01-01 08:59:46.570 0 0 I : __lock_acquire+0xbc/0x1e58
01-01 08:59:46.570 0 0 I : lock_acquire+0x1cc/0x218
01-01 08:59:46.570 0 0 I : _raw_spin_lock_irqsave+0x54/0x98
01-01 08:59:46.570 0 0 I : ion_system_secure_heap_prefetch_work+0x94/0x2c0
01-01 08:59:46.570 0 0 I : process_one_work+0x38c/0x660
01-01 08:59:46.570 0 0 I : worker_thread+0x268/0x4b8
01-01 08:59:46.570 0 0 I : kthread+0x140/0x150
01-01 08:59:46.570 0 0 I : ret_from_fork+0x10/0x1c
01-01 08:59:46.572 0 0 E : INFO: trying to register non-static key.
01-01 08:59:46.576 0 0 D cnss : PM relax, state: 0xf, count: 0
01-01 08:59:46.580 0 0 E : the code is fine but needs lockdep annotation.
01-01 08:59:46.580 0 0 I : CPU: 7 PID: 1641 Comm: kworker/u16:17 Tainted: G S O 4.19.157+ #1
01-01 08:59:46.580 0 0 I Hardware name: Qualcomm Technologies, Inc. kona MTP-RmPM8150b. VX1(MCE) EVT1 (DT)
01-01 08:59:46.580 0 0 I Workqueue: events_unbound ion_system_secure_heap_prefetch_work
01-01 08:59:46.580 0 0 I Call trace:
01-01 08:59:46.580 0 0 I : dump_backtrace+0x0/0x258
01-01 08:59:46.580 0 0 I : show_stack+0x20/0x30
01-01 08:59:46.580 0 0 I : dump_stack+0xd8/0x12c
01-01 08:59:46.580 0 0 I : register_lock_class+0x4d0/0x5c8
01-01 08:59:46.580 0 0 I : __lock_acquire+0xbc/0x1e58
01-01 08:59:46.580 0 0 I : lock_acquire+0x1cc/0x218
01-01 08:59:46.580 0 0 I : _raw_spin_lock_irqsave+0x54/0x98
01-01 08:59:46.580 0 0 I : ion_system_secure_heap_prefetch_work+0x94/0x2c0
01-01 08:59:46.580 0 0 I : process_one_work+0x38c/0x660
01-01 08:59:46.580 0 0 I : worker_thread+0x268/0x4b8
01-01 08:59:46.580 0 0 I : kthread+0x140/0x150
01-01 08:59:46.580 0 0 I : ret_from_fork+0x10/0x1c
01-01 08:59:46.581 0 0 D cnss : PM stay awake, state: 0xf, count: 1
01-01 08:59:46.586 0 0 D cnss : Processing driver event: COLD_BOOT_CAL_DONE(6), state: 0xf
01-01 08:59:46.586 0 0 D cnss : Calibration completed successfully
01-01 08:59:46.586 0 0 D cnss : Sending mode message, mode: OFF(4), state: 0xf
01-01 08:59:46.588 0 0 E : INFO: trying to register non-static key.
01-01 08:59:46.589 0 0 D cnss : Received QMI WLFW FW ready indication
01-01 08:59:46.594 0 0 E : the code is fine but needs lockdep annotation.
01-01 08:59:46.594 0 0 I : CPU: 7 PID: 1641 Comm: kworker/u16:17 Tainted: G S O 4.19.157+ #1
01-01 08:59:46.594 0 0 I Hardware name: Qualcomm Technologies, Inc. kona MTP-RmPM8150b. VX1(MCE) EVT1 (DT)
01-01 08:59:46.594 0 0 I Workqueue: events_unbound ion_system_secure_heap_prefetch_work
01-01 08:59:46.594 0 0 I Call trace:
01-01 08:59:46.594 0 0 I : dump_backtrace+0x0/0x258
01-01 08:59:46.594 0 0 I : show_stack+0x20/0x30
01-01 08:59:46.594 0 0 I : dump_stack+0xd8/0x12c
01-01 08:59:46.594 0 0 I : register_lock_class+0x4d0/0x5c8
01-01 08:59:46.594 0 0 I : __lock_acquire+0xbc/0x1e58
01-01 08:59:46.594 0 0 I : lock_acquire+0x1cc/0x218
01-01 08:59:46.594 0 0 I : _raw_spin_lock_irqsave+0x54/0x98
01-01 08:59:46.594 0 0 I : ion_system_secure_heap_prefetch_work+0x94/0x2c0
01-01 08:59:46.594 0 0 I : process_one_work+0x38c/0x660
01-01 08:59:46.594 0 0 I : worker_thread+0x268/0x4b8
01-01 08:59:46.594 0 0 I : kthread+0x140/0x150
01-01 08:59:46.594 0 0 I : ret_from_fork+0x10/0x1c
01-01 08:59:46.597 0 0 I cnss-daemon: wlfw_qmi_err_cb: Server disconnect, err -2 client 0x2K
01-01 08:59:46.597 0 0 E : INFO: trying to register non-static key.
01-01 08:59:46.601 0 0 D cnss : Posting event: COLD_BOOT_CAL_DONE(6), state: 0xf flags: 0x0
01-01 08:59:46.604 0 0 E : the code is fine but needs lockdep annotation.
01-01 08:59:46.604 0 0 I : CPU: 7 PID: 1641 Comm: kworker/u16:17 Tainted: G S O 4.19.157+ #1
01-01 08:59:46.604 0 0 I Hardware name: Qualcomm Technologies, Inc. kona MTP-RmPM8150b. VX1(MCE) EVT1 (DT)
01-01 08:59:46.610 0 0 I Workqueue: events_unbound ion_system_secure_heap_prefetch_work
01-01 08:59:46.610 0 0 I Call trace:
01-01 08:59:46.610 0 0 I : dump_backtrace+0x0/0x258
01-01 08:59:46.610 0 0 I : show_stack+0x20/0x30
01-01 08:59:46.610 0 0 I : dump_stack+0xd8/0x12c
01-01 08:59:46.610 0 0 I : register_lock_class+0x4d0/0x5c8
01-01 08:59:46.610 0 0 I : __lock_acquire+0xbc/0x1e58
01-01 08:59:46.610 0 0 I : lock_acquire+0x1cc/0x218
01-01 08:59:46.610 0 0 I : _raw_spin_lock_irqsave+0x54/0x98
01-01 08:59:46.610 0 0 I : ion_system_secure_heap_prefetch_work+0x94/0x2c0
01-01 08:59:46.610 0 0 I : process_one_work+0x38c/0x660
01-01 08:59:46.610 0 0 I : worker_thread+0x268/0x4b8
01-01 08:59:46.610 0 0 I : kthread+0x140/0x150
01-01 08:59:46.610 0 0 I : ret_from_fork+0x10/0x1c
01-01 08:59:46.610 0 0 D cnss : WLFW server exiting
01-01 08:59:46.610 0 0 D cnss : Posting event: SERVER_EXIT(1), state: 0x2000f flags: 0x0
01-01 08:59:46.610 0 0 D cnss : Skip driver remove
01-01 08:59:46.611 0 0 D cnss : Read register offset 0x1f8031c, val = 0x2
01-01 08:59:46.611 0 0 D cnss : Write val 0x3 to register offset 0x1f8031c
01-01 08:59:46.614 0 0 E : INFO: trying to register non-static key.
01-01 08:59:46.614 0 0 D cnss : Setting MHI state: POWER_OFF(4)
01-01 08:59:46.619 0 0 E : the code is fine but needs lockdep annotation.
01-01 08:59:46.619 0 0 I : CPU: 7 PID: 1641 Comm: kworker/u16:17 Tainted: G S O 4.19.157+ #1
01-01 08:59:46.619 0 0 I Hardware name: Qualcomm Technologies, Inc. kona MTP-RmPM8150b. VX1(MCE) EVT1 (DT)
01-01 08:59:46.619 0 0 I Workqueue: events_unbound ion_system_secure_heap_prefetch_work
01-01 08:59:46.619 0 0 I Call trace:
01-01 08:59:46.619 0 0 I : dump_backtrace+0x0/0x258
01-01 08:59:46.619 0 0 I : show_stack+0x20/0x30
01-01 08:59:46.619 0 0 I : dump_stack+0xd8/0x12c
01-01 08:59:46.619 0 0 I : register_lock_class+0x4d0/0x5c8
01-01 08:59:46.619 0 0 I : __lock_acquire+0xbc/0x1e58
01-01 08:59:46.619 0 0 I : lock_acquire+0x1cc/0x218
01-01 08:59:46.619 0 0 I : _raw_spin_lock_irqsave+0x54/0x98
01-01 08:59:46.619 0 0 I : ion_system_secure_heap_prefetch_work+0x94/0x2c0
01-01 08:59:46.619 0 0 I : process_one_work+0x38c/0x660
01-01 08:59:46.619 0 0 I : worker_thread+0x268/0x4b8
01-01 08:59:46.619 0 0 I : kthread+0x140/0x150
01-01 08:59:46.619 0 0 I : ret_from_fork+0x10/0x1c
01-01 08:59:46.622 0 0 E : INFO: trying to register non-static key.
01-01 08:59:46.630 0 0 E : the code is fine but needs lockdep annotation.
01-01 08:59:46.636 0 0 I : CPU: 7 PID: 1641 Comm: kworker/u16:17 Tainted: G S O 4.19.157+ #1
01-01 08:59:46.636 0 0 I Hardware name: Qualcomm Technologies, Inc. kona MTP-RmPM8150b. VX1(MCE) EVT1 (DT)
01-01 08:59:46.636 0 0 I Workqueue: events_unbound ion_system_secure_heap_prefetch_work
01-01 08:59:46.636 0 0 I Call trace:
01-01 08:59:46.636 0 0 I : dump_backtrace+0x0/0x258
01-01 08:59:46.636 0 0 I : show_stack+0x20/0x30
01-01 08:59:46.636 0 0 I : dump_stack+0xd8/0x12c
01-01 08:59:46.636 0 0 I : register_lock_class+0x4d0/0x5c8
01-01 08:59:46.636 0 0 I : __lock_acquire+0xbc/0x1e58
01-01 08:59:46.636 0 0 I : lock_acquire+0x1cc/0x218
01-01 08:59:46.636 0 0 I : _raw_spin_lock_irqsave+0x54/0x98
01-01 08:59:46.636 0 0 I : ion_system_secure_heap_prefetch_work+0x94/0x2c0
01-01 08:59:46.636 0 0 I : process_one_work+0x38c/0x660
01-01 08:59:46.636 0 0 I : worker_thread+0x268/0x4b8
01-01 08:59:46.636 0 0 I : kthread+0x140/0x150
01-01 08:59:46.636 0 0 I : ret_from_fork+0x10/0x1c
01-01 08:59:46.638 0 0 E : INFO: trying to register non-static key.
01-01 08:59:46.643 0 0 E : the code is fine but needs lockdep annotation.
01-01 08:59:46.649 0 0 I : CPU: 7 PID: 1641 Comm: kworker/u16:17 Tainted: G S O 4.19.157+ #1
