04-10 02:17:11.085 548 557 D DrmLibTime: QSEE Time Listener: get_utc_seconds
04-10 02:17:11.085 548 557 D DrmLibTime: QSEE Time Listener: time_get_modem_time
04-10 02:17:11.085 548 557 D DrmLibTime: QSEE Time Listener: Checking if ATS_MODEM is set or not.
04-10 02:17:11.085 548 557 D QC-time-services: Lib:time_genoff_operation: pargs->base = 13
04-10 02:17:11.085 548 557 D QC-time-services: Lib:time_genoff_operation: pargs->operation = 2
04-10 02:17:11.085 548 557 D QC-time-services: Lib:time_genoff_operation: pargs->ts_val = 0
04-10 02:17:11.086 548 557 D QC-time-services: Lib:time_genoff_operation: Send to server passed!!
04-10 02:17:11.086 648 1031 D QC-time-services: Daemon: Connection accepted:time_genoff
04-10 02:17:11.087 1015 2898 I dvm_lock_sample: [system_server,1,Binder:1015_B,14,PackageManagerService.java,6028,com.android.server.pm.PackageManagerService$Computer com.android.server.pm.PackageManagerService.snapshotComputer(),-,6050,com.android.server.pm.PackageManagerService$Computer com.android.server.pm.PackageManagerService.snapshotComputer(),2]
04-10 02:17:11.088 1015 2898 I am_uid_running: 10077
04-10 02:17:11.089 1015 2898 D CompatibilityChangeReporter: Compat change id reported: 135634846; UID 10077; state: DISABLED
04-10 02:17:11.089 1015 2898 D CompatibilityChangeReporter: Compat change id reported: 177438394; UID 10077; state: DISABLED
04-10 02:17:11.089 1015 2898 D CompatibilityChangeReporter: Compat change id reported: 135772972; UID 10077; state: DISABLED
04-10 02:17:11.089 1015 2898 D CompatibilityChangeReporter: Compat change id reported: 135754954; UID 10077; state: ENABLED
04-10 02:17:11.091 1015 1173 I sysui_multi_action: [757,803,799,window_time_0,802,12]
04-10 02:17:11.091 2927 2964 D XTProxy : setNppLoaded
04-10 02:17:11.092 648 3070 D QC-time-services: Daemon:Received base = 13, unit = 1, operation = 2,value = 0
04-10 02:17:11.092 648 3070 D QC-time-services: Daemon:genoff_opr: Base = 13, val = 0, operation = 2
04-10 02:17:11.092 648 3070 D QC-time-services: offset is: 0 for base: 13
04-10 02:17:11.092 548 557 E QC-time-services: Receive Passed == base = 13, unit = 1, operation = 2, result = 0
04-10 02:17:11.092 548 557 D DrmLibTime: QSEE Time Listener: ATS_MODEM is not set. Fallback to Android system time.
04-10 02:17:11.092 548 557 D DrmLibTime: QSEE Time Listener: Retrieved Android system time: 1681064231
04-10 02:17:11.092 548 557 D DrmLibTime: time_getutcsec returns 0, sec = 1681064231; nsec = 0
04-10 02:17:11.092 548 557 D DrmLibTime: time_getutcsec finished!
04-10 02:17:11.092 548 557 D DrmLibTime: iotcl_continue_command finished! and return 0
04-10 02:17:11.092 548 557 D DrmLibTime: before calling ioctl to read the next time_cmd
01-01 08:59:54.023 0 0 I zram0 : detected capacity change from 0 to 4294967296
01-01 08:59:54.039 0 0 I binder : 2340:2340 ioctl 40046210 7ff41bd174 returned -22
04-10 02:17:11.093 1015 1170 D CompatibilityInfo: mCompatibilityFlags - 4
04-10 02:17:11.093 1015 1170 D CompatibilityInfo: applicationDensity - 240
04-10 02:17:11.093 1015 1170 D CompatibilityInfo: applicationScale - 1.0
04-10 02:17:11.093 648 1031 E QC-time-services: Daemon: Time-services: Waiting to acceptconnection
04-10 02:17:11.094 2927 2927 D IzatProvider: getFusedProvider
04-10 02:17:11.095 2927 2927 D IzatProvider: getFusedProvider finish
04-10 02:17:11.096 2927 2927 D IzatProvider_fused: location provider loaded
04-10 02:17:11.102 2927 2964 D IzatProvider_network: [onEnableProvider][671] [HC] =>> [HS]
04-10 02:17:11.103 933 933 V LocSvc_HIDL_IzatProvider: [onEnable][169] [HS] <<<<= [HC]
04-10 02:17:11.107 933 933 V LocSvc_HIDL_HidlGnss: [getExtensionLocHidlFlpService_4_0][512] [HS] <<<<= [HC]
04-10 02:17:11.097 1015 1170 I ServiceWatcher: [network] connected to {com.qualcomm.location/com.qualcomm.location.izatprovider.NetworkLocationService}
04-10 02:17:11.109 1015 1015 I AccountManagerService: User 0 is unlocked - opening CE database
04-10 02:17:11.109 1015 1816 D CompatibilityInfo: mCompatibilityFlags - 4
04-10 02:17:11.109 1015 1816 D CompatibilityInfo: applicationDensity - 240
04-10 02:17:11.109 1015 1816 D CompatibilityInfo: applicationScale - 1.0
04-10 02:17:11.110 933 933 V LocSvc_HIDL_HidlGnss: [getExtensionLocHidlFlpService_4_0][512] [HS] <<<<= [HC]
04-10 02:17:11.113 1015 2172 I am_proc_bound: [0,3044,com.hht.lebocast]
04-10 02:17:11.115 1015 2172 D CompatibilityChangeReporter: Compat change id reported: 168419799; UID 10085; state: DISABLED
04-10 02:17:11.115 1015 2172 D CompatibilityInfo: mCompatibilityFlags - 4
04-10 02:17:11.115 1015 2172 D CompatibilityInfo: applicationDensity - 240
04-10 02:17:11.115 1015 2172 D CompatibilityInfo: applicationScale - 1.0
04-10 02:17:11.119 1015 1170 I ServiceWatcher: [fused] connected to {com.qualcomm.location/com.qualcomm.location.izatprovider.FusedLocationService}
04-10 02:17:11.120 1015 2172 I am_uid_active: 10085
04-10 02:17:11.121 505 3069 W libc : Unable to set property "ctl.interface_start" to "vendor.qti.hardware.iop@2.0::IIop/default": error code: 0x20
04-10 02:17:11.121 505 3069 I hwservicemanager: Tried to start vendor.qti.hardware.iop@2.0::IIop/default as a lazy service, but was unable to. Usually this happens when a service is not installed, but if the service is intended to be used as a lazy service, then it may be configured incorrectly.
04-10 02:17:11.135 2924 3037 I adbd : USB event: FUNCTIONFS_BIND
04-10 02:17:11.136 1015 3020 V BackupManagerConstants: getKeyValueBackupIntervalMilliseconds(...) returns 14400000
01-01 08:59:54.064 0 0 I binder : 3078:3078 ioctl 40046210 7ff41be1f4 returned -22
04-10 02:17:11.136 1015 3020 V BackupManagerConstants: getKeyValueBackupFuzzMilliseconds(...) returns 600000
04-10 02:17:11.136 1015 3020 V BackupManagerConstants: getKeyValueBackupRequiredNetworkType(...) returns 1
04-10 02:17:11.136 1015 3020 V BackupManagerConstants: getKeyValueBackupRequireCharging(...) returns true
04-10 02:17:11.136 1015 3020 V KeyValueBackupJob: Scheduling k/v pass in 247 minutes
04-10 02:17:11.137 1015 1986 V BackupManagerService: [UserID:0] No ancestral data
04-10 02:17:11.140 2999 2999 I Perf : Connecting to perf service.
04-10 02:17:11.156 3044 3044 D CompatibilityChangeReporter: Compat change id reported: 171979766; UID 10085; state: ENABLED
04-10 02:17:11.161 933 933 V LocSvc_HIDL_FlpService: [init_4_0][122] [HS] <<<<= [HC]
04-10 02:17:11.162 676 676 D Zygote : Forked child process 3078
01-01 08:59:54.086 0 0 I android_work: sent uevent USB_STATE=DISCONNECTED
01-01 08:59:54.120 0 0 E msm-dwc3 a600000.ssusb: Could not get usb psy
01-01 08:59:54.146 0 0 I [schedu][0x43c95b29][02:17:11.335596] wlan: [2631:I:OSIF] vdev 0, scan id 40961 type COMPLETED(1) reason COMPLETED(1) scan found 28 bss
01-01 08:59:54.229 0 0 I binder : 2733:3080 ioctl 40046210 70adc90254 returned -22
01-01 08:59:54.229 0 0 W QSEECOM : __qseecom_unload_app: App (9) is unloaded
01-01 08:59:54.231 0 0 D qbt : qbt_release: entry minor_no=0 fd_available=0
01-01 08:59:54.231 0 0 D qbt : qbt_release: Releasing wakelock
01-01 08:59:54.231 0 0 D qbt : qbt_release: exit : fd_available=1
01-01 08:59:54.231 0 0 D qbt : qbt_release: entry minor_no=1 fd_available=1
01-01 08:59:54.231 0 0 D qbt : qbt_release: exit : fd_available=1
01-01 08:59:54.303 0 0 I devfreq-qcom-fw 18590000.qcom,devfreq-l3: qcom,cdsp-cdsp-l3-lat: Successfully started CDSP L3 governor
01-01 08:59:54.325 0 0 I : Adding 4194300k swap on /dev/block/zram0. Priority:32758 extents:1 across:4194300k SS
01-01 08:59:54.335 0 0 I android_work: did not send uevent (0 0 0000000000000000)
01-01 08:59:54.342 0 0 I : read descriptors
01-01 08:59:54.342 0 0 I : read strings
01-01 08:59:54.359 0 0 I binder : 3078:3078 ioctl 40046210 7ff41bcca4 returned -22
01-01 08:59:54.372 0 0 I binder : 3118:3118 ioctl 40046210 7ff41be1f4 returned -22
04-10 02:17:11.163 1015 1192 W ActivityManager: Slow operation: 415ms so far, now at startProcess: returned from zygote!
04-10 02:17:11.163 1015 1192 W ActivityManager: Slow operation: 416ms so far, now at startProcess: done updating battery stats
04-10 02:17:11.163 1015 1192 I am_proc_start: [0,3078,10055,ts.car.uart,added application,ts.car.uart]
04-10 02:17:11.163 1015 1192 W ActivityManager: Slow operation: 416ms so far, now at startProcess: building log message
04-10 02:17:11.163 1015 1192 I ActivityManager: Start proc 3078:ts.car.uart/u0a55 for added application ts.car.uart
04-10 02:17:11.163 1015 1192 W ActivityManager: Slow operation: 416ms so far, now at startProcess: starting to update pids map
04-10 02:17:11.164 1015 3020 D ConnectivityService: requestNetwork for uid/pid:1000/1015 activeRequest: null callbackRequest: 28 [NetworkRequest [ REQUEST id=29, [ Capabilities: INTERNET&NOT_RESTRICTED&TRUSTED&NOT_VCN_MANAGED Uid: 1000 RequestorUid: 1000 RequestorPkg: android] ]] callback flags: 0 priority: 2147483647
04-10 02:17:11.165 2999 2999 V GraphicsEnvironment: ANGLE Developer option for 'com.qualcomm.qtil.aptxui' set to: 'default'
04-10 02:17:11.167 2999 2999 V GraphicsEnvironment: ANGLE GameManagerService for com.qualcomm.qtil.aptxui: false
04-10 02:17:11.167 1015 1946 D ConnectivityService: NetReassign [no changes]
04-10 02:17:11.169 1015 1192 W ActivityManager: Slow operation: 416ms so far, now at startProcess: done updating pids map
04-10 02:17:11.169 1015 1192 W ActivityManager: Slow operation: 421ms so far, now at startProcess: asking zygote to start proc
04-10 02:17:11.171 1015 1187 I UsageStatsService: User[0] Rollover scheduled @ 2023-04-11 01:21:39(1681147299433)
04-10 02:17:11.172 1015 1187 I UsageStatsService: Time changed in by 1681060637 seconds
04-10 02:17:11.174 1015 1919 D WifiNetworkFactory: got request NetworkRequest [ REQUEST id=29, [ Capabilities: INTERNET&NOT_RESTRICTED&TRUSTED&NOT_VCN_MANAGED Uid: 1000 RequestorUid: 1000 RequestorPkg: android] ]
04-10 02:17:11.174 1015 1919 D UntrustedWifiNetworkFactory: got request NetworkRequest [ REQUEST id=29, [ Capabilities: INTERNET&NOT_RESTRICTED&TRUSTED&NOT_VCN_MANAGED Uid: 1000 RequestorUid: 1000 RequestorPkg: android] ]
04-10 02:17:11.174 1015 1919 D OemPaidWifiNetworkFactory: got request NetworkRequest [ REQUEST id=29, [ Capabilities: INTERNET&NOT_RESTRICTED&TRUSTED&NOT_VCN_MANAGED Uid: 1000 RequestorUid: 1000 RequestorPkg: android] ]
04-10 02:17:11.176 1015 2029 D Ethernet: got request NetworkRequest [ REQUEST id=29, [ Capabilities: INTERNET&NOT_RESTRICTED&TRUSTED&NOT_VCN_MANAGED Uid: 1000 RequestorUid: 1000 RequestorPkg: android] ]
04-10 02:17:11.176 1015 2029 D EthernetNetworkFactory: acceptRequest, request: NetworkRequest [ REQUEST id=29, [ Capabilities: INTERNET&NOT_RESTRICTED&TRUSTED&NOT_VCN_MANAGED Uid: 1000 RequestorUid: 1000 RequestorPkg: android] ]
04-10 02:17:11.176 1015 2029 I EthernetNetworkFactory: networkForRequest, request: NetworkRequest [ REQUEST id=29, [ Capabilities: INTERNET&NOT_RESTRICTED&TRUSTED&NOT_VCN_MANAGED Uid: 1000 RequestorUid: 1000 RequestorPkg: android] ], network: null
04-10 02:17:11.179 2999 2999 D NetworkSecurityConfig: No Network Security Config specified, using platform default
04-10 02:17:11.180 2999 2999 D NetworkSecurityConfig: No Network Security Config specified, using platform default
04-10 02:17:11.180 1015 1187 I UsageStatsService: User[0] Flushing usage stats to disk
04-10 02:17:11.180 2733 2733 D CompatibilityChangeReporter: Compat change id reported: 160794467; UID 10071; state: ENABLED
04-10 02:17:11.187 2999 2999 I aptxuiApplication: mQssEnabled: false
04-10 02:17:11.187 2999 2999 I aptxuiApplication: aptxui (aptX UI app) Version Name: 4.0.6
04-10 02:17:11.188 2999 2999 I aptxuiApplication: aptxui (aptX UI app) Package Name: com.qualcomm.qtil.aptxui
04-10 02:17:11.188 2999 2999 D aptxuiApplication: creation complete
04-10 02:17:11.192 1015 2088 D CompatibilityInfo: mCompatibilityFlags - 4
04-10 02:17:11.192 1015 2088 D CompatibilityInfo: applicationDensity - 240
04-10 02:17:11.192 1015 2088 D CompatibilityInfo: applicationScale - 1.0
04-10 02:17:11.194 3072 3072 I ThermalEngine: Thermal daemon started
04-10 02:17:11.196 3072 3072 E ThermalEngine: Unknown target identified with soc id 481
04-10 02:17:11.196 3072 3072 I ThermalEngine: No target config file, falling back to '/vendor/etc/thermal-engine.conf'
04-10 02:17:11.197 2927 2964 D FlpServiceProvider: location mode change: true
04-10 02:17:11.197 2927 2964 D EsStatusReceiver: LOCHIDL version is lower than 4.1, or use LOCAIDL, initialize AFW client
04-10 02:17:11.201 1015 1015 W Looper : Slow dispatch took 140ms main h=android.app.ActivityThread$H c=android.app.LoadedApk$ReceiverDispatcher$Args$$ExternalSyntheticLambda0@bad0766 m=0
04-10 02:17:11.204 505 505 I hwservicemanager: Since vendor.qti.hardware.iop@2.0::IIop/default is not registered, trying to start it as a lazy HAL.
04-10 02:17:11.205 1325 1325 E ANDR-IOP: IIop:: Iop HAL Service is not available.
04-10 02:17:11.212 1015 2058 D DisplayPowerController[0]: requestPowerState: policy=BRIGHT, useProximitySensor=false, screenBrightnessOverride=NaN, useAutoBrightness=true, screenAutoBrightnessAdjustmentOverride=NaN, screenLowPowerBrightnessFactor=1.0, blockScreenOn=false, lowPowerMode=false, boostScreenBrightness=false, dozeScreenBrightness=NaN, dozeScreenState=UNKNOWN, waitForNegativeProximity=false
04-10 02:17:11.212 1015 2058 D PowerManagerNotifier: onScreenPolicyUpdate: newPolicy=3
04-10 02:17:11.212 1015 2058 D PowerManagerNotifier: onWakeLockAcquired: flags=1, tag="SyncLoopWakeLock", packageName=android, ownerUid=1000, ownerPid=1015, workSource=null
04-10 02:17:11.213 1015 2087 D CompatibilityChangeReporter: Compat change id reported: 168419799; UID 10058; state: DISABLED
04-10 02:17:11.213 1015 2087 D CompatibilityInfo: mCompatibilityFlags - 4
04-10 02:17:11.213 1015 2087 D CompatibilityInfo: applicationDensity - 240
04-10 02:17:11.213 1015 2087 D CompatibilityInfo: applicationScale - 1.0
04-10 02:17:11.216 2999 2999 I aptxuiService: onBind: Intent { act=com.qualcomm.qtil.aptxui.aptxuiService cmp=com.qualcomm.qtil.aptxui/.aptxuiService }
04-10 02:17:11.222 1015 2898 D CompatibilityInfo: mCompatibilityFlags - 4
04-10 02:17:11.222 1015 2898 D CompatibilityInfo: applicationDensity - 240
04-10 02:17:11.222 1015 2898 D CompatibilityInfo: applicationScale - 1.0
04-10 02:17:11.226 1015 2172 D CompatibilityChangeReporter: Compat change id reported: 168419799; UID 1000; state: DISABLED
04-10 02:17:11.226 1015 2172 D CompatibilityInfo: mCompatibilityFlags - 4
04-10 02:17:11.226 1015 2172 D CompatibilityInfo: applicationDensity - 240
04-10 02:17:11.226 1015 2172 D CompatibilityInfo: applicationScale - 1.0
04-10 02:17:11.228 2340 2340 D hw-ProcessState: Binder ioctl to enable oneway spam detection failed: Invalid argument
04-10 02:17:11.229 1015 2058 I SyncManager: Loaded persisted syncs: 0 periodic syncs, 0 oneshot syncs, 17 total system server jobs, JobStats: FirstLoad: 6/5/0 LastSave: -1/-1/-1
04-10 02:17:11.229 1015 2058 D PowerManagerNotifier: onWakeLockReleased: flags=1, tag="SyncLoopWakeLock", packageName=android, ownerUid=1000, ownerPid=1015, workSource=null
04-10 02:17:11.230 1015 2058 D DisplayPowerController[0]: requestPowerState: policy=BRIGHT, useProximitySensor=false, screenBrightnessOverride=NaN, useAutoBrightness=true, screenAutoBrightnessAdjustmentOverride=NaN, screenLowPowerBrightnessFactor=1.0, blockScreenOn=false, lowPowerMode=false, boostScreenBrightness=false, dozeScreenBrightness=NaN, dozeScreenState=UNKNOWN, waitForNegativeProximity=false
04-10 02:17:11.230 1015 2058 D PowerManagerNotifier: onScreenPolicyUpdate: newPolicy=3
04-10 02:17:11.231 1015 1077 D CompatibilityChangeReporter: Compat change id reported: 157233955; UID 10072; state: DISABLED
04-10 02:17:11.232 2520 2520 W ContextImpl: Calling a method in the system process without a qualified user: android.app.ContextImpl.startService:1816 android.content.ContextWrapper.startService:774 android.content.ContextWrapper.startService:774 vendor.qti.qesdk.sysservice.QesdkSysReceiver.onReceive:42 android.app.ActivityThread.handleReceiver:4309
04-10 02:17:11.239 2999 2999 I aptxuiApplication: onServiceConnected: ComponentInfo{com.qualcomm.qtil.aptxui/com.qualcomm.qtil.aptxui.aptxuiService}
04-10 02:17:11.246 2340 2340 I HidlServiceManagement: Registered vendor.qti.hardware.cacert@1.0::IService/default
04-10 02:17:11.247 2340 2340 I android_os_HwBinder: HwBinder: Starting thread pool for default
04-10 02:17:11.248 1015 2898 D CompatibilityInfo: mCompatibilityFlags - 4
04-10 02:17:11.248 1015 2898 D CompatibilityInfo: applicationDensity - 240
04-10 02:17:11.248 1015 2898 D CompatibilityInfo: applicationScale - 1.0
04-10 02:17:11.248 503 503 I lowmemorykiller: lmkd data connection established
04-10 02:17:11.252 2924 2936 I adbd : jdwp connection from 3078
04-10 02:17:11.253 1015 2087 W BroadcastQueue: Background execution not allowed: receiving Intent { act=android.intent.action.INPUT_METHOD_CHANGED flg=0x20000010 (has extras) } to com.baidu.input/.switchguide.InputMethodChangedReceiver
04-10 02:17:11.254 2927 2964 D FlpServiceProvider: MSG_UPDATE_HIGHPOWER_MONITOR
04-10 02:17:11.254 3078 3078 D ProcessState: Binder ioctl to enable oneway spam detection failed: Invalid argument
04-10 02:17:11.261 650 660 I mpu_uart: [MSG-P:RECV]:No message received in 1000 ms
04-10 02:17:11.263 2733 3080 I AdrenoGLES-0: QUALCOMM build : 47421dbee6, I139f36ad46
04-10 02:17:11.263 2733 3080 I AdrenoGLES-0: Build Date : 02/18/22
04-10 02:17:11.263 2733 3080 I AdrenoGLES-0: OpenGL ES Shader Compiler Version: EV031.32.02.17
04-10 02:17:11.263 2733 3080 I AdrenoGLES-0: Local Branch :
04-10 02:17:11.263 2733 3080 I AdrenoGLES-0: Remote Branch :
04-10 02:17:11.263 2733 3080 I AdrenoGLES-0: Remote Branch :
04-10 02:17:11.263 2733 3080 I AdrenoGLES-0: Reconstruct Branch :
04-10 02:17:11.263 2733 3080 I AdrenoGLES-0: Build Config : S P 10.0.7 AArch64
04-10 02:17:11.263 2733 3080 I AdrenoGLES-0: Driver Path : /vendor/lib64/egl/libGLESv2_adreno.so
04-10 02:17:11.272 505 505 I hwservicemanager: getTransport: Cannot find entry android.hardware.graphics.mapper@4.0::IMapper/default in either framework or device VINTF manifest.
04-10 02:17:11.280 1015 1191 I am_uid_running: 10035
04-10 02:17:11.281 1015 1191 D CompatibilityChangeReporter: Compat change id reported: 135634846; UID 10035; state: DISABLED
04-10 02:17:11.281 1015 1191 D CompatibilityChangeReporter: Compat change id reported: 177438394; UID 10035; state: DISABLED
04-10 02:17:11.281 1015 1191 D CompatibilityChangeReporter: Compat change id reported: 135772972; UID 10035; state: DISABLED
04-10 02:17:11.281 1015 1191 D CompatibilityChangeReporter: Compat change id reported: 135754954; UID 10035; state: ENABLED
04-10 02:17:11.282 1015 2172 E ActivityManager: Sending non-protected broadcast android.location.HIGH_POWER_REQUEST_CHANGE from system 2927:com.qualcomm.location/u0a72 pkg com.qualcomm.location
04-10 02:17:11.282 1015 2172 E ActivityManager: java.lang.Throwable
04-10 02:17:11.282 1015 2172 E ActivityManager: at com.android.server.am.ActivityManagerService.checkBroadcastFromSystem(ActivityManagerService.java:12877)
04-10 02:17:11.282 1015 2172 E ActivityManager: at com.android.server.am.ActivityManagerService.broadcastIntentLocked(ActivityManagerService.java:13572)
04-10 02:17:11.282 1015 2172 E ActivityManager: at com.android.server.am.ActivityManagerService.broadcastIntentLocked(ActivityManagerService.java:12894)
04-10 02:17:11.282 1015 2172 E ActivityManager: at com.android.server.am.ActivityManagerService.broadcastIntentWithFeature(ActivityManagerService.java:13729)
04-10 02:17:11.282 1015 2172 E ActivityManager: at android.app.IActivityManager$Stub.onTransact(IActivityManager.java:2326)
04-10 02:17:11.282 1015 2172 E ActivityManager: at com.android.server.am.ActivityManagerService.onTransact(ActivityManagerService.java:2528)
04-10 02:17:11.282 1015 2172 E ActivityManager: at android.os.Binder.execTransactInternal(Binder.java:1179)
04-10 02:17:11.282 1015 2172 E ActivityManager: at android.os.Binder.execTransact(Binder.java:1143)
04-10 02:17:11.287 1015 1191 I am_wtf : [0,1015,system_server,-1,ActivityManager,Sending non-protected broadcast android.location.HIGH_POWER_REQUEST_CHANGE from system 2927:com.qualcomm.location/u0a72 pkg com.qualcomm.location]
04-10 02:17:11.287 1015 1015 V NotificationAssistants: 0 notification assistant service connected: ComponentInfo{android.ext.services/android.ext.services.notification.Assistant}
04-10 02:17:11.302 1015 1986 I BackupManagerService: isBackupEnabled() => false due to absent settings file
04-10 02:17:11.303 1015 1986 D BackupManagerService: user:0 readBackupEnableState enabled:false
04-10 02:17:11.303 1015 1986 I BackupManagerService: [UserID:0] Backup enabled => false
04-10 02:17:11.319 2733 3080 I AdrenoGLES-0: PFP: 0x016dd093, ME: 0x00000000
04-10 02:17:11.321 504 504 I servicemanager: Found vendor.qti.qesdsys.IQesdSys/default in framework VINTF manifest.
04-10 02:17:11.329 505 3083 W libc : Unable to set property "ctl.interface_start" to "vendor.qti.hardware.iop@2.0::IIop/default": error code: 0x20
04-10 02:17:11.329 505 3083 I hwservicemanager: Tried to start vendor.qti.hardware.iop@2.0::IIop/default as a lazy service, but was unable to. Usually this happens when a service is not installed, but if the service is intended to be used as a lazy service, then it may be configured incorrectly.
04-10 02:17:11.331 1439 2957 D LOWI-9.0.0.87.a: [LOWI-Scan] wait_event:Wait done with Cmd 34
04-10 02:17:11.331 1439 2957 D LOWI-9.0.0.87.a: [LOWI-Scan] do_listen_events: Rcvd valid Netlink Cmd 34 Err 0
04-10 02:17:11.331 1015 1191 I service_manager_slow: [44,dropbox]
04-10 02:17:11.333 1015 1015 W Looper : Drained
04-10 02:17:11.334 3078 3078 I service_manager_slow: [55,activity]
04-10 02:17:11.335 1480 3016 E QFP : qfpCommand: error from send_command_to_tz: 0, QFP result -11 on (0 0)
04-10 02:17:11.335 1480 3016 I QFP : close: close, usecase 3 options 0
04-10 02:17:11.335 1480 3016 I QFP : closeHandle: closeHandle (0 0)
04-10 02:17:11.337 1015 2172 I am_proc_bound: [0,3078,ts.car.uart]
04-10 02:17:11.339 1015 2172 D CompatibilityChangeReporter: Compat change id reported: 168419799; UID 10055; state: DISABLED
04-10 02:17:11.339 1015 2172 D CompatibilityInfo: mCompatibilityFlags - 4
04-10 02:17:11.339 1015 2172 D CompatibilityInfo: applicationDensity - 240
04-10 02:17:11.339 1015 2172 D CompatibilityInfo: applicationScale - 1.0
04-10 02:17:11.342 1015 2172 I am_uid_active: 10055
04-10 02:17:11.346 1015 2087 D WifiNl80211Manager: Scan result ready event
04-10 02:17:11.346 1015 2087 D WifiNative: Scan result ready event
04-10 02:17:11.351 849 2821 I vendor.qti.bluetooth@1.0-ibs_handler: DeviceSleep: TX Awake, Sending SLEEP_IND
04-10 02:17:11.352 849 2821 D vendor.qti.bluetooth@1.0-ibs_handler: SerialClockVote: vote for UART CLK OFF
04-10 02:17:11.359 1480 3016 D QSEECOMAPI: QSEECom_dealloc_memory
04-10 02:17:11.359 1480 3016 D QSEECOMAPI: QSEECom_shutdown_app, app_id = 9
04-10 02:17:11.373 2733 3080 D libEGL : MSAA-->msaa:0 gamemode:0 4x_msaa:0
04-10 02:17:11.373 2733 3080 D libEGL : MSAA-->msaa:0 gamemode:0 4x_msaa:0
04-10 02:17:11.373 2733 3080 D libEGL : MSAA-->msaa:0 gamemode:0 4x_msaa:0
04-10 02:17:11.378 3078 3078 D CompatibilityChangeReporter: Compat change id reported: 171979766; UID 10055; state: DISABLED
04-10 02:17:11.389 503 503 I lowmemorykiller: Using psi monitors for memory pressure detection
04-10 02:17:11.389 503 503 I lowmemorykiller: Properties reinitilized
04-10 02:17:11.390 3066 3066 I lowmemorykiller: lmkd updated properties successfully
04-10 02:17:11.391 503 503 I lowmemorykiller: lmkd data connection dropped
04-10 02:17:11.391 503 503 I lowmemorykiller: closing lmkd data connection
04-10 02:17:11.396 1015 1933 W IE_Capabilities: Unknown RSN cipher suite: 6ac0f00
04-10 02:17:11.399 1439 2957 D LOWI-9.0.0.87.a: [LOWI-Scan]
04-10 02:17:11.399 1439 2957 D LOWI-9.0.0.87.a: [LOWI-Scan] print_bss_handler: Report beacon TSF 51334022 as it greater than probe TSF 51334022
04-10 02:17:11.399 1439 2957 D LOWI-9.0.0.87.a: [LOWI-Scan] decode_rsn_wpa_ie: LOWI_ENCRYPTION_TYPE_WPA_PSK
04-10 02:17:11.399 1439 2957 D LOWI-9.0.0.87.a: [LOWI-Scan] is_qcom_ie, bss_age: 0
04-10 02:17:11.399 1439 2957 D LOWI-9.0.0.87.a: [LOWI-Scan] BSS ec:88:8f:86:24:e0 LOWI_PHY_MODE_11NG_HT40(7), Beacon Interval: 100, LOWI_ENCRYPTION_TYPE_WPA_PSK 11mcRanging: No, ANQP: No, LCI: No, Civic: No, capability(0x0531): ESS Privacy ShortPreamble SpectrumMgmt ShortSlotTime
04-10 02:17:11.400 1439 2957 D LOWI-9.0.0.87.a: [LOWI-Scan] BSS ec:88:8f:86:24:e0 FREQ: 2412, cFreq1[40:80:160] = [2422:0:0] cFreq2 = 0 Country Code = US
04-10 02:17:11.400 1439 2957 D LOWI-9.0.0.87.a: [LOWI-Scan] BSS ec:88:8f:86:24:e0 (wlan0) ASSO: NO AddInfo: 0x1, TSF 0, 00:00:51.334, RSSI: -172, CPL: 127, AGE: 1232, SSID FW_XTS, TSFDelta: 0xfa9fedb3, TXRate: 0
04-10 02:17:11.400 1439 2957 D LOWI-9.0.0.87.a: [LOWI-Scan]
04-10 02:17:11.400 1439 2957 D LOWI-9.0.0.87.a: [LOWI-Scan] print_bss_handler: Report beacon TSF 51406425 as it greater than probe TSF 51406425
04-10 02:17:11.400 1439 2957 D LOWI-9.0.0.87.a: [LOWI-Scan] decode_rsn_wpa_ie: LOWI_ENCRYPTION_TYPE_WPA_PSK
04-10 02:17:11.400 1439 2957 D LOWI-9.0.0.87.a: [LOWI-Scan] is_qcom_ie, bss_age: 0
04-10 02:17:11.400 1439 2957 D LOWI-9.0.0.87.a: [LOWI-Scan] BSS 38:a9:1c:35:03:06 LOWI_PHY_MODE_11NG_HT20(5), Beacon Interval: 100, LOWI_ENCRYPTION_TYPE_WPA_PSK 11mcRanging: No, ANQP: No, LCI: No, Civic: No, capability(0x0411): ESS Privacy ShortSlotTime
04-10 02:17:11.401 1439 2957 D LOWI-9.0.0.87.a: [LOWI-Scan] BSS 38:a9:1c:35:03:06 FREQ: 2412, cFreq1[40:80:160] = [0:0:0] cFreq2 = 0 Country Code =
04-10 02:17:11.401 1439 2957 D LOWI-9.0.0.87.a: [LOWI-Scan] BSS 38:a9:1c:35:03:06 (wlan0) ASSO: NO AddInfo: 0x1, TSF 0, 00:00:51.406, RSSI: -180, CPL: 127, AGE: 1160, SSID H3C_350304, TSFDelta: 0x87ca7fef, TXRate: 0
04-10 02:17:11.401 1439 2957 D LOWI-9.0.0.87.a: [LOWI-Scan]
04-10 02:17:11.401 1439 2957 D LOWI-9.0.0.87.a: [LOWI-Scan] print_bss_handler: Report beacon TSF 51757353 as it greater than probe TSF 51757353
04-10 02:17:11.401 1439 2957 D LOWI-9.0.0.87.a: [LOWI-Scan] decode_rsn_wpa_ie: LOWI_ENCRYPTION_TYPE_WPA_PSK
04-10 02:17:11.401 1439 2957 D LOWI-9.0.0.87.a: [LOWI-Scan] is_qcom_ie, bss_age: 0
04-10 02:17:11.402 1439 2957 D LOWI-9.0.0.87.a: [LOWI-Scan] BSS 1a:51:7e:52:1a:23 LOWI_PHY_MODE_11AC_VHT20_2G(11), Beacon Interval: 100, LOWI_ENCRYPTION_TYPE_WPA_PSK 11mcRanging: No, ANQP: Yes, LCI: No, Civic: No, capability(0x1c31): ESS Privacy ShortPreamble ShortSlotTime APSD
04-10 02:17:11.402 1439 2957 D LOWI-9.0.0.87.a: [LOWI-Scan] BSS 1a:51:7e:52:1a:23 FREQ: 2437, cFreq1[40:80:160] = [0:0:0] cFreq2 = 0 Country Code = CN
04-10 02:17:11.402 1439 2957 D LOWI-9.0.0.87.a: [LOWI-Scan] BSS 1a:51:7e:52:1a:23 (wlan0) ASSO: NO AddInfo: 0x1, TSF 0, 00:00:51.757, RSSI: -174, CPL: 127, AGE: 808, SSID H3C_EPOCH, TSFDelta: 0xd2b7320, TXRate: 0
04-10 02:17:11.409 2924 3037 I adbd : USB event: FUNCTIONFS_UNBIND
04-10 02:17:11.409 2924 3037 I adbd : UsbFfs: connection terminated: monitor thread finished
04-10 02:17:11.410 2924 2924 I adbd : UsbFfs: already offline
04-10 02:17:11.410 2924 2924 I adbd : destroying transport UsbFfs
04-10 02:17:11.410 2924 2924 I adbd : UsbFfsConnection being destroyed
04-10 02:17:11.416 1439 2957 D LOWI-9.0.0.87.a: [LOWI-Scan]
04-10 02:17:11.416 1439 2957 D LOWI-9.0.0.87.a: [LOWI-Scan] print_bss_handler: Report beacon TSF 51761502 as it greater than probe TSF 51761502
04-10 02:17:11.416 1439 2957 D LOWI-9.0.0.87.a: [LOWI-Scan] decode_rsn_wpa_ie: LOWI_ENCRYPTION_TYPE_WPA_PSK
04-10 02:17:11.416 1439 2957 D LOWI-9.0.0.87.a: [LOWI-Scan] is_qcom_ie, bss_age: 0
04-10 02:17:11.416 1439 2957 D LOWI-9.0.0.87.a: [LOWI-Scan] BSS 1c:51:7e:52:1a:23 LOWI_PHY_MODE_11AC_VHT20_2G(11), Beacon Interval: 100, LOWI_ENCRYPTION_TYPE_WPA_PSK 11mcRanging: No, ANQP: Yes, LCI: No, Civic: No, capability(0x0431): ESS Privacy ShortPreamble ShortSlotTime
04-10 02:17:11.416 1439 2957 D LOWI-9.0.0.87.a: [LOWI-Scan] BSS 1c:51:7e:52:1a:23 FREQ: 2437, cFreq1[40:80:160] = [0:0:0] cFreq2 = 0 Country Code = CN
04-10 02:17:11.416 1439 2957 D LOWI-9.0.0.87.a: [LOWI-Scan] BSS 1c:51:7e:52:1a:23 (wlan0) ASSO: NO AddInfo: 0x1, TSF 0, 00:00:51.761, RSSI: -172, CPL: 127, AGE: 804, SSID H3C_EPOCH_ETH10, TSFDelta: 0xd498cac, TXRate: 0
04-10 02:17:11.416 967 1121 I SDM : HWCDisplay::GetColorModeCount: Supported color mode count = 1
04-10 02:17:11.417 967 1121 I SDM : HWCDisplay::GetColorModes: Color mode = 0 is supported
04-10 02:17:11.417 1078 2794 E HWComposer: getSupportedContentTypes: getSupportedContentTypes failed for display 4630946370410392961: Unsupported (8)
04-10 02:17:11.417 1439 2957 D LOWI-9.0.0.87.a: [LOWI-Scan]
04-10 02:17:11.417 1439 2957 D LOWI-9.0.0.87.a: [LOWI-Scan] print_bss_handler: Report beacon TSF 51769145 as it greater than probe TSF 51769145
04-10 02:17:11.417 1439 2957 D LOWI-9.0.0.87.a: [LOWI-Scan] decode_rsn_wpa_ie: LOWI_ENCRYPTION_TYPE_WPA_PSK
04-10 02:17:11.417 1439 2957 D LOWI-9.0.0.87.a: [LOWI-Scan] is_qcom_ie, bss_age: 0
04-10 02:17:11.417 3044 3044 I Perf : Connecting to perf service.
04-10 02:17:11.417 1439 2957 D LOWI-9.0.0.87.a: [LOWI-Scan] BSS 22:51:7e:52:1a:23 LOWI_PHY_MODE_11AC_VHT20_2G(11), Beacon Interval: 100, LOWI_ENCRYPTION_TYPE_WPA_PSK 11mcRanging: No, ANQP: Yes, LCI: No, Civic: No, capability(0x0431): ESS Privacy ShortPreamble ShortSlotTime
04-10 02:17:11.417 1439 2957 D LOWI-9.0.0.87.a: [LOWI-Scan] BSS 22:51:7e:52:1a:23 FREQ: 2437, cFreq1[40:80:160] = [0:0:0] cFreq2 = 0 Country Code = CN
04-10 02:17:11.418 1439 2957 D LOWI-9.0.0.87.a: [LOWI-Scan] BSS 22:51:7e:52:1a:23 (wlan0) ASSO: NO AddInfo: 0x1, TSF 0, 00:00:51.769, RSSI: -178, CPL: 127, AGE: 796, SSID H3C_EPOCH_WIFI5_4G, TSFDelta: 0xd681e42, TXRate: 0
04-10 02:17:11.418 2733 3080 D hw-ProcessState: Binder ioctl to enable oneway spam detection failed: Invalid argument
04-10 02:17:11.420 1439 2957 D LOWI-9.0.0.87.a: [LOWI-Scan]
04-10 02:17:11.420 1480 3016 E QFP : Dropping unsupported QBT command
04-10 02:17:11.420 1439 2957 D LOWI-9.0.0.87.a: [LOWI-Scan] print_bss_handler: Report beacon TSF 51799181 as it greater than probe TSF 51799181
04-10 02:17:11.420 1439 2957 D LOWI-9.0.0.87.a: [LOWI-Scan] decode_rsn_wpa_ie: LOWI_ENCRYPTION_TYPE_WPA_PSK
04-10 02:17:11.420 1480 3016 I QFP : openFramework:QFP TZ VERSION: 3.0.3.39
04-10 02:17:11.420 1480 3016 E QFP : releaseWakelock: qbt sensor handle is invalid
04-10 02:17:11.420 1480 3016 E QFP : qfp_init failed -1
04-10 02:17:11.420 1439 2957 D LOWI-9.0.0.87.a: [LOWI-Scan] is_qcom_ie, bss_age: 0
04-10 02:17:11.420 1480 3016 E QFP : execute: could not enumerate error -1
04-10 02:17:11.420 1480 3016 I QFP : onError: ERROR: -1
04-10 02:17:11.420 1480 3016 I QFP : onError: Valid Error Code: 2
04-10 02:17:11.420 1480 3016 I QFP : onError: Vendor Error Code: 0
04-10 02:17:11.420 1439 2957 D LOWI-9.0.0.87.a: [LOWI-Scan] BSS 20:dc:e6:42:b5:62 LOWI_PHY_MODE_11NG_HT40(7), Beacon Interval: 100, LOWI_ENCRYPTION_TYPE_WPA_PSK 11mcRanging: No, ANQP: No, LCI: No, Civic: No, capability(0x0431): ESS Privacy ShortPreamble ShortSlotTime
04-10 02:17:11.420 1439 2957 D LOWI-9.0.0.87.a: [LOWI-Scan] BSS 20:dc:e6:42:b5:62 FREQ: 2437, cFreq1[40:80:160] = [2447:0:0] cFreq2 = 0 Country Code =
04-10 02:17:11.421 1480 3016 I QFP : ~QtiBiometricsFingerprintCallback:
04-10 02:17:11.421 1439 2957 D LOWI-9.0.0.87.a: [LOWI-Scan] BSS 20:dc:e6:42:b5:62 (wlan0) ASSO: NO AddInfo: 0x1, TSF 0, 00:00:51.799, RSSI: -162, CPL: 127, AGE: 768, SSID TEST, TSFDelta: 0x94d00cfb, TXRate: 0
04-10 02:17:11.421 1480 3016 I QFP : QfpThreadOptimize::invoke: entry.
04-10 02:17:11.421 1480 3016 I QFP : QfpThreadOptimize::invoke: QFP not initialized, exiting Optimize thread
04-10 02:17:11.421 1480 3016 I QFP : QfpThreadErieEvent::invoke: entry.
04-10 02:17:11.421 1480 3016 I QFP : QfpThreadErieEvent::invoke: QFP not initialized, exiting ErieEvent thread
04-10 02:17:11.421 1015 1015 D Fingerprint21: handleError, client: FingerprintInternalCleanupClient, error: 2, vendorCode: 0
04-10 02:17:11.421 1015 1015 E Fingerprint21: onError for non-error consumer: FingerprintInternalCleanupClient
04-10 02:17:11.421 1439 2957 D LOWI-9.0.0.87.a: [LOWI-Scan]
04-10 02:17:11.422 1439 2957 D LOWI-9.0.0.87.a: [LOWI-Scan] print_bss_handler: Report Probe TSF 51838471 as it greater than Beacon TSF 51802137
04-10 02:17:11.422 1439 2957 D LOWI-9.0.0.87.a: [LOWI-Scan] is_qcom_ie, bss_age: 0
04-10 02:17:11.422 1439 2957 D LOWI-9.0.0.87.a: [LOWI-Scan] BSS 18:6f:2d:81:16:f1 LOWI_PHY_MODE_11AC_VHT20(8), Beacon Interval: 100, LOWI_ENCRYPTION_TYPE_OPEN 11mcRanging: No, ANQP: No, LCI: No, Civic: No, capability(0x0101): ESS SpectrumMgmt
04-10 02:17:11.422 1439 2957 D LOWI-9.0.0.87.a: [LOWI-Scan] BSS 18:6f:2d:81:16:f1 FREQ: 5260, cFreq1[40:80:160] = [5260:0:0] cFreq2 = 0 Country Code = CN
04-10 02:17:11.422 1439 2957 D LOWI-9.0.0.87.a: [LOWI-Scan] BSS 18:6f:2d:81:16:f1 (wlan0) ASSO: NO AddInfo: 0x0, TSF 0, 00:00:51.838, RSSI: -148, CPL: 127, AGE: 728, SSID Guest, TSFDelta: 0x254ca92, TXRate: 0
04-10 02:17:11.423 1439 2957 D LOWI-9.0.0.87.a: [LOWI-Scan]
04-10 02:17:11.423 1439 2957 D LOWI-9.0.0.87.a: [LOWI-Scan] print_bss_handler: Report Probe TSF 51840431 as it greater than Beacon TSF 51803373
04-10 02:17:11.423 1439 2957 D LOWI-9.0.0.87.a: [LOWI-Scan] decode_rsn_wpa_ie: LOWI_ENCRYPTION_TYPE_WPA_PSK
04-10 02:17:11.423 1439 2957 D LOWI-9.0.0.87.a: [LOWI-Scan] is_qcom_ie, bss_age: 0
04-10 02:17:11.423 1439 2957 D LOWI-9.0.0.87.a: [LOWI-Scan] BSS 18:6f:2d:81:16:f2 LOWI_PHY_MODE_11AC_VHT20(8), Beacon Interval: 100, LOWI_ENCRYPTION_TYPE_WPA_PSK 11mcRanging: No, ANQP: No, LCI: No, Civic: No, capability(0x0111): ESS Privacy SpectrumMgmt
04-10 02:17:11.423 1439 2957 D LOWI-9.0.0.87.a: [LOWI-Scan] BSS 18:6f:2d:81:16:f2 FREQ: 5260, cFreq1[40:80:160] = [5260:0:0] cFreq2 = 0 Country Code = CN
04-10 02:17:11.424 1439 2957 D LOWI-9.0.0.87.a: [LOWI-Scan] BSS 18:6f:2d:81:16:f2 (wlan0) ASSO: NO AddInfo: 0x0, TSF 0, 00:00:51.840, RSSI: -148, CPL: 127, AGE: 724, SSID ZXHY, TSFDelta: 0x259ce1d, TXRate: 0
04-10 02:17:11.425 1439 2957 D LOWI-9.0.0.87.a: [LOWI-Scan]
04-10 02:17:11.425 1439 2957 D LOWI-9.0.0.87.a: [LOWI-Scan] print_bss_handler: Report Probe TSF 51840829 as it greater than Beacon TSF 51807141
04-10 02:17:11.425 1439 2957 D LOWI-9.0.0.87.a: [LOWI-Scan] decode_rsn_wpa_ie: LOWI_ENCRYPTION_TYPE_WPA_PSK
04-10 02:17:11.425 1015 3020 V BackupManagerConstants: getKeyValueBackupIntervalMilliseconds(...) returns 14400000
04-10 02:17:11.425 1439 2957 D LOWI-9.0.0.87.a: [LOWI-Scan] is_qcom_ie, bss_age: 0
04-10 02:17:11.425 1015 3020 V BackupManagerConstants: getKeyValueBackupFuzzMilliseconds(...) returns 600000
04-10 02:17:11.425 1439 2957 D LOWI-9.0.0.87.a: [LOWI-Scan] BSS 18:6f:2d:81:16:f3 LOWI_PHY_MODE_11AC_VHT20(8), Beacon Interval: 100, LOWI_ENCRYPTION_TYPE_WPA_PSK 11mcRanging: No, ANQP: No, LCI: No, Civic: No, capability(0x0111): ESS Privacy SpectrumMgmt
04-10 02:17:11.425 1015 3020 V BackupManagerConstants: getKeyValueBackupRequiredNetworkType(...) returns 1
04-10 02:17:11.425 1439 2957 D LOWI-9.0.0.87.a: [LOWI-Scan] BSS 18:6f:2d:81:16:f3 FREQ: 5260, cFreq1[40:80:160] = [5260:0:0] cFreq2 = 0 Country Code = CN
04-10 02:17:11.425 1015 3020 V BackupManagerConstants: getKeyValueBackupRequireCharging(...) returns true
04-10 02:17:11.425 1015 3020 V KeyValueBackupJob: Scheduling k/v pass in 241 minutes
04-10 02:17:11.425 1439 2957 D LOWI-9.0.0.87.a: [LOWI-Scan] BSS 18:6f:2d:81:16:f3 (wlan0) ASSO: NO AddInfo: 0x0, TSF 0, 00:00:51.840, RSSI: -148, CPL: 127, AGE: 724, SSID Fanya, TSFDelta: 0x25f1dee, TXRate: 0
04-10 02:17:11.426 1439 2957 D LOWI-9.0.0.87.a: [LOWI-Scan]
04-10 02:17:11.426 1439 2957 D LOWI-9.0.0.87.a: [LOWI-Scan] print_bss_handler: Report Probe TSF 51841238 as it greater than Beacon TSF 51813858
04-10 02:17:11.426 1439 2957 D LOWI-9.0.0.87.a: [LOWI-Scan] decode_rsn_wpa_ie: LOWI_ENCRYPTION_TYPE_WPA_PSK
04-10 02:17:11.426 1439 2957 D LOWI-9.0.0.87.a: [LOWI-Scan] is_qcom_ie, bss_age: 0
04-10 02:17:11.426 1439 2957 D LOWI-9.0.0.87.a: [LOWI-Scan] BSS 18:6f:2d:81:16:f4 LOWI_PHY_MODE_11AC_VHT20(8), Beacon Interval: 100, LOWI_ENCRYPTION_TYPE_WPA_PSK 11mcRanging: No, ANQP: No, LCI: No, Civic: No, capability(0x0111): ESS Privacy SpectrumMgmt
04-10 02:17:11.426 1439 2957 D LOWI-9.0.0.87.a: [LOWI-Scan] BSS 18:6f:2d:81:16:f4 FREQ: 5260, cFreq1[40:80:160] = [5260:0:0] cFreq2 = 0 Country Code = CN
04-10 02:17:11.427 1439 2957 D LOWI-9.0.0.87.a: [LOWI-Scan] BSS 18:6f:2d:81:16:f4 (wlan0) ASSO: NO AddInfo: 0x0, TSF 0, 00:00:51.841, RSSI: -146, CPL: 127, AGE: 724, SSID ThunderSoft, TSFDelta: 0x26719d1, TXRate: 0
04-10 02:17:11.433 505 505 I hwservicemanager: getTransport: Cannot find entry android.hardware.graphics.mapper@4.0::IMapper/default in either framework or device VINTF manifest.
04-10 02:17:11.433 2733 3080 I Gralloc4: mapper 4.x is not supported
04-10 02:17:11.433 676 676 D Zygote : Forked child process 3118
01-01 08:59:54.501 0 0 I android_work: did not send uevent (0 0 0000000000000000)
04-10 02:17:11.434 1015 1192 W ActivityManager: Slow operation: 685ms so far, now at startProcess: returned from zygote!
04-10 02:17:11.434 1439 2957 D LOWI-9.0.0.87.a: [LOWI-Scan]
04-10 02:17:11.434 1439 2957 D LOWI-9.0.0.87.a: [LOWI-Scan] print_bss_handler: Report Probe TSF 51841635 as it greater than Beacon TSF 51814955
04-10 02:17:11.434 1015 1192 W ActivityManager: Slow operation: 686ms so far, now at startProcess: done updating battery stats
04-10 02:17:11.434 1439 2957 D LOWI-9.0.0.87.a: [LOWI-Scan] decode_rsn_wpa_ie: LOWI_ENCRYPTION_TYPE_WPA_PSK
04-10 02:17:11.434 1015 1192 I am_proc_start: [0,3118,1000,com.hryt.hiphishowfsecontrol,added application,com.hryt.hiphishowfsecontrol]
04-10 02:17:11.435 1439 2957 D LOWI-9.0.0.87.a: [LOWI-Scan] is_qcom_ie, bss_age: 0
04-10 02:17:11.435 1015 1192 W ActivityManager: Slow operation: 686ms so far, now at startProcess: building log message
04-10 02:17:11.435 1015 1192 I ActivityManager: Start proc 3118:com.hryt.hiphishowfsecontrol/1000 for added application com.hryt.hiphishowfsecontrol
04-10 02:17:11.435 1439 2957 D LOWI-9.0.0.87.a: [LOWI-Scan] BSS 18:6f:2d:81:16:f5 LOWI_PHY_MODE_11AC_VHT20(8), Beacon Interval: 100, LOWI_ENCRYPTION_TYPE_WPA_PSK 11mcRanging: No, ANQP: No, LCI: No, Civic: No, capability(0x0111): ESS Privacy SpectrumMgmt
04-10 02:17:11.435 1439 2957 D LOWI-9.0.0.87.a: [LOWI-Scan] BSS 18:6f:2d:81:16:f5 FREQ: 5260, cFreq1[40:80:160] = [5260:0:0] cFreq2 = 0 Country Code = CN
04-10 02:17:11.435 1439 2957 D LOWI-9.0.0.87.a: [LOWI-Scan] BSS 18:6f:2d:81:16:f5 (wlan0) ASSO: NO AddInfo: 0x0, TSF 0, 00:00:51.841, RSSI: -148, CPL: 127, AGE: 724, SSID GM, TSFDelta: 0x26c3a94, TXRate: 0
04-10 02:17:11.439 1439 2957 D LOWI-9.0.0.87.a: [LOWI-Scan]
04-10 02:17:11.439 1439 2957 D LOWI-9.0.0.87.a: [LOWI-Scan] print_bss_handler: Report Probe TSF 51842023 as it greater than Beacon TSF 51816468
04-10 02:17:11.439 1439 2957 D LOWI-9.0.0.87.a: [LOWI-Scan] decode_rsn_wpa_ie: LOWI_ENCRYPTION_TYPE_WPA_PSK
04-10 02:17:11.439 1439 1463 D LOWI-9.0.0.87.a: [LOWINetlinkSocketReceiver] unpackRTMLinkMessage: RTM_NEWLINK - ifname vlan0, flags 0x1003 ([UP])
01-01 08:59:54.502 0 0 I binder : 3146:3146 ioctl 40046210 7ff41be1f4 returned -22
04-10 02:17:11.440 1439 2957 D LOWI-9.0.0.87.a: [LOWI-Scan] is_qcom_ie, bss_age: 0
04-10 02:17:11.440 1439 2957 D LOWI-9.0.0.87.a: [LOWI-Scan] BSS 18:6f:2d:80:dd:70 LOWI_PHY_MODE_11AC_VHT20(8), Beacon Interval: 100, LOWI_ENCRYPTION_TYPE_WPA_PSK 11mcRanging: No, ANQP: No, LCI: No, Civic: No, capability(0x0111): ESS Privacy SpectrumMgmt
04-10 02:17:11.440 1439 2957 D LOWI-9.0.0.87.a: [LOWI-Scan] BSS 18:6f:2d:80:dd:70 FREQ: 5260, cFreq1[40:80:160] = [5260:0:0] cFreq2 = 0 Country Code = CN
04-10 02:17:11.440 1439 2957 D LOWI-9.0.0.87.a: [LOWI-Scan] BSS 18:6f:2d:80:dd:70 (wlan0) ASSO: NO AddInfo: 0x0, TSF 0, 00:00:51.842, RSSI: -156, CPL: 127, AGE: 724, SSID Testing , TSFDelta: 0x38ffe7e, TXRate: 0
04-10 02:17:11.441 3044 3044 V GraphicsEnvironment: ANGLE Developer option for 'com.hht.lebocast' set to: 'default'
04-10 02:17:11.441 1439 2957 D LOWI-9.0.0.87.a: [LOWI-Scan]
04-10 02:17:11.441 1015 1170 I EthernetTracker: interfaceLinkStateChanged, iface: vlan0, up: false
04-10 02:17:11.441 1439 2957 D LOWI-9.0.0.87.a: [LOWI-Scan] print_bss_handler: Report Probe TSF 51842420 as it greater than Beacon TSF 51823184
04-10 02:17:11.442 1439 2957 D LOWI-9.0.0.87.a: [LOWI-Scan] is_qcom_ie, bss_age: 0
04-10 02:17:11.442 1439 2957 D LOWI-9.0.0.87.a: [LOWI-Scan] BSS 18:6f:2d:80:dd:71 LOWI_PHY_MODE_11AC_VHT20(8), Beacon Interval: 100, LOWI_ENCRYPTION_TYPE_OPEN 11mcRanging: No, ANQP: No, LCI: No, Civic: No, capability(0x0101): ESS SpectrumMgmt
04-10 02:17:11.442 1439 2957 D LOWI-9.0.0.87.a: [LOWI-Scan] BSS 18:6f:2d:80:dd:71 FREQ: 5260, cFreq1[40:80:160] = [5260:0:0] cFreq2 = 0 Country Code = CN
04-10 02:17:11.442 1439 2957 D LOWI-9.0.0.87.a: [LOWI-Scan] BSS 18:6f:2d:80:dd:71 (wlan0) ASSO: NO AddInfo: 0x0, TSF 0, 00:00:51.842, RSSI: -156, CPL: 127, AGE: 724, SSID Guest, TSFDelta: 0x392e28b, TXRate: 0
04-10 02:17:11.442 3044 3044 V GraphicsEnvironment: ANGLE GameManagerService for com.hht.lebocast: false
04-10 02:17:11.443 1015 1192 W ActivityManager: Slow operation: 694ms so far, now at startProcess: starting to update pids map
04-10 02:17:11.443 1439 2957 D LOWI-9.0.0.87.a: [LOWI-Scan]
04-10 02:17:11.443 1439 2957 D LOWI-9.0.0.87.a: [LOWI-Scan] print_bss_handler: Report Probe TSF 51842962 as it greater than Beacon TSF 51834508
04-10 02:17:11.444 1439 2957 D LOWI-9.0.0.87.a: [LOWI-Scan] decode_rsn_wpa_ie: LOWI_ENCRYPTION_TYPE_WPA_PSK
04-10 02:17:11.444 1439 2957 D LOWI-9.0.0.87.a: [LOWI-Scan] is_qcom_ie, bss_age: 0
04-10 02:17:11.444 1439 2957 D LOWI-9.0.0.87.a: [LOWI-Scan] BSS 18:6f:2d:80:dd:72 LOWI_PHY_MODE_11AC_VHT20(8), Beacon Interval: 100, LOWI_ENCRYPTION_TYPE_WPA_PSK 11mcRanging: No, ANQP: No, LCI: No, Civic: No, capability(0x0111): ESS Privacy SpectrumMgmt
04-10 02:17:11.444 1439 2957 D LOWI-9.0.0.87.a: [LOWI-Scan] BSS 18:6f:2d:80:dd:72 FREQ: 5260, cFreq1[40:80:160] = [5260:0:0] cFreq2 = 0 Country Code = CN
04-10 02:17:11.444 1439 2957 D LOWI-9.0.0.87.a: [LOWI-Scan] BSS 18:6f:2d:80:dd:72 (wlan0) ASSO: NO AddInfo: 0x0, TSF 0, 00:00:51.842, RSSI: -158, CPL: 127, AGE: 724, SSID ZXHY, TSFDelta: 0x39568fa, TXRate: 0
04-10 02:17:11.445 505 505 I hwservicemanager: getTransport: Cannot find entry android.hardware.graphics.allocator@4.0::IAllocator/default in either framework or device VINTF manifest.
04-10 02:17:11.445 1439 2957 D LOWI-9.0.0.87.a: [LOWI-Scan]
04-10 02:17:11.445 1439 2957 D LOWI-9.0.0.87.a: [LOWI-Scan] print_bss_handler: Report Probe TSF 51843348 as it greater than Beacon TSF 51835158
04-10 02:17:11.445 3044 3044 D NetworkSecurityConfig: No Network Security Config specified, using platform default
04-10 02:17:11.445 1439 2957 D LOWI-9.0.0.87.a: [LOWI-Scan] decode_rsn_wpa_ie: LOWI_ENCRYPTION_TYPE_WPA_PSK
04-10 02:17:11.445 1015 1192 W ActivityManager: Slow operation: 697ms so far, now at startProcess: done updating pids map
04-10 02:17:11.445 1439 2957 D LOWI-9.0.0.87.a: [LOWI-Scan] is_qcom_ie, bss_age: 0
04-10 02:17:11.445 1015 1192 W ActivityManager: Slow operation: 695ms so far, now at startProcess: asking zygote to start proc
04-10 02:17:11.445 1439 2957 D LOWI-9.0.0.87.a: [LOWI-Scan] BSS 18:6f:2d:80:dd:73 LOWI_PHY_MODE_11AC_VHT20(8), Beacon Interval: 100, LOWI_ENCRYPTION_TYPE_WPA_PSK 11mcRanging: No, ANQP: No, LCI: No, Civic: No, capability(0x0111): ESS Privacy SpectrumMgmt
04-10 02:17:11.445 2733 3080 W Gralloc4: allocator 4.x is not supported
04-10 02:17:11.445 1015 1192 D CompatibilityChangeReporter: Compat change id reported: 143937733; UID 10056; state: ENABLED
04-10 02:17:11.445 1439 2957 D LOWI-9.0.0.87.a: [LOWI-Scan] BSS 18:6f:2d:80:dd:73 FREQ: 5260, cFreq1[40:80:160] = [5260:0:0] cFreq2 = 0 Country Code = CN
04-10 02:17:11.445 3044 3044 D NetworkSecurityConfig: No Network Security Config specified, using platform default
04-10 02:17:11.445 1439 2957 D LOWI-9.0.0.87.a: [LOWI-Scan] BSS 18:6f:2d:80:dd:73 (wlan0) ASSO: NO AddInfo: 0x0, TSF 0, 00:00:51.843, RSSI: -156, CPL: 127, AGE: 724, SSID Fanya, TSFDelta: 0x3982b68, TXRate: 0
04-10 02:17:11.447 1439 2957 D LOWI-9.0.0.87.a: [LOWI-Scan]
04-10 02:17:11.447 1439 2957 D LOWI-9.0.0.87.a: [LOWI-Scan] print_bss_handler: Report Probe TSF 51843818 as it greater than Beacon TSF 51835535
04-10 02:17:11.447 1439 2957 D LOWI-9.0.0.87.a: [LOWI-Scan] decode_rsn_wpa_ie: LOWI_ENCRYPTION_TYPE_WPA_PSK
04-10 02:17:11.447 1439 2957 D LOWI-9.0.0.87.a: [LOWI-Scan] is_qcom_ie, bss_age: 0
04-10 02:17:11.447 1439 2957 D LOWI-9.0.0.87.a: [LOWI-Scan] BSS 18:6f:2d:80:dd:74 LOWI_PHY_MODE_11AC_VHT20(8), Beacon Interval: 100, LOWI_ENCRYPTION_TYPE_WPA_PSK 11mcRanging: No, ANQP: No, LCI: No, Civic: No, capability(0x0111): ESS Privacy SpectrumMgmt
04-10 02:17:11.448 1439 2957 D LOWI-9.0.0.87.a: [LOWI-Scan] BSS 18:6f:2d:80:dd:74 FREQ: 5260, cFreq1[40:80:160] = [5260:0:0] cFreq2 = 0 Country Code = CN
04-10 02:17:11.448 1439 2957 D LOWI-9.0.0.87.a: [LOWI-Scan] BSS 18:6f:2d:80:dd:74 (wlan0) ASSO: NO AddInfo: 0x0, TSF 0, 00:00:51.843, RSSI: -156, CPL: 127, AGE: 724, SSID ThunderSoft, TSFDelta: 0x39b2072, TXRate: 0
04-10 02:17:11.449 1439 2957 D LOWI-9.0.0.87.a: [LOWI-Scan]
04-10 02:17:11.449 1439 2957 D LOWI-9.0.0.87.a: [LOWI-Scan] print_bss_handler: Report Probe TSF 51844296 as it greater than Beacon TSF 51835927
04-10 02:17:11.449 1439 2957 D LOWI-9.0.0.87.a: [LOWI-Scan] decode_rsn_wpa_ie: LOWI_ENCRYPTION_TYPE_WPA_PSK
04-10 02:17:11.449 1439 2957 D LOWI-9.0.0.87.a: [LOWI-Scan] is_qcom_ie, bss_age: 0
04-10 02:17:11.449 1439 2957 D LOWI-9.0.0.87.a: [LOWI-Scan] BSS 18:6f:2d:80:dd:75 LOWI_PHY_MODE_11AC_VHT20(8), Beacon Interval: 100, LOWI_ENCRYPTION_TYPE_WPA_PSK 11mcRanging: No, ANQP: No, LCI: No, Civic: No, capability(0x0111): ESS Privacy SpectrumMgmt
04-10 02:17:11.449 1439 2957 D LOWI-9.0.0.87.a: [LOWI-Scan] BSS 18:6f:2d:80:dd:75 FREQ: 5260, cFreq1[40:80:160] = [5260:0:0] cFreq2 = 0 Country Code = CN
04-10 02:17:11.449 1439 2957 D LOWI-9.0.0.87.a: [LOWI-Scan] BSS 18:6f:2d:80:dd:75 (wlan0) ASSO: NO AddInfo: 0x0, TSF 0, 00:00:51.844, RSSI: -156, CPL: 127, AGE: 720, SSID GM, TSFDelta: 0x39de96f, TXRate: 0
04-10 02:17:11.450 1439 2957 D LOWI-9.0.0.87.a: [LOWI-Scan]
04-10 02:17:11.450 1439 2957 D LOWI-9.0.0.87.a: [LOWI-Scan] print_bss_handler: Report Probe TSF 51838071 as it greater than Beacon TSF 0
04-10 02:17:11.450 1439 2957 D LOWI-9.0.0.87.a: [LOWI-Scan] decode_rsn_wpa_ie: LOWI_ENCRYPTION_TYPE_WPA_PSK
04-10 02:17:11.450 1439 2957 D LOWI-9.0.0.87.a: [LOWI-Scan] is_qcom_ie, bss_age: 0
04-10 02:17:11.450 1439 2957 D LOWI-9.0.0.87.a: [LOWI-Scan] BSS 18:6f:2d:81:16:f0 LOWI_PHY_MODE_11AC_VHT20(8), Beacon Interval: 100, LOWI_ENCRYPTION_TYPE_WPA_PSK 11mcRanging: No, ANQP: No, LCI: No, Civic: No, capability(0x0111): ESS Privacy SpectrumMgmt
04-10 02:17:11.451 1439 2957 D LOWI-9.0.0.87.a: [LOWI-Scan] BSS 18:6f:2d:81:16:f0 FREQ: 5260, cFreq1[40:80:160] = [5260:0:0] cFreq2 = 0 Country Code = CN
04-10 02:17:11.451 1439 2957 D LOWI-9.0.0.87.a: [LOWI-Scan] BSS 18:6f:2d:81:16:f0 (wlan0) ASSO: NO AddInfo: 0x0, TSF 0, 00:00:51.838, RSSI: -146, CPL: 127, AGE: 728, SSID Testing , TSFDelta: 0x25229e1, TXRate: 0
04-10 02:17:11.452 1439 2957 D LOWI-9.0.0.87.a: [LOWI-Scan]
04-10 02:17:11.452 1439 2957 D LOWI-9.0.0.87.a: [LOWI-Scan] print_bss_handler: Report Probe TSF 52015516 as it greater than Beacon TSF 51937344
04-10 02:17:11.452 1439 2957 D LOWI-9.0.0.87.a: [LOWI-Scan] decode_rsn_wpa_ie: LOWI_ENCRYPTION_TYPE_WPA_PSK
04-10 02:17:11.452 1439 2957 D LOWI-9.0.0.87.a: [LOWI-Scan] is_qcom_ie, bss_age: 0
04-10 02:17:11.452 1439 2957 D LOWI-9.0.0.87.a: [LOWI-Scan] BSS 18:6f:2d:0a:ae:10 LOWI_PHY_MODE_11AC_VHT20(8), Beacon Interval: 100, LOWI_ENCRYPTION_TYPE_WPA_PSK 11mcRanging: No, ANQP: No, LCI: No, Civic: No, capability(0x0111): ESS Privacy SpectrumMgmt
04-10 02:17:11.452 1439 2957 D LOWI-9.0.0.87.a: [LOWI-Scan] BSS 18:6f:2d:0a:ae:10 FREQ: 5280, cFreq1[40:80:160] = [5280:0:0] cFreq2 = 0 Country Code = CN
04-10 02:17:11.452 1439 2957 D LOWI-9.0.0.87.a: [LOWI-Scan] BSS 18:6f:2d:0a:ae:10 (wlan0) ASSO: NO AddInfo: 0x0, TSF 0, 00:00:52.015, RSSI: -170, CPL: 127, AGE: 552, SSID Testing , TSFDelta: 0x9057f74e, TXRate: 0
04-10 02:17:11.453 1015 2087 D PowerManagerNotifier: onWakeLockReleased: flags=1, tag="AudioMix", packageName=audioserver, ownerUid=1041, ownerPid=0, workSource=null
04-10 02:17:11.453 1439 2957 D LOWI-9.0.0.87.a: [LOWI-Scan]
04-10 02:17:11.453 1439 2957 D LOWI-9.0.0.87.a: [LOWI-Scan] print_bss_handler: Report Probe TSF 52016451 as it greater than Beacon TSF 51937459
04-10 02:17:11.453 1439 2957 D LOWI-9.0.0.87.a: [LOWI-Scan] is_qcom_ie, bss_age: 0
04-10 02:17:11.453 1015 2087 D DisplayPowerController[0]: requestPowerState: policy=BRIGHT, useProximitySensor=false, screenBrightnessOverride=NaN, useAutoBrightness=true, screenAutoBrightnessAdjustmentOverride=NaN, screenLowPowerBrightnessFactor=1.0, blockScreenOn=false, lowPowerMode=false, boostScreenBrightness=false, dozeScreenBrightness=NaN, dozeScreenState=UNKNOWN, waitForNegativeProximity=false
04-10 02:17:11.453 1439 2957 D LOWI-9.0.0.87.a: [LOWI-Scan] BSS 18:6f:2d:0a:ae:11 LOWI_PHY_MODE_11AC_VHT20(8), Beacon Interval: 100, LOWI_ENCRYPTION_TYPE_OPEN 11mcRanging: No, ANQP: No, LCI: No, Civic: No, capability(0x0101): ESS SpectrumMgmt
04-10 02:17:11.453 1015 2087 D PowerManagerNotifier: onScreenPolicyUpdate: newPolicy=3
04-10 02:17:11.454 1439 2957 D LOWI-9.0.0.87.a: [LOWI-Scan] BSS 18:6f:2d:0a:ae:11 FREQ: 5280, cFreq1[40:80:160] = [5280:0:0] cFreq2 = 0 Country Code = CN
04-10 02:17:11.454 1439 2957 D LOWI-9.0.0.87.a: [LOWI-Scan] BSS 18:6f:2d:0a:ae:11 (wlan0) ASSO: NO AddInfo: 0x0, TSF 0, 00:00:52.016, RSSI: -172, CPL: 127, AGE: 588, SSID Guest, TSFDelta: 0x9061d8be, TXRate: 0
04-10 02:17:11.454 1439 2957 D LOWI-9.0.0.87.a: [LOWI-Scan]
04-10 02:17:11.454 1439 2957 D LOWI-9.0.0.87.a: [LOWI-Scan] print_bss_handler: Report Probe TSF 51998303 as it greater than Beacon TSF 51946634
04-10 02:17:11.454 1439 2957 D LOWI-9.0.0.87.a: [LOWI-Scan] decode_rsn_wpa_ie: LOWI_ENCRYPTION_TYPE_WPA_PSK
