04-10 02:17:18.763 1015 2898 I sysui_multi_action: [757,128,758,2,793,9198,794,6,795,9198,796,55,798,2,806,android,857,DEVELOPER,858,2,947,0,1395,4,1500,8129,1688,1]
04-10 02:17:18.763 1015 2898 I notification_visibility: [-1|android|55|null|1000,0,9198,9198,0,2]
04-10 02:17:18.763 1015 2898 I sysui_multi_action: [757,128,758,2,793,12510,794,6,795,12510,796,32,798,3,806,android,857,USB,858,1,947,0,1395,4,1500,11994,1688,1]
04-10 02:17:18.763 1015 2898 I notification_visibility: [-1|android|32|null|1000,0,12510,12510,0,3]
04-10 02:17:18.763 1015 2898 I sysui_multi_action: [757,127,758,2]
04-10 02:17:18.764 1015 2898 I notification_panel_hidden:
04-10 02:17:18.763 3044 3044 I hpplay-java: [main]:MacTask:startTask
04-10 02:17:18.766 3044 3044 I hpplay-java: [main]:LBHandler:create name: MacTask looper:Looper (MacTask, tid 41) {4a935f}
04-10 02:17:18.767 3044 3044 W hpplay-java: [main]:AutoTestEntrance:loadAutoTestManager ignore,auto test is not open
04-10 02:17:18.767 3044 3044 W hpplay-java: [main]:AutoTestEntrance:startServer ignore
04-10 02:17:18.768 3044 3044 I hpplay-java: [main]:DaemonService:onBind
04-10 02:17:18.768 3044 3044 I hpplay-java: [main]:DaemonServiceEntity:onBind
04-10 02:17:18.771 3044 3044 I auditd : type=1400 audit(0.0:188): avc: granted { read } for comm=4173796E635461736B202337 name="arp" dev="proc" ino=4026532256 scontext=u:r:platform_app:s0:c512,c768 tcontext=u:object_r:proc_net:s0 tclass=file app=com.hht.lebocast
04-10 02:17:18.771 3044 3044 W com.hht.lebocast: type=1400 audit(0.0:188): avc: granted { read } for comm=4173796E635461736B202337 name="arp" dev="proc" ino=4026532256 scontext=u:r:platform_app:s0:c512,c768 tcontext=u:object_r:proc_net:s0 tclass=file app=com.hht.lebocast
04-10 02:17:18.769 3044 3044 I hpplay-java: [main]:LelinkCastWrapper:onServiceConnected
04-10 02:17:18.771 3044 3044 I auditd : type=1400 audit(0.0:189): avc: granted { read open } for comm=4173796E635461736B202337 path="/proc/3044/net/arp" dev="proc" ino=4026532256 scontext=u:r:platform_app:s0:c512,c768 tcontext=u:object_r:proc_net:s0 tclass=file app=com.hht.lebocast
04-10 02:17:18.771 3044 3044 W com.hht.lebocast: type=1400 audit(0.0:189): avc: granted { read open } for comm=4173796E635461736B202337 path="/proc/3044/net/arp" dev="proc" ino=4026532256 scontext=u:r:platform_app:s0:c512,c768 tcontext=u:object_r:proc_net:s0 tclass=file app=com.hht.lebocast
04-10 02:17:18.774 3044 3044 I hpplay-java: [main]:DaemonService:onStartCommand iService: com.hpplay.sdk.sink.service.DaemonServiceEntity@af067b
04-10 02:17:18.774 3044 3044 I hpplay-java: [main]:DaemonServiceEntity:onStartCommand flags: 0 startId: 1 mOnBind: true
04-10 02:17:18.776 3044 3044 I hpplay-java: [main]:BuildConfigSupport:getFLAVOR FLAVOR:lecast
04-10 02:17:18.776 3044 3044 I hpplay-java: [main]:BuildConfigSupport:getFeatureDlnaValidModel FEATURE_DLNA_VALID_MODEL:1
04-10 02:17:18.777 3044 3962 I hpplay-java: [AsyncTask #8]:LelinkCastImpl:initPrintMode,updateLogPrintMode value: 0
04-10 02:17:18.771 3044 3044 I auditd : type=1400 audit(0.0:190): avc: granted { getattr } for comm=4173796E635461736B202337 path="/proc/3044/net/arp" dev="proc" ino=4026532256 scontext=u:r:platform_app:s0:c512,c768 tcontext=u:object_r:proc_net:s0 tclass=file app=com.hht.lebocast
04-10 02:17:18.777 3044 3962 I hpplay-java: [AsyncTask #8]:LelinkCastImpl:init appKey=21409
04-10 02:17:18.778 3044 3962 I hpplay-java: [AsyncTask #8]:UILife:UISession
04-10 02:17:18.778 3044 3962 I hpplay-java: [AsyncTask #8]:LBHandler:create name: Dispatcher looper:Looper (main, tid 2) {561bcf1}
04-10 02:17:18.779 3044 3962 I hpplay-java: [AsyncTask #8]:LBHandler:create name: VolumeControl looper:Looper (main, tid 2) {561bcf1}
04-10 02:17:18.780 3044 3962 I hpplay-java: [AsyncTask #8]:ModelUtil:Build.MANUFACTURER: TC -- Model: -- Build.MODEL: figure
04-10 02:17:18.780 3044 3962 I hpplay-java: [AsyncTask #8]:Feature:getVolumeType model:figure mf:TC
04-10 02:17:18.771 3044 3044 W com.hht.lebocast: type=1400 audit(0.0:190): avc: granted { getattr } for comm=4173796E635461736B202337 path="/proc/3044/net/arp" dev="proc" ino=4026532256 scontext=u:r:platform_app:s0:c512,c768 tcontext=u:object_r:proc_net:s0 tclass=file app=com.hht.lebocast
04-10 02:17:18.771 3044 3044 I auditd : type=1400 audit(0.0:191): avc: granted { getattr } for comm=4173796E635461736B202337 path="/proc/3044/net/arp" dev="proc" ino=4026532256 scontext=u:r:platform_app:s0:c512,c768 tcontext=u:object_r:proc_net:s0 tclass=file app=com.hht.lebocast
04-10 02:17:18.771 3044 3044 W com.hht.lebocast: type=1400 audit(0.0:191): avc: granted { getattr } for comm=4173796E635461736B202337 path="/proc/3044/net/arp" dev="proc" ino=4026532256 scontext=u:r:platform_app:s0:c512,c768 tcontext=u:object_r:proc_net:s0 tclass=file app=com.hht.lebocast
01-01 09:00:01.597 0 0 I logd : start watching /data/system/packages.list ...
01-01 09:00:01.603 0 0 I logd : ReadPackageList, total packages: 108
04-10 02:17:18.795 3044 3969 I hpplay-java: [AsyncTask #12]:DeviceUtils:getAVCName status:1
04-10 02:17:18.796 3044 3968 I hpplay-java: [AsyncTask #11]:DeviceUtils:getAVCName status:1
04-10 02:17:18.796 3044 3970 I hpplay-java: [AsyncTask #13]:DeviceUtils:getAVCName status:1
04-10 02:17:18.811 3044 3962 I hpplay-java: [AsyncTask #8]:LBHandler:create name: Bridge looper:Looper (main, tid 2) {561bcf1}
04-10 02:17:18.811 3044 3962 I hpplay-java: [AsyncTask #8]:BuildConfigSupport:getFeatureProduct :1
04-10 02:17:18.811 3044 3962 I hpplay-java: [AsyncTask #8]:Feature:isReverseControlEnable :true
04-10 02:17:18.811 3044 3962 I hpplay-java: [AsyncTask #8]:Feature:isPlayListEnable :true
04-10 02:17:18.811 3044 3962 I hpplay-java: [AsyncTask #8]:BuildConfigSupport:getFeatureWr :0
04-10 02:17:18.811 3044 3962 W hpplay-java: [AsyncTask #8]:Feature:isSupportWr wr is delete when build
04-10 02:17:18.811 3044 3962 W hpplay-java: [AsyncTask #8]:CreateUtils:createFeature baseFeature:01100111111111
04-10 02:17:18.812 3044 3962 I hpplay-java: [AsyncTask #8]:InParameters:InParameters 6655
04-10 02:17:18.812 3044 3962 I hpplay-java: [AsyncTask #8]:Bridge:getLelinkSoInfo info:27705
04-10 02:17:18.813 3044 3973 I hpplay-java: [AsyncTask #14]:DeviceUtils:getAVCName status:1
04-10 02:17:18.818 3044 3965 I hpplay-java: [AsyncTask #10]:DeviceUtil:getMcSync type: wlan0
04-10 02:17:18.821 3044 3962 I hpplay-java: [AsyncTask #8]:IPManager:updateAPState time : 9 isAPOpen :false
04-10 02:17:18.822 3044 3962 I hpplay-java: [AsyncTask #8]:PT_RestrictedMode:setPreemptCallback callback:com.hpplay.sdk.sink.business.preempt.b@152bc8
04-10 02:17:18.822 3044 3962 I hpplay-java: [AsyncTask #8]:ConfigControl:initInstance key:21409
04-10 02:17:18.827 3044 3969 W VideoCapabilities: Unsupported mime image/vnd.android.heic
04-10 02:17:18.828 3044 3969 W VideoCapabilities: Unrecognized profile/level 0/3 for video/mpeg2
04-10 02:17:18.829 3044 3969 W VideoCapabilities: Unrecognized profile/level 0/3 for video/mpeg2
04-10 02:17:18.844 3044 3962 I hpplay-java: [AsyncTask #8]:BuildConfigSupport:getFeatureMd5 FEATURE_MD5:d3f02d6972b0450fe48e67f320bdd54b
04-10 02:17:18.846 3044 3962 I hpplay-java: [AsyncTask #8]:LelinkCastImpl:initWithValidMac
04-10 02:17:18.847 3044 3962 I hpplay-java: [AsyncTask #8]:BuildConfigSupport:isDEBUG DEBUG:false
04-10 02:17:18.848 3044 3962 W hpplay-java: [AsyncTask #8]:MagicalCacheFile:serverDir is not exits
04-10 02:17:18.848 3044 3962 I hpplay-java: [AsyncTask #8]:Session:updateUID use local uid
04-10 02:17:18.849 3044 3962 I hpplay-java: [AsyncTask #8]:LeboUtil:getUid64 uid:6368976187660713111
04-10 02:17:18.851 3044 3962 W hpplay-java: [AsyncTask #8]:MagicalCacheFile:serverDir is not exits
04-10 02:17:18.851 3044 3962 I hpplay-java: [AsyncTask #8]:Session:updateHID use local hid
04-10 02:17:18.852 3044 3962 I hpplay-java: [AsyncTask #8]:LeboUtil:getHID hid: 18DD12F139196499C203C705B32EC3CB6
04-10 02:17:18.852 3044 3962 I hpplay-java: [AsyncTask #8]:SinkDataReport:initDataReport
04-10 02:17:18.852 3044 3962 I hpplay-java: [AsyncTask #8]:LeboUtil:getUid uid:124948969
04-10 02:17:18.852 3044 3962 I hpplay-java: [AsyncTask #8]:Preference:checkFeature none
04-10 02:17:18.853 3044 3962 I hpplay-java: [AsyncTask #8]:SWI:dr tip
04-10 02:17:18.853 3044 3962 I hpplay-java: [AsyncTask #8]:DataReportShare:setReportSwitch,value:true
04-10 02:17:18.853 3044 3962 I hpplay-java: [AsyncTask #8]:LeboUtil:getUid uid:124948969
04-10 02:17:18.853 3044 3962 I hpplay-java: [AsyncTask #8]:LelinkCastImpl:initWithValidMac,AuthSDK
04-10 02:17:18.853 3044 3962 I hpplay-java: [AsyncTask #8]:ControlCloudAPI:updateDomain cache -1
04-10 02:17:18.853 3044 3962 I hpplay-java: [AsyncTask #8]:ControlCloudAPI:updateDomain config 0
04-10 02:17:18.853 3044 3962 I hpplay-java: [AsyncTask #8]:ControlCloudAPI:updateDomain VERIFY_URL http://sdkauth.hpplay.cn/Author/TVAuthor/?
04-10 02:17:18.854 3044 3962 I hpplay-java: [AsyncTask #8]:ControlCloudAPI:setAuthBackupDomain VERIFY_URL http://sdkauth.hpplay.cn/Author/TVAuthor/?
04-10 02:17:18.854 3044 3962 I hpplay-java: VERIFY_HOST1:http://sdkauth.hpplay.cn
04-10 02:17:18.854 3044 3962 I hpplay-java: [AsyncTask #8]:ControlCloudAPI:setBackupDomains url1:http://sdkauth.hpplay.cn
04-10 02:17:18.854 3044 3962 I hpplay-java: url2:https://sdkauth.lebo.com.cn:82
04-10 02:17:18.854 3044 3962 I hpplay-java: url3:http://120.25.130.190:80
04-10 02:17:18.854 3044 3962 I hpplay-java: [AsyncTask #8]:ControlCloudAPI:setBackupDomains url1:http://hpplay.cdn.cibn.cc
04-10 02:17:18.854 3044 3962 I hpplay-java: url2:https://image.hpplay.cn
04-10 02:17:18.854 3044 3962 I hpplay-java: url3:
04-10 02:17:18.855 3044 3962 I hpplay-java: [AsyncTask #8]:DeviceUtil:getNumCores
04-10 02:17:18.857 3044 3962 I hpplay-java: [AsyncTask #8]:DeviceInfo:codec: OMX.qcom.video.decoder.avc/8
04-10 02:17:18.857 3044 3965 I hpplay-java: [AsyncTask #10]:DeviceUtil:getMcSync type: eth0
04-10 02:17:18.857 3044 3962 I hpplay-java: [AsyncTask #8]:DeviceInfo:model: figure mf: TC product: figure_CN os:31
04-10 02:17:18.857 3044 3962 I hpplay-java: [AsyncTask #8]:DeviceInfo:uid: 6368976187660713111 hid: 18DD12F139196499C203C705B32EC3CB6
04-10 02:17:18.857 3044 3962 I hpplay-java: [AsyncTask #8]:DeviceInfo:version: 60055-2.77.05-2023-04-04-15-31
04-10 02:17:18.857 3044 3962 I hpplay-java: [AsyncTask #8]:DeviceInfo:lelink.so version: 27705
04-10 02:17:18.858 3044 3962 W hpplay-java: [AsyncTask #8]:AutoTestEntrance:updateUid ignore
04-10 02:17:18.858 3044 3962 I hpplay-java: [AsyncTask #8]:LelinkCastImpl:LEBO_OPTION_36 value: com.hht.lebocast.LelinkHelper$d@7e58537
04-10 02:17:18.858 3044 3962 I hpplay-java: [AsyncTask #8]:LelinkCastImpl:setMirrorSurfaceType value: 0
04-10 02:17:18.858 3044 3962 I hpplay-java: [AsyncTask #8]:LelinkCastImpl:setDeviceName deviceName: 高合娱乐副屏
04-10 02:17:18.858 3044 3962 I hpplay-java: [AsyncTask #8]:LelinkCastImpl:choosePlayer type: 0
04-10 02:17:18.858 3044 3962 I hpplay-java: [AsyncTask #8]:LelinkCastImpl:setMaxFps maxFps: 60
04-10 02:17:18.858 3044 3962 D hpplay-base: [jniBridge:614] Java_com_hpplay_sdk_sink_protocol_Bridge__1setMaxFps 60
04-10 02:17:18.858 3044 3962 I hpplay-java: [AsyncTask #8]:LelinkCastImpl:setServerListener serverListener: com.hht.lebocast.LelinkHelper$e@adaaaa4
04-10 02:17:18.859 3044 3962 I hpplay-java: [AsyncTask #8]:LelinkCastImpl:setAuthCodeCallback value: com.hht.lebocast.LelinkHelper$b@df0d00d
04-10 02:17:18.859 3044 3962 I hpplay-java: [AsyncTask #8]:LelinkCastImpl:setVolumeType value: 0
04-10 02:17:18.859 3044 3962 I hpplay-java: [AsyncTask #8]:Feature:getVolumeType model:figure mf:TC
04-10 02:17:18.859 3044 3962 I hpplay-java: [AsyncTask #8]:LelinkCastImpl:showFps showFps: true
04-10 02:17:18.859 3044 3962 I hpplay-java: [AsyncTask #8]:OptionSetter:setMediaPlayerCallBack LEBO_OPTION_101 value: com.hht.lebocast.LelinkHelper$c@5fabbc2
04-10 02:17:18.859 3044 3962 I hpplay-java: [AsyncTask #8]:LelinkCastImpl:setAuthMode mode: 0
04-10 02:17:18.860 3044 3962 I hpplay-java: [AsyncTask #8]:LelinkCastImpl:performAction action: ACTION_STARTSERVER
04-10 02:17:18.860 3044 3962 I hpplay-java: [AsyncTask #8]:LelinkCastImpl:startServer
04-10 02:17:18.860 3044 3962 I hpplay-java: [AsyncTask #8]:DeviceUtil:getPermissionDid: 1
04-10 02:17:18.860 3044 3962 I hpplay-java: [AsyncTask #8]:LelinkCastImpl:registerReceiver mNetworkReceiver: null
04-10 02:17:18.862 3044 3962 I hpplay-java: [AsyncTask #8]:LBHandler:create name: NetworkReceiver looper:Looper (NetworkReceiver, tid 57) {169cd10}
04-10 02:17:18.862 3044 3962 I hpplay-java: [AsyncTask #8]:NetworkReceiver:NetworkReceiver context: com.hht.lebocast.CastApplication@cd5b52
04-10 02:17:18.863 3044 3962 W hpplay-java: [AsyncTask #8]:IPManager:getActiveNets invalid networkInfo:null
04-10 02:17:18.863 3044 3962 I hpplay-java: [AsyncTask #8]:IPManager:getActiveNets eth0:false wifi:false mobile:false ap:false
04-10 02:17:18.863 3044 3962 I hpplay-java: [AsyncTask #8]:NetworkReceiver:NetworkReceiver mStartIp: null
04-10 02:17:18.865 3044 3984 I hpplay-java: [AsyncTask #19]:LelinkCastImpl:startServer_l
04-10 02:17:18.865 3044 3984 I hpplay-java: [AsyncTask #19]:ServerTaskManager:startServer
04-10 02:17:18.865 3044 3984 I hpplay-java: [AsyncTask #19]:ServerTaskManager:startServer add, reason: server start first or server was stopped
04-10 02:17:18.865 3044 3984 I hpplay-java: [AsyncTask #19]:ServerTaskManager:addStartTask
04-10 02:17:18.866 3044 3984 W hpplay-java: [AsyncTask #19]:IPManager:getActiveNets invalid networkInfo:null
04-10 02:17:18.867 3044 3984 I hpplay-java: [AsyncTask #19]:IPManager:getActiveNets eth0:false wifi:false mobile:false ap:false
04-10 02:17:18.867 3044 3984 W hpplay-java: [AsyncTask #19]:ServerTaskManager:exeTask startServer, need wait for ip
04-10 02:17:18.873 3044 3981 I hpplay-java: [AsyncTask #18]:IPManager:updateIPAddress getIPAddress: 192.168.4.16 name:vlan4
04-10 02:17:18.874 3044 3981 I hpplay-java: [AsyncTask #18]:IPManager:updateIPAddress getIPAddress: 192.168.8.16 name:vlan8
04-10 02:17:18.874 3044 3981 I hpplay-java: [AsyncTask #18]:IPManager:updateIPAddress getIPAddress: 192.168.11.16 name:vlan11
04-10 02:17:18.874 3044 3981 I hpplay-java: [AsyncTask #18]:IPManager:updateIPAddress getIPAddress: 192.168.0.16 name:vlan0
04-10 02:17:18.874 3044 3981 I hpplay-java: [AsyncTask #18]:IPManager:updateIPAddress getIPAddress: 192.168.2.16 name:vlan2
04-10 02:17:18.874 3044 3981 I hpplay-java: [AsyncTask #18]:IPManager:updateIPAddress getIPAddress: 192.168.1.16 name:vlan1
04-10 02:17:18.875 3044 3978 W hpplay-java: [AsyncTask #16]:MagicalCacheFile:serverDir is not exits
04-10 02:17:18.875 3044 3978 I hpplay-java: [AsyncTask #16]:Session:no cached regTime
04-10 02:17:18.881 3044 3978 I hpplay-java: [AsyncTask #16]:AuthSDK:authSDK connectTimeout = 6000
04-10 02:17:18.884 3044 3986 I hpplay-java: [AsyncTask #20]:HttpRequest:http://sdkauth.hpplay.cn/Author/TVAuthor/?uid=6368976187660713111&appid=21409&prot_ver=4.1&version=60055-27705 path post
04-10 02:17:18.886 3044 3986 I DpmTcmClient: RegisterTcmMonitor from: $Proxy2
04-10 02:17:18.883 3980 3980 I auditd : type=1400 audit(0.0:192): avc: denied { read } for comm="cat" name="address" dev="sysfs" ino=62232 scontext=u:r:platform_app:s0:c512,c768 tcontext=u:object_r:sysfs:s0 tclass=file permissive=0 app=com.hht.lebocast
04-10 02:17:18.883 3980 3980 W cat : type=1400 audit(0.0:192): avc: denied { read } for name="address" dev="sysfs" ino=62232 scontext=u:r:platform_app:s0:c512,c768 tcontext=u:object_r:sysfs:s0 tclass=file permissive=0 app=com.hht.lebocast
04-10 02:17:18.893 675 3988 D resolv : resolv_getaddrinfo: explore_fqdn(): ai_family=0 ai_socktype=1 ai_protocol=6
04-10 02:17:18.898 3044 3986 I hpplay-java: [AsyncTask #20]:AsyncManager:nextDomain next2: https://sdkauth.lebo.com.cn:82/Author/TVAuthor/?uid=6368976187660713111&appid=21409&prot_ver=4.1&version=60055-27705
04-10 02:17:18.898 3044 3986 W hpplay-java: [AsyncTask #20]:HttpRequest:
04-10 02:17:18.898 3044 3986 I hpplay-java: [AsyncTask #20]:HttpRequest:https://sdkauth.lebo.com.cn:82/Author/TVAuthor/?uid=6368976187660713111&appid=21409&prot_ver=4.1&version=60055-27705 path post
04-10 02:17:18.901 675 3989 D resolv : GetAddrInfoHandler::run: {0 262144 0 983040 10085 0}
04-10 02:17:18.901 675 3989 D resolv : resolv_getaddrinfo: explore_fqdn(): ai_family=0 ai_socktype=1 ai_protocol=6
04-10 02:17:18.906 3044 3986 I hpplay-java: [AsyncTask #20]:AsyncManager:nextDomain next3: http://120.25.130.190:80/Author/TVAuthor/?uid=6368976187660713111&appid=21409&prot_ver=4.1&version=60055-27705
04-10 02:17:18.907 3044 3986 W hpplay-java: [AsyncTask #20]:HttpRequest:
04-10 02:17:18.907 3044 3986 I hpplay-java: [AsyncTask #20]:HttpRequest:http://120.25.130.190:80/Author/TVAuthor/?uid=6368976187660713111&appid=21409&prot_ver=4.1&version=60055-27705 path post
04-10 02:17:18.911 3044 3986 W hpplay-java: [AsyncTask #20]:HttpRequest:java.net.ConnectException: Failed to connect to /120.25.130.190:80
04-10 02:17:18.911 3044 3986 W hpplay-java: at com.android.okhttp.internal.io.RealConnection.connectSocket(RealConnection.java:147)
04-10 02:17:18.911 3044 3986 W hpplay-java: at com.android.okhttp.internal.io.RealConnection.connect(RealConnection.java:116)
04-10 02:17:18.911 3044 3986 W hpplay-java: at com.android.okhttp.internal.http.StreamAllocation.findConnection(StreamAllocation.java:186)
04-10 02:17:18.911 3044 3986 W hpplay-java: at com.android.okhttp.internal.http.StreamAllocation.findHealthyConnection(StreamAllocation.java:128)
04-10 02:17:18.911 3044 3986 W hpplay-java: at com.android.okhttp.internal.http.StreamAllocation.newStream(StreamAllocation.java:97)
04-10 02:17:18.911 3044 3986 W hpplay-java: at com.android.okhttp.internal.http.HttpEngine.connect(HttpEngine.java:289)
04-10 02:17:18.911 3044 3986 W hpplay-java: at com.android.okhttp.internal.http.HttpEngine.sendRequest(HttpEngine.java:232)
04-10 02:17:18.911 3044 3986 W hpplay-java: at com.android.okhttp.internal.huc.HttpURLConnectionImpl.execute(HttpURLConnectionImpl.java:465)
04-10 02:17:18.911 3044 3986 W hpplay-java: at com.android.okhttp.internal.huc.HttpURLConnectionImpl.connect(HttpURLConnectionImpl.java:131)
04-10 02:17:18.911 3044 3986 W hpplay-java: at com.hpplay.common.asyncmanager.HttpRequest.doPost(SourceFile:17)
04-10 02:17:18.911 3044 3986 W hpplay-java: at com.hpplay.common.asyncmanager.AsyncHttpJob.doInBackground(SourceFile:4)
04-10 02:17:18.911 3044 3986 W hpplay-java: at android.os.AsyncTask$3.call(AsyncTask.java:394)
04-10 02:17:18.911 3044 3986 W hpplay-java: at java.util.concurrent.FutureTask.run(FutureTask.java:266)
04-10 02:17:18.911 3044 3986 W hpplay-java: at java.util.concurrent.ThreadPoolExecutor.runWorker(ThreadPoolExecutor.java:1167)
04-10 02:17:18.911 3044 3986 W hpplay-java: at java.util.concurrent.ThreadPoolExecutor$Worker.run(ThreadPoolExecutor.java:641)
04-10 02:17:18.911 3044 3986 W hpplay-java: at java.lang.Thread.run(Thread.java:920)
04-10 02:17:18.912 3044 3991 I hpplay-java: [AsyncTask #21]:AuthSDK:authSDK auth failed
04-10 02:17:18.912 3044 3991 I hpplay : [AsyncTask #21]:LelinkHelper:onAuthSDK status: 3
04-10 02:17:18.912 3044 3991 I hpplay-java: [AsyncTask #21]:VipAuthSDK:vipAuth
04-10 02:17:18.912 3044 3044 D hpplay : [main]:LelinkHelper:认证成功
04-10 02:17:18.917 3278 3433 E MediaProvider: Creating a non-default top level directory or deleting an existing one is not allowed!
04-10 02:17:18.920 3278 3433 E MediaProvider: Creating a non-default top level directory or deleting an existing one is not allowed!
04-10 02:17:18.925 3044 3991 I hpplay-java: [AsyncTask #21]:EnterpriseAuthManager:getCompanyAuthSavePath,sdk install path
04-10 02:17:18.925 3044 3991 I hpplay-java: [AsyncTask #21]:EnterpriseAuthManager:getNewCompanyAuthSavePath
04-10 02:17:18.929 3278 3433 E MediaProvider: Creating a non-default top level directory or deleting an existing one is not allowed!
04-10 02:17:18.933 3278 3433 E MediaProvider: Creating a non-default top level directory or deleting an existing one is not allowed!
04-10 02:17:18.933 3044 3991 I hpplay-java: [AsyncTask #21]:EnterpriseAuthManager:getNewCompanyAuthSavePath,get app cache path
04-10 02:17:18.934 3044 3991 I hpplay-java: [AsyncTask #21]:EnterpriseAuthManager:updateCompanyAccountSavePath
04-10 02:17:18.934 3044 3991 I hpplay-java: [AsyncTask #21]:EnterpriseAuthManager:getCompanyAccount
04-10 02:17:18.936 3044 3991 I hpplay-java: [AsyncTask #21]:EnterpriseAuthManager:getNewCompanyAuthSavePath
04-10 02:17:18.936 3044 3991 I hpplay-java: [AsyncTask #21]:EnterpriseAuthManager:getNewCompanyAuthSavePath,get app cache path
04-10 02:17:18.938 3044 3991 I hpplay-java: [AsyncTask #21]:AuthSDK:checkHandler
04-10 02:17:18.939 3044 3995 W hpplay-java: [AsyncTask #25]:CreateUtils:notifyQRReady server not start,ignore
04-10 02:17:18.939 3044 3995 W hpplay-java: [AsyncTask #25]:CreateUtils:isServerStartAndAuth token is null
04-10 02:17:18.939 3044 3995 W hpplay-java: [AsyncTask #25]:CreateUtils:isServerStartAndAuth token is null
04-10 02:17:18.939 3044 3995 I hpplay-java: [AsyncTask #25]:ServerBusiness:createPinCode ignore
04-10 02:17:18.940 3044 3991 I hpplay-java: [AsyncTask #21]:LBHandler:create name: AuthSDK looper:Looper (AuthSDK, tid 68) {e8c21b3}
04-10 02:17:18.940 3044 3991 I hpplay-java: [AsyncTask #21]:AuthSDK:checkHandler,create handler
04-10 02:17:18.940 3044 3994 I hpplay-java: [AsyncTask #24]:HttpRequest:https://vipauth.hpplay.cn/VipAuth path post
04-10 02:17:18.944 675 3998 D resolv : GetAddrInfoHandler::run: {0 262144 0 983040 10085 0}
04-10 02:17:18.944 675 3998 D resolv : resolv_getaddrinfo: explore_fqdn(): ai_family=0 ai_socktype=1 ai_protocol=6
04-10 02:17:18.946 3044 3991 I hpplay-java: [AsyncTask #21]:LBHandler:create name: IMTask looper:Looper (IMTask, tid 69) {e196e9}
04-10 02:17:18.946 3044 3991 I hpplay-java: [AsyncTask #21]:IMTask:IMTask
04-10 02:17:18.946 3044 3991 I hpplay-java: [AsyncTask #21]:IMTask:getIMRoot
04-10 02:17:18.947 3044 3994 W hpplay-java: [AsyncTask #24]:HttpRequest:
04-10 02:17:18.947 3044 3994 I hpplay-java: [AsyncTask #24]:HttpRequest:https://vipauth.hpplay.cn/VipAuth path post
04-10 02:17:18.948 3044 3991 I hpplay-java: [AsyncTask #21]:LBHandler:create name: AuthTask looper:Looper (AuthTask, tid 71) {69d260f}
04-10 02:17:18.949 3044 3991 I hpplay-java: [AsyncTask #21]:AuthTask:reAuth 600000
04-10 02:17:18.949 3044 3994 W hpplay-java: [AsyncTask #24]:HttpRequest:
04-10 02:17:18.949 3044 3994 I hpplay-java: [AsyncTask #24]:HttpRequest:https://vipauth.hpplay.cn/VipAuth path post
04-10 02:17:18.950 3044 3991 I hpplay-java: [AsyncTask #21]:PlayerConfig:start request player cloud config, curVersion: -1
04-10 02:17:18.950 675 4001 D resolv : GetAddrInfoHandler::run: {0 262144 0 983040 10085 0}
04-10 02:17:18.950 675 4001 D resolv : resolv_getaddrinfo: explore_fqdn(): ai_family=0 ai_socktype=1 ai_protocol=6
04-10 02:17:18.952 3044 3991 I hpplay-java: [AsyncTask #21]:AuthSDK:controlStartServer
04-10 02:17:18.953 3044 3999 W hpplay-java: [AsyncTask #26]:HttpRequest:
04-10 02:17:18.953 3044 3991 I hpplay-java: [AsyncTask #21]:LBHandler:create name: ServiceUpdater looper:Looper (ServiceUpdater, tid 75) {310142b}
04-10 02:17:18.953 3044 3991 I hpplay-java: [AsyncTask #21]:ServiceUpdater:upLoadDeviceInfo url = http://gslb.hpplay.cn/lebo-flux-sdk/sdk/info/upload
04-10 02:17:18.955 3044 3994 W hpplay-java: [AsyncTask #24]:HttpRequest:
04-10 02:17:18.957 675 4008 D resolv : GetAddrInfoHandler::run: {0 262144 0 983040 10085 0}
04-10 02:17:18.957 675 4008 D resolv : resolv_getaddrinfo: explore_fqdn(): ai_family=0 ai_socktype=1 ai_protocol=6
04-10 02:17:18.957 675 4009 D resolv : GetAddrInfoHandler::run: {0 262144 0 983040 10085 0}
04-10 02:17:18.957 675 4009 D resolv : resolv_getaddrinfo: explore_fqdn(): ai_family=0 ai_socktype=1 ai_protocol=6
04-10 02:17:18.961 675 4011 D resolv : GetAddrInfoHandler::run: {0 262144 0 983040 10085 0}
04-10 02:17:18.961 675 4011 D resolv : resolv_getaddrinfo: explore_fqdn(): ai_family=0 ai_socktype=1 ai_protocol=6
04-10 02:17:18.961 3044 3999 W hpplay-java: [AsyncTask #26]:HttpRequest:
04-10 02:17:18.962 3044 4003 W hpplay-java: [AsyncTask #28]:HttpRequest:
04-10 02:17:18.963 3044 4003 W hpplay-java: [AsyncTask #28]:HttpRequest:
04-10 02:17:18.963 3044 4004 W hpplay-java: [AsyncTask #29]:HttpRequest:
04-10 02:17:18.963 3044 4003 W hpplay-java: [AsyncTask #28]:HttpRequest:
04-10 02:17:18.966 3044 4004 W hpplay-java: [AsyncTask #29]:HttpRequest:
04-10 02:17:18.967 3044 4004 W hpplay-java: [AsyncTask #29]:HttpRequest:
04-10 02:17:18.967 3044 4002 W hpplay-java: [AsyncTask #27]:HttpRequest:
04-10 02:17:18.968 3044 4002 W hpplay-java: [AsyncTask #27]:HttpRequest:
04-10 02:17:18.969 3044 4002 W hpplay-java: [AsyncTask #27]:HttpRequest:
04-10 02:17:18.970 3044 3044 I hpplay-java: [main]:PlayerConfigRequest:request failed
04-10 02:17:18.971 3044 3999 W hpplay-java: [AsyncTask #26]:HttpRequest:
04-10 02:17:18.972 3044 3044 E hpplay-java: [main]:IMTask:getIMRoot failed
04-10 02:17:18.987 3044 3991 W hpplay-java: [AsyncTask #21]:CodecCheck:checkCodecFeature ex ParseException
04-10 02:17:18.988 3044 3991 I hpplay-java: [AsyncTask #21]:Decoder:syncDecoder ignore 1
04-10 02:17:18.994 3044 3991 I hpplay-java: [AsyncTask #21]:BusinessConfig:requestConfig
04-10 02:17:18.995 3044 3943 I hpplay-java: [AsyncTask #1]:HttpRequest:http://gslb.hpplay.cn/lebo-flux-sdk/sdk/info/upload path post
04-10 02:17:18.995 3044 3943 W hpplay-java: [AsyncTask #1]:HttpRequest:
04-10 02:17:18.995 3044 3943 I hpplay-java: [AsyncTask #1]:HttpRequest:http://gslb.hpplay.cn/lebo-flux-sdk/sdk/info/upload path post
04-10 02:17:18.995 1015 2898 W ActivityManager: Unable to start service Intent { act=android.intent.action.START_LEBO_SERVICE pkg=com.hpplay.happyplay.aw } U=0: not found
04-10 02:17:18.996 3044 3991 I hpplay-java: [AsyncTask #21]:LeboUtil:wu r:false
04-10 02:17:18.996 3044 3951 W hpplay-java: [AsyncTask #2]:HttpRequest:
04-10 02:17:18.997 3044 3943 W hpplay-java: [AsyncTask #1]:HttpRequest:
04-10 02:17:18.997 3044 3943 I hpplay-java: [AsyncTask #1]:HttpRequest:http://gslb.hpplay.cn/lebo-flux-sdk/sdk/info/upload path post
04-10 02:17:18.997 3044 3951 W hpplay-java: [AsyncTask #2]:HttpRequest:
04-10 02:17:18.997 3044 3943 W hpplay-java: [AsyncTask #1]:HttpRequest:
04-10 02:17:18.998 3044 3951 W hpplay-java: [AsyncTask #2]:HttpRequest:
04-10 02:17:19.265 650 660 I mpu_uart: [MSG-P:RECV]:No message received in 1000 ms
01-01 09:00:02.246 0 0 E DTC_ETH,link_delay_work_func: 3003, SQI=0, link=0
04-10 02:17:19.485 2298 2386 D MicroService: send handshake message, currentTryAccount=5
01-01 09:00:02.364 0 0 W audit : audit_lost=18 audit_rate_limit=5 audit_backlog_limit=64
01-01 09:00:02.364 0 0 E audit : rate limit exceeded
04-10 02:17:19.658 1015 1955 I GameModeConfig: isGameModeOn = false
04-10 02:17:19.871 3044 3956 W hpplay-java: [ServerTaskManager]:IPManager:getActiveNets invalid networkInfo:null
04-10 02:17:19.871 3044 3956 I hpplay-java: [ServerTaskManager]:IPManager:getActiveNets eth0:false wifi:false mobile:false ap:false
04-10 02:17:19.871 3044 3956 I hpplay-java: [ServerTaskManager]:ServerTaskManager:get local ip:null
01-01 09:00:02.837 0 0 I init : starting service 'hht_ota_mgr_service'...
04-10 02:17:20.066 2733 2733 E Launcher: Check mcu protect state
04-10 02:17:20.117 4012 4012 E vota : [b6b2d4f8]: [vota]: init: ..
04-10 02:17:20.118 4012 4012 E vota : [b6b2d4f8]: [vota]: [warning]: the java machine be not inited, please pass it to the tb_init function! at tb_android_init_env(): 43, src/vota/platform/android/android.c
04-10 02:17:20.121 4012 4012 E vota : [b6b2d4f8]: [vota]: version: tbox_v1_6_7_202302251411_arm64-v8a_elf by Android (8481493, based on r416183c2) Clang 12.0.9 (https://android.googlesource.com/toolchain/llvm-project c935d99d7cf2016289302412d708641d52d2f7ee)
04-10 02:17:20.121 4012 4012 E vota : [b6b2d4f8]: [vota]: init: ok
04-10 02:17:20.121 4012 4012 E vota : [b6b2d4f8]: [vota]: [scheduler]: start ..
04-10 02:17:20.122 4012 4012 E vota : [b6b2d4f8]: [vota]: [coroutine]: init 0x7cb5545158
04-10 02:17:20.122 4012 4012 E vota : [b6b2d4f8]: [vota]: [scheduler]: start ok
04-10 02:17:20.122 4012 4012 E vota : [b6b2d4f8]: [vota]: [scheduler]: switch to coroutine(0x7cb5545158) from coroutine(0x7cb563cca0)
04-10 02:17:20.122 4012 4012 E vota : [b6b2d4f8]: [vota]: [coroutine]: entry: 0x7cb5545158 stack: 0x7cb55451b8 - 0x7cb55851b8 from coroutine(0x7cb563cca0)
04-10 02:17:20.123 4012 4012 I hiphi_update_api: Hh_GetVersion calling ......
04-10 02:17:20.123 4012 4012 I hiphi_update_api: get version:01.00.X103_20230410_private_userdebug
04-10 02:17:20.123 4012 4012 I hiphi_update_api: Hh_GetVersion ret:0
04-10 02:17:20.266 650 660 I mpu_uart: [MSG-P:RECV]:No message received in 1000 ms
04-10 02:17:20.266 650 659 I mpu_uart: [MSG-P:R]:recv sync frame timeout
04-10 02:17:20.295 4012 4012 I auditd : type=1400 audit(0.0:195): avc: denied { read append } for comm="hht_ota_mgr" name="NvmSim_yy.dat" dev="dm-6" ino=362 scontext=u:r:hht_ota_mgr:s0 tcontext=u:object_r:system_data_file:s0 tclass=file permissive=0
04-10 02:17:20.295 4012 4012 W hht_ota_mgr: type=1400 audit(0.0:195): avc: denied { read append } for name="NvmSim_yy.dat" dev="dm-6" ino=362 scontext=u:r:hht_ota_mgr:s0 tcontext=u:object_r:system_data_file:s0 tclass=file permissive=0
04-10 02:17:20.300 4012 4012 E vota : [b6b2d4f8]: [vota]: [scheduler]: finish coroutine(0x7cb5545158)
04-10 02:17:20.300 4012 4012 E vota : [b6b2d4f8]: [vota]: [scheduler]: switch to original coroutine
04-10 02:17:20.300 4012 4012 E vota : [b6b2d4f8]: [vota]: [scheduler]: switch to coroutine(0x7cb563cca0) from coroutine(0x7cb5545158)
04-10 02:17:20.300 4012 4012 E vota : [b6b2d4f8]: [vota]: [scheduler]: [loop]: ready 0
04-10 02:17:20.300 4012 4012 E vota : [b6b2d4f8]: [vota]: [coroutine]: exit: 0x7cb5545158
04-10 02:17:20.300 4012 4012 E vota : [b6b2d4f8]: [vota]: [lock_profiler]:
04-10 02:17:20.300 4012 4012 E vota : [b6b2d4f8]: [vota]: [lock_profiler]: lock: 0xb400007a579114ec, name: allocator, occupied: 0
04-10 02:17:20.300 4012 4012 E vota : [b6b2d4f8]: [vota]: [lock_profiler]: lock: 0xb400007a479181d4, name: native_large_allocator, occupied: 0
04-10 02:17:20.300 4012 4012 E vota : [b6b2d4f8]: [vota]: [small_allocator]:
04-10 02:17:20.300 4012 4012 E vota : [b6b2d4f8]: [vota]: [static_fixed_pool]: [16]: peak_size: 288, wast_rate: 4074/10000, pred_failed: 0, item_maxn: 245, free_count: 18, malloc_count: 18
04-10 02:17:20.300 4012 4012 E vota : [b6b2d4f8]: [vota]: [static_fixed_pool]: [96]: peak_size: 2208, wast_rate: 1028/10000, pred_failed: 0, item_maxn: 248, free_count: 23, malloc_count: 23
04-10 02:17:20.300 4012 4012 E vota : [b6b2d4f8]: [vota]: [static_fixed_pool]: [128]: peak_size: 9216, wast_rate: 791/10000, pred_failed: 0, item_maxn: 249, free_count: 72, malloc_count: 72
04-10 02:17:20.300 4012 4012 E vota : [b6b2d4f8]: [vota]: [static_fixed_pool]: [192]: peak_size: 2112, wast_rate: 541/10000, pred_failed: 0, item_maxn: 250, free_count: 11, malloc_count: 11
04-10 02:17:20.300 4012 4012 E vota : [b6b2d4f8]: [vota]: [static_fixed_pool]: [256]: peak_size: 256, wast_rate: 411/10000, pred_failed: 0, item_maxn: 251, free_count: 1, malloc_count: 1
04-10 02:17:20.300 4012 4012 E vota : [b6b2d4f8]: [vota]: [static_fixed_pool]: [384]: peak_size: 5376, wast_rate: 278/10000, pred_failed: 0, item_maxn: 252, free_count: 14, malloc_count: 14
04-10 02:17:20.300 4012 4012 E vota : [b6b2d4f8]: [vota]: [static_fixed_pool]: [512]: peak_size: 5632, wast_rate: 210/10000, pred_failed: 0, item_maxn: 253, free_count: 11, malloc_count: 11
04-10 02:17:20.300 4012 4012 E vota : [b6b2d4f8]: [vota]: [static_fixed_pool]: [1024]: peak_size: 2048, wast_rate: 106/10000, pred_failed: 0, item_maxn: 254, free_count: 2, malloc_count: 2
04-10 02:17:20.300 4012 4012 E vota : [b6b2d4f8]: [vota]: [native_large_allocator]:
01-01 09:00:03.119 0 0 I init : Service 'hht_ota_mgr_service' (pid 4012) exited with status 0
01-01 09:00:03.119 0 0 I init : Sending signal 9 to service 'hht_ota_mgr_service' (pid 4012) process group...
01-01 09:00:03.119 0 0 I libprocessgroup: Successfully killed process cgroup uid 0 pid 4012 in 0ms
04-10 02:17:20.300 4012 4012 E vota : [b6b2d4f8]: [vota]: [native_large_allocator]: peak_size: 3373986
04-10 02:17:20.300 4012 4012 E vota : [b6b2d4f8]: [vota]: [native_large_allocator]: wast_rate: 4/10000
04-10 02:17:20.300 4012 4012 E vota : [b6b2d4f8]: [vota]: [native_large_allocator]: free_count: 52
04-10 02:17:20.300 4012 4012 E vota : [b6b2d4f8]: [vota]: [native_large_allocator]: malloc_count: 52
04-10 02:17:20.301 4012 4012 E vota : [b6b2d4f8]: [vota]: [native_large_allocator]: ralloc_count: 0
04-10 02:17:20.301 4012 4012 E vota : [b6b2d4f8]: [vota]: exit: ok
04-10 02:17:20.876 3044 3956 W hpplay-java: [ServerTaskManager]:IPManager:getActiveNets invalid networkInfo:null
04-10 02:17:20.876 3044 3956 I hpplay-java: [ServerTaskManager]:IPManager:getActiveNets eth0:false wifi:false mobile:false ap:false
04-10 02:17:20.876 3044 3956 I hpplay-java: [ServerTaskManager]:ServerTaskManager:get local ip:null
04-10 02:17:21.266 650 660 I mpu_uart: [MSG-P:RECV]:No message received in 1000 ms
04-10 02:17:21.367 576 2082 I keystore2: keystore2::watchdog: Watchdog thread idle -> terminating. Have a great day.
04-10 02:17:21.556 2298 2386 W System.err: java.net.NoRouteToHostException: Host unreachable
04-10 02:17:21.556 2298 2386 W System.err: at libcore.io.IoBridge.connect(IoBridge.java:183)
04-10 02:17:21.557 2298 2386 W System.err: at java.net.PlainSocketImpl.socketConnect(PlainSocketImpl.java:142)
04-10 02:17:21.557 2298 2386 W System.err: at java.net.AbstractPlainSocketImpl.doConnect(AbstractPlainSocketImpl.java:390)
04-10 02:17:21.557 2298 2386 W System.err: at java.net.AbstractPlainSocketImpl.connectToAddress(AbstractPlainSocketImpl.java:230)
04-10 02:17:21.557 2298 2386 W System.err: at java.net.AbstractPlainSocketImpl.connect(AbstractPlainSocketImpl.java:212)
04-10 02:17:21.557 2298 2386 W System.err: at java.net.SocksSocketImpl.connect(SocksSocketImpl.java:436)
04-10 02:17:21.557 2298 2386 W System.err: at java.net.Socket.connect(Socket.java:621)
04-10 02:17:21.557 2298 2386 W System.err: at java.net.Socket.connect(Socket.java:570)
04-10 02:17:21.557 2298 2386 W System.err: at java.net.Socket.(Socket.java:450)
04-10 02:17:21.557 2298 2386 W System.err: at java.net.Socket.(Socket.java:292)
04-10 02:17:21.557 2298 2386 W System.err: at com.thundercomm.microservice.base.BaseMicroSocketClient.createClientSocket(BaseMicroSocketClient.java:20)
04-10 02:17:21.557 2298 2386 W System.err: at com.thundercomm.microservice.MicroSocketClient.serialSendMessage(MicroSocketClient.java:79)
04-10 02:17:21.557 2298 2386 W System.err: at com.thundercomm.microservice.MicroSocketClient.lambda$handShark$1$MicroSocketClient(MicroSocketClient.java:94)
04-10 02:17:21.557 2298 2386 W System.err: at com.thundercomm.microservice.MicroSocketClient$$ExternalSyntheticLambda0.run(Unknown Source:4)
04-10 02:17:21.558 2298 2386 W System.err: at java.lang.Thread.run(Thread.java:920)
04-10 02:17:21.558 2298 2386 E MicroService: DTC_ETH: BaseMicroSocketClient:createClientSocket() java.net.NoRouteToHostException: Host unreachable
04-10 02:17:21.880 3044 3956 W hpplay-java: [ServerTaskManager]:IPManager:getActiveNets invalid networkInfo:null
04-10 02:17:21.880 3044 3956 I hpplay-java: [ServerTaskManager]:IPManager:getActiveNets eth0:false wifi:false mobile:false ap:false
04-10 02:17:21.880 3044 3956 I hpplay-java: [ServerTaskManager]:ServerTaskManager:get local ip:null
04-10 02:17:22.267 650 660 I mpu_uart: [MSG-P:RECV]:No message received in 1000 ms
04-10 02:17:22.482 2579 2579 D RemoteControlService: startVlanDispatchThread
04-10 02:17:22.558 2298 2386 D MicroService: send handshake message, currentTryAccount=6
04-10 02:17:22.658 1015 1804 D DisplayPowerController[0]: requestPowerState: policy=BRIGHT, useProximitySensor=false, screenBrightnessOverride=NaN, useAutoBrightness=true, screenAutoBrightnessAdjustmentOverride=NaN, screenLowPowerBrightnessFactor=1.0, blockScreenOn=false, lowPowerMode=false, boostScreenBrightness=false, dozeScreenBrightness=NaN, dozeScreenState=UNKNOWN, waitForNegativeProximity=false
04-10 02:17:22.658 1015 1804 D PowerManagerNotifier: onScreenPolicyUpdate: newPolicy=3
04-10 02:17:22.660 1015 1804 D PowerManagerNotifier: onWakeLockAcquired: flags=1, tag="*alarm*", packageName=android, ownerUid=1000, ownerPid=1015, workSource=WorkSource{10022}
04-10 02:17:22.664 1015 1955 I GameModeConfig: isGameModeOn = false
04-10 02:17:22.664 1015 1955 I GameModeConfig: isGameModeOn = false
04-10 02:17:22.665 1015 1955 I GameModeConfig: isGameModeOn = false
04-10 02:17:22.665 1015 1955 I GameModeConfig: isGameModeOn = false
04-10 02:17:22.884 3044 3956 W hpplay-java: [ServerTaskManager]:IPManager:getActiveNets invalid networkInfo:null
04-10 02:17:22.884 3044 3956 I hpplay-java: [ServerTaskManager]:IPManager:getActiveNets eth0:false wifi:false mobile:false ap:false
04-10 02:17:22.884 3044 3956 I hpplay-java: [ServerTaskManager]:ServerTaskManager:get local ip:null
04-10 02:17:23.023 1015 1955 I GameModeConfig: isGameModeOn = false
04-10 02:17:23.029 1015 1955 I GameModeConfig: isGameModeOn = false
04-10 02:17:23.130 1015 1955 I GameModeConfig: isGameModeOn = false
04-10 02:17:23.130 1015 1955 I GameModeConfig: isGameModeOn = false
04-10 02:17:23.131 1015 1955 I GameModeConfig: isGameModeOn = false
04-10 02:17:23.131 1015 1955 I GameModeConfig: isGameModeOn = false
04-10 02:17:23.267 650 660 I mpu_uart: [MSG-P:RECV]:No message received in 1000 ms
04-10 02:17:23.268 650 659 I mpu_uart: [MSG-P:R]:recv sync frame timeout
04-10 02:17:23.709 3927 3927 I MSP-JNI : JNI_OnLoad called
04-10 02:17:23.710 3927 3927 E MSP-JNI : Failed to get class in Jload
04-10 02:17:23.710 3927 3927 I MSP-JNI : FindClass - com/qualcomm/ltebc/LTEBroadcastService JNI EXCEPTION CLEARED
04-10 02:17:23.710 3927 3927 I MSP-JNI : JNI_OnLoad: Initializing File Delivery references
04-10 02:17:23.711 3927 3927 I MSP-JNI : FindClass CARRIER_SPECIFIC_CLASS_DEFINITION JNI EXCEPTION CLEARED
04-10 02:17:23.711 3927 3927 I MSP-JNI : JNI_OnLoad: Completed File Delivery initialization
04-10 02:17:23.714 3927 3927 I LTE Application: LTEApplicationCreate
04-10 02:17:23.714 3927 3927 I LTE Application: applicationContext : com.qualcomm.ltebc.LTEQTIApplication@caf0e23
04-10 02:17:23.715 1015 1955 I GameModeConfig: isGameModeOn = false
04-10 02:17:23.716 1015 1955 I GameModeConfig: isGameModeOn = false
04-10 02:17:23.719 3927 3927 I LTE QMI Link: Creating QMI Link
04-10 02:17:23.720 3927 3927 D LTE Application: packageName = com.qti.ltebc versionCode = 5401010 versionName = MSDC_LA_5.4.01.01.0
04-10 02:17:23.720 3927 3927 I LTE Application: LTE Broadcast Library Release Version = MSDC_LA_5.4.01.01.0
04-10 02:17:23.721 3927 3927 D LTE Application: IntentSender : Last intent Status NOT_SENT forcedBroadcast flag = true
04-10 02:17:23.721 3927 3927 D LTE Application: sendBroadcastIntent IntentAction : Sending com.qualcomm.intent.EMBMS_STATUS ACTIVE = false
04-10 02:17:23.723 1015 1955 I GameModeConfig: isGameModeOn = false
04-10 02:17:23.723 3927 3927 W SOCKET : ConnectionManager constructor has been initialised
04-10 02:17:23.723 1015 1955 I GameModeConfig: isGameModeOn = false
04-10 02:17:23.723 3927 3927 E System : Ignoring attempt to set property "java.net.preferIPv6Addresses" to value "false".
04-10 02:17:23.726 3927 3927 D LTE Application: Android API Version 31
04-10 02:17:23.727 3927 3927 I LTE Application: Package Name : com.qti.ltebc
04-10 02:17:23.735 3927 3927 I LTE Application: app is not whitelisted
04-10 02:17:23.740 3927 3927 I LTE Broadcast Receiver: Broadcast Receiver Received intent : Intent { act=android.intent.action.BOOT_COMPLETED flg=0x89000010 cmp=com.qti.ltebc/com.qualcomm.ltebc.LTEBroadcastBootReceiver (has extras) }
04-10 02:17:23.741 3927 3927 I LTE Broadcast Receiver: Received intent : android.intent.action.BOOT_COMPLETED isBindCalled = false
04-10 02:17:23.741 3927 3927 I LTE Application: startRootServiceASync true
04-10 02:17:23.758 3927 4015 I LTE Application: startRootServiceSync true
04-10 02:17:23.759 3927 4015 I LTE Application: startRootServiceSync initState LTEBC_MSP_NOT_INITIALIZED
04-10 02:17:23.759 3927 4015 I LTE Application: setWakeupMode - mode :WAKEUP_MODE_BG
04-10 02:17:23.759 3927 4015 I LTE Application: startRootServiceSync(): Started from BOOT
04-10 02:17:23.759 3927 4015 I LTE Application: startRootServiceSync(): setting alarm wake up and exit from BOOT 1681064244259
04-10 02:17:23.759 3927 4015 I LTE Application: scheduleNextWakeup appName: null wakeupInFg: false
04-10 02:17:23.759 3927 4015 I LTE Application: wakeupTime is 1681064244259
04-10 02:17:23.760 3927 4015 I LTE Application: Next wakeup will be due to boot
04-10 02:17:23.760 1015 2087 I service_manager_slow: [10,platform_compat]
04-10 02:17:23.760 1015 2087 D CompatibilityChangeReporter: Compat change id reported: 168419799; UID 10056; state: DISABLED
04-10 02:17:23.761 1015 2087 D CompatibilityInfo: mCompatibilityFlags - 4
04-10 02:17:23.761 1015 2087 D CompatibilityInfo: applicationDensity - 240
04-10 02:17:23.761 1015 2087 D CompatibilityInfo: applicationScale - 1.0
04-10 02:17:23.764 3927 4015 D CompatibilityChangeReporter: Compat change id reported: 160794467; UID 10074; state: ENABLED
04-10 02:17:23.765 3146 3146 D PASRReceiver: Received Intent Intent { act=android.intent.action.BOOT_COMPLETED flg=0x89000010 cmp=com.qti.pasrservice/.PASRReceiver (has extras) }
04-10 02:17:23.767 1015 2148 D CompatibilityInfo: mCompatibilityFlags - 4
04-10 02:17:23.768 1015 2148 D CompatibilityInfo: applicationDensity - 240
04-10 02:17:23.768 1015 2148 D CompatibilityInfo: applicationScale - 1.0
04-10 02:17:23.768 1015 2087 D CompatibilityChangeReporter: Compat change id reported: 171306433; UID 10074; state: ENABLED
04-10 02:17:23.769 3146 3146 D PASRReceiver: PASRService Auto Boot Started Successfully
04-10 02:17:23.770 3146 3146 E PASRService: onCreate
04-10 02:17:23.771 3927 4015 I LTE Application: Alarm Set to 1681064244259
04-10 02:17:23.772 1015 2148 D CompatibilityInfo: mCompatibilityFlags - 4
04-10 02:17:23.773 1015 2148 D CompatibilityInfo: applicationDensity - 240
04-10 02:17:23.773 1015 1187 I am_pss : [2733,10071,com.android.launcher3,92797952,81313792,0,219062272,0,2,16]
04-10 02:17:23.773 1015 2148 D CompatibilityInfo: applicationScale - 1.0
04-10 02:17:23.777 2529 2529 I MStatsReceiver: prop ==
04-10 02:17:23.778 2529 2529 I MStatsReceiver: Received intent but prop is not set.
04-10 02:17:23.783 1015 2148 D CompatibilityInfo: mCompatibilityFlags - 4
04-10 02:17:23.783 1015 2148 D CompatibilityInfo: applicationDensity - 240
04-10 02:17:23.783 1015 2148 D CompatibilityInfo: applicationScale - 1.0
04-10 02:17:23.786 3146 3146 D PASRService: PASRService started
04-10 02:17:23.787 3927 4015 I com.qti.ltebc: System.exit called, status: 0
04-10 02:17:23.787 3927 4015 I AndroidRuntime: VM exiting with result code 0, cleanup skipped.
04-10 02:17:23.797 1015 2087 D CompatibilityChangeReporter: Compat change id reported: 168419799; UID 10077; state: DISABLED
04-10 02:17:23.797 1015 2087 D CompatibilityInfo: mCompatibilityFlags - 4
04-10 02:17:23.797 1015 2087 D CompatibilityInfo: applicationDensity - 240
04-10 02:17:23.797 1015 2087 D CompatibilityInfo: applicationScale - 1.0
04-10 02:17:23.811 1015 2087 D CompatibilityChangeReporter: Compat change id reported: 168419799; UID 10086; state: DISABLED
04-10 02:17:23.811 1015 2087 D CompatibilityInfo: mCompatibilityFlags - 4
04-10 02:17:23.811 1015 2087 D CompatibilityInfo: applicationDensity - 240
04-10 02:17:23.811 1015 2087 D CompatibilityInfo: applicationScale - 1.0
04-10 02:17:23.816 2828 2828 I QCCAuthMgr: BootReceiver - onReceive
04-10 02:17:23.816 2828 2828 I QCCAuthMgr: android.intent.action.BOOT_COMPLETED intent received
04-10 02:17:23.818 2828 2828 D QCCAuthMgr: SMQContentProvider query uri: content://com.qti.smq.Feedback.provider/smq_settings, selection: key=?, uri_matcher: 1
04-10 02:17:23.818 2828 2828 D QCCAuthMgr: SMQContentProvider query tableName: smq_settings
04-10 02:17:23.819 2828 2828 I QCCAuthMgr: BootReceiver - db is not initial
04-10 02:17:23.828 1015 2087 D CompatibilityChangeReporter: Compat change id reported: 168419799; UID 10080; state: DISABLED
04-10 02:17:23.828 1015 2087 D CompatibilityInfo: mCompatibilityFlags - 4
04-10 02:17:23.828 1015 2087 D CompatibilityInfo: applicationDensity - 240
04-10 02:17:23.828 1015 2087 D CompatibilityInfo: applicationScale - 1.0
04-10 02:17:23.832 3208 3208 I QCC-Netstat:BootReceiver: android.intent.action.BOOT_COMPLETED received
04-10 02:17:23.838 1015 2087 D CompatibilityInfo: mCompatibilityFlags - 4
04-10 02:17:23.838 1015 2087 D CompatibilityInfo: applicationDensity - 240
04-10 02:17:23.838 1015 2087 D CompatibilityInfo: applicationScale - 1.0
04-10 02:17:23.842 1015 2087 I am_uid_running: 10057
04-10 02:17:23.842 1015 2087 D CompatibilityChangeReporter: Compat change id reported: 135634846; UID 10057; state: DISABLED
04-10 02:17:23.843 1015 1192 D CompatibilityChangeReporter: Compat change id reported: 143937733; UID 10057; state: DISABLED
04-10 02:17:23.880 677 677 D Zygote : Forked child process 4019
04-10 02:17:23.881 1015 1192 I am_proc_start: [0,4019,10057,com.qualcomm.qti.qms.service.connectionsecurity,broadcast,{com.qualcomm.qti.qms.service.connectionsecurity/com.qualcomm.qti.qms.service.connectionsecurity.ConnSecBroadcastReceiver}]
04-10 02:17:23.881 1015 1192 I ActivityManager: Start proc 4019:com.qualcomm.qti.qms.service.connectionsecurity/u0a57 for broadcast {com.qualcomm.qti.qms.service.connectionsecurity/com.qualcomm.qti.qms.service.connectionsecurity.ConnSecBroadcastReceiver}
04-10 02:17:23.887 3044 3956 W hpplay-java: [ServerTaskManager]:IPManager:getActiveNets invalid networkInfo:null
04-10 02:17:23.887 3044 3956 I hpplay-java: [ServerTaskManager]:IPManager:getActiveNets eth0:false wifi:false mobile:false ap:false
04-10 02:17:23.887 3044 3956 I hpplay-java: [ServerTaskManager]:ServerTaskManager:get local ip:null
04-10 02:17:23.923 1070 1084 E GpuMem : Failed to attach bpf program to gpu_mem/gpu_mem_total tracepoint [2(No such file or directory)]
04-10 02:17:23.923 1070 1084 E GpuMemTracer: Cannot initialize GpuMemTracer before GpuMem
04-10 02:17:23.931 4019 4019 W nectionsecurit: Using default instruction set features for ARM CPU variant (cortex-a9) using conservative defaults
04-10 02:17:23.951 2924 2936 I adbd : jdwp connection from 4019
04-10 02:17:23.953 4019 4019 D ProcessState: Binder ioctl to enable oneway spam detection failed: Invalid argument
01-01 09:00:06.764 0 0 I binder : 4019:4019 ioctl 40046210 ffe788d8 returned -22
04-10 02:17:23.963 1015 2087 I am_proc_bound: [0,4019,com.qualcomm.qti.qms.service.connectionsecurity]
04-10 02:17:23.966 1015 2087 D CompatibilityChangeReporter: Compat change id reported: 168419799; UID 10057; state: DISABLED
04-10 02:17:23.966 1015 2087 D CompatibilityInfo: mCompatibilityFlags - 4
04-10 02:17:23.967 1015 2087 D CompatibilityInfo: applicationDensity - 240
04-10 02:17:23.967 1015 2087 D CompatibilityInfo: applicationScale - 1.0
04-10 02:17:23.972 1015 2087 I am_uid_active: 10057
04-10 02:17:23.973 1015 2087 D CompatibilityInfo: mCompatibilityFlags - 4
04-10 02:17:23.973 1015 2087 D CompatibilityInfo: applicationDensity - 240
04-10 02:17:23.973 1015 2087 D CompatibilityInfo: applicationScale - 1.0
04-10 02:17:23.986 4019 4019 D CompatibilityChangeReporter: Compat change id reported: 171979766; UID 10057; state: DISABLED
04-10 02:17:24.002 4019 4019 D ApplicationLoaders: Returning zygote-cached class loader: /system/framework/android.test.base.jar
04-10 02:17:24.049 4019 4019 D nativeloader: classloader namespace configured for unbundled vendor apk. library_path=/vendor/app/ConnectionSecurityService/lib/arm:/vendor/app/ConnectionSecurityService/ConnectionSecurityService.apk!/lib/armeabi-v7a:/vendor/lib
04-10 02:17:24.072 1015 2087 I ActivityManager: Process com.qti.ltebc (pid 3927) has died: cch+5 CEM
04-10 02:17:24.073 1015 1197 I libprocessgroup: Successfully killed process cgroup uid 10074 pid 3927 in 1ms
04-10 02:17:24.074 1015 2087 I am_proc_died: [0,3927,com.qti.ltebc,905,19]
04-10 02:17:24.076 1015 2087 I am_uid_stopped: 10074
04-10 02:17:24.090 676 676 I Zygote : Process 3927 exited cleanly (0)
04-10 02:17:24.109 4019 4019 I Perf : Connecting to perf service.
04-10 02:17:24.123 4019 4019 V GraphicsEnvironment: ANGLE Developer option for 'com.qualcomm.qti.qms.service.connectionsecurity' set to: 'default'
04-10 02:17:24.124 4019 4019 V GraphicsEnvironment: ANGLE GameManagerService for com.qualcomm.qti.qms.service.connectionsecurity: false
04-10 02:17:24.128 4019 4019 D NetworkSecurityConfig: No Network Security Config specified, using platform default
04-10 02:17:24.129 4019 4019 D NetworkSecurityConfig: No Network Security Config specified, using platform default
04-10 02:17:24.139 1015 2087 D CompatibilityInfo: mCompatibilityFlags - 4
04-10 02:17:24.139 1015 2087 D CompatibilityInfo: applicationDensity - 240
04-10 02:17:24.140 1015 2087 D CompatibilityInfo: applicationScale - 1.0
04-10 02:17:24.142 2323 2323 D RCSService BC-Receiver: Boot Complete Event Received. Is IMS RCS Single Reg enabled0
04-10 02:17:24.142 2323 2323 D RCSService BC-Receiver: START RCS SERVICE ON BOOTUP
04-10 02:17:24.146 2323 2323 I QRCSService: onStartCommand- Call
04-10 02:17:24.148 2323 4038 I QRCSService: Already HIDL-IUceService is Started
04-10 02:17:24.152 1015 2087 D CompatibilityChangeReporter: Compat change id reported: 168419799; UID 10081; state: DISABLED
04-10 02:17:24.152 1015 2087 D CompatibilityInfo: mCompatibilityFlags - 4
04-10 02:17:24.152 1015 2087 D CompatibilityInfo: applicationDensity - 240
04-10 02:17:24.153 1015 2087 D CompatibilityInfo: applicationScale - 1.0
04-10 02:17:24.157 3224 3224 D hw-ProcessState: Binder ioctl to enable oneway spam detection failed: Invalid argument
01-01 09:00:06.968 0 0 I binder : 3224:3224 ioctl 40046210 7ff41bd8a4 returned -22
