01-01 08:59:20.737 0 0 I can : broadcast manager protocol (rev 20170425 t)
01-01 08:59:20.743 0 0 I can : netlink gateway (rev 20170425) max_hops=1
01-01 08:59:20.749 0 0 I l2tp_core: L2TP core driver, V2.0
01-01 08:59:20.753 0 0 I l2tp_ppp: PPPoL2TP kernel driver, V2.0
01-01 08:59:20.758 0 0 I l2tp_ip : L2TP IP encapsulation support (L2TPv3)
01-01 08:59:20.764 0 0 I l2tp_netlink: L2TP netlink interface
01-01 08:59:20.769 0 0 I l2tp_eth: L2TP ethernet pseudowire support (L2TPv3)
01-01 08:59:20.775 0 0 I l2tp_debugfs: L2TP debugfs support
01-01 08:59:20.780 0 0 I l2tp_ip6: L2TP IP encapsulation support for IPv6 (L2TPv3)
01-01 08:59:20.787 0 0 I 8021q : 802.1Q VLAN Support v1.8
01-01 08:59:20.792 0 0 I sctp : Hash tables configured (bind 32/46)
01-01 08:59:20.798 0 0 I : Key type dns_resolver registered
01-01 08:59:20.804 0 0 E register_client_adhoc: find path.src 1 dest 589
01-01 08:59:20.804 0 0 E register_client_adhoc: Failed to find path.src 1 dest 589
01-01 08:59:20.812 0 0 E : minidump-id not found for npu
01-01 08:59:20.823 0 0 I subsys-pil-tz 9800000.qcom,npu: for npu segments only will be dumped.
01-01 08:59:20.831 0 0 I subsys-pil-tz 9800000.qcom,npu: for md_npu segments only will be dumped.
01-01 08:59:20.843 0 0 I platform 3d6a000.qcom,gmu: Linked as a consumer to regulator.69
01-01 08:59:20.850 0 0 I platform 3d6a000.qcom,gmu: Linked as a consumer to regulator.70
01-01 08:59:20.859 0 0 I platform 3d6a000.qcom,gmu: gmu_user: Linked as a consumer to 3da0000.kgsl-smmu
01-01 08:59:20.867 0 0 I iommu : Adding device 3d6a000.qcom,gmu:gmu_user to group 31
01-01 08:59:20.875 0 0 W NPU_WARN: npu_bridge_mbox_work: 1216 NPU fw is not loaded
01-01 08:59:20.883 0 0 I platform 3d6a000.qcom,gmu: gmu_kernel: Linked as a consumer to 3da0000.kgsl-smmu
01-01 08:59:20.891 0 0 I iommu : Adding device 3d6a000.qcom,gmu:gmu_kernel to group 32
01-01 08:59:20.900 0 0 E register_client_adhoc: find path.src 26 dest 512
01-01 08:59:20.901 0 0 E register_client_adhoc: Client handle 50 grp3d
01-01 08:59:20.907 0 0 E register_client_adhoc: find path.src 26 dest 10036
01-01 08:59:20.913 0 0 E register_client_adhoc: Client handle 52 cnoc
01-01 08:59:20.919 0 0 E query_client_usecase_all: query_start
01-01 08:59:20.925 0 0 E query_client_usecase_all: query_start
01-01 08:59:20.930 0 0 I kgsl-3d 3d00000.qcom,kgsl-3d0: Linked as a consumer to regulator.69
01-01 08:59:20.943 0 0 I kgsl-3d 3d00000.qcom,kgsl-3d0: Linked as a consumer to regulator.70
01-01 08:59:20.952 0 0 I platform 3da0000.qcom,kgsl-iommu: gfx3d_user: Linked as a consumer to 3da0000.kgsl-smmu
01-01 08:59:20.962 0 0 I iommu : Adding device 3da0000.qcom,kgsl-iommu:gfx3d_user to group 33
01-01 08:59:20.970 0 0 I platform 3da0000.qcom,kgsl-iommu: gfx3d_secure: Linked as a consumer to 3da0000.kgsl-smmu
01-01 08:59:20.980 0 0 I iommu : Adding device 3da0000.qcom,kgsl-iommu:gfx3d_secure to group 34
01-01 08:59:21.050 0 0 E register_client_adhoc: find path.src 1 dest 589
01-01 08:59:21.051 0 0 E register_client_adhoc: Failed to find path.src 1 dest 589
01-01 08:59:21.057 0 0 I core_ctl: Creating CPU group 0
01-01 08:59:21.068 0 0 I core_ctl: Init CPU0 state
01-01 08:59:21.072 0 0 I core_ctl: Init CPU1 state
01-01 08:59:21.075 0 0 I core_ctl: Init CPU2 state
01-01 08:59:21.079 0 0 I core_ctl: Init CPU3 state
01-01 08:59:21.084 0 0 I core_ctl: Creating CPU group 4
01-01 08:59:21.088 0 0 I core_ctl: Init CPU4 state
01-01 08:59:21.092 0 0 I core_ctl: Init CPU5 state
01-01 08:59:21.096 0 0 I core_ctl: Init CPU6 state
01-01 08:59:21.100 0 0 I core_ctl: Creating CPU group 7
01-01 08:59:21.104 0 0 I core_ctl: Init CPU7 state
01-01 08:59:21.110 0 0 I : registered taskstats version 1
01-01 08:59:21.114 0 0 I : Loading compiled-in X.509 certificates
01-01 08:59:21.122 0 0 I : Key type ._fscrypt registered
01-01 08:59:21.126 0 0 I : Key type .fscrypt registered
01-01 08:59:21.131 0 0 I : Key type fscrypt-provisioning registered
01-01 08:59:21.136 0 0 I pstore : Using compression: deflate
01-01 08:59:21.155 0 0 E : Please check if `measure` clk is registered.
01-01 08:59:21.249 0 0 I spss_utils [spss_parse_dt]: iar_buf_addr [0x8bef0000].
01-01 08:59:21.255 0 0 I spss_utils [spss_probe]: Initialization completed ok, firmware_name [spss2p].
01-01 08:59:21.272 0 0 I fastrpc soc: qcom,msm-adsprpc-mem: for adsp_rh segments only will be dumped.
01-01 08:59:21.281 0 0 I adsprpc : init_secure_vmid_list: secure VMID = 22
01-01 08:59:21.287 0 0 I adsprpc : init_secure_vmid_list: secure VMID = 37
01-01 08:59:21.293 0 0 I adsprpc : fastrpc_probe: service location enabled for avs/audio (audio_pdr_adsprpc)
01-01 08:59:21.302 0 0 I adsprpc : fastrpc_probe: service location enabled for tms/servreg (sensors_pdr_adsprpc)
01-01 08:59:21.312 0 0 I fastrpc soc: qcom,msm_fastrpc:qcom,msm_fastrpc_compute_cb1: Linked as a consumer to 15000000.apps-smmu
01-01 08:59:21.323 0 0 I iommu : Adding device soc:qcom,msm_fastrpc:qcom,msm_fastrpc_compute_cb1 to group 35
01-01 08:59:21.333 0 0 I fastrpc soc: qcom,msm_fastrpc:qcom,msm_fastrpc_compute_cb2: Linked as a consumer to 15000000.apps-smmu
01-01 08:59:21.345 0 0 I iommu : Adding device soc:qcom,msm_fastrpc:qcom,msm_fastrpc_compute_cb2 to group 36
01-01 08:59:21.354 0 0 W : Error: swapper/0: fastrpc_cb_probe: failed to create debugfs global file
01-01 08:59:21.363 0 0 I fastrpc soc: qcom,msm_fastrpc:qcom,msm_fastrpc_compute_cb3: Linked as a consumer to 15000000.apps-smmu
01-01 08:59:21.374 0 0 I iommu : Adding device soc:qcom,msm_fastrpc:qcom,msm_fastrpc_compute_cb3 to group 37
01-01 08:59:21.384 0 0 W : Error: swapper/0: fastrpc_cb_probe: failed to create debugfs global file
01-01 08:59:21.392 0 0 I fastrpc soc: qcom,msm_fastrpc:qcom,msm_fastrpc_compute_cb4: Linked as a consumer to 15000000.apps-smmu
01-01 08:59:21.404 0 0 I iommu : Adding device soc:qcom,msm_fastrpc:qcom,msm_fastrpc_compute_cb4 to group 38
01-01 08:59:21.413 0 0 W : Error: swapper/0: fastrpc_cb_probe: failed to create debugfs global file
01-01 08:59:21.422 0 0 I fastrpc soc: qcom,msm_fastrpc:qcom,msm_fastrpc_compute_cb5: Linked as a consumer to 15000000.apps-smmu
01-01 08:59:21.433 0 0 I iommu : Adding device soc:qcom,msm_fastrpc:qcom,msm_fastrpc_compute_cb5 to group 39
01-01 08:59:21.443 0 0 W : Error: swapper/0: fastrpc_cb_probe: failed to create debugfs global file
01-01 08:59:21.451 0 0 I fastrpc soc: qcom,msm_fastrpc:qcom,msm_fastrpc_compute_cb6: Linked as a consumer to 15000000.apps-smmu
01-01 08:59:21.463 0 0 I iommu : Adding device soc:qcom,msm_fastrpc:qcom,msm_fastrpc_compute_cb6 to group 40
01-01 08:59:21.472 0 0 W : Error: swapper/0: fastrpc_cb_probe: failed to create debugfs global file
01-01 08:59:21.480 0 0 I fastrpc soc: qcom,msm_fastrpc:qcom,msm_fastrpc_compute_cb7: Linked as a consumer to 15000000.apps-smmu
01-01 08:59:21.492 0 0 I iommu : Adding device soc:qcom,msm_fastrpc:qcom,msm_fastrpc_compute_cb7 to group 41
01-01 08:59:21.501 0 0 W : Error: swapper/0: fastrpc_cb_probe: failed to create debugfs global file
01-01 08:59:21.510 0 0 I fastrpc soc: qcom,msm_fastrpc:qcom,msm_fastrpc_compute_cb8: Linked as a consumer to 15000000.apps-smmu
01-01 08:59:21.521 0 0 I iommu : Adding device soc:qcom,msm_fastrpc:qcom,msm_fastrpc_compute_cb8 to group 42
01-01 08:59:21.531 0 0 W : Error: swapper/0: fastrpc_cb_probe: failed to create debugfs global file
01-01 08:59:21.539 0 0 I fastrpc soc: qcom,msm_fastrpc:qcom,msm_fastrpc_compute_cb9: Linked as a consumer to 15000000.apps-smmu
01-01 08:59:21.551 0 0 I iommu : Adding device soc:qcom,msm_fastrpc:qcom,msm_fastrpc_compute_cb9 to group 43
01-01 08:59:21.560 0 0 W : Error: swapper/0: fastrpc_cb_probe: failed to create debugfs global file
01-01 08:59:21.569 0 0 I fastrpc soc: qcom,msm_fastrpc:qcom,msm_fastrpc_compute_cb10: Linked as a consumer to 15000000.apps-smmu
01-01 08:59:21.580 0 0 I iommu : Adding device soc:qcom,msm_fastrpc:qcom,msm_fastrpc_compute_cb10 to group 44
01-01 08:59:21.590 0 0 W : Error: swapper/0: fastrpc_cb_probe: failed to create debugfs global file
01-01 08:59:21.598 0 0 I fastrpc soc: qcom,msm_fastrpc:qcom,msm_fastrpc_compute_cb11: Linked as a consumer to 15000000.apps-smmu
01-01 08:59:21.610 0 0 I iommu : Adding device soc:qcom,msm_fastrpc:qcom,msm_fastrpc_compute_cb11 to group 45
01-01 08:59:21.619 0 0 W : Error: swapper/0: fastrpc_cb_probe: failed to create debugfs global file
01-01 08:59:21.628 0 0 I fastrpc soc: qcom,msm_fastrpc:qcom,msm_fastrpc_compute_cb12: Linked as a consumer to 15000000.apps-smmu
01-01 08:59:21.639 0 0 I iommu : Adding device soc:qcom,msm_fastrpc:qcom,msm_fastrpc_compute_cb12 to group 46
01-01 08:59:21.649 0 0 W : Error: swapper/0: fastrpc_cb_probe: failed to create debugfs global file
01-01 08:59:21.657 0 0 I fastrpc soc: qcom,msm_fastrpc:qcom,msm_fastrpc_compute_cb13: Linked as a consumer to 15000000.apps-smmu
01-01 08:59:21.669 0 0 I iommu : Adding device soc:qcom,msm_fastrpc:qcom,msm_fastrpc_compute_cb13 to group 47
01-01 08:59:21.679 0 0 W : Error: swapper/0: fastrpc_cb_probe: failed to create debugfs global file
01-01 08:59:21.687 0 0 I fastrpc soc: qcom,msm_fastrpc:qcom,msm_fastrpc_compute_cb14: Linked as a consumer to 15000000.apps-smmu
01-01 08:59:21.699 0 0 I iommu : Adding device soc:qcom,msm_fastrpc:qcom,msm_fastrpc_compute_cb14 to group 48
01-01 08:59:21.709 0 0 W : Error: swapper/0: fastrpc_cb_probe: failed to create debugfs global file
01-01 08:59:21.717 0 0 I fastrpc soc: qcom,msm_fastrpc:qcom,msm_fastrpc_compute_cb15: Linked as a consumer to 15000000.apps-smmu
01-01 08:59:21.729 0 0 I iommu : Adding device soc:qcom,msm_fastrpc:qcom,msm_fastrpc_compute_cb15 to group 49
01-01 08:59:21.738 0 0 E DTC_ETH,link_delay_work_func: 3003, SQI=0, link=0
01-01 08:59:21.744 0 0 W : Error: swapper/0: fastrpc_cb_probe: failed to create debugfs global file
01-01 08:59:21.754 0 0 I adsprpc : fastrpc_device_init: SSR notifier registered for adsp
01-01 08:59:21.761 0 0 I adsprpc : fastrpc_device_init: SSR notifier registered for modem
01-01 08:59:21.768 0 0 I adsprpc : fastrpc_device_init: SSR notifier registered for slpi
01-01 08:59:21.775 0 0 I adsprpc : fastrpc_device_init: SSR notifier registered for cdsp
01-01 08:59:21.783 0 0 E register_client_adhoc: find path.src 1 dest 589
01-01 08:59:21.783 0 0 E register_client_adhoc: Failed to find path.src 1 dest 589
01-01 08:59:21.790 0 0 E register_client_adhoc: find path.src 1 dest 589
01-01 08:59:21.797 0 0 E register_client_adhoc: Failed to find path.src 1 dest 589
01-01 08:59:21.803 0 0 I ngd_msm_ctrl 3ac0000.slim: Linked as a consumer to 15000000.apps-smmu
01-01 08:59:21.818 0 0 I iommu : Adding device 3ac0000.slim to group 50
01-01 08:59:21.827 0 0 E register_client_adhoc: find path.src 1 dest 589
01-01 08:59:21.828 0 0 E register_client_adhoc: Failed to find path.src 1 dest 589
01-01 08:59:21.832 0 0 I input : gpio-keys as /devices/platform/soc/soc:gpio_keys/input/input3
01-01 08:59:21.848 0 0 E register_client_adhoc: find path.src 1 dest 589
01-01 08:59:21.848 0 0 E register_client_adhoc: Failed to find path.src 1 dest 589
01-01 08:59:21.857 0 0 E : [NVT-ts] nvt_driver_init 1962: start
01-01 08:59:21.868 0 0 E : [NVT-ts] nvt_driver_init 1970: finished
01-01 08:59:21.874 0 0 E register_client_adhoc: find path.src 1 dest 589
01-01 08:59:21.874 0 0 E register_client_adhoc: Failed to find path.src 1 dest 589
01-01 08:59:21.886 0 0 E register_client_adhoc: find path.src 1 dest 589
01-01 08:59:21.893 0 0 E register_client_adhoc: Failed to find path.src 1 dest 589
01-01 08:59:21.900 0 0 E register_client_adhoc: find path.src 1 dest 589
01-01 08:59:21.900 0 0 I : rmnet_ipa3 started initialization
01-01 08:59:21.907 0 0 E register_client_adhoc: Failed to find path.src 1 dest 589
01-01 08:59:21.919 0 0 I : RNDIS_IPA module is loaded.
01-01 08:59:21.930 0 0 E register_client_adhoc: find path.src 1 dest 589
01-01 08:59:21.930 0 0 E : [drm:dp_display_init_aux_switch][msm-dp-err][1 ]failed to register notifier (-22)
01-01 08:59:21.930 0 0 E register_client_adhoc: Failed to find path.src 1 dest 589
01-01 08:59:21.946 0 0 I : msm notifier probed successfully
01-01 08:59:21.958 0 0 E register_client_adhoc: find path.src 1 dest 589
01-01 08:59:21.958 0 0 E register_client_adhoc: Failed to find path.src 1 dest 589
01-01 08:59:21.959 0 0 I cfg80211: Loading compiled-in X.509 certificates for regulatory database
01-01 08:59:21.964 0 0 E : [drm:dp_display_init_aux_switch][msm-dp-err][422 ]failed to register notifier (-22)
01-01 08:59:21.973 0 0 I : cryptomgr_probe (445) used greatest stack depth: 13400 bytes left
01-01 08:59:21.973 0 0 I cfg80211: Loaded X.509 cert 'sforshee: 00b28ddf47aef9cea7'
01-01 08:59:21.976 0 0 E msm_bus_late_init: Remove handoff bw requests
01-01 08:59:21.977 0 0 I regulator_proxy_consumer_remove_all: removing regulator proxy consumer requests
01-01 08:59:21.979 0 0 I : ALSA device list:
01-01 08:59:22.019 0 0 I : No soundcards found.
01-01 08:59:22.041 0 0 I : Freeing unused kernel memory: 9216K
01-01 08:59:22.046 0 0 I : Run /init as init process
01-01 08:59:22.055 0 0 I init : init first stage started!
01-01 08:59:22.060 0 0 I init : Unable to open /lib/modules, skipping module loading.
01-01 08:59:22.068 0 0 I init : [libfs_mgr]dt_fstab: Skip disabled entry for partition vendor
01-01 08:59:22.076 0 0 I init : [libfs_mgr]ReadFstabFromDt(): failed to read fstab from dt
01-01 08:59:22.083 0 0 I init : [libfs_mgr]dt_fstab: Skip disabled entry for partition vendor
01-01 08:59:22.092 0 0 W init : [libfs_mgr]Warning: unknown flag: resize
01-01 08:59:22.098 0 0 I init : Using Android DT directory /proc/device-tree/firmware/android/
01-01 08:59:22.302 0 0 I init : [libfs_mgr]superblock s_max_mnt_count:65535,/dev/block/platform/soc/1d84000.ufshc/by-name/metadata
01-01 08:59:22.313 0 0 I init : [libfs_mgr]check_fs(): mount(/dev/block/platform/soc/1d84000.ufshc/by-name/metadata,/metadata,ext4)=-1: No such file or directory
01-01 08:59:22.327 0 0 I init : [libfs_mgr]Running /system/bin/e2fsck on /dev/block/sda11
01-01 08:59:22.349 0 0 I e2fsck : e2fsck 1.45.4 (23-Sep-2019)
01-01 08:59:22.364 0 0 I e2fsck : Pass 1: Checking inodes, blocks, and sizes
01-01 08:59:22.371 0 0 I e2fsck : Pass 2: Checking directory structure
01-01 08:59:22.382 0 0 I e2fsck : Pass 3: Checking directory connectivity
01-01 08:59:22.388 0 0 I e2fsck : Pass 4: Checking reference counts
01-01 08:59:22.393 0 0 I e2fsck : Pass 5: Checking group summary information
01-01 08:59:22.396 0 0 I : e2fsck (448) used greatest stack depth: 12040 bytes left
01-01 08:59:22.399 0 0 I e2fsck : /dev/block/platform/soc/1d84000.ufshc/by-name/metadata: 39/4096 files (0.0% non-contiguous), 1204/4096 blocks
01-01 08:59:22.423 0 0 I EXT4-fs (sda11): mounted filesystem with ordered data mode. Opts: discard
01-01 08:59:22.469 0 0 I EXT4-fs (dm-2): mounted filesystem without journal. Opts: barrier=1,discard
01-01 08:59:22.493 0 0 I EXT4-fs (dm-3): mounted filesystem without journal. Opts: barrier=1,discard
01-01 08:59:22.508 0 0 I EXT4-fs (dm-1): mounted filesystem without journal. Opts: barrier=1,discard
01-01 08:59:22.526 0 0 I EXT4-fs (dm-4): mounted filesystem without journal. Opts: barrier=1,discard
01-01 08:59:22.540 0 0 I EXT4-fs (dm-0): mounted filesystem without journal. Opts: barrier=1,discard
01-01 08:59:22.554 0 0 I EXT4-fs (sda2): mounted filesystem with ordered data mode. Opts: barrier=1
01-01 08:59:23.218 0 0 I fsck.f2fs: executing /system/bin/fsck.f2fs failed: No such file or directory
01-01 08:59:23.221 0 0 I : init (464) used greatest stack depth: 10640 bytes left
01-01 08:59:23.227 0 0 I fsck.f2fs: fsck.f2fs terminated by exit(255)
01-01 08:59:23.347 0 0 I F2FS-fs (dm-5): recover fsync data on readonly fs
01-01 08:59:23.356 0 0 I F2FS-fs (dm-5): Mounted with checkpoint version = 3d7f83ff
01-01 08:59:23.391 0 0 I fsck.f2fs: executing /system/bin/fsck.f2fs failed: No such file or directory
01-01 08:59:23.512 0 0 I F2FS-fs (dm-5): Mounted with checkpoint version = 3d7f83ff
01-01 08:59:23.554 0 0 W init : 1 output lines suppressed due to ratelimiting
01-01 08:59:23.560 0 0 W init : 53 output lines suppressed due to ratelimiting
01-01 08:59:23.707 0 0 I init : [libfs_mgr]dt_fstab: Skip disabled entry for partition vendor
01-01 08:59:23.715 0 0 I init : [libfs_mgr]GetFstabPath()fstab_path:/odm/etc/fstab.default
01-01 08:59:23.725 0 0 I init : [libfs_mgr]GetFstabPath()fstab_path:/vendor/etc/fstab.default
01-01 08:59:23.734 0 0 I init : [libfs_mgr]GetFstabPath()fstab_path:/system/etc/fstab.default
01-01 08:59:23.742 0 0 I init : [libfs_mgr]GetFstabPath()fstab_path:/first_stage_ramdisk/system/etc/fstab.default
01-01 08:59:23.751 0 0 I init : [libfs_mgr]GetFstabPath()fstab_path:/fstab.default
01-01 08:59:23.758 0 0 I init : [libfs_mgr]GetFstabPath()fstab_path:/first_stage_ramdisk/fstab.default
01-01 08:59:23.766 0 0 I init : [libfs_mgr]GetFstabPath()fstab_path:/odm/etc/fstab.qcom
01-01 08:59:23.774 0 0 I init : [libfs_mgr]GetFstabPath()fstab_path:/vendor/etc/fstab.qcom
01-01 08:59:23.784 0 0 I init : [libfs_mgr]GetFstabPath()fstab_path.c_str():/vendor/etc/fstab.qcom
01-01 08:59:25.606 0 0 I SELinux : policy capability network_peer_controls=1
01-01 08:59:25.612 0 0 I SELinux : policy capability open_perms=1
01-01 08:59:25.617 0 0 I SELinux : policy capability extended_socket_class=1
01-01 08:59:25.624 0 0 I SELinux : policy capability always_check_network=0
01-01 08:59:25.630 0 0 I SELinux : policy capability cgroup_seclabel=0
01-01 08:59:25.635 0 0 I SELinux : policy capability nnp_nosuid_transition=1
01-01 08:59:25.987 502 502 I auditd : type=1403 audit(0.0:2): auid=4294967295 ses=4294967295 lsm=selinux res=1
01-01 08:59:25.987 502 502 I auditd : type=1404 audit(0.0:3): enforcing=1 old_enforcing=0 auid=4294967295 ses=4294967295 enabled=1 old-enabled=1 lsm=selinux res=1
01-01 08:59:26.017 0 0 W init : 8 output lines suppressed due to ratelimiting
01-01 08:59:26.049 0 0 I init : init second stage started!
01-01 08:59:26.129 0 0 I init : Using Android DT directory /proc/device-tree/firmware/android/
01-01 08:59:26.146 0 0 W init : Overriding previous property 'persist.sys.usb.config':'adb' with new value 'none'
01-01 08:59:26.160 0 0 E init : Do not have permissions to set 'persist.backup.ntpServer' to '0.pool.ntp.org' in property file '/vendor/build.prop': SELinux permission check failed
01-01 08:59:26.175 0 0 W init : Overriding previous property 'dalvik.vm.heapsize':'36m' with new value '512m'
01-01 08:59:26.185 0 0 E init : Do not have permissions to set 'persist.vendor.bt.a2dp_offload_cap' to 'sbc-aptx-aptxtws-aptxhd-aac-ldac' in property file '/vendor/build.prop': SELinux permission check failed
01-01 08:59:26.203 0 0 E init : Do not have permissions to set 'vendor.mm.enable.qcom_parser' to '16777215' in property file '/vendor/build.prop': SELinux permission check failed
01-01 08:59:26.219 0 0 E init : Do not have permissions to set 'persist.demo.hdmirotationlock' to 'false' in property file '/vendor/build.prop': SELinux permission check failed
01-01 08:59:26.237 0 0 W init : Couldn't load property file '/vendor_dlkm/etc/build.prop': open() failed: No such file or directory: No such file or directory
01-01 08:59:26.253 0 0 W init : Couldn't load property file '/odm_dlkm/etc/build.prop': open() failed: No such file or directory: No such file or directory
01-01 08:59:26.283 1 1 I auditd : type=1400 audit(0.0:4): avc: denied { relabelto } for comm="init" name="persist" dev="tmpfs" ino=26528 scontext=u:r:init:s0 tcontext=u:object_r:vendor_persist_block_device:s0 tclass=lnk_file permissive=0
01-01 08:59:26.351 1 1 I auditd : type=1107 audit(0.0:5): uid=0 auid=4294967295 ses=4294967295 subj=u:r:init:s0 msg='avc: denied { read } for property=persist.debug.trace pid=0 uid=0 gid=0 scontext=u:r:vendor_init:s0 tcontext=u:object_r:persist_debug_prop:s0 tclass=file permissive=0'
01-01 08:59:26.817 0 0 I ueventd : ueventd started!
01-01 08:59:26.824 0 0 I selinux : SELinux: Loaded file_contexts
01-01 08:59:26.829 0 0 I selinux :
01-01 08:59:26.831 0 0 I ueventd : Parsing file /system/etc/ueventd.rc...
01-01 08:59:26.838 0 0 I ueventd : Added '/vendor/etc/ueventd.rc' to import list
01-01 08:59:26.845 0 0 I ueventd : Added '/odm/etc/ueventd.rc' to import list
01-01 08:59:26.851 0 0 I ueventd : Parsing file /vendor/etc/ueventd.rc...
01-01 08:59:26.857 0 0 E DTC_ETH,link_delay_work_func: 3003, SQI=0, link=0
01-01 08:59:26.863 0 0 I ueventd : Unable to read config file '/vendor/etc/ueventd.rc': open() failed: No such file or directory
01-01 08:59:26.874 0 0 I ueventd : Parsing file /odm/etc/ueventd.rc...
01-01 08:59:26.880 0 0 I ueventd : Unable to read config file '/odm/etc/ueventd.rc': open() failed: No such file or directory
01-01 08:59:27.028 0 0 I : boringssl_self_ (476) used greatest stack depth: 9936 bytes left
01-01 08:59:27.107 0 0 W is_dc_online: 15 callbacks suppressed
01-01 08:59:27.107 0 0 E HL6111R : is_dc_online: DC psy unavailable
01-01 08:59:27.118 0 0 E HL6111R : is_dc_online: DC psy unavailable
01-01 08:59:27.123 0 0 E HL6111R : is_dc_online: DC psy unavailable
01-01 08:59:27.128 0 0 E HL6111R : is_dc_online: DC psy unavailable
01-01 08:59:27.133 0 0 E HL6111R : is_dc_online: DC psy unavailable
01-01 08:59:27.139 0 0 E HL6111R : is_dc_online: DC psy unavailable
01-01 08:59:27.144 0 0 E HL6111R : is_dc_online: DC psy unavailable
01-01 08:59:27.143 1 1 I auditd : type=1400 audit(0.0:6): avc: denied { mounton } for comm="init" path="/sys/kernel/tracing" dev="tracefs" ino=1 scontext=u:r:init:s0 tcontext=u:object_r:debugfs_tracing_debug:s0 tclass=dir permissive=0
01-01 08:59:27.149 0 0 E HL6111R : is_dc_online: DC psy unavailable
01-01 08:59:27.176 0 0 E HL6111R : is_dc_online: DC psy unavailable
01-01 08:59:27.181 0 0 E HL6111R : is_dc_online: DC psy unavailable
01-01 08:59:27.260 0 0 W msm_11ad soc: qcom,wil6210: GPIO not found, dc GPIO not used
01-01 08:59:27.268 0 0 W msm_11ad soc: qcom,wil6210: GPIO not found, enable GPIO not used
01-01 08:59:27.277 0 0 W msm_11ad soc: qcom,wil6210: GPIO not found, sleep clock not used
01-01 08:59:27.286 0 0 W msm_11ad soc: qcom,wil6210: soc:qcom,wil6210 supply vdd not found, using dummy regulator
01-01 08:59:27.296 0 0 I msm_11ad soc: qcom,wil6210: Linked as a consumer to regulator.0
01-01 08:59:27.303 0 0 I msm_11ad soc: qcom,wil6210: Linked as a consumer to regulator.8
01-01 08:59:27.310 0 0 I msm_11ad soc: qcom,wil6210: Linked as a consumer to regulator.26
01-01 08:59:27.319 0 0 E msm_pcie_enumerate: PCIe: RC1: has already been enumerated.
01-01 08:59:27.325 0 0 E msm_11ad soc: qcom,wil6210: Wigig device not found
01-01 08:59:27.332 0 0 I msm_11ad soc: qcom,wil6210: Dropping the link to regulator.26
01-01 08:59:27.339 0 0 I msm_11ad soc: qcom,wil6210: Dropping the link to regulator.0
01-01 08:59:27.346 0 0 I msm_11ad soc: qcom,wil6210: Dropping the link to regulator.8
01-01 08:59:27.412 0 0 W q6_pdr_dlkm: loading out-of-tree module taints kernel.
01-01 08:59:27.427 0 0 W apr_dlkm: no symbol version for snd_event_notify
01-01 08:59:27.437 0 0 E register_client_adhoc: find path.src 1 dest 589
01-01 08:59:27.438 0 0 E register_client_adhoc: Failed to find path.src 1 dest 589
01-01 08:59:27.446 0 0 E : [drm:dp_display_init_aux_switch][msm-dp-err][124 ]failed to register notifier (-22)
01-01 08:59:27.463 0 0 E register_client_adhoc: find path.src 1 dest 589
01-01 08:59:27.463 0 0 E register_client_adhoc: Failed to find path.src 1 dest 589
01-01 08:59:27.479 0 0 W : **********************************************************
01-01 08:59:27.485 0 0 W : ** NOTICE NOTICE NOTICE NOTICE NOTICE NOTICE NOTICE **
01-01 08:59:27.492 0 0 W : ** **
01-01 08:59:27.499 0 0 W : ** trace_printk() being used. Allocating extra memory. **
01-01 08:59:27.506 0 0 W : ** **
01-01 08:59:27.512 0 0 W : ** This means that this is a DEBUG kernel and it is **
01-01 08:59:27.519 0 0 W : ** unsafe for production use. **
01-01 08:59:27.526 0 0 W : ** **
01-01 08:59:27.533 0 0 W : ** If you see this message and you are not debugging **
01-01 08:59:27.539 0 0 W : ** the kernel, report this immediately to your vendor! **
01-01 08:59:27.546 0 0 W : ** **
01-01 08:59:27.553 0 0 W : ** NOTICE NOTICE NOTICE NOTICE NOTICE NOTICE NOTICE **
01-01 08:59:27.560 0 0 W : **********************************************************
01-01 08:59:27.603 481 481 I auditd : type=1400 audit(0.0:7): avc: denied { read } for comm="ueventd" name="persist" dev="tmpfs" ino=26528 scontext=u:r:ueventd:s0 tcontext=u:object_r:tmpfs:s0 tclass=lnk_file permissive=0
01-01 08:59:27.639 0 0 E : [drm:dp_display_init_aux_switch][msm-dp-err][447 ]failed to register notifier (-22)
01-01 08:59:27.649 0 0 E register_client_adhoc: find path.src 1 dest 589
01-01 08:59:27.649 0 0 E register_client_adhoc: Failed to find path.src 1 dest 589
01-01 08:59:27.731 0 0 E : [drm:dp_display_init_aux_switch][msm-dp-err][76 ]failed to register notifier (-22)
01-01 08:59:27.749 0 0 E register_client_adhoc: find path.src 1 dest 589
01-01 08:59:27.749 0 0 E register_client_adhoc: Failed to find path.src 1 dest 589
01-01 08:59:27.757 0 0 E : [drm:dp_display_init_aux_switch][msm-dp-err][76 ]failed to register notifier (-22)
01-01 08:59:27.780 0 0 E register_client_adhoc: find path.src 1 dest 589
01-01 08:59:27.780 0 0 E register_client_adhoc: Failed to find path.src 1 dest 589
01-01 08:59:27.788 0 0 E : [drm:dp_display_init_aux_switch][msm-dp-err][46 ]failed to register notifier (-22)
01-01 08:59:27.806 0 0 E register_client_adhoc: find path.src 1 dest 589
01-01 08:59:27.806 0 0 E register_client_adhoc: Failed to find path.src 1 dest 589
01-01 08:59:27.814 0 0 E : [drm:dp_display_init_aux_switch][msm-dp-err][46 ]failed to register notifier (-22)
01-01 08:59:27.831 0 0 E register_client_adhoc: find path.src 1 dest 589
01-01 08:59:27.831 0 0 E register_client_adhoc: Failed to find path.src 1 dest 589
01-01 08:59:27.838 0 0 E : [drm:dp_display_init_aux_switch][msm-dp-err][46 ]failed to register notifier (-22)
01-01 08:59:27.855 0 0 E register_client_adhoc: find path.src 1 dest 589
01-01 08:59:27.855 0 0 E register_client_adhoc: Failed to find path.src 1 dest 589
01-01 08:59:27.862 0 0 E : [drm:dp_display_init_aux_switch][msm-dp-err][46 ]failed to register notifier (-22)
01-01 08:59:27.879 0 0 E register_client_adhoc: find path.src 1 dest 589
01-01 08:59:27.879 0 0 E register_client_adhoc: Failed to find path.src 1 dest 589
01-01 08:59:27.887 0 0 E : [drm:dp_display_init_aux_switch][msm-dp-err][46 ]failed to register notifier (-22)
01-01 08:59:27.920 0 0 E register_client_adhoc: find path.src 1 dest 589
01-01 08:59:27.920 0 0 E register_client_adhoc: Failed to find path.src 1 dest 589
01-01 08:59:27.928 0 0 E : [drm:dp_display_init_aux_switch][msm-dp-err][46 ]failed to register notifier (-22)
01-01 08:59:27.938 0 0 E kona-pinctrl f000000.pinctrl: invalid function func2 in map table
01-01 08:59:27.951 0 0 E kona-pinctrl f000000.pinctrl: invalid function func2 in map table
01-01 08:59:27.959 0 0 E kona-pinctrl f000000.pinctrl: invalid function func2 in map table
01-01 08:59:27.966 0 0 E kona-pinctrl f000000.pinctrl: invalid function func2 in map table
01-01 08:59:27.974 0 0 E register_client_adhoc: find path.src 1 dest 589
01-01 08:59:27.974 0 0 E register_client_adhoc: Failed to find path.src 1 dest 589
01-01 08:59:27.982 0 0 E : [drm:dp_display_init_aux_switch][msm-dp-err][46 ]failed to register notifier (-22)
01-01 08:59:28.032 0 0 E register_client_adhoc: find path.src 1 dest 589
01-01 08:59:28.032 0 0 E register_client_adhoc: Failed to find path.src 1 dest 589
01-01 08:59:28.041 0 0 E : [drm:dp_display_init_aux_switch][msm-dp-err][124 ]failed to register notifier (-22)
01-01 08:59:28.058 0 0 E register_client_adhoc: find path.src 1 dest 589
01-01 08:59:28.058 0 0 E register_client_adhoc: Failed to find path.src 1 dest 589
01-01 08:59:28.066 0 0 E : [drm:dp_display_init_aux_switch][msm-dp-err][124 ]failed to register notifier (-22)
01-01 08:59:28.325 0 0 E : Trying to create more than 6 SchedTune boosting groups
01-01 08:59:28.332 0 0 E : Trying to create more than 6 SchedTune boosting groups
01-01 08:59:28.382 0 0 I : Registered swp emulation handler
01-01 08:59:28.456 0 0 I logd.auditd: start
01-01 08:59:28.477 0 0 I binder : 504:504 ioctl 40046210 7fe307a164 returned -22
01-01 08:59:28.503 0 0 I binder : 505:505 ioctl 40046210 7fdc303914 returned -22
01-01 08:59:28.511 506 506 I snet_event_log: [121035042,-1,]
01-01 08:59:28.567 0 0 I binder : 503:503 ioctl 40046210 7fcabcaab4 returned -22
01-01 08:59:28.718 0 0 I init : wait for '/dev/block/platform/soc/1d84000.ufshc' took 0ms
01-01 08:59:29.075 0 0 I : tsnv tsnv_init register TSNV Driver v0.01
01-01 08:59:29.083 0 0 I init : wait for '/dev/qseecom' took 0ms
01-01 08:59:29.158 0 0 E FAT-fs (sde51): bogus number of reserved sectors
01-01 08:59:29.164 0 0 I FAT-fs (sde51): Can't find a valid FAT filesystem --------- beginning of system
01-01 08:59:29.212 550 550 I vold : Vold 3.0 (the awakening) firing up
01-01 08:59:29.213 550 550 D vold : Detected support for: ext4 f2fs vfat
01-01 08:59:29.195 555 555 I auditd : type=1400 audit(0.0:8): avc: denied { read write } for comm="fsck_msdos" name="sde51" dev="tmpfs" ino=18503 scontext=u:r:fsck:s0 tcontext=u:object_r:block_device:s0 tclass=blk_file permissive=0
01-01 08:59:29.220 550 550 D vold : Found unmanaged dm device named system_ext_a
01-01 08:59:29.220 550 550 D vold : Found unmanaged dm device named odm_a
01-01 08:59:29.220 550 550 D vold : Found unmanaged dm device named system_a
01-01 08:59:29.220 550 550 D vold : Found unmanaged dm device named vendor_a
01-01 08:59:29.220 550 550 D vold : Found unmanaged dm device named scratch
01-01 08:59:29.220 550 550 D vold : Found unmanaged dm device named product_a
01-01 08:59:29.222 550 550 I vold : [libfs_mgr]dt_fstab: Skip disabled entry for partition vendor
01-01 08:59:29.223 550 550 I vold : [libfs_mgr]GetFstabPath()fstab_path:/odm/etc/fstab.default
01-01 08:59:29.223 550 550 I vold : [libfs_mgr]GetFstabPath()fstab_path:/vendor/etc/fstab.default
01-01 08:59:29.223 550 550 I vold : [libfs_mgr]GetFstabPath()fstab_path:/system/etc/fstab.default
01-01 08:59:29.223 550 550 I vold : [libfs_mgr]GetFstabPath()fstab_path:/first_stage_ramdisk/system/etc/fstab.default
01-01 08:59:29.223 550 550 I vold : [libfs_mgr]GetFstabPath()fstab_path:/fstab.default
01-01 08:59:29.223 550 550 I vold : [libfs_mgr]GetFstabPath()fstab_path:/first_stage_ramdisk/fstab.default
01-01 08:59:29.223 550 550 I vold : [libfs_mgr]GetFstabPath()fstab_path:/odm/etc/fstab.qcom
01-01 08:59:29.223 550 550 I vold : [libfs_mgr]GetFstabPath()fstab_path:/vendor/etc/fstab.qcom
01-01 08:59:29.223 550 550 I vold : [libfs_mgr]GetFstabPath()fstab_path.c_str():/vendor/etc/fstab.qcom
01-01 08:59:29.215 0 0 I fsck_msdos: ** /dev/block/bootdevice/by-name/spunvm
01-01 08:59:29.226 0 0 I fsck_msdos: Can't open `/dev/block/bootdevice/by-name/spunvm'
01-01 08:59:29.231 550 550 D vold : VoldNativeService::start() completed OK
01-01 08:59:29.226 0 0 I fsck_msdos: fsck_msdos terminated by exit(8)
01-01 08:59:29.230 0 0 I binder : 550:550 ioctl 40046210 7fd2106d24 returned -22
01-01 08:59:29.230 0 0 I binder : 550:550 ioctl 40046210 7fd2106cc4 returned -22
01-01 08:59:29.195 555 555 I auditd : type=1400 audit(0.0:9): avc: denied { read } for comm="fsck_msdos" name="sde51" dev="tmpfs" ino=18503 scontext=u:r:fsck:s0 tcontext=u:object_r:block_device:s0 tclass=blk_file permissive=0
01-01 08:59:29.195 555 555 I auditd : type=1400 audit(0.0:10): avc: denied { kill } for comm="fsck_msdos" capability=5 scontext=u:r:fsck:s0 tcontext=u:r:fsck:s0 tclass=capability permissive=0
01-01 08:59:29.257 0 0 E FAT-fs (sde51): bogus number of reserved sectors
01-01 08:59:29.293 0 0 I FAT-fs (sde51): Can't find a valid FAT filesystem
01-01 08:59:29.304 548 564 I QISL : QSEE Interrupt Service Listener Thread is started
01-01 08:59:29.306 548 564 I QISL : QSEE Interrupt Service Listener was activated successfully
01-01 08:59:29.308 548 548 D SPL : Call QSEECom_register_listener()
01-01 08:59:29.310 548 548 D SPL : Registered listener sucessfully!
01-01 08:59:29.310 548 548 D SPL : pipe read-fd [32] write-fd [33]
01-01 08:59:29.310 548 548 D SPL : Create thread
01-01 08:59:29.310 548 548 D SPL : Thread created sucessfully.
01-01 08:59:29.310 548 565 D SPL : spl_dispatch() started
01-01 08:59:29.311 548 565 D SPL : ==== Wait For Request ======
01-01 08:59:29.321 0 0 I EXT4-fs (sde9): mounted filesystem with ordered data mode. Opts: barrier=1
01-01 08:59:29.392 0 0 I e2fsck : e2fsck 1.45.4 (23-Sep-2019)
01-01 08:59:29.400 0 0 I e2fsck : /system/bin/e2fsck: Permission denied while trying to open /dev/block/bootdevice/by-name/persist
01-01 08:59:29.387 570 570 I auditd : type=1400 audit(0.0:11): avc: denied { read } for comm="e2fsck" name="persist" dev="tmpfs" ino=26528 scontext=u:r:fsck:s0 tcontext=u:object_r:tmpfs:s0 tclass=lnk_file permissive=0
01-01 08:59:29.425 0 0 I e2fsck : You must have r/w access to the filesystem or be root
01-01 08:59:29.426 0 0 I e2fsck : e2fsck terminated by exit(8)
01-01 08:59:29.387 570 570 I auditd : type=1400 audit(0.0:12): avc: denied { read } for comm="e2fsck" name="persist" dev="tmpfs" ino=26528 scontext=u:r:fsck:s0 tcontext=u:object_r:tmpfs:s0 tclass=lnk_file permissive=0
01-01 08:59:29.391 570 570 I auditd : type=1400 audit(0.0:13): avc: denied { read } for comm="e2fsck" name="persist" dev="tmpfs" ino=26528 scontext=u:r:fsck:s0 tcontext=u:object_r:tmpfs:s0 tclass=lnk_file permissive=0
01-01 08:59:29.391 570 570 I auditd : type=1400 audit(0.0:14): avc: denied { read } for comm="e2fsck" name="persist" dev="tmpfs" ino=26528 scontext=u:r:fsck:s0 tcontext=u:object_r:tmpfs:s0 tclass=lnk_file permissive=0
01-01 08:59:29.391 570 570 I auditd : type=1400 audit(0.0:15): avc: denied { read } for comm="e2fsck" name="persist" dev="tmpfs" ino=26528 scontext=u:r:fsck:s0 tcontext=u:object_r:tmpfs:s0 tclass=lnk_file permissive=0
01-01 08:59:29.395 570 570 I auditd : type=1400 audit(0.0:16): avc: denied { read } for comm="e2fsck" name="persist" dev="tmpfs" ino=26528 scontext=u:r:fsck:s0 tcontext=u:object_r:tmpfs:s0 tclass=lnk_file permissive=0
01-01 08:59:29.395 570 570 I auditd : type=1400 audit(0.0:17): avc: denied { read } for comm="e2fsck" name="persist" dev="tmpfs" ino=26528 scontext=u:r:fsck:s0 tcontext=u:object_r:tmpfs:s0 tclass=lnk_file permissive=0
01-01 08:59:29.399 570 570 I auditd : type=1400 audit(0.0:18): avc: denied { kill } for comm="e2fsck" capability=5 scontext=u:r:fsck:s0 tcontext=u:r:fsck:s0 tclass=capability permissive=0
01-01 08:59:29.533 0 0 I binder : 571:571 ioctl 40046210 7fd5d73144 returned -22
01-01 08:59:29.539 0 0 D ProcessState: Binder ioctl to enable oneway spam detection failed: Invalid argument
01-01 08:59:29.541 0 0 D vdc : Waited 0ms for vold
01-01 08:59:29.563 474 474 I auditd : type=1400 audit(0.0:19): avc: denied { read } for comm="ueventd" name="persist" dev="tmpfs" ino=26528 scontext=u:r:ueventd:s0 tcontext=u:object_r:tmpfs:s0 tclass=lnk_file permissive=0
01-01 08:59:29.594 0 0 W subsys-pil-tz soc: qcom,ipa_fws: Falling back to syfs fallback for: ipa_fws.mdt
01-01 08:59:29.605 0 0 I init : wait for '/mnt/vendor/spunvm' took 0ms
01-01 08:59:29.636 0 0 I subsys-pil-tz soc: qcom,ipa_fws: ipa_fws: loading from 0x0000000086810000 to 0x0000000086819000
01-01 08:59:29.653 0 0 W subsys-pil-tz soc: qcom,ipa_fws: Falling back to syfs fallback for: ipa_fws.b02
01-01 08:59:29.653 0 0 W subsys-pil-tz soc: qcom,ipa_fws: Falling back to syfs fallback for: ipa_fws.b03
01-01 08:59:29.662 0 0 W subsys-pil-tz soc: qcom,ipa_fws: Falling back to syfs fallback for: ipa_fws.b04
01-01 08:59:29.689 573 573 D spdaemon: Firmware Name [spss2p].
01-01 08:59:29.689 573 573 D spdaemon: Prod FW.
01-01 08:59:29.689 573 573 D spdaemon: firmware_type [p].
01-01 08:59:29.690 573 573 D spdaemon: machine_name [SXR2130]
01-01 08:59:29.690 573 573 E iardb : [iar_db_get_iar_state] failed to open file /mnt/vendor/spunvm/iar_db/iar_state.bin [13] [Permission denied]
01-01 08:59:29.690 573 573 D iarlib : [iar_get_state] Can't get iar_state, return DISABLED
01-01 08:59:29.690 573 573 I spdaemon: IAR is not activated
01-01 08:59:29.690 573 573 D spdaemon: ------ going to start SP From kernel ------
01-01 08:59:29.690 573 573 I spcomlib: [spcom_restart_sp_subsystem] restart_sp starts
01-01 08:59:29.691 573 573 D spcomlib: [spcom_restart_sp_subsystem] restart_sp - Send PIL request [1]
01-01 08:59:29.691 0 0 I : SW_INIT_DONE - 2nd phase loading [spss] completed ok
01-01 08:59:29.695 0 0 I binder : 575:575 ioctl 40046210 7fcb658994 returned -22
01-01 08:59:29.699 0 0 I : PBL_DONE - 1st phase loading [spss] completed ok
01-01 08:59:29.700 0 0 I : ueventd (581) used greatest stack depth: 9296 bytes left
01-01 08:59:29.705 0 0 I binder : 575:575 ioctl 40046210 7fcb6588d4 returned -22
01-01 08:59:29.727 0 0 E register_client_adhoc: find path.src 1 dest 589
01-01 08:59:29.726 573 573 D spcomlib: [spcom_restart_sp_subsystem] restart_sp - Restart SP command ok.
01-01 08:59:29.726 573 573 D spcomlib: [spcom_signal_event] event [0] [pil_called] EVENT_STATUS_SIGNALED
01-01 08:59:29.726 573 573 I spcomlib: [spcom_reset_all_app_loaded_prop] start reset all spcomlib apploaded props.
01-01 08:59:29.727 0 0 E register_client_adhoc: Failed to find path.src 1 dest 589
01-01 08:59:29.736 0 0 I subsys-pil-tz soc: qcom,ipa_fws: ipa_fws: Brought out of reset
01-01 08:59:29.754 0 0 E : [drm:dp_display_init_aux_switch][msm-dp-err][76 ]failed to register notifier (-22)
01-01 08:59:29.756 0 0 I : IPA FW loaded successfully
01-01 08:59:29.784 0 0 E gsi soc : qcom,msm_gsi: gsi_register_device:1203 GSI irq is wake enabled 34
01-01 08:59:29.842 0 0 I : rmnet_ipa3 started initialization
01-01 08:59:29.849 0 0 I : IPA driver initialization was successful.
01-01 08:59:29.854 0 0 I : IPA SSR support = True
01-01 08:59:29.855 0 0 W subsys-pil-tz soc: qcom,ipa_uc: Falling back to syfs fallback for: ipa_uc.mdt
01-01 08:59:29.858 0 0 I : IPA SG support = True
01-01 08:59:29.858 0 0 I : IPA Napi Enable = True
01-01 08:59:29.858 0 0 I : using default for wan-rx-desc-size = 256
01-01 08:59:29.869 0 0 E ipa-wan ipa3_wwan_probe: 2530 rmnet_ipa completed initialization
01-01 08:59:29.875 0 0 I binder : 576:576 ioctl 40046210 7fff5b69f4 returned -22
01-01 08:59:29.887 0 0 I subsys-pil-tz soc: qcom,ipa_uc: ipa_uc: loading from 0x0000000086800000 to 0x0000000086810000
01-01 08:59:29.891 0 0 I wait_for_keymaster: Waiting for Keymaster device
01-01 08:59:29.891 0 0 I binder : 601:601 ioctl 40046210 7fe3469344 returned -22
01-01 08:59:29.891 0 0 D ProcessState: Binder ioctl to enable oneway spam detection failed: Invalid argument
01-01 08:59:29.898 0 0 I binder : 576:576 ioctl 40046210 7fff5b5f54 returned -22
01-01 08:59:29.904 0 0 W subsys-pil-tz soc: qcom,ipa_uc: Falling back to syfs fallback for: ipa_uc.b02
01-01 08:59:29.940 0 0 I subsys-pil-tz soc: qcom,ipa_uc: ipa_uc: Brought out of reset
01-01 08:59:29.941 0 0 E ipa3_uc_wdi_event_log_info_handler: 351 WDI protocol missing 0x21
01-01 08:59:29.955 0 0 E ipa3_uc_ntn_event_log_info_handler: 34 NTN stats ofst=0x500e0
01-01 08:59:30.894 0 0 W ServiceManager: Waited one second for android.system.keystore2.IKeystoreService/default (is service started? are binder threads started and available?)
01-01 08:59:30.911 0 0 I wait_for_keymaster: Keymaster device ready
01-01 08:59:30.922 0 0 I binder : undelivered transaction 224, process died.
01-01 08:59:30.954 0 0 I binder : 612:612 ioctl 40046210 7ff9689624 returned -22
01-01 08:59:30.961 0 0 D ProcessState: Binder ioctl to enable oneway spam detection failed: Invalid argument
01-01 08:59:30.961 0 0 D vdc : Waited 0ms for vold
01-01 08:59:30.967 612 612 I auditd : type=1400 audit(0.0:20): avc: denied { kill } for comm="vdc" capability=5 scontext=u:r:vdc:s0 tcontext=u:r:vdc:s0 tclass=capability permissive=0
01-01 08:59:31.027 0 0 I binder : 614:614 ioctl 40046210 7fd8fe8244 returned -22
01-01 08:59:31.034 0 0 D ProcessState: Binder ioctl to enable oneway spam detection failed: Invalid argument
01-01 08:59:31.035 0 0 D vdc : Waited 0ms for vold
01-01 08:59:31.035 550 550 D vold : fscrypt_mount_metadata_encrypted: /data encrypt: 0 format: 0 with null
01-01 08:59:31.035 550 550 D vold : metadata_key_dir/key: /metadata/vold/metadata_encryption/key
01-01 08:59:31.037 550 550 D vold : Key exists, using: /metadata/vold/metadata_encryption/key
01-01 08:59:31.044 576 576 I auditd : SELinux: Loaded keystore2_key_contexts from:
01-01 08:59:31.044 576 576 I auditd : /system/etc/selinux/plat_keystore2_key_contexts
01-01 08:59:31.061 550 550 D vold : Mounting metadata-encrypted filesystem:/data
01-01 08:59:31.066 550 550 I vold : [libfs_mgr]Running /system/bin/fsck.f2fs -a -c 10000 --debug-cache /dev/block/dm-6
01-01 08:59:31.090 0 0 I fsck.f2fs: Info: Fix the reported corruption.
01-01 08:59:31.096 0 0 I fsck.f2fs: Info: No support kernel version!
01-01 08:59:31.101 0 0 I fsck.f2fs: Info: Segments per section = 1
01-01 08:59:31.103 616 616 I auditd : type=1400 audit(0.0:21): avc: denied { kill } for comm="fsck.f2fs" capability=5 scontext=u:r:fsck:s0 tcontext=u:r:fsck:s0 tclass=capability permissive=0
01-01 08:59:31.107 0 0 I fsck.f2fs: Info: Sections per zone = 1
01-01 08:59:31.112 0 0 I fsck.f2fs: Info: sector size = 4096
01-01 08:59:31.116 0 0 I fsck.f2fs: Info: total sectors = 28958163 (113117 MB)
01-01 08:59:31.123 0 0 I fsck.f2fs: Info: MKFS version
01-01 08:59:31.127 0 0 I fsck.f2fs: "4.19.157-perf+ #1 SMP PREEMPT Thu Mar 23 07:47:22 CST 2023"
01-01 08:59:31.135 0 0 I fsck.f2fs: Info: FSCK version
01-01 08:59:31.139 0 0 I fsck.f2fs: from "4.19.157+"
01-01 08:59:31.412 0 0 I F2FS-fs (dm-6): Mounted with checkpoint version = 5ea410fd
01-01 08:59:31.421 550 550 I vold : [libfs_mgr]__mount(source=/dev/block/dm-6,target=/data,type=f2fs)=0: Success
01-01 08:59:31.421 550 550 D vold : Mounted /data
01-01 08:59:31.422 550 561 D vold : Disk at 252:6 changed
01-01 08:59:31.419 614 614 I auditd : type=1400 audit(0.0:22): avc: denied { kill } for comm="vdc" capability=5 scontext=u:r:vdc:s0 tcontext=u:r:vdc:s0 tclass=capability permissive=0
01-01 08:59:31.455 0 0 I init : Userdata mounted using /vendor/etc/fstab.qcom result : 7
01-01 08:59:31.462 0 0 I init : Keyring created with id 133148959 in process 1
01-01 08:59:31.469 0 0 I init : Command 'mount_all /vendor/etc/fstab.qcom --late' action=late-fs (/vendor/etc/init/hw/init.target.rc:69) took 547ms and succeeded
01-01 08:59:31.485 0 0 I init : processing action (late-fs) from (/vendor/etc/init/keymasterd.rc:5)
01-01 08:59:31.494 0 0 I init : starting service 'vendor.keymasterd'...
01-01 08:59:31.509 0 0 I init : processing action (post-fs-data) from (/system/etc/init/hw/init.rc:633)
01-01 08:59:31.518 0 0 I init : starting service 'exec 10 (/system/bin/vdc checkpoint prepareCheckpoint)'...
01-01 08:59:31.535 0 0 I init : SVC_EXEC service 'exec 10 (/system/bin/vdc checkpoint prepareCheckpoint)' pid 622 (uid 1000 gid 1000+0 context default) started; waiting...
01-01 08:59:31.555 0 0 I binder : 622:622 ioctl 40046210 7fd8c559d4 returned -22
01-01 08:59:31.561 0 0 D ProcessState: Binder ioctl to enable oneway spam detection failed: Invalid argument
01-01 08:59:31.562 0 0 D vdc : Waited 0ms for vold
01-01 08:59:31.562 550 550 I Checkpoint: cp_prepareCheckpoint called
01-01 08:59:31.577 621 623 D spcomlib: [spcom_register_service] spcom_register_service() name [sp_keymaster_ssr] pid [476179664048]
01-01 08:59:31.577 621 623 D spcomlib: [spcom_open] ch [sp_keymaster_ssr] doesn't exist, create it.
01-01 08:59:31.577 621 623 D spcomlib: [spcom_create_channel] Create Channel [sp_keymaster_ssr].
01-01 08:59:31.564 0 0 I init : Service 'exec 10 (/system/bin/vdc checkpoint prepareCheckpoint)' (pid 622) exited with status 0 waiting took 0.031000 seconds
01-01 08:59:31.578 0 0 I init : Sending signal 9 to service 'exec 10 (/system/bin/vdc checkpoint prepareCheckpoint)' (pid 622) process group...
01-01 08:59:31.592 621 623 D spcomlib: [add_ssr_cb] ssr cb added!
01-01 08:59:31.592 621 623 D spcomlib: [start_ssr_thread] ch [spcom] ready!
01-01 08:59:31.593 621 623 D spcomlib: [start_ssr_thread] main pthread self_id [0xde850cb0].
01-01 08:59:31.593 621 623 D spcomlib: [start_ssr_thread] pthread_create() ret [0] thread-id [0xdd752cb0].
01-01 08:59:31.593 621 623 D spcomlib: [start_ssr_thread] Wait for SSR thread to run.
01-01 08:59:31.593 621 624 D spcomlib: [notify_ssr_thread] SSR pthread self_id [0xdd752cb0].
01-01 08:59:31.593 621 623 D spcomlib: [start_ssr_thread] pthread_cond_wait() ret [0].
01-01 08:59:31.593 621 623 D spcomlib: [start_ssr_thread] done.
01-01 08:59:31.593 621 623 D spcomlib: [add_ch] add ch [sp_keymaster_ssr].
01-01 08:59:31.593 621 623 D spcomlib: [spcom_register_service] spcom_register_service() name [sp_keymaster_ssr] pid [476179664048] done
01-01 08:59:31.622 0 0 I binder : 625:625 ioctl 40046210 7fc724a474 returned -22
01-01 08:59:31.628 0 0 D ProcessState: Binder ioctl to enable oneway spam detection failed: Invalid argument
01-01 08:59:31.629 0 0 D vdc : Waited 0ms for vold
01-01 08:59:31.629 550 550 I vold : fscrypt_initialize_systemwide_keys
01-01 08:59:31.631 550 550 D vold : Key exists, using: /data/unencrypted/key
01-01 08:59:31.648 550 550 D vold : Installed fscrypt key with ref 7c57ab9f61a68991c06f50dbea7dc70b to /data
01-01 08:59:31.648 550 550 D vold : Added fscrypt-provisioning key for 7c57ab9f61a68991c06f50dbea7dc70b to session keyring
01-01 08:59:31.656 550 550 I vold : Wrote system DE key reference to:/data/unencrypted/ref
01-01 08:59:31.656 550 550 D vold : Generating wrapped storage key
01-01 08:59:31.659 550 550 E vold : keystore2 Keystore generateKey returned service specific error: -67
01-01 08:59:31.659 550 550 W vold : Failed to generate rollback-resistant key. This is expected if keymaster doesn't support rollback resistance. Falling back to non-rollback-resistant key.
01-01 08:59:31.670 550 550 D vold : Installed fscrypt key with ref 5fead392ce1d9df496c5bf154d062f9f to /data
01-01 08:59:31.670 550 550 D vold : Added fscrypt-provisioning key for 5fead392ce1d9df496c5bf154d062f9f to session keyring
01-01 08:59:31.672 550 550 I vold : Wrote per boot key reference to:/data/unencrypted/per_boot_ref
01-01 08:59:31.678 0 0 I fscrypt : AES-256-CTS-CBC using implementation "cts(cbc-aes-ce)"
01-01 08:59:31.739 0 0 I binder : 633:633 ioctl 40046210 7fe6b9c854 returned -22
01-01 08:59:31.745 0 0 D ProcessState: Binder ioctl to enable oneway spam detection failed: Invalid argument
01-01 08:59:31.746 0 0 D vdc : Waited 0ms for vold
01-01 08:59:31.746 550 550 I incfs : Initial API level of the device: 30
01-01 08:59:31.746 550 550 I incfs : ro.incremental.enable: 1
01-01 08:59:31.746 550 550 I incfs : isFsAvailable: true
01-01 08:59:31.747 550 550 I incfs : isFsAvailable: true
01-01 08:59:31.747 550 550 I incfs : IncFs_Features: v1
01-01 08:59:31.771 550 550 E vold : keystore2 Keystore earlyBootEnded returned service specific error: -68
01-01 08:59:31.815 0 0 I apexd : This device does not support updatable APEX. Exiting
01-01 08:59:31.823 0 0 I apexd : Marking APEXd as activated
01-01 08:59:31.973 0 0 E DTC_ETH,link_delay_work_func: 3003, SQI=0, link=0
01-01 08:59:31.986 0 0 I binder : 639:639 ioctl 40046210 7fe54802a4 returned -22
01-01 08:59:31.992 0 0 D ProcessState: Binder ioctl to enable oneway spam detection failed: Invalid argument
01-01 08:59:31.993 0 0 D vdc : Waited 0ms for vold
01-01 08:59:31.993 550 550 D vold : fscrypt_init_user0
01-01 08:59:31.993 550 550 D vold : Preparing: /data/misc/vold/user_keys
01-01 08:59:31.995 550 550 D vold : Preparing: /data/misc/vold/user_keys/ce
01-01 08:59:31.995 550 550 D vold : Preparing: /data/misc/vold/user_keys/de
01-01 08:59:32.012 550 550 D vold : Installed fscrypt key with ref 07140e67d8b360d7df53f08a2958aea1 to /data
01-01 08:59:32.013 550 550 D vold : Added fscrypt-provisioning key for 07140e67d8b360d7df53f08a2958aea1 to session keyring
01-01 08:59:32.013 550 550 D vold : Installed de key for user 0
01-01 08:59:32.013 550 550 D vold : fscrypt_prepare_user_storage for volume null, user 0, serial 0, flags 1
01-01 08:59:32.013 550 550 D vold : Preparing: /data/system/users/0
01-01 08:59:32.014 550 550 D vold : Preparing: /data/misc/profiles/cur/0
01-01 08:59:32.014 550 550 D vold : Preparing: /data/system_de/0
01-01 08:59:32.015 550 550 D vold : Preparing: /data/misc_de/0
01-01 08:59:32.015 550 550 D vold : Preparing: /data/vendor_de/0
01-01 08:59:32.016 550 550 D vold : Preparing: /data/user_de/0
01-01 08:59:32.017 550 550 I vold : Verified that /data/system_de/0 has the encryption policy 07140e67d8b360d7df53f08a2958aea1 v2 modes 1/4 flags 0xa
01-01 08:59:32.017 550 550 I vold : Verified that /data/misc_de/0 has the encryption policy 07140e67d8b360d7df53f08a2958aea1 v2 modes 1/4 flags 0xa
01-01 08:59:32.017 550 550 I vold : Verified that /data/vendor_de/0 has the encryption policy 07140e67d8b360d7df53f08a2958aea1 v2 modes 1/4 flags 0xa
01-01 08:59:32.017 550 550 I vold : Verified that /data/user_de/0 has the encryption policy 07140e67d8b360d7df53f08a2958aea1 v2 modes 1/4 flags 0xa
01-01 08:59:32.017 550 550 D vold : /system/bin/vold_prepare_subdirs
01-01 08:59:32.017 550 550 D vold : prepare
01-01 08:59:32.017 550 550 D vold :
01-01 08:59:32.017 550 550 D vold : 0
01-01 08:59:32.017 550 550 D vold : 1
01-01 08:59:32.079 550 550 D vold : Detected support for FS_IOC_ADD_ENCRYPTION_KEY
01-01 08:59:32.247 0 0 I apexd : This device does not support updatable APEX. Exiting
01-01 08:59:32.254 0 0 I apexd : Marking APEXd as ready
01-01 08:59:32.348 0 0 D cnss : File system is ready, fs_ready is 1, count is 1
01-01 08:59:32.348 0 0 D cnss : Posting event: COLD_BOOT_CAL_START(5), state: 0x0 flags: 0x0
01-01 08:59:32.348 0 0 D cnss : PM stay awake, state: 0x0, count: 1
01-01 08:59:32.349 0 0 D cnss : PM relax, state: 0x0, count: 0
01-01 08:59:32.349 0 0 D cnss : PM stay awake, state: 0x0, count: 1
01-01 08:59:32.349 0 0 D cnss : Processing driver event: COLD_BOOT_CAL_START(5), state: 0x0
01-01 08:59:32.349 0 0 D cnss : Regulator vdd-wlan-io is being enabled
