01-01 08:59:42.736 1015 1173 I LogicalDisplayMapper: Adding new display: 0: DisplayInfo{"内置屏幕", displayId 0", displayGroupId -1, FLAG_SECURE, FLAG_SUPPORTS_PROTECTED_BUFFERS, FLAG_TRUSTED, real 2380 x 1020, largest app 2380 x 1020, smallest app 2380 x 1020, appVsyncOff 1000000, presDeadline 16666666, mode 1, defaultMode 1, modes [{id=1, width=2380, height=1020, fps=60.000004, alternativeRefreshRates=[30.000002, 45.0]}, {id=2, width=2380, height=1020, fps=45.0, alternativeRefreshRates=[30.000002, 60.000004]}, {id=3, width=2380, height=1020, fps=30.000002, alternativeRefreshRates=[45.0, 60.000004]}], hdrCapabilities HdrCapabilities{mSupportedHdrTypes=[2, 3, 4], mMaxLuminance=500.0, mMaxAverageLuminance=500.0, mMinLuminance=0.0}, userDisabledHdrTypes [], minimalPostProcessingSupported false, rotation 0, state UNKNOWN, type INTERNAL, uniqueId "local:4630946370410392961", app 2380 x 1020, density 240 (319.851 x 319.851) dpi, layerStack 0, colorMode 0, supportedColorModes [0], address {port=129, model=0x40446d3026322d}, deviceProductInfo DeviceProductInfo{name=, manufacturerPnpId=QCM, productId=1, modelYear=null, manufactureDate=ManufactureDate{week=27, year=2006}, connectionToSinkType=0}, removeMode 0, refreshRateOverride 0.0, brightnessMinimum 0.0, brightnessMaximum 1.0, brightnessDefault 1.0}
01-01 08:59:42.737 1015 1173 I LogicalDisplayMapper: Setting new display group 0 for display 0, from previous group: null
01-01 08:59:42.738 0 0 W QSEECOM : __qseecom_unload_app: App (6) is unloaded
01-01 08:59:42.742 0 0 D qbt : qbt_release: entry minor_no=0 fd_available=0
01-01 08:59:42.742 0 0 D qbt : qbt_release: Releasing wakelock
01-01 08:59:42.742 0 0 D qbt : qbt_release: exit : fd_available=1
01-01 08:59:42.742 0 0 D qbt : qbt_release: entry minor_no=1 fd_available=1
01-01 08:59:42.742 0 0 D qbt : qbt_release: exit : fd_available=1
01-01 08:59:42.743 1015 1173 D LocalDisplayAdapter: setDisplayState(id=4630946370410392961, state=ON) ---start
01-01 08:59:42.746 1015 1173 D LocalDisplayAdapter: setDisplayState(id=4630946370410392961, state=ON) ---end
01-01 08:59:42.747 1015 1173 D LocalDisplayAdapter: setDisplayBrightness(id=4630946370410392961, brightnessState=1.0, sdrBrightnessState=1.0) ---start
01-01 08:59:42.747 1015 1173 E DisplayDeviceConfig: requesting nits when no mapping exists.
01-01 08:59:42.753 1015 1173 I am_wtf : [0,1015,system_server,-1,DisplayDeviceConfig,requesting nits when no mapping exists.]
01-01 08:59:42.754 1015 1173 E DisplayDeviceConfig: requesting nits when no mapping exists.
01-01 08:59:42.755 1015 1173 I am_wtf : [0,1015,system_server,-1,DisplayDeviceConfig,requesting nits when no mapping exists.]
01-01 08:59:42.758 1015 1173 D LocalDisplayAdapter: setDisplayBrightness(id=4630946370410392961, brightnessState=1.0, sdrBrightnessState=1.0) ---end
01-01 08:59:42.758 1015 1015 I dvm_lock_sample: [system_server,0,main,41,DisplayManagerService.java,508,void com.android.server.display.DisplayManagerService.onBootPhase(int),-,1204,void com.android.server.display.DisplayManagerService.registerDefaultDisplayAdapters(),8]
01-01 08:59:42.759 1015 1015 D SystemServerTiming: OnBootPhase_100_com.android.server.display.DisplayManagerService took to complete: 41ms
01-01 08:59:42.759 1015 1015 D SystemServerTiming: OnBootPhase_100 took to complete: 42ms
01-01 08:59:42.759 1015 1015 D SystemServerTiming: WaitForDisplay took to complete: 44ms
01-01 08:59:42.760 1015 1015 I SystemServerTiming: StartDomainVerificationService
01-01 08:59:42.765 1015 1173 I DisplayDeviceRepository: Display device changed state: "内置屏幕", ON
01-01 08:59:42.767 1015 1015 D SystemServerTiming: StartDomainVerificationService took to complete: 6ms
01-01 08:59:42.767 1015 1015 I SystemServerTiming: StartPackageManagerService
01-01 08:59:42.767 1015 1015 I Watchdog: Pausing HandlerChecker: main thread for reason: packagemanagermain. Pause count: 1
01-01 08:59:42.771 1015 1015 I PackageManagerTiming: create package manager
01-01 08:59:42.783 1015 1015 I boot_progress_pms_start: 41178
01-01 08:59:42.783 1015 1015 I PackageManagerTiming: readListOfPackagesToBeDisabled
01-01 08:59:42.783 1015 1015 D PackageManager: Disabling packages for wifi-only device, source: /vendor/etc/telephony_packages.xml
01-01 08:59:42.784 1015 1015 D PackageManagerTiming: readListOfPackagesToBeDisabled took to complete: 1ms
01-01 08:59:42.784 1015 1015 I PackageManagerTiming: createSubComponents
01-01 08:59:42.775 0 0 E diag : In diag_ioctl_set_buffering_mode, invalid peripheral = -22
01-01 08:59:42.805 0 0 D cnss : Received QMI WLFW pin connect result indication
01-01 08:59:42.805 0 0 D cnss : Pin connect Result: pwr_pin: 0x1 phy_io_pin: 0x0 rf_io_pin: 0x0
01-01 08:59:42.805 0 0 D cnss : Removing vote for Regulator vdd-wlan-rfa2
01-01 08:59:42.805 0 0 D cnss : Removing vote for Regulator vdd-wlan-rfa1
01-01 08:59:42.806 0 0 D cnss : Removing vote for Regulator vdd-wlan-dig
01-01 08:59:42.806 0 0 D cnss : Removing vote for Regulator vdd-wlan-aon
01-01 08:59:42.806 0 0 D cnss : Removing vote for Regulator vdd-wlan-io
01-01 08:59:42.806 0 0 D cnss : PM relax, state: 0xf, count: 0
01-01 08:59:42.806 0 0 D cnss : PM stay awake, state: 0xf, count: 1
01-01 08:59:42.806 0 0 D cnss : PM relax, state: 0xf, count: 0
01-01 08:59:42.813 1015 1015 D PackageManagerTiming: createSubComponents took to complete: 29ms
01-01 08:59:42.814 1015 1015 I PackageManagerTiming: addSharedUsers
01-01 08:59:42.814 1015 1015 D PackageManagerTiming: addSharedUsers took to complete: 1ms
01-01 08:59:42.815 1015 1015 I PackageManagerTiming: get system config
01-01 08:59:42.815 1015 1015 D PackageManagerTiming: get system config took to complete: 0ms
01-01 08:59:42.821 1015 1015 D PackageManager: Directories scanned as system partitions: [/system:0, /vendor:524288, /odm:4194304, /oem:262144, /product:1048576, /system_ext:2097152, /apex/com.android.vndk.v30:8388608, /apex/com.android.wifi:8388608, /apex/com.android.vndk.v31:8388608, /apex/com.android.tzdata:8388608, /apex/com.android.tethering:8388608, /apex/com.android.sdkext:8388608, /apex/com.android.scheduling:8388608, /apex/com.android.runtime:8388608, /apex/com.android.resolv:8388608, /apex/com.android.permission:8388608, /apex/com.android.os.statsd:8388608, /apex/com.android.neuralnetworks:8388608, /apex/com.android.mediaprovider:8388608, /apex/com.android.media.swcodec:8388608, /apex/com.android.media:8388608, /apex/com.android.ipsec:8388608, /apex/com.android.i18n:8388608, /apex/com.android.extservices:8388608, /apex/com.android.conscrypt:8388608, /apex/com.android.art:8388608, /apex/com.android.appsearch:8388608, /apex/com.android.adbd:8388608]
01-01 08:59:42.830 1015 1015 D SELinuxMMAC: Using policy file /system/etc/selinux/plat_mac_permissions.xml
01-01 08:59:42.833 1015 1015 D SELinuxMMAC: Using policy file /system_ext/etc/selinux/system_ext_mac_permissions.xml
01-01 08:59:42.834 1015 1015 D SELinuxMMAC: Using policy file /product/etc/selinux/product_mac_permissions.xml
01-01 08:59:42.837 1015 1015 D SELinuxMMAC: Using policy file /vendor/etc/selinux/vendor_mac_permissions.xml
01-01 08:59:42.839 1015 1015 D SELinuxMMAC: Using policy file /odm/etc/selinux/odm_mac_permissions.xml
01-01 08:59:42.840 1015 1015 I PackageManagerTiming: loadFallbacks
01-01 08:59:42.841 1015 1015 D PackageManagerTiming: loadFallbacks took to complete: 1ms
01-01 08:59:42.841 1015 1015 I PackageManagerTiming: read user settings
01-01 08:59:42.847 0 0 I IPv6 : ADDRCONF(NETDEV_UP): vlan11: link is not ready
01-01 08:59:42.909 1015 1015 W android.permission.PermissionManager: Missing ActivityManager; assuming 1000 holds android.permission.SET_PREFERRED_APPLICATIONS
01-01 08:59:42.910 1015 1015 W android.permission.PermissionManager: Missing ActivityManager; assuming 1000 holds android.permission.SET_PREFERRED_APPLICATIONS
01-01 08:59:42.911 1015 1015 W android.permission.PermissionManager: Missing ActivityManager; assuming 1000 holds android.permission.SET_PREFERRED_APPLICATIONS
01-01 08:59:42.911 1015 1015 W android.permission.PermissionManager: Missing ActivityManager; assuming 1000 holds android.permission.SET_PREFERRED_APPLICATIONS
01-01 08:59:42.913 1015 1015 W android.permission.PermissionManager: Missing ActivityManager; assuming 1000 holds android.permission.SET_PREFERRED_APPLICATIONS
01-01 08:59:42.914 1015 1015 W android.permission.PermissionManager: Missing ActivityManager; assuming 1000 holds android.permission.SET_PREFERRED_APPLICATIONS
01-01 08:59:42.915 1015 1015 W android.permission.PermissionManager: Missing ActivityManager; assuming 1000 holds android.permission.SET_PREFERRED_APPLICATIONS
01-01 08:59:42.916 1015 1015 W android.permission.PermissionManager: Missing ActivityManager; assuming 1000 holds android.permission.SET_PREFERRED_APPLICATIONS
01-01 08:59:42.916 1015 1015 W android.permission.PermissionManager: Missing ActivityManager; assuming 1000 holds android.permission.SET_PREFERRED_APPLICATIONS
01-01 08:59:42.917 1015 1015 W android.permission.PermissionManager: Missing ActivityManager; assuming 1000 holds android.permission.SET_PREFERRED_APPLICATIONS
01-01 08:59:42.918 1015 1015 W android.permission.PermissionManager: Missing ActivityManager; assuming 1000 holds android.permission.SET_PREFERRED_APPLICATIONS
01-01 08:59:42.919 1015 1015 W android.permission.PermissionManager: Missing ActivityManager; assuming 1000 holds android.permission.SET_PREFERRED_APPLICATIONS
01-01 08:59:42.920 1015 1015 W android.permission.PermissionManager: Missing ActivityManager; assuming 1000 holds android.permission.SET_PREFERRED_APPLICATIONS
01-01 08:59:42.922 1015 1015 W android.permission.PermissionManager: Missing ActivityManager; assuming 1000 holds android.permission.SET_PREFERRED_APPLICATIONS
01-01 08:59:42.923 1015 1015 W android.permission.PermissionManager: Missing ActivityManager; assuming 1000 holds android.permission.SET_PREFERRED_APPLICATIONS
01-01 08:59:42.923 1015 1015 W android.permission.PermissionManager: Missing ActivityManager; assuming 1000 holds android.permission.SET_PREFERRED_APPLICATIONS
01-01 08:59:42.924 1015 1015 W android.permission.PermissionManager: Missing ActivityManager; assuming 1000 holds android.permission.SET_PREFERRED_APPLICATIONS
01-01 08:59:42.924 1015 1015 W android.permission.PermissionManager: Missing ActivityManager; assuming 1000 holds android.permission.SET_PREFERRED_APPLICATIONS
01-01 08:59:42.925 1015 1015 W android.permission.PermissionManager: Missing ActivityManager; assuming 1000 holds android.permission.SET_PREFERRED_APPLICATIONS
01-01 08:59:42.926 1015 1015 W android.permission.PermissionManager: Missing ActivityManager; assuming 1000 holds android.permission.SET_PREFERRED_APPLICATIONS
01-01 08:59:42.928 1015 1015 W android.permission.PermissionManager: Missing ActivityManager; assuming 1000 holds android.permission.SET_PREFERRED_APPLICATIONS
01-01 08:59:42.928 1015 1015 W android.permission.PermissionManager: Missing ActivityManager; assuming 1000 holds android.permission.SET_PREFERRED_APPLICATIONS
01-01 08:59:42.929 1015 1015 W android.permission.PermissionManager: Missing ActivityManager; assuming 1000 holds android.permission.SET_PREFERRED_APPLICATIONS
01-01 08:59:42.929 1015 1015 W android.permission.PermissionManager: Missing ActivityManager; assuming 1000 holds android.permission.SET_PREFERRED_APPLICATIONS
01-01 08:59:42.930 1015 1015 W android.permission.PermissionManager: Missing ActivityManager; assuming 1000 holds android.permission.SET_PREFERRED_APPLICATIONS
01-01 08:59:42.931 1015 1015 W android.permission.PermissionManager: Missing ActivityManager; assuming 1000 holds android.permission.SET_PREFERRED_APPLICATIONS
01-01 08:59:42.931 1015 1015 W android.permission.PermissionManager: Missing ActivityManager; assuming 1000 holds android.permission.SET_PREFERRED_APPLICATIONS
01-01 08:59:42.932 1015 1015 W android.permission.PermissionManager: Missing ActivityManager; assuming 1000 holds android.permission.SET_PREFERRED_APPLICATIONS
01-01 08:59:42.934 1015 1015 W android.permission.PermissionManager: Missing ActivityManager; assuming 1000 holds android.permission.SET_PREFERRED_APPLICATIONS
01-01 08:59:42.935 1015 1015 W android.permission.PermissionManager: Missing ActivityManager; assuming 1000 holds android.permission.SET_PREFERRED_APPLICATIONS
01-01 08:59:42.937 1015 1015 W android.permission.PermissionManager: Missing ActivityManager; assuming 1000 holds android.permission.SET_PREFERRED_APPLICATIONS
01-01 08:59:42.938 1015 1015 W android.permission.PermissionManager: Missing ActivityManager; assuming 1000 holds android.permission.SET_PREFERRED_APPLICATIONS
01-01 08:59:42.939 1015 1015 W android.permission.PermissionManager: Missing ActivityManager; assuming 1000 holds android.permission.SET_PREFERRED_APPLICATIONS
01-01 08:59:42.939 1015 1015 W android.permission.PermissionManager: Missing ActivityManager; assuming 1000 holds android.permission.SET_PREFERRED_APPLICATIONS
01-01 08:59:42.935 1709 1709 I auditd : type=1400 audit(0.0:114): avc: denied { read } for comm="ip" name="rt_tables" dev="dm-6" ino=332 scontext=u:r:ethernet:s0 tcontext=u:object_r:net_data_file:s0 tclass=file permissive=0
01-01 08:59:42.940 1015 1015 W android.permission.PermissionManager: Missing ActivityManager; assuming 1000 holds android.permission.SET_PREFERRED_APPLICATIONS
01-01 08:59:42.941 1015 1015 W android.permission.PermissionManager: Missing ActivityManager; assuming 1000 holds android.permission.SET_PREFERRED_APPLICATIONS
01-01 08:59:42.942 1015 1015 W android.permission.PermissionManager: Missing ActivityManager; assuming 1000 holds android.permission.SET_PREFERRED_APPLICATIONS
01-01 08:59:42.944 1015 1015 W android.permission.PermissionManager: Missing ActivityManager; assuming 1000 holds android.permission.SET_PREFERRED_APPLICATIONS
01-01 08:59:42.945 1015 1015 W android.permission.PermissionManager: Missing ActivityManager; assuming 1000 holds android.permission.SET_PREFERRED_APPLICATIONS
01-01 08:59:42.946 1015 1015 W android.permission.PermissionManager: Missing ActivityManager; assuming 1000 holds android.permission.SET_PREFERRED_APPLICATIONS
01-01 08:59:42.946 1015 1015 W android.permission.PermissionManager: Missing ActivityManager; assuming 1000 holds android.permission.SET_PREFERRED_APPLICATIONS
01-01 08:59:42.947 1015 1015 W android.permission.PermissionManager: Missing ActivityManager; assuming 1000 holds android.permission.SET_PREFERRED_APPLICATIONS
01-01 08:59:42.949 1015 1015 W android.permission.PermissionManager: Missing ActivityManager; assuming 1000 holds android.permission.SET_PREFERRED_APPLICATIONS
01-01 08:59:42.950 1015 1015 W android.permission.PermissionManager: Missing ActivityManager; assuming 1000 holds android.permission.SET_PREFERRED_APPLICATIONS
01-01 08:59:42.950 1015 1015 W android.permission.PermissionManager: Missing ActivityManager; assuming 1000 holds android.permission.SET_PREFERRED_APPLICATIONS
01-01 08:59:42.951 1015 1015 W android.permission.PermissionManager: Missing ActivityManager; assuming 1000 holds android.permission.SET_PREFERRED_APPLICATIONS
01-01 08:59:42.951 1015 1015 W android.permission.PermissionManager: Missing ActivityManager; assuming 1000 holds android.permission.SET_PREFERRED_APPLICATIONS
01-01 08:59:42.952 1015 1015 W android.permission.PermissionManager: Missing ActivityManager; assuming 1000 holds android.permission.SET_PREFERRED_APPLICATIONS
01-01 08:59:42.952 1015 1015 W android.permission.PermissionManager: Missing ActivityManager; assuming 1000 holds android.permission.SET_PREFERRED_APPLICATIONS
01-01 08:59:42.953 1015 1015 W android.permission.PermissionManager: Missing ActivityManager; assuming 1000 holds android.permission.SET_PREFERRED_APPLICATIONS
01-01 08:59:42.954 1015 1015 W android.permission.PermissionManager: Missing ActivityManager; assuming 1000 holds android.permission.SET_PREFERRED_APPLICATIONS
01-01 08:59:42.955 1015 1015 W android.permission.PermissionManager: Missing ActivityManager; assuming 1000 holds android.permission.SET_PREFERRED_APPLICATIONS
01-01 08:59:42.956 1015 1015 W android.permission.PermissionManager: Missing ActivityManager; assuming 1000 holds android.permission.SET_PREFERRED_APPLICATIONS
01-01 08:59:42.956 1015 1015 W android.permission.PermissionManager: Missing ActivityManager; assuming 1000 holds android.permission.SET_PREFERRED_APPLICATIONS
01-01 08:59:42.958 1015 1015 W android.permission.PermissionManager: Missing ActivityManager; assuming 1000 holds android.permission.SET_PREFERRED_APPLICATIONS
01-01 08:59:42.959 1015 1015 W android.permission.PermissionManager: Missing ActivityManager; assuming 1000 holds android.permission.SET_PREFERRED_APPLICATIONS
01-01 08:59:42.960 1015 1015 W android.permission.PermissionManager: Missing ActivityManager; assuming 1000 holds android.permission.SET_PREFERRED_APPLICATIONS
01-01 08:59:42.962 1015 1015 W android.permission.PermissionManager: Missing ActivityManager; assuming 1000 holds android.permission.SET_PREFERRED_APPLICATIONS
01-01 08:59:42.963 1015 1015 W android.permission.PermissionManager: Missing ActivityManager; assuming 1000 holds android.permission.SET_PREFERRED_APPLICATIONS
01-01 08:59:42.964 1015 1015 W android.permission.PermissionManager: Missing ActivityManager; assuming 1000 holds android.permission.SET_PREFERRED_APPLICATIONS
01-01 08:59:42.965 1015 1015 W android.permission.PermissionManager: Missing ActivityManager; assuming 1000 holds android.permission.SET_PREFERRED_APPLICATIONS
01-01 08:59:42.965 1015 1015 W android.permission.PermissionManager: Missing ActivityManager; assuming 1000 holds android.permission.SET_PREFERRED_APPLICATIONS
01-01 08:59:42.966 1015 1015 W android.permission.PermissionManager: Missing ActivityManager; assuming 1000 holds android.permission.SET_PREFERRED_APPLICATIONS
01-01 08:59:42.967 1015 1015 W android.permission.PermissionManager: Missing ActivityManager; assuming 1000 holds android.permission.SET_PREFERRED_APPLICATIONS
01-01 08:59:42.967 1015 1015 W android.permission.PermissionManager: Missing ActivityManager; assuming 1000 holds android.permission.SET_PREFERRED_APPLICATIONS
01-01 08:59:42.968 1015 1015 W android.permission.PermissionManager: Missing ActivityManager; assuming 1000 holds android.permission.SET_PREFERRED_APPLICATIONS
01-01 08:59:42.968 1015 1015 W android.permission.PermissionManager: Missing ActivityManager; assuming 1000 holds android.permission.SET_PREFERRED_APPLICATIONS
01-01 08:59:42.968 1015 1015 W android.permission.PermissionManager: Missing ActivityManager; assuming 1000 holds android.permission.SET_PREFERRED_APPLICATIONS
01-01 08:59:42.969 1015 1015 W android.permission.PermissionManager: Missing ActivityManager; assuming 1000 holds android.permission.SET_PREFERRED_APPLICATIONS
01-01 08:59:42.970 1015 1015 W android.permission.PermissionManager: Missing ActivityManager; assuming 1000 holds android.permission.SET_PREFERRED_APPLICATIONS
01-01 08:59:42.972 1015 1015 W android.permission.PermissionManager: Missing ActivityManager; assuming 1000 holds android.permission.SET_PREFERRED_APPLICATIONS
01-01 08:59:42.974 1015 1015 W android.permission.PermissionManager: Missing ActivityManager; assuming 1000 holds android.permission.SET_PREFERRED_APPLICATIONS
01-01 08:59:42.974 1015 1015 W android.permission.PermissionManager: Missing ActivityManager; assuming 1000 holds android.permission.SET_PREFERRED_APPLICATIONS
01-01 08:59:42.975 1015 1015 W android.permission.PermissionManager: Missing ActivityManager; assuming 1000 holds android.permission.SET_PREFERRED_APPLICATIONS
01-01 08:59:42.975 1015 1015 W android.permission.PermissionManager: Missing ActivityManager; assuming 1000 holds android.permission.SET_PREFERRED_APPLICATIONS
01-01 08:59:42.975 1015 1015 W android.permission.PermissionManager: Missing ActivityManager; assuming 1000 holds android.permission.SET_PREFERRED_APPLICATIONS
01-01 08:59:42.976 1015 1015 W android.permission.PermissionManager: Missing ActivityManager; assuming 1000 holds android.permission.SET_PREFERRED_APPLICATIONS
01-01 08:59:42.976 1015 1015 W android.permission.PermissionManager: Missing ActivityManager; assuming 1000 holds android.permission.SET_PREFERRED_APPLICATIONS
01-01 08:59:42.977 1015 1015 W android.permission.PermissionManager: Missing ActivityManager; assuming 1000 holds android.permission.SET_PREFERRED_APPLICATIONS
01-01 08:59:42.977 1015 1015 W android.permission.PermissionManager: Missing ActivityManager; assuming 1000 holds android.permission.SET_PREFERRED_APPLICATIONS
01-01 08:59:42.977 1015 1015 W android.permission.PermissionManager: Missing ActivityManager; assuming 1000 holds android.permission.SET_PREFERRED_APPLICATIONS
01-01 08:59:42.978 1015 1015 W android.permission.PermissionManager: Missing ActivityManager; assuming 1000 holds android.permission.SET_PREFERRED_APPLICATIONS
01-01 08:59:42.978 1015 1015 W android.permission.PermissionManager: Missing ActivityManager; assuming 1000 holds android.permission.SET_PREFERRED_APPLICATIONS
01-01 08:59:42.979 1015 1015 W android.permission.PermissionManager: Missing ActivityManager; assuming 1000 holds android.permission.SET_PREFERRED_APPLICATIONS
01-01 08:59:42.979 1015 1015 W android.permission.PermissionManager: Missing ActivityManager; assuming 1000 holds android.permission.SET_PREFERRED_APPLICATIONS
01-01 08:59:42.980 1015 1015 W android.permission.PermissionManager: Missing ActivityManager; assuming 1000 holds android.permission.SET_PREFERRED_APPLICATIONS
01-01 08:59:42.980 1015 1015 W android.permission.PermissionManager: Missing ActivityManager; assuming 1000 holds android.permission.SET_PREFERRED_APPLICATIONS
01-01 08:59:42.981 1015 1015 W android.permission.PermissionManager: Missing ActivityManager; assuming 1000 holds android.permission.SET_PREFERRED_APPLICATIONS
01-01 08:59:42.981 1015 1015 W android.permission.PermissionManager: Missing ActivityManager; assuming 1000 holds android.permission.SET_PREFERRED_APPLICATIONS
01-01 08:59:42.981 1015 1015 W android.permission.PermissionManager: Missing ActivityManager; assuming 1000 holds android.permission.SET_PREFERRED_APPLICATIONS
01-01 08:59:42.982 1015 1015 W android.permission.PermissionManager: Missing ActivityManager; assuming 1000 holds android.permission.SET_PREFERRED_APPLICATIONS
01-01 08:59:42.982 1015 1015 W android.permission.PermissionManager: Missing ActivityManager; assuming 1000 holds android.permission.SET_PREFERRED_APPLICATIONS
01-01 08:59:42.983 1015 1015 W android.permission.PermissionManager: Missing ActivityManager; assuming 1000 holds android.permission.SET_PREFERRED_APPLICATIONS
01-01 08:59:42.983 1015 1015 W android.permission.PermissionManager: Missing ActivityManager; assuming 1000 holds android.permission.SET_PREFERRED_APPLICATIONS
01-01 08:59:42.984 1015 1015 W android.permission.PermissionManager: Missing ActivityManager; assuming 1000 holds android.permission.SET_PREFERRED_APPLICATIONS
01-01 08:59:42.984 1015 1015 W android.permission.PermissionManager: Missing ActivityManager; assuming 1000 holds android.permission.SET_PREFERRED_APPLICATIONS
01-01 08:59:42.985 1015 1015 W android.permission.PermissionManager: Missing ActivityManager; assuming 1000 holds android.permission.SET_PREFERRED_APPLICATIONS
01-01 08:59:42.985 1015 1015 W android.permission.PermissionManager: Missing ActivityManager; assuming 1000 holds android.permission.SET_PREFERRED_APPLICATIONS
01-01 08:59:42.985 1015 1015 W android.permission.PermissionManager: Missing ActivityManager; assuming 1000 holds android.permission.SET_PREFERRED_APPLICATIONS
01-01 08:59:42.986 1015 1015 W android.permission.PermissionManager: Missing ActivityManager; assuming 1000 holds android.permission.SET_PREFERRED_APPLICATIONS
01-01 08:59:42.986 1015 1015 W android.permission.PermissionManager: Missing ActivityManager; assuming 1000 holds android.permission.SET_PREFERRED_APPLICATIONS
01-01 08:59:42.987 1015 1015 W android.permission.PermissionManager: Missing ActivityManager; assuming 1000 holds android.permission.SET_PREFERRED_APPLICATIONS
01-01 08:59:42.987 1015 1015 W android.permission.PermissionManager: Missing ActivityManager; assuming 1000 holds android.permission.SET_PREFERRED_APPLICATIONS
01-01 08:59:42.988 1015 1015 W android.permission.PermissionManager: Missing ActivityManager; assuming 1000 holds android.permission.SET_PREFERRED_APPLICATIONS
01-01 08:59:42.988 1015 1015 W android.permission.PermissionManager: Missing ActivityManager; assuming 1000 holds android.permission.SET_PREFERRED_APPLICATIONS
01-01 08:59:42.989 1015 1015 W android.permission.PermissionManager: Missing ActivityManager; assuming 1000 holds android.permission.SET_PREFERRED_APPLICATIONS
01-01 08:59:42.990 1015 1015 W android.permission.PermissionManager: Missing ActivityManager; assuming 1000 holds android.permission.SET_PREFERRED_APPLICATIONS
01-01 08:59:42.990 1015 1015 W android.permission.PermissionManager: Missing ActivityManager; assuming 1000 holds android.permission.SET_PREFERRED_APPLICATIONS
01-01 08:59:42.991 1015 1015 W android.permission.PermissionManager: Missing ActivityManager; assuming 1000 holds android.permission.SET_PREFERRED_APPLICATIONS
01-01 08:59:42.991 1015 1015 W android.permission.PermissionManager: Missing ActivityManager; assuming 1000 holds android.permission.SET_PREFERRED_APPLICATIONS
01-01 08:59:42.992 1015 1015 W android.permission.PermissionManager: Missing ActivityManager; assuming 1000 holds android.permission.SET_PREFERRED_APPLICATIONS
01-01 08:59:42.992 1015 1015 W android.permission.PermissionManager: Missing ActivityManager; assuming 1000 holds android.permission.SET_PREFERRED_APPLICATIONS
01-01 08:59:42.993 1015 1015 W android.permission.PermissionManager: Missing ActivityManager; assuming 1000 holds android.permission.SET_PREFERRED_APPLICATIONS
01-01 08:59:42.993 1015 1015 W android.permission.PermissionManager: Missing ActivityManager; assuming 1000 holds android.permission.SET_PREFERRED_APPLICATIONS
01-01 08:59:42.994 1015 1015 W android.permission.PermissionManager: Missing ActivityManager; assuming 1000 holds android.permission.SET_PREFERRED_APPLICATIONS
01-01 08:59:42.994 1015 1015 W android.permission.PermissionManager: Missing ActivityManager; assuming 1000 holds android.permission.SET_PREFERRED_APPLICATIONS
01-01 08:59:42.994 1015 1015 W android.permission.PermissionManager: Missing ActivityManager; assuming 1000 holds android.permission.SET_PREFERRED_APPLICATIONS
01-01 08:59:42.995 1015 1015 W android.permission.PermissionManager: Missing ActivityManager; assuming 1000 holds android.permission.SET_PREFERRED_APPLICATIONS
01-01 08:59:42.995 1015 1015 W android.permission.PermissionManager: Missing ActivityManager; assuming 1000 holds android.permission.SET_PREFERRED_APPLICATIONS
01-01 08:59:42.996 1015 1015 W android.permission.PermissionManager: Missing ActivityManager; assuming 1000 holds android.permission.SET_PREFERRED_APPLICATIONS
01-01 08:59:42.996 1015 1015 W android.permission.PermissionManager: Missing ActivityManager; assuming 1000 holds android.permission.SET_PREFERRED_APPLICATIONS
01-01 08:59:42.997 1015 1015 W android.permission.PermissionManager: Missing ActivityManager; assuming 1000 holds android.permission.SET_PREFERRED_APPLICATIONS
01-01 08:59:42.997 1015 1015 W android.permission.PermissionManager: Missing ActivityManager; assuming 1000 holds android.permission.SET_PREFERRED_APPLICATIONS
01-01 08:59:42.997 1015 1015 W android.permission.PermissionManager: Missing ActivityManager; assuming 1000 holds android.permission.SET_PREFERRED_APPLICATIONS
01-01 08:59:42.998 1015 1015 W android.permission.PermissionManager: Missing ActivityManager; assuming 1000 holds android.permission.SET_PREFERRED_APPLICATIONS
01-01 08:59:42.998 1015 1015 W android.permission.PermissionManager: Missing ActivityManager; assuming 1000 holds android.permission.SET_PREFERRED_APPLICATIONS
01-01 08:59:42.999 1015 1015 W android.permission.PermissionManager: Missing ActivityManager; assuming 1000 holds android.permission.SET_PREFERRED_APPLICATIONS
01-01 08:59:42.999 1015 1015 W android.permission.PermissionManager: Missing ActivityManager; assuming 1000 holds android.permission.SET_PREFERRED_APPLICATIONS
01-01 08:59:43.000 1015 1015 W android.permission.PermissionManager: Missing ActivityManager; assuming 1000 holds android.permission.SET_PREFERRED_APPLICATIONS
01-01 08:59:43.000 1015 1015 W android.permission.PermissionManager: Missing ActivityManager; assuming 1000 holds android.permission.SET_PREFERRED_APPLICATIONS
01-01 08:59:43.001 1015 1015 W android.permission.PermissionManager: Missing ActivityManager; assuming 1000 holds android.permission.SET_PREFERRED_APPLICATIONS
01-01 08:59:43.002 1015 1015 W android.permission.PermissionManager: Missing ActivityManager; assuming 1000 holds android.permission.SET_PREFERRED_APPLICATIONS
01-01 08:59:43.003 1015 1015 W android.permission.PermissionManager: Missing ActivityManager; assuming 1000 holds android.permission.SET_PREFERRED_APPLICATIONS
01-01 08:59:43.004 1015 1015 W android.permission.PermissionManager: Missing ActivityManager; assuming 1000 holds android.permission.SET_PREFERRED_APPLICATIONS
01-01 08:59:43.005 1015 1015 W android.permission.PermissionManager: Missing ActivityManager; assuming 1000 holds android.permission.SET_PREFERRED_APPLICATIONS
01-01 08:59:43.006 1015 1015 W android.permission.PermissionManager: Missing ActivityManager; assuming 1000 holds android.permission.SET_PREFERRED_APPLICATIONS
01-01 08:59:43.006 1015 1015 W android.permission.PermissionManager: Missing ActivityManager; assuming 1000 holds android.permission.SET_PREFERRED_APPLICATIONS
01-01 08:59:43.006 1015 1015 W android.permission.PermissionManager: Missing ActivityManager; assuming 1000 holds android.permission.SET_PREFERRED_APPLICATIONS
01-01 08:59:43.007 1015 1015 W android.permission.PermissionManager: Missing ActivityManager; assuming 1000 holds android.permission.SET_PREFERRED_APPLICATIONS
01-01 08:59:43.008 1015 1015 W android.permission.PermissionManager: Missing ActivityManager; assuming 1000 holds android.permission.SET_PREFERRED_APPLICATIONS
01-01 08:59:43.008 1015 1015 W android.permission.PermissionManager: Missing ActivityManager; assuming 1000 holds android.permission.SET_PREFERRED_APPLICATIONS
01-01 08:59:43.009 1015 1015 W android.permission.PermissionManager: Missing ActivityManager; assuming 1000 holds android.permission.SET_PREFERRED_APPLICATIONS
01-01 08:59:43.009 1015 1015 W android.permission.PermissionManager: Missing ActivityManager; assuming 1000 holds android.permission.SET_PREFERRED_APPLICATIONS
01-01 08:59:43.009 1015 1015 W android.permission.PermissionManager: Missing ActivityManager; assuming 1000 holds android.permission.SET_PREFERRED_APPLICATIONS
01-01 08:59:43.028 1015 1015 W PackageSettings: Missing permission state for package: android.frameworkres.overlay
01-01 08:59:43.028 1015 1015 W PackageSettings: Missing permission state for package: com.android.cts.priv.ctsshim
01-01 08:59:43.028 1015 1015 W PackageSettings: Missing permission state for package: com.thundercomm.gamemode.provider
01-01 08:59:43.028 1015 1015 W PackageSettings: Missing permission state for package: com.android.internal.systemui.navbar.gestural_wide_back
01-01 08:59:43.028 1015 1015 W PackageSettings: Missing permission state for package: com.qualcomm.qti.gpudrivers.kona.api30
01-01 08:59:43.029 1015 1015 W PackageSettings: Missing permission state for package: com.android.htmlviewer
01-01 08:59:43.029 1015 1015 W PackageSettings: Missing permission state for package: com.android.internal.systemui.onehanded.gestural
01-01 08:59:43.029 1015 1015 W PackageSettings: Missing permission state for package: com.qualcomm.qti.optinoverlay
01-01 08:59:43.029 1015 1015 W PackageSettings: Missing permission state for package: android.qvaoverlay.common
01-01 08:59:43.029 1015 1015 W PackageSettings: Missing permission state for package: android.overlay.common
01-01 08:59:43.029 1015 1015 W PackageSettings: Missing permission state for package: com.android.connectivity.resources
01-01 08:59:43.029 1015 1015 W PackageSettings: Missing permission state for package: com.android.modulemetadata
01-01 08:59:43.029 1015 1015 W PackageSettings: Missing permission state for package: android.overlay.target
01-01 08:59:43.029 1015 1015 W PackageSettings: Missing permission state for package: com.android.internal.systemui.navbar.gestural_extra_wide_back
01-01 08:59:43.030 1015 1015 W PackageSettings: Missing permission state for package: com.android.wifi.resources.overlay.common
01-01 08:59:43.030 1015 1015 W PackageSettings: Missing permission state for package: com.android.dreams.basic
01-01 08:59:43.030 1015 1015 W PackageSettings: Missing permission state for package: com.android.settings.overlay.common
01-01 08:59:43.030 1015 1015 W PackageSettings: Missing permission state for package: android.ext.shared
01-01 08:59:43.030 1015 1015 W PackageSettings: Missing permission state for package: com.android.wifi.resources.overlay.target
01-01 08:59:43.030 1015 1015 W PackageSettings: Missing permission state for package: com.android.wifi.resources
01-01 08:59:43.030 1015 1015 W PackageSettings: Missing permission state for package: com.android.systemui.overlay.common
01-01 08:59:43.030 1015 1015 W PackageSettings: Missing permission state for package: com.android.cameraextensions
01-01 08:59:43.030 1015 1015 W PackageSettings: Missing permission state for package: com.android.theme.font.notoserifsource
01-01 08:59:43.030 1015 1015 W PackageSettings: Missing permission state for package: com.android.internal.display.cutout.emulation.waterfall
01-01 08:59:43.030 1015 1015 W PackageSettings: Missing permission state for package: com.android.providers.settings.overlay
01-01 08:59:43.031 1015 1015 W PackageSettings: Missing permission state for package: com.android.bookmarkprovider
01-01 08:59:43.031 1015 1015 W PackageSettings: Missing permission state for package: com.android.cts.ctsshim
01-01 08:59:43.031 1015 1015 W PackageSettings: Missing permission state for package: com.qualcomm.qti.xrcb
01-01 08:59:43.031 1015 1015 W PackageSettings: Missing permission state for package: com.android.internal.systemui.navbar.gestural
01-01 08:59:43.031 1015 1015 W PackageSettings: Missing permission state for package: com.android.internal.systemui.navbar.gestural_narrow_back
01-01 08:59:43.031 1015 1015 W PackageSettings: Missing permission state for package: com.android.cellbroadcastreceiver.overlay.common
01-01 08:59:43.032 1015 1015 W PackageSettings: Missing permission state for shared user: android.uid.log
01-01 08:59:43.032 1015 1015 W PackageSettings: Missing permission state for shared user: android.uid.uwb
01-01 08:59:43.022 0 0 E : msm_qti_pp_get_rms_value_control, back not active to query rms be_idx:3
01-01 08:59:43.039 1710 1710 I auditd : type=1400 audit(0.0:115): avc: denied { read } for comm="ip" name="rt_tables" dev="dm-6" ino=332 scontext=u:r:ethernet:s0 tcontext=u:object_r:net_data_file:s0 tclass=file permissive=0
01-01 08:59:43.050 0 0 I core_get_license_status: cmdrsp_license_result.result = 0x15 for module 0x131ff
01-01 08:59:43.051 0 0 E msm_ext_disp_update_audio_ops: Display not found (EXT_DISPLAY_TYPE_DP) ctld (0) stream (0)
01-01 08:59:43.061 0 0 E msm_ext_disp_update_audio_ops: Display not found (EXT_DISPLAY_TYPE_HDMI) ctld (0) stream (0)
01-01 08:59:43.071 0 0 E msm_ext_disp_update_audio_ops: Display not found (EXT_DISPLAY_TYPE_DP) ctld (0) stream (0)
01-01 08:59:43.047 1341 1341 I auditd : type=1400 audit(0.0:116): avc: denied { write } for comm="sh" name="ip_forward" dev="proc" ino=40325 scontext=u:r:ethernet:s0 tcontext=u:object_r:proc_net:s0 tclass=file permissive=0
01-01 08:59:43.071 0 0 E msm_ext_disp_update_audio_ops: Display not found (EXT_DISPLAY_TYPE_DP) ctld (0) stream (0)
01-01 08:59:43.071 0 0 E msm_ext_disp_update_audio_ops: Display not found (EXT_DISPLAY_TYPE_DP) ctld (0) stream (0)
01-01 08:59:43.051 1341 1341 I auditd : type=1400 audit(0.0:117): avc: denied { write } for comm="sh" name="ip_default_ttl" dev="proc" ino=55918 scontext=u:r:ethernet:s0 tcontext=u:object_r:proc_net:s0 tclass=file permissive=0
01-01 08:59:43.051 1341 1341 I auditd : type=1400 audit(0.0:118): avc: denied { write } for comm="sh" name="tcp_keepalive_probes" dev="proc" ino=55919 scontext=u:r:ethernet:s0 tcontext=u:object_r:proc_net:s0 tclass=file permissive=0
01-01 08:59:43.051 1341 1341 I auditd : type=1400 audit(0.0:119): avc: denied { write } for comm="sh" name="tcp_keepalive_intvl" dev="proc" ino=55920 scontext=u:r:ethernet:s0 tcontext=u:object_r:proc_net:s0 tclass=file permissive=0
01-01 08:59:43.051 1341 1341 I auditd : type=1400 audit(0.0:120): avc: denied { write } for comm="sh" name="tcp_keepalive_time" dev="proc" ino=55921 scontext=u:r:ethernet:s0 tcontext=u:object_r:proc_net:s0 tclass=file permissive=0
01-01 08:59:43.051 1341 1341 I auditd : type=1400 audit(0.0:121): avc: denied { write } for comm="sh" name="tcp_rmem" dev="proc" ino=55922 scontext=u:r:ethernet:s0 tcontext=u:object_r:proc_net:s0 tclass=file permissive=0
01-01 08:59:43.051 1341 1341 I auditd : type=1400 audit(0.0:122): avc: denied { write } for comm="sh" name="tcp_wmem" dev="proc" ino=55923 scontext=u:r:ethernet:s0 tcontext=u:object_r:proc_net:s0 tclass=file permissive=0
01-01 08:59:43.051 1341 1341 I auditd : type=1400 audit(0.0:123): avc: denied { write } for comm="sh" name="tcp_synack_retries" dev="proc" ino=47584 scontext=u:r:ethernet:s0 tcontext=u:object_r:proc_net:s0 tclass=file permissive=0
01-01 08:59:43.090 1015 1689 W ProcessCpuTracker: Failed to stat(/proc/1341): android.system.ErrnoException: stat failed: ENOENT (No such file or directory)
01-01 08:59:43.051 1341 1341 I auditd : type=1400 audit(0.0:124): avc: denied { write } for comm="sh" name="tcp_syn_retries" dev="proc" ino=47583 scontext=u:r:ethernet:s0 tcontext=u:object_r:proc_net:s0 tclass=file permissive=0
01-01 08:59:43.090 1015 1689 W ProcessCpuTracker: Skipping unknown process pid 1341
01-01 08:59:43.051 1341 1341 I auditd : type=1400 audit(0.0:125): avc: denied { write } for comm="sh" name="tcp_max_tw_buckets" dev="proc" ino=55924 scontext=u:r:ethernet:s0 tcontext=u:object_r:proc_net:s0 tclass=file permissive=0
01-01 08:59:43.051 1341 1341 I auditd : type=1400 audit(0.0:126): avc: denied { write } for comm="sh" name="tcp_retries2" dev="proc" ino=47586 scontext=u:r:ethernet:s0 tcontext=u:object_r:proc_net:s0 tclass=file permissive=0
01-01 08:59:43.098 1015 1015 D PackageManagerTiming: read user settings took to complete: 256ms
01-01 08:59:43.051 1341 1341 I auditd : type=1400 audit(0.0:127): avc: denied { write } for comm="sh" name="icmp_echo_ignore_all" dev="proc" ino=55925 scontext=u:r:ethernet:s0 tcontext=u:object_r:proc_net:s0 tclass=file permissive=0
01-01 08:59:43.051 1341 1341 I auditd : type=1400 audit(0.0:128): avc: denied { write } for comm="sh" name="icmp_echo_ignore_broadcasts" dev="proc" ino=55926 scontext=u:r:ethernet:s0 tcontext=u:object_r:proc_net:s0 tclass=file permissive=0
01-01 08:59:43.051 1341 1341 I auditd : type=1400 audit(0.0:129): avc: denied { write } for comm="sh" name="tcp_window_scaling" dev="proc" ino=55927 scontext=u:r:ethernet:s0 tcontext=u:object_r:proc_net:s0 tclass=file permissive=0
01-01 08:59:43.051 1341 1341 I auditd : type=1400 audit(0.0:130): avc: denied { write } for comm="sh" name="drop_gratuitous_arp" dev="proc" ino=55928 scontext=u:r:ethernet:s0 tcontext=u:object_r:proc_net:s0 tclass=file permissive=0
01-01 08:59:43.051 1341 1341 I auditd : type=1400 audit(0.0:131): avc: denied { write } for comm="sh" name="arp_accept" dev="proc" ino=55929 scontext=u:r:ethernet:s0 tcontext=u:object_r:proc_net:s0 tclass=file permissive=0
01-01 08:59:43.051 1341 1341 I auditd : type=1400 audit(0.0:132): avc: denied { write } for comm="sh" name="arp_notify" dev="proc" ino=55930 scontext=u:r:ethernet:s0 tcontext=u:object_r:proc_net:s0 tclass=file permissive=0
01-01 08:59:43.051 1341 1341 I auditd : type=1400 audit(0.0:133): avc: denied { write } for comm="sh" name="arp_ignore" dev="proc" ino=55931 scontext=u:r:ethernet:s0 tcontext=u:object_r:proc_net:s0 tclass=file permissive=0
01-01 08:59:43.100 0 0 E msm-ext-disp-audio-codec-rx soc: qcom,msm-ext-disp:qcom,msm-ext-disp-audio-codec-rx: msm_ext_disp_audio_type_get: get_audio_edid_blk() or get_intf_id is NULL
01-01 08:59:43.113 0 0 E : msm_qti_pp_get_rms_value_control, back not active to query rms be_idx:3
01-01 08:59:43.115 1015 1015 I boot_progress_pms_system_scan_start: 41510
01-01 08:59:43.119 1015 1015 D PackageManager: Keeping known cache 283085c0fd89f9a07023ec563ea73f2c11270722
01-01 08:59:43.123 1015 1015 W android.permission.PermissionManager: Missing ActivityManager; assuming 1000 holds android.permission.WATCH_APPOPS
01-01 08:59:43.124 1015 1015 W android.permission.PermissionManager: Missing ActivityManager; assuming 1000 holds android.permission.WATCH_APPOPS
01-01 08:59:43.116 0 0 E msm_ext_disp_update_audio_ops: Display not found (EXT_DISPLAY_TYPE_DP) ctld (0) stream (0)
01-01 08:59:43.140 1015 1015 D CompatibilityChangeReporter: Compat change id reported: 143539591; UID -1; state: ENABLED
01-01 08:59:43.133 0 0 E msm-ext-disp-audio-codec-rx soc: qcom,msm-ext-disp:qcom,msm-ext-disp-audio-codec-rx: msm_ext_disp_audio_type_get: get_audio_edid_blk() or get_intf_id is NULL
01-01 08:59:43.140 0 0 I core_get_license_status: cmdrsp_license_result.result = 0x15 for module 0x131ff
01-01 08:59:43.174 1015 1015 D CompatibilityChangeReporter: Compat change id reported: 143539591; UID -1; state: DISABLED
01-01 08:59:43.149 0 0 E msm_ext_disp_update_audio_ops: Display not found (EXT_DISPLAY_TYPE_DP) ctld (0) stream (0)
01-01 08:59:43.160 0 0 E msm-ext-disp-audio-codec-rx soc: qcom,msm-ext-disp:qcom,msm-ext-disp-audio-codec-rx: msm_ext_disp_audio_type_get: get_audio_edid_blk() or get_intf_id is NULL
01-01 08:59:43.176 0 0 E msm_ext_disp_update_audio_ops: Display not found (EXT_DISPLAY_TYPE_DP) ctld (0) stream (0)
01-01 08:59:43.174 1015 1015 D CompatibilityChangeReporter: Compat change id reported: 168782947; UID -1; state: ENABLED
01-01 08:59:43.191 1015 1015 W PackageManager: Failed to parse /system/framework/oat: Missing base APK in /system/framework/oat
01-01 08:59:43.191 1015 1015 W PackageManager: Failed to parse /system/framework/arm64: Missing base APK in /system/framework/arm64
01-01 08:59:43.195 1015 1015 W PackageManager: Failed to parse /system/framework/arm: Missing base APK in /system/framework/arm
01-01 08:59:43.178 0 0 E msm-ext-disp-audio-codec-rx soc: qcom,msm-ext-disp:qcom,msm-ext-disp-audio-codec-rx: msm_ext_disp_audio_device_get: invalid dai id: 4
01-01 08:59:43.186 0 0 E msm_ext_disp_update_audio_ops: Display not found (EXT_DISPLAY_TYPE_HDMI) ctld (0) stream (0)
01-01 08:59:43.208 0 0 E msm_ext_disp_update_audio_ops: Display not found (EXT_DISPLAY_TYPE_DP) ctld (0) stream (0)
01-01 08:59:43.218 0 0 E msm_ext_disp_update_audio_ops: Display not found (EXT_DISPLAY_TYPE_DP) ctld (0) stream (0)
01-01 08:59:43.228 0 0 E msm_ext_disp_update_audio_ops: Display not found (EXT_DISPLAY_TYPE_DP) ctld (0) stream (0)
01-01 08:59:43.239 0 0 E msm-ext-disp-audio-codec-rx soc: qcom,msm-ext-disp:qcom,msm-ext-disp-audio-codec-rx: msm_ext_disp_audio_type_get: get_audio_edid_blk() or get_intf_id is NULL
01-01 08:59:43.254 0 0 E : msm_pcm_volume_ctl_get substream not found
01-01 08:59:43.255 0 0 E msm_ext_disp_update_audio_ops: Display not found (EXT_DISPLAY_TYPE_DP) ctld (0) stream (0)
01-01 08:59:43.261 1015 1713 D CompatibilityChangeReporter: Compat change id reported: 150232615; UID -1; state: DISABLED
01-01 08:59:43.265 1015 1015 D CompatibilityChangeReporter: Compat change id reported: 168782947; UID -1; state: DISABLED
01-01 08:59:43.270 0 0 E msm-ext-disp-audio-codec-rx soc: qcom,msm-ext-disp:qcom,msm-ext-disp-audio-codec-rx: msm_ext_disp_audio_type_get: get_audio_edid_blk() or get_intf_id is NULL
01-01 08:59:43.286 0 0 E msm_ext_disp_update_audio_ops: Display not found (EXT_DISPLAY_TYPE_DP) ctld (0) stream (0)
01-01 08:59:43.295 0 0 E msm-ext-disp-audio-codec-rx soc: qcom,msm-ext-disp:qcom,msm-ext-disp-audio-codec-rx: msm_ext_disp_audio_type_get: get_audio_edid_blk() or get_intf_id is NULL
01-01 08:59:43.319 1015 1714 W PackageParsing: Ignoring duplicate uses-permissions/uses-permissions-sdk-m: android.permission.ACCESS_WIFI_STATE in package: com.microsoft.emmx at: Binary XML file line #105
01-01 08:59:43.313 0 0 E msm-ext-disp-audio-codec-rx soc: qcom,msm-ext-disp:qcom,msm-ext-disp-audio-codec-rx: msm_ext_disp_audio_device_get: invalid dai id: 4
01-01 08:59:43.357 1015 1713 W PackageParsing: No actions in intent-filter at /system/priv-app/baidu_ime-mainLine-release/baidu_ime-mainLine-release.apk Binary XML file line #1529
01-01 08:59:43.364 1015 1714 W PackageParsing: No actions in intent-filter at /system/priv-app/BuiltInPrintService/BuiltInPrintService.apk Binary XML file line #53
01-01 08:59:43.379 1015 1713 I PackageParsing: Parse times for '/system/priv-app/baidu_ime-mainLine-release': parse=103ms, update_cache=11 ms
01-01 08:59:43.399 0 0 E : msm_pcm_volume_ctl_get substream not found
01-01 08:59:43.404 0 0 E swr-wcd rx_swr_ctrl: swrm_runtime_suspend: clk stop mode not supported or SSR entry
01-01 08:59:43.452 1015 1712 W PackageParsing: No actions in intent-filter at /system/app/Bluetooth/Bluetooth.apk Binary XML file line #186
01-01 08:59:43.453 1015 1712 W PackageParsing: No actions in intent-filter at /system/app/Bluetooth/Bluetooth.apk Binary XML file line #210
01-01 08:59:43.453 1015 1712 W PackageParsing: No actions in intent-filter at /system/app/Bluetooth/Bluetooth.apk Binary XML file line #284
01-01 08:59:43.569 1015 1015 W PackageManager: Failed to parse /vendor/app/CneApp: Missing base APK in /vendor/app/CneApp/lib/arm64
01-01 08:59:43.767 1015 1711 W PackageParsing: Ignoring duplicate uses-permissions/uses-permissions-sdk-m: android.permission.CONFIGURE_WIFI_DISPLAY in package: com.android.systemui at: Binary XML file line #160
01-01 08:59:43.779 1015 1711 I PackageParsing: Parse times for '/system_ext/priv-app/SystemUI': parse=109ms, update_cache=2 ms
01-01 08:59:43.871 1240 1240 E iorapd : Cannot get package manager service!
01-01 08:59:44.009 1015 1714 I PackageParsing: Parse times for '/system_ext/priv-app/Settings': parse=316ms, update_cache=5 ms
01-01 08:59:44.010 1015 1015 I PackageManager: /system_ext/priv-app/Settings changed; collecting certs
01-01 08:59:44.036 1015 1711 W PackageParsing: No actions in intent-filter at /system_ext/app/SnapdragonMusic/SnapdragonMusic.apk Binary XML file line #83
01-01 08:59:44.037 1015 1711 W PackageParsing: No actions in intent-filter at /system_ext/app/SnapdragonMusic/SnapdragonMusic.apk Binary XML file line #206
01-01 08:59:44.054 1015 1714 W PackageParsing: Ignoring duplicate uses-permissions/uses-permissions-sdk-m: android.permission.INTERACT_ACROSS_USERS in package: com.thundercomm.microsettings at: Binary XML file line #13
01-01 08:59:44.054 1015 1714 W PackageParsing: Ignoring duplicate uses-permissions/uses-permissions-sdk-m: android.permission.SET_TIME_ZONE in package: com.thundercomm.microsettings at: Binary XML file line #31
01-01 08:59:44.054 1015 1714 W PackageParsing: Ignoring duplicate uses-permissions/uses-permissions-sdk-m: android.permission.WRITE_EXTERNAL_STORAGE in package: com.thundercomm.microsettings at: Binary XML file line #37
01-01 08:59:44.164 1015 1015 W PackageManager: Skipping provider name com.android.permissioncontroller (in package com.android.permissioncontroller): name already used by com.android.settings
01-01 08:59:44.164 1015 1015 W PackageManager: Skipping provider name com.android.permissioncontroller.role (in package com.android.permissioncontroller): name already used by com.android.settings
01-01 08:59:44.220 1015 1015 I PackageManager: Finished scanning system apps. Time: 1105 ms, packageCount: 142 , timePerPackage: 7 , cached: 0
01-01 08:59:44.220 1015 1015 I boot_progress_pms_data_scan_start: 42615
01-01 08:59:44.223 1720 1720 I auditd : type=1400 audit(0.0:134): avc: denied { read append } for comm="hht_ota_mgr" name="NvmSim_yy.dat" dev="dm-6" ino=362 scontext=u:r:hht_ota_mgr:s0 tcontext=u:object_r:system_data_file:s0 tclass=file permissive=0
01-01 08:59:44.228 1015 1015 D CompatibilityChangeReporter: Compat change id reported: 133396946; UID -1; state: DISABLED
01-01 08:59:44.230 1015 1713 W PackageParsing: No actions in intent-filter at /data/app/~~AhneqVCwyDixtz91E2ZxUg==/com.github.uiautomator-RlZDmHTMoQmB7B91ycGfGA==/base.apk Binary XML file line #86
01-01 08:59:44.237 1015 1015 I PackageManager: Finished scanning non-system apps. Time: 17 ms, packageCount: 2 , timePerPackage: 8 , cached: 0
01-01 08:59:44.238 1015 1015 E PackageManager: updateAllSharedLibrariesLPw failed: Package com.qualcomm.embms requires unavailable shared library com.qualcomm.qcrilhook; failing!
01-01 08:59:44.238 1015 1015 E PackageManager: updateAllSharedLibrariesLPw failed: Package com.android.systemui requires unavailable shared library com.qti.extphone.extphonelib; failing!
01-01 08:59:44.238 1015 1015 E PackageManager: updateAllSharedLibrariesLPw failed: Package com.android.settings requires unavailable shared library com.qti.extphone.extphonelib; failing!
01-01 08:59:44.239 1015 1015 E PackageManager: updateAllSharedLibrariesLPw failed: Package com.qualcomm.qti.devicestatisticsservice requires unavailable shared library qti-telephony-hidl-wrapper-prd; failing!
01-01 08:59:44.239 1015 1015 E PackageManager: updateAllSharedLibrariesLPw failed: Package com.qti.snapdragon.qdcm_ff requires unavailable shared library vendor.display.color.V1_0.IDisplayColor; failing!
01-01 08:59:44.239 1015 1015 E PackageManager: updateAllSharedLibrariesLPw failed: Package com.qti.pasrservice requires unavailable shared library vendor.qti.power.pasrmanager.V1_0.IPasrManager; failing!
