01-01 09:00:23.220 0 0 I libprocessgroup: Successfully killed process cgroup uid 0 pid 4212 in 0ms
01-01 09:00:23.241 0 0 E thermal cooling_device4: DTC_Fan: ERROR, avg(0) out of range(1680, 2800)
at stat(1)
04-10 02:17:40.961 3044 3956 W hpplay-java: [ServerTaskManager]:IPManager:getActiveNets invalid networkInfo:null
04-10 02:17:40.961 3044 3956 I hpplay-java: [ServerTaskManager]:IPManager:getActiveNets eth0:false wifi:false mobile:false ap:false
04-10 02:17:40.961 3044 3956 I hpplay-java: [ServerTaskManager]:ServerTaskManager:get local ip:null
04-10 02:17:41.281 650 660 I mpu_uart: [MSG-P:RECV]:No message received in 1000 ms
04-10 02:17:41.282 650 659 I mpu_uart: [MSG-P:R]:recv sync frame timeout
04-10 02:17:41.470 4168 4168 I MSP-JNI : JNI_OnLoad called
04-10 02:17:41.471 4168 4168 E MSP-JNI : Failed to get class in Jload
04-10 02:17:41.471 4168 4168 I MSP-JNI : FindClass - com/qualcomm/ltebc/LTEBroadcastService JNI EXCEPTION CLEARED
04-10 02:17:41.472 4168 4168 I MSP-JNI : JNI_OnLoad: Initializing File Delivery references
04-10 02:17:41.472 4168 4168 I MSP-JNI : FindClass CARRIER_SPECIFIC_CLASS_DEFINITION JNI EXCEPTION CLEARED
04-10 02:17:41.472 4168 4168 I MSP-JNI : JNI_OnLoad: Completed File Delivery initialization
04-10 02:17:41.475 4168 4168 I LTE Application: LTEApplicationCreate
04-10 02:17:41.475 4168 4168 I LTE Application: applicationContext : com.qualcomm.ltebc.LTEQTIApplication@caf0e23
04-10 02:17:41.480 4168 4168 I LTE QMI Link: Creating QMI Link
04-10 02:17:41.482 4168 4168 D LTE Application: packageName = com.qti.ltebc versionCode = 5401010 versionName = MSDC_LA_5.4.01.01.0
04-10 02:17:41.483 4168 4168 I LTE Application: LTE Broadcast Library Release Version = MSDC_LA_5.4.01.01.0
04-10 02:17:41.483 4168 4168 D LTE Application: IntentSender : Last intent Status NOT_SENT forcedBroadcast flag = true
04-10 02:17:41.483 4168 4168 D LTE Application: sendBroadcastIntent IntentAction : Sending com.qualcomm.intent.EMBMS_STATUS ACTIVE = false
04-10 02:17:41.486 4168 4168 W SOCKET : ConnectionManager constructor has been initialised
04-10 02:17:41.486 4168 4168 E System : Ignoring attempt to set property "java.net.preferIPv6Addresses" to value "false".
04-10 02:17:41.489 4168 4168 D LTE Application: Android API Version 31
04-10 02:17:41.489 4168 4168 I LTE Application: Package Name : com.qti.ltebc
04-10 02:17:41.492 4168 4168 I LTE Application: app is not whitelisted
04-10 02:17:41.496 4168 4168 I LTEBroadcastAlarmReceiver: onReceive
04-10 02:17:41.497 4168 4168 I LTEBroadcastAlarmReceiver: ACTION_ALARM_WAKEUP_BOOT
04-10 02:17:41.497 4168 4168 I LTE Application: setStartupReason - set to STARTUP_REASON_BOOT
04-10 02:17:41.497 4168 4168 I LTE Application: startRootServiceASync false
04-10 02:17:41.498 4168 4168 I LTEBroadcastAlarmReceiver: onReceive exit
04-10 02:17:41.504 1015 1015 D PowerManagerNotifier: onWakeLockReleased: flags=1, tag="*alarm*", packageName=android, ownerUid=1000, ownerPid=1015, workSource=WorkSource{10074}
04-10 02:17:41.504 1015 1015 D DisplayPowerController[0]: requestPowerState: policy=BRIGHT, useProximitySensor=false, screenBrightnessOverride=NaN, useAutoBrightness=true, screenAutoBrightnessAdjustmentOverride=NaN, screenLowPowerBrightnessFactor=1.0, blockScreenOn=false, lowPowerMode=false, boostScreenBrightness=false, dozeScreenBrightness=NaN, dozeScreenState=UNKNOWN, waitForNegativeProximity=false
04-10 02:17:41.504 1015 1015 D PowerManagerNotifier: onScreenPolicyUpdate: newPolicy=3
04-10 02:17:41.509 4168 4216 I LTE Application: startRootServiceSync false
04-10 02:17:41.510 4168 4216 I LTE Application: startRootServiceSync initState LTEBC_MSP_NOT_INITIALIZED
04-10 02:17:41.510 4168 4216 I LTE Application: setWakeupMode - mode :WAKEUP_MODE_BG
04-10 02:17:41.510 4168 4216 I LTE Application: startRootServiceSync(): Started from Alarm WAKEUP_MODE_BG
04-10 02:17:41.511 4168 4216 I LTE Application: Starting LTEBC Root Service : launcherIntent = Intent { cmp=com.qti.ltebc/com.qualcomm.ltebc.LTERootService }
04-10 02:17:41.515 1015 1816 D CompatibilityInfo: mCompatibilityFlags - 4
04-10 02:17:41.515 1015 1816 D CompatibilityInfo: applicationDensity - 240
04-10 02:17:41.515 1015 1816 D CompatibilityInfo: applicationScale - 1.0
04-10 02:17:41.516 4168 4168 I LTE Root Service: onCreate()
04-10 02:17:41.517 4168 4168 I LTE Root Service: onStartCommand()
04-10 02:17:41.519 4168 4216 I LTE Application: shutdownLockOn() Current sKeepAlive: 0, After Incrementing : 1
04-10 02:17:41.519 4168 4216 I LTE Application: cancelShutDownTimer mspShutDownTimer is NULL
04-10 02:17:41.519 4168 4216 V LTE Application: initStateChanged - LTEBC_PERMISSIONS_PENDING
04-10 02:17:41.520 4168 4215 I LTEBC Init Manager: handleStartInitialization
04-10 02:17:41.520 4168 4215 I LTE Root Service: [EVENT] row getManifestDeniedPermissionsList invoked
04-10 02:17:41.520 4168 4215 I LTEBC Init Manager: Handled state : 1
04-10 02:17:41.520 4168 4215 I LTEBC Init Manager: handlePermissionResult
04-10 02:17:41.520 4168 4215 V LTE Application: initStateChanged - LTEBC_MSP_INIT_PENDING
04-10 02:17:41.520 4168 4215 I LTE Application: handleInitConfigandConnectEmbmsServiceTask : doInBackground
04-10 02:17:41.538 4168 4215 I Ltebc : ConfigurationManager () : LTEApplication.internalDataPath /data/user/0/com.qti.ltebc/files
04-10 02:17:41.540 4168 4215 D LTE_CONFIG: getVendorPath /vendor
04-10 02:17:41.544 4168 4215 I Ltebc : Provisioning directories:[/vendor/embms/qcom, /vendor/embms/oem, /vendor/embms/qti, /vendor/embms/qcom/global, /vendor/embms/oem/global, /vendor/embms/qti/global, /system/embms/qcom, /system/embms/oem, /system/embms/qti, /system/embms/qcom/global, /system/embms/oem/global, /system/embms/qti/global, /vendor/app/embms/oem, /vendor/app/embms/oem/global, /storage/emulated/0/Android/data/com.qti.ltebc/files/embms/qcom, /storage/emulated/0/Android/data/com.qti.ltebc/files/embms/qcom/global]
04-10 02:17:41.545 4168 4215 I Ltebc : Provisioning directories Assets:[/carrierConfig/embms]
04-10 02:17:41.545 4168 4215 D LTE_CONFIG: configurable provisioningLocation: [/vendor/embms/qcom, /vendor/embms/oem, /vendor/embms/qti, /vendor/embms/qcom/global, /vendor/embms/oem/global, /vendor/embms/qti/global, /system/embms/qcom, /system/embms/oem, /system/embms/qti, /system/embms/qcom/global, /system/embms/oem/global, /system/embms/qti/global, /vendor/app/embms/oem, /vendor/app/embms/oem/global, /storage/emulated/0/Android/data/com.qti.ltebc/files/embms/qcom, /storage/emulated/0/Android/data/com.qti.ltebc/files/embms/qcom/global]
04-10 02:17:41.545 4168 4215 D LTE_CONFIG: copyFilesFromAssets
04-10 02:17:41.545 4168 4215 D LTE_CONFIG: copyFilesFromAssets : location = carrierConfig/embms
04-10 02:17:41.548 4168 4215 D LTE_CONFIG: copyFilesFromAssets : list of files in carrierConfig/embms = []
04-10 02:17:41.548 4168 4215 D LTE_CONFIG: copyFilesFromAssets : list of files in carrierConfig/embms is empty
04-10 02:17:41.548 4168 4215 D LTE_CONFIG: files copy operation from Assets folder failed
04-10 02:17:41.548 4168 4215 D LTE_CONFIG: oemProvisioningDirs : [/vendor/embms/qcom, /vendor/embms/oem, /vendor/embms/qti, /vendor/embms/qcom/global, /vendor/embms/oem/global, /vendor/embms/qti/global, /system/embms/qcom, /system/embms/oem, /system/embms/qti, /system/embms/qcom/global, /system/embms/oem/global, /system/embms/qti/global, /vendor/app/embms/oem, /vendor/app/embms/oem/global, /storage/emulated/0/Android/data/com.qti.ltebc/files/embms/qcom, /storage/emulated/0/Android/data/com.qti.ltebc/files/embms/qcom/global]
04-10 02:17:41.548 4168 4215 D LTE_CONFIG: Checking dir: /vendor/embms/qcom
04-10 02:17:41.554 4168 4215 D LTE_CONFIG: provisioning_params.xml not found, copy all other files from dir : /vendor/embms/qcom
04-10 02:17:41.555 4168 4215 D LTE_CONFIG: filesCount = 0
04-10 02:17:41.555 4168 4215 D LTE_CONFIG: Checking dir: /vendor/embms/oem
04-10 02:17:41.555 4168 4215 D LTE_CONFIG: provisioning_params.xml not found, copy all other files from dir : /vendor/embms/oem
04-10 02:17:41.555 4168 4215 D LTE_CONFIG: filesCount = 0
04-10 02:17:41.556 4168 4215 D LTE_CONFIG: Checking dir: /vendor/embms/qti
04-10 02:17:41.556 4168 4215 D LTE_CONFIG: provisioning_params.xml not found, copy all other files from dir : /vendor/embms/qti
04-10 02:17:41.556 4168 4215 D LTE_CONFIG: filesCount = 0
04-10 02:17:41.556 4168 4215 D LTE_CONFIG: Checking dir: /vendor/embms/qcom/global
04-10 02:17:41.557 4168 4215 D LTE_CONFIG: provisioning_params.xml not found, copy all other files from dir : /vendor/embms/qcom/global
04-10 02:17:41.557 4168 4215 D LTE_CONFIG: filesCount = 0
04-10 02:17:41.557 4168 4215 D LTE_CONFIG: Checking dir: /vendor/embms/oem/global
04-10 02:17:41.557 4168 4215 D LTE_CONFIG: provisioning_params.xml not found, copy all other files from dir : /vendor/embms/oem/global
04-10 02:17:41.557 4168 4215 D LTE_CONFIG: filesCount = 0
04-10 02:17:41.558 4168 4215 D LTE_CONFIG: Checking dir: /vendor/embms/qti/global
04-10 02:17:41.558 4168 4215 D LTE_CONFIG: provisioning_params.xml not found, copy all other files from dir : /vendor/embms/qti/global
04-10 02:17:41.558 4168 4215 D LTE_CONFIG: filesCount = 0
04-10 02:17:41.558 4168 4215 D LTE_CONFIG: Checking dir: /system/embms/qcom
04-10 02:17:41.559 4168 4215 D LTE_CONFIG: provisioning_params.xml not found, copy all other files from dir : /system/embms/qcom
04-10 02:17:41.559 4168 4215 D LTE_CONFIG: filesCount = 0
04-10 02:17:41.559 4168 4215 D LTE_CONFIG: Checking dir: /system/embms/oem
04-10 02:17:41.560 4168 4215 D LTE_CONFIG: provisioning_params.xml not found, copy all other files from dir : /system/embms/oem
04-10 02:17:41.560 4168 4215 D LTE_CONFIG: filesCount = 0
04-10 02:17:41.560 4168 4215 D LTE_CONFIG: Checking dir: /system/embms/qti
04-10 02:17:41.560 4168 4215 D LTE_CONFIG: provisioning_params.xml not found, copy all other files from dir : /system/embms/qti
04-10 02:17:41.560 4168 4215 D LTE_CONFIG: filesCount = 0
04-10 02:17:41.560 4168 4215 D LTE_CONFIG: Checking dir: /system/embms/qcom/global
04-10 02:17:41.561 4168 4215 D LTE_CONFIG: provisioning_params.xml not found, copy all other files from dir : /system/embms/qcom/global
04-10 02:17:41.561 4168 4215 D LTE_CONFIG: filesCount = 0
04-10 02:17:41.561 4168 4215 D LTE_CONFIG: Checking dir: /system/embms/oem/global
04-10 02:17:41.562 4168 4215 D LTE_CONFIG: provisioning_params.xml not found, copy all other files from dir : /system/embms/oem/global
04-10 02:17:41.562 4168 4215 D LTE_CONFIG: filesCount = 0
04-10 02:17:41.562 4168 4215 D LTE_CONFIG: Checking dir: /system/embms/qti/global
04-10 02:17:41.562 4168 4215 D LTE_CONFIG: provisioning_params.xml not found, copy all other files from dir : /system/embms/qti/global
04-10 02:17:41.563 4168 4215 D LTE_CONFIG: filesCount = 0
04-10 02:17:41.563 4168 4215 D LTE_CONFIG: Checking dir: /vendor/app/embms/oem
04-10 02:17:41.563 4168 4215 D LTE_CONFIG: provisioning_params.xml not found, copy all other files from dir : /vendor/app/embms/oem
04-10 02:17:41.563 4168 4215 D LTE_CONFIG: filesCount = 0
04-10 02:17:41.564 4168 4215 D LTE_CONFIG: Checking dir: /vendor/app/embms/oem/global
04-10 02:17:41.564 4168 4215 D LTE_CONFIG: provisioning_params.xml not found, copy all other files from dir : /vendor/app/embms/oem/global
04-10 02:17:41.564 4168 4215 D LTE_CONFIG: filesCount = 0
04-10 02:17:41.564 4168 4215 D LTE_CONFIG: Checking dir: /storage/emulated/0/Android/data/com.qti.ltebc/files/embms/qcom
04-10 02:17:41.565 4168 4215 D LTE_CONFIG: provisioning_params.xml not found, copy all other files from dir : /storage/emulated/0/Android/data/com.qti.ltebc/files/embms/qcom
04-10 02:17:41.566 4168 4215 D LTE_CONFIG: filesCount = 0
04-10 02:17:41.566 4168 4215 D LTE_CONFIG: Checking dir: /storage/emulated/0/Android/data/com.qti.ltebc/files/embms/qcom/global
04-10 02:17:41.567 4168 4215 D LTE_CONFIG: provisioning_params.xml not found, copy all other files from dir : /storage/emulated/0/Android/data/com.qti.ltebc/files/embms/qcom/global
04-10 02:17:41.568 4168 4215 D LTE_CONFIG: filesCount = 0
04-10 02:17:41.568 4168 4215 D LTE_CONFIG: copyLogLevelFile: emulatedPath = /storage/emulated/0/Android/data/com.qti.ltebc/files/embms/qcom/global
04-10 02:17:41.568 4168 4215 D LTE_CONFIG: copyLogLevelFile: logLevelFilePath = /storage/emulated/0/Android/data/com.qti.ltebc/files/embms/qcom/global/debug/loglevels.xml
04-10 02:17:41.569 4168 4215 D LTE_CONFIG: copyLogLevelFile: logLevels file copy failed: srcLogLevelFile = /storage/emulated/0/Android/data/com.qti.ltebc/files/embms/qcom/global/debug/loglevels.xml does not exist
04-10 02:17:41.569 4168 4215 I Ltebc : ConfigurationManager () load file from internal directory failed
04-10 02:17:41.570 4168 4215 I LTE Application: Ltebc : loadConfigData()
04-10 02:17:41.570 4168 4215 I Ltebc : ConfigurationManager : getProperties()
04-10 02:17:41.570 4168 4215 E LTE Application: Ltebc : preemption_priority is available in config file () : 5
04-10 02:17:41.571 4168 4215 I LTE Application: Ltebc : loadConfigData() sPreemptionPriority :5
04-10 02:17:41.571 4168 4215 I LTE Application: Ltebc : loadConfigData() sEarFcnList :5230
04-10 02:17:41.571 4168 4215 E LTE Application: Ltebc : enable_embms_sim is available in config file () : false
04-10 02:17:41.571 4168 4215 E LTE Application: Ltebc : loadConfigData() enableEmbmsSim :false
04-10 02:17:41.571 4168 4215 E LTE Application: Ltebc : shutdowntimer is available in config file () : 0
04-10 02:17:41.571 4168 4215 E LTE Application: shutDownTimer : 0.0
04-10 02:17:41.571 4168 4215 E LTE Application: Ltebc : provisioning_timeout_ms is available in config file () : 2592000000
04-10 02:17:41.571 4168 4215 I LTE Application: mProvisioningTMO : 2592000000
04-10 02:17:41.572 4168 4215 E LTE Application: Ltebc : enable_unicast_in_roaming is available in config file ()
04-10 02:17:41.572 4168 4215 I LTE Application: Ltebc : loadConfigData() enableUnicastInRoaming :false
04-10 02:17:41.572 4168 4215 E LTE Application: Ltebc : default_plmn is not available in config file ()
04-10 02:17:41.572 4168 4215 E LTE Application: Ltebc : roaming_check_periodicity_ms is available in config file ()
04-10 02:17:41.572 4168 4215 I LTE Application: Ltebc : loadConfigData() roaming_check_periodicity_ms :5000
04-10 02:17:41.572 4168 4215 E LTE Application: Ltebc : embms_get_e911_state_retry_attempts is available in config file ()
04-10 02:17:41.572 4168 4215 I LTE Application: Ltebc : loadConfigData() EMBMS_GET_E911_STATE_RETRY_ATTEMPTS :600
04-10 02:17:41.572 4168 4215 E LTE Application: provisioningTimerTask: mProvisioningTMO = 2592000000
04-10 02:17:41.574 4168 4215 I LTE Application: getStartupReason - startup_reason: STARTUP_REASON_BOOT
04-10 02:17:41.574 4168 4215 I LTEBC Init Manager: handlePermissionResult STARTUP_REASON_BOOT
04-10 02:17:41.574 4168 4215 I LTELicenseManager: startLicenseCheck requestCode: 3 cb: com.qualcomm.ltebc.LTEBCInitManager@ded02aa
04-10 02:17:41.575 4168 4215 I LTELicenseManager: processLicenseCheck in progress false
04-10 02:17:41.607 1015 1816 I am_uid_running: 10052
04-10 02:17:41.608 1015 1816 D CompatibilityChangeReporter: Compat change id reported: 135634846; UID 10052; state: DISABLED
04-10 02:17:41.608 1015 1816 D CompatibilityChangeReporter: Compat change id reported: 177438394; UID 10052; state: DISABLED
04-10 02:17:41.609 1015 1816 D CompatibilityChangeReporter: Compat change id reported: 135772972; UID 10052; state: DISABLED
04-10 02:17:41.610 1015 1816 D CompatibilityChangeReporter: Compat change id reported: 135754954; UID 10052; state: DISABLED
04-10 02:17:41.611 1015 1192 D CompatibilityChangeReporter: Compat change id reported: 143937733; UID 10052; state: DISABLED
04-10 02:17:41.612 4168 4215 I LTELicenseManager: MinkSocketFd connect true
04-10 02:17:41.613 4168 4215 I LTELicenseManager: Scheduling mink socket timeout 1000
04-10 02:17:41.614 4168 4215 I LTEBC Init Manager: Handled state : 7
04-10 02:17:41.672 676 676 D Zygote : Forked child process 4220
04-10 02:17:41.672 1015 1192 W ActivityManager: Slow operation: 65ms so far, now at startProcess: returned from zygote!
04-10 02:17:41.673 1015 1192 W ActivityManager: Slow operation: 65ms so far, now at startProcess: done updating battery stats
04-10 02:17:41.673 1015 1192 I am_proc_start: [0,4220,10052,com.qualcomm.qti.qms.service.trustzoneaccess,service,{com.qualcomm.qti.qms.service.trustzoneaccess/com.qualcomm.qti.qms.service.trustzoneaccess.TZAccessService}]
04-10 02:17:41.673 1015 1192 W ActivityManager: Slow operation: 65ms so far, now at startProcess: building log message
04-10 02:17:41.673 1015 1192 I ActivityManager: Start proc 4220:com.qualcomm.qti.qms.service.trustzoneaccess/u0a52 for service {com.qualcomm.qti.qms.service.trustzoneaccess/com.qualcomm.qti.qms.service.trustzoneaccess.TZAccessService}
04-10 02:17:41.673 1015 1192 W ActivityManager: Slow operation: 65ms so far, now at startProcess: starting to update pids map
04-10 02:17:41.673 1015 1192 W ActivityManager: Slow operation: 65ms so far, now at startProcess: done updating pids map
04-10 02:17:41.706 4220 4220 I libc : SetHeapTaggingLevel: tag level set to 0
04-10 02:17:41.752 4191 4199 I adbd : jdwp connection from 4220
04-10 02:17:41.760 4220 4220 D ProcessState: Binder ioctl to enable oneway spam detection failed: Invalid argument
01-01 09:00:24.571 0 0 I binder : 4220:4220 ioctl 40046210 7ff41be1f4 returned -22
04-10 02:17:41.771 1015 1816 I am_proc_bound: [0,4220,com.qualcomm.qti.qms.service.trustzoneaccess]
04-10 02:17:41.773 1015 1816 D CompatibilityChangeReporter: Compat change id reported: 168419799; UID 10052; state: DISABLED
04-10 02:17:41.773 1015 1816 D CompatibilityInfo: mCompatibilityFlags - 4
04-10 02:17:41.773 1015 1816 D CompatibilityInfo: applicationDensity - 240
04-10 02:17:41.773 1015 1816 D CompatibilityInfo: applicationScale - 1.0
04-10 02:17:41.783 1015 1816 D CompatibilityInfo: mCompatibilityFlags - 4
04-10 02:17:41.784 1015 1816 D CompatibilityInfo: applicationDensity - 240
04-10 02:17:41.784 1015 1816 D CompatibilityInfo: applicationScale - 1.0
04-10 02:17:41.794 4220 4220 D CompatibilityChangeReporter: Compat change id reported: 171979766; UID 10052; state: DISABLED
04-10 02:17:41.810 4220 4220 D ApplicationLoaders: Returning zygote-cached class loader: /system/framework/android.test.base.jar
04-10 02:17:41.855 4220 4220 D nativeloader: classloader namespace configured for unbundled vendor apk. library_path=/vendor/app/TrustZoneAccessService/lib/arm64:/vendor/lib64
04-10 02:17:41.885 4220 4220 I Perf : Connecting to perf service.
04-10 02:17:41.897 4220 4220 V GraphicsEnvironment: ANGLE Developer option for 'com.qualcomm.qti.qms.service.trustzoneaccess' set to: 'default'
04-10 02:17:41.899 4220 4220 V GraphicsEnvironment: ANGLE GameManagerService for com.qualcomm.qti.qms.service.trustzoneaccess: false
04-10 02:17:41.901 4220 4220 D NetworkSecurityConfig: No Network Security Config specified, using platform default
04-10 02:17:41.902 4220 4220 D NetworkSecurityConfig: No Network Security Config specified, using platform default
04-10 02:17:41.924 4168 4168 I MinkSocketFd: connected
04-10 02:17:41.927 4220 4235 V CredentialHelper: Processing credentials for uid = 10074
04-10 02:17:41.952 813 4239 I minksocket: MinkSocket_recvInvocationRequest: SMCINVOKE_IOCTL_LOG peer gid=10052 uid=10052 invoke=1, o.invoke=0x55e4f1b0d0, o.context=0xb4000079b4688780
04-10 02:17:41.959 813 4239 I ssgtzd : served new env
04-10 02:17:41.965 3044 3956 W hpplay-java: [ServerTaskManager]:IPManager:getActiveNets invalid networkInfo:null
04-10 02:17:41.965 3044 3956 I hpplay-java: [ServerTaskManager]:IPManager:getActiveNets eth0:false wifi:false mobile:false ap:false
04-10 02:17:41.965 3044 3956 I hpplay-java: [ServerTaskManager]:ServerTaskManager:get local ip:null
04-10 02:17:41.967 4168 4168 I LTELicenseManager: onConnect called
04-10 02:17:41.969 813 4241 I minksocket: MinkSocket_recvInvocationRequest: SMCINVOKE_IOCTL_LOG peer gid=10052 uid=10052 invoke=1, o.invoke=0x55e4f1eaa0, o.context=0xb40000797468a160
04-10 02:17:41.969 813 4241 E minksocket: MinkSocket_recvInvocationRequest: err=-98, SMCINVOKE_IOCTL_LOG, peer gid=10052 uid=10052 invoke=1
04-10 02:17:41.975 4168 4168 I LTELicenseManager: Before calling CheckInstalledLicense
04-10 02:17:41.986 4168 4168 E LTELicenseManager: Error code 29
04-10 02:17:41.987 4168 4168 E LTELicenseManager: Exception InvokeException, err=29
04-10 02:17:41.987 4168 4168 W System.err: com.qualcomm.qti.qms.api.mink.IMinkObject$InvokeException: InvokeException, err=29
04-10 02:17:41.987 4168 4168 W System.err: at com.qualcomm.qti.qms.api.mink.CMinkObject.nativeInvoke(Native Method)
04-10 02:17:41.987 4168 4168 W System.err: at com.qualcomm.qti.qms.api.mink.CMinkObject.invoke(CMinkObject.java:55)
04-10 02:17:41.987 4168 4168 W System.err: at com.qualcomm.qti.mink.IPFM$Proxy.CheckInstalledLicense(IPFM.java:164)
04-10 02:17:41.987 4168 4168 W System.err: at com.qualcomm.ltebc.LTELicenseManager$1.onConnect(LTELicenseManager.java:137)
04-10 02:17:41.988 4168 4168 W System.err: at com.qualcomm.qti.qms.api.minksocket.MinkSocketFdInternals$1.onServiceConnected(MinkSocketFdInternals.java:53)
04-10 02:17:41.988 4168 4168 W System.err: at android.app.LoadedApk$ServiceDispatcher.doConnected(LoadedApk.java:2077)
04-10 02:17:41.988 4168 4168 W System.err: at android.app.LoadedApk$ServiceDispatcher$RunConnection.run(LoadedApk.java:2110)
04-10 02:17:41.988 4168 4168 W System.err: at android.os.Handler.handleCallback(Handler.java:938)
04-10 02:17:41.988 4168 4168 W System.err: at android.os.Handler.dispatchMessage(Handler.java:99)
04-10 02:17:41.988 4168 4168 W System.err: at android.os.Looper.loopOnce(Looper.java:201)
04-10 02:17:41.988 4168 4168 W System.err: at android.os.Looper.loop(Looper.java:288)
04-10 02:17:41.988 4168 4168 W System.err: at android.app.ActivityThread.main(ActivityThread.java:7880)
04-10 02:17:41.988 4168 4168 W System.err: at java.lang.reflect.Method.invoke(Native Method)
04-10 02:17:41.988 4168 4168 W System.err: at com.android.internal.os.RuntimeInit$MethodAndArgsCaller.run(RuntimeInit.java:548)
04-10 02:17:41.988 4168 4168 W System.err: at com.android.internal.os.ZygoteInit.main(ZygoteInit.java:1009)
04-10 02:17:41.996 4168 4168 I LTELicenseManager: onDisconnect called
04-10 02:17:41.996 4168 4168 I LTELicenseManager: saveLicenseInSharedPreferences false
04-10 02:17:42.003 1420 1420 I auditd : type=1400 audit(0.0:202): avc: denied { read } for comm="tzlog" name="log" dev="debugfs" ino=9156 scontext=u:r:np_thundercomm_tlog:s0 tcontext=u:object_r:debugfs:s0 tclass=file permissive=1
04-10 02:17:42.003 1420 1420 I tzlog : type=1400 audit(0.0:202): avc: denied { read } for name="log" dev="debugfs" ino=9156 scontext=u:r:np_thundercomm_tlog:s0 tcontext=u:object_r:debugfs:s0 tclass=file permissive=1
04-10 02:17:42.003 1420 1420 I auditd : type=1400 audit(0.0:203): avc: denied { open } for comm="tzlog" path="/sys/kernel/debug/tzdbg/log" dev="debugfs" ino=9156 scontext=u:r:np_thundercomm_tlog:s0 tcontext=u:object_r:debugfs:s0 tclass=file permissive=1
04-10 02:17:42.003 1420 1420 I tzlog : type=1400 audit(0.0:203): avc: denied { open } for path="/sys/kernel/debug/tzdbg/log" dev="debugfs" ino=9156 scontext=u:r:np_thundercomm_tlog:s0 tcontext=u:object_r:debugfs:s0 tclass=file permissive=1
04-10 02:17:42.007 1420 1456 D tlogd : [TzLogger](saveTzlogMain) saveTzlogMain: End rp=/sys/kernel/debug/tzdbg/qsee_log sp=/data/tlog/tzlog/tzqsee_log.txt tid=1156644016
04-10 02:17:42.013 1420 1456 D tlogd : [TzLogger](saveTzlogMain) saveTzlogMain: End rp=/sys/kernel/debug/tzdbg/log sp=/data/tlog/tzlog/tzlog.txt tid=1156644016
04-10 02:17:42.013 4168 4168 D LTELicenseManager: processLicenseCheck notify caller license validity false
04-10 02:17:42.013 4168 4168 I LTEBC Init Manager: onLicenseCheckComplete 3 isValid false
04-10 02:17:42.013 4168 4168 V LTE Application: initStateChanged - LTEBC_INIT_LICENSE_ERROR
04-10 02:17:42.013 4168 4168 I LTE Application: Error during ltebc initialization
04-10 02:17:42.018 4168 4168 I LTE-FD Service:: LTEFileDeliveryServiceHelper get connection manager : Thread[Thread-2,5,main]
04-10 02:17:42.019 4168 4168 I LTE Application: isAnyAppBindedWithMW : No Application is binded with MW
04-10 02:17:42.019 4168 4168 I LTEBC Init Manager: onLicenseCheckComplete failed, hence calling explicit stop
04-10 02:17:42.019 4168 4168 I LTE Application: explicitStop initState LTEBC_INIT_LICENSE_ERROR
04-10 02:17:42.022 4168 4215 I LTEBC Init Manager: handleStartDeInitialization()
04-10 02:17:42.022 4168 4168 I LTE Root Service: onDestroy
04-10 02:17:42.022 4168 4215 I LTE Application: isAnyAppBindedWithMW : No Application is binded with MW
04-10 02:17:42.022 4168 4215 I LTEBC Init Manager: forceExit() Force Killing MSP as sKeepAlive is not ZERO, sKeepAlive:1
04-10 02:17:42.022 4168 4215 I LTE Application: shutdownApp
04-10 02:17:42.023 4168 4215 I LTE Application: shutdownApp : after jshutdown()
04-10 02:17:42.023 4168 4215 I LTE Application: shutdownApp : calling Disconnect from Ebmbs
04-10 02:17:42.023 4168 4215 D LTE Application: IntentSender : Last intent Status INACTIVE_SENT forcedBroadcast flag = false
04-10 02:17:42.023 4168 4215 I LTE Application: shutdownApp : calling Connection Mgr shutdown()
04-10 02:17:42.023 4168 4215 W SOCEKT : Connection Thread shutdown
04-10 02:17:42.023 4168 4215 W SOCEKT : Recieve thread Pool shutdown
04-10 02:17:42.024 4168 4215 I LTE Application: shutdownApp : calling Ltebc exit
04-10 02:17:42.029 4168 4215 I com.qti.ltebc: System.exit called, status: 0
04-10 02:17:42.029 4168 4215 I AndroidRuntime: VM exiting with result code 0, cleanup skipped.
04-10 02:17:42.161 1015 2898 I ActivityManager: Process com.qti.ltebc (pid 4168) has died: cch+5 CEM
04-10 02:17:42.168 1015 1197 I libprocessgroup: Successfully killed process cgroup uid 10074 pid 4168 in 5ms
04-10 02:17:42.170 1015 2898 I am_proc_died: [0,4168,com.qti.ltebc,905,19]
04-10 02:17:42.171 676 676 I Zygote : Process 4168 exited cleanly (0)
04-10 02:17:42.172 1015 2898 I am_uid_stopped: 10074
04-10 02:17:42.198 1015 1187 I am_pss : [3374,10023,android.process.media,11728896,9764864,0,102682624,0,19,13]
04-10 02:17:42.215 1015 1187 I am_pss : [3434,10031,android.process.acore,13853696,10203136,0,117612544,0,19,13]
04-10 02:17:42.231 1015 1187 I am_pss : [3224,10081,com.qualcomm.qti.workloadclassifier,8289280,6676480,0,93986816,0,0,12]
04-10 02:17:42.246 1015 1187 I am_pss : [3208,10080,com.qualcomm.qti.qccnetstat,5969920,4329472,0,92106752,0,0,12]
04-10 02:17:42.261 1015 1187 I am_pss : [3171,10069,com.qualcomm.qti.services.systemhelper:systemhelper_service,6313984,4558848,0,94605312,0,0,12]
04-10 02:17:42.276 1015 1187 I am_pss : [3146,10056,.pasr,5245952,3670016,0,90083328,0,0,12]
04-10 02:17:42.282 650 660 I mpu_uart: [MSG-P:RECV]:No message received in 1000 ms
04-10 02:17:42.292 1015 1187 I am_pss : [3118,1000,com.hryt.hiphishowfsecontrol,14467072,12267520,0,107769856,0,0,13]
04-10 02:17:42.308 1015 1187 I am_pss : [3078,10055,ts.car.uart,6062080,4481024,0,91373568,0,0,12]
04-10 02:17:42.326 1015 1187 I am_pss : [3044,10085,com.hht.lebocast,35651584,16642048,0,112242688,0,0,14]
04-10 02:17:42.344 1015 1187 I am_pss : [2927,10072,com.qualcomm.location,9884672,7544832,0,102236160,0,0,13]
04-10 02:17:42.363 1015 1187 I am_pss : [2062,1002,com.android.bluetooth,29019136,23351296,0,139317248,0,0,15]
04-10 02:17:42.379 1015 1187 I am_pss : [2630,1000,com.qualcomm.qti.qdma,9994240,7000064,0,106598400,0,0,13]
04-10 02:17:42.394 1015 1187 I am_pss : [2597,1000,com.thundercomm.tcservice,8494080,6664192,0,97411072,0,0,11]
04-10 02:17:42.408 1015 1187 I am_pss : [2572,1068,com.android.se,5986304,4227072,0,94277632,0,0,11]
04-10 02:17:42.424 1015 1187 I am_pss : [2579,1000,com.thundercomm.remotecontrolservice,9395200,7110656,0,102002688,0,0,11]
04-10 02:17:42.438 1015 1187 I am_pss : [2529,10079,com.qti.qualcomm.mstatssystemservice,5350400,3788800,0,90222592,0,0,11]
04-10 02:17:42.452 1015 1187 I am_pss : [2520,1000,vendor.qti.qesdk.sysservice,5394432,3772416,0,91717632,0,0,11]
04-10 02:17:42.467 1015 1187 I am_pss : [2473,1000,com.thundercomm.tcsetupwizard,6656000,5095424,0,91783168,0,0,11]
04-10 02:17:42.483 1015 1187 I am_pss : [2444,1073,com.android.networkstack.process,12235776,9928704,0,105545728,0,0,12]
04-10 02:17:42.498 1015 1187 I am_pss : [2411,1000,com.tc.logclient,7565312,5558272,0,99647488,0,0,11]
04-10 02:17:42.513 1015 1187 I am_pss : [2372,1000,com.thundercomm.tchttpserver,7784448,6025216,0,95522816,0,0,11]
04-10 02:17:42.528 1015 1187 I am_pss : [2340,10058,.qtidataservices,5786624,4165632,0,92286976,0,0,12]
04-10 02:17:42.544 1015 1187 I am_pss : [2323,1001,.dataservices,8276992,6582272,0,94896128,0,0,12]
04-10 02:17:42.560 1015 1187 I am_pss : [2302,1000,com.thundercomm.microsettings,29289472,26628096,0,118714368,0,0,12]
04-10 02:17:42.562 2579 2579 D RemoteControlService: startVlanDispatchThread
04-10 02:17:42.574 1015 1187 I am_pss : [2298,1000,com.thundercomm.microservice,8857600,7176192,0,96346112,0,0,11]
04-10 02:17:42.592 1015 1187 I am_pss : [2229,1000,com.thundercomm.gamemode,25504768,19181568,0,134131712,0,0,13]
04-10 02:17:42.596 1015 1825 I input_interaction: Interaction with: c53c510 com.android.launcher3/com.android.launcher3.uioverrides.QuickstepLauncher (server), 35d04d2 com.android.systemui.ImageWallpaper (server), edge-swipe (server), swipe-up (server), PointerEventDispatcher0 (server),
04-10 02:17:42.599 1015 1825 D PowerManagerNotifier: onUserActivity: event=2, uid=1000
04-10 02:17:42.599 1015 1825 D DisplayPowerController[0]: requestPowerState: policy=BRIGHT, useProximitySensor=false, screenBrightnessOverride=NaN, useAutoBrightness=true, screenAutoBrightnessAdjustmentOverride=NaN, screenLowPowerBrightnessFactor=1.0, blockScreenOn=false, lowPowerMode=false, boostScreenBrightness=false, dozeScreenBrightness=NaN, dozeScreenState=UNKNOWN, waitForNegativeProximity=false
04-10 02:17:42.600 1015 1825 D PowerManagerNotifier: onScreenPolicyUpdate: newPolicy=3
04-10 02:17:42.622 1015 1187 I am_pss : [2080,10078,com.android.systemui,172402688,147554304,0,333991936,0,0,20]
04-10 02:17:42.647 2733 3905 I OpenGLRenderer: Davey! duration=9223371953043ms; Flags=0, FrameTimelineVsyncId=-1, IntendedVsync=83810997882, Vsync=83810999341, InputEventId=375310334, HandleInputStart=83811006684, AnimationStart=83811031788, PerformTraversalsStart=83811571476, DrawStart=83811690538, FrameDeadline=9223372036854775807, FrameInterval=83810999341, FrameStartTime=16666666, SyncQueued=83811912466, SyncStart=83812144393, IssueDrawCommandsStart=83812315538, SwapBuffers=83813315903, FrameCompleted=9223372036854775807, DequeueBufferDuration=21614, QueueBufferDuration=3307032, GpuCompleted=9223372036854775807, SwapBuffersCompleted=83817690434, DisplayPresentTime=0,
04-10 02:17:42.662 1015 1187 I am_pss : [1015,1000,system,200667136,104296448,0,518230016,0,0,30]
04-10 02:17:42.718 1015 1825 D PowerManagerNotifier: onUserActivity: event=2, uid=1000
04-10 02:17:42.720 1015 1825 D DisplayPowerController[0]: requestPowerState: policy=BRIGHT, useProximitySensor=false, screenBrightnessOverride=NaN, useAutoBrightness=true, screenAutoBrightnessAdjustmentOverride=NaN, screenLowPowerBrightnessFactor=1.0, blockScreenOn=false, lowPowerMode=false, boostScreenBrightness=false, dozeScreenBrightness=NaN, dozeScreenState=UNKNOWN, waitForNegativeProximity=false
04-10 02:17:42.720 1015 1825 D PowerManagerNotifier: onScreenPolicyUpdate: newPolicy=3
04-10 02:17:42.739 1015 2898 I thunderperf: Maybe need boostperf for current app!
04-10 02:17:42.742 1015 2898 I ThunderPerfManager: Start bindService: PERF_SERVICE=com.thundercomm.gamemode.perfservice service=android.os.BinderProxy@dbbe470
04-10 02:17:42.749 1015 1172 I DropBoxManagerService: add tag=system_app_strictmode isTagEnabled=true flags=0x2
04-10 02:17:42.755 2229 2943 D FgBoostPerfService: [FgBoostPerfService.perfBoostAcq]start: stat=true pkgName=com.android.settings
04-10 02:17:42.755 2229 2943 I FgBoostPerfService: [FgBoostPerfService.perfBoostAcq] not game-mode or game app!
04-10 02:17:42.756 1015 2898 I ThunderPerfManager: PerfAcq error : state=true pkgName=com.android.settings
04-10 02:17:42.759 2229 4103 I FgBoostPerfService: [GetGpuMode] isMode=0 isGame=false mGpuMode=0
04-10 02:17:42.761 2229 2943 I FgBoostPerfService: [GetGpuDpiType] isMode=0 isGame=false mGpuDpiType=0
04-10 02:17:42.762 2229 2943 I FgBoostPerfService: [GetGpuDpiType] isMode=0 isGame=false mGpuStandardValue=0
04-10 02:17:42.769 1015 2898 I thunderperf: Current app pkgName=com.android.settings bm:com.thundercomm.perf.BoostPerfManager@61f85a5 gpuMode=-1 gpuType=-1 gpuStandardVal=-1
04-10 02:17:42.769 1015 2898 I ThunderBoostPerfService: Resolution: Uid=10071 Pid=2733 gMode=-1 dType=-1 gpuStandardVal=-1
04-10 02:17:42.770 1015 2898 I thunderperf: PlatormCompat.setOverrides: Uid1=10071 Pid1=2733 Uid2=10071 Pid2=2733
04-10 02:17:42.770 1015 2898 I thunderperf: PlatormCompat.setOverrides: needCheck:false
04-10 02:17:42.771 1015 2898 I thunderperf: CompatConfig.addOverrideUnsafe: bef-state=0
04-10 02:17:42.771 1015 2898 I thunderperf: CompatConfig.addOverrideUnsafe: aft-state=0
04-10 02:17:42.774 1015 2898 I thunderperf: CompatConfig.addOverrideUnsafe: bef-state=0
04-10 02:17:42.774 1015 2898 I thunderperf: CompatConfig.addOverrideUnsafe: aft-state=0
04-10 02:17:42.777 1015 2898 I thunderperf: CompatConfig.addOverrideUnsafe: bef-state=0
04-10 02:17:42.777 1015 2898 I thunderperf: CompatConfig.addOverrideUnsafe: aft-state=0
04-10 02:17:42.779 1015 2898 I thunderperf: CompatConfig.addOverrideUnsafe: bef-state=0
04-10 02:17:42.779 1015 2898 I thunderperf: CompatConfig.addOverrideUnsafe: aft-state=0
04-10 02:17:42.782 1015 2898 I thunderperf: CompatConfig.addOverrideUnsafe: bef-state=0
04-10 02:17:42.782 1015 2898 I thunderperf: CompatConfig.addOverrideUnsafe: aft-state=0
04-10 02:17:42.784 1015 2898 I thunderperf: CompatConfig.addOverrideUnsafe: bef-state=0
04-10 02:17:42.784 1015 2898 I thunderperf: CompatConfig.addOverrideUnsafe: aft-state=0
04-10 02:17:42.786 1015 2898 I thunderperf: CompatConfig.addOverrideUnsafe: bef-state=0
04-10 02:17:42.787 1015 2898 I thunderperf: CompatConfig.addOverrideUnsafe: aft-state=0
04-10 02:17:42.788 1015 2898 I thunderperf: CompatConfig.addOverrideUnsafe: bef-state=0
04-10 02:17:42.788 1015 2898 I thunderperf: CompatConfig.addOverrideUnsafe: aft-state=0
04-10 02:17:42.790 1015 2898 I thunderperf: CompatConfig.addOverrideUnsafe: bef-state=0
04-10 02:17:42.790 1015 2898 I thunderperf: CompatConfig.addOverrideUnsafe: aft-state=0
04-10 02:17:42.791 1015 2898 I thunderperf: CompatConfig.addOverrideUnsafe: bef-state=0
04-10 02:17:42.792 1015 2898 I thunderperf: CompatConfig.addOverrideUnsafe: aft-state=0
04-10 02:17:42.793 1015 2898 I thunderperf: CompatConfig.addOverrideUnsafe: bef-state=0
04-10 02:17:42.793 1015 2898 I thunderperf: CompatConfig.addOverrideUnsafe: aft-state=0
04-10 02:17:42.795 1015 2898 I thunderperf: CompatConfig.addOverrideUnsafe: bef-state=0
04-10 02:17:42.795 1015 2898 I thunderperf: CompatConfig.addOverrideUnsafe: aft-state=0
04-10 02:17:42.797 1015 2898 I thunderperf: CompatConfig.addOverrideUnsafe: bef-state=0
04-10 02:17:42.797 1015 2898 I thunderperf: CompatConfig.addOverrideUnsafe: aft-state=0
04-10 02:17:42.799 1015 2898 I thunderperf: CompatConfig.addOverrideUnsafe: bef-state=0
04-10 02:17:42.799 1015 2898 I thunderperf: CompatConfig.addOverrideUnsafe: aft-state=0
04-10 02:17:42.806 1015 2898 I ThunderBoostPerfService: Disable downscaling com.android.settings to 2380x1020
04-10 02:17:42.808 1015 2898 I ActivityTaskManager: START u0 {act=android.intent.action.MAIN cat=[android.intent.category.LAUNCHER] flg=0x10200000 cmp=com.android.settings/.Settings bnds=[2128,710][2314,910]} from uid 10071
04-10 02:17:42.808 1015 1173 I EventSequenceValidator: Transition from ACTIVITY_FINISHED to INTENT_STARTED
04-10 02:17:42.819 1015 2898 E ANDR-PERF-JNI: com_qualcomm_qtiperformance_native_perf_io_prefetch_start
04-10 02:17:42.821 1015 2898 I wm_task_created: [17,-1]
04-10 02:17:42.821 1015 2898 W ActivityTaskManager: Can't find TaskDisplayArea to determine support for multi window. Task id=17 attached=false
04-10 02:17:42.829 973 3471 E ANDR-IOP: io prefetch is disabled
04-10 02:17:42.830 1015 2898 D CompatibilityChangeReporter: Compat change id reported: 174042980; UID 1000; state: DISABLED
04-10 02:17:42.831 1015 2898 I wm_task_moved: [17,1,6]
04-10 02:17:42.831 1015 2898 I wm_task_to_front: [0,17]
04-10 02:17:42.832 1015 2898 I wm_create_task: [0,17]
04-10 02:17:42.832 1015 2898 I wm_create_activity: [0,76076870,17,com.android.settings/.Settings,android.intent.action.MAIN,NULL,NULL,270532608]
04-10 02:17:42.832 1015 2898 I wm_task_moved: [17,1,6]
04-10 02:17:42.833 1015 2898 D CompatibilityInfo: mCompatibilityFlags - 4
04-10 02:17:42.833 1015 2898 D CompatibilityInfo: applicationDensity - 240
04-10 02:17:42.833 1015 2898 D CompatibilityInfo: applicationScale - 1.0
04-10 02:17:42.836 1015 2898 D ActivityTrigger: ActivityTrigger activityPauseTrigger
04-10 02:17:42.836 1015 2898 I wm_pause_activity: [0,72111127,com.android.launcher3/.uioverrides.QuickstepLauncher,userLeaving=true,pauseBackTasks]
04-10 02:17:42.836 2080 2268 D PhoneStartingWindowTypeAlgorithm: preferredStartingWindowType newTask:true taskSwitch:true processRunning:true allowTaskSnapshot:true activityCreated:false useEmptySplashScreen:false legacySplashScreen:false topIsHome:false
04-10 02:17:42.836 2080 2268 D StartingSurfaceDrawer: addSplashScreen com.android.settings theme=7f140479 task=17 suggestType=1
04-10 02:17:42.836 1015 2898 D DisplayPowerController[0]: requestPowerState: policy=BRIGHT, useProximitySensor=false, screenBrightnessOverride=NaN, useAutoBrightness=true, screenAutoBrightnessAdjustmentOverride=NaN, screenLowPowerBrightnessFactor=1.0, blockScreenOn=false, lowPowerMode=false, boostScreenBrightness=false, dozeScreenBrightness=NaN, dozeScreenState=UNKNOWN, waitForNegativeProximity=false
04-10 02:17:42.837 1015 2898 D PowerManagerNotifier: onScreenPolicyUpdate: newPolicy=3
04-10 02:17:42.838 1015 2898 D PowerManagerNotifier: onWakeLockAcquired: flags=1, tag="*launch*", packageName=android, ownerUid=1000, ownerPid=1015, workSource=WorkSource{1000}
04-10 02:17:42.843 1015 2898 W FreeFormWindowHelper: Current Display FreeFormTask is null
04-10 02:17:42.845 2080 2271 D StartingSurfaceDrawer: window attributes color: 0 icon null duration 0 brandImage null
04-10 02:17:42.846 2080 2271 W StartingSurfaceDrawer: Window background is transparent, fill background with black color
04-10 02:17:42.848 1015 1173 I EventSequenceValidator: Transition from INTENT_STARTED to ACTIVITY_LAUNCHED
04-10 02:17:42.848 2080 2271 D StartingSurfaceDrawer: quantize: this is pure transparent image
04-10 02:17:42.849 2733 2733 I wm_on_top_resumed_lost_called: [72111127,com.android.launcher3.uioverrides.QuickstepLauncher,topStateChangedWhenResumed]
04-10 02:17:42.853 2080 2271 D StartingSurfaceDrawer: FgMainColor=ff000000 BgMainColor=0 IsBgComplex=false FromCache=false ThemeColor=ff141721
04-10 02:17:42.853 2080 2271 D StartingSurfaceDrawer: isRgbSimilarInHsv a: ff141721 b 0 contrast ratio: 1.1742641
04-10 02:17:42.853 2080 2271 D StartingSurfaceDrawer: makeSplashScreenContentView: choose fg icon
04-10 02:17:42.854 2733 2733 I wm_on_paused_called: [72111127,com.android.launcher3.uioverrides.QuickstepLauncher,performPause]
04-10 02:17:42.855 1015 2898 I ActivityTaskManager: FOREGROUND_APPLICATION_CHANGED to com.android.settings.homepage.SettingsHomepageActivity
04-10 02:17:42.855 2080 2271 D SplashScreenView: Build android.window.SplashScreenView{3c0cb4b V.E...... ......ID 0,0-0,0}
04-10 02:17:42.855 2080 2271 D SplashScreenView: Icon: view: android.widget.ImageView{e099928 V.ED..... ......I. 0,0-0,0 #10204aa android:id/splashscreen_icon_view} drawable: com.android.wm.shell.startingsurface.SplashscreenIconDrawableFactory$ImmobileIconDrawable@3b09641 size: 288
04-10 02:17:42.855 2080 2271 D SplashScreenView: Branding: view: android.view.View{73df7e6 G.ED..... ......I. 0,0-0,0 #10204a9 android:id/splashscreen_branding_view} drawable: null size w: 0 h: 0
04-10 02:17:42.855 2080 2271 D StartingSurfaceDrawer: fillViewWithIcon surfaceWindowView android.window.SplashScreenView{3c0cb4b V.E...... ......ID 0,0-0,0}
04-10 02:17:42.857 1015 2898 I ActivityTaskManager: The Process com.android.settings Already Exists in BG. So sending its PID: 2675
04-10 02:17:42.857 1015 2898 W ActivityTaskManager: Tried to set launchTime (0) < mLastActivityLaunchTime (48750)
04-10 02:17:42.858 1015 2898 I wm_add_to_stopping: [0,72111127,com.android.launcher3/.uioverrides.QuickstepLauncher,makeInvisible]
04-10 02:17:42.859 1015 2898 D CompatibilityChangeReporter: Compat change id reported: 181136395; UID 1000; state: DISABLED
04-10 02:17:42.860 1015 2898 D CompatibilityChangeReporter: Compat change id reported: 174042936; UID 1000; state: DISABLED
04-10 02:17:42.860 1015 2898 I wm_restart_activity: [0,76076870,17,com.android.settings/.Settings]
04-10 02:17:42.860 1015 2898 D CompatibilityInfo: mCompatibilityFlags - 4
04-10 02:17:42.860 1015 2898 D CompatibilityInfo: applicationDensity - 240
04-10 02:17:42.860 1015 2898 D CompatibilityInfo: applicationScale - 1.0
04-10 02:17:42.861 1015 2898 I wm_set_resumed_activity: [0,com.android.settings/.Settings,minimalResumeActivityLocked]
04-10 02:17:42.872 1015 1173 I sysui_multi_action: [757,803,799,window_time_0,802,32]
04-10 02:17:42.872 2229 4044 I GameMode_ActivityMonitoringService: onActivityLaunch: com.android.settings, isGameApp: false
04-10 02:17:42.872 2229 4044 V GameMode_GpuUtils: fps:60
04-10 02:17:42.877 1078 1078 I BpBinder: onLastStrongRef automatically unlinking death recipients:
04-10 02:17:42.878 2229 4044 D GameModeIF_GameModeSettings: getUriFor setting_content_uri_root = content://com.thundercomm.gamemode.api/gamemode_settings , name = gamemode_enable
04-10 02:17:42.881 1015 1825 I input_focus: [Focus leaving c53c510 com.android.launcher3/com.android.launcher3.uioverrides.QuickstepLauncher (server),reason=NO_WINDOW]
04-10 02:17:42.889 2675 2675 I SettingsHomepageActivity: SettingsHomepageActivity: onCreate
04-10 02:17:42.890 1015 1187 I am_pss : [3278,10091,com.android.providers.media.module,20120576,16826368,0,121974784,0,0,14]
04-10 02:17:42.967 3044 3956 W hpplay-java: [ServerTaskManager]:IPManager:getActiveNets invalid networkInfo:null
04-10 02:17:42.967 3044 3956 I hpplay-java: [ServerTaskManager]:IPManager:getActiveNets eth0:false wifi:false mobile:false ap:false
04-10 02:17:42.967 3044 3956 I hpplay-java: [ServerTaskManager]:ServerTaskManager:get local ip:null
04-10 02:17:42.970 1015 2087 W FreeFormWindowHelper: Current Display FreeFormTask is null
04-10 02:17:43.132 2675 2675 D CompatibilityChangeReporter: Compat change id reported: 171228096; UID 1000; state: ENABLED
04-10 02:17:43.140 2675 2675 D AvatarViewMixin: Feature disabled by config. Skipping
04-10 02:17:43.143 2828 2849 D QCCAuthMgr: SMQContentProvider query uri: content://com.qti.smq.Feedback.provider/smq_settings, selection: key=?, uri_matcher: 1
04-10 02:17:43.144 2828 2849 D QCCAuthMgr: SMQContentProvider query tableName: smq_settings
04-10 02:17:43.145 2675 2675 I wm_on_create_called: [76076870,com.android.settings.Settings,performCreate]
04-10 02:17:43.150 2675 2675 D PrefCtrlListHelper: Could not find Context-only controller for pref: com.android.settings.network.TopLevelNetworkEntryPreferenceController
04-10 02:17:43.151 2675 2675 D PrefCtrlListHelper: Could not find Context-only controller for pref: com.android.settings.connecteddevice.TopLevelConnectedDevicesPreferenceController
04-10 02:17:43.151 2675 2675 D PrefCtrlListHelper: Could not find Context-only controller for pref: com.android.settings.fuelgauge.TopLevelBatteryPreferenceController
04-10 02:17:43.151 2675 2675 D PrefCtrlListHelper: Could not find Context-only controller for pref: com.android.settings.deviceinfo.TopLevelStoragePreferenceController
04-10 02:17:43.153 2675 2675 D PrefCtrlListHelper: Could not find Context-only controller for pref: com.android.settings.display.TopLevelDisplayPreferenceController
04-10 02:17:43.153 2675 2675 D PrefCtrlListHelper: Could not find Context-only controller for pref: com.android.settings.display.TopLevelWallpaperPreferenceController
04-10 02:17:43.153 2675 2675 D PrefCtrlListHelper: Could not find Context-only controller for pref: com.android.settings.accessibility.TopLevelAccessibilityPreferenceController
04-10 02:17:43.153 2675 2675 D PrefCtrlListHelper: Could not find Context-only controller for pref: com.android.settings.security.TopLevelSecurityEntryPreferenceController
04-10 02:17:43.153 2675 2675 D PrefCtrlListHelper: Could not find Context-only controller for pref: com.android.settings.location.TopLevelLocationPreferenceController
04-10 02:17:43.155 2675 2675 D PrefCtrlListHelper: Could not find Context-only controller for pref: com.android.settings.accounts.TopLevelAccountEntryPreferenceController
04-10 02:17:43.155 2675 2675 D PrefCtrlListHelper: Could not find Context-only controller for pref: com.android.settings.deviceinfo.aboutphone.TopLevelAboutDevicePreferenceController
04-10 02:17:43.155 2675 2675 D PrefCtrlListHelper: Could not find Context-only controller for pref: com.android.settings.support.SupportPreferenceController
04-10 02:17:43.161 1015 1077 E UserRestrictionsUtils: Unknown restriction queried by uid 1000 (com.qualcomm.qti.qdma et al): null
04-10 02:17:43.161 1015 1077 E UserRestrictionsUtils: Unknown restriction queried by uid 1000 (com.qualcomm.qti.qdma et al): null
04-10 02:17:43.162 1015 2898 E UserRestrictionsUtils: Unknown restriction queried by uid 1000 (com.qualcomm.qti.qdma et al): null
04-10 02:17:43.163 1015 1816 E UserRestrictionsUtils: Unknown restriction queried by uid 1000 (com.qualcomm.qti.qdma et al): null
04-10 02:17:43.163 1015 1077 E UserRestrictionsUtils: Unknown restriction queried by uid 1000 (com.qualcomm.qti.qdma et al): null
04-10 02:17:43.163 1015 1816 E UserRestrictionsUtils: Unknown restriction queried by uid 1000 (com.qualcomm.qti.qdma et al): null
04-10 02:17:43.164 1015 1816 E UserRestrictionsUtils: Unknown restriction queried by uid 1000 (com.qualcomm.qti.qdma et al): null
04-10 02:17:43.164 1015 1816 E UserRestrictionsUtils: Unknown restriction queried by uid 1000 (com.qualcomm.qti.qdma et al): null
04-10 02:17:43.165 1015 1077 E UserRestrictionsUtils: Unknown restriction queried by uid 1000 (com.qualcomm.qti.qdma et al): null
04-10 02:17:43.165 1015 1077 E UserRestrictionsUtils: Unknown restriction queried by uid 1000 (com.qualcomm.qti.qdma et al): null
04-10 02:17:43.166 1015 1077 E UserRestrictionsUtils: Unknown restriction queried by uid 1000 (com.qualcomm.qti.qdma et al): null
04-10 02:17:43.166 1015 1816 E UserRestrictionsUtils: Unknown restriction queried by uid 1000 (com.qualcomm.qti.qdma et al): null
04-10 02:17:43.167 1015 2898 E UserRestrictionsUtils: Unknown restriction queried by uid 1000 (com.qualcomm.qti.qdma et al): null
04-10 02:17:43.167 1015 2898 E UserRestrictionsUtils: Unknown restriction queried by uid 1000 (com.qualcomm.qti.qdma et al): null
04-10 02:17:43.168 1015 1077 E UserRestrictionsUtils: Unknown restriction queried by uid 1000 (com.qualcomm.qti.qdma et al): null
04-10 02:17:43.169 1015 1077 E UserRestrictionsUtils: Unknown restriction queried by uid 1000 (com.qualcomm.qti.qdma et al): null
04-10 02:17:43.169 1015 1077 E UserRestrictionsUtils: Unknown restriction queried by uid 1000 (com.qualcomm.qti.qdma et al): null
04-10 02:17:43.170 1015 1077 E UserRestrictionsUtils: Unknown restriction queried by uid 1000 (com.qualcomm.qti.qdma et al): null
04-10 02:17:43.170 2675 2675 W InstrumentedPrefFrag: Screen title missing for fragment com.android.settings.homepage.TopLevelSettings
04-10 02:17:43.180 2675 2675 D TopLevelSettings: NO dashboard tiles for TopLevelSettings
04-10 02:17:43.180 2675 2675 D TopLevelSettings: All preferences added, reporting fully drawn
04-10 02:17:43.206 2675 2675 W BatteryBroadcastRcvr: Problem reading the battery meter.
04-10 02:17:43.209 2675 2675 I wm_on_start_called: [76076870,com.android.settings.Settings,handleStartActivity]
04-10 02:17:43.210 2675 2675 I snet_event_log: [120484087,-1,]
04-10 02:17:43.211 2675 2675 I TopLevelSettings: TopLevelSettings: TopLevelSettings::com.android.settings.network.NetworkDashboardFragment
04-10 02:17:43.212 2675 2675 I wm_on_resume_called: [76076870,com.android.settings.Settings,RESUME_ACTIVITY]
04-10 02:17:43.215 2675 2675 I sysui_multi_action: [757,35,758,1,833,0,1089,65]
04-10 02:17:43.217 2675 2783 D BatteryInfo: time for getStats: 0ms
04-10 02:17:43.219 2675 2783 D BatteryInfo: time for regular BatteryInfo: 2ms
04-10 02:17:43.219 2675 2783 D BatteryInfo: time for getBatteryInfo: 0ms
04-10 02:17:43.220 2675 2675 W UnsafeUtil: platform method missing - proto runtime falling back to safer methods: java.lang.NoSuchMethodException: sun.misc.Unsafe.copyMemory [class java.lang.Object, long, class java.lang.Object, long, long]
04-10 02:17:43.225 2675 4265 D BatteryTipLoader: BatteryInfoLoader post query: 1ms
04-10 02:17:43.225 2675 4265 D BatteryInfo: time for getBatteryInfo: 0ms
04-10 02:17:43.225 2675 4265 D BatteryTipLoader: BatteryInfoLoader.loadInBackground: 1ms
04-10 02:17:43.226 2675 4266 D UsageGraph: No enabled state changed, skipping updateCategory call
04-10 02:17:43.229 2675 2675 I sysui_multi_action: [757,1729,758,4,854,isParalleledControllers:false,1089,81]
04-10 02:17:43.235 2675 2675 I wm_on_top_resumed_gained_called: [76076870,com.android.settings.Settings,topStateChangedWhenResumed]
04-10 02:17:43.236 2675 2675 W BatteryBroadcastRcvr: Problem reading the battery meter.
04-10 02:17:43.236 2675 2675 D BatteryInfo: time for callback: 0ms
04-10 02:17:43.241 2675 2783 D BatteryInfo: time for getStats: 0ms
04-10 02:17:43.241 2675 2783 D BatteryInfo: time for regular BatteryInfo: 0ms
