04-10 02:17:14.562 3410 3668 D MicroMsg.SDK.WXApiImplV10: registerApp, appId = wxb42cca62c3f838b9
04-10 02:17:14.562 3410 3668 D MicroMsg.SDK.WXApiImplV10: register app com.baidu.input
04-10 02:17:14.564 3410 3668 D MicroMsg.SDK.MMessage: send mm message, intent=Intent { act=com.tencent.mm.plugin.openapi.Intent.ACTION_HANDLE_APP_REGISTER (has extras) }, perm=com.tencent.mm.permission.MM_MESSAGE
04-10 02:17:14.572 3623 3623 I Perf : Connecting to perf service.
04-10 02:17:14.582 1015 1187 I am_pss : [2340,10058,.qtidataservices,6146048,4157440,0,92278784,2,0,12]
04-10 02:17:14.586 3623 3623 V GraphicsEnvironment: ANGLE Developer option for 'com.android.dynsystem' set to: 'default'
04-10 02:17:14.588 3410 3410 E ThemeUtils: View class androidx.appcompat.widget.SwitchCompat is an AppCompat widget that can only be used with a Theme.AppCompat theme (or descendant).
04-10 02:17:14.588 3623 3623 V GraphicsEnvironment: ANGLE GameManagerService for com.android.dynsystem: false
04-10 02:17:14.591 3623 3623 D NetworkSecurityConfig: No Network Security Config specified, using platform default
04-10 02:17:14.592 3623 3623 D NetworkSecurityConfig: No Network Security Config specified, using platform default
04-10 02:17:14.596 1015 2148 D CompatibilityChangeReporter: Compat change id reported: 172100307; UID 10091; state: DISABLED
04-10 02:17:14.598 3410 3410 E ThemeUtils: View class com.baidu.input.ime.cand.view.MinorWordTextView is an AppCompat widget that can only be used with a Theme.AppCompat theme (or descendant).
04-10 02:17:14.600 1015 1187 I am_pss : [2323,1001,.dataservices,8624128,6561792,0,94879744,2,0,12]
04-10 02:17:14.606 1015 2148 D CompatibilityChangeReporter: Compat change id reported: 135634846; UID 1000; state: DISABLED
04-10 02:17:14.606 1015 2148 D CompatibilityChangeReporter: Compat change id reported: 177438394; UID 1000; state: DISABLED
04-10 02:17:14.607 1015 2148 D CompatibilityChangeReporter: Compat change id reported: 135772972; UID 1000; state: DISABLED
04-10 02:17:14.607 1015 2148 D CompatibilityChangeReporter: Compat change id reported: 135754954; UID 1000; state: ENABLED
04-10 02:17:14.609 1015 2148 I am_uid_running: 10067
04-10 02:17:14.610 1015 2148 D CompatibilityChangeReporter: Compat change id reported: 135634846; UID 10067; state: DISABLED
04-10 02:17:14.610 1015 2148 D CompatibilityChangeReporter: Compat change id reported: 177438394; UID 10067; state: DISABLED
04-10 02:17:14.611 1015 2148 D CompatibilityChangeReporter: Compat change id reported: 135772972; UID 10067; state: DISABLED
04-10 02:17:14.611 1015 2148 D CompatibilityChangeReporter: Compat change id reported: 135754954; UID 10067; state: ENABLED
04-10 02:17:14.620 1439 1463 D LOWI-9.0.0.87.a: [LOWINetlinkSocketReceiver] unpackRTMLinkMessage: RTM_NEWLINK - ifname vlan2, flags 0x1003 ([UP])
04-10 02:17:14.622 1015 1187 I am_pss : [2302,1000,com.thundercomm.microsettings,29678592,26628096,0,118714368,2,0,12]
04-10 02:17:14.626 1015 1170 I EthernetTracker: interfaceLinkStateChanged, iface: vlan2, up: false
04-10 02:17:14.644 1015 1187 I am_pss : [2298,1000,com.thundercomm.microservice,9098240,7049216,0,96223232,2,0,12]
04-10 02:17:14.662 3278 3398 W MediaProvider: getVolumePath for unknown volume: internal
04-10 02:17:14.664 676 676 D Zygote : Forked child process 3681
04-10 02:17:14.664 1015 1187 I am_pss : [2229,1000,com.thundercomm.gamemode,8863744,6868992,0,95227904,2,0,12]
04-10 02:17:14.665 1015 1192 W ActivityManager: Slow operation: 60ms so far, now at startProcess: returned from zygote!
04-10 02:17:14.665 3278 3398 W MediaProvider: getVolumePath for unknown volume: internal
04-10 02:17:14.665 1015 1192 W ActivityManager: Slow operation: 61ms so far, now at startProcess: done updating battery stats
04-10 02:17:14.665 1015 1192 I am_proc_start: [0,3681,1000,com.android.dynsystem:dynsystem,service,{com.android.dynsystem/com.android.dynsystem.DynamicSystemInstallationService}]
04-10 02:17:14.665 1015 1192 W ActivityManager: Slow operation: 61ms so far, now at startProcess: building log message
04-10 02:17:14.665 1015 1192 I ActivityManager: Start proc 3681:com.android.dynsystem:dynsystem/1000 for service {com.android.dynsystem/com.android.dynsystem.DynamicSystemInstallationService}
04-10 02:17:14.666 1015 1192 W ActivityManager: Slow operation: 61ms so far, now at startProcess: starting to update pids map
04-10 02:17:14.666 1015 1192 W ActivityManager: Slow operation: 61ms so far, now at startProcess: done updating pids map
04-10 02:17:14.666 1015 1192 W ActivityManager: Slow operation: 56ms so far, now at startProcess: asking zygote to start proc
04-10 02:17:14.666 1015 1192 D CompatibilityChangeReporter: Compat change id reported: 143937733; UID 10067; state: ENABLED
04-10 02:17:14.695 1287 1371 I ExtendedUtils: printFileName fd(57) -> /product/media/audio/ringtones/UrsaMinor.ogg
04-10 02:17:14.699 1015 1187 I am_pss : [1015,1000,system,199965696,101781504,0,514994176,2,0,28]
04-10 02:17:14.710 676 676 D Zygote : Forked child process 3682
01-01 08:59:57.547 0 0 I binder : 3681:3681 ioctl 40046210 7ff41be1f4 returned -22
04-10 02:17:14.711 1015 1192 W ActivityManager: Slow operation: 101ms so far, now at startProcess: returned from zygote!
04-10 02:17:14.711 1015 1192 W ActivityManager: Slow operation: 102ms so far, now at startProcess: done updating battery stats
04-10 02:17:14.711 1015 1192 I am_proc_start: [0,3682,10067,com.android.inputmethod.latin,broadcast,{com.android.inputmethod.latin/com.android.inputmethod.latin.SystemBroadcastReceiver}]
04-10 02:17:14.711 1015 1192 W ActivityManager: Slow operation: 102ms so far, now at startProcess: building log message
04-10 02:17:14.712 1015 1192 I ActivityManager: Start proc 3682:com.android.inputmethod.latin/u0a67 for broadcast {com.android.inputmethod.latin/com.android.inputmethod.latin.SystemBroadcastReceiver}
04-10 02:17:14.712 1015 1192 W ActivityManager: Slow operation: 102ms so far, now at startProcess: starting to update pids map
04-10 02:17:14.713 1015 2148 W ActivityTaskManager: Current config: {1.0 ?mcc?mnc [zh_CN] ldltr sw680dp w1586dp h612dp 240dpi lrg long hdr land finger -keyb/v/h -nav/h winConfig={ mBounds=Rect(0, 0 - 2380, 1020) mAppBounds=Rect(0, 0 - 2380, 954) mMaxBounds=Rect(0, 0 - 2380, 1020) mWindowingMode=fullscreen mDisplayWindowingMode=fullscreen mActivityType=undefined mAlwaysOnTop=undefined mRotation=ROTATION_0} s.10 fontWeightAdjustment=0} unchanged for IME proc com.baidu.input
04-10 02:17:14.713 1015 2148 W ActivityTaskManager: Current config: {1.0 ?mcc?mnc [zh_CN] ldltr sw680dp w1586dp h612dp 240dpi lrg long hdr land finger -keyb/v/h -nav/h winConfig={ mBounds=Rect(0, 0 - 2380, 1020) mAppBounds=Rect(0, 0 - 2380, 954) mMaxBounds=Rect(0, 0 - 2380, 1020) mWindowingMode=fullscreen mDisplayWindowingMode=fullscreen mActivityType=undefined mAlwaysOnTop=undefined mRotation=ROTATION_0} s.10 fontWeightAdjustment=0} unchanged for IME proc com.baidu.input
04-10 02:17:14.717 1015 1192 W ActivityManager: Slow operation: 108ms so far, now at startProcess: done updating pids map
04-10 02:17:14.727 1439 1463 D LOWI-9.0.0.87.a: [LOWINetlinkSocketReceiver] unpackRTMLinkMessage: RTM_NEWLINK - ifname vlan2, flags 0x1003 ([UP])
04-10 02:17:14.728 1015 1170 I EthernetTracker: interfaceLinkStateChanged, iface: vlan2, up: false
04-10 02:17:14.737 3681 3681 D ProcessState: Binder ioctl to enable oneway spam detection failed: Invalid argument
04-10 02:17:14.740 2924 2936 I adbd : jdwp connection from 3681
04-10 02:17:14.751 1015 2898 I am_proc_bound: [0,3681,com.android.dynsystem:dynsystem]
04-10 02:17:14.752 1015 2898 D CompatibilityInfo: mCompatibilityFlags - 4
04-10 02:17:14.752 1015 2898 D CompatibilityInfo: applicationDensity - 240
04-10 02:17:14.752 1015 2898 D CompatibilityInfo: applicationScale - 1.0
04-10 02:17:14.754 1015 2898 D CompatibilityInfo: mCompatibilityFlags - 4
04-10 02:17:14.754 1015 2898 D CompatibilityInfo: applicationDensity - 240
04-10 02:17:14.754 1015 2898 D CompatibilityInfo: applicationScale - 1.0
04-10 02:17:14.759 3681 3681 D CompatibilityChangeReporter: Compat change id reported: 171979766; UID 1000; state: ENABLED
04-10 02:17:14.792 1439 1463 D LOWI-9.0.0.87.a: [LOWINetlinkSocketReceiver] unpackRTMLinkMessage: RTM_NEWLINK - ifname vlan2, flags 0x1003 ([UP])
04-10 02:17:14.794 1015 1170 I EthernetTracker: interfaceLinkStateChanged, iface: vlan2, up: false
04-10 02:17:14.806 1279 1811 I MMParserExtractor: Created(0xb4000071285a13f0)
04-10 02:17:14.812 2924 2936 I adbd : jdwp connection from 3682
04-10 02:17:14.816 3682 3682 D ProcessState: Binder ioctl to enable oneway spam detection failed: Invalid argument
01-01 08:59:57.627 0 0 I binder : 3682:3682 ioctl 40046210 7ff41be1f4 returned -22
04-10 02:17:14.837 1439 1463 D LOWI-9.0.0.87.a: [LOWINetlinkSocketReceiver] unpackRTMLinkMessage: RTM_NEWLINK - ifname vlan2, flags 0x1003 ([UP])
04-10 02:17:14.840 1015 1170 I EthernetTracker: interfaceLinkStateChanged, iface: vlan2, up: false
04-10 02:17:14.842 1015 1816 I am_proc_bound: [0,3682,com.android.inputmethod.latin]
04-10 02:17:14.845 1015 1816 D CompatibilityChangeReporter: Compat change id reported: 168419799; UID 10067; state: DISABLED
04-10 02:17:14.845 1015 1816 D CompatibilityInfo: mCompatibilityFlags - 4
04-10 02:17:14.845 1015 1816 D CompatibilityInfo: applicationDensity - 240
04-10 02:17:14.845 1015 1816 D CompatibilityInfo: applicationScale - 1.0
04-10 02:17:14.852 1015 1816 I am_uid_active: 10067
04-10 02:17:14.854 1015 1816 D CompatibilityInfo: mCompatibilityFlags - 4
04-10 02:17:14.858 1015 1816 D CompatibilityInfo: applicationDensity - 240
04-10 02:17:14.858 1015 1816 D CompatibilityInfo: applicationScale - 1.0
04-10 02:17:14.861 3681 3681 I Perf : Connecting to perf service.
04-10 02:17:14.874 3682 3682 D CompatibilityChangeReporter: Compat change id reported: 171979766; UID 10067; state: DISABLED
04-10 02:17:14.886 3681 3681 V GraphicsEnvironment: ANGLE Developer option for 'com.android.dynsystem' set to: 'default'
04-10 02:17:14.890 1015 1172 I DropBoxManagerService: add tag=system_server_strictmode isTagEnabled=true flags=0x2
04-10 02:17:14.893 1287 3724 I ExtendedUtils: printFileName fd(57) -> /product/media/audio/ringtones/Hydra.ogg
04-10 02:17:14.895 3681 3681 V GraphicsEnvironment: ANGLE GameManagerService for com.android.dynsystem: false
04-10 02:17:14.898 3681 3681 D NetworkSecurityConfig: No Network Security Config specified, using platform default
04-10 02:17:14.899 3681 3681 D NetworkSecurityConfig: No Network Security Config specified, using platform default
04-10 02:17:14.905 1439 1463 D LOWI-9.0.0.87.a: [LOWINetlinkSocketReceiver] unpackRTMLinkMessage: RTM_NEWLINK - ifname vlan2, flags 0x1003 ([UP])
04-10 02:17:14.910 1015 1170 I EthernetTracker: interfaceLinkStateChanged, iface: vlan2, up: false
04-10 02:17:14.916 1015 1955 I GameModeConfig: isGameModeOn = false
04-10 02:17:14.916 1015 1955 I GameModeConfig: isGameModeOn = false
04-10 02:17:14.917 1015 1955 I GameModeConfig: isGameModeOn = false
04-10 02:17:14.917 1015 1955 I GameModeConfig: isGameModeOn = false
04-10 02:17:14.917 1015 1955 I GameModeConfig: isGameModeOn = false
04-10 02:17:14.920 1279 1811 I MMParserExtractor: Created(0xb4000071285a13f0)
04-10 02:17:14.931 3681 3681 D DynamicSystemInstallationService: onStartCommand(): action=android.os.image.action.NOTIFY_IF_IN_USE
04-10 02:17:14.932 1015 2148 I DynamicSystemService: isInstalled(): false
04-10 02:17:14.953 1287 3730 I ExtendedUtils: printFileName fd(57) -> /product/media/audio/ringtones/Andromeda.ogg
04-10 02:17:14.970 1279 1811 I MMParserExtractor: Created(0xb4000071285a13f0)
04-10 02:17:14.978 3682 3682 D nativeloader: classloader namespace configured for unbundled product apk. library_path=/product/app/LatinIME/lib/arm64:/product/app/LatinIME/LatinIME.apk!/lib/arm64-v8a:/product/lib64:/system/product/lib64
01-01 08:59:57.806 0 0 W audit : audit_lost=1 audit_rate_limit=5 audit_backlog_limit=64
01-01 08:59:57.806 0 0 E audit : rate limit exceeded
04-10 02:17:15.009 1287 1803 I ExtendedUtils: printFileName fd(62) -> /product/media/audio/ringtones/Perseus.ogg
04-10 02:17:15.043 3732 3732 I auditd : type=1400 audit(0.0:162): avc: denied { read } for comm="ip" name="rt_tables" dev="dm-6" ino=332 scontext=u:r:ethernet:s0 tcontext=u:object_r:net_data_file:s0 tclass=file permissive=0
04-10 02:17:15.043 3732 3732 W ip : type=1400 audit(0.0:162): avc: denied { read } for name="rt_tables" dev="dm-6" ino=332 scontext=u:r:ethernet:s0 tcontext=u:object_r:net_data_file:s0 tclass=file permissive=0
04-10 02:17:15.052 3682 3682 I Perf : Connecting to perf service.
04-10 02:17:15.074 3682 3682 V GraphicsEnvironment: ANGLE Developer option for 'com.android.inputmethod.latin' set to: 'default'
04-10 02:17:15.076 3682 3682 V GraphicsEnvironment: ANGLE GameManagerService for com.android.inputmethod.latin: false
04-10 02:17:15.078 1279 1279 I MMParserExtractor: Created(0xb4000071285a13f0)
04-10 02:17:15.079 3682 3682 D NetworkSecurityConfig: No Network Security Config specified, using platform default
04-10 02:17:15.079 3682 3682 D NetworkSecurityConfig: No Network Security Config specified, using platform default
04-10 02:17:15.088 3733 3733 E vota : [b43bf4f8]: [vota]: init: ..
04-10 02:17:15.089 3733 3733 E vota : [b43bf4f8]: [vota]: [warning]: the java machine be not inited, please pass it to the tb_init function! at tb_android_init_env(): 43, src/vota/platform/android/android.c
04-10 02:17:15.092 3733 3733 E vota : [b43bf4f8]: [vota]: version: tbox_v1_6_7_202302251411_arm64-v8a_elf by Android (8481493, based on r416183c2) Clang 12.0.9 (https://android.googlesource.com/toolchain/llvm-project c935d99d7cf2016289302412d708641d52d2f7ee)
04-10 02:17:15.092 3733 3733 E vota : [b43bf4f8]: [vota]: init: ok
04-10 02:17:15.093 3733 3733 E vota : [b43bf4f8]: [vota]: [scheduler]: start ..
04-10 02:17:15.093 3733 3733 E vota : [b43bf4f8]: [vota]: [coroutine]: init 0x7ab2dd1158
04-10 02:17:15.093 3733 3733 E vota : [b43bf4f8]: [vota]: [scheduler]: start ok
04-10 02:17:15.093 3733 3733 E vota : [b43bf4f8]: [vota]: [scheduler]: switch to coroutine(0x7ab2dd1158) from coroutine(0x7ab2ececa0)
04-10 02:17:15.093 3733 3733 E vota : [b43bf4f8]: [vota]: [coroutine]: entry: 0x7ab2dd1158 stack: 0x7ab2dd11b8 - 0x7ab2e111b8 from coroutine(0x7ab2ececa0)
04-10 02:17:15.095 3733 3733 I hiphi_update_api: Hh_GetVersion calling ......
04-10 02:17:15.095 3733 3733 I hiphi_update_api: get version:01.00.X103_20230410_private_userdebug
04-10 02:17:15.095 3733 3733 I hiphi_update_api: Hh_GetVersion ret:0
04-10 02:17:15.096 3682 3682 I SystemBroadcastReceiver: Boot has been completed
04-10 02:17:15.098 3682 3682 I SystemBroadcastReceiver: toggleAppIcon() : FLAG_SYSTEM = true
04-10 02:17:15.128 1015 1187 I sysui_multi_action: [757,1717,758,1,759,0]
04-10 02:17:15.129 1015 1187 I sysui_multi_action: [757,1717,758,2,759,0]
04-10 02:17:15.135 1015 1187 I sysui_multi_action: [757,1717,758,3,759,0]
04-10 02:17:15.147 3682 3682 I SystemBroadcastReceiver: Killing my process: pid=3682
04-10 02:17:15.148 3682 3682 I Process : Sending signal. PID: 3682 SIG: 9
04-10 02:17:15.171 1287 3724 I ExtendedUtils: printFileName fd(62) -> /product/media/audio/ringtones/CanisMajor.ogg
04-10 02:17:15.206 1439 1463 D LOWI-9.0.0.87.a: [LOWINetlinkSocketReceiver] unpackRTMLinkMessage: RTM_NEWLINK - ifname vlan4, flags 0x1003 ([UP])
04-10 02:17:15.207 1015 1170 I EthernetTracker: interfaceLinkStateChanged, iface: vlan4, up: false
04-10 02:17:15.217 1279 1279 I MMParserExtractor: Created(0xb4000071285a13f0)
04-10 02:17:15.255 1439 1463 D LOWI-9.0.0.87.a: [LOWINetlinkSocketReceiver] unpackRTMLinkMessage: RTM_NEWLINK - ifname vlan4, flags 0x1003 ([UP])
04-10 02:17:15.256 1015 1170 I EthernetTracker: interfaceLinkStateChanged, iface: vlan4, up: false
04-10 02:17:15.262 650 660 I mpu_uart: [MSG-P:RECV]:No message received in 1000 ms
04-10 02:17:15.277 3278 3398 W MediaProvider: getVolumePath for unknown volume: internal
04-10 02:17:15.282 3278 3398 W MediaProvider: getVolumePath for unknown volume: internal
04-10 02:17:15.284 3278 3398 W MediaProvider: getVolumePath for unknown volume: internal
04-10 02:17:15.285 3278 3398 W MediaProvider: getVolumePath for unknown volume: internal
04-10 02:17:15.288 3278 3398 W MediaProvider: getVolumePath for unknown volume: internal
04-10 02:17:15.320 1439 1463 D LOWI-9.0.0.87.a: [LOWINetlinkSocketReceiver] unpackRTMLinkMessage: RTM_NEWLINK - ifname vlan4, flags 0x1003 ([UP])
04-10 02:17:15.322 1015 1170 I EthernetTracker: interfaceLinkStateChanged, iface: vlan4, up: false
04-10 02:17:15.354 1439 1463 D LOWI-9.0.0.87.a: [LOWINetlinkSocketReceiver] unpackRTMLinkMessage: RTM_NEWLINK - ifname vlan4, flags 0x1003 ([UP])
04-10 02:17:15.355 1015 2148 I ActivityManager: Process com.android.inputmethod.latin (pid 3682) has died: fg RCVR
04-10 02:17:15.355 1015 1197 I libprocessgroup: Successfully killed process cgroup uid 10067 pid 3682 in 0ms
04-10 02:17:15.356 1015 1170 I EthernetTracker: interfaceLinkStateChanged, iface: vlan4, up: false
04-10 02:17:15.359 3278 3584 I MediaProvider: Scanned internal due to REASON_MOUNTED, found 230 items in 1109ms, 0 inserts 7 updates 0 deletes
04-10 02:17:15.362 1015 2148 I am_proc_died: [0,3682,com.android.inputmethod.latin,0,11]
04-10 02:17:15.362 1015 2148 I am_broadcast_discard_app: [0,258937203,android.intent.action.BOOT_COMPLETED,16,ResolveInfo{5dcd196 com.android.inputmethod.latin/.SystemBroadcastReceiver m=0x108000}]
04-10 02:17:15.363 1015 2148 I am_uid_stopped: 10067
04-10 02:17:15.368 1015 1191 I am_uid_running: 10030
04-10 02:17:15.368 1015 1191 I ActivityManager: com.android.managedprovisioning is exempt from freezer
04-10 02:17:15.368 1015 1191 D CompatibilityChangeReporter: Compat change id reported: 135634846; UID 10030; state: DISABLED
04-10 02:17:15.368 1015 1191 D CompatibilityChangeReporter: Compat change id reported: 177438394; UID 10030; state: DISABLED
04-10 02:17:15.368 1015 1191 D CompatibilityChangeReporter: Compat change id reported: 135772972; UID 10030; state: DISABLED
04-10 02:17:15.368 1015 1191 D CompatibilityChangeReporter: Compat change id reported: 135754954; UID 10030; state: ENABLED
04-10 02:17:15.369 1015 1192 D CompatibilityChangeReporter: Compat change id reported: 143937733; UID 10030; state: ENABLED
04-10 02:17:15.387 3733 3733 I auditd : type=1400 audit(0.0:163): avc: denied { read append } for comm="hht_ota_mgr" name="NvmSim_yy.dat" dev="dm-6" ino=362 scontext=u:r:hht_ota_mgr:s0 tcontext=u:object_r:system_data_file:s0 tclass=file permissive=0
04-10 02:17:15.387 3733 3733 W hht_ota_mgr: type=1400 audit(0.0:163): avc: denied { read append } for name="NvmSim_yy.dat" dev="dm-6" ino=362 scontext=u:r:hht_ota_mgr:s0 tcontext=u:object_r:system_data_file:s0 tclass=file permissive=0
04-10 02:17:15.393 3733 3733 E vota : [b43bf4f8]: [vota]: [scheduler]: finish coroutine(0x7ab2dd1158)
04-10 02:17:15.393 3733 3733 E vota : [b43bf4f8]: [vota]: [scheduler]: switch to original coroutine
04-10 02:17:15.393 3733 3733 E vota : [b43bf4f8]: [vota]: [scheduler]: switch to coroutine(0x7ab2ececa0) from coroutine(0x7ab2dd1158)
04-10 02:17:15.393 3733 3733 E vota : [b43bf4f8]: [vota]: [scheduler]: [loop]: ready 0
04-10 02:17:15.393 3733 3733 E vota : [b43bf4f8]: [vota]: [coroutine]: exit: 0x7ab2dd1158
04-10 02:17:15.394 3733 3733 E vota : [b43bf4f8]: [vota]: [lock_profiler]:
04-10 02:17:15.394 3733 3733 E vota : [b43bf4f8]: [vota]: [lock_profiler]: lock: 0xb400007855364d4c, name: allocator, occupied: 0
04-10 02:17:15.394 3733 3733 E vota : [b43bf4f8]: [vota]: [lock_profiler]: lock: 0xb40000784536c854, name: native_large_allocator, occupied: 0
04-10 02:17:15.394 3733 3733 E vota : [b43bf4f8]: [vota]: [small_allocator]:
04-10 02:17:15.394 3733 3733 E vota : [b43bf4f8]: [vota]: [static_fixed_pool]: [16]: peak_size: 288, wast_rate: 4074/10000, pred_failed: 0, item_maxn: 245, free_count: 18, malloc_count: 18
04-10 02:17:15.394 3733 3733 E vota : [b43bf4f8]: [vota]: [static_fixed_pool]: [96]: peak_size: 2208, wast_rate: 1028/10000, pred_failed: 0, item_maxn: 248, free_count: 23, malloc_count: 23
04-10 02:17:15.394 3733 3733 E vota : [b43bf4f8]: [vota]: [static_fixed_pool]: [128]: peak_size: 9216, wast_rate: 791/10000, pred_failed: 0, item_maxn: 249, free_count: 72, malloc_count: 72
04-10 02:17:15.394 3733 3733 E vota : [b43bf4f8]: [vota]: [static_fixed_pool]: [192]: peak_size: 2112, wast_rate: 541/10000, pred_failed: 0, item_maxn: 250, free_count: 11, malloc_count: 11
04-10 02:17:15.394 3733 3733 E vota : [b43bf4f8]: [vota]: [static_fixed_pool]: [256]: peak_size: 256, wast_rate: 411/10000, pred_failed: 0, item_maxn: 251, free_count: 1, malloc_count: 1
04-10 02:17:15.394 3733 3733 E vota : [b43bf4f8]: [vota]: [static_fixed_pool]: [384]: peak_size: 5376, wast_rate: 278/10000, pred_failed: 0, item_maxn: 252, free_count: 14, malloc_count: 14
04-10 02:17:15.394 3733 3733 E vota : [b43bf4f8]: [vota]: [static_fixed_pool]: [512]: peak_size: 5632, wast_rate: 210/10000, pred_failed: 0, item_maxn: 253, free_count: 11, malloc_count: 11
04-10 02:17:15.394 3733 3733 E vota : [b43bf4f8]: [vota]: [static_fixed_pool]: [1024]: peak_size: 2048, wast_rate: 106/10000, pred_failed: 0, item_maxn: 254, free_count: 2, malloc_count: 2
04-10 02:17:15.396 3733 3733 E vota : [b43bf4f8]: [vota]: [native_large_allocator]:
04-10 02:17:15.396 3733 3733 E vota : [b43bf4f8]: [vota]: [native_large_allocator]: peak_size: 3373986
04-10 02:17:15.396 3733 3733 E vota : [b43bf4f8]: [vota]: [native_large_allocator]: wast_rate: 4/10000
04-10 02:17:15.396 3733 3733 E vota : [b43bf4f8]: [vota]: [native_large_allocator]: free_count: 52
04-10 02:17:15.396 3733 3733 E vota : [b43bf4f8]: [vota]: [native_large_allocator]: malloc_count: 52
04-10 02:17:15.396 3733 3733 E vota : [b43bf4f8]: [vota]: [native_large_allocator]: ralloc_count: 0
04-10 02:17:15.396 3733 3733 E vota : [b43bf4f8]: [vota]: exit: ok
04-10 02:17:15.406 2298 2386 W System.err: java.net.NoRouteToHostException: Host unreachable
04-10 02:17:15.407 2298 2386 W System.err: at libcore.io.IoBridge.connect(IoBridge.java:183)
04-10 02:17:15.407 2298 2386 W System.err: at java.net.PlainSocketImpl.socketConnect(PlainSocketImpl.java:142)
04-10 02:17:15.407 2298 2386 W System.err: at java.net.AbstractPlainSocketImpl.doConnect(AbstractPlainSocketImpl.java:390)
04-10 02:17:15.407 2298 2386 W System.err: at java.net.AbstractPlainSocketImpl.connectToAddress(AbstractPlainSocketImpl.java:230)
04-10 02:17:15.407 2298 2386 W System.err: at java.net.AbstractPlainSocketImpl.connect(AbstractPlainSocketImpl.java:212)
04-10 02:17:15.407 2298 2386 W System.err: at java.net.SocksSocketImpl.connect(SocksSocketImpl.java:436)
04-10 02:17:15.407 2298 2386 W System.err: at java.net.Socket.connect(Socket.java:621)
04-10 02:17:15.407 2298 2386 W System.err: at java.net.Socket.connect(Socket.java:570)
04-10 02:17:15.407 2298 2386 W System.err: at java.net.Socket.(Socket.java:450)
04-10 02:17:15.407 2298 2386 W System.err: at java.net.Socket.(Socket.java:292)
04-10 02:17:15.407 2298 2386 W System.err: at com.thundercomm.microservice.base.BaseMicroSocketClient.createClientSocket(BaseMicroSocketClient.java:20)
04-10 02:17:15.407 2298 2386 W System.err: at com.thundercomm.microservice.MicroSocketClient.serialSendMessage(MicroSocketClient.java:79)
04-10 02:17:15.407 2298 2386 W System.err: at com.thundercomm.microservice.MicroSocketClient.lambda$handShark$1$MicroSocketClient(MicroSocketClient.java:94)
04-10 02:17:15.407 2298 2386 W System.err: at com.thundercomm.microservice.MicroSocketClient$$ExternalSyntheticLambda0.run(Unknown Source:4)
04-10 02:17:15.408 2298 2386 W System.err: at java.lang.Thread.run(Thread.java:920)
04-10 02:17:15.408 2298 2386 E MicroService: DTC_ETH: BaseMicroSocketClient:createClientSocket() java.net.NoRouteToHostException: Host unreachable
04-10 02:17:15.421 676 676 D Zygote : Forked child process 3745
04-10 02:17:15.422 676 676 I Zygote : Process 3682 exited due to signal 9 (Killed)
04-10 02:17:15.422 1015 1192 W ActivityManager: Slow operation: 55ms so far, now at startProcess: returned from zygote!
04-10 02:17:15.423 1015 1192 W ActivityManager: Slow operation: 55ms so far, now at startProcess: done updating battery stats
04-10 02:17:15.423 1015 1192 I am_proc_start: [0,3745,10030,com.android.managedprovisioning,broadcast,{com.android.managedprovisioning/com.android.managedprovisioning.BootReminder}]
04-10 02:17:15.423 1015 1192 W ActivityManager: Slow operation: 55ms so far, now at startProcess: building log message
04-10 02:17:15.423 1015 1192 I ActivityManager: Start proc 3745:com.android.managedprovisioning/u0a30 for broadcast {com.android.managedprovisioning/com.android.managedprovisioning.BootReminder}
04-10 02:17:15.423 1015 1192 W ActivityManager: Slow operation: 55ms so far, now at startProcess: starting to update pids map
04-10 02:17:15.423 1015 1192 W ActivityManager: Slow operation: 56ms so far, now at startProcess: done updating pids map
04-10 02:17:15.429 1439 1463 D LOWI-9.0.0.87.a: [LOWINetlinkSocketReceiver] unpackRTMLinkMessage: RTM_NEWLINK - ifname vlan4, flags 0x1003 ([UP])
04-10 02:17:15.431 1015 1170 I EthernetTracker: interfaceLinkStateChanged, iface: vlan4, up: false
04-10 02:17:15.451 3278 3584 I MediaProvider: Scanned external_primary due to REASON_MOUNTED, found 17 items in 56ms, 0 inserts 0 updates 0 deletes
04-10 02:17:15.452 3278 3584 I MediaProvider: End Intent { act=com.android.providers.media.action.SCAN_VOLUME (has extras) }
04-10 02:17:15.453 1015 2087 D PowerManagerNotifier: onWakeLockReleased: flags=1, tag="*job*/com.android.providers.media.module/com.android.providers.media.MediaService", packageName=android, ownerUid=1000, ownerPid=1015, workSource=WorkSource{10091}
04-10 02:17:15.453 1015 2087 D DisplayPowerController[0]: requestPowerState: policy=BRIGHT, useProximitySensor=false, screenBrightnessOverride=NaN, useAutoBrightness=true, screenAutoBrightnessAdjustmentOverride=NaN, screenLowPowerBrightnessFactor=1.0, blockScreenOn=false, lowPowerMode=false, boostScreenBrightness=false, dozeScreenBrightness=NaN, dozeScreenState=UNKNOWN, waitForNegativeProximity=false
04-10 02:17:15.453 1015 2087 D PowerManagerNotifier: onScreenPolicyUpdate: newPolicy=3
04-10 02:17:15.498 1439 1463 D LOWI-9.0.0.87.a: [LOWINetlinkSocketReceiver] unpackRTMLinkMessage: RTM_NEWLINK - ifname vlan4, flags 0x1003 ([UP])
04-10 02:17:15.499 1015 1170 I EthernetTracker: interfaceLinkStateChanged, iface: vlan4, up: false
04-10 02:17:15.502 2924 2936 I adbd : jdwp connection from 3745
04-10 02:17:15.504 3745 3745 D ProcessState: Binder ioctl to enable oneway spam detection failed: Invalid argument
01-01 08:59:58.314 0 0 I binder : 3745:3745 ioctl 40046210 7ff41be1f4 returned -22
04-10 02:17:15.520 1015 2087 I am_proc_bound: [0,3745,com.android.managedprovisioning]
04-10 02:17:15.522 1015 2087 D CompatibilityChangeReporter: Compat change id reported: 168419799; UID 10030; state: DISABLED
04-10 02:17:15.523 1015 2087 D CompatibilityInfo: mCompatibilityFlags - 4
04-10 02:17:15.523 1015 2087 D CompatibilityInfo: applicationDensity - 240
04-10 02:17:15.523 1015 2087 D CompatibilityInfo: applicationScale - 1.0
04-10 02:17:15.531 1015 2087 I am_uid_active: 10030
04-10 02:17:15.535 1015 2087 D CompatibilityInfo: mCompatibilityFlags - 4
04-10 02:17:15.535 1015 2087 D CompatibilityInfo: applicationDensity - 240
04-10 02:17:15.535 1015 2087 D CompatibilityInfo: applicationScale - 1.0
04-10 02:17:15.540 3745 3745 D CompatibilityChangeReporter: Compat change id reported: 171979766; UID 10030; state: ENABLED
04-10 02:17:15.542 1439 1463 D LOWI-9.0.0.87.a: [LOWINetlinkSocketReceiver] unpackRTMLinkMessage: RTM_NEWLINK - ifname vlan4, flags 0x1003 ([UP])
04-10 02:17:15.542 1015 1170 I EthernetTracker: interfaceLinkStateChanged, iface: vlan4, up: false
04-10 02:17:15.610 1439 1463 D LOWI-9.0.0.87.a: [LOWINetlinkSocketReceiver] unpackRTMLinkMessage: RTM_NEWLINK - ifname vlan4, flags 0x1003 ([UP])
04-10 02:17:15.612 1015 1170 I EthernetTracker: interfaceLinkStateChanged, iface: vlan4, up: false
04-10 02:17:15.644 1439 1463 D LOWI-9.0.0.87.a: [LOWINetlinkSocketReceiver] unpackRTMLinkMessage: RTM_NEWLINK - ifname vlan4, flags 0x1003 ([UP])
04-10 02:17:15.644 1015 1170 I EthernetTracker: interfaceLinkStateChanged, iface: vlan4, up: false
04-10 02:17:15.685 3745 3745 I Perf : Connecting to perf service.
04-10 02:17:15.697 3745 3745 V GraphicsEnvironment: ANGLE Developer option for 'com.android.managedprovisioning' set to: 'default'
04-10 02:17:15.699 3745 3745 V GraphicsEnvironment: ANGLE GameManagerService for com.android.managedprovisioning: false
04-10 02:17:15.699 3771 3771 I auditd : type=1400 audit(0.0:164): avc: denied { read } for comm="ip" name="rt_tables" dev="dm-6" ino=332 scontext=u:r:ethernet:s0 tcontext=u:object_r:net_data_file:s0 tclass=file permissive=0
04-10 02:17:15.699 3771 3771 W ip : type=1400 audit(0.0:164): avc: denied { read } for name="rt_tables" dev="dm-6" ino=332 scontext=u:r:ethernet:s0 tcontext=u:object_r:net_data_file:s0 tclass=file permissive=0
04-10 02:17:15.702 3745 3745 D NetworkSecurityConfig: No Network Security Config specified, using platform default
04-10 02:17:15.703 3745 3745 D NetworkSecurityConfig: No Network Security Config specified, using platform default
04-10 02:17:15.743 3772 3772 I auditd : type=1400 audit(0.0:165): avc: denied { read } for comm="ip" name="rt_tables" dev="dm-6" ino=332 scontext=u:r:ethernet:s0 tcontext=u:object_r:net_data_file:s0 tclass=file permissive=0
04-10 02:17:15.743 3772 3772 W ip : type=1400 audit(0.0:165): avc: denied { read } for name="rt_tables" dev="dm-6" ino=332 scontext=u:r:ethernet:s0 tcontext=u:object_r:net_data_file:s0 tclass=file permissive=0
04-10 02:17:15.759 3745 3745 I CarUiInstaller: CarUiInstaller started for com.android.managedprovisioning
04-10 02:17:15.791 1015 2148 D CompatibilityInfo: mCompatibilityFlags - 4
04-10 02:17:15.791 1015 2148 D CompatibilityInfo: applicationDensity - 240
04-10 02:17:15.791 1015 2148 D CompatibilityInfo: applicationScale - 1.0
04-10 02:17:15.796 1015 1816 I am_uid_running: 10083
04-10 02:17:15.797 1015 1816 D CompatibilityChangeReporter: Compat change id reported: 135634846; UID 10083; state: DISABLED
04-10 02:17:15.797 1015 1816 D CompatibilityChangeReporter: Compat change id reported: 177438394; UID 10083; state: DISABLED
04-10 02:17:15.798 1015 1816 D CompatibilityChangeReporter: Compat change id reported: 135772972; UID 10083; state: DISABLED
04-10 02:17:15.799 1015 1816 D CompatibilityChangeReporter: Compat change id reported: 135754954; UID 10083; state: ENABLED
04-10 02:17:15.799 1015 1192 D CompatibilityChangeReporter: Compat change id reported: 143937733; UID 10083; state: ENABLED
04-10 02:17:15.840 676 676 D Zygote : Forked child process 3776
04-10 02:17:15.841 1015 1192 I am_proc_start: [0,3776,10083,com.android.music,broadcast,{com.android.music/com.android.music.MediaPlaybackReceiver}]
04-10 02:17:15.842 1015 1192 I ActivityManager: Start proc 3776:com.android.music/u0a83 for broadcast {com.android.music/com.android.music.MediaPlaybackReceiver}
01-01 08:59:58.661 0 0 E thermal cooling_device4: DTC_Fan: ERROR, avg(0) out of range(2520, 4200)
at stat(2)
04-10 02:17:15.871 1439 1463 D LOWI-9.0.0.87.a: [LOWINetlinkSocketReceiver] unpackRTMLinkMessage: RTM_NEWLINK - ifname vlan8, flags 0x1003 ([UP])
04-10 02:17:15.872 1015 1170 I EthernetTracker: interfaceLinkStateChanged, iface: vlan8, up: false
04-10 02:17:15.899 2924 2936 I adbd : jdwp connection from 3776
04-10 02:17:15.905 3776 3776 D ProcessState: Binder ioctl to enable oneway spam detection failed: Invalid argument
01-01 08:59:58.716 0 0 I binder : 3776:3776 ioctl 40046210 7ff41be1f4 returned -22
04-10 02:17:15.915 1015 2148 I am_proc_bound: [0,3776,com.android.music]
04-10 02:17:15.918 1439 1463 D LOWI-9.0.0.87.a: [LOWINetlinkSocketReceiver] unpackRTMLinkMessage: RTM_NEWLINK - ifname vlan8, flags 0x1003 ([UP])
04-10 02:17:15.918 1015 2148 D CompatibilityChangeReporter: Compat change id reported: 168419799; UID 10083; state: DISABLED
04-10 02:17:15.918 1015 2148 D CompatibilityInfo: mCompatibilityFlags - 4
04-10 02:17:15.918 1015 2148 D CompatibilityInfo: applicationDensity - 240
04-10 02:17:15.919 1015 2148 D CompatibilityInfo: applicationScale - 1.0
04-10 02:17:15.919 1015 1170 I EthernetTracker: interfaceLinkStateChanged, iface: vlan8, up: false
04-10 02:17:15.923 1015 2148 I am_uid_active: 10083
04-10 02:17:15.924 1015 2148 D CompatibilityInfo: mCompatibilityFlags - 4
04-10 02:17:15.924 1015 2148 D CompatibilityInfo: applicationDensity - 240
04-10 02:17:15.924 1015 2148 D CompatibilityInfo: applicationScale - 1.0
04-10 02:17:15.944 3776 3776 D CompatibilityChangeReporter: Compat change id reported: 171979766; UID 10083; state: ENABLED
04-10 02:17:15.980 1439 1463 D LOWI-9.0.0.87.a: [LOWINetlinkSocketReceiver] unpackRTMLinkMessage: RTM_NEWLINK - ifname vlan8, flags 0x1003 ([UP])
04-10 02:17:15.982 1015 1170 I EthernetTracker: interfaceLinkStateChanged, iface: vlan8, up: false
04-10 02:17:16.023 1439 1463 D LOWI-9.0.0.87.a: [LOWINetlinkSocketReceiver] unpackRTMLinkMessage: RTM_NEWLINK - ifname vlan8, flags 0x1003 ([UP])
04-10 02:17:16.025 1015 1170 I EthernetTracker: interfaceLinkStateChanged, iface: vlan8, up: false
04-10 02:17:16.058 1439 1463 D LOWI-9.0.0.87.a: [LOWINetlinkSocketReceiver] unpackRTMLinkMessage: RTM_NEWLINK - ifname vlan8, flags 0x1003 ([UP])
04-10 02:17:16.059 1015 1170 I EthernetTracker: interfaceLinkStateChanged, iface: vlan8, up: false
04-10 02:17:16.103 1439 1463 D LOWI-9.0.0.87.a: [LOWINetlinkSocketReceiver] unpackRTMLinkMessage: RTM_NEWLINK - ifname vlan8, flags 0x1003 ([UP])
04-10 02:17:16.104 1015 1170 I EthernetTracker: interfaceLinkStateChanged, iface: vlan8, up: false
04-10 02:17:16.128 3776 3776 I Perf : Connecting to perf service.
04-10 02:17:16.137 1439 1463 D LOWI-9.0.0.87.a: [LOWINetlinkSocketReceiver] unpackRTMLinkMessage: RTM_NEWLINK - ifname vlan8, flags 0x1003 ([UP])
04-10 02:17:16.141 1015 1170 I EthernetTracker: interfaceLinkStateChanged, iface: vlan8, up: false
04-10 02:17:16.144 3776 3776 V GraphicsEnvironment: ANGLE Developer option for 'com.android.music' set to: 'default'
04-10 02:17:16.146 3776 3776 V GraphicsEnvironment: ANGLE GameManagerService for com.android.music: false
04-10 02:17:16.149 3776 3776 D NetworkSecurityConfig: No Network Security Config specified, using platform default
04-10 02:17:16.149 3776 3776 D NetworkSecurityConfig: No Network Security Config specified, using platform default
04-10 02:17:16.166 1439 1463 D LOWI-9.0.0.87.a: [LOWINetlinkSocketReceiver] unpackRTMLinkMessage: RTM_NEWLINK - ifname vlan8, flags 0x1003 ([UP])
04-10 02:17:16.168 1015 1170 I EthernetTracker: interfaceLinkStateChanged, iface: vlan8, up: false
04-10 02:17:16.194 1015 2148 I am_uid_running: 10059
04-10 02:17:16.195 1015 2148 D CompatibilityChangeReporter: Compat change id reported: 135634846; UID 10059; state: DISABLED
04-10 02:17:16.195 1015 2148 D CompatibilityChangeReporter: Compat change id reported: 177438394; UID 10059; state: DISABLED
04-10 02:17:16.195 1015 2148 D CompatibilityChangeReporter: Compat change id reported: 135772972; UID 10059; state: DISABLED
04-10 02:17:16.195 1015 2148 D CompatibilityChangeReporter: Compat change id reported: 135754954; UID 10059; state: ENABLED
04-10 02:17:16.196 1015 1192 D CompatibilityChangeReporter: Compat change id reported: 143937733; UID 10059; state: ENABLED
04-10 02:17:16.197 1439 1463 D LOWI-9.0.0.87.a: [LOWINetlinkSocketReceiver] unpackRTMLinkMessage: RTM_NEWLINK - ifname vlan8, flags 0x1003 ([UP])
04-10 02:17:16.201 1015 1170 I EthernetTracker: interfaceLinkStateChanged, iface: vlan8, up: false
04-10 02:17:16.237 676 676 D Zygote : Forked child process 3805
04-10 02:17:16.238 1015 1192 I am_proc_start: [0,3805,10059,com.android.onetimeinitializer,broadcast,{com.android.onetimeinitializer/com.android.onetimeinitializer.OneTimeInitializerReceiver}]
04-10 02:17:16.238 1015 1192 I ActivityManager: Start proc 3805:com.android.onetimeinitializer/u0a59 for broadcast {com.android.onetimeinitializer/com.android.onetimeinitializer.OneTimeInitializerReceiver}
04-10 02:17:16.263 650 660 I mpu_uart: [MSG-P:RECV]:No message received in 1000 ms
04-10 02:17:16.267 3806 3806 I auditd : type=1400 audit(0.0:166): avc: denied { read } for comm="ip" name="rt_tables" dev="dm-6" ino=332 scontext=u:r:ethernet:s0 tcontext=u:object_r:net_data_file:s0 tclass=file permissive=0
04-10 02:17:16.267 3806 3806 W ip : type=1400 audit(0.0:166): avc: denied { read } for name="rt_tables" dev="dm-6" ino=332 scontext=u:r:ethernet:s0 tcontext=u:object_r:net_data_file:s0 tclass=file permissive=0
04-10 02:17:16.300 2924 2936 I adbd : jdwp connection from 3805
01-01 08:59:59.113 0 0 I binder : 3805:3805 ioctl 40046210 7ff41be1f4 returned -22
04-10 02:17:16.302 3805 3805 D ProcessState: Binder ioctl to enable oneway spam detection failed: Invalid argument
04-10 02:17:16.309 1015 2898 I am_proc_bound: [0,3805,com.android.onetimeinitializer]
04-10 02:17:16.312 1015 2898 D CompatibilityChangeReporter: Compat change id reported: 168419799; UID 10059; state: DISABLED
04-10 02:17:16.312 1015 2898 D CompatibilityInfo: mCompatibilityFlags - 4
04-10 02:17:16.312 1015 2898 D CompatibilityInfo: applicationDensity - 240
04-10 02:17:16.312 1015 2898 D CompatibilityInfo: applicationScale - 1.0
04-10 02:17:16.317 1015 2898 I am_uid_active: 10059
04-10 02:17:16.299 3807 3807 W ip : type=1400 audit(0.0:167): avc: denied { read } for name="rt_tables" dev="dm-6" ino=332 scontext=u:r:ethernet:s0 tcontext=u:object_r:net_data_file:s0 tclass=file permissive=0
04-10 02:17:16.321 1015 2898 D CompatibilityInfo: mCompatibilityFlags - 4
04-10 02:17:16.321 1015 2898 D CompatibilityInfo: applicationDensity - 240
04-10 02:17:16.321 1015 2898 D CompatibilityInfo: applicationScale - 1.0
04-10 02:17:16.332 3805 3805 D CompatibilityChangeReporter: Compat change id reported: 171979766; UID 10059; state: ENABLED
04-10 02:17:16.382 3805 3805 D nativeloader: classloader namespace configured for unbundled product apk. library_path=/product/priv-app/OneTimeInitializer/lib/arm64:/product/lib64:/system/product/lib64
04-10 02:17:16.408 2298 2386 D MicroService: send handshake message, currentTryAccount=4
04-10 02:17:16.429 1439 1463 D LOWI-9.0.0.87.a: [LOWINetlinkSocketReceiver] unpackRTMLinkMessage: RTM_NEWLINK - ifname vlan11, flags 0x1003 ([UP])
04-10 02:17:16.430 1015 1170 I EthernetTracker: interfaceLinkStateChanged, iface: vlan11, up: false
04-10 02:17:16.440 3805 3805 I Perf : Connecting to perf service.
04-10 02:17:16.459 1439 1463 D LOWI-9.0.0.87.a: [LOWINetlinkSocketReceiver] unpackRTMLinkMessage: RTM_NEWLINK - ifname vlan11, flags 0x1003 ([UP])
04-10 02:17:16.459 3805 3805 V GraphicsEnvironment: ANGLE Developer option for 'com.android.onetimeinitializer' set to: 'default'
04-10 02:17:16.460 1015 1170 I EthernetTracker: interfaceLinkStateChanged, iface: vlan11, up: false
04-10 02:17:16.461 3805 3805 V GraphicsEnvironment: ANGLE GameManagerService for com.android.onetimeinitializer: false
04-10 02:17:16.464 3805 3805 D NetworkSecurityConfig: No Network Security Config specified, using platform default
04-10 02:17:16.464 3805 3805 D NetworkSecurityConfig: No Network Security Config specified, using platform default
04-10 02:17:16.476 3805 3805 V OneTimeInitializerReceiver: OneTimeInitializerReceiver.onReceive
04-10 02:17:16.490 1439 1463 D LOWI-9.0.0.87.a: [LOWINetlinkSocketReceiver] unpackRTMLinkMessage: RTM_NEWLINK - ifname vlan11, flags 0x1003 ([UP])
04-10 02:17:16.494 1015 1170 I EthernetTracker: interfaceLinkStateChanged, iface: vlan11, up: false
04-10 02:17:16.500 1015 2898 I am_uid_running: 10020
04-10 02:17:16.501 1015 2898 I ActivityManager: com.android.packageinstaller is exempt from freezer
04-10 02:17:16.501 1015 2898 D CompatibilityChangeReporter: Compat change id reported: 135634846; UID 10020; state: DISABLED
04-10 02:17:16.502 1015 2898 D CompatibilityChangeReporter: Compat change id reported: 177438394; UID 10020; state: DISABLED
04-10 02:17:16.502 1015 2898 D CompatibilityChangeReporter: Compat change id reported: 135772972; UID 10020; state: DISABLED
04-10 02:17:16.502 1015 2898 D CompatibilityChangeReporter: Compat change id reported: 135754954; UID 10020; state: ENABLED
04-10 02:17:16.503 1015 1192 D CompatibilityChangeReporter: Compat change id reported: 143937733; UID 10020; state: ENABLED
04-10 02:17:16.526 1439 1463 D LOWI-9.0.0.87.a: [LOWINetlinkSocketReceiver] unpackRTMLinkMessage: RTM_NEWLINK - ifname vlan11, flags 0x1003 ([UP])
04-10 02:17:16.528 1015 1170 I EthernetTracker: interfaceLinkStateChanged, iface: vlan11, up: false
04-10 02:17:16.545 676 676 D Zygote : Forked child process 3835
04-10 02:17:16.546 1015 1192 I am_proc_start: [0,3835,10020,com.android.packageinstaller,broadcast,{com.android.packageinstaller/com.android.packageinstaller.TemporaryFileManager}]
04-10 02:17:16.546 1015 1192 I ActivityManager: Start proc 3835:com.android.packageinstaller/u0a20 for broadcast {com.android.packageinstaller/com.android.packageinstaller.TemporaryFileManager}
04-10 02:17:16.593 2924 2936 I adbd : jdwp connection from 3835
04-10 02:17:16.594 1439 1463 D LOWI-9.0.0.87.a: [LOWINetlinkSocketReceiver] unpackRTMLinkMessage: RTM_NEWLINK - ifname vlan11, flags 0x1003 ([UP])
04-10 02:17:16.597 1015 1170 I EthernetTracker: interfaceLinkStateChanged, iface: vlan11, up: false
01-01 08:59:59.421 0 0 I binder : 3835:3835 ioctl 40046210 7ff41be1f4 returned -22
04-10 02:17:16.610 3835 3835 D ProcessState: Binder ioctl to enable oneway spam detection failed: Invalid argument
04-10 02:17:16.626 1015 2898 I am_proc_bound: [0,3835,com.android.packageinstaller]
04-10 02:17:16.628 1439 1463 D LOWI-9.0.0.87.a: [LOWINetlinkSocketReceiver] unpackRTMLinkMessage: RTM_NEWLINK - ifname vlan11, flags 0x1003 ([UP])
04-10 02:17:16.628 1015 2898 D CompatibilityChangeReporter: Compat change id reported: 168419799; UID 10020; state: DISABLED
04-10 02:17:16.628 1015 2898 D CompatibilityInfo: mCompatibilityFlags - 4
04-10 02:17:16.629 1015 2898 D CompatibilityInfo: applicationDensity - 240
04-10 02:17:16.629 1015 2898 D CompatibilityInfo: applicationScale - 1.0
04-10 02:17:16.630 1015 1170 I EthernetTracker: interfaceLinkStateChanged, iface: vlan11, up: false
04-10 02:17:16.637 1015 2898 I am_uid_active: 10020
04-10 02:17:16.637 1015 2898 D CompatibilityInfo: mCompatibilityFlags - 4
04-10 02:17:16.637 1015 2898 D CompatibilityInfo: applicationDensity - 240
04-10 02:17:16.637 1015 2898 D CompatibilityInfo: applicationScale - 1.0
04-10 02:17:16.647 3835 3835 D CompatibilityChangeReporter: Compat change id reported: 171979766; UID 10020; state: ENABLED
04-10 02:17:16.680 1439 1463 D LOWI-9.0.0.87.a: [LOWINetlinkSocketReceiver] unpackRTMLinkMessage: RTM_NEWLINK - ifname vlan11, flags 0x1003 ([UP])
04-10 02:17:16.681 1015 1170 I EthernetTracker: interfaceLinkStateChanged, iface: vlan11, up: false
04-10 02:17:16.719 1439 1463 D LOWI-9.0.0.87.a: [LOWINetlinkSocketReceiver] unpackRTMLinkMessage: RTM_NEWLINK - ifname vlan11, flags 0x1003 ([UP])
04-10 02:17:16.722 1015 1170 I EthernetTracker: interfaceLinkStateChanged, iface: vlan11, up: false
04-10 02:17:16.750 1439 1463 D LOWI-9.0.0.87.a: [LOWINetlinkSocketReceiver] unpackRTMLinkMessage: RTM_NEWLINK - ifname vlan11, flags 0x1003 ([UP])
04-10 02:17:16.753 1015 1170 I EthernetTracker: interfaceLinkStateChanged, iface: vlan11, up: false
04-10 02:17:16.772 1015 1955 I GameModeConfig: isGameModeOn = false
04-10 02:17:16.785 3835 3835 I Perf : Connecting to perf service.
04-10 02:17:16.805 3835 3835 V GraphicsEnvironment: ANGLE Developer option for 'com.android.packageinstaller' set to: 'default'
04-10 02:17:16.807 3835 3835 V GraphicsEnvironment: ANGLE GameManagerService for com.android.packageinstaller: false
04-10 02:17:16.810 3835 3835 D NetworkSecurityConfig: No Network Security Config specified, using platform default
04-10 02:17:16.811 3835 3835 D NetworkSecurityConfig: No Network Security Config specified, using platform default
04-10 02:17:16.822 1015 2087 I am_uid_running: 10090
04-10 02:17:16.823 1015 2087 D CompatibilityChangeReporter: Compat change id reported: 135634846; UID 10090; state: DISABLED
04-10 02:17:16.823 1015 2087 D CompatibilityChangeReporter: Compat change id reported: 177438394; UID 10090; state: DISABLED
04-10 02:17:16.823 1015 2087 D CompatibilityChangeReporter: Compat change id reported: 135772972; UID 10090; state: DISABLED
04-10 02:17:16.823 1015 2087 D CompatibilityChangeReporter: Compat change id reported: 135754954; UID 10090; state: DISABLED
04-10 02:17:16.819 3859 3859 I auditd : type=1400 audit(0.0:168): avc: denied { read } for comm="ip" name="rt_tables" dev="dm-6" ino=332 scontext=u:r:ethernet:s0 tcontext=u:object_r:net_data_file:s0 tclass=file permissive=0
04-10 02:17:16.825 1015 1192 D CompatibilityChangeReporter: Compat change id reported: 143937733; UID 10090; state: DISABLED
04-10 02:17:16.819 3859 3859 W ip : type=1400 audit(0.0:168): avc: denied { read } for name="rt_tables" dev="dm-6" ino=332 scontext=u:r:ethernet:s0 tcontext=u:object_r:net_data_file:s0 tclass=file permissive=0
04-10 02:17:16.849 1015 1955 I GameModeConfig: isGameModeOn = false
04-10 02:17:16.849 1015 1955 I GameModeConfig: isGameModeOn = false
04-10 02:17:16.863 676 676 D Zygote : Forked child process 3861
04-10 02:17:16.859 3860 3860 I auditd : type=1400 audit(0.0:169): avc: denied { read } for comm="ip" name="rt_tables" dev="dm-6" ino=332 scontext=u:r:ethernet:s0 tcontext=u:object_r:net_data_file:s0 tclass=file permissive=0
04-10 02:17:16.864 1015 1192 I am_proc_start: [0,3861,10090,com.android.permissioncontroller,broadcast,{com.android.permissioncontroller/com.android.permissioncontroller.permission.service.LocationAccessCheck$SetupPeriodicBackgroundLocationAccessCheck}]
04-10 02:17:16.859 3860 3860 W ip : type=1400 audit(0.0:169): avc: denied { read } for name="rt_tables" dev="dm-6" ino=332 scontext=u:r:ethernet:s0 tcontext=u:object_r:net_data_file:s0 tclass=file permissive=0
04-10 02:17:16.864 1015 1192 I ActivityManager: Start proc 3861:com.android.permissioncontroller/u0a90 for broadcast {com.android.permissioncontroller/com.android.permissioncontroller.permission.service.LocationAccessCheck$SetupPeriodicBackgroundLocationAccessCheck}
04-10 02:17:16.863 3042 3042 I auditd : type=1400 audit(0.0:170): avc: denied { write } for comm="sh" name="ip_forward" dev="proc" ino=40325 scontext=u:r:ethernet:s0 tcontext=u:object_r:proc_net:s0 tclass=file permissive=0
04-10 02:17:16.863 3042 3042 W sh : type=1400 audit(0.0:170): avc: denied { write } for name="ip_forward" dev="proc" ino=40325 scontext=u:r:ethernet:s0 tcontext=u:object_r:proc_net:s0 tclass=file permissive=0
04-10 02:17:16.867 3042 3042 I auditd : type=1400 audit(0.0:171): avc: denied { write } for comm="sh" name="ip_default_ttl" dev="proc" ino=55918 scontext=u:r:ethernet:s0 tcontext=u:object_r:proc_net:s0 tclass=file permissive=0
04-10 02:17:16.867 3042 3042 W sh : type=1400 audit(0.0:171): avc: denied { write } for name="ip_default_ttl" dev="proc" ino=55918 scontext=u:r:ethernet:s0 tcontext=u:object_r:proc_net:s0 tclass=file permissive=0
01-01 08:59:59.684 0 0 W audit : audit_lost=2 audit_rate_limit=5 audit_backlog_limit=64
01-01 08:59:59.684 0 0 E audit : rate limit exceeded
04-10 02:17:16.883 3861 3861 I libc : SetHeapTaggingLevel: tag level set to 0
01-01 08:59:59.711 0 0 I init : Service 'ethernet' (pid 3042) exited with status 1 oneshot service took 6.015000 seconds in background
01-01 08:59:59.711 0 0 I init : Sending signal 9 to service 'ethernet' (pid 3042) process group...
01-01 08:59:59.712 0 0 I libprocessgroup: Successfully killed process cgroup uid 0 pid 3042 in 0ms
04-10 02:17:16.925 2924 2936 I adbd : jdwp connection from 3861
04-10 02:17:16.932 3861 3861 D ProcessState: Binder ioctl to enable oneway spam detection failed: Invalid argument
01-01 08:59:59.743 0 0 I binder : 3861:3861 ioctl 40046210 7ff41be1f4 returned -22
04-10 02:17:16.941 1015 2087 I am_proc_bound: [0,3861,com.android.permissioncontroller]
04-10 02:17:16.944 1015 2087 D CompatibilityChangeReporter: Compat change id reported: 168419799; UID 10090; state: DISABLED
04-10 02:17:16.944 1015 2087 D CompatibilityInfo: mCompatibilityFlags - 4
04-10 02:17:16.944 1015 2087 D CompatibilityInfo: applicationDensity - 240
04-10 02:17:16.944 1015 2087 D CompatibilityInfo: applicationScale - 1.0
04-10 02:17:16.958 1015 2087 I am_uid_active: 10090
04-10 02:17:16.959 1015 1955 I GameModeConfig: isGameModeOn = false
04-10 02:17:16.960 1015 2087 D CompatibilityInfo: mCompatibilityFlags - 4
04-10 02:17:16.960 1015 2087 D CompatibilityInfo: applicationDensity - 240
04-10 02:17:16.960 1015 2087 D CompatibilityInfo: applicationScale - 1.0
04-10 02:17:16.965 3861 3861 D CompatibilityChangeReporter: Compat change id reported: 171979766; UID 10090; state: DISABLED
04-10 02:17:16.981 3861 3861 D ApplicationLoaders: Returning zygote-cached class loader: /system/framework/android.test.base.jar
04-10 02:17:17.112 3861 3861 I Perf : Connecting to perf service.
04-10 02:17:17.128 3861 3861 V GraphicsEnvironment: ANGLE Developer option for 'com.android.permissioncontroller' set to: 'default'
04-10 02:17:17.130 3861 3861 V GraphicsEnvironment: ANGLE GameManagerService for com.android.permissioncontroller: false
04-10 02:17:17.132 3861 3861 D NetworkSecurityConfig: No Network Security Config specified, using platform default
04-10 02:17:17.133 3861 3861 D NetworkSecurityConfig: No Network Security Config specified, using platform default
04-10 02:17:17.170 3861 3861 I CarUiInstaller: CarUiInstaller started for com.android.permissioncontroller
04-10 02:17:17.255 1015 2087 D CompatibilityInfo: mCompatibilityFlags - 4
04-10 02:17:17.256 1015 2087 D CompatibilityInfo: applicationDensity - 240
04-10 02:17:17.256 1015 2087 D CompatibilityInfo: applicationScale - 1.0
04-10 02:17:17.264 650 659 I mpu_uart: [MSG-P:R]:recv sync frame timeout
