04-10 02:17:12.263 1015 1192 W ActivityManager: Slow operation: 1175ms so far, now at startProcess: returned from zygote!
04-10 02:17:12.265 1015 1077 D CompatibilityChangeReporter: Compat change id reported: 168419799; UID 1000; state: DISABLED
04-10 02:17:12.265 1015 1077 D CompatibilityInfo: mCompatibilityFlags - 4
04-10 02:17:12.265 1015 1077 D CompatibilityInfo: applicationDensity - 240
04-10 02:17:12.265 1015 1077 D CompatibilityInfo: applicationScale - 1.0
04-10 02:17:12.267 2733 2733 E MCUUtil : saveLastActivity activityName=com.android.launcher3.uioverrides.QuickstepLauncher packageName=com.android.launcher3
04-10 02:17:12.270 504 504 I servicemanager: Found android.hardware.power.IPower/default in device VINTF manifest.
04-10 02:17:12.275 1078 1078 I PowerAdvisor: Loaded AIDL Power HAL service
04-10 02:17:12.276 944 944 I QTI PowerHAL: Power isModeSupported: 6
04-10 02:17:12.277 944 944 I QTI PowerHAL: Power isBoostSupported: 1
04-10 02:17:12.281 3278 3278 D ProcessState: Binder ioctl to enable oneway spam detection failed: Invalid argument
04-10 02:17:12.283 505 3305 W libc : Unable to set property "ctl.interface_start" to "vendor.qti.hardware.iop@2.0::IIop/default": error code: 0x20
04-10 02:17:12.283 505 3305 I hwservicemanager: Tried to start vendor.qti.hardware.iop@2.0::IIop/default as a lazy service, but was unable to. Usually this happens when a service is not installed, but if the service is intended to be used as a lazy service, then it may be configured incorrectly.
04-10 02:17:12.285 1015 1825 I input_focus: [Focus entering c53c510 com.android.launcher3/com.android.launcher3.uioverrides.QuickstepLauncher (server),reason=setFocusedWindow]
04-10 02:17:12.285 1015 1077 W ActivityManager: Slow operation: 67ms so far, now at attachApplicationLocked: immediately after bindApplication
04-10 02:17:12.285 1015 1077 W ActivityManager: Slow operation: 67ms so far, now at attachApplicationLocked: after updateLruProcessLocked
04-10 02:17:12.287 1015 1170 I sysui_multi_action: [319,1357,322,1268,325,52,757,761,758,8,759,2,806,com.android.launcher3,871,com.android.launcher3.uioverrides.QuickstepLauncher,905,0,1320,4,1321,1]
04-10 02:17:12.288 2924 2936 I adbd : jdwp connection from 3278
04-10 02:17:12.292 1015 1077 D CompatibilityInfo: mCompatibilityFlags - 4
04-10 02:17:12.292 1015 1077 D CompatibilityInfo: applicationDensity - 240
04-10 02:17:12.292 1015 1077 D CompatibilityInfo: applicationScale - 1.0
04-10 02:17:12.293 1015 1170 I wm_activity_launch_time: [0,72111127,com.android.launcher3/.uioverrides.QuickstepLauncher,1268]
04-10 02:17:12.293 1015 1077 W ActivityManager: Slow operation: 75ms so far, now at attachApplicationLocked: after mServices.attachApplicationLocked
04-10 02:17:12.296 1015 1192 W ActivityManager: Slow operation: 1208ms so far, now at startProcess: done updating battery stats
04-10 02:17:12.296 1015 1192 I am_proc_start: [0,3310,10077,com.qualcomm.location.XT,service,{com.qualcomm.location.XT/com.qualcomm.location.XT.XTSrv}]
04-10 02:17:12.297 1015 1192 W ActivityManager: Slow operation: 1208ms so far, now at startProcess: building log message
04-10 02:17:12.297 1015 1192 I ActivityManager: Start proc 3310:com.qualcomm.location.XT/u0a77 for service {com.qualcomm.location.XT/com.qualcomm.location.XT.XTSrv}
04-10 02:17:12.297 1015 1192 W ActivityManager: Slow operation: 1208ms so far, now at startProcess: starting to update pids map
04-10 02:17:12.297 3265 3265 D CompatibilityChangeReporter: Compat change id reported: 171979766; UID 1000; state: ENABLED
04-10 02:17:12.300 1015 1192 W ActivityManager: Slow operation: 1212ms so far, now at startProcess: done updating pids map
04-10 02:17:12.300 1015 1192 W ActivityManager: Slow operation: 1021ms so far, now at startProcess: asking zygote to start proc
04-10 02:17:12.301 1015 1192 D CompatibilityChangeReporter: Compat change id reported: 143937733; UID 10035; state: ENABLED
04-10 02:17:12.311 1015 2898 I am_proc_bound: [0,3278,com.android.providers.media.module]
04-10 02:17:12.314 3072 3072 E ThermalEngine: thermal_monitor_init_data: ERROR Uknown device
04-10 02:17:12.314 3072 3072 E ThermalEngine: ss_init_data: ERROR Uknown device
04-10 02:17:12.314 3072 3072 I ThermalEngine: Loading config file for virtual sensor
04-10 02:17:12.314 3072 3072 I ThermalEngine: Loading configuration file /vendor/etc/thermal-engine.conf
04-10 02:17:12.314 3072 3072 I ThermalEngine: Parsing section global
04-10 02:17:12.314 3072 3072 E ThermalEngine: virtual_sensors_init: Error getting virtual sensors set
04-10 02:17:12.314 3072 3072 I ThermalEngine: Loading configuration file /vendor/etc/thermal-engine.conf
04-10 02:17:12.314 1015 2898 D CompatibilityChangeReporter: Compat change id reported: 168419799; UID 10091; state: DISABLED
04-10 02:17:12.315 3072 3072 I ThermalEngine: Parsing section global
04-10 02:17:12.315 1015 2898 D CompatibilityInfo: mCompatibilityFlags - 4
04-10 02:17:12.315 1015 2898 D CompatibilityInfo: applicationDensity - 240
04-10 02:17:12.315 1015 2898 D CompatibilityInfo: applicationScale - 1.0
04-10 02:17:12.315 3072 3072 E ThermalEngine: Failed to setup at least one sensor for monitoring
04-10 02:17:12.315 3072 3072 I ThermalEngine: ss_algo_init: No SS's configured.
04-10 02:17:12.315 3072 3072 E ThermalEngine: open/sys/module/msm_thermal/parameters/enabled failed2
04-10 02:17:12.316 505 505 I hwservicemanager: Since vendor.qti.hardware.iop@2.0::IIop/default is not registered, trying to start it as a lazy HAL.
04-10 02:17:12.316 3072 3334 I ThermalEngine: limits_write_data_to_partition: thread exit
01-01 08:59:55.142 0 0 I binder : 3310:3310 ioctl 40046210 7ff41be1f4 returned -22
04-10 02:17:12.317 1015 1170 I ActivityTaskManager: Displayed com.android.launcher3/.uioverrides.QuickstepLauncher: +1s268ms
04-10 02:17:12.319 1015 2898 I am_uid_active: 10091
04-10 02:17:12.325 505 505 I hwservicemanager: Since vendor.qti.hardware.iop@2.0::IIop/default is not registered, trying to start it as a lazy HAL.
04-10 02:17:12.331 3310 3310 D ProcessState: Binder ioctl to enable oneway spam detection failed: Invalid argument
04-10 02:17:12.334 2924 2936 I adbd : jdwp connection from 3310
04-10 02:17:12.339 505 3343 W libc : Unable to set property "ctl.interface_start" to "vendor.qti.hardware.iop@2.0::IIop/default": error code: 0x20
04-10 02:17:12.340 505 3343 I hwservicemanager: Tried to start vendor.qti.hardware.iop@2.0::IIop/default as a lazy service, but was unable to. Usually this happens when a service is not installed, but if the service is intended to be used as a lazy service, then it may be configured incorrectly.
04-10 02:17:12.341 505 3335 W libc : Unable to set property "ctl.interface_start" to "vendor.qti.hardware.iop@2.0::IIop/default": error code: 0x20
04-10 02:17:12.342 2298 2386 W System.err: java.net.NoRouteToHostException: Host unreachable
04-10 02:17:12.342 2298 2386 W System.err: at libcore.io.IoBridge.connect(IoBridge.java:183)
04-10 02:17:12.342 2298 2386 W System.err: at java.net.PlainSocketImpl.socketConnect(PlainSocketImpl.java:142)
04-10 02:17:12.342 505 3335 I hwservicemanager: Tried to start vendor.qti.hardware.iop@2.0::IIop/default as a lazy service, but was unable to. Usually this happens when a service is not installed, but if the service is intended to be used as a lazy service, then it may be configured incorrectly.
04-10 02:17:12.342 2298 2386 W System.err: at java.net.AbstractPlainSocketImpl.doConnect(AbstractPlainSocketImpl.java:390)
04-10 02:17:12.342 2298 2386 W System.err: at java.net.AbstractPlainSocketImpl.connectToAddress(AbstractPlainSocketImpl.java:230)
04-10 02:17:12.342 2298 2386 W System.err: at java.net.AbstractPlainSocketImpl.connect(AbstractPlainSocketImpl.java:212)
04-10 02:17:12.342 2298 2386 W System.err: at java.net.SocksSocketImpl.connect(SocksSocketImpl.java:436)
04-10 02:17:12.342 2298 2386 W System.err: at java.net.Socket.connect(Socket.java:621)
04-10 02:17:12.342 2298 2386 W System.err: at java.net.Socket.connect(Socket.java:570)
04-10 02:17:12.342 2298 2386 W System.err: at java.net.Socket.(Socket.java:450)
04-10 02:17:12.342 2298 2386 W System.err: at java.net.Socket.(Socket.java:292)
04-10 02:17:12.343 2298 2386 W System.err: at com.thundercomm.microservice.base.BaseMicroSocketClient.createClientSocket(BaseMicroSocketClient.java:20)
04-10 02:17:12.343 2298 2386 W System.err: at com.thundercomm.microservice.MicroSocketClient.serialSendMessage(MicroSocketClient.java:79)
04-10 02:17:12.343 2298 2386 W System.err: at com.thundercomm.microservice.MicroSocketClient.lambda$handShark$1$MicroSocketClient(MicroSocketClient.java:94)
04-10 02:17:12.343 2298 2386 W System.err: at com.thundercomm.microservice.MicroSocketClient$$ExternalSyntheticLambda0.run(Unknown Source:4)
04-10 02:17:12.343 2298 2386 W System.err: at java.lang.Thread.run(Thread.java:920)
04-10 02:17:12.343 2298 2386 E MicroService: DTC_ETH: BaseMicroSocketClient:createClientSocket() java.net.NoRouteToHostException: Host unreachable
04-10 02:17:12.347 1015 2898 D CompatibilityInfo: mCompatibilityFlags - 4
04-10 02:17:12.347 1015 2898 D CompatibilityInfo: applicationDensity - 240
04-10 02:17:12.347 1015 2898 D CompatibilityInfo: applicationScale - 1.0
04-10 02:17:12.351 1015 1170 I EthernetTracker: interfaceLinkStateChanged, iface: vlan0, up: false
04-10 02:17:12.351 3278 3278 D CompatibilityChangeReporter: Compat change id reported: 171979766; UID 10091; state: DISABLED
04-10 02:17:12.355 1015 2087 I am_proc_bound: [0,3310,com.qualcomm.location.XT]
04-10 02:17:12.357 2444 2566 I Tethering: USB bcast connected:true configured:true rndis:false ncm:false
04-10 02:17:12.357 1015 2087 D CompatibilityChangeReporter: Compat change id reported: 168419799; UID 10077; state: DISABLED
04-10 02:17:12.357 1015 2087 D CompatibilityInfo: mCompatibilityFlags - 4
04-10 02:17:12.357 1015 2087 D CompatibilityInfo: applicationDensity - 240
04-10 02:17:12.357 1015 2087 D CompatibilityInfo: applicationScale - 1.0
04-10 02:17:12.360 1015 2087 I am_uid_active: 10077
04-10 02:17:12.362 1015 2087 D CompatibilityInfo: mCompatibilityFlags - 4
04-10 02:17:12.362 1015 2087 D CompatibilityInfo: applicationDensity - 240
04-10 02:17:12.362 1015 2087 D CompatibilityInfo: applicationScale - 1.0
04-10 02:17:12.368 1240 2055 E IPCThreadState: binder thread pool (1 threads) starved for 115 ms
04-10 02:17:12.372 3310 3310 D CompatibilityChangeReporter: Compat change id reported: 171979766; UID 10077; state: DISABLED
04-10 02:17:12.387 1439 1463 D LOWI-9.0.0.87.a: [LOWINetlinkSocketReceiver] unpackRTMLinkMessage: RTM_NEWLINK - ifname vlan0, flags 0x1003 ([UP])
04-10 02:17:12.389 1015 1170 I EthernetTracker: interfaceLinkStateChanged, iface: vlan0, up: false
04-10 02:17:12.403 1015 1825 I InputDispatcher: Erasing monitor swipe-up (server) on display 0, pid=2733
04-10 02:17:12.404 1015 2087 I InputDispatcher: Created monitor swipe-up for display 0, gesture=true, pid=2733
04-10 02:17:12.421 3265 3265 I Perf : Connecting to perf service.
04-10 02:17:12.430 3265 3265 V GraphicsEnvironment: ANGLE Developer option for 'com.android.keychain' set to: 'default'
04-10 02:17:12.432 3265 3265 V GraphicsEnvironment: ANGLE GameManagerService for com.android.keychain: false
04-10 02:17:12.436 3265 3265 D NetworkSecurityConfig: No Network Security Config specified, using platform default
04-10 02:17:12.436 3265 3265 D NetworkSecurityConfig: No Network Security Config specified, using platform default
04-10 02:17:12.438 2733 2733 D HotseatController: adjustPadding: height=800,size=1
04-10 02:17:12.439 3310 3310 W omm.location.X: ClassLoaderContext shared library size mismatch. Expected=0, found=1 (PCL[] | PCL[]{PCL[/system/system_ext/framework/izat.xt.srv.jar*844606969]})
04-10 02:17:12.442 2733 2733 D HotseatController: adjustPadding: height=800,size=2
04-10 02:17:12.444 2733 2733 D HotseatController: adjustPadding: height=800,size=3
04-10 02:17:12.445 2733 2733 D HotseatController: adjustPadding: height=800,size=4
04-10 02:17:12.445 505 505 I hwservicemanager: Since vendor.qti.hardware.iop@2.0::IIop/default is not registered, trying to start it as a lazy HAL.
04-10 02:17:12.446 1325 1339 E ANDR-IOP: IIop:: Iop HAL Service is not available.
04-10 02:17:12.450 2579 2579 D RemoteControlService: startVlanDispatchThread
04-10 02:17:12.452 2733 2733 D HotseatController: clearEmptyGrid: size=4
04-10 02:17:12.452 2733 2733 D HotseatController: adjustPadding: height=800,size=4
04-10 02:17:12.458 3310 3310 I Perf : Connecting to perf service.
04-10 02:17:12.460 505 3362 W libc : Unable to set property "ctl.interface_start" to "vendor.qti.hardware.iop@2.0::IIop/default": error code: 0x20
04-10 02:17:12.460 505 3362 I hwservicemanager: Tried to start vendor.qti.hardware.iop@2.0::IIop/default as a lazy service, but was unable to. Usually this happens when a service is not installed, but if the service is intended to be used as a lazy service, then it may be configured incorrectly.
04-10 02:17:12.460 2733 2733 D HotseatController: clearEmptyGrid: size=4
04-10 02:17:12.460 2733 2733 D HotseatController: adjustPadding: height=800,size=4
04-10 02:17:12.463 3278 3278 I Perf : Connecting to perf service.
04-10 02:17:12.468 676 676 D Zygote : Forked child process 3367
01-01 08:59:55.335 0 0 I binder : 3310:3369 ioctl 40046210 70b3154944 returned -22
04-10 02:17:12.469 1015 1192 W ActivityManager: Slow operation: 1189ms so far, now at startProcess: returned from zygote!
04-10 02:17:12.469 1015 1192 W ActivityManager: Slow operation: 1190ms so far, now at startProcess: done updating battery stats
04-10 02:17:12.469 1015 1192 I am_proc_start: [0,3367,10035,com.android.traceur,broadcast,{com.android.traceur/com.android.traceur.Receiver}]
04-10 02:17:12.469 1015 1192 W ActivityManager: Slow operation: 1190ms so far, now at startProcess: building log message
04-10 02:17:12.469 1015 1192 I ActivityManager: Start proc 3367:com.android.traceur/u0a35 for broadcast {com.android.traceur/com.android.traceur.Receiver}
04-10 02:17:12.469 1015 1192 W ActivityManager: Slow operation: 1190ms so far, now at startProcess: starting to update pids map
04-10 02:17:12.470 1015 1192 W ActivityManager: Slow operation: 1190ms so far, now at startProcess: done updating pids map
04-10 02:17:12.470 1015 1192 W ActivityManager: Slow operation: 401ms so far, now at startProcess: asking zygote to start proc
04-10 02:17:12.470 1015 1192 D CompatibilityChangeReporter: Compat change id reported: 143937733; UID 10023; state: ENABLED
04-10 02:17:12.477 3310 3310 V GraphicsEnvironment: ANGLE Developer option for 'com.qualcomm.location.XT' set to: 'default'
04-10 02:17:12.477 1015 2898 I am_uid_running: 10034
04-10 02:17:12.478 3310 3310 V GraphicsEnvironment: ANGLE GameManagerService for com.qualcomm.location.XT: false
04-10 02:17:12.479 1015 2898 D CompatibilityChangeReporter: Compat change id reported: 135634846; UID 10034; state: DISABLED
04-10 02:17:12.479 1015 2898 D CompatibilityChangeReporter: Compat change id reported: 177438394; UID 10034; state: DISABLED
04-10 02:17:12.479 1015 2898 D CompatibilityChangeReporter: Compat change id reported: 135772972; UID 10034; state: DISABLED
04-10 02:17:12.479 1015 2898 D CompatibilityChangeReporter: Compat change id reported: 135754954; UID 10034; state: DISABLED
04-10 02:17:12.479 3310 3310 D NetworkSecurityConfig: No Network Security Config specified, using platform default
04-10 02:17:12.480 3310 3310 D NetworkSecurityConfig: No Network Security Config specified, using platform default
04-10 02:17:12.482 505 505 I hwservicemanager: Since vendor.qti.hardware.iop@2.0::IIop/default is not registered, trying to start it as a lazy HAL.
04-10 02:17:12.484 1325 1339 E ANDR-IOP: IIop:: Iop HAL Service is not available.
04-10 02:17:12.486 2733 2733 W View : requestLayout() improperly called by com.android.launcher3.views.NoInsetView{14cc7df V.ED..... ......I. 2038,0-2380,1020 #7f09007c app:id/bg_hotseat} during layout: running second layout pass
04-10 02:17:12.487 3265 3265 I service_manager_slow: [14,content_capture]
04-10 02:17:12.487 3278 3278 V GraphicsEnvironment: ANGLE Developer option for 'com.android.providers.media.module' set to: 'default'
04-10 02:17:12.491 3278 3278 V GraphicsEnvironment: ANGLE GameManagerService for com.android.providers.media.module: false
04-10 02:17:12.494 3278 3278 D NetworkSecurityConfig: No Network Security Config specified, using platform default
04-10 02:17:12.494 3278 3278 D NetworkSecurityConfig: No Network Security Config specified, using platform default
04-10 02:17:12.495 1015 2172 D PowerManagerNotifier: onWakeLockReleased: flags=1, tag="*launch*", packageName=android, ownerUid=1000, ownerPid=1015, workSource=WorkSource{10071}
04-10 02:17:12.495 2733 2814 D LoaderTask: step 1 complete
04-10 02:17:12.496 1015 2172 D DisplayPowerController[0]: requestPowerState: policy=BRIGHT, useProximitySensor=false, screenBrightnessOverride=NaN, useAutoBrightness=true, screenAutoBrightnessAdjustmentOverride=NaN, screenLowPowerBrightnessFactor=1.0, blockScreenOn=false, lowPowerMode=false, boostScreenBrightness=false, dozeScreenBrightness=NaN, dozeScreenState=UNKNOWN, waitForNegativeProximity=false
04-10 02:17:12.496 1015 2172 D PowerManagerNotifier: onScreenPolicyUpdate: newPolicy=3
04-10 02:17:12.497 1015 2172 I wm_destroy_activity: [0,38096225,2,com.android.settings/.FallbackHome,finish-idle]
04-10 02:17:12.503 2675 2675 I wm_on_stop_called: [38096225,com.android.settings.FallbackHome,LIFECYCLER_STOP_ACTIVITY]
04-10 02:17:12.508 505 3368 W libc : Unable to set property "ctl.interface_start" to "vendor.qti.hardware.iop@2.0::IIop/default": error code: 0x20
04-10 02:17:12.508 505 3368 I hwservicemanager: Tried to start vendor.qti.hardware.iop@2.0::IIop/default as a lazy service, but was unable to. Usually this happens when a service is not installed, but if the service is intended to be used as a lazy service, then it may be configured incorrectly.
04-10 02:17:12.519 3310 3369 D LocIDLClientBase: try to get LOCAIDL service
04-10 02:17:12.520 504 504 E servicemanager: Could not find vendor.qti.gnss.ILocAidlGnss/default in the VINTF manifest.
04-10 02:17:12.522 3310 3369 D LocIDLClientBase: LOCAIDL service not available
04-10 02:17:12.522 3310 3369 D LocIDLClientBase: try to get 4.1 service
04-10 02:17:12.524 3310 3369 D hw-ProcessState: Binder ioctl to enable oneway spam detection failed: Invalid argument
04-10 02:17:12.526 505 505 I hwservicemanager: getTransport: Cannot find entry vendor.qti.gnss@4.1::ILocHidlGnss/gnss_vendor in either framework or device VINTF manifest.
04-10 02:17:12.527 3310 3369 D LocIDLClientBase: NoSuchElementException: java.util.NoSuchElementException
04-10 02:17:12.527 3310 3369 D LocIDLClientBase: try to get 4.0 service
04-10 02:17:12.533 1015 1173 I am_uid_active: 10035
04-10 02:17:12.536 3278 3278 V MediaProvider: Attached media from com.android.providers.media.module
04-10 02:17:12.536 2675 2675 I wm_on_destroy_called: [38096225,com.android.settings.FallbackHome,performDestroy]
04-10 02:17:12.540 3310 3369 I android_os_HwBinder: HwBinder: Starting thread pool for getting: vendor.qti.gnss@4.0::ILocHidlGnss/gnss_vendor
04-10 02:17:12.544 676 676 D Zygote : Forked child process 3374
04-10 02:17:12.544 1015 1192 W ActivityManager: Slow operation: 476ms so far, now at startProcess: returned from zygote!
04-10 02:17:12.549 2733 2814 D LoaderTask: loadAllApps
04-10 02:17:12.550 1015 2087 W InputManager-JNI: Input channel object 'c0ab3aa com.android.settings/com.android.settings.FallbackHome (client)' was disposed without first being removed with the input manager!
04-10 02:17:12.551 504 504 E servicemanager: Could not find vendor.qti.gnss.ILocAidlGnss/default in the VINTF manifest.
04-10 02:17:12.552 1015 1192 W ActivityManager: Slow operation: 483ms so far, now at startProcess: done updating battery stats
04-10 02:17:12.552 1015 1192 I am_proc_start: [0,3374,10023,android.process.media,broadcast,{com.android.mtp/com.android.mtp.MtpReceiver}]
04-10 02:17:12.552 1015 1192 W ActivityManager: Slow operation: 483ms so far, now at startProcess: building log message
04-10 02:17:12.552 1015 1192 I ActivityManager: Start proc 3374:android.process.media/u0a23 for broadcast {com.android.mtp/com.android.mtp.MtpReceiver}
04-10 02:17:12.552 1015 1192 W ActivityManager: Slow operation: 483ms so far, now at startProcess: starting to update pids map
04-10 02:17:12.557 3310 3310 I android_os_HwBinder: HwBinder: Starting thread pool for getting: vendor.qti.gnss@3.0::ILocHidlGnss/gnss_vendor
04-10 02:17:12.560 1015 1192 W ActivityManager: Slow operation: 491ms so far, now at startProcess: done updating pids map
04-10 02:17:12.560 1015 1192 W ActivityManager: Slow operation: 82ms so far, now at startProcess: asking zygote to start proc
04-10 02:17:12.560 1015 1192 D CompatibilityChangeReporter: Compat change id reported: 143937733; UID 10034; state: DISABLED
04-10 02:17:12.563 933 933 V LocSvc_HIDL_HidlGnss: [getExtensionLocHidlIzatConfig][495] [HS] <<<<= [HC]
04-10 02:17:12.565 933 933 V LocSvc_HIDL_HidlGnss: [getExtensionLocHidlXT][314] [HS] <<<<= [HC]
04-10 02:17:12.565 1015 2172 I wm_task_removed: [2,cleanUpResourcesForDestroy]
04-10 02:17:12.566 1015 2172 I wm_task_removed: [2,removeChild:removeChild last r=ActivityRecord{2454d61 u0 com.android.settings/.FallbackHome t-1 f}} in t=Task{d9c5e1a #2 type=home A=1000:com.android.settings.FallbackHome U=0 visible=false mode=fullscreen translucent=true sz=0}]
04-10 02:17:12.566 1015 2172 I wm_task_removed: [2,removeChild]
04-10 02:17:12.567 3310 3310 D XTSrv : Readconfig init...
04-10 02:17:12.567 933 933 V LocSvc_HIDL_IzatConfig: [init][47] [HS] <<<<= [HC]
04-10 02:17:12.572 933 933 V LocSvc_HIDL_IzatConfig: [readConfig][68] [HS] <<<<= [HC]
04-10 02:17:12.573 933 933 V LocSvc_HIDL_IzatConfig: [readConfig][85] [HS] =>>>> [HC]
04-10 02:17:12.576 2733 2814 D LoaderTask: apps.size 12
04-10 02:17:12.579 933 933 V LocSvc_HIDL_XT: [init][22] [HS] <<<<= [HC]
04-10 02:17:12.580 2733 2814 D LoaderTask: app pkg com.android.gallery3d
04-10 02:17:12.581 933 933 I Xt_Adapter: createXtAdapterInstance()
04-10 02:17:12.581 933 933 E Xt_Adapter: XtAdapter instance exists !
04-10 02:17:12.584 2733 2814 D LoaderTask: app pkg com.android.music
01-01 08:59:55.416 0 0 I binder : 3367:3367 ioctl 40046210 7ff41be1f4 returned -22
04-10 02:17:12.605 3367 3367 D ProcessState: Binder ioctl to enable oneway spam detection failed: Invalid argument
04-10 02:17:12.606 2080 2080 I sysui_multi_action: [757,803,799,note_peek,802,1]
04-10 02:17:12.610 1015 1174 I dvm_lock_sample: [system_server,1,android.anim,21,WindowAnimator.java,103,void com.android.server.wm.WindowAnimator.lambda$new$1$WindowAnimator(long),ActivityTaskManagerService.java,1985,android.graphics.Rect com.android.server.wm.ActivityTaskManagerService.getTaskBounds(int),4]
04-10 02:17:12.611 1439 1463 D LOWI-9.0.0.87.a: [LOWINetlinkSocketReceiver] unpackRTMLinkMessage: RTM_NEWLINK - ifname vlan0, flags 0x1003 ([UP])
04-10 02:17:12.613 1015 1170 I EthernetTracker: interfaceLinkStateChanged, iface: vlan0, up: false
04-10 02:17:12.613 1015 2172 I am_uid_running: 10031
04-10 02:17:12.613 2924 2936 I adbd : jdwp connection from 3367
04-10 02:17:12.614 1015 2172 D CompatibilityChangeReporter: Compat change id reported: 135634846; UID 10031; state: DISABLED
04-10 02:17:12.615 1015 2172 D CompatibilityChangeReporter: Compat change id reported: 177438394; UID 10031; state: DISABLED
04-10 02:17:12.615 1015 2172 D CompatibilityChangeReporter: Compat change id reported: 135772972; UID 10031; state: DISABLED
04-10 02:17:12.615 1015 2172 D CompatibilityChangeReporter: Compat change id reported: 135754954; UID 10031; state: ENABLED
04-10 02:17:12.629 1015 1172 I DropBoxManagerService: add tag=system_app_strictmode isTagEnabled=true flags=0x2
04-10 02:17:12.630 2733 2814 D LoaderTask: app pkg com.android.music
04-10 02:17:12.632 2733 2814 D LoaderTask: app pkg com.android.settings
04-10 02:17:12.634 2733 2814 D LoaderTask: app pkg com.microsoft.emmx
04-10 02:17:12.635 2733 2814 D LoaderTask: app pkg com.android.documentsui
04-10 02:17:12.637 1015 2087 I am_proc_bound: [0,3367,com.android.traceur]
04-10 02:17:12.638 1015 1172 I DropBoxManagerService: add tag=system_app_strictmode isTagEnabled=true flags=0x2
04-10 02:17:12.643 2733 2814 D LoaderTask: app pkg com.example.android.locationattribution
04-10 02:17:12.643 1015 2087 D CompatibilityChangeReporter: Compat change id reported: 168419799; UID 10035; state: DISABLED
04-10 02:17:12.643 1015 2087 D CompatibilityInfo: mCompatibilityFlags - 4
04-10 02:17:12.644 1015 2087 D CompatibilityInfo: applicationDensity - 240
04-10 02:17:12.644 1015 2087 D CompatibilityInfo: applicationScale - 1.0
04-10 02:17:12.644 2733 2814 D LoaderTask: app pkg com.hht.lebocast
04-10 02:17:12.645 2080 2491 D BufferPoolAccessor2.0: bufferpool2 0xb40000721891ac38 : 0(0 size) total buffers - 0(0 size) used buffers - 3/7 (recycle/alloc) - 4/18 (fetch/transfer)
04-10 02:17:12.645 2080 2491 D BufferPoolAccessor2.0: bufferpool2 0xb400007218916b78 : 0(0 size) total buffers - 0(0 size) used buffers - 3/7 (recycle/alloc) - 4/36 (fetch/transfer)
04-10 02:17:12.645 2080 2491 D BufferPoolAccessor2.0: evictor expired: 2, evicted: 2
04-10 02:17:12.646 2733 2814 D LoaderTask: app pkg com.qualcomm.qti.sensors.qsensortest
04-10 02:17:12.648 1015 2087 D CompatibilityInfo: mCompatibilityFlags - 4
04-10 02:17:12.649 1015 2087 D CompatibilityInfo: applicationDensity - 240
04-10 02:17:12.649 1015 2087 D CompatibilityInfo: applicationScale - 1.0
04-10 02:17:12.649 1015 1955 I GameModeConfig: isGameModeOn = false
04-10 02:17:12.651 977 994 E ANDR-PERF-XMLPARSER: Could not access the XML file at /vendor/etc/perf/perfmapping.xml
04-10 02:17:12.652 2733 2814 D LoaderTask: app pkg com.qualcomm.qti.usta
04-10 02:17:12.649 1015 1955 I GameModeConfig: isGameModeOn = false
04-10 02:17:12.654 2080 2080 W TouchableRegionManager: onHeadsUpPinnedModeChanged
04-10 02:17:12.654 2080 2080 D StatusBar: disable disable2
04-10 02:17:12.655 3310 3310 W XTSrv : setPackagePresence
04-10 02:17:12.655 1015 1816 I sysui_multi_action: [757,127,758,1]
04-10 02:17:12.660 3367 3367 D CompatibilityChangeReporter: Compat change id reported: 171979766; UID 10035; state: ENABLED
04-10 02:17:12.660 3278 3278 I TranscodeHelper: Empty transcode compat stale
04-10 02:17:12.660 3278 3278 I TranscodeHelper: Parsed 0 packages from resource
04-10 02:17:12.661 3278 3278 I TranscodeHelper: Empty device config transcode compat manifest
04-10 02:17:12.661 1015 1955 I GameModeConfig: isGameModeOn = false
04-10 02:17:12.661 1015 1955 I GameModeConfig: isGameModeOn = false
04-10 02:17:12.661 1015 1955 I GameModeConfig: isGameModeOn = false
04-10 02:17:12.661 1015 1955 I GameModeConfig: isGameModeOn = false
04-10 02:17:12.662 1015 1955 I GameModeConfig: isGameModeOn = false
04-10 02:17:12.662 1015 1955 I GameModeConfig: isGameModeOn = false
04-10 02:17:12.662 1015 1955 I GameModeConfig: isGameModeOn = false
04-10 02:17:12.662 1015 1955 I GameModeConfig: isGameModeOn = false
04-10 02:17:12.662 2080 2080 I sysui_heads_up_status: [-1|android|26|null|1000,1]
04-10 02:17:12.667 2927 3373 D XTProxy : onServiceConnected
04-10 02:17:12.668 1015 1816 I sysui_multi_action: [757,804,799,note_load,801,1,802,1]
04-10 02:17:12.669 1015 1816 I notification_panel_revealed: 1
04-10 02:17:12.670 2733 2814 D LoaderTask: app pkg com.sohu.inputmethod.sogou.car
04-10 02:17:12.675 2080 2080 V NotificationMediaManager: DEBUG_MEDIA: updating album art for notification null metadata=null metaDataChanged=false state=0
04-10 02:17:12.676 2733 2814 D LoaderTask: app pkg com.github.uiautomator
04-10 02:17:12.676 2733 2814 D LoaderTask: installQueue.size 12
04-10 02:17:12.676 2733 2814 D BaseModelUpdateTask: BaseModelUpdateTask constructor
04-10 02:17:12.676 2733 2814 D BaseModelUpdateTask: java.lang.Exception
04-10 02:17:12.676 2733 2814 D BaseModelUpdateTask: at com.android.launcher3.model.BaseModelUpdateTask.(BaseModelUpdateTask.java:57)
04-10 02:17:12.676 2733 2814 D BaseModelUpdateTask: at com.android.launcher3.model.AddWorkspaceItemsTask.(AddWorkspaceItemsTask.java:58)
04-10 02:17:12.676 2733 2814 D BaseModelUpdateTask: at com.android.launcher3.LauncherModel.addAndBindAddedWorkspaceItems(LauncherModel.java:145)
04-10 02:17:12.676 2733 2814 D BaseModelUpdateTask: at com.android.launcher3.model.LoaderTask.verifyApplications(LoaderTask.java:1061)
04-10 02:17:12.676 2733 2814 D BaseModelUpdateTask: at com.android.launcher3.model.LoaderTask.run(LoaderTask.java:229)
04-10 02:17:12.676 2733 2814 D BaseModelUpdateTask: at android.os.Handler.handleCallback(Handler.java:938)
04-10 02:17:12.676 2733 2814 D BaseModelUpdateTask: at android.os.Handler.dispatchMessage(Handler.java:99)
04-10 02:17:12.676 2733 2814 D BaseModelUpdateTask: at android.os.Looper.loopOnce(Looper.java:201)
04-10 02:17:12.676 2733 2814 D BaseModelUpdateTask: at android.os.Looper.loop(Looper.java:288)
04-10 02:17:12.676 2733 2814 D BaseModelUpdateTask: at android.os.HandlerThread.run(HandlerThread.java:67)
04-10 02:17:12.676 1015 1172 I commit_sys_config_file: [jobs,23]
04-10 02:17:12.682 2733 2814 D LoaderTask: bindAllApps
04-10 02:17:12.686 1015 1077 I sysui_multi_action: [757,128,758,1,793,6433,794,0,795,6433,796,32,798,1,806,android,857,USB,858,1,947,0,1395,2,1500,5917,1688,1]
04-10 02:17:12.686 1015 1077 I sysui_multi_action: [757,804,799,note_freshness,801,6433,802,1]
04-10 02:17:12.686 1015 1077 I notification_visibility: [-1|android|32|null|1000,1,6433,6433,0,1]
04-10 02:17:12.691 2080 2299 D PeopleSpaceWidgetMgr: Sbn doesn't contain valid PeopleTileKey: null/0/android
04-10 02:17:12.692 2080 2299 E ndroid.systemu: No package ID 7f found for ID 0x7f030001.
04-10 02:17:12.692 2080 2299 E ContrastColorUtil: Drawable not found: 2130903041
04-10 02:17:12.693 2080 2299 E ndroid.systemu: No package ID 7f found for ID 0x7f030001.
04-10 02:17:12.693 2080 2299 E ContrastColorUtil: Drawable not found: 2130903041
04-10 02:17:12.706 3278 3278 V MediaStore: Examining volume emulated;0 with name external_primary and state checking
04-10 02:17:12.711 2080 2080 D StatusBar: disable disable2
04-10 02:17:12.716 3278 3278 D CompatibilityChangeReporter: Compat change id reported: 148180766; UID 10091; state: ENABLED
04-10 02:17:12.717 676 676 D Zygote : Forked child process 3410
04-10 02:17:12.718 1015 1192 W ActivityManager: Slow operation: 240ms so far, now at startProcess: returned from zygote!
04-10 02:17:12.718 1015 1192 W ActivityManager: Slow operation: 241ms so far, now at startProcess: done updating battery stats
04-10 02:17:12.718 1015 1192 I am_proc_start: [0,3410,10034,com.baidu.input,service,{com.baidu.input/com.baidu.input.ImeService}]
04-10 02:17:12.718 1015 1192 W ActivityManager: Slow operation: 241ms so far, now at startProcess: building log message
04-10 02:17:12.719 1015 1192 I ActivityManager: Start proc 3410:com.baidu.input/u0a34 for service {com.baidu.input/com.baidu.input.ImeService}
04-10 02:17:12.719 1015 1192 W ActivityManager: Slow operation: 241ms so far, now at startProcess: starting to update pids map
04-10 02:17:12.720 3278 3278 D PulledMetrics: Registering callback with StatsManager
04-10 02:17:12.725 977 994 E ANDR-PERF-XMLPARSER: Could not access the XML file at /vendor/etc/perf/targetsysnodesconfigs.xml
04-10 02:17:12.725 1015 1192 W ActivityManager: Slow operation: 247ms so far, now at startProcess: done updating pids map
04-10 02:17:12.725 1015 1192 W ActivityManager: Slow operation: 112ms so far, now at startProcess: asking zygote to start proc
04-10 02:17:12.726 1015 1192 D CompatibilityChangeReporter: Compat change id reported: 143937733; UID 10031; state: ENABLED
04-10 02:17:12.731 505 505 I hwservicemanager: Since vendor.qti.hardware.iop@2.0::IIop/default is not registered, trying to start it as a lazy HAL.
04-10 02:17:12.732 1325 1339 E ANDR-IOP: IIop:: Iop HAL Service is not available.
04-10 02:17:12.743 1512 1512 I MSM-irqbalance: Discovered a new IRQ: 16
04-10 02:17:12.743 1512 1512 I MSM-irqbalance: Discovered a new IRQ: 17
01-01 08:59:55.579 0 0 I binder : 3374:3374 ioctl 40046210 7ff41be1f4 returned -22
04-10 02:17:12.745 1512 1512 I MSM-irqbalance: Discovered a new IRQ: 18
04-10 02:17:12.751 977 994 E ANDR-PERF-TARGET-INIT: Error reading KPM nodes. Does KPM exist
04-10 02:17:12.751 977 994 E ANDR-PERF-OPTSDATA: Couldn't find path for idx=69
04-10 02:17:12.751 977 994 E ANDR-PERF-OPTSDATA: Couldn't find path for idx=115
04-10 02:17:12.752 977 994 E ANDR-PERF-OPTSDATA: Couldn't find path for idx=145
04-10 02:17:12.752 977 994 E ANDR-PERF-OPTSDATA: Couldn't find path for idx=146
04-10 02:17:12.752 977 994 E ANDR-PERF-OPTSDATA: Couldn't find path for idx=147
04-10 02:17:12.757 2924 2924 I adbd : UsbFfs: already offline
04-10 02:17:12.757 2924 2924 I adbd : authentication not required
04-10 02:17:12.760 505 3411 W libc : Unable to set property "ctl.interface_start" to "vendor.qti.hardware.iop@2.0::IIop/default": error code: 0x20
04-10 02:17:12.761 505 3411 I hwservicemanager: Tried to start vendor.qti.hardware.iop@2.0::IIop/default as a lazy service, but was unable to. Usually this happens when a service is not installed, but if the service is intended to be used as a lazy service, then it may be configured incorrectly.
04-10 02:17:12.761 1015 3048 I StorageUserConnection: Service: [ComponentInfo{com.android.providers.media.module/com.android.providers.media.fuse.ExternalStorageServiceImpl}] connected. User [0]
04-10 02:17:12.768 3374 3374 D ProcessState: Binder ioctl to enable oneway spam detection failed: Invalid argument
04-10 02:17:12.774 2733 2733 D HotseatController: clearEmptyGrid: size=4
04-10 02:17:12.775 2733 2733 D HotseatController: adjustPadding: height=800,size=4
04-10 02:17:12.781 977 994 E ANDR-PERF-OPTSHANDLER: Error: Sched Frequency Aggregation support not present
04-10 02:17:12.766 3278 3412 I ExternalStorageServiceImpl: Starting session for id: emulated;0
04-10 02:17:12.783 3278 3402 V MediaProvider: onConfigure() for external.db
04-10 02:17:12.783 2924 2936 I adbd : jdwp connection from 3374
04-10 02:17:12.784 505 505 I hwservicemanager: getTransport: Cannot find entry vendor.qti.memory.pasrmanager@1.1::IPasrManager/pasrhal in either framework or device VINTF manifest.
04-10 02:17:12.785 2733 2733 E libprocessgroup: set_timerslack_ns write failed: Operation not permitted
04-10 02:17:12.786 3278 3402 V MediaProvider: onOpen() for external.db
04-10 02:17:12.792 1015 1077 I am_proc_bound: [0,3374,android.process.media]
04-10 02:17:12.794 3278 3402 V MediaProvider: onOpen() finished for external.db
04-10 02:17:12.795 1015 1077 D CompatibilityChangeReporter: Compat change id reported: 168419799; UID 10023; state: DISABLED
04-10 02:17:12.796 1015 1077 D CompatibilityInfo: mCompatibilityFlags - 4
04-10 02:17:12.796 1015 1077 D CompatibilityInfo: applicationDensity - 240
04-10 02:17:12.796 1015 1077 D CompatibilityInfo: applicationScale - 1.0
04-10 02:17:12.801 2733 2733 W View : requestLayout() improperly called by com.android.launcher3.views.NoInsetView{14cc7df V.ED..... ......I. 2038,0-2380,1020 #7f09007c app:id/bg_hotseat} during layout: running second layout pass
04-10 02:17:12.802 3278 3412 V FuseDaemonThread: Waiting 1000ms for FUSE start. Count 4
04-10 02:17:12.804 2733 2814 D LoaderTask: update icon cache
04-10 02:17:12.804 2733 2814 D LoaderTask: save shortcuts in icon cache
04-10 02:17:12.804 2733 2814 D LoaderTask: step 2 complete
04-10 02:17:12.807 1015 1077 D CompatibilityInfo: mCompatibilityFlags - 4
04-10 02:17:12.807 1015 1077 D CompatibilityInfo: applicationDensity - 240
04-10 02:17:12.807 1015 1077 D CompatibilityInfo: applicationScale - 1.0
04-10 02:17:12.807 1015 1187 I system_server: Using smaps_rollup for pss collection
04-10 02:17:12.808 3410 3410 I libc : SetHeapTaggingLevel: tag level set to 0
04-10 02:17:12.808 2733 2814 D LoaderTask: loadDeepShortcuts
04-10 02:17:12.808 2733 2814 D LoaderTask: bindDeepShortcuts
04-10 02:17:12.808 2733 2814 D LoaderTask: save deep shortcuts in icon cache
04-10 02:17:12.809 2733 2814 D LoaderTask: step 3 complete
04-10 02:17:12.819 3374 3374 D CompatibilityChangeReporter: Compat change id reported: 171979766; UID 10023; state: ENABLED
04-10 02:17:12.824 967 1121 I libdisplayconfigqti: Register client name: MPCTL977 device client: 0xb40000743d17fbf0
04-10 02:17:12.839 1391 1799 D BufferPoolAccessor2.0: bufferpool2 0xb400007508475a38 : 0(0 size) total buffers - 0(0 size) used buffers - 6/7 (recycle/alloc) - 1/6 (fetch/transfer)
04-10 02:17:12.839 1391 1799 D BufferPoolAccessor2.0: evictor expired: 1, evicted: 1
04-10 02:17:12.841 3278 3424 I FuseDaemonThread: Starting thread for emulated;0 ...
04-10 02:17:12.842 3278 3424 I FuseDaemon: Starting fuse...
04-10 02:17:12.860 676 676 D Zygote : Forked child process 3434
04-10 02:17:12.861 1015 1192 W ActivityManager: Slow operation: 248ms so far, now at startProcess: returned from zygote!
04-10 02:17:12.862 1015 1192 W ActivityManager: Slow operation: 249ms so far, now at startProcess: done updating battery stats
04-10 02:17:12.862 1015 1192 I am_proc_start: [0,3434,10031,android.process.acore,content provider,{com.android.providers.contacts/com.android.providers.contacts.ContactsProvider2}]
04-10 02:17:12.862 1015 1192 W ActivityManager: Slow operation: 249ms so far, now at startProcess: building log message
04-10 02:17:12.862 1015 1192 I ActivityManager: Start proc 3434:android.process.acore/u0a31 for content provider {com.android.providers.contacts/com.android.providers.contacts.ContactsProvider2}
04-10 02:17:12.862 1015 1192 W ActivityManager: Slow operation: 249ms so far, now at startProcess: starting to update pids map
01-01 08:59:55.687 0 0 I binder : 3410:3410 ioctl 40046210 7ff41be1f4 returned -22
04-10 02:17:12.872 1015 1192 W ActivityManager: Slow operation: 258ms so far, now at startProcess: done updating pids map
04-10 02:17:12.872 2080 2080 V NotificationMediaManager: DEBUG_MEDIA: updating album art for notification null metadata=null metaDataChanged=false state=0
04-10 02:17:12.877 3410 3410 D ProcessState: Binder ioctl to enable oneway spam detection failed: Invalid argument
04-10 02:17:12.878 977 3432 E ANDR-PERF-MPCTL: before pthread_cond_wait 1800, chk_core_online_poll
04-10 02:17:12.882 977 995 E ANDR-PERF-LM: AdaptiveLaunch: AdaptLaunchFeature() 74: Fast Loader enabled = 0 TapEventIgnore Status 1
04-10 02:17:12.883 2924 2936 I adbd : jdwp connection from 3410
04-10 02:17:12.889 2733 2814 D LoaderTask: load widgets
04-10 02:17:12.901 2733 2814 I WidgetsModel: found whitelist widget: com.android.settings, label: 设置快捷方式, sectionName:S
04-10 02:17:12.901 2733 2814 I WidgetsModel: found whitelist widget: com.android.gallery3d, label: 照片, sectionName:T
04-10 02:17:12.901 2733 2814 I WidgetsModel: found whitelist widget: com.android.systemui, label: 对话, sectionName:D
04-10 02:17:12.905 2733 2814 I WidgetsModel: found whitelist widget: com.android.music, label: 音乐, sectionName:Y
04-10 02:17:12.905 2733 2814 D LoaderTask: bindWidgets
04-10 02:17:12.913 3374 3374 I Perf : Connecting to perf service.
04-10 02:17:12.917 1015 1816 I am_proc_bound: [0,3410,com.baidu.input]
04-10 02:17:12.920 1015 1816 D CompatibilityChangeReporter: Compat change id reported: 168419799; UID 10034; state: DISABLED
04-10 02:17:12.920 1015 1816 D CompatibilityInfo: mCompatibilityFlags - 4
04-10 02:17:12.921 1015 1816 D CompatibilityInfo: applicationDensity - 240
04-10 02:17:12.921 1015 1816 D CompatibilityInfo: applicationScale - 1.0
04-10 02:17:12.921 2733 2814 D LoaderTask: save widgets in icon cache
04-10 02:17:12.927 2733 2814 D LoaderTask: finish icon update
04-10 02:17:12.937 1015 1816 I am_uid_active: 10034
04-10 02:17:12.945 3374 3374 V GraphicsEnvironment: ANGLE Developer option for 'com.android.mtp' set to: 'default'
04-10 02:17:12.947 3374 3374 V GraphicsEnvironment: ANGLE GameManagerService for com.android.mtp: false
04-10 02:17:12.947 2733 2814 D LauncherProvider: call: method=new_db_transaction,arg=null,extras=null
04-10 02:17:12.949 1015 1816 D CompatibilityInfo: mCompatibilityFlags - 4
04-10 02:17:12.949 1015 1816 D CompatibilityInfo: applicationDensity - 240
04-10 02:17:12.949 1015 1816 D CompatibilityInfo: applicationScale - 1.0
04-10 02:17:12.955 3374 3374 D NetworkSecurityConfig: No Network Security Config specified, using platform default
04-10 02:17:12.955 3374 3374 D NetworkSecurityConfig: No Network Security Config specified, using platform default
04-10 02:17:12.956 3410 3410 D CompatibilityChangeReporter: Compat change id reported: 171979766; UID 10034; state: DISABLED
04-10 02:17:12.966 3410 3410 D ApplicationLoaders: Returning zygote-cached class loader: /system/framework/android.test.base.jar
04-10 02:17:12.982 2733 2814 D BaseIconFactory: normalizeAndWrapToAdaptiveIcon: scale=1.0
04-10 02:17:12.979 3440 3440 I auditd : type=1400 audit(0.0:153): avc: denied { read } for comm="ip" name="rt_tables" dev="dm-6" ino=332 scontext=u:r:ethernet:s0 tcontext=u:object_r:net_data_file:s0 tclass=file permissive=0
04-10 02:17:12.979 3440 3440 W ip : type=1400 audit(0.0:153): avc: denied { read } for name="rt_tables" dev="dm-6" ino=332 scontext=u:r:ethernet:s0 tcontext=u:object_r:net_data_file:s0 tclass=file permissive=0
04-10 02:17:13.001 3367 3367 I Perf : Connecting to perf service.
04-10 02:17:13.008 2080 2080 V NotificationMediaManager: DEBUG_MEDIA: updating album art for notification null metadata=null metaDataChanged=false state=0
04-10 02:17:13.018 3367 3367 V GraphicsEnvironment: ANGLE Developer option for 'com.android.traceur' set to: 'default'
04-10 02:17:13.020 3367 3367 V GraphicsEnvironment: ANGLE GameManagerService for com.android.traceur: false
04-10 02:17:13.021 1015 1955 I GameModeConfig: isGameModeOn = false
04-10 02:17:13.026 3367 3367 D NetworkSecurityConfig: No Network Security Config specified, using platform default
04-10 02:17:13.027 3367 3367 D NetworkSecurityConfig: No Network Security Config specified, using platform default
04-10 02:17:13.028 1015 1955 I GameModeConfig: isGameModeOn = false
04-10 02:17:13.029 2924 2936 I adbd : jdwp connection from 3434
04-10 02:17:13.029 1015 1955 I GameModeConfig: isGameModeOn = false
04-10 02:17:13.029 1015 1955 I GameModeConfig: isGameModeOn = false
04-10 02:17:13.029 1015 1955 I GameModeConfig: isGameModeOn = false
01-01 08:59:55.856 0 0 I binder : 3434:3434 ioctl 40046210 7ff41be1f4 returned -22
04-10 02:17:13.046 3072 3333 I ThermalEngine: Thermal-Server: Adding thermal log/rule listener on fd 12
04-10 02:17:13.047 3072 3333 I ThermalEngine: Thermal-Server: Thermal received msg from config_query
04-10 02:17:13.047 3072 3333 I ThermalEngine: Thermal-Server: total num of config queried 0
04-10 02:17:13.047 977 3469 I Thermal-Lib: Thermal-Lib-Client: Client config query request sent config_query 0
04-10 02:17:13.047 977 3469 I Thermal-Lib: Thermal-Lib-Client:recv_and_extract_packet: Client received msg config_query 8
04-10 02:17:13.046 3434 3434 D ProcessState: Binder ioctl to enable oneway spam detection failed: Invalid argument
04-10 02:17:13.061 977 995 W ANDR-PERF-LM: FeatureState: writeState() 188: GameOptimization: State transition not allowed
04-10 02:17:13.061 977 995 W ANDR-PERF-LM: FeatureState: writeState() 188: GameOptimization: State transition not allowed
04-10 02:17:13.061 977 995 W ANDR-PERF-LM: FeatureState: writeState() 188: GameOptimization: State transition not allowed
04-10 02:17:13.065 977 994 E ANDR-PERF-HINTEXT: FPS Switch Hysteresis time < 1 secs, ignore it
01-01 08:59:55.886 0 0 I ALERT : changing window size from 20000000 to 16000000 at 54280624716
04-10 02:17:13.081 973 973 I HidlServiceManagement: Registered vendor.qti.hardware.iop@2.0::IIop/default (start delay of 20217ms)
04-10 02:17:13.082 973 973 I HidlServiceManagement: Removing namespace from process name vendor.qti.hardware.iop@2.0-service to iop@2.0-service.
04-10 02:17:13.075 3454 3454 I auditd : type=1400 audit(0.0:154): avc: denied { read } for comm="ip" name="rt_tables" dev="dm-6" ino=332 scontext=u:r:ethernet:s0 tcontext=u:object_r:net_data_file:s0 tclass=file permissive=0
04-10 02:17:13.083 973 973 E vendor.qti.hardware.iop@2.0-service: Registered IIop HAL service success!
04-10 02:17:13.075 3454 3454 W ip : type=1400 audit(0.0:154): avc: denied { read } for name="rt_tables" dev="dm-6" ino=332 scontext=u:r:ethernet:s0 tcontext=u:object_r:net_data_file:s0 tclass=file permissive=0
04-10 02:17:13.095 1015 1077 I am_proc_bound: [0,3434,android.process.acore]
04-10 02:17:13.100 1015 1077 D CompatibilityChangeReporter: Compat change id reported: 168419799; UID 10031; state: DISABLED
04-10 02:17:13.100 1015 1077 D CompatibilityInfo: mCompatibilityFlags - 4
04-10 02:17:13.100 1015 1077 D CompatibilityInfo: applicationDensity - 240
04-10 02:17:13.100 1015 1077 D CompatibilityInfo: applicationScale - 1.0
04-10 02:17:13.104 1078 3324 I SmoMo : DisplayExtnImpl::HandleTid: Successfully sent SF TID:2794. ret = -2
04-10 02:17:13.105 1078 3324 I SmoMo : DisplayExtnImpl::HandleTid: Successfully sent RE TID:1119. ret = -2
04-10 02:17:13.106 1015 1077 I am_uid_active: 10031
04-10 02:17:13.126 3367 3367 I Traceur : Received BOOT_COMPLETE
04-10 02:17:13.127 3434 3434 D CompatibilityChangeReporter: Compat change id reported: 171979766; UID 10031; state: ENABLED
04-10 02:17:13.127 1015 1955 I GameModeConfig: isGameModeOn = false
04-10 02:17:13.129 1015 1955 I GameModeConfig: isGameModeOn = false
04-10 02:17:13.129 1015 1955 I GameModeConfig: isGameModeOn = false
04-10 02:17:13.129 1015 1955 I GameModeConfig: isGameModeOn = false
04-10 02:17:13.129 1015 1955 I GameModeConfig: isGameModeOn = false
04-10 02:17:13.129 1015 1955 I GameModeConfig: isGameModeOn = false
04-10 02:17:13.129 1015 1955 I GameModeConfig: isGameModeOn = false
04-10 02:17:13.130 1015 1955 I GameModeConfig: isGameModeOn = false
04-10 02:17:13.130 1015 1955 I GameModeConfig: isGameModeOn = false
04-10 02:17:13.131 1015 1955 I GameModeConfig: isGameModeOn = false
04-10 02:17:13.160 3410 3410 I Perf : Connecting to perf service.
04-10 02:17:13.161 1015 2148 D CompatibilityInfo: mCompatibilityFlags - 4
04-10 02:17:13.161 1015 2148 D CompatibilityInfo: applicationDensity - 240
04-10 02:17:13.161 1015 2148 D CompatibilityInfo: applicationScale - 1.0
04-10 02:17:13.185 1015 1077 I sysui_multi_action: [757,128,758,1,793,3955,794,0,795,3955,796,26,798,0,806,android,857,DEVELOPER_IMPORTANT,858,4,947,0,1395,4,1500,3532,1688,1]
04-10 02:17:13.185 1015 1077 I sysui_multi_action: [757,804,799,note_freshness,801,3955,802,1]
04-10 02:17:13.185 1015 1077 I notification_visibility: [-1|android|26|null|1000,1,3955,3955,0,0]
04-10 02:17:13.186 1015 1077 I sysui_multi_action: [757,128,758,2,793,6933,794,500,795,6933,796,32,798,1,806,android,857,USB,858,1,947,0,1395,2,1500,6417,1688,1]
04-10 02:17:13.186 1015 1077 I notification_visibility: [-1|android|32|null|1000,0,6933,6933,0,1]
04-10 02:17:13.197 1015 2148 D CompatibilityChangeReporter: Compat change id reported: 135634846; UID 1000; state: DISABLED
04-10 02:17:13.197 1015 2148 D CompatibilityChangeReporter: Compat change id reported: 177438394; UID 1000; state: DISABLED
04-10 02:17:13.198 1015 2148 D CompatibilityChangeReporter: Compat change id reported: 135772972; UID 1000; state: DISABLED
04-10 02:17:13.198 1015 2148 D CompatibilityChangeReporter: Compat change id reported: 135754954; UID 1000; state: DISABLED
04-10 02:17:13.199 3434 3434 I Perf : Connecting to perf service.
04-10 02:17:13.208 3410 3410 V GraphicsEnvironment: ANGLE Developer option for 'com.baidu.input' set to: 'default'
04-10 02:17:13.211 3410 3410 V GraphicsEnvironment: ANGLE GameManagerService for com.baidu.input: false
04-10 02:17:13.213 3410 3410 D NetworkSecurityConfig: Using Network Security Config from resource network_security_config debugBuild: false
04-10 02:17:13.214 3410 3410 D NetworkSecurityConfig: Using Network Security Config from resource network_security_config debugBuild: false
04-10 02:17:13.232 3434 3434 V GraphicsEnvironment: ANGLE Developer option for 'com.android.providers.contacts' set to: 'default'
04-10 02:17:13.233 3434 3434 V GraphicsEnvironment: ANGLE GameManagerService for com.android.providers.contacts: false
04-10 02:17:13.237 3434 3434 D NetworkSecurityConfig: No Network Security Config specified, using platform default
04-10 02:17:13.238 3434 3434 D NetworkSecurityConfig: No Network Security Config specified, using platform default
04-10 02:17:13.262 650 659 I mpu_uart: [MSG-P:R]:recv sync frame timeout
04-10 02:17:13.262 650 660 I mpu_uart: [MSG-P:RECV]:No message received in 1000 ms
04-10 02:17:13.273 676 676 D Zygote : Forked child process 3496
04-10 02:17:13.275 1015 1192 W ActivityManager: Slow operation: 80ms so far, now at startProcess: returned from zygote!
04-10 02:17:13.275 1015 1192 W ActivityManager: Slow operation: 81ms so far, now at startProcess: done updating battery stats
04-10 02:17:13.275 1015 1192 I am_proc_start: [0,3496,1000,com.qualcomm.qti.qmmi,broadcast,{com.qualcomm.qti.qmmi/com.qualcomm.qti.qmmi.framework.QmmiReceiver}]
04-10 02:17:13.275 1015 1192 W ActivityManager: Slow operation: 81ms so far, now at startProcess: building log message
04-10 02:17:13.275 1015 1192 I ActivityManager: Start proc 3496:com.qualcomm.qti.qmmi/1000 for broadcast {com.qualcomm.qti.qmmi/com.qualcomm.qti.qmmi.framework.QmmiReceiver}
04-10 02:17:13.275 1015 1192 W ActivityManager: Slow operation: 81ms so far, now at startProcess: starting to update pids map
04-10 02:17:13.276 1015 1192 W ActivityManager: Slow operation: 82ms so far, now at startProcess: done updating pids map
04-10 02:17:13.276 1439 1463 D LOWI-9.0.0.87.a: [LOWINetlinkSocketReceiver] unpackRTMLinkMessage: RTM_NEWLINK - ifname vlan1, flags 0x1003 ([UP])
04-10 02:17:13.277 1015 1170 I EthernetTracker: interfaceLinkStateChanged, iface: vlan1, up: false
04-10 02:17:13.292 3434 3434 I ContactsPerf: VoicemailContentProvider.onCreate start
