01-01 08:59:39.289 0 0 I binder : 1298:1329 ioctl 40046210 738dbfb104 returned -22
01-01 08:59:39.306 0 0 E msm-dai-fe soc: qcom,msm-dai-fe: ASoC: no sink widget found for AUXPCM_DL_HL
01-01 08:59:39.315 0 0 E msm-dai-fe soc: qcom,msm-dai-fe: ASoC: Failed to add route AUXPCM_HOSTLESS Playback -> direct -> AUXPCM_DL_HL
01-01 08:59:39.321 0 0 I binder : 1325:1325 ioctl 40046210 7ffb7b3e24 returned -22
01-01 08:59:39.327 0 0 E msm-dai-fe soc: qcom,msm-dai-fe: ASoC: no source widget found for AUXPCM_UL_HL
01-01 08:59:39.335 0 0 E msm-dai-fe soc: qcom,msm-dai-fe: ASoC: Failed to add route AUXPCM_UL_HL -> direct -> AUXPCM_HOSTLESS Capture
01-01 08:59:39.341 0 0 I : tsnv nv_initialize successfully!
01-01 08:59:39.363 0 0 E msm-auxpcm-dev soc: qcom,msm-pri-auxpcm: ASoC: no source widget found for AUX_PCM_RX
01-01 08:59:39.373 0 0 E msm-auxpcm-dev soc: qcom,msm-pri-auxpcm: ASoC: Failed to add route AUX_PCM_RX -> direct -> AUX PCM Playback
01-01 08:59:39.385 0 0 E msm-auxpcm-dev soc: qcom,msm-pri-auxpcm: ASoC: no sink widget found for AUX_PCM_TX
01-01 08:59:39.394 0 0 E msm-auxpcm-dev soc: qcom,msm-pri-auxpcm: ASoC: Failed to add route AUX PCM Capture -> direct -> AUX_PCM_TX
01-01 08:59:39.406 0 0 E msm-auxpcm-dev soc: qcom,msm-sec-auxpcm: ASoC: no source widget found for SEC_AUX_PCM_RX
01-01 08:59:39.416 0 0 E msm-auxpcm-dev soc: qcom,msm-sec-auxpcm: ASoC: Failed to add route SEC_AUX_PCM_RX -> direct -> Sec AUX PCM Playback
01-01 08:59:39.428 0 0 E msm-auxpcm-dev soc: qcom,msm-sec-auxpcm: ASoC: no sink widget found for SEC_AUX_PCM_TX
01-01 08:59:39.438 0 0 E msm-auxpcm-dev soc: qcom,msm-sec-auxpcm: ASoC: Failed to add route Sec AUX PCM Capture -> direct -> SEC_AUX_PCM_TX
01-01 08:59:39.451 0 0 E msm-auxpcm-dev soc: qcom,msm-tert-auxpcm: ASoC: no source widget found for TERT_AUX_PCM_RX
01-01 08:59:39.460 0 0 E msm-auxpcm-dev soc: qcom,msm-tert-auxpcm: ASoC: Failed to add route TERT_AUX_PCM_RX -> direct -> Tert AUX PCM Playback
01-01 08:59:39.473 0 0 I binder : 1279:1279 ioctl 40046210 7fd0f94c54 returned -22
01-01 08:59:39.473 0 0 E msm-auxpcm-dev soc: qcom,msm-tert-auxpcm: ASoC: no sink widget found for TERT_AUX_PCM_TX
01-01 08:59:39.483 0 0 E msm-auxpcm-dev soc: qcom,msm-tert-auxpcm: ASoC: Failed to add route Tert AUX PCM Capture -> direct -> TERT_AUX_PCM_TX
01-01 08:59:39.496 0 0 E msm-auxpcm-dev soc: qcom,msm-quat-auxpcm: ASoC: no source widget found for QUAT_AUX_PCM_RX
01-01 08:59:39.505 0 0 E msm-auxpcm-dev soc: qcom,msm-quat-auxpcm: ASoC: Failed to add route QUAT_AUX_PCM_RX -> direct -> Quat AUX PCM Playback
01-01 08:59:39.518 0 0 E msm-auxpcm-dev soc: qcom,msm-quat-auxpcm: ASoC: no sink widget found for QUAT_AUX_PCM_TX
01-01 08:59:39.528 0 0 E msm-auxpcm-dev soc: qcom,msm-quat-auxpcm: ASoC: Failed to add route Quat AUX PCM Capture -> direct -> QUAT_AUX_PCM_TX
01-01 08:59:39.541 0 0 E msm-auxpcm-dev soc: qcom,msm-quin-auxpcm: ASoC: no source widget found for QUIN_AUX_PCM_RX
01-01 08:59:39.551 0 0 E msm-auxpcm-dev soc: qcom,msm-quin-auxpcm: ASoC: Failed to add route QUIN_AUX_PCM_RX -> direct -> Quin AUX PCM Playback
01-01 08:59:39.572 1347 1347 I imsrcsd : Uce Service HAL is starting up...
01-01 08:59:39.564 0 0 E msm-auxpcm-dev soc: qcom,msm-quin-auxpcm: ASoC: no sink widget found for QUIN_AUX_PCM_TX
01-01 08:59:39.573 0 0 E msm-auxpcm-dev soc: qcom,msm-quin-auxpcm: ASoC: Failed to add route Quin AUX PCM Capture -> direct -> QUIN_AUX_PCM_TX
01-01 08:59:39.577 1347 1347 I imsrcsd : Uce Service HAL loading imsrcsbaseimpl
01-01 08:59:39.586 0 0 E msm-auxpcm-dev soc: qcom,msm-sen-auxpcm: ASoC: no source widget found for SEN_AUX_PCM_RX
01-01 08:59:39.596 0 0 E msm-auxpcm-dev soc: qcom,msm-sen-auxpcm: ASoC: Failed to add route SEN_AUX_PCM_RX -> direct -> Sen AUX PCM Playback
01-01 08:59:39.608 0 0 E msm-auxpcm-dev soc: qcom,msm-sen-auxpcm: ASoC: no sink widget found for SEN_AUX_PCM_TX
01-01 08:59:39.610 0 0 I lan743x 0001: 01:00.0 eth0: using MSIX interrupts, number of vectors = 6
01-01 08:59:39.618 0 0 E msm-auxpcm-dev soc: qcom,msm-sen-auxpcm: ASoC: Failed to add route Sen AUX PCM Capture -> direct -> SEN_AUX_PCM_TX
01-01 08:59:39.630 0 0 W msm-dai-q6-hdmi soc: qcom,msm-dai-q6-dp: DAI driver id is not set
01-01 08:59:39.650 0 0 I mv2112_config_aneg: autoneg 1
01-01 08:59:39.671 1268 1268 I auditd : type=1400 audit(0.0:98): avc: denied { read append } for comm="hht_ota_mgr" name="NvmSim_yy.dat" dev="dm-6" ino=362 scontext=u:r:hht_ota_mgr:s0 tcontext=u:object_r:system_data_file:s0 tclass=file permissive=0
01-01 08:59:39.650 0 0 I : mv2112_restart_aneg
01-01 08:59:39.651 0 0 E mv2112_read_status: autoneg not complete;time=38044 ms
01-01 08:59:39.651 0 0 I : mv2112_setup_forced
01-01 08:59:39.658 0 0 I lan743x 0001: 01:00.0 eth0: successfully registered ptp clock
01-01 08:59:39.680 0 0 I lan743x 0001: 01:00.0 eth0: Link is Down
01-01 08:59:39.714 0 0 I binder : 1287:1287 ioctl 40046210 ff9c3a18 returned -22
01-01 08:59:39.719 0 0 I IPv6 : ADDRCONF(NETDEV_UP): eth0: link is not ready
01-01 08:59:39.723 0 0 I binder : 1287:1287 ioctl 40046210 ff9c3a00 returned -22
01-01 08:59:39.791 1347 1347 I imsrcsd : Starting Service for First Time imsbaseimpl
01-01 08:59:39.794 1347 1347 I imsrcsd : Interface com.qualcomm.qti.uceservice@2.3::IUceService com.qualcomm.qti.uceservice is found in manifest
01-01 08:59:39.806 1347 1347 I HidlServiceManagement: Registered com.qualcomm.qti.uceservice@2.3::IUceService/com.qualcomm.qti.uceservice (start delay of 351ms)
01-01 08:59:39.808 1347 1347 I imsrcsd : Interface com.qualcomm.qti.imscmservice@2.2::IImsCmService qti.ims.connectionmanagerservice is found in manifest
01-01 08:59:39.809 1347 1347 I HidlServiceManagement: Registered com.qualcomm.qti.imscmservice@2.2::IImsCmService/qti.ims.connectionmanagerservice (start delay of 354ms)
01-01 08:59:39.815 1347 1347 I imsrcsd : Interface vendor.qti.ims.factory@1.1::IImsFactory default is not found in manifest
01-01 08:59:39.818 1347 1347 I imsrcsd : Interface vendor.qti.ims.factory@1.0::IImsFactory default is found in manifest
01-01 08:59:39.819 1276 1276 I auditd : type=1400 audit(0.0:99): avc: denied { read } for comm="Binder:1276_1" name="persist" dev="tmpfs" ino=26528 scontext=u:r:installd:s0 tcontext=u:object_r:tmpfs:s0 tclass=lnk_file permissive=0
01-01 08:59:39.826 1347 1347 I HidlServiceManagement: Registered vendor.qti.ims.factory@1.0::IImsFactory/default (start delay of 370ms)
01-01 08:59:39.823 1276 1276 I auditd : type=1400 audit(0.0:100): avc: denied { read } for comm="Binder:1276_1" name="persist" dev="tmpfs" ino=26528 scontext=u:r:installd:s0 tcontext=u:object_r:tmpfs:s0 tclass=lnk_file permissive=0
01-01 08:59:39.829 1347 1347 I imsrcsd : Interface vendor.qti.ims.callinfo@1.0::IService default is found in manifest
01-01 08:59:39.834 1347 1347 I HidlServiceManagement: Registered vendor.qti.ims.callinfo@1.0::IService/default (start delay of 378ms)
01-01 08:59:39.834 1347 1347 I imsrcsd : ImsRcsBaseImpl ImsCallInfo After Registering Service
01-01 08:59:39.859 0 0 I binder : 1264:1264 ioctl 40046210 7ff20c6fa4 returned -22
01-01 08:59:39.862 0 0 I binder : 1264:1264 ioctl 40046210 7ff20c6fc4 returned -22
01-01 08:59:40.113 0 0 I binder : 1391:1391 ioctl 40046210 7fee7a7c54 returned -22
01-01 08:59:40.127 0 0 I cnss-daemon: NL group_id 10, cnss_nl.family_id 28
01-01 08:59:40.127 0 0 I cnss-daemon: wlfw_start: Starting
01-01 08:59:40.152 0 0 I binder : 1418:1418 ioctl 40046210 7ff1711de4 returned -22
01-01 08:59:40.153 0 0 E bolero-codec soc: qcom,msm-audio-apr:qcom,q6core-audio:bolero-cdc: ASoC: unknown pin WSA AIF VI
01-01 08:59:40.159 0 0 I binder : 1418:1418 ioctl 40046210 7ff1711c14 returned -22
01-01 08:59:40.161 0 0 I cnss-daemon: no interop issues ap currently
01-01 08:59:40.171 1420 1420 I auditd : type=1400 audit(0.0:101): avc: denied { read } for comm="tzlog" name="qsee_log" dev="debugfs" ino=9157 scontext=u:r:np_thundercomm_tlog:s0 tcontext=u:object_r:debugfs:s0 tclass=file permissive=1
01-01 08:59:40.161 0 0 I cnss-daemon: wlfw_service_request: Start the pthread: 0x0K
01-01 08:59:40.195 0 0 I cnss-daemon: ro.baseband : [apq]
01-01 08:59:40.187 1420 1420 I auditd : type=1400 audit(0.0:102): avc: denied { open } for comm="tzlog" path="/sys/kernel/debug/tzdbg/qsee_log" dev="debugfs" ino=9157 scontext=u:r:np_thundercomm_tlog:s0 tcontext=u:object_r:debugfs:s0 tclass=file permissive=1
01-01 08:59:40.195 0 0 I cnss-daemon: Hardware supports external modem
01-01 08:59:40.205 0 0 I cnss-daemon: pm_release_vote: pm_handle is NULL
01-01 08:59:40.205 0 0 I cnss-daemon: pm_release_vote: pm_handle is NULL
01-01 08:59:40.205 0 0 I cnss-daemon: wlfw_build_cal_table: not read /data/vendor/wifi/wlfw_cal_00.bin
01-01 08:59:40.214 0 0 W swr-wcd wsa_swr_ctrl: DMA mask not set
01-01 08:59:40.235 0 0 I cnss-daemon: wlfw_build_cal_table: not read /data/vendor/wifi/wlfw_cal_02.bin
01-01 08:59:40.241 0 0 D cnss : Received QMI WLFW request memory indication
01-01 08:59:40.241 0 0 D cnss : FW requests for memory, size: 0x5e0000, type: 1
01-01 08:59:40.241 0 0 D cnss : FW requests for memory, size: 0xd8000, type: 4
01-01 08:59:40.241 0 0 D cnss : Posting event: REQUEST_MEM(2), state: 0x9 flags: 0x0
01-01 08:59:40.241 0 0 D cnss : PM stay awake, state: 0x9, count: 1
01-01 08:59:40.241 0 0 D cnss : PM relax, state: 0x9, count: 0
01-01 08:59:40.241 0 0 D cnss : PM stay awake, state: 0x9, count: 1
01-01 08:59:40.241 0 0 D cnss : Processing driver event: REQUEST_MEM(2), state: 0x9
01-01 08:59:40.280 0 0 E kona-asoc-snd soc: qcom,msm-audio-apr:qcom,q6core-audio:sound: ASoC: no source widget found for MIC BIAS1
01-01 08:59:40.298 0 0 E kona-asoc-snd soc: qcom,msm-audio-apr:qcom,q6core-audio:sound: ASoC: Failed to add route MIC BIAS1 -> direct -> AMIC1
01-01 08:59:40.307 0 0 I binder : 1466:1466 ioctl 40046210 7fd155bca4 returned -22
01-01 08:59:40.311 0 0 E swr-wcd wsa_swr_ctrl: swrm_get_logical_dev_num: device 0x1020170211 is not ready
01-01 08:59:40.322 0 0 E kona-asoc-snd soc: qcom,msm-audio-apr:qcom,q6core-audio:sound: ASoC: no sink widget found for MIC BIAS1
01-01 08:59:40.332 0 0 E swr_get_logical_dev_num: Error -22 to get logical addr for device 1020170211
01-01 08:59:40.340 0 0 I binder : 1448:1448 ioctl 40046210 7fc80e1344 returned -22
01-01 08:59:40.341 0 0 E kona-asoc-snd soc: qcom,msm-audio-apr:qcom,q6core-audio:sound: ASoC: Failed to add route Analog Mic1 -> direct -> MIC BIAS1
01-01 08:59:40.344 0 0 I binder : 1448:1448 ioctl 40046210 7fc80e0f44 returned -22
01-01 08:59:40.356 0 0 W wsa881x : probe of wsa881x.1020170211 failed with error -22
01-01 08:59:40.364 0 0 E kona-asoc-snd soc: qcom,msm-audio-apr:qcom,q6core-audio:sound: ASoC: no source widget found for MIC BIAS2
01-01 08:59:40.376 0 0 E swr-wcd wsa_swr_ctrl: swrm_get_logical_dev_num: device 0x1020170212 is not ready
01-01 08:59:40.385 0 0 E kona-asoc-snd soc: qcom,msm-audio-apr:qcom,q6core-audio:sound: ASoC: Failed to add route MIC BIAS2 -> direct -> AMIC2
01-01 08:59:40.398 0 0 E swr_get_logical_dev_num: Error -22 to get logical addr for device 1020170212
01-01 08:59:40.408 0 0 W wsa881x : probe of wsa881x.1020170212 failed with error -22
01-01 08:59:40.410 0 0 E kona-asoc-snd soc: qcom,msm-audio-apr:qcom,q6core-audio:sound: ASoC: no sink widget found for MIC BIAS2
01-01 08:59:40.431 1490 1490 I TLOC : [main ]"TLOC DAEMON main thread"
01-01 08:59:40.428 0 0 E kona-asoc-snd soc: qcom,msm-audio-apr:qcom,q6core-audio:sound: ASoC: Failed to add route Analog Mic2 -> direct -> MIC BIAS2
01-01 08:59:40.431 1490 1490 D TLOC : [TLOCDaemon ]"---------- TLOC Daemon Starts ----------"
01-01 08:59:40.434 1490 1490 D TLOC : [TLOCChannel]"The channel was initialized successfully for TLOCD"
01-01 08:59:40.435 1490 1490 D TLOC : [TLOCChannel]"The channel was initialized successfully for TLOCL"
01-01 08:59:40.438 1490 1490 D TLOC : [TLOCChannel]"The channel was initialized successfully for MODEM"
01-01 08:59:40.438 1490 1490 D TLOC : [TLOCChannel]"TLOCChannel was initialized successfully"
01-01 08:59:40.438 1490 1490 D TLOC : [TLOCChannel] "TLOCChannel is already initialized"
01-01 08:59:40.429 0 0 D qbt : qbt_open: entry minor_no=0 fd_available=1
01-01 08:59:40.441 0 0 E swr-wcd wsa_swr_ctrl: swrm_get_logical_dev_num: device 0x1021170213 is not ready
01-01 08:59:40.450 0 0 E kona-asoc-snd soc: qcom,msm-audio-apr:qcom,q6core-audio:sound: ASoC: no source widget found for MIC BIAS3
01-01 08:59:40.461 0 0 D qbt : qbt_open: exit : 0 fd_available=0
01-01 08:59:40.461 0 0 D qbt : qbt_open: entry minor_no=1 fd_available=0
01-01 08:59:40.461 0 0 D qbt : qbt_open: exit : 0 fd_available=0
01-01 08:59:40.461 0 0 E swr_get_logical_dev_num: Error -22 to get logical addr for device 1021170213
01-01 08:59:40.461 0 0 D qbt : qbt_ioctl: cmd received 102
01-01 08:59:40.470 0 0 E kona-asoc-snd soc: qcom,msm-audio-apr:qcom,q6core-audio:sound: ASoC: Failed to add route MIC BIAS3 -> direct -> AMIC3
01-01 08:59:40.482 0 0 D qbt : qbt_ioctl: qbt_ioctl: QBT_ENABLE_IPC
01-01 08:59:40.484 0 0 W wsa881x : probe of wsa881x.1021170213 failed with error -22
01-01 08:59:40.488 0 0 E kona-asoc-snd soc: qcom,msm-audio-apr:qcom,q6core-audio:sound: ASoC: no sink widget found for MIC BIAS3
01-01 08:59:40.497 0 0 D qbt : qbt_ioctl: cmd received 107
01-01 08:59:40.499 0 0 D qbt : qbt_ioctl: Acquiring wakelock
01-01 08:59:40.499 0 0 E swr-wcd wsa_swr_ctrl: swrm_get_logical_dev_num: device 0x1021170214 is not ready
01-01 08:59:40.508 0 0 E kona-asoc-snd soc: qcom,msm-audio-apr:qcom,q6core-audio:sound: ASoC: Failed to add route Analog Mic3 -> direct -> MIC BIAS3
01-01 08:59:40.521 0 0 E swr_get_logical_dev_num: Error -22 to get logical addr for device 1021170214
01-01 08:59:40.531 0 0 W wsa881x : probe of wsa881x.1021170214 failed with error -22
01-01 08:59:40.535 0 0 E kona-asoc-snd soc: qcom,msm-audio-apr:qcom,q6core-audio:sound: ASoC: no source widget found for MIC BIAS3
01-01 08:59:40.539 0 0 I : read descriptors
01-01 08:59:40.547 0 0 I : read strings
01-01 08:59:40.553 0 0 E kona-asoc-snd soc: qcom,msm-audio-apr:qcom,q6core-audio:sound: ASoC: Failed to add route MIC BIAS3 -> direct -> AMIC4
01-01 08:59:40.561 0 0 I capability: warning: `msm_irqbalance' uses 32-bit capabilities (legacy support in use)
01-01 08:59:40.566 0 0 E kona-asoc-snd soc: qcom,msm-audio-apr:qcom,q6core-audio:sound: ASoC: no sink widget found for MIC BIAS3
01-01 08:59:40.577 0 0 E kona-asoc-snd soc: qcom,msm-audio-apr:qcom,q6core-audio:sound: ASoC: Failed to add route Analog Mic4 -> direct -> MIC BIAS3
01-01 08:59:40.590 0 0 E kona-asoc-snd soc: qcom,msm-audio-apr:qcom,q6core-audio:sound: ASoC: no source widget found for MIC BIAS4
01-01 08:59:40.601 0 0 E kona-asoc-snd soc: qcom,msm-audio-apr:qcom,q6core-audio:sound: ASoC: Failed to add route MIC BIAS4 -> direct -> AMIC5
01-01 08:59:40.614 0 0 E kona-asoc-snd soc: qcom,msm-audio-apr:qcom,q6core-audio:sound: ASoC: no sink widget found for MIC BIAS4
01-01 08:59:40.625 0 0 E kona-asoc-snd soc: qcom,msm-audio-apr:qcom,q6core-audio:sound: ASoC: Failed to add route Analog Mic5 -> direct -> MIC BIAS4
01-01 08:59:40.635 0 0 I android_work: did not send uevent (0 0 0000000000000000)
01-01 08:59:40.639 0 0 E kona-asoc-snd soc: qcom,msm-audio-apr:qcom,q6core-audio:sound: ASoC: no source widget found for MIC BIAS3
01-01 08:59:40.650 0 0 E kona-asoc-snd soc: qcom,msm-audio-apr:qcom,q6core-audio:sound: ASoC: Failed to add route MIC BIAS3 -> direct -> TX DMIC0
01-01 08:59:40.663 0 0 E kona-asoc-snd soc: qcom,msm-audio-apr:qcom,q6core-audio:sound: ASoC: no sink widget found for MIC BIAS3
01-01 08:59:40.674 0 0 E kona-asoc-snd soc: qcom,msm-audio-apr:qcom,q6core-audio:sound: ASoC: Failed to add route Digital Mic0 -> direct -> MIC BIAS3
01-01 08:59:40.687 0 0 E kona-asoc-snd soc: qcom,msm-audio-apr:qcom,q6core-audio:sound: ASoC: no source widget found for MIC BIAS3
01-01 08:59:40.690 0 0 I IPv6 : ADDRCONF(NETDEV_UP): vlan0: link is not ready
01-01 08:59:40.698 0 0 E kona-asoc-snd soc: qcom,msm-audio-apr:qcom,q6core-audio:sound: ASoC: Failed to add route MIC BIAS3 -> direct -> TX DMIC1
01-01 08:59:40.712 0 0 E kona-asoc-snd soc: qcom,msm-audio-apr:qcom,q6core-audio:sound: ASoC: no sink widget found for MIC BIAS3
01-01 08:59:40.723 0 0 E kona-asoc-snd soc: qcom,msm-audio-apr:qcom,q6core-audio:sound: ASoC: Failed to add route Digital Mic1 -> direct -> MIC BIAS3
01-01 08:59:40.738 0 0 E kona-asoc-snd soc: qcom,msm-audio-apr:qcom,q6core-audio:sound: ASoC: no source widget found for MIC BIAS1
01-01 08:59:40.745 0 0 E msm-dwc3 a600000.ssusb: Could not get usb psy
01-01 08:59:40.750 0 0 E kona-asoc-snd soc: qcom,msm-audio-apr:qcom,q6core-audio:sound: ASoC: Failed to add route MIC BIAS1 -> direct -> TX DMIC2
01-01 08:59:40.747 1557 1557 I auditd : type=1400 audit(0.0:103): avc: denied { read } for comm="ip" name="rt_tables" dev="dm-6" ino=332 scontext=u:r:ethernet:s0 tcontext=u:object_r:net_data_file:s0 tclass=file permissive=0
01-01 08:59:40.768 0 0 E kona-asoc-snd soc: qcom,msm-audio-apr:qcom,q6core-audio:sound: ASoC: no sink widget found for MIC BIAS1
01-01 08:59:40.779 0 0 E kona-asoc-snd soc: qcom,msm-audio-apr:qcom,q6core-audio:sound: ASoC: Failed to add route Digital Mic2 -> direct -> MIC BIAS1
01-01 08:59:40.779 1561 1561 I auditd : type=1400 audit(0.0:104): avc: denied { read } for comm="ip" name="rt_tables" dev="dm-6" ino=332 scontext=u:r:ethernet:s0 tcontext=u:object_r:net_data_file:s0 tclass=file permissive=0
01-01 08:59:40.792 0 0 E kona-asoc-snd soc: qcom,msm-audio-apr:qcom,q6core-audio:sound: ASoC: no source widget found for MIC BIAS1
01-01 08:59:40.804 0 0 E kona-asoc-snd soc: qcom,msm-audio-apr:qcom,q6core-audio:sound: ASoC: Failed to add route MIC BIAS1 -> direct -> TX DMIC3
01-01 08:59:40.816 0 0 E kona-asoc-snd soc: qcom,msm-audio-apr:qcom,q6core-audio:sound: ASoC: no sink widget found for MIC BIAS1
01-01 08:59:40.828 0 0 E kona-asoc-snd soc: qcom,msm-audio-apr:qcom,q6core-audio:sound: ASoC: Failed to add route Digital Mic3 -> direct -> MIC BIAS1
01-01 08:59:40.841 0 0 E kona-asoc-snd soc: qcom,msm-audio-apr:qcom,q6core-audio:sound: ASoC: no source widget found for MIC BIAS4
01-01 08:59:40.852 0 0 E kona-asoc-snd soc: qcom,msm-audio-apr:qcom,q6core-audio:sound: ASoC: Failed to add route MIC BIAS4 -> direct -> TX DMIC4
01-01 08:59:40.866 0 0 E kona-asoc-snd soc: qcom,msm-audio-apr:qcom,q6core-audio:sound: ASoC: no sink widget found for MIC BIAS4
01-01 08:59:40.877 0 0 E kona-asoc-snd soc: qcom,msm-audio-apr:qcom,q6core-audio:sound: ASoC: Failed to add route Digital Mic4 -> direct -> MIC BIAS4
01-01 08:59:40.882 0 0 E msm-dwc3 a600000.ssusb: Could not get usb psy
01-01 08:59:40.890 0 0 E kona-asoc-snd soc: qcom,msm-audio-apr:qcom,q6core-audio:sound: ASoC: no source widget found for MIC BIAS4
01-01 08:59:40.906 0 0 E kona-asoc-snd soc: qcom,msm-audio-apr:qcom,q6core-audio:sound: ASoC: Failed to add route MIC BIAS4 -> direct -> TX DMIC5
01-01 08:59:40.919 0 0 E kona-asoc-snd soc: qcom,msm-audio-apr:qcom,q6core-audio:sound: ASoC: no sink widget found for MIC BIAS4
01-01 08:59:40.930 0 0 E kona-asoc-snd soc: qcom,msm-audio-apr:qcom,q6core-audio:sound: ASoC: Failed to add route Digital Mic5 -> direct -> MIC BIAS4
01-01 08:59:40.944 0 0 E kona-asoc-snd soc: qcom,msm-audio-apr:qcom,q6core-audio:sound: ASoC: no sink widget found for IN1_HPHL
01-01 08:59:40.955 0 0 E kona-asoc-snd soc: qcom,msm-audio-apr:qcom,q6core-audio:sound: ASoC: Failed to add route HPHL_OUT -> direct -> IN1_HPHL
01-01 08:59:40.968 0 0 E kona-asoc-snd soc: qcom,msm-audio-apr:qcom,q6core-audio:sound: ASoC: no sink widget found for IN2_HPHR
01-01 08:59:40.979 0 0 E kona-asoc-snd soc: qcom,msm-audio-apr:qcom,q6core-audio:sound: ASoC: Failed to add route HPHR_OUT -> direct -> IN2_HPHR
01-01 08:59:40.992 0 0 E kona-asoc-snd soc: qcom,msm-audio-apr:qcom,q6core-audio:sound: ASoC: no sink widget found for IN3_AUX
01-01 08:59:41.003 0 0 E kona-asoc-snd soc: qcom,msm-audio-apr:qcom,q6core-audio:sound: ASoC: Failed to add route AUX_OUT -> direct -> IN3_AUX
01-01 08:59:41.016 0 0 E kona-asoc-snd soc: qcom,msm-audio-apr:qcom,q6core-audio:sound: ASoC: no source widget found for ADC1_OUTPUT
01-01 08:59:41.017 0 0 I android_work: sent uevent USB_STATE=CONNECTED
01-01 08:59:41.027 0 0 E msm-dwc3 a600000.ssusb: Could not get usb psy
01-01 08:59:41.028 0 0 E kona-asoc-snd soc: qcom,msm-audio-apr:qcom,q6core-audio:sound: ASoC: Failed to add route ADC1_OUTPUT -> direct -> TX SWR_ADC0
01-01 08:59:41.035 0 0 I android_work: sent uevent USB_STATE=DISCONNECTED
01-01 08:59:41.044 0 0 I init : processing action (persist.vendor.hvdcp_opti.start=1) from (/vendor/etc/init/vendor.qti.hardware.charger_monitor@1.0-service.rc:39)
01-01 08:59:41.045 0 0 I init : starting service 'vendor.hvdcp_opti'...
01-01 08:59:41.046 0 0 E kona-asoc-snd soc: qcom,msm-audio-apr:qcom,q6core-audio:sound: ASoC: no source widget found for ADC2_OUTPUT
01-01 08:59:41.055 0 0 I init : Service 'vendor.qti-chg-policy-sh' (pid 1223) exited with status 0 oneshot service took 2.487000 seconds in background
01-01 08:59:41.058 0 0 I init : Sending signal 9 to service 'vendor.qti-chg-policy-sh' (pid 1223) process group...
01-01 08:59:41.058 0 0 E kona-asoc-snd soc: qcom,msm-audio-apr:qcom,q6core-audio:sound: ASoC: Failed to add route ADC2_OUTPUT -> direct -> TX SWR_ADC1
01-01 08:59:41.058 0 0 I libprocessgroup: Successfully killed process cgroup uid 0 pid 1223 in 0ms
01-01 08:59:41.071 0 0 E kona-asoc-snd soc: qcom,msm-audio-apr:qcom,q6core-audio:sound: ASoC: no source widget found for ADC3_OUTPUT
01-01 08:59:41.083 0 0 E kona-asoc-snd soc: qcom,msm-audio-apr:qcom,q6core-audio:sound: ASoC: Failed to add route ADC3_OUTPUT -> direct -> TX SWR_ADC2
01-01 08:59:41.083 0 0 E MAIN_MGR: hvdcp_opti Version: 3:0:0
01-01 08:59:41.087 0 0 I IPv6 : ADDRCONF(NETDEV_UP): vlan1: link is not ready
01-01 08:59:41.096 0 0 E kona-asoc-snd soc: qcom,msm-audio-apr:qcom,q6core-audio:sound: ASoC: no source widget found for ADC4_OUTPUT
01-01 08:59:41.103 1593 1593 I auditd : type=1400 audit(0.0:105): avc: denied { read } for comm="hvdcp_opti" name="devices" dev="sysfs" ino=46980 scontext=u:r:vendor_hvdcp:s0 tcontext=u:object_r:sysfs:s0 tclass=dir permissive=0
01-01 08:59:41.103 1595 1595 I auditd : type=1400 audit(0.0:106): avc: denied { read } for comm="ip" name="rt_tables" dev="dm-6" ino=332 scontext=u:r:ethernet:s0 tcontext=u:object_r:net_data_file:s0 tclass=file permissive=0
01-01 08:59:41.106 0 0 E MAIN_MGR: set keepcaps failed!
01-01 08:59:41.106 0 0 E CHG_POLICY_PATH: Failed to get IIO path for MAIN_PSY
01-01 08:59:41.111 0 0 E kona-asoc-snd soc: qcom,msm-audio-apr:qcom,q6core-audio:sound: ASoC: Failed to add route ADC4_OUTPUT -> direct -> TX SWR_ADC3
01-01 08:59:41.119 1596 1596 I auditd : type=1400 audit(0.0:107): avc: denied { read } for comm="ip" name="rt_tables" dev="dm-6" ino=332 scontext=u:r:ethernet:s0 tcontext=u:object_r:net_data_file:s0 tclass=file permissive=0
01-01 08:59:41.116 0 0 I init : Sending signal 9 to service 'vendor.hvdcp_opti' (pid 1593) process group...
01-01 08:59:41.122 0 0 E kona-asoc-snd soc: qcom,msm-audio-apr:qcom,q6core-audio:sound: ASoC: no source widget found for DMIC1_OUTPUT
01-01 08:59:41.140 0 0 I libprocessgroup: Successfully killed process cgroup uid 1000 pid 1593 in 5ms
01-01 08:59:41.146 0 0 E kona-asoc-snd soc: qcom,msm-audio-apr:qcom,q6core-audio:sound: ASoC: Failed to add route DMIC1_OUTPUT -> direct -> TX SWR_DMIC0
01-01 08:59:41.147 0 0 I init : Control message: Processed ctl.stop for 'vendor.hvdcp_opti' from pid: 1593 (/vendor/bin/hvdcp_opti)
01-01 08:59:41.158 0 0 I android_work: sent uevent USB_STATE=CONNECTED
01-01 08:59:41.159 0 0 I init : Service 'vendor.hvdcp_opti' (pid 1593) received signal 9
01-01 08:59:41.160 0 0 E kona-asoc-snd soc: qcom,msm-audio-apr:qcom,q6core-audio:sound: ASoC: no source widget found for DMIC2_OUTPUT
01-01 08:59:41.163 0 0 E msm-dwc3 a600000.ssusb: Could not get usb psy
01-01 08:59:41.165 0 0 I configfs-gadget gadget: high-speed config #1: b
01-01 08:59:41.170 0 0 I android_work: sent uevent USB_STATE=CONFIGURED
01-01 08:59:41.171 0 0 E kona-asoc-snd soc: qcom,msm-audio-apr:qcom,q6core-audio:sound: ASoC: Failed to add route DMIC2_OUTPUT -> direct -> TX SWR_DMIC1
01-01 08:59:41.176 0 0 E msm-dwc3 a600000.ssusb: Could not get usb psy
01-01 08:59:41.195 0 0 E kona-asoc-snd soc: qcom,msm-audio-apr:qcom,q6core-audio:sound: ASoC: no source widget found for DMIC3_OUTPUT
01-01 08:59:41.207 0 0 E kona-asoc-snd soc: qcom,msm-audio-apr:qcom,q6core-audio:sound: ASoC: Failed to add route DMIC3_OUTPUT -> direct -> TX SWR_DMIC2
01-01 08:59:41.221 0 0 E kona-asoc-snd soc: qcom,msm-audio-apr:qcom,q6core-audio:sound: ASoC: no source widget found for DMIC4_OUTPUT
01-01 08:59:41.232 0 0 E kona-asoc-snd soc: qcom,msm-audio-apr:qcom,q6core-audio:sound: ASoC: Failed to add route DMIC4_OUTPUT -> direct -> TX SWR_DMIC3
01-01 08:59:41.245 0 0 E kona-asoc-snd soc: qcom,msm-audio-apr:qcom,q6core-audio:sound: ASoC: no source widget found for DMIC5_OUTPUT
01-01 08:59:41.257 0 0 E kona-asoc-snd soc: qcom,msm-audio-apr:qcom,q6core-audio:sound: ASoC: Failed to add route DMIC5_OUTPUT -> direct -> TX SWR_DMIC4
01-01 08:59:41.267 0 0 E init : Control message: Could not find 'android.frameworks.sensorservice@1.0::ISensorManager/default' for ctl.interface_start from pid: 505 (/system/bin/hwservicemanager)
01-01 08:59:41.270 0 0 E kona-asoc-snd soc: qcom,msm-audio-apr:qcom,q6core-audio:sound: ASoC: no source widget found for DMIC6_OUTPUT
01-01 08:59:41.297 0 0 E kona-asoc-snd soc: qcom,msm-audio-apr:qcom,q6core-audio:sound: ASoC: Failed to add route DMIC6_OUTPUT -> direct -> TX SWR_DMIC5
01-01 08:59:41.311 0 0 E kona-asoc-snd soc: qcom,msm-audio-apr:qcom,q6core-audio:sound: ASoC: no source widget found for DMIC7_OUTPUT
01-01 08:59:41.322 0 0 E kona-asoc-snd soc: qcom,msm-audio-apr:qcom,q6core-audio:sound: ASoC: Failed to add route DMIC7_OUTPUT -> direct -> TX SWR_DMIC6
01-01 08:59:41.335 0 0 E kona-asoc-snd soc: qcom,msm-audio-apr:qcom,q6core-audio:sound: ASoC: no source widget found for DMIC8_OUTPUT
01-01 08:59:41.347 0 0 E kona-asoc-snd soc: qcom,msm-audio-apr:qcom,q6core-audio:sound: ASoC: Failed to add route DMIC8_OUTPUT -> direct -> TX SWR_DMIC7
01-01 08:59:41.361 0 0 E kona-asoc-snd soc: qcom,msm-audio-apr:qcom,q6core-audio:sound: ASoC: no sink widget found for SpkrLeft IN
01-01 08:59:41.372 0 0 E kona-asoc-snd soc: qcom,msm-audio-apr:qcom,q6core-audio:sound: ASoC: Failed to add route WSA_SPK1 OUT -> direct -> SpkrLeft IN
01-01 08:59:41.385 0 0 E kona-asoc-snd soc: qcom,msm-audio-apr:qcom,q6core-audio:sound: ASoC: no sink widget found for SpkrRight IN
01-01 08:59:41.386 0 0 I IPv6 : ADDRCONF(NETDEV_UP): vlan2: link is not ready
01-01 08:59:41.396 0 0 E kona-asoc-snd soc: qcom,msm-audio-apr:qcom,q6core-audio:sound: ASoC: Failed to add route WSA_SPK2 OUT -> direct -> SpkrRight IN
01-01 08:59:41.407 1612 1612 I auditd : type=1400 audit(0.0:108): avc: denied { read } for comm="ip" name="rt_tables" dev="dm-6" ino=332 scontext=u:r:ethernet:s0 tcontext=u:object_r:net_data_file:s0 tclass=file permissive=0
01-01 08:59:41.410 0 0 E kona-asoc-snd soc: qcom,msm-audio-apr:qcom,q6core-audio:sound: ASoC: no sink widget found for VA MIC BIAS3
01-01 08:59:41.421 0 0 E kona-asoc-snd soc: qcom,msm-audio-apr:qcom,q6core-audio:sound: ASoC: Failed to add route Digital Mic0 -> direct -> VA MIC BIAS3
01-01 08:59:41.431 1613 1613 I auditd : type=1400 audit(0.0:109): avc: denied { read } for comm="ip" name="rt_tables" dev="dm-6" ino=332 scontext=u:r:ethernet:s0 tcontext=u:object_r:net_data_file:s0 tclass=file permissive=0
01-01 08:59:41.434 0 0 E kona-asoc-snd soc: qcom,msm-audio-apr:qcom,q6core-audio:sound: ASoC: no sink widget found for VA MIC BIAS3
01-01 08:59:41.445 0 0 E kona-asoc-snd soc: qcom,msm-audio-apr:qcom,q6core-audio:sound: ASoC: Failed to add route Digital Mic1 -> direct -> VA MIC BIAS3
01-01 08:59:41.458 0 0 E kona-asoc-snd soc: qcom,msm-audio-apr:qcom,q6core-audio:sound: ASoC: no sink widget found for VA MIC BIAS4
01-01 08:59:41.470 0 0 E kona-asoc-snd soc: qcom,msm-audio-apr:qcom,q6core-audio:sound: ASoC: Failed to add route Digital Mic4 -> direct -> VA MIC BIAS4
01-01 08:59:41.483 0 0 E kona-asoc-snd soc: qcom,msm-audio-apr:qcom,q6core-audio:sound: ASoC: no sink widget found for VA MIC BIAS4
01-01 08:59:41.494 0 0 E kona-asoc-snd soc: qcom,msm-audio-apr:qcom,q6core-audio:sound: ASoC: Failed to add route Digital Mic5 -> direct -> VA MIC BIAS4
01-01 08:59:41.507 0 0 E kona-asoc-snd soc: qcom,msm-audio-apr:qcom,q6core-audio:sound: ASoC: no source widget found for VA MIC BIAS3
01-01 08:59:41.519 0 0 E kona-asoc-snd soc: qcom,msm-audio-apr:qcom,q6core-audio:sound: ASoC: Failed to add route VA MIC BIAS3 -> direct -> VA DMIC0
01-01 08:59:41.532 0 0 E kona-asoc-snd soc: qcom,msm-audio-apr:qcom,q6core-audio:sound: ASoC: no source widget found for VA MIC BIAS3
01-01 08:59:41.543 0 0 E kona-asoc-snd soc: qcom,msm-audio-apr:qcom,q6core-audio:sound: ASoC: Failed to add route VA MIC BIAS3 -> direct -> VA DMIC1
01-01 08:59:41.556 0 0 E kona-asoc-snd soc: qcom,msm-audio-apr:qcom,q6core-audio:sound: ASoC: no source widget found for VA MIC BIAS4
01-01 08:59:41.567 0 0 E kona-asoc-snd soc: qcom,msm-audio-apr:qcom,q6core-audio:sound: ASoC: Failed to add route VA MIC BIAS4 -> direct -> VA DMIC4
01-01 08:59:41.580 0 0 E kona-asoc-snd soc: qcom,msm-audio-apr:qcom,q6core-audio:sound: ASoC: no source widget found for VA MIC BIAS4
01-01 08:59:41.592 0 0 E kona-asoc-snd soc: qcom,msm-audio-apr:qcom,q6core-audio:sound: ASoC: Failed to add route VA MIC BIAS4 -> direct -> VA DMIC5
01-01 08:59:41.605 0 0 E kona-asoc-snd soc: qcom,msm-audio-apr:qcom,q6core-audio:sound: ASoC: no source widget found for ADC1_OUTPUT
01-01 08:59:41.616 0 0 E kona-asoc-snd soc: qcom,msm-audio-apr:qcom,q6core-audio:sound: ASoC: Failed to add route ADC1_OUTPUT -> direct -> VA SWR_ADC0
01-01 08:59:41.629 0 0 E kona-asoc-snd soc: qcom,msm-audio-apr:qcom,q6core-audio:sound: ASoC: no source widget found for ADC2_OUTPUT
01-01 08:59:41.641 0 0 E kona-asoc-snd soc: qcom,msm-audio-apr:qcom,q6core-audio:sound: ASoC: Failed to add route ADC2_OUTPUT -> direct -> VA SWR_ADC1
01-01 08:59:41.654 0 0 E kona-asoc-snd soc: qcom,msm-audio-apr:qcom,q6core-audio:sound: ASoC: no source widget found for ADC3_OUTPUT
01-01 08:59:41.665 0 0 E kona-asoc-snd soc: qcom,msm-audio-apr:qcom,q6core-audio:sound: ASoC: Failed to add route ADC3_OUTPUT -> direct -> VA SWR_ADC2
01-01 08:59:41.678 0 0 E kona-asoc-snd soc: qcom,msm-audio-apr:qcom,q6core-audio:sound: ASoC: no source widget found for ADC4_OUTPUT
01-01 08:59:41.689 0 0 E kona-asoc-snd soc: qcom,msm-audio-apr:qcom,q6core-audio:sound: ASoC: Failed to add route ADC4_OUTPUT -> direct -> VA SWR_ADC3
01-01 08:59:41.699 0 0 I IPv6 : ADDRCONF(NETDEV_UP): vlan4: link is not ready
01-01 08:59:41.703 0 0 E kona-asoc-snd soc: qcom,msm-audio-apr:qcom,q6core-audio:sound: ASoC: no source widget found for DMIC1_OUTPUT
01-01 08:59:41.711 1632 1632 I auditd : type=1400 audit(0.0:110): avc: denied { read } for comm="ip" name="rt_tables" dev="dm-6" ino=332 scontext=u:r:ethernet:s0 tcontext=u:object_r:net_data_file:s0 tclass=file permissive=0
01-01 08:59:41.714 0 0 E kona-asoc-snd soc: qcom,msm-audio-apr:qcom,q6core-audio:sound: ASoC: Failed to add route DMIC1_OUTPUT -> direct -> VA SWR_MIC0
01-01 08:59:41.728 0 0 E kona-asoc-snd soc: qcom,msm-audio-apr:qcom,q6core-audio:sound: ASoC: no source widget found for DMIC2_OUTPUT
01-01 08:59:41.739 1633 1633 I auditd : type=1400 audit(0.0:111): avc: denied { read } for comm="ip" name="rt_tables" dev="dm-6" ino=332 scontext=u:r:ethernet:s0 tcontext=u:object_r:net_data_file:s0 tclass=file permissive=0
01-01 08:59:41.739 0 0 E kona-asoc-snd soc: qcom,msm-audio-apr:qcom,q6core-audio:sound: ASoC: Failed to add route DMIC2_OUTPUT -> direct -> VA SWR_MIC1
01-01 08:59:41.752 0 0 E kona-asoc-snd soc: qcom,msm-audio-apr:qcom,q6core-audio:sound: ASoC: no source widget found for DMIC3_OUTPUT
01-01 08:59:41.763 0 0 E kona-asoc-snd soc: qcom,msm-audio-apr:qcom,q6core-audio:sound: ASoC: Failed to add route DMIC3_OUTPUT -> direct -> VA SWR_MIC2
01-01 08:59:41.770 0 0 E DTC_ETH,link_delay_work_func: 3003, SQI=0, link=0
01-01 08:59:41.777 0 0 E kona-asoc-snd soc: qcom,msm-audio-apr:qcom,q6core-audio:sound: ASoC: no source widget found for DMIC4_OUTPUT
01-01 08:59:41.783 0 0 I logd : logdr: UID=2000 GID=2000 PID=1634 b tail=0 logMask=99 pid=0 start=0ns deadline=0ns
01-01 08:59:41.793 0 0 E kona-asoc-snd soc: qcom,msm-audio-apr:qcom,q6core-audio:sound: ASoC: Failed to add route DMIC4_OUTPUT -> direct -> VA SWR_MIC3
01-01 08:59:41.806 0 0 E kona-asoc-snd soc: qcom,msm-audio-apr:qcom,q6core-audio:sound: ASoC: no source widget found for DMIC5_OUTPUT
01-01 08:59:41.818 0 0 E kona-asoc-snd soc: qcom,msm-audio-apr:qcom,q6core-audio:sound: ASoC: Failed to add route DMIC5_OUTPUT -> direct -> VA SWR_MIC4
01-01 08:59:41.831 0 0 E kona-asoc-snd soc: qcom,msm-audio-apr:qcom,q6core-audio:sound: ASoC: no source widget found for DMIC6_OUTPUT
01-01 08:59:41.843 0 0 E kona-asoc-snd soc: qcom,msm-audio-apr:qcom,q6core-audio:sound: ASoC: Failed to add route DMIC6_OUTPUT -> direct -> VA SWR_MIC5
01-01 08:59:41.856 0 0 E kona-asoc-snd soc: qcom,msm-audio-apr:qcom,q6core-audio:sound: ASoC: no source widget found for DMIC7_OUTPUT
01-01 08:59:41.867 0 0 E kona-asoc-snd soc: qcom,msm-audio-apr:qcom,q6core-audio:sound: ASoC: Failed to add route DMIC7_OUTPUT -> direct -> VA SWR_MIC6
01-01 08:59:41.881 0 0 E kona-asoc-snd soc: qcom,msm-audio-apr:qcom,q6core-audio:sound: ASoC: no source widget found for DMIC8_OUTPUT
01-01 08:59:41.892 0 0 E kona-asoc-snd soc: qcom,msm-audio-apr:qcom,q6core-audio:sound: ASoC: Failed to add route DMIC8_OUTPUT -> direct -> VA SWR_MIC7
01-01 08:59:41.906 0 0 W kona-asoc-snd soc: qcom,msm-audio-apr:qcom,q6core-audio:sound: ASoC: no DMI vendor name!
01-01 08:59:42.151 0 0 I kona-asoc-snd soc: qcom,msm-audio-apr:qcom,q6core-audio:sound: msm_asoc_machine_probe: Sound card kona-mtp-snd-card registered
01-01 08:59:42.167 0 0 E : [drm:dp_display_init_aux_switch][msm-dp-err][441 ]failed to register notifier (-22)
01-01 08:59:42.180 0 0 E register_client_adhoc: find path.src 1 dest 589
01-01 08:59:42.181 0 0 E register_client_adhoc: Failed to find path.src 1 dest 589
01-01 08:59:42.183 0 0 I IPv6 : ADDRCONF(NETDEV_UP): vlan8: link is not ready
01-01 08:59:42.203 1650 1650 I auditd : type=1400 audit(0.0:112): avc: denied { read } for comm="ip" name="rt_tables" dev="dm-6" ino=332 scontext=u:r:ethernet:s0 tcontext=u:object_r:net_data_file:s0 tclass=file permissive=0
01-01 08:59:42.198 0 0 E swr-wcd rx_swr_ctrl: swrm_get_logical_dev_num: device 0xd01170224 is not ready
01-01 08:59:42.208 0 0 E swr_get_logical_dev_num: Error -22 to get logical addr for device d01170224
01-01 08:59:42.216 0 0 E swr-wcd rx_swr_ctrl: swrm_get_logical_dev_num: device 0xd01170224 is not ready
01-01 08:59:42.225 0 0 E swr_get_logical_dev_num: Error -22 to get logical addr for device d01170224
01-01 08:59:42.231 1651 1651 I auditd : type=1400 audit(0.0:113): avc: denied { read } for comm="ip" name="rt_tables" dev="dm-6" ino=332 scontext=u:r:ethernet:s0 tcontext=u:object_r:net_data_file:s0 tclass=file permissive=0
01-01 08:59:42.235 0 0 E swr-wcd rx_swr_ctrl: swrm_get_logical_dev_num: device 0xd01170224 is not ready
01-01 08:59:42.244 0 0 E swr_get_logical_dev_num: Error -22 to get logical addr for device d01170224
01-01 08:59:42.253 0 0 E swr-wcd rx_swr_ctrl: swrm_get_logical_dev_num: device 0xd01170224 is not ready
01-01 08:59:42.262 0 0 E swr_get_logical_dev_num: Error -22 to get logical addr for device d01170224
01-01 08:59:42.271 0 0 E swr-wcd rx_swr_ctrl: swrm_get_logical_dev_num: device 0xd01170224 is not ready
01-01 08:59:42.280 0 0 E swr_get_logical_dev_num: Error -22 to get logical addr for device d01170224
01-01 08:59:42.289 0 0 E wcd938x_codec wcd938x-codec: wcd938x_bind: Slave bind failed, ret = -517
01-01 08:59:42.298 0 0 E swr-wcd tx_swr_ctrl: swrm_runtime_suspend: clk stop mode not supported or SSR entry
01-01 08:59:42.320 816 907 I liblog : 33
01-01 08:59:42.320 0 0 E swr-wcd wsa_swr_ctrl: swrm_runtime_suspend: clk stop mode not supported or SSR entry
01-01 08:59:42.346 0 0 W QSEECOM : qseecom_load_app: App (featenabler) does'nt exist, loading apps for first time
01-01 08:59:42.365 0 0 W QSEECOM : qseecom_load_app: App with id 5 (featenabler) now loaded
01-01 08:59:42.368 0 0 D cnss : Sending respond memory message, state: 0x9
01-01 08:59:42.368 0 0 D cnss : Memory for FW, va: 0xffffff8025d2b000, pa: 0x00000000a1000000, size: 0x5e0000, type: 1
01-01 08:59:42.368 0 0 D cnss : Memory for FW, va: 0xffffff801d302000, pa: 0x00000000a1600000, size: 0xd8000, type: 4
01-01 08:59:42.377 0 0 D cnss : PM relax, state: 0x9, count: 0
01-01 08:59:42.389 0 0 D cnss : Received QMI WLFW FW memory ready indication
01-01 08:59:42.389 0 0 D cnss : Posting event: FW_MEM_READY(3), state: 0x9 flags: 0x0
01-01 08:59:42.389 0 0 D cnss : PM stay awake, state: 0x9, count: 1
01-01 08:59:42.389 0 0 D cnss : PM relax, state: 0x9, count: 0
01-01 08:59:42.389 0 0 D cnss : PM stay awake, state: 0x9, count: 1
01-01 08:59:42.389 0 0 D cnss : Processing driver event: FW_MEM_READY(3), state: 0x9
01-01 08:59:42.389 0 0 D cnss : Sending target capability message, state: 0xb
01-01 08:59:42.392 0 0 D cnss : Voltage for CPR: 948mV
01-01 08:59:42.392 0 0 D cnss : Got voltage 800mV from i: 0, j: 0
01-01 08:59:42.392 0 0 D cnss : Got voltage 1012mV from i: 4, j: 1
01-01 08:59:42.392 0 0 D cnss : Update TCS CMD data address 0x000000000b2e5844 with voltage 950mV
01-01 08:59:42.392 0 0 D cnss : Device frequency is 24000000 HZ
01-01 08:59:42.392 0 0 D cnss : Target capability: chip_id: 0x0, chip_family: 0xb, board_id: 0xff, soc_id: 0xffffffff, fw_version: 0x101a0521, fw_build_timestamp: 2021-12-20 07:54, fw_build_id: QC_IMAGE_VERSION_STRING=WLAN.HST.1.0.1.r1-01313-QCAHSTSWPL_SILICONZ-1, otp_version: 0x0
01-01 08:59:42.392 0 0 D cnss : Sending BDF download message, state: 0xb, type: 4
01-01 08:59:42.392 0 0 D cnss : FW name added with prefix: qca6390/regdb.bin
01-01 08:59:42.392 0 0 W cnss2 b0000000.qcom,cnss-qca6390: Falling back to syfs fallback for: qca6390/regdb.bin
01-01 08:59:42.406 0 0 I ueventd : firmware: loading 'qca6390/regdb.bin' for '/devices/platform/soc/b0000000.qcom,cnss-qca6390/firmware/qca6390!regdb.bin'
01-01 08:59:42.414 0 0 E ueventd : firmware: could not find firmware for qca6390/regdb.bin
01-01 08:59:42.420 0 0 I qcom_rpmh DRV: apps_rsc TCS Busy, retrying RPMH message send: addr=0x30080
01-01 08:59:42.422 0 0 E ueventd : firmware: attempted /etc/firmware/qca6390/regdb.bin, open failed: No such file or directory
01-01 08:59:42.434 0 0 E ueventd : firmware: attempted /odm/firmware/qca6390/regdb.bin, open failed: No such file or directory
01-01 08:59:42.445 0 0 E ueventd : firmware: attempted /vendor/firmware/qca6390/regdb.bin, open failed: No such file or directory
01-01 08:59:42.452 0 0 W QSEECOM : qseecom_load_app: App (fingerpr) does'nt exist, loading apps for first time
01-01 08:59:42.457 0 0 E ueventd : firmware: attempted /firmware/image/qca6390/regdb.bin, open failed: No such file or directory
01-01 08:59:42.468 0 0 E ueventd : firmware: attempted /vendor/firmware_mnt/image/qca6390/regdb.bin, open failed: No such file or directory
01-01 08:59:42.481 0 0 I ueventd : loading /devices/platform/soc/b0000000.qcom,cnss-qca6390/firmware/qca6390!regdb.bin took 75ms
01-01 08:59:42.487 0 0 E cnss : Failed to load BDF: qca6390/regdb.bin
01-01 08:59:42.492 0 0 D cnss : Sending BDF download message, state: 0xb, type: 1
01-01 08:59:42.493 0 0 D cnss : FW name added with prefix: qca6390/bdwlan.elf
01-01 08:59:42.493 0 0 W cnss2 b0000000.qcom,cnss-qca6390: Falling back to syfs fallback for: qca6390/bdwlan.elf
01-01 08:59:42.507 0 0 I ueventd : firmware: loading 'qca6390/bdwlan.elf' for '/devices/platform/soc/b0000000.qcom,cnss-qca6390/firmware/qca6390!bdwlan.elf'
01-01 08:59:42.520 0 0 I ueventd : loading /devices/platform/soc/b0000000.qcom,cnss-qca6390/firmware/qca6390!bdwlan.elf took 13ms
01-01 08:59:42.526 0 0 D cnss : Downloading BDF: qca6390/bdwlan.elf, size: 57908
01-01 08:59:42.543 1015 1015 I service_manager_stats: [100,60,40938]
01-01 08:59:42.562 0 0 W QSEECOM : qseecom_load_app: App with id 6 (fingerpr) now loaded
01-01 08:59:42.590 0 0 D cnss : FW name added with prefix: qca6390/m3.bin
01-01 08:59:42.591 0 0 W cnss_pci 0000: 01:00.0: Falling back to syfs fallback for: qca6390/m3.bin
01-01 08:59:42.600 1015 1015 I IntentFirewall: Read new rules (A:0 B:0 S:0)
01-01 08:59:42.623 0 0 D cnss : Sending M3 information message, state: 0xb
01-01 08:59:42.623 0 0 D cnss : M3 memory, va: 0xffffff801f6af000, pa: 0x00000000a1800000, size: 0x411bc
01-01 08:59:42.628 0 0 D cnss : Received QMI WLFW FW initialization done indication
01-01 08:59:42.628 0 0 D cnss : Posting event: FW_READY(4), state: 0xb flags: 0x0
01-01 08:59:42.628 0 0 D cnss : Processing driver event: FW_READY(4), state: 0xb
01-01 08:59:42.628 0 0 D cnss : PCIE Gen speed not setup
01-01 08:59:42.628 0 0 D cnss : Sending antenna switch sync request, state: 0xf
01-01 08:59:42.635 1015 1015 D AppOps : AppOpsService published
01-01 08:59:42.636 1015 1015 D SystemServerTiming: StartActivityManager took to complete: 4795ms
01-01 08:59:42.636 1015 1015 I SystemServerTiming: StartDataLoaderManagerService
01-01 08:59:42.636 1015 1015 I SystemServiceManager: Starting com.android.server.pm.DataLoaderManagerService
01-01 08:59:42.632 0 0 E cnss : Antenna switch request failed, result: 1, err: 94
01-01 08:59:42.639 0 0 D cnss : Sending mode message, mode: CALIBRATION(7), state: 0xf
01-01 08:59:42.646 1015 1015 D SystemServerTiming: StartDataLoaderManagerService took to complete: 10ms
01-01 08:59:42.646 1015 1015 I SystemServerTiming: StartIncrementalService
01-01 08:59:42.656 1015 1015 D SystemServerTiming: StartIncrementalService took to complete: 9ms
01-01 08:59:42.656 1015 1015 I SystemServerTiming: StartPowerManager
01-01 08:59:42.657 1015 1015 I SystemServiceManager: Starting com.android.server.power.PowerManagerService
01-01 08:59:42.685 1015 1015 D SystemServerTiming: StartPowerManager took to complete: 29ms
01-01 08:59:42.685 1015 1015 I SystemServerTiming: StartThermalManager
01-01 08:59:42.685 1015 1015 I SystemServiceManager: Starting com.android.server.power.ThermalManagerService
01-01 08:59:42.686 1015 1015 D SystemServerTiming: StartThermalManager took to complete: 1ms
01-01 08:59:42.686 1015 1015 I SystemServerTiming: StartHintManager
01-01 08:59:42.686 1015 1015 I SystemServiceManager: Starting com.android.server.power.hint.HintManagerService
01-01 08:59:42.691 1015 1015 D SystemServerTiming: StartHintManager took to complete: 5ms
01-01 08:59:42.691 1015 1015 I SystemServerTiming: InitPowerManagement
01-01 08:59:42.693 1015 1015 D SystemServerTiming: InitPowerManagement took to complete: 1ms
01-01 08:59:42.693 1015 1015 I SystemServerTiming: StartRecoverySystemService
01-01 08:59:42.693 1015 1015 I SystemServiceManager: Starting com.android.server.recoverysystem.RecoverySystemService$Lifecycle
01-01 08:59:42.695 1015 1015 D SystemServerTiming: StartRecoverySystemService took to complete: 2ms
01-01 08:59:42.697 1015 1015 I rescue_note: [0,1,41091]
01-01 08:59:42.697 1015 1015 I SystemServerTiming: StartLightsService
01-01 08:59:42.697 1015 1015 I SystemServiceManager: Starting com.android.server.lights.LightsService
01-01 08:59:42.704 1015 1015 D SystemServerTiming: StartLightsService took to complete: 6ms
01-01 08:59:42.704 1015 1015 I SystemServerTiming: StartSidekickService
01-01 08:59:42.704 1015 1015 D SystemServerTiming: StartSidekickService took to complete: 0ms
01-01 08:59:42.704 1015 1015 I SystemServerTiming: StartDisplayManager
01-01 08:59:42.704 1015 1015 I SystemServiceManager: Starting com.android.server.display.DisplayManagerService
01-01 08:59:42.716 1015 1015 D SystemServerTiming: StartDisplayManager took to complete: 12ms
01-01 08:59:42.716 1015 1015 I SystemServerTiming: WaitForDisplay
01-01 08:59:42.716 1015 1015 I SystemServiceManager: Starting phase 100
01-01 08:59:42.716 1015 1015 I SystemServerTiming: OnBootPhase_100
01-01 08:59:42.716 1015 1015 I SystemServerTiming: OnBootPhase_100_com.android.server.security.FileIntegrityService
01-01 08:59:42.716 1015 1015 D SystemServerTiming: OnBootPhase_100_com.android.server.security.FileIntegrityService took to complete: 0ms
01-01 08:59:42.716 1015 1015 I SystemServerTiming: OnBootPhase_100_com.android.server.pm.Installer
01-01 08:59:42.716 1015 1015 D SystemServerTiming: OnBootPhase_100_com.android.server.pm.Installer took to complete: 0ms
01-01 08:59:42.716 1015 1015 I SystemServerTiming: OnBootPhase_100_com.android.server.os.DeviceIdentifiersPolicyService
01-01 08:59:42.716 1015 1015 D SystemServerTiming: OnBootPhase_100_com.android.server.os.DeviceIdentifiersPolicyService took to complete: 0ms
01-01 08:59:42.716 1015 1015 I SystemServerTiming: OnBootPhase_100_com.android.server.uri.UriGrantsManagerService$Lifecycle
01-01 08:59:42.716 1015 1015 D SystemServerTiming: OnBootPhase_100_com.android.server.uri.UriGrantsManagerService$Lifecycle took to complete: 0ms
01-01 08:59:42.716 1015 1015 I SystemServerTiming: OnBootPhase_100_com.android.server.powerstats.PowerStatsService
01-01 08:59:42.716 1015 1015 D SystemServerTiming: OnBootPhase_100_com.android.server.powerstats.PowerStatsService took to complete: 0ms
01-01 08:59:42.716 1015 1015 I SystemServerTiming: OnBootPhase_100_com.android.server.wm.ActivityTaskManagerService$Lifecycle
01-01 08:59:42.716 1015 1015 D SystemServerTiming: OnBootPhase_100_com.android.server.wm.ActivityTaskManagerService$Lifecycle took to complete: 0ms
01-01 08:59:42.716 1015 1015 I SystemServerTiming: OnBootPhase_100_com.android.server.am.ActivityManagerService$Lifecycle
01-01 08:59:42.716 1015 1015 D SystemServerTiming: OnBootPhase_100_com.android.server.am.ActivityManagerService$Lifecycle took to complete: 0ms
01-01 08:59:42.717 1015 1015 I SystemServerTiming: OnBootPhase_100_com.android.server.pm.DataLoaderManagerService
01-01 08:59:42.717 1015 1015 D SystemServerTiming: OnBootPhase_100_com.android.server.pm.DataLoaderManagerService took to complete: 0ms
01-01 08:59:42.717 1015 1015 I SystemServerTiming: OnBootPhase_100_com.android.server.power.PowerManagerService
01-01 08:59:42.717 1015 1015 D SystemServerTiming: OnBootPhase_100_com.android.server.power.PowerManagerService took to complete: 0ms
01-01 08:59:42.717 1015 1015 I SystemServerTiming: OnBootPhase_100_com.android.server.power.ThermalManagerService
01-01 08:59:42.717 1015 1015 D SystemServerTiming: OnBootPhase_100_com.android.server.power.ThermalManagerService took to complete: 0ms
01-01 08:59:42.717 1015 1015 I SystemServerTiming: OnBootPhase_100_com.android.server.power.hint.HintManagerService
01-01 08:59:42.717 1015 1015 D SystemServerTiming: OnBootPhase_100_com.android.server.power.hint.HintManagerService took to complete: 0ms
01-01 08:59:42.717 1015 1015 I SystemServerTiming: OnBootPhase_100_com.android.server.recoverysystem.RecoverySystemService$Lifecycle
01-01 08:59:42.717 1015 1015 D SystemServerTiming: OnBootPhase_100_com.android.server.recoverysystem.RecoverySystemService$Lifecycle took to complete: 0ms
01-01 08:59:42.717 1015 1015 I SystemServerTiming: OnBootPhase_100_com.android.server.lights.LightsService
01-01 08:59:42.717 1015 1015 D SystemServerTiming: OnBootPhase_100_com.android.server.lights.LightsService took to complete: 0ms
01-01 08:59:42.717 1015 1015 I SystemServerTiming: OnBootPhase_100_com.android.server.display.DisplayManagerService
01-01 08:59:42.728 1015 1173 I DisplayDeviceRepository: Display device added: DisplayDeviceInfo{"内置屏幕": uniqueId="local:4630946370410392961", 2380 x 1020, modeId 1, defaultModeId 1, supportedModes [{id=1, width=2380, height=1020, fps=60.000004, alternativeRefreshRates=[30.000002, 45.0]}, {id=2, width=2380, height=1020, fps=45.0, alternativeRefreshRates=[30.000002, 60.000004]}, {id=3, width=2380, height=1020, fps=30.000002, alternativeRefreshRates=[45.0, 60.000004]}], colorMode 0, supportedColorModes [0], hdrCapabilities HdrCapabilities{mSupportedHdrTypes=[2, 3, 4], mMaxLuminance=500.0, mMaxAverageLuminance=500.0, mMinLuminance=0.0}, allmSupported false, gameContentTypeSupported false, density 240, 319.851 x 319.851 dpi, appVsyncOff 1000000, presDeadline 16666666, touch INTERNAL, rotation 0, type INTERNAL, address {port=129, model=0x40446d3026322d}, deviceProductInfo DeviceProductInfo{name=, manufacturerPnpId=QCM, productId=1, modelYear=null, manufactureDate=ManufactureDate{week=27, year=2006}, connectionToSinkType=0}, state UNKNOWN, frameRateOverride , brightnessMinimum 0.0, brightnessMaximum 1.0, brightnessDefault 1.0, FLAG_DEFAULT_DISPLAY, FLAG_ROTATES_WITH_CONTENT, FLAG_SECURE, FLAG_SUPPORTS_PROTECTED_BUFFERS}
01-01 08:59:42.730 1015 1173 I LogicalDisplayMapper: Applying layout: [{addr: {port=129, model=0x40446d3026322d}, dispId: 0(ON)}], Previous layout: null
