04-10 01:28:04.971 3040 3973 W hpplay-java: [ServerTaskManager]:IPManager:getActiveNets invalid networkInfo:null
04-10 01:28:04.971 3040 3973 I hpplay-java: [ServerTaskManager]:IPManager:getActiveNets eth0:false wifi:false mobile:false ap:false
04-10 01:28:04.972 3040 3973 I hpplay-java: [ServerTaskManager]:ServerTaskManager:get local ip:null
04-10 01:28:05.006 1002 1665 D WindowManager: interceptKeyBeforeQueueing: ---> event=KeyEvent { action=ACTION_DOWN, keyCode=KEYCODE_POWER, scanCode=116, metaState=0, flags=0x8, repeatCount=0, eventTime=279890, downTime=279890, deviceId=3, source=0x101, displayId=-1 } ---stack--- java.lang.Throwable
04-10 01:28:05.006 1002 1665 D WindowManager: at com.android.server.policy.PhoneWindowManager.interceptKeyBeforeQueueing(PhoneWindowManager.java:3422)
04-10 01:28:05.006 1002 1665 D WindowManager: at com.android.server.wm.InputManagerCallback.interceptKeyBeforeQueueing(InputManagerCallback.java:149)
04-10 01:28:05.006 1002 1665 D WindowManager: at com.android.server.input.InputManagerService.interceptKeyBeforeQueueing(InputManagerService.java:2827)
04-10 01:28:05.006 1002 1665 I intercept_power: [ACTION_DOWN,0,0]
04-10 01:28:05.007 1002 1665 D DisplayPowerController[0]: requestPowerState: policy=OFF, useProximitySensor=false, screenBrightnessOverride=NaN, useAutoBrightness=true, screenAutoBrightnessAdjustmentOverride=NaN, screenLowPowerBrightnessFactor=1.0, blockScreenOn=false, lowPowerMode=false, boostScreenBrightness=false, dozeScreenBrightness=NaN, dozeScreenState=UNKNOWN, waitForNegativeProximity=false
04-10 01:28:05.007 1002 1665 D PowerManagerNotifier: onScreenPolicyUpdate: newPolicy=0
04-10 01:28:05.008 1002 1665 D PowerManagerNotifier: onWakeLockAcquired: flags=1, tag="PhoneWindowManager.mPowerKeyWakeLock", packageName=android, ownerUid=1000, ownerPid=1002, workSource=null
04-10 01:28:05.010 1002 1665 I PowerManagerService: Powering on display group fromAsleep (groupId=0, uid=1000, reason=WAKE_REASON_POWER_BUTTON, details=android.policy:POWER)...
04-10 01:28:05.010 1002 1665 I PowerManagerService: Waking up from Asleep (uid=1000, reason=WAKE_REASON_POWER_BUTTON, details=android.policy:POWER)...
04-10 01:28:05.013 1002 1665 D PowerManagerNotifier: onWakefulnessChangeStarted: wakefulness=1, reason=1, interactive=true
04-10 01:28:05.014 1002 1665 D PowerManagerNotifier: onWakeUp: reason=WAKE_REASON_POWER_BUTTON, details=android.policy:POWER, reasonUid=1000 opPackageName=android opUid=1000
04-10 01:28:05.015 1002 1665 D PowerManagerNotifier: onUserActivity: event=0, uid=1000
04-10 01:28:05.016 1002 1665 D DisplayPowerController[0]: requestPowerState: policy=BRIGHT, useProximitySensor=false, screenBrightnessOverride=NaN, useAutoBrightness=true, screenAutoBrightnessAdjustmentOverride=NaN, screenLowPowerBrightnessFactor=1.0, blockScreenOn=false, lowPowerMode=false, boostScreenBrightness=false, dozeScreenBrightness=NaN, dozeScreenState=UNKNOWN, waitForNegativeProximity=false
04-10 01:28:05.016 1002 1665 D PowerManagerNotifier: onScreenPolicyUpdate: newPolicy=3
04-10 01:28:05.018 1002 1665 D WindowManager: interceptKeyBeforeQueueing: ---> event=KeyEvent { action=ACTION_UP, keyCode=KEYCODE_POWER, scanCode=116, metaState=0, flags=0x8, repeatCount=0, eventTime=279891, downTime=279890, deviceId=3, source=0x101, displayId=-1 } ---stack--- java.lang.Throwable
04-10 01:28:05.018 1002 1665 D WindowManager: at com.android.server.policy.PhoneWindowManager.interceptKeyBeforeQueueing(PhoneWindowManager.java:3422)
04-10 01:28:05.018 1002 1665 D WindowManager: at com.android.server.wm.InputManagerCallback.interceptKeyBeforeQueueing(InputManagerCallback.java:149)
04-10 01:28:05.018 1002 1665 D WindowManager: at com.android.server.input.InputManagerService.interceptKeyBeforeQueueing(InputManagerService.java:2827)
04-10 01:28:05.018 1002 1665 I intercept_power: [ACTION_UP,0,0]
04-10 01:28:05.018 1002 1211 D DisplayPowerState: setScreenState: state=2
04-10 01:28:05.019 1002 1211 I DisplayPowerController[0]: Blocking screen on until initial contents have been drawn.
04-10 01:28:05.019 1002 1211 D ActivityTaskManager: Top Process State changed to PROCESS_STATE_TOP
04-10 01:28:05.019 1002 1665 D PowerManagerNotifier: onWakeLockReleased: flags=1, tag="PhoneWindowManager.mPowerKeyWakeLock", packageName=android, ownerUid=1000, ownerPid=1002, workSource=null
04-10 01:28:05.019 1002 1665 D DisplayPowerController[0]: requestPowerState: policy=BRIGHT, useProximitySensor=false, screenBrightnessOverride=NaN, useAutoBrightness=true, screenAutoBrightnessAdjustmentOverride=NaN, screenLowPowerBrightnessFactor=1.0, blockScreenOn=false, lowPowerMode=false, boostScreenBrightness=false, dozeScreenBrightness=NaN, dozeScreenState=UNKNOWN, waitForNegativeProximity=false
04-10 01:28:05.019 1002 1665 D PowerManagerNotifier: onScreenPolicyUpdate: newPolicy=3
04-10 01:28:05.019 1002 1002 I screen_toggled: 1
04-10 01:28:05.026 1002 1193 E KernelCpuSpeedReader: Failed to read cpu-freq: /sys/devices/system/cpu/cpu4/cpufreq/stats/time_in_state: open failed: ENOENT (No such file or directory)
04-10 01:28:05.027 1002 1193 E KernelCpuSpeedReader: Failed to read cpu-freq: /sys/devices/system/cpu/cpu0/cpufreq/stats/time_in_state: open failed: ENOENT (No such file or directory)
04-10 01:28:05.027 1002 1193 E system_server: Cannot read thread CPU times for PID 1002
04-10 01:28:05.037 1002 1211 I wm_set_resumed_activity: [0,com.android.launcher3/.uioverrides.QuickstepLauncher,resumeTopActivityInnerLocked]
04-10 01:28:05.039 1002 1211 I wm_resume_activity: [0,247139416,12,com.android.launcher3/.uioverrides.QuickstepLauncher]
04-10 01:28:05.041 1002 1163 I dvm_lock_sample: [system_server,1,android.anim,18,WindowSurfacePlacer.java,56,void com.android.server.wm.WindowSurfacePlacer$Traverser.run(),DisplayPolicy.java,925,void com.android.server.wm.DisplayPolicy.screenTurnedOn(com.android.server.policy.WindowManagerPolicy$ScreenOnListener),3]
04-10 01:28:05.041 1995 4457 D KeyguardViewMediator: notifyScreenOn
04-10 01:28:05.042 1995 1995 D KeyguardViewMediator: handleNotifyScreenTurningOn
04-10 01:28:05.051 1002 1002 I power_screen_broadcast_send: 1
04-10 01:28:05.051 1002 1002 D PowerManagerNotifier: Sending wake up broadcast.
04-10 01:28:05.051 1002 1211 E SensorManager: sensor or listener is null
04-10 01:28:05.051 1002 1211 D DisplayPowerController[0]: Animating brightness: target=1.0, sdrTarget=1.0, rate=0.0
04-10 01:28:05.051 1002 1211 D DisplayPowerState: setScreenBrightness: brightness=1.0
04-10 01:28:05.051 1002 1211 D DisplayPowerState: setSdrScreenBrightness: brightness=1.0
04-10 01:28:05.052 1995 4634 D KeyguardViewMediator: onStartedWakingUp, seq = 14
04-10 01:28:05.052 1995 4634 D KeyguardViewMediator: notifyStartedWakingUp
04-10 01:28:05.053 1995 1995 D KeyguardViewMediator: handleNotifyWakingUp
04-10 01:28:05.054 1002 1211 V DisplayPowerController[0]: Brightness [1.0] reason changing to: 'manual', previous reason: 'screen_off'.
04-10 01:28:05.054 1002 1211 D DisplayPowerController[0]: Unfinished business...
04-10 01:28:05.054 2707 2707 I wm_on_restart_called: [247139416,com.android.launcher3.uioverrides.QuickstepLauncher,performRestartActivity]
04-10 01:28:05.054 1002 1211 I sysui_multi_action: [757,1696,758,6,759,3]
04-10 01:28:05.055 2707 2707 I wm_on_start_called: [247139416,com.android.launcher3.uioverrides.QuickstepLauncher,handleStartActivity]
04-10 01:28:05.055 1002 1211 D DisplayPowerState: Requesting new screen state: state=ON, backlight=-1.0
04-10 01:28:05.055 1002 1211 D DisplayPowerState: Screen not ready
04-10 01:28:05.055 1002 1211 I DisplayPowerController[0]: Unblocked screen on after 37 ms
04-10 01:28:05.055 2707 2707 I wm_on_resume_called: [247139416,com.android.launcher3.uioverrides.QuickstepLauncher,RESUME_ACTIVITY]
04-10 01:28:05.055 2707 2707 I wm_on_top_resumed_gained_called: [247139416,com.android.launcher3.uioverrides.QuickstepLauncher,topWhenResuming]
04-10 01:28:05.055 1002 1951 D DisplayPowerState: Updating screen state: id=0, state=ON, backlight=-1.0, sdrBacklight=-1.0
04-10 01:28:05.055 1002 1211 D DisplayPowerState: setColorFadeLevel: level=1.0
04-10 01:28:05.057 1002 1002 D WindowManager: powerPress: eventTime=279890 interactive=false count=0 beganFromNonInteractive=true mShortPressOnPowerBehavior=1
04-10 01:28:05.058 1002 1211 D DisplayPowerState: Requesting new screen state: state=ON, backlight=1.0
04-10 01:28:05.058 1002 1211 D DisplayPowerState: Screen not ready
04-10 01:28:05.058 943 943 I QTI PowerHAL: Power setMode: 7 to: 1
04-10 01:28:05.059 1002 1951 D LocalDisplayAdapter: setDisplayState(id=4630946816427681409, state=ON) ---start
04-10 01:28:05.059 1002 1181 W BroadcastQueue: Background execution not allowed: receiving Intent { act=android.intent.action.USER_PRESENT flg=0x24200010 } to com.microsoft.emmx/org.chromium.chrome.browser.sharing.click_to_call.ClickToCallMessageHandler$PhoneUnlockedReceiver
04-10 01:28:05.059 943 943 I QTI PowerHAL: Got set_interactive hint
04-10 01:28:05.059 1002 1161 I DisplayDeviceRepository: Display device changed state: "内置屏幕", ON
04-10 01:28:05.060 3068 3068 D SYS_EVENT: send event 64 notification to client
01-06 09:03:19.015 0 0 I ALERT : changing window size from 20000000 to 16000000 at 279952094214
04-10 01:28:05.060 1041 1041 D SurfaceFlinger: Setting power mode 2 on display 4630946816427681409
04-10 01:28:05.061 1002 1161 I InputManager-JNI: Viewport [0] to add: local:4630946816427681409, isActive: true
04-10 01:28:05.064 961 961 I SDM : DisplayBase::SetDisplayState: Set state = 1, display 29-0, teardown = 0
04-10 01:28:05.066 1002 1002 E SensorManager: sensor or listener is null
04-10 01:28:05.069 1002 1665 I InputReader: Reconfiguring input devices, changes=DISPLAY_INFO |
04-10 01:28:05.069 1002 1665 I InputReader: Device reconfigured: id=4, name='qbt_key_input', size 2560x1080, orientation 0, mode 4, display id 0
04-10 01:28:05.069 1002 1665 I InputReader: Device reconfigured: id=3, name='Atmel maXTouch Touchscreen', size 2560x1080, orientation 0, mode 1, display id 0
04-10 01:28:05.072 1993 2639 I BtGatt.ScanManager: msg.what = 8
04-10 01:28:05.073 1993 2639 I BtGatt.ScanManager: msg.what = 5
04-10 01:28:05.077 2311 2512 E QmiAgentHwInterface: Failed to sendRequest: android.os.RemoteException: sendRequest failed with status: 2
04-10 01:28:05.081 816 1783 D audio_hw_primary: adev_set_parameters: enter: screen_state=on
04-10 01:28:05.081 816 1783 D audio_hw_hfp: hfp_set_parameters: enter
04-10 01:28:05.081 816 1783 D sound_trigger_hw: handle_screen_status_change: screen on
04-10 01:28:05.082 816 1783 D audio_hw_extn: audio_extn_fm_set_parameters: Enter
01-06 09:03:19.021 0 0 I : [MAX975X:max96755x_drm_notifier_callback] *INFO* receives EARLY_BLANK:UNBLANK
01-06 09:03:19.021 0 0 I atmel_mxt_ts 0-004a: FB event:2,blank:0
01-06 09:03:19.021 0 0 I atmel_mxt_ts 0-004a: suspend: event = 2, blank = 0, not care
01-06 09:03:19.021 0 0 I [drm:dsi_display_set_mode] [msm-dsi-info]: mdp_transfer_time_us=0 us
01-06 09:03:19.021 0 0 I [drm:dsi_display_set_mode] [msm-dsi-info]: hactive= 2560,vactive= 1080,fps=60
01-06 09:03:19.021 0 0 I [drm:dsi_ctrl_isr_configure] [msm-dsi-info]: dsi-ctrl-0: IRQ 403 registered
04-10 01:28:05.083 1002 1163 I input_focus: [Focus request 73b612c com.android.launcher3/com.android.launcher3.uioverrides.QuickstepLauncher,reason=UpdateInputWindows]
04-10 01:28:05.083 1002 1002 I battery_saving_stats: [0,0,0,1109,0,0,13638,0,0]
01-06 09:03:19.036 0 0 D cnss : Starting to handle get info prepare
01-06 09:03:19.036 0 0 D cnss : Resuming PCI link
01-06 09:03:19.037 0 0 D cnss : Set PCI link status to: 2
01-06 09:03:19.037 0 0 D cnss : Setting MHI state: RESUME(7)
04-10 01:28:05.089 3068 3068 D SYS_EVENT: send event 16 notification to client
04-10 01:28:05.093 3040 3040 I hpplay-java: [main]:IPManager:updateAPState time : 0 isAPOpen :false
04-10 01:28:05.093 3040 3040 I hpplay-java: [main]:NetworkReceiver:onReceive action: android.intent.action.SCREEN_ON
04-10 01:28:05.093 3040 3040 I hpplay-java: [main]:NetworkReceiver:processReceive time : 1
01-06 09:03:19.047 0 0 D cnss : Sending get info message, type: 0, cmd length: 28, state: 0x107
04-10 01:28:05.096 3066 3066 D PASRDozeReceiver: Received Intent Intent { act=android.intent.action.SCREEN_ON flg=0x50200010 }
04-10 01:28:05.100 3066 3066 D PASRDozeReceiver: Sent intent Successfully
04-10 01:28:05.101 3066 3066 D PASRService: PASRService started
04-10 01:28:05.101 3066 3066 D PASRService: OnStart, Intent: android.intent.action.SCREEN_ON
04-10 01:28:05.101 3066 3066 D PASRService: State is now: -1
04-10 01:28:05.101 1002 1002 I power_screen_broadcast_done: [1,51,1]
04-10 01:28:05.105 1995 1995 D StatusBar: updateQsExpansionEnabled - QS Expand enabled: true
04-10 01:28:05.106 1995 1995 D KeyguardUpdateMonitor: received broadcast android.intent.action.TIME_TICK
01-06 09:03:19.060 0 0 D cnss : Received QMI WLFW respond get info indication
01-06 09:03:19.060 0 0 D cnss : Extract message with event length: 812, type: 0, is last: 0, seq no: 0
01-06 09:03:19.061 0 0 D cnss : Received QMI WLFW respond get info indication
01-06 09:03:19.061 0 0 D cnss : Extract message with event length: 576, type: 0, is last: 0, seq no: 0
01-06 09:03:19.062 0 0 D cnss : Received QMI WLFW respond get info indication
01-06 09:03:19.062 0 0 D cnss : Extract message with event length: 748, type: 0, is last: 0, seq no: 0
01-06 09:03:19.066 0 0 D cnss : Received QMI WLFW respond get info indication
01-06 09:03:19.066 0 0 D cnss : Extract message with event length: 812, type: 0, is last: 0, seq no: 0
01-06 09:03:19.066 0 0 D cnss : Received QMI WLFW respond get info indication
01-06 09:03:19.066 0 0 D cnss : Extract message with event length: 748, type: 0, is last: 0, seq no: 0
01-06 09:03:19.069 0 0 D cnss : Starting to handle get info done
01-06 09:03:19.069 0 0 D cnss : Setting MHI state: SUSPEND(6)
01-06 09:03:19.072 0 0 D cnss : Suspending PCI link
01-06 09:03:19.072 0 0 D cnss : Use PCIe DRV suspend
01-06 09:03:19.079 0 0 D cnss : Runtime resume start
01-06 09:03:19.079 0 0 D cnss : Resuming PCI link
01-06 09:03:19.079 0 0 I : [MAX975X:max96755x_drm_notifier_callback] *INFO* receives BLANK:UNBLANK
04-10 01:28:05.129 1002 1664 I InputDispatcher: Dropping event because there is no touchable window or gesture monitor at (2350, 964) in display 0.
04-10 01:28:05.130 1002 1664 D PowerManagerNotifier: onUserActivity: event=0, uid=1000
01-06 09:03:19.080 0 0 I atmel_mxt_ts 0-004a: FB event:1,blank:0
01-06 09:03:19.080 0 0 I atmel_mxt_ts 0-004a: drm_notifier_callback: UNBLANK! Resume by drm notifier.
04-10 01:28:05.130 1002 1664 I InputDispatcher: Dropping event because there is no touchable window or gesture monitor at (2350, 964) in display 0.
04-10 01:28:05.130 1002 1664 I InputDispatcher: Dropping event because there is no touchable window or gesture monitor at (2350, 964) in display 0.
04-10 01:28:05.130 1002 1664 I InputDispatcher: Dropping event because there is no touchable window or gesture monitor at (2350, 964) in display 0.
04-10 01:28:05.131 1002 1664 I input_interaction: Interaction with: edge-swipe (server), swipe-up (server), PointerEventDispatcher0 (server),
04-10 01:28:05.132 1002 1664 D PowerManagerNotifier: onUserActivity: event=2, uid=1000
04-10 01:28:05.132 1002 1664 D DisplayPowerController[0]: requestPowerState: policy=BRIGHT, useProximitySensor=false, screenBrightnessOverride=NaN, useAutoBrightness=true, screenAutoBrightnessAdjustmentOverride=NaN, screenLowPowerBrightnessFactor=1.0, blockScreenOn=false, lowPowerMode=false, boostScreenBrightness=false, dozeScreenBrightness=NaN, dozeScreenState=UNKNOWN, waitForNegativeProximity=false
04-10 01:28:05.132 1002 1664 D PowerManagerNotifier: onScreenPolicyUpdate: newPolicy=3
04-10 01:28:05.133 1002 1664 D PowerManagerNotifier: onUserActivity: event=2, uid=1000
01-06 09:03:19.081 0 0 D cnss : Set PCI link status to: 2
04-10 01:28:05.136 1002 1664 D DisplayPowerController[0]: requestPowerState: policy=BRIGHT, useProximitySensor=false, screenBrightnessOverride=NaN, useAutoBrightness=true, screenAutoBrightnessAdjustmentOverride=NaN, screenLowPowerBrightnessFactor=1.0, blockScreenOn=false, lowPowerMode=false, boostScreenBrightness=false, dozeScreenBrightness=NaN, dozeScreenState=UNKNOWN, waitForNegativeProximity=false
04-10 01:28:05.136 1002 1664 D PowerManagerNotifier: onScreenPolicyUpdate: newPolicy=3
04-10 01:28:05.137 1041 1041 D SurfaceFlinger: Finished setting power mode 2 on display 4630946816427681409
04-10 01:28:05.138 1002 1951 D LocalDisplayAdapter: setDisplayState(id=4630946816427681409, state=ON) ---end
04-10 01:28:05.138 1002 1951 D DisplayPowerState: Updating screen state: id=0, state=ON, backlight=1.0, sdrBacklight=1.0
04-10 01:28:05.138 1002 1951 D LocalDisplayAdapter: setDisplayBrightness(id=4630946816427681409, brightnessState=1.0, sdrBrightnessState=1.0) ---start
04-10 01:28:05.138 1002 1951 E DisplayDeviceConfig: requesting nits when no mapping exists.
04-10 01:28:05.138 1002 1211 D DisplayPowerState: Screen ready
04-10 01:28:05.139 1002 1181 I am_wtf : [0,1002,system_server,-1,DisplayDeviceConfig,requesting nits when no mapping exists.]
04-10 01:28:05.139 1002 1951 E DisplayDeviceConfig: requesting nits when no mapping exists.
04-10 01:28:05.139 1002 1211 D DisplayPowerController[0]: Display ready!
04-10 01:28:05.139 1002 1211 D DisplayPowerController[0]: Finished business...
04-10 01:28:05.139 1995 4419 D KeyguardViewMediator: notifyScreenTurnedOn
04-10 01:28:05.139 1002 1211 D DisplayPowerController[0]: requestPowerState: policy=BRIGHT, useProximitySensor=false, screenBrightnessOverride=NaN, useAutoBrightness=true, screenAutoBrightnessAdjustmentOverride=NaN, screenLowPowerBrightnessFactor=1.0, blockScreenOn=false, lowPowerMode=false, boostScreenBrightness=false, dozeScreenBrightness=NaN, dozeScreenState=UNKNOWN, waitForNegativeProximity=false
04-10 01:28:05.139 1002 1211 D PowerManagerNotifier: onScreenPolicyUpdate: newPolicy=3
04-10 01:28:05.139 1002 1211 D PowerManagerNotifier: onWakefulnessChangeFinished
04-10 01:28:05.140 1002 1181 I am_wtf : [0,1002,system_server,-1,DisplayDeviceConfig,requesting nits when no mapping exists.]
04-10 01:28:05.147 1002 1002 I sysui_multi_action: [757,198,758,1,759,1,1359,135,1694,1]
04-10 01:28:05.147 1002 1002 I power_screen_state: [1,0,0,0,135]
01-06 09:03:19.081 0 0 D cnss : Setting MHI state: RESUME(7)
01-06 09:03:19.089 0 0 I [kworke][0x14788410f][01:28:05.139774] wlan: [77:I:PMO] pmo_core_psoc_send_host_wakeup_ind_to_fw: 1225: Host wakeup indication sent to fw
04-10 01:28:05.150 1002 1664 I input_focus: [Focus entering 73b612c com.android.launcher3/com.android.launcher3.uioverrides.QuickstepLauncher (server),reason=setFocusedWindow]
01-06 09:03:19.100 0 0 D cnss : Runtime resume status: 0
04-10 01:28:05.155 1995 1995 D KeyguardUpdateMonitor: handleTimeUpdate
04-10 01:28:05.161 1995 1995 D KeyguardViewMediator: handleNotifyScreenTurnedOn
04-10 01:28:05.182 2707 3045 I OpenGLRenderer: Davey! duration=13864ms; Flags=1, FrameTimelineVsyncId=6700, IntendedVsync=266118653664, Vsync=266118653664, InputEventId=0, HandleInputStart=266120081303, AnimationStart=266120081980, PerformTraversalsStart=266120082605, DrawStart=266133880053, FrameDeadline=266185320328, FrameInterval=266120078178, FrameStartTime=16666666, SyncQueued=266137654792, SyncStart=266137766719, IssueDrawCommandsStart=266137910313, SwapBuffers=266140771875, FrameCompleted=279983516766, DequeueBufferDuration=314375, QueueBufferDuration=827291, GpuCompleted=279983516766, SwapBuffersCompleted=266142030730, DisplayPresentTime=72904454231491431,
04-10 01:28:05.188 1002 1951 D LocalDisplayAdapter: setDisplayBrightness(id=4630946816427681409, brightnessState=1.0, sdrBrightnessState=1.0) ---end
04-10 01:28:05.189 1002 1211 D DisplayPowerState: Screen ready
04-10 01:28:05.246 649 662 I mpu_uart: [MSG-P:RECV]:No message received in 1000 ms
04-10 01:28:05.975 3040 3973 W hpplay-java: [ServerTaskManager]:IPManager:getActiveNets invalid networkInfo:null
04-10 01:28:05.975 3040 3973 I hpplay-java: [ServerTaskManager]:IPManager:getActiveNets eth0:false wifi:false mobile:false ap:false
04-10 01:28:05.975 3040 3973 I hpplay-java: [ServerTaskManager]:ServerTaskManager:get local ip:null
04-10 01:28:05.998 1002 1746 I storage_state: [41217664-9172-527a-b3d5-edabb50a7d69,0,0,114023002112,118610538496]
04-10 01:28:06.147 1002 1664 I input_interaction: Interaction with: 2d5abae StatusBar (server), edge-swipe (server), swipe-up (server), PointerEventDispatcher0 (server),
04-10 01:28:06.154 1002 1664 D PowerManagerNotifier: onUserActivity: event=2, uid=1000
04-10 01:28:06.154 1002 1664 D DisplayPowerController[0]: requestPowerState: policy=BRIGHT, useProximitySensor=false, screenBrightnessOverride=NaN, useAutoBrightness=true, screenAutoBrightnessAdjustmentOverride=NaN, screenLowPowerBrightnessFactor=1.0, blockScreenOn=false, lowPowerMode=false, boostScreenBrightness=false, dozeScreenBrightness=NaN, dozeScreenState=UNKNOWN, waitForNegativeProximity=false
04-10 01:28:06.155 1002 1664 D PowerManagerNotifier: onScreenPolicyUpdate: newPolicy=3
04-10 01:28:06.179 1995 1995 I sysui_multi_action: [757,803,799,panel_open,802,1]
01-06 09:03:20.120 0 0 E DTC_ETH,link_delay_work_func: 3003, SQI=0, link=0
04-10 01:28:06.181 1995 1995 I sysui_multi_action: [757,1328,758,4,1326,63,1327,1,1329,0]
04-10 01:28:06.185 1995 1995 D StatusBar: disable disable2
04-10 01:28:06.185 1002 1509 I sysui_multi_action: [757,127,758,1]
04-10 01:28:06.185 1002 1509 I sysui_multi_action: [757,804,799,note_load,801,6,802,1]
04-10 01:28:06.185 1002 1509 I notification_panel_revealed: 6
04-10 01:28:06.198 1002 1163 I input_focus: [Focus request 10ef944 NotificationShade,reason=UpdateInputWindows]
04-10 01:28:06.212 1002 1509 I sysui_multi_action: [757,128,758,1,793,12549,794,0,795,12203,796,1,798,2,806,com.android.traceur,857,trace-is-being-recorded,858,4,947,0,1395,6,1500,12203,1688,1]
04-10 01:28:06.212 1002 1509 I sysui_multi_action: [757,804,799,note_freshness,801,12203,802,1]
04-10 01:28:06.212 1002 1509 I notification_visibility: [0|com.android.traceur|1|null|10035,1,12549,12203,0,2]
04-10 01:28:06.213 1002 1509 I sysui_multi_action: [757,128,758,1,793,231741,794,0,795,231741,796,26,798,0,806,android,857,DEVELOPER_IMPORTANT,858,4,947,0,1395,6,1500,231149,1688,1]
04-10 01:28:06.213 1002 1509 I sysui_multi_action: [757,804,799,note_freshness,801,231741,802,1]
04-10 01:28:06.213 1995 1995 I sysui_multi_action: [757,111,758,1]
04-10 01:28:06.213 1002 1509 I notification_visibility: [-1|android|26|null|1000,1,231741,231741,0,0]
04-10 01:28:06.213 1995 1995 I sysui_multi_action: [757,268,758,1,759,268,806,com.android.traceur,871,com.android.traceur.QsService,927,0,1593,1]
04-10 01:28:06.213 1002 1509 I sysui_multi_action: [757,128,758,1,793,230655,794,0,795,230655,796,17303299,797,com.android.wifi,798,3,806,android,857,NETWORK_AVAILABLE,858,2,947,0,1395,6,1500,230438,1688,1]
04-10 01:28:06.213 1995 1995 I sysui_multi_action: [757,126,758,1,759,126,927,1,928,1,1593,1]
04-10 01:28:06.213 1002 1509 I sysui_multi_action: [757,804,799,note_freshness,801,230655,802,1]
04-10 01:28:06.213 1995 1995 I sysui_multi_action: [757,113,758,1,759,113,927,2,928,1,1593,1]
04-10 01:28:06.213 1002 1509 I notification_visibility: [0|android|17303299|com.android.wifi|1000,1,230655,230655,0,3]
04-10 01:28:06.213 1995 1995 I sysui_multi_action: [757,0,758,1,759,0,927,3,928,0,1593,1]
04-10 01:28:06.213 1995 1995 I sysui_multi_action: [757,0,758,1,759,0,927,4,928,0,1593,1]
04-10 01:28:06.213 1002 1509 I sysui_multi_action: [757,128,758,1,793,105893,794,0,795,105893,796,0,797,trace-kona-SKQ1.220201.001-2023-04-10-01-26-18.perfetto-trace,798,1,806,com.android.traceur,857,system-tracing,858,4,947,0,1395,6,1500,105686,1688,1]
04-10 01:28:06.214 1002 1509 I sysui_multi_action: [757,804,799,note_freshness,801,105893,802,1]
04-10 01:28:06.214 1002 1509 I notification_visibility: [0|com.android.traceur|0|trace-kona-SKQ1.220201.001-2023-04-10-01-26-18.perfetto-trace|10035,1,105893,105893,0,1]
04-10 01:28:06.214 1002 1509 I sysui_multi_action: [757,128,758,1,793,231579,794,0,795,231579,796,55,798,4,806,android,857,DEVELOPER,858,2,947,0,1395,6,1500,230642,1688,1]
04-10 01:28:06.214 1002 1509 I sysui_multi_action: [757,804,799,note_freshness,801,231579,802,1]
04-10 01:28:06.214 1002 1509 I notification_visibility: [-1|android|55|null|1000,1,231579,231579,0,4]
04-10 01:28:06.214 1002 1509 I sysui_multi_action: [757,128,758,1,793,235791,794,0,795,235791,796,32,798,5,806,android,857,USB,858,1,947,0,1395,6,1500,234976,1688,1]
04-10 01:28:06.214 1002 1509 I sysui_multi_action: [757,804,799,note_freshness,801,235791,802,1]
04-10 01:28:06.214 1002 1509 I notification_visibility: [-1|android|32|null|1000,1,235791,235791,0,5]
04-10 01:28:06.218 1995 1995 I sysui_multi_action: [757,491,758,1,759,491,927,5,928,0,1311,-1,1593,1]
04-10 01:28:06.218 1995 1995 I sysui_multi_action: [757,0,758,1,759,0,927,6,928,0,1593,1]
04-10 01:28:06.219 1995 1995 I sysui_multi_action: [757,0,758,1,759,0,927,7,1593,1]
04-10 01:28:06.219 1995 1995 I sysui_multi_action: [757,111,758,1]
04-10 01:28:06.219 1995 1995 I sysui_multi_action: [757,268,758,1,759,268,806,com.android.traceur,871,com.android.traceur.QsService,927,0,1593,1]
04-10 01:28:06.219 1995 1995 I sysui_multi_action: [757,126,758,1,759,126,927,1,928,1,1593,1]
04-10 01:28:06.219 1995 1995 I sysui_multi_action: [757,113,758,1,759,113,927,2,928,1,1593,1]
04-10 01:28:06.219 1995 1995 I sysui_multi_action: [757,0,758,1,759,0,927,3,928,0,1593,1]
04-10 01:28:06.221 1002 1664 I input_focus: [Focus leaving 73b612c com.android.launcher3/com.android.launcher3.uioverrides.QuickstepLauncher (server),reason=setFocusedWindow]
04-10 01:28:06.221 1002 1664 I input_focus: [Focus entering 10ef944 NotificationShade (server),reason=setFocusedWindow]
04-10 01:28:06.247 649 662 I mpu_uart: [MSG-P:RECV]:No message received in 1000 ms
04-10 01:28:06.255 1002 1664 D PowerManagerNotifier: onUserActivity: event=2, uid=1000
04-10 01:28:06.256 1002 1664 D DisplayPowerController[0]: requestPowerState: policy=BRIGHT, useProximitySensor=false, screenBrightnessOverride=NaN, useAutoBrightness=true, screenAutoBrightnessAdjustmentOverride=NaN, screenLowPowerBrightnessFactor=1.0, blockScreenOn=false, lowPowerMode=false, boostScreenBrightness=false, dozeScreenBrightness=NaN, dozeScreenState=UNKNOWN, waitForNegativeProximity=false
04-10 01:28:06.256 1002 1664 D PowerManagerNotifier: onScreenPolicyUpdate: newPolicy=3
04-10 01:28:06.967 1995 4457 W FrameTracker: Missed SF frame:66
04-10 01:28:06.967 1995 4457 W FrameTracker: Missed SF frame:66
04-10 01:28:06.967 1995 4457 W FrameTracker: Missed SF frame:66
04-10 01:28:06.967 1995 4457 W FrameTracker: Missed SF frame:66
04-10 01:28:06.967 1995 4457 W FrameTracker: Missed SF frame:66
04-10 01:28:06.967 1995 4457 W FrameTracker: Missed SF frame:66
04-10 01:28:06.967 1995 4457 W FrameTracker: Missed SF frame:66
04-10 01:28:06.968 1995 4457 W FrameTracker: Missed SF frame:66
04-10 01:28:06.968 1995 4457 W FrameTracker: Missed SF frame:66
04-10 01:28:06.968 1995 4457 W FrameTracker: Missed SF frame:66
04-10 01:28:06.968 1995 4457 W FrameTracker: Missed SF frame:66
04-10 01:28:06.968 1995 4457 W FrameTracker: Missed SF frame:66
04-10 01:28:06.968 1995 4457 W FrameTracker: Missed SF frame:66
04-10 01:28:06.968 1995 4457 W FrameTracker: Missed SF frame:66
04-10 01:28:06.968 1995 4457 W FrameTracker: Missed SF frame:66
04-10 01:28:06.972 1995 3033 V PerfettoTrigger: Not triggering com.android.telemetry.interaction-jank-monitor-0 - not enough time since last trigger
04-10 01:28:06.980 3040 3973 W hpplay-java: [ServerTaskManager]:IPManager:getActiveNets invalid networkInfo:null
04-10 01:28:06.981 3040 3973 I hpplay-java: [ServerTaskManager]:IPManager:getActiveNets eth0:false wifi:false mobile:false ap:false
04-10 01:28:06.981 3040 3973 I hpplay-java: [ServerTaskManager]:ServerTaskManager:get local ip:null
04-10 01:28:07.169 1002 1664 I input_interaction: Interaction with: 10ef944 NotificationShade (server), edge-swipe (server), swipe-up (server), PointerEventDispatcher0 (server),
04-10 01:28:07.174 1002 1664 D PowerManagerNotifier: onUserActivity: event=2, uid=1000
04-10 01:28:07.175 1002 1664 D DisplayPowerController[0]: requestPowerState: policy=BRIGHT, useProximitySensor=false, screenBrightnessOverride=NaN, useAutoBrightness=true, screenAutoBrightnessAdjustmentOverride=NaN, screenLowPowerBrightnessFactor=1.0, blockScreenOn=false, lowPowerMode=false, boostScreenBrightness=false, dozeScreenBrightness=NaN, dozeScreenState=UNKNOWN, waitForNegativeProximity=false
04-10 01:28:07.175 1002 1664 D PowerManagerNotifier: onScreenPolicyUpdate: newPolicy=3
04-10 01:28:07.247 649 662 I mpu_uart: [MSG-P:RECV]:No message received in 1000 ms
04-10 01:28:07.248 1002 1509 I sysui_multi_action: [757,128,758,2,793,236824,794,1033,795,236824,796,32,798,5,806,android,857,USB,858,1,947,0,1395,6,1500,236009,1688,1]
04-10 01:28:07.248 1002 1509 I notification_visibility: [-1|android|32|null|1000,0,236824,236824,0,5]
04-10 01:28:07.294 649 661 I mpu_uart: [MSG-P:R]:recv sync frame timeout
04-10 01:28:07.321 1995 3044 I OpenGLRenderer: Davey! duration=9223371754691ms; Flags=0, FrameTimelineVsyncId=-1, IntendedVsync=282162482026, Vsync=282162537234, InputEventId=951893532, HandleInputStart=282162551661, AnimationStart=282162554942, PerformTraversalsStart=282162556817, DrawStart=282162716661, FrameDeadline=9223372036854775807, FrameInterval=282162537234, FrameStartTime=16666666, SyncQueued=282163282963, SyncStart=282163730880, IssueDrawCommandsStart=282165438015, SwapBuffers=282175971765, FrameCompleted=9223372036854775807, DequeueBufferDuration=168125, QueueBufferDuration=3104584, GpuCompleted=9223372036854775807, SwapBuffersCompleted=282180834005, DisplayPresentTime=269409651458,
04-10 01:28:07.336 1002 1664 D PowerManagerNotifier: onUserActivity: event=2, uid=1000
04-10 01:28:07.337 1002 1664 D DisplayPowerController[0]: requestPowerState: policy=BRIGHT, useProximitySensor=false, screenBrightnessOverride=NaN, useAutoBrightness=true, screenAutoBrightnessAdjustmentOverride=NaN, screenLowPowerBrightnessFactor=1.0, blockScreenOn=false, lowPowerMode=false, boostScreenBrightness=false, dozeScreenBrightness=NaN, dozeScreenState=UNKNOWN, waitForNegativeProximity=false
04-10 01:28:07.337 1002 1664 D PowerManagerNotifier: onScreenPolicyUpdate: newPolicy=3
04-10 01:28:07.340 1002 1509 D WindowManager: interceptKeyBeforeQueueing: ---> event=KeyEvent { action=ACTION_DOWN, keyCode=KEYCODE_POWER, scanCode=0, metaState=0, flags=0x0, repeatCount=0, eventTime=282224, downTime=282224, deviceId=-1, source=0x0, displayId=0 } ---stack--- java.lang.Throwable
04-10 01:28:07.340 1002 1509 D WindowManager: at com.android.server.policy.PhoneWindowManager.interceptKeyBeforeQueueing(PhoneWindowManager.java:3422)
04-10 01:28:07.340 1002 1509 D WindowManager: at com.android.server.wm.InputManagerCallback.interceptKeyBeforeQueueing(InputManagerCallback.java:149)
04-10 01:28:07.340 1002 1509 D WindowManager: at com.android.server.input.InputManagerService.interceptKeyBeforeQueueing(InputManagerService.java:2827)
04-10 01:28:07.340 1002 1509 D WindowManager: at com.android.server.input.InputManagerService.nativeInjectInputEvent(Native Method)
04-10 01:28:07.340 1002 1509 D WindowManager: at com.android.server.input.InputManagerService.injectInputEventInternal(InputManagerService.java:874)
04-10 01:28:07.340 1002 1509 D WindowManager: at com.android.server.input.InputManagerService.injectInputEvent(InputManagerService.java:834)
04-10 01:28:07.340 1002 1509 D WindowManager: at android.hardware.input.IInputManager$Stub.onTransact(IInputManager.java:588)
04-10 01:28:07.340 1002 1509 D WindowManager: at android.os.Binder.execTransactInternal(Binder.java:1179)
04-10 01:28:07.340 1002 1509 D WindowManager: at android.os.Binder.execTransact(Binder.java:1143)
04-10 01:28:07.340 1002 1509 I intercept_power: [ACTION_DOWN,0,0]
04-10 01:28:07.340 1002 1509 D DisplayPowerController[0]: requestPowerState: policy=BRIGHT, useProximitySensor=false, screenBrightnessOverride=NaN, useAutoBrightness=true, screenAutoBrightnessAdjustmentOverride=NaN, screenLowPowerBrightnessFactor=1.0, blockScreenOn=false, lowPowerMode=false, boostScreenBrightness=false, dozeScreenBrightness=NaN, dozeScreenState=UNKNOWN, waitForNegativeProximity=false
04-10 01:28:07.340 1002 1509 D PowerManagerNotifier: onScreenPolicyUpdate: newPolicy=3
04-10 01:28:07.342 1002 1509 D PowerManagerNotifier: onWakeLockAcquired: flags=1, tag="PhoneWindowManager.mPowerKeyWakeLock", packageName=android, ownerUid=1000, ownerPid=1002, workSource=null
04-10 01:28:07.398 1002 1509 D WindowManager: interceptKeyBeforeQueueing: ---> event=KeyEvent { action=ACTION_UP, keyCode=KEYCODE_POWER, scanCode=0, metaState=0, flags=0x0, repeatCount=0, eventTime=282224, downTime=282283, deviceId=-1, source=0x0, displayId=0 } ---stack--- java.lang.Throwable
04-10 01:28:07.398 1002 1509 D WindowManager: at com.android.server.policy.PhoneWindowManager.interceptKeyBeforeQueueing(PhoneWindowManager.java:3422)
04-10 01:28:07.398 1002 1509 D WindowManager: at com.android.server.wm.InputManagerCallback.interceptKeyBeforeQueueing(InputManagerCallback.java:149)
04-10 01:28:07.398 1002 1509 D WindowManager: at com.android.server.input.InputManagerService.interceptKeyBeforeQueueing(InputManagerService.java:2827)
04-10 01:28:07.398 1002 1509 D WindowManager: at com.android.server.input.InputManagerService.nativeInjectInputEvent(Native Method)
04-10 01:28:07.398 1002 1509 D WindowManager: at com.android.server.input.InputManagerService.injectInputEventInternal(InputManagerService.java:874)
04-10 01:28:07.398 1002 1509 D WindowManager: at com.android.server.input.InputManagerService.injectInputEvent(InputManagerService.java:834)
04-10 01:28:07.398 1002 1509 D WindowManager: at android.hardware.input.IInputManager$Stub.onTransact(IInputManager.java:588)
04-10 01:28:07.398 1002 1509 D WindowManager: at android.os.Binder.execTransactInternal(Binder.java:1179)
04-10 01:28:07.398 1002 1509 D WindowManager: at android.os.Binder.execTransact(Binder.java:1143)
04-10 01:28:07.399 1002 1509 I intercept_power: [ACTION_UP,0,0]
04-10 01:28:07.399 1002 1002 D WindowManager: powerPress: eventTime=282283 interactive=true count=0 beganFromNonInteractive=false mShortPressOnPowerBehavior=1
04-10 01:28:07.400 1002 1509 D PowerManagerNotifier: onWakeLockReleased: flags=1, tag="PhoneWindowManager.mPowerKeyWakeLock", packageName=android, ownerUid=1000, ownerPid=1002, workSource=null
04-10 01:28:07.400 1002 1509 D DisplayPowerController[0]: requestPowerState: policy=BRIGHT, useProximitySensor=false, screenBrightnessOverride=NaN, useAutoBrightness=true, screenAutoBrightnessAdjustmentOverride=NaN, screenLowPowerBrightnessFactor=1.0, blockScreenOn=false, lowPowerMode=false, boostScreenBrightness=false, dozeScreenBrightness=NaN, dozeScreenState=UNKNOWN, waitForNegativeProximity=false
04-10 01:28:07.401 1002 1509 D PowerManagerNotifier: onScreenPolicyUpdate: newPolicy=3
04-10 01:28:07.404 1002 1002 I PowerManagerService: Powering off display group due to power_button (groupId= 0, uid= 1000)...
04-10 01:28:07.404 1002 1002 I PowerManagerService: Going to sleep due to power_button (uid 1000)...
04-10 01:28:07.408 1002 1002 D PowerManagerNotifier: onWakefulnessChangeStarted: wakefulness=3, reason=4, interactive=false
04-10 01:28:07.408 1002 1002 I power_sleep_requested: 0
04-10 01:28:07.409 1002 1002 D DisplayPowerController[0]: requestPowerState: policy=BRIGHT, useProximitySensor=false, screenBrightnessOverride=NaN, useAutoBrightness=true, screenAutoBrightnessAdjustmentOverride=NaN, screenLowPowerBrightnessFactor=1.0, blockScreenOn=false, lowPowerMode=false, boostScreenBrightness=false, dozeScreenBrightness=NaN, dozeScreenState=UNKNOWN, waitForNegativeProximity=false
04-10 01:28:07.409 1002 1002 D PowerManagerNotifier: onScreenPolicyUpdate: newPolicy=3
04-10 01:28:07.411 1002 1211 I PowerManagerService: Sleeping display group (groupId=0, uid=1000)...
04-10 01:28:07.412 1002 1211 I PowerManagerService: Sleeping (uid 1000)...
04-10 01:28:07.413 1995 3044 D KeyguardViewMediator: onStartedGoingToSleep(2)
04-10 01:28:07.414 1002 1211 D PowerManagerNotifier: onWakefulnessChangeStarted: wakefulness=0, reason=2, interactive=false
04-10 01:28:07.415 1002 1211 D DisplayPowerController[0]: requestPowerState: policy=OFF, useProximitySensor=false, screenBrightnessOverride=NaN, useAutoBrightness=true, screenAutoBrightnessAdjustmentOverride=NaN, screenLowPowerBrightnessFactor=1.0, blockScreenOn=false, lowPowerMode=false, boostScreenBrightness=false, dozeScreenBrightness=NaN, dozeScreenState=UNKNOWN, waitForNegativeProximity=false
04-10 01:28:07.415 1002 1211 D PowerManagerNotifier: onScreenPolicyUpdate: newPolicy=0
04-10 01:28:07.420 961 961 I SDM : HWCDisplay::GetColorModeCount: Supported color mode count = 1
04-10 01:28:07.420 961 961 I SDM : HWCDisplay::GetColorModes: Color mode = 0 is supported
04-10 01:28:07.421 1041 2858 E HWComposer: getSupportedContentTypes: getSupportedContentTypes failed for display 4630946816427681409: Unsupported (8)
04-10 01:28:07.421 1995 3044 D KeyguardViewMediator: notifyStartedGoingToSleep
04-10 01:28:07.428 1995 1995 V KeyguardUpdateMonitor: startListeningForFingerprint()
04-10 01:28:07.431 1995 1995 V KeyguardUpdateMonitor: startListeningForFingerprint()
04-10 01:28:07.431 1995 1995 D KeyguardViewMediator: handleNotifyStartedGoingToSleep
04-10 01:28:07.476 1002 1211 D DisplayPowerController[0]: Unfinished business...
04-10 01:28:07.476 1002 1211 I sysui_multi_action: [757,1696,758,6,759,0]
04-10 01:28:07.526 1002 1211 D DisplayPowerState: setColorFadeLevel: level=0.23208654
04-10 01:28:07.547 1002 1211 D DisplayPowerState: Screen ready
04-10 01:28:07.548 1002 1211 D DisplayPowerState: setColorFadeLevel: level=0.0
04-10 01:28:07.577 1002 1211 D DisplayPowerState: Requesting new screen state: state=ON, backlight=-1.0
04-10 01:28:07.577 1002 1211 D DisplayPowerState: Screen ready
04-10 01:28:07.577 1002 1951 D DisplayPowerState: Updating screen state: id=0, state=ON, backlight=-1.0, sdrBacklight=-1.0
04-10 01:28:07.578 1002 1951 D LocalDisplayAdapter: setDisplayBrightness(id=4630946816427681409, brightnessState=-1.0, sdrBrightnessState=-1.0) ---start
04-10 01:28:07.578 1002 1211 I DisplayPowerController[0]: Blocking screen off
04-10 01:28:07.578 1002 1951 E DisplayDeviceConfig: requesting nits when no mapping exists.
04-10 01:28:07.579 1002 1211 I DisplayPowerController[0]: Unblocked screen off after 1 ms
04-10 01:28:07.579 1002 1951 E DisplayDeviceConfig: requesting nits when no mapping exists.
04-10 01:28:07.579 1002 1181 I am_wtf : [0,1002,system_server,-1,DisplayDeviceConfig,requesting nits when no mapping exists.]
04-10 01:28:07.581 1002 1211 D DisplayPowerState: setScreenState: state=1
04-10 01:28:07.582 1002 1211 D ActivityTaskManager: Top Process State changed to PROCESS_STATE_TOP_SLEEPING
04-10 01:28:07.582 1002 1211 D DisplayPowerController[0]: requestPowerState: policy=OFF, useProximitySensor=false, screenBrightnessOverride=NaN, useAutoBrightness=true, screenAutoBrightnessAdjustmentOverride=NaN, screenLowPowerBrightnessFactor=1.0, blockScreenOn=false, lowPowerMode=false, boostScreenBrightness=false, dozeScreenBrightness=NaN, dozeScreenState=UNKNOWN, waitForNegativeProximity=false
04-10 01:28:07.583 1002 1211 D PowerManagerNotifier: onScreenPolicyUpdate: newPolicy=0
04-10 01:28:07.583 1002 1181 I DropBoxManagerService: add tag=system_server_wtf isTagEnabled=true flags=0x2
04-10 01:28:07.584 1002 1211 D PowerManagerNotifier: onWakeLockAcquired: flags=1, tag="ActivityManager-Sleep", packageName=android, ownerUid=1000, ownerPid=1002, workSource=null
04-10 01:28:07.585 1002 1211 D ActivityTrigger: ActivityTrigger activityPauseTrigger
04-10 01:28:07.587 1002 1211 I wm_pause_activity: [0,247139416,com.android.launcher3/.uioverrides.QuickstepLauncher,userLeaving=false,sleep]
04-10 01:28:07.587 1002 1181 I am_wtf : [0,1002,system_server,-1,DisplayDeviceConfig,requesting nits when no mapping exists.]
04-10 01:28:07.587 2707 2707 I wm_on_top_resumed_lost_called: [247139416,com.android.launcher3.uioverrides.QuickstepLauncher,topStateChangedWhenResumed]
04-10 01:28:07.590 2707 2707 I wm_on_paused_called: [247139416,com.android.launcher3.uioverrides.QuickstepLauncher,performPause]
04-10 01:28:07.590 1995 4419 D KeyguardViewMediator: notifyScreenTurnedOff
04-10 01:28:07.590 1002 1181 I DropBoxManagerService: add tag=system_server_wtf isTagEnabled=true flags=0x2
04-10 01:28:07.593 1002 1509 I wm_add_to_stopping: [0,247139416,com.android.launcher3/.uioverrides.QuickstepLauncher,completePauseLocked]
04-10 01:28:07.595 1002 1951 D LocalDisplayAdapter: setDisplayBrightness(id=4630946816427681409, brightnessState=-1.0, sdrBrightnessState=-1.0) ---end
04-10 01:28:07.596 1002 1509 D PowerManagerNotifier: onWakeLockReleased: flags=1, tag="ActivityManager-Sleep", packageName=android, ownerUid=1000, ownerPid=1002, workSource=null
04-10 01:28:07.597 1002 1509 D DisplayPowerController[0]: requestPowerState: policy=OFF, useProximitySensor=false, screenBrightnessOverride=NaN, useAutoBrightness=true, screenAutoBrightnessAdjustmentOverride=NaN, screenLowPowerBrightnessFactor=1.0, blockScreenOn=false, lowPowerMode=false, boostScreenBrightness=false, dozeScreenBrightness=NaN, dozeScreenState=UNKNOWN, waitForNegativeProximity=false
04-10 01:28:07.597 1002 1509 D PowerManagerNotifier: onScreenPolicyUpdate: newPolicy=0
04-10 01:28:07.604 1002 1193 E KernelCpuSpeedReader: Failed to read cpu-freq: /sys/devices/system/cpu/cpu4/cpufreq/stats/time_in_state: open failed: ENOENT (No such file or directory)
04-10 01:28:07.605 1995 1995 D KeyguardViewMediator: handleNotifyScreenTurnedOff
04-10 01:28:07.605 1002 1193 E KernelCpuSpeedReader: Failed to read cpu-freq: /sys/devices/system/cpu/cpu0/cpufreq/stats/time_in_state: open failed: ENOENT (No such file or directory)
04-10 01:28:07.605 1002 1193 E system_server: Cannot read thread CPU times for PID 1002
04-10 01:28:07.610 1002 1163 I dvm_lock_sample: [system_server,1,android.anim,15,InputMonitor.java,144,void com.android.server.wm.InputMonitor$UpdateInputWindows.run(),,0,null,3]
04-10 01:28:07.610 1002 1211 D DisplayPowerController[0]: Animating brightness: target=0.0, sdrTarget=0.0, rate=0.0
04-10 01:28:07.610 1002 1211 D DisplayPowerState: setScreenBrightness: brightness=0.0
04-10 01:28:07.610 1002 1211 D DisplayPowerState: setSdrScreenBrightness: brightness=0.0
04-10 01:28:07.611 1002 1161 I wm_stop_activity: [0,247139416,com.android.launcher3/.uioverrides.QuickstepLauncher]
04-10 01:28:07.612 1002 1211 V DisplayPowerController[0]: Brightness [0.0] reason changing to: 'screen_off', previous reason: 'manual'.
04-10 01:28:07.612 1002 1211 D DisplayPowerState: Requesting new screen state: state=OFF, backlight=-1.0
04-10 01:28:07.612 1002 1211 D DisplayPowerState: Screen not ready
04-10 01:28:07.612 1002 1951 D DisplayPowerState: Updating screen state: id=0, state=OFF, backlight=-1.0, sdrBacklight=-1.0
04-10 01:28:07.613 1002 1161 I sysui_multi_action: [757,803,799,window_time_0,802,4]
04-10 01:28:07.613 1002 1951 D LocalDisplayAdapter: setDisplayState(id=4630946816427681409, state=OFF) ---start
04-10 01:28:07.613 1041 1041 D SurfaceFlinger: Setting power mode 0 on display 4630946816427681409
04-10 01:28:07.613 1002 1161 I DisplayDeviceRepository: Display device changed state: "内置屏幕", OFF
04-10 01:28:07.615 1002 1161 I InputManager-JNI: Viewport [0] to add: local:4630946816427681409, isActive: false
04-10 01:28:07.616 1995 1995 I sysui_multi_action: [757,111,758,2]
04-10 01:28:07.616 1995 1995 I sysui_multi_action: [757,111,758,2]
04-10 01:28:07.617 1002 1665 I InputReader: Reconfiguring input devices, changes=DISPLAY_INFO |
04-10 01:28:07.617 1002 1665 I InputReader: Disabling qbt_key_input (device 4) because the associated viewport is not active
04-10 01:28:07.617 1002 1665 I InputReader: Disabling qbt_key_input (device 4) because the associated viewport is not active
04-10 01:28:07.617 1002 1665 I InputReader: Disabling Atmel maXTouch Touchscreen (device 3) because the associated viewport is not active
04-10 01:28:07.617 961 1109 I SDM : DisplayBase::SetDisplayState: Set state = 0, display 29-0, teardown = 0
04-10 01:28:07.618 1993 2639 I BtGatt.ScanManager: msg.what = 8
04-10 01:28:07.620 1993 2639 I BtGatt.ScanManager: msg.what = 4
04-10 01:28:07.621 2311 2512 E QmiAgentHwInterface: Failed to sendRequest: android.os.RemoteException: sendRequest failed with status: 2
04-10 01:28:07.622 1995 1995 D StatusBar: updateQsExpansionEnabled - QS Expand enabled: true
01-06 09:03:21.583 0 0 I : [MAX975X:max96755x_drm_notifier_callback] *INFO* receives EARLY_BLANK:POWERDOWN
01-06 09:03:21.584 0 0 I atmel_mxt_ts 0-004a: FB event:2,blank:1
01-06 09:03:21.584 0 0 I atmel_mxt_ts 0-004a: drm_notifier_callback: POWERDOWN! Suspend by drm notifier.
04-10 01:28:07.642 2707 2707 D StateManager: goToState: Normal
04-10 01:28:07.643 2707 2707 I wm_on_stop_called: [247139416,com.android.launcher3.uioverrides.QuickstepLauncher,STOP_ACTIVITY_ITEM]
04-10 01:28:07.651 1002 2415 I sysui_multi_action: [757,128,758,2,793,13988,794,1439,795,13642,796,1,798,2,806,com.android.traceur,857,trace-is-being-recorded,858,4,947,0,1395,6,1500,13642,1688,1]
04-10 01:28:07.652 1002 2415 I notification_visibility: [0|com.android.traceur|1|null|10035,0,13988,13642,0,2]
04-10 01:28:07.652 1002 2415 I sysui_multi_action: [757,128,758,2,793,233181,794,1440,795,233181,796,26,798,0,806,android,857,DEVELOPER_IMPORTANT,858,4,947,0,1395,6,1500,232589,1688,1]
04-10 01:28:07.652 1002 2415 I notification_visibility: [-1|android|26|null|1000,0,233181,233181,0,0]
04-10 01:28:07.652 1002 2415 I sysui_multi_action: [757,128,758,2,793,232094,794,1439,795,232094,796,17303299,797,com.android.wifi,798,3,806,android,857,NETWORK_AVAILABLE,858,2,947,0,1395,6,1500,231877,1688,1]
04-10 01:28:07.652 1002 2415 I notification_visibility: [0|android|17303299|com.android.wifi|1000,0,232094,232094,0,3]
04-10 01:28:07.653 1002 2415 I sysui_multi_action: [757,128,758,2,793,107333,794,1440,795,107333,796,0,797,trace-kona-SKQ1.220201.001-2023-04-10-01-26-18.perfetto-trace,798,1,806,com.android.traceur,857,system-tracing,858,4,947,0,1395,6,1500,107126,1688,1]
04-10 01:28:07.653 1002 2415 I notification_visibility: [0|com.android.traceur|0|trace-kona-SKQ1.220201.001-2023-04-10-01-26-18.perfetto-trace|10035,0,107333,107333,0,1]
01-06 09:03:21.601 0 0 I : [MAX975X:max96755x_drm_notifier_callback] *INFO* receives BLANK:POWERDOWN
01-06 09:03:21.601 0 0 I atmel_mxt_ts 0-004a: FB event:1,blank:1
01-06 09:03:21.601 0 0 I atmel_mxt_ts 0-004a: resume: event = 1 blank = 1, not care
04-10 01:28:07.653 1002 2415 I sysui_multi_action: [757,128,758,2,793,233018,794,1439,795,233018,796,55,798,4,806,android,857,DEVELOPER,858,2,947,0,1395,6,1500,232081,1688,1]
04-10 01:28:07.653 1002 2415 I notification_visibility: [-1|android|55|null|1000,0,233018,233018,0,4]
04-10 01:28:07.653 1002 1763 I sysui_multi_action: [757,127,758,2]
04-10 01:28:07.654 1002 1763 I notification_panel_hidden:
04-10 01:28:07.655 1995 1995 D StatusBar: disable disable2
04-10 01:28:07.659 1041 1041 D SurfaceFlinger: Finished setting power mode 0 on display 4630946816427681409
01-06 09:03:21.623 0 0 I ALERT : changing window size from 16000000 to 20000000 at 282560038640
04-10 01:28:07.659 1002 1951 D LocalDisplayAdapter: setDisplayState(id=4630946816427681409, state=OFF) ---end
04-10 01:28:07.660 1002 1211 D DisplayPowerState: Screen ready
04-10 01:28:07.660 943 943 I QTI PowerHAL: Power setMode: 7 to: 0
04-10 01:28:07.660 1002 1211 D DisplayPowerController[0]: Display ready!
04-10 01:28:07.660 1002 1211 D DisplayPowerController[0]: Finished business...
04-10 01:28:07.660 1002 1211 D DisplayPowerController[0]: requestPowerState: policy=OFF, useProximitySensor=false, screenBrightnessOverride=NaN, useAutoBrightness=true, screenAutoBrightnessAdjustmentOverride=NaN, screenLowPowerBrightnessFactor=1.0, blockScreenOn=false, lowPowerMode=false, boostScreenBrightness=false, dozeScreenBrightness=NaN, dozeScreenState=UNKNOWN, waitForNegativeProximity=false
04-10 01:28:07.660 1002 1211 D PowerManagerNotifier: onScreenPolicyUpdate: newPolicy=0
04-10 01:28:07.660 1002 1211 D PowerManagerNotifier: onWakefulnessChangeFinished
04-10 01:28:07.661 1002 1002 I sysui_multi_action: [757,198,758,2,759,2,1359,263,1695,4]
04-10 01:28:07.661 1002 1002 I power_screen_state: [0,2,0,0,263]
04-10 01:28:07.661 1002 1002 I screen_toggled: 0
04-10 01:28:07.661 943 943 I QTI PowerHAL: Got set_interactive hint
04-10 01:28:07.661 1002 1002 I sysui_multi_action: [757,804,799,screen_timeout,801,60,802,1]
04-10 01:28:07.661 1002 1002 I sysui_multi_action: [757,1594,758,4,759,-2147483648,1359,2514]
04-10 01:28:07.662 1995 2206 D KeyguardViewMediator: onFinishedGoingToSleep(2)
04-10 01:28:07.662 972 4671 E ANDR-PERF-LM: Core: detectAndRunIdle() 174: Not able to open /sys/class/power_supply/battery/status, Error: No such file or directory
04-10 01:28:07.662 1995 2206 D KeyguardViewMediator: notifyFinishedGoingToSleep
04-10 01:28:07.664 1002 1002 I power_screen_broadcast_send: 1
04-10 01:28:07.664 1002 1002 D PowerManagerNotifier: Sending go to sleep broadcast.
04-10 01:28:07.672 1002 1664 I input_focus: [Focus leaving 10ef944 NotificationShade (server),reason=NOT_FOCUSABLE]
04-10 01:28:07.676 816 1783 D audio_hw_primary: adev_set_parameters: enter: screen_state=off
04-10 01:28:07.676 816 1783 D audio_hw_hfp: hfp_set_parameters: enter
04-10 01:28:07.676 816 1783 D sound_trigger_hw: handle_screen_status_change: screen off
04-10 01:28:07.676 816 1783 D audio_hw_extn: audio_extn_fm_set_parameters: Enter
04-10 01:28:07.678 1002 1002 I battery_saving_stats: [0,1,0,2595,0,0,223087,0,0]
04-10 01:28:07.678 1995 1995 D KeyguardViewMediator: handleNotifyFinishedGoingToSleep
