04-10 01:28:14.308 1002 1664 D DisplayPowerController[0]: requestPowerState: policy=BRIGHT, useProximitySensor=false, screenBrightnessOverride=NaN, useAutoBrightness=true, screenAutoBrightnessAdjustmentOverride=NaN, screenLowPowerBrightnessFactor=1.0, blockScreenOn=false, lowPowerMode=false, boostScreenBrightness=false, dozeScreenBrightness=NaN, dozeScreenState=UNKNOWN, waitForNegativeProximity=false
04-10 01:28:14.308 1002 1664 D PowerManagerNotifier: onScreenPolicyUpdate: newPolicy=3
04-10 01:28:14.448 1002 1664 D PowerManagerNotifier: onUserActivity: event=2, uid=1000
04-10 01:28:14.449 1002 1664 D DisplayPowerController[0]: requestPowerState: policy=BRIGHT, useProximitySensor=false, screenBrightnessOverride=NaN, useAutoBrightness=true, screenAutoBrightnessAdjustmentOverride=NaN, screenLowPowerBrightnessFactor=1.0, blockScreenOn=false, lowPowerMode=false, boostScreenBrightness=false, dozeScreenBrightness=NaN, dozeScreenState=UNKNOWN, waitForNegativeProximity=false
04-10 01:28:14.449 1002 1664 D PowerManagerNotifier: onScreenPolicyUpdate: newPolicy=3
04-10 01:28:14.451 1002 1509 D WindowManager: interceptKeyBeforeQueueing: ---> event=KeyEvent { action=ACTION_DOWN, keyCode=KEYCODE_POWER, scanCode=0, metaState=0, flags=0x0, repeatCount=0, eventTime=289335, downTime=289335, deviceId=-1, source=0x0, displayId=0 } ---stack--- java.lang.Throwable
04-10 01:28:14.451 1002 1509 D WindowManager: at com.android.server.policy.PhoneWindowManager.interceptKeyBeforeQueueing(PhoneWindowManager.java:3422)
04-10 01:28:14.451 1002 1509 D WindowManager: at com.android.server.wm.InputManagerCallback.interceptKeyBeforeQueueing(InputManagerCallback.java:149)
04-10 01:28:14.451 1002 1509 D WindowManager: at com.android.server.input.InputManagerService.interceptKeyBeforeQueueing(InputManagerService.java:2827)
04-10 01:28:14.451 1002 1509 D WindowManager: at com.android.server.input.InputManagerService.nativeInjectInputEvent(Native Method)
04-10 01:28:14.451 1002 1509 D WindowManager: at com.android.server.input.InputManagerService.injectInputEventInternal(InputManagerService.java:874)
04-10 01:28:14.451 1002 1509 D WindowManager: at com.android.server.input.InputManagerService.injectInputEvent(InputManagerService.java:834)
04-10 01:28:14.451 1002 1509 D WindowManager: at android.hardware.input.IInputManager$Stub.onTransact(IInputManager.java:588)
04-10 01:28:14.451 1002 1509 D WindowManager: at android.os.Binder.execTransactInternal(Binder.java:1179)
04-10 01:28:14.451 1002 1509 D WindowManager: at android.os.Binder.execTransact(Binder.java:1143)
04-10 01:28:14.451 1002 1509 I intercept_power: [ACTION_DOWN,0,0]
04-10 01:28:14.452 1995 4419 I OpenGLRenderer: Davey! duration=9223371747561ms; Flags=0, FrameTimelineVsyncId=-1, IntendedVsync=289292777492, Vsync=289292827127, InputEventId=390859622, HandleInputStart=289292839054, AnimationStart=289292841033, PerformTraversalsStart=289292843065, DrawStart=289292967075, FrameDeadline=9223372036854775807, FrameInterval=289292827127, FrameStartTime=16666666, SyncQueued=289293292804, SyncStart=289293714627, IssueDrawCommandsStart=289294329523, SwapBuffers=289299067127, FrameCompleted=9223372036854775807, DequeueBufferDuration=105417, QueueBufferDuration=2751770, GpuCompleted=9223372036854775807, SwapBuffersCompleted=289303021398, DisplayPresentTime=277822640986,
04-10 01:28:14.452 1002 1509 D DisplayPowerController[0]: requestPowerState: policy=BRIGHT, useProximitySensor=false, screenBrightnessOverride=NaN, useAutoBrightness=true, screenAutoBrightnessAdjustmentOverride=NaN, screenLowPowerBrightnessFactor=1.0, blockScreenOn=false, lowPowerMode=false, boostScreenBrightness=false, dozeScreenBrightness=NaN, dozeScreenState=UNKNOWN, waitForNegativeProximity=false
04-10 01:28:14.452 1002 1509 D PowerManagerNotifier: onScreenPolicyUpdate: newPolicy=3
04-10 01:28:14.454 1002 1509 D PowerManagerNotifier: onWakeLockAcquired: flags=1, tag="PhoneWindowManager.mPowerKeyWakeLock", packageName=android, ownerUid=1000, ownerPid=1002, workSource=null
04-10 01:28:14.508 1002 1509 D WindowManager: interceptKeyBeforeQueueing: ---> event=KeyEvent { action=ACTION_UP, keyCode=KEYCODE_POWER, scanCode=0, metaState=0, flags=0x0, repeatCount=0, eventTime=289335, downTime=289392, deviceId=-1, source=0x0, displayId=0 } ---stack--- java.lang.Throwable
04-10 01:28:14.508 1002 1509 D WindowManager: at com.android.server.policy.PhoneWindowManager.interceptKeyBeforeQueueing(PhoneWindowManager.java:3422)
04-10 01:28:14.508 1002 1509 D WindowManager: at com.android.server.wm.InputManagerCallback.interceptKeyBeforeQueueing(InputManagerCallback.java:149)
04-10 01:28:14.508 1002 1509 D WindowManager: at com.android.server.input.InputManagerService.interceptKeyBeforeQueueing(InputManagerService.java:2827)
04-10 01:28:14.508 1002 1509 D WindowManager: at com.android.server.input.InputManagerService.nativeInjectInputEvent(Native Method)
04-10 01:28:14.508 1002 1509 D WindowManager: at com.android.server.input.InputManagerService.injectInputEventInternal(InputManagerService.java:874)
04-10 01:28:14.508 1002 1509 D WindowManager: at com.android.server.input.InputManagerService.injectInputEvent(InputManagerService.java:834)
04-10 01:28:14.508 1002 1509 D WindowManager: at android.hardware.input.IInputManager$Stub.onTransact(IInputManager.java:588)
04-10 01:28:14.508 1002 1509 D WindowManager: at android.os.Binder.execTransactInternal(Binder.java:1179)
04-10 01:28:14.508 1002 1509 D WindowManager: at android.os.Binder.execTransact(Binder.java:1143)
04-10 01:28:14.509 1002 1509 I intercept_power: [ACTION_UP,0,0]
04-10 01:28:14.509 1002 1002 D WindowManager: powerPress: eventTime=289392 interactive=true count=0 beganFromNonInteractive=false mShortPressOnPowerBehavior=1
04-10 01:28:14.509 1002 1509 D PowerManagerNotifier: onWakeLockReleased: flags=1, tag="PhoneWindowManager.mPowerKeyWakeLock", packageName=android, ownerUid=1000, ownerPid=1002, workSource=null
04-10 01:28:14.510 1002 1509 D DisplayPowerController[0]: requestPowerState: policy=BRIGHT, useProximitySensor=false, screenBrightnessOverride=NaN, useAutoBrightness=true, screenAutoBrightnessAdjustmentOverride=NaN, screenLowPowerBrightnessFactor=1.0, blockScreenOn=false, lowPowerMode=false, boostScreenBrightness=false, dozeScreenBrightness=NaN, dozeScreenState=UNKNOWN, waitForNegativeProximity=false
04-10 01:28:14.510 1002 1509 D PowerManagerNotifier: onScreenPolicyUpdate: newPolicy=3
04-10 01:28:14.512 1002 1002 I PowerManagerService: Powering off display group due to power_button (groupId= 0, uid= 1000)...
04-10 01:28:14.512 1002 1002 I PowerManagerService: Going to sleep due to power_button (uid 1000)...
04-10 01:28:14.515 1002 1002 D PowerManagerNotifier: onWakefulnessChangeStarted: wakefulness=3, reason=4, interactive=false
04-10 01:28:14.516 1002 1002 I power_sleep_requested: 0
04-10 01:28:14.516 1002 1002 D DisplayPowerController[0]: requestPowerState: policy=BRIGHT, useProximitySensor=false, screenBrightnessOverride=NaN, useAutoBrightness=true, screenAutoBrightnessAdjustmentOverride=NaN, screenLowPowerBrightnessFactor=1.0, blockScreenOn=false, lowPowerMode=false, boostScreenBrightness=false, dozeScreenBrightness=NaN, dozeScreenState=UNKNOWN, waitForNegativeProximity=false
04-10 01:28:14.516 1002 1002 D PowerManagerNotifier: onScreenPolicyUpdate: newPolicy=3
04-10 01:28:14.518 1002 1211 I PowerManagerService: Sleeping display group (groupId=0, uid=1000)...
04-10 01:28:14.518 1002 1211 I PowerManagerService: Sleeping (uid 1000)...
04-10 01:28:14.521 1002 1211 D PowerManagerNotifier: onWakefulnessChangeStarted: wakefulness=0, reason=2, interactive=false
04-10 01:28:14.521 1002 1211 D DisplayPowerController[0]: requestPowerState: policy=OFF, useProximitySensor=false, screenBrightnessOverride=NaN, useAutoBrightness=true, screenAutoBrightnessAdjustmentOverride=NaN, screenLowPowerBrightnessFactor=1.0, blockScreenOn=false, lowPowerMode=false, boostScreenBrightness=false, dozeScreenBrightness=NaN, dozeScreenState=UNKNOWN, waitForNegativeProximity=false
04-10 01:28:14.522 1002 1211 D PowerManagerNotifier: onScreenPolicyUpdate: newPolicy=0
04-10 01:28:14.523 1995 4419 D KeyguardViewMediator: onStartedGoingToSleep(2)
04-10 01:28:14.527 961 961 I SDM : HWCDisplay::GetColorModeCount: Supported color mode count = 1
04-10 01:28:14.527 961 961 I SDM : HWCDisplay::GetColorModes: Color mode = 0 is supported
04-10 01:28:14.527 1041 2858 E HWComposer: getSupportedContentTypes: getSupportedContentTypes failed for display 4630946816427681409: Unsupported (8)
04-10 01:28:14.529 1995 4419 D KeyguardViewMediator: notifyStartedGoingToSleep
04-10 01:28:14.536 1995 1995 V KeyguardUpdateMonitor: startListeningForFingerprint()
04-10 01:28:14.538 1995 1995 V KeyguardUpdateMonitor: startListeningForFingerprint()
04-10 01:28:14.538 1995 1995 D KeyguardViewMediator: handleNotifyStartedGoingToSleep
04-10 01:28:14.581 1002 1211 D DisplayPowerController[0]: Unfinished business...
04-10 01:28:14.582 1002 1211 I sysui_multi_action: [757,1696,758,6,759,0]
04-10 01:28:14.655 1002 1211 D DisplayPowerState: setColorFadeLevel: level=0.0
04-10 01:28:14.686 1002 1211 D DisplayPowerState: Requesting new screen state: state=ON, backlight=-1.0
04-10 01:28:14.686 1002 1211 D DisplayPowerState: Screen ready
04-10 01:28:14.686 1002 1951 D DisplayPowerState: Updating screen state: id=0, state=ON, backlight=-1.0, sdrBacklight=-1.0
04-10 01:28:14.686 1002 1211 I DisplayPowerController[0]: Blocking screen off
04-10 01:28:14.687 1002 1951 D LocalDisplayAdapter: setDisplayBrightness(id=4630946816427681409, brightnessState=-1.0, sdrBrightnessState=-1.0) ---start
04-10 01:28:14.687 1002 1951 E DisplayDeviceConfig: requesting nits when no mapping exists.
04-10 01:28:14.687 1002 1211 I DisplayPowerController[0]: Unblocked screen off after 1 ms
04-10 01:28:14.688 1002 1951 E DisplayDeviceConfig: requesting nits when no mapping exists.
04-10 01:28:14.688 1002 1181 I am_wtf : [0,1002,system_server,-1,DisplayDeviceConfig,requesting nits when no mapping exists.]
04-10 01:28:14.689 1002 1211 D DisplayPowerState: setScreenState: state=1
04-10 01:28:14.689 1002 1211 D ActivityTaskManager: Top Process State changed to PROCESS_STATE_TOP_SLEEPING
04-10 01:28:14.689 1002 1211 D DisplayPowerController[0]: requestPowerState: policy=OFF, useProximitySensor=false, screenBrightnessOverride=NaN, useAutoBrightness=true, screenAutoBrightnessAdjustmentOverride=NaN, screenLowPowerBrightnessFactor=1.0, blockScreenOn=false, lowPowerMode=false, boostScreenBrightness=false, dozeScreenBrightness=NaN, dozeScreenState=UNKNOWN, waitForNegativeProximity=false
04-10 01:28:14.689 1002 1211 D PowerManagerNotifier: onScreenPolicyUpdate: newPolicy=0
04-10 01:28:14.690 1002 1181 I am_wtf : [0,1002,system_server,-1,DisplayDeviceConfig,requesting nits when no mapping exists.]
04-10 01:28:14.690 1002 1211 D PowerManagerNotifier: onWakeLockAcquired: flags=1, tag="ActivityManager-Sleep", packageName=android, ownerUid=1000, ownerPid=1002, workSource=null
04-10 01:28:14.691 1002 1211 D ActivityTrigger: ActivityTrigger activityPauseTrigger
04-10 01:28:14.692 1002 1211 I wm_pause_activity: [0,247139416,com.android.launcher3/.uioverrides.QuickstepLauncher,userLeaving=false,sleep]
04-10 01:28:14.692 2707 2707 I wm_on_top_resumed_lost_called: [247139416,com.android.launcher3.uioverrides.QuickstepLauncher,topStateChangedWhenResumed]
04-10 01:28:14.693 1002 1211 D DisplayPowerController[0]: Animating brightness: target=0.0, sdrTarget=0.0, rate=0.0
04-10 01:28:14.693 1002 1211 D DisplayPowerState: setScreenBrightness: brightness=0.0
04-10 01:28:14.693 1002 1211 D DisplayPowerState: setSdrScreenBrightness: brightness=0.0
04-10 01:28:14.695 1002 1211 V DisplayPowerController[0]: Brightness [0.0] reason changing to: 'screen_off', previous reason: 'manual'.
04-10 01:28:14.695 1002 1211 D DisplayPowerState: Requesting new screen state: state=OFF, backlight=-1.0
04-10 01:28:14.695 1002 1211 D DisplayPowerState: Screen not ready
04-10 01:28:14.696 1995 4419 D KeyguardViewMediator: notifyScreenTurnedOff
04-10 01:28:14.696 2707 2707 I wm_on_paused_called: [247139416,com.android.launcher3.uioverrides.QuickstepLauncher,performPause]
04-10 01:28:14.697 1002 1509 I wm_add_to_stopping: [0,247139416,com.android.launcher3/.uioverrides.QuickstepLauncher,completePauseLocked]
04-10 01:28:14.700 1002 1509 D PowerManagerNotifier: onWakeLockReleased: flags=1, tag="ActivityManager-Sleep", packageName=android, ownerUid=1000, ownerPid=1002, workSource=null
04-10 01:28:14.701 1002 1509 D DisplayPowerController[0]: requestPowerState: policy=OFF, useProximitySensor=false, screenBrightnessOverride=NaN, useAutoBrightness=true, screenAutoBrightnessAdjustmentOverride=NaN, screenLowPowerBrightnessFactor=1.0, blockScreenOn=false, lowPowerMode=false, boostScreenBrightness=false, dozeScreenBrightness=NaN, dozeScreenState=UNKNOWN, waitForNegativeProximity=false
04-10 01:28:14.701 1002 1509 D PowerManagerNotifier: onScreenPolicyUpdate: newPolicy=0
04-10 01:28:14.702 1002 1951 D LocalDisplayAdapter: setDisplayBrightness(id=4630946816427681409, brightnessState=-1.0, sdrBrightnessState=-1.0) ---end
04-10 01:28:14.702 1002 1193 E KernelCpuSpeedReader: Failed to read cpu-freq: /sys/devices/system/cpu/cpu4/cpufreq/stats/time_in_state: open failed: ENOENT (No such file or directory)
04-10 01:28:14.702 1002 1951 D DisplayPowerState: Updating screen state: id=0, state=OFF, backlight=-1.0, sdrBacklight=-1.0
04-10 01:28:14.703 1002 1951 D LocalDisplayAdapter: setDisplayState(id=4630946816427681409, state=OFF) ---start
04-10 01:28:14.703 1002 1193 E KernelCpuSpeedReader: Failed to read cpu-freq: /sys/devices/system/cpu/cpu0/cpufreq/stats/time_in_state: open failed: ENOENT (No such file or directory)
04-10 01:28:14.703 1002 1193 E system_server: Cannot read thread CPU times for PID 1002
04-10 01:28:14.705 1995 1995 D KeyguardViewMediator: handleNotifyScreenTurnedOff
04-10 01:28:14.708 1002 1161 I wm_stop_activity: [0,247139416,com.android.launcher3/.uioverrides.QuickstepLauncher]
04-10 01:28:14.710 1002 1161 I sysui_multi_action: [757,803,799,window_time_0,802,4]
04-10 01:28:14.710 1002 1161 I DisplayDeviceRepository: Display device changed state: "内置屏幕", OFF
04-10 01:28:14.713 1041 1041 D SurfaceFlinger: Setting power mode 0 on display 4630946816427681409
04-10 01:28:14.713 1995 1995 I sysui_multi_action: [757,111,758,2]
04-10 01:28:14.714 1995 1995 I sysui_multi_action: [757,111,758,2]
04-10 01:28:14.716 1002 1161 I InputManager-JNI: Viewport [0] to add: local:4630946816427681409, isActive: false
04-10 01:28:14.717 961 961 I SDM : DisplayBase::SetDisplayState: Set state = 0, display 29-0, teardown = 0
04-10 01:28:14.718 1993 2639 I BtGatt.ScanManager: msg.what = 8
04-10 01:28:14.719 1995 1995 D StatusBar: updateQsExpansionEnabled - QS Expand enabled: true
04-10 01:28:14.719 1993 2639 I BtGatt.ScanManager: msg.what = 4
04-10 01:28:14.719 1002 1665 I InputReader: Reconfiguring input devices, changes=DISPLAY_INFO |
04-10 01:28:14.719 1002 1665 I InputReader: Disabling qbt_key_input (device 4) because the associated viewport is not active
04-10 01:28:14.719 1002 1665 I InputReader: Disabling qbt_key_input (device 4) because the associated viewport is not active
04-10 01:28:14.720 1002 1665 I InputReader: Disabling Atmel maXTouch Touchscreen (device 3) because the associated viewport is not active
04-10 01:28:14.720 2311 2512 E QmiAgentHwInterface: Failed to sendRequest: android.os.RemoteException: sendRequest failed with status: 2
01-06 09:03:28.675 0 0 I : [MAX975X:max96755x_drm_notifier_callback] *INFO* receives EARLY_BLANK:POWERDOWN
01-06 09:03:28.676 0 0 I atmel_mxt_ts 0-004a: FB event:2,blank:1
01-06 09:03:28.676 0 0 I atmel_mxt_ts 0-004a: drm_notifier_callback: POWERDOWN! Suspend by drm notifier.
04-10 01:28:14.732 2707 2707 D StateManager: goToState: Normal
04-10 01:28:14.733 2707 2707 I wm_on_stop_called: [247139416,com.android.launcher3.uioverrides.QuickstepLauncher,STOP_ACTIVITY_ITEM]
01-06 09:03:28.693 0 0 I qcom_rpmh DRV: apps_rsc TCS Busy, retrying RPMH message send: addr=0x42204
01-06 09:03:28.694 0 0 I : [MAX975X:max96755x_drm_notifier_callback] *INFO* receives BLANK:POWERDOWN
01-06 09:03:28.694 0 0 I atmel_mxt_ts 0-004a: FB event:1,blank:1
01-06 09:03:28.694 0 0 I atmel_mxt_ts 0-004a: resume: event = 1 blank = 1, not care
04-10 01:28:14.749 1002 2415 I sysui_multi_action: [757,128,758,2,793,21086,794,1492,795,20740,796,1,798,2,806,com.android.traceur,857,trace-is-being-recorded,858,4,947,0,1395,6,1500,20740,1688,1]
04-10 01:28:14.752 1002 2415 I notification_visibility: [0|com.android.traceur|1|null|10035,0,21086,20740,0,2]
04-10 01:28:14.752 1002 2415 I sysui_multi_action: [757,128,758,2,793,240281,794,1494,795,240281,796,26,798,0,806,android,857,DEVELOPER_IMPORTANT,858,4,947,0,1395,6,1500,239689,1688,1]
04-10 01:28:14.752 1002 2415 I notification_visibility: [-1|android|26|null|1000,0,240281,240281,0,0]
04-10 01:28:14.752 1002 2415 I sysui_multi_action: [757,128,758,2,793,239194,794,1493,795,239194,796,17303299,797,com.android.wifi,798,3,806,android,857,NETWORK_AVAILABLE,858,2,947,0,1395,6,1500,238977,1688,1]
04-10 01:28:14.753 1002 2415 I notification_visibility: [0|android|17303299|com.android.wifi|1000,0,239194,239194,0,3]
04-10 01:28:14.753 1995 1995 D StatusBar: disable disable2
04-10 01:28:14.753 1002 2415 I sysui_multi_action: [757,128,758,2,793,114433,794,1494,795,114433,796,0,797,trace-kona-SKQ1.220201.001-2023-04-10-01-26-18.perfetto-trace,798,1,806,com.android.traceur,857,system-tracing,858,4,947,0,1395,6,1500,114226,1688,1]
04-10 01:28:14.753 1002 2415 I notification_visibility: [0|com.android.traceur|0|trace-kona-SKQ1.220201.001-2023-04-10-01-26-18.perfetto-trace|10035,0,114433,114433,0,1]
04-10 01:28:14.753 1002 2415 I sysui_multi_action: [757,128,758,2,793,240118,794,1494,795,240118,796,55,798,4,806,android,857,DEVELOPER,858,2,947,0,1395,6,1500,239181,1688,1]
04-10 01:28:14.753 1002 2415 I notification_visibility: [-1|android|55|null|1000,0,240118,240118,0,4]
04-10 01:28:14.755 1002 1510 I sysui_multi_action: [757,127,758,2]
04-10 01:28:14.755 1002 1510 I notification_panel_hidden:
04-10 01:28:14.756 1041 1041 D SurfaceFlinger: Finished setting power mode 0 on display 4630946816427681409
04-10 01:28:14.756 1002 1951 D LocalDisplayAdapter: setDisplayState(id=4630946816427681409, state=OFF) ---end
04-10 01:28:14.756 943 943 I QTI PowerHAL: Power setMode: 7 to: 0
04-10 01:28:14.757 1002 1211 D DisplayPowerState: Screen ready
04-10 01:28:14.757 1002 1211 D DisplayPowerController[0]: Display ready!
04-10 01:28:14.757 1002 1211 D DisplayPowerController[0]: Finished business...
04-10 01:28:14.757 1002 1211 D DisplayPowerController[0]: requestPowerState: policy=OFF, useProximitySensor=false, screenBrightnessOverride=NaN, useAutoBrightness=true, screenAutoBrightnessAdjustmentOverride=NaN, screenLowPowerBrightnessFactor=1.0, blockScreenOn=false, lowPowerMode=false, boostScreenBrightness=false, dozeScreenBrightness=NaN, dozeScreenState=UNKNOWN, waitForNegativeProximity=false
04-10 01:28:14.757 1002 1211 D PowerManagerNotifier: onScreenPolicyUpdate: newPolicy=0
04-10 01:28:14.757 1002 1211 D PowerManagerNotifier: onWakefulnessChangeFinished
04-10 01:28:14.758 1002 1002 I sysui_multi_action: [757,198,758,2,759,2,1359,251,1695,4]
04-10 01:28:14.758 1002 1002 I power_screen_state: [0,2,0,0,251]
04-10 01:28:14.758 1002 1002 I screen_toggled: 0
04-10 01:28:14.758 1002 1002 I sysui_multi_action: [757,804,799,screen_timeout,801,60,802,1]
04-10 01:28:14.760 943 943 I QTI PowerHAL: Got set_interactive hint
04-10 01:28:14.760 1995 4634 D KeyguardViewMediator: onFinishedGoingToSleep(2)
04-10 01:28:14.760 1995 4634 D KeyguardViewMediator: notifyFinishedGoingToSleep
04-10 01:28:14.761 1002 1002 I sysui_multi_action: [757,1594,758,4,759,-2147483648,1359,2613]
04-10 01:28:14.762 1002 1002 I power_screen_broadcast_send: 1
04-10 01:28:14.762 1002 1002 D PowerManagerNotifier: Sending go to sleep broadcast.
04-10 01:28:14.764 972 4711 E ANDR-PERF-LM: Core: detectAndRunIdle() 174: Not able to open /sys/class/power_supply/battery/status, Error: No such file or directory
01-06 09:03:28.719 0 0 I ALERT : changing window size from 16000000 to 20000000 at 289656200721
04-10 01:28:14.769 1002 1664 I input_focus: [Focus leaving 10ef944 NotificationShade (server),reason=NOT_FOCUSABLE]
04-10 01:28:14.777 816 1783 D audio_hw_primary: adev_set_parameters: enter: screen_state=off
04-10 01:28:14.777 816 1783 D audio_hw_hfp: hfp_set_parameters: enter
04-10 01:28:14.777 816 1783 D sound_trigger_hw: handle_screen_status_change: screen off
04-10 01:28:14.777 816 1783 D audio_hw_extn: audio_extn_fm_set_parameters: Enter
04-10 01:28:14.779 1002 1002 I battery_saving_stats: [0,1,0,2695,0,0,228375,0,0]
04-10 01:28:14.781 1995 1995 D KeyguardViewMediator: handleNotifyFinishedGoingToSleep
04-10 01:28:14.783 1995 1995 V KeyguardUpdateMonitor: startListeningForFingerprint()
04-10 01:28:14.784 2707 2707 D StateManager: goToState: Normal
04-10 01:28:14.788 3068 3068 D SYS_EVENT: send event 8 notification to client
04-10 01:28:14.790 1995 1995 D StatusBar: updateQsExpansionEnabled - QS Expand enabled: true
04-10 01:28:14.791 3040 3040 I hpplay-java: [main]:IPManager:updateAPState time : 1 isAPOpen :false
04-10 01:28:14.791 3040 3040 I hpplay-java: [main]:NetworkReceiver:onReceive action: android.intent.action.SCREEN_OFF
04-10 01:28:14.791 3040 3040 I hpplay-java: [main]:NetworkReceiver:processReceive time : 2
04-10 01:28:14.793 3066 3066 D PASRDozeReceiver: Received Intent Intent { act=android.intent.action.SCREEN_OFF flg=0x50200010 }
04-10 01:28:14.794 3066 3066 D PASRDozeReceiver: Sent intent Successfully
04-10 01:28:14.795 3066 3066 D PASRService: PASRService started
04-10 01:28:14.795 3066 3066 D PASRService: OnStart, Intent: android.intent.action.SCREEN_OFF
04-10 01:28:14.795 3066 3066 D PASRService: Screen Off
04-10 01:28:14.796 1002 1002 I power_screen_broadcast_done: [0,34,1]
04-10 01:28:14.797 1041 1099 I BpBinder: onLastStrongRef automatically unlinking death recipients:
04-10 01:28:14.803 1002 1509 W FreeFormWindowHelper: Current Display FreeFormTask is null
04-10 01:28:15.027 3040 3973 W hpplay-java: [ServerTaskManager]:IPManager:getActiveNets invalid networkInfo:null
04-10 01:28:15.027 3040 3973 I hpplay-java: [ServerTaskManager]:IPManager:getActiveNets eth0:false wifi:false mobile:false ap:false
04-10 01:28:15.027 3040 3973 I hpplay-java: [ServerTaskManager]:ServerTaskManager:get local ip:null
04-10 01:28:15.105 3040 3998 I hpplay-java: [NetworkReceiver]:IM_PublicCastClient:disconnect
04-10 01:28:15.106 3040 3998 I hpplay-java: [NetworkReceiver]:IM_IMEntrance:disconnect
04-10 01:28:15.106 3040 3998 W hpplay-java: [NetworkReceiver]:IM_PublicCastClient:reconnect ignore com.hpplay.sdk.sink.cloud.PublicCastClient@5543886
04-10 01:28:15.113 3040 4655 W hpplay-java: [AsyncTask #57]:MagicalCacheFile:serverDir is not exits
04-10 01:28:15.113 3040 4655 I hpplay-java: [AsyncTask #57]:Session:no cached regTime
04-10 01:28:15.115 3040 4655 I hpplay-java: [AsyncTask #57]:AuthSDK:authSDK connectTimeout = 6000
04-10 01:28:15.117 3040 4654 I hpplay-java: [AsyncTask #56]:HttpRequest:http://sdkauth.hpplay.cn/Author/TVAuthor/?uid=-6190987048206693284&appid=21409&prot_ver=4.1&version=60055-27705 path post
04-10 01:28:15.129 673 4713 D resolv : GetAddrInfoHandler::run: {0 262144 0 983040 10091 0}
04-10 01:28:15.130 673 4713 D resolv : resolv_getaddrinfo: explore_fqdn(): ai_family=0 ai_socktype=1 ai_protocol=6
04-10 01:28:15.138 3040 4654 I hpplay-java: [AsyncTask #56]:AsyncManager:nextDomain next2: https://sdkauth.lebo.com.cn:82/Author/TVAuthor/?uid=-6190987048206693284&appid=21409&prot_ver=4.1&version=60055-27705
04-10 01:28:15.138 3040 4654 W hpplay-java: [AsyncTask #56]:HttpRequest:
04-10 01:28:15.138 3040 4654 I hpplay-java: [AsyncTask #56]:HttpRequest:https://sdkauth.lebo.com.cn:82/Author/TVAuthor/?uid=-6190987048206693284&appid=21409&prot_ver=4.1&version=60055-27705 path post
04-10 01:28:15.145 673 4714 D resolv : GetAddrInfoHandler::run: {0 262144 0 983040 10091 0}
04-10 01:28:15.145 673 4714 D resolv : resolv_getaddrinfo: explore_fqdn(): ai_family=0 ai_socktype=1 ai_protocol=6
04-10 01:28:15.161 3040 4654 I hpplay-java: [AsyncTask #56]:AsyncManager:nextDomain next3: http://120.25.130.190:80/Author/TVAuthor/?uid=-6190987048206693284&appid=21409&prot_ver=4.1&version=60055-27705
04-10 01:28:15.161 3040 4654 W hpplay-java: [AsyncTask #56]:HttpRequest:
04-10 01:28:15.161 3040 4654 I hpplay-java: [AsyncTask #56]:HttpRequest:http://120.25.130.190:80/Author/TVAuthor/?uid=-6190987048206693284&appid=21409&prot_ver=4.1&version=60055-27705 path post
04-10 01:28:15.176 3040 4654 W hpplay-java: [AsyncTask #56]:HttpRequest:java.net.ConnectException: Failed to connect to /120.25.130.190:80
04-10 01:28:15.176 3040 4654 W hpplay-java: at com.android.okhttp.internal.io.RealConnection.connectSocket(RealConnection.java:147)
04-10 01:28:15.176 3040 4654 W hpplay-java: at com.android.okhttp.internal.io.RealConnection.connect(RealConnection.java:116)
04-10 01:28:15.176 3040 4654 W hpplay-java: at com.android.okhttp.internal.http.StreamAllocation.findConnection(StreamAllocation.java:186)
04-10 01:28:15.176 3040 4654 W hpplay-java: at com.android.okhttp.internal.http.StreamAllocation.findHealthyConnection(StreamAllocation.java:128)
04-10 01:28:15.176 3040 4654 W hpplay-java: at com.android.okhttp.internal.http.StreamAllocation.newStream(StreamAllocation.java:97)
04-10 01:28:15.176 3040 4654 W hpplay-java: at com.android.okhttp.internal.http.HttpEngine.connect(HttpEngine.java:289)
04-10 01:28:15.176 3040 4654 W hpplay-java: at com.android.okhttp.internal.http.HttpEngine.sendRequest(HttpEngine.java:232)
04-10 01:28:15.176 3040 4654 W hpplay-java: at com.android.okhttp.internal.huc.HttpURLConnectionImpl.execute(HttpURLConnectionImpl.java:465)
04-10 01:28:15.176 3040 4654 W hpplay-java: at com.android.okhttp.internal.huc.HttpURLConnectionImpl.connect(HttpURLConnectionImpl.java:131)
04-10 01:28:15.176 3040 4654 W hpplay-java: at com.hpplay.common.asyncmanager.HttpRequest.doPost(SourceFile:17)
04-10 01:28:15.176 3040 4654 W hpplay-java: at com.hpplay.common.asyncmanager.AsyncHttpJob.doInBackground(SourceFile:4)
04-10 01:28:15.176 3040 4654 W hpplay-java: at android.os.AsyncTask$3.call(AsyncTask.java:394)
04-10 01:28:15.176 3040 4654 W hpplay-java: at java.util.concurrent.FutureTask.run(FutureTask.java:266)
04-10 01:28:15.176 3040 4654 W hpplay-java: at java.util.concurrent.ThreadPoolExecutor.runWorker(ThreadPoolExecutor.java:1167)
04-10 01:28:15.176 3040 4654 W hpplay-java: at java.util.concurrent.ThreadPoolExecutor$Worker.run(ThreadPoolExecutor.java:641)
04-10 01:28:15.176 3040 4654 W hpplay-java: at java.lang.Thread.run(Thread.java:920)
04-10 01:28:15.176 3040 4651 I hpplay-java: [AsyncTask #55]:AuthSDK:authSDK auth failed
04-10 01:28:15.177 3040 4651 I hpplay : [AsyncTask #55]:LelinkHelper:onAuthSDK status: 3
04-10 01:28:15.177 3040 4651 I hpplay-java: [AsyncTask #55]:VipAuthSDK:vipAuth
04-10 01:28:15.177 3040 3040 D hpplay : [main]:LelinkHelper:认证成功
04-10 01:28:15.178 3040 4651 I hpplay-java: [AsyncTask #55]:EnterpriseAuthManager:getNewCompanyAuthSavePath
04-10 01:28:15.178 3040 4651 I hpplay-java: [AsyncTask #55]:EnterpriseAuthManager:getNewCompanyAuthSavePath,get app cache path
04-10 01:28:15.179 3040 4651 I hpplay-java: [AsyncTask #55]:AuthSDK:checkHandler
04-10 01:28:15.179 3040 4656 W hpplay-java: [AsyncTask #58]:CreateUtils:notifyQRReady server not start,ignore
04-10 01:28:15.179 3040 4651 I hpplay-java: [AsyncTask #55]:IMTask:getIMRoot
04-10 01:28:15.179 3040 4656 W hpplay-java: [AsyncTask #58]:CreateUtils:isServerStartAndAuth token is null
04-10 01:28:15.179 3040 4656 W hpplay-java: [AsyncTask #58]:CreateUtils:isServerStartAndAuth token is null
04-10 01:28:15.179 3040 4656 I hpplay-java: [AsyncTask #58]:ServerBusiness:createPinCode ignore
04-10 01:28:15.179 3040 4651 I hpplay-java: [AsyncTask #55]:AuthTask:release
04-10 01:28:15.179 3040 4663 I hpplay-java: [AsyncTask #60]:HttpRequest:https://vipauth.hpplay.cn/VipAuth path post
04-10 01:28:15.182 3040 4651 I hpplay-java: [AsyncTask #55]:LBHandler:create name: AuthTask looper:Looper (AuthTask, tid 127) {2cddaa7}
04-10 01:28:15.182 3040 4651 I hpplay-java: [AsyncTask #55]:AuthTask:reAuth 600000
04-10 01:28:15.183 673 4717 D resolv : GetAddrInfoHandler::run: {0 262144 0 983040 10091 0}
04-10 01:28:15.183 673 4717 D resolv : resolv_getaddrinfo: explore_fqdn(): ai_family=0 ai_socktype=1 ai_protocol=6
04-10 01:28:15.183 3040 4651 I hpplay-java: [AsyncTask #55]:AuthSDK:controlStartServer
04-10 01:28:15.183 3040 4651 I hpplay-java: [AsyncTask #55]:ServiceUpdater:upLoadDeviceInfo url = http://gslb.hpplay.cn/lebo-flux-sdk/sdk/info/upload
04-10 01:28:15.183 673 4716 D resolv : GetAddrInfoHandler::run: {0 262144 0 983040 10091 0}
04-10 01:28:15.183 673 4716 D resolv : resolv_getaddrinfo: explore_fqdn(): ai_family=0 ai_socktype=1 ai_protocol=6
04-10 01:28:15.188 3040 4651 I hpplay-java: [AsyncTask #55]:BusinessConfig:requestConfig
04-10 01:28:15.188 3040 4555 I hpplay-java: [AsyncTask #36]:HttpRequest:http://gslb.hpplay.cn/lebo-flux-sdk/sdk/info/upload path post
04-10 01:28:15.190 3040 4656 W hpplay-java: [AsyncTask #58]:HttpRequest:
04-10 01:28:15.190 3040 4663 W hpplay-java: [AsyncTask #60]:HttpRequest:
04-10 01:28:15.190 1002 2438 W ActivityManager: Unable to start service Intent { act=android.intent.action.START_LEBO_SERVICE pkg=com.hpplay.happyplay.aw } U=0: not found
04-10 01:28:15.190 3040 4663 I hpplay-java: [AsyncTask #60]:HttpRequest:https://vipauth.hpplay.cn/VipAuth path post
04-10 01:28:15.190 3040 4651 I hpplay-java: [AsyncTask #55]:LeboUtil:wu r:false
04-10 01:28:15.192 673 4719 D resolv : GetAddrInfoHandler::run: {0 262144 0 983040 10091 0}
04-10 01:28:15.192 673 4719 D resolv : resolv_getaddrinfo: explore_fqdn(): ai_family=0 ai_socktype=1 ai_protocol=6
04-10 01:28:15.192 3040 4656 W hpplay-java: [AsyncTask #58]:HttpRequest:
04-10 01:28:15.192 3040 4663 W hpplay-java: [AsyncTask #60]:HttpRequest:
04-10 01:28:15.192 3040 4663 I hpplay-java: [AsyncTask #60]:HttpRequest:https://vipauth.hpplay.cn/VipAuth path post
04-10 01:28:15.193 673 4720 D resolv : GetAddrInfoHandler::run: {0 262144 0 983040 10091 0}
04-10 01:28:15.193 673 4720 D resolv : resolv_getaddrinfo: explore_fqdn(): ai_family=0 ai_socktype=1 ai_protocol=6
04-10 01:28:15.193 3040 4663 W hpplay-java: [AsyncTask #60]:HttpRequest:
04-10 01:28:15.195 3040 4674 W hpplay-java: [AsyncTask #63]:HttpRequest:
04-10 01:28:15.196 3040 4674 W hpplay-java: [AsyncTask #63]:HttpRequest:
04-10 01:28:15.199 3040 4612 W hpplay-java: [AsyncTask #39]:HttpRequest:
04-10 01:28:15.199 3040 4674 W hpplay-java: [AsyncTask #63]:HttpRequest:
04-10 01:28:15.200 673 4721 D resolv : GetAddrInfoHandler::run: {0 262144 0 983040 10091 0}
04-10 01:28:15.200 673 4721 D resolv : resolv_getaddrinfo: explore_fqdn(): ai_family=0 ai_socktype=1 ai_protocol=6
04-10 01:28:15.200 3040 4612 W hpplay-java: [AsyncTask #39]:HttpRequest:
04-10 01:28:15.200 673 4722 D resolv : GetAddrInfoHandler::run: {0 262144 0 983040 10091 0}
04-10 01:28:15.200 673 4722 D resolv : resolv_getaddrinfo: explore_fqdn(): ai_family=0 ai_socktype=1 ai_protocol=6
04-10 01:28:15.204 3040 4612 W hpplay-java: [AsyncTask #39]:HttpRequest:
04-10 01:28:15.204 3040 4555 W hpplay-java: [AsyncTask #36]:HttpRequest:
04-10 01:28:15.204 3040 4656 W hpplay-java: [AsyncTask #58]:HttpRequest:
04-10 01:28:15.204 3040 4555 I hpplay-java: [AsyncTask #36]:HttpRequest:http://gslb.hpplay.cn/lebo-flux-sdk/sdk/info/upload path post
04-10 01:28:15.204 3040 3040 E hpplay-java: [main]:IMTask:getIMRoot failed
04-10 01:28:15.204 3040 4673 W hpplay-java: [AsyncTask #62]:HttpRequest:
04-10 01:28:15.205 3040 4555 W hpplay-java: [AsyncTask #36]:HttpRequest:
04-10 01:28:15.206 3040 4555 I hpplay-java: [AsyncTask #36]:HttpRequest:http://gslb.hpplay.cn/lebo-flux-sdk/sdk/info/upload path post
04-10 01:28:15.206 3040 4673 W hpplay-java: [AsyncTask #62]:HttpRequest:
04-10 01:28:15.207 3040 4555 W hpplay-java: [AsyncTask #36]:HttpRequest:
04-10 01:28:15.208 3040 4673 W hpplay-java: [AsyncTask #62]:HttpRequest:
04-10 01:28:15.255 649 662 I mpu_uart: [MSG-P:RECV]:No message received in 1000 ms
01-06 09:03:29.625 0 0 D cnss : Runtime suspend start
01-06 09:03:29.627 0 0 I [kworke][0x153979f02][01:28:15.677991] wlan: [489:I:PMO] pmo_core_is_wow_applicable: 319: lpass enabled, enabling wow
01-06 09:03:29.628 0 0 I [kworke][0x15397cf27][01:28:15.678633] wlan: [489:I:PMO] pmo_core_enable_wow_in_fw: 807: drv wow is enabled
01-06 09:03:29.628 0 0 I [kworke][0x15397d45e][01:28:15.678703] wlan: [489:I:PMO] pmo_core_enable_wow_in_fw: 820: RTPM wow
01-06 09:03:29.628 0 0 I [kworke][0x15397df66][01:28:15.678850] wlan: [489:I:WMI] send_wow_enable_cmd_tlv: 1831: suspend type: WOW_IFACE_PAUSE_ENABLED flag is 0x10
01-06 09:03:29.669 0 0 I [kworke][0x153a3f0b3][01:28:15.720037] wlan: [489:I:HIF] hif_try_complete_tasks: 782: waiting for tasklets 0 grp tasklets 0 work 2
04-10 01:28:15.720 1002 1665 D WindowManager: interceptKeyBeforeQueueing: ---> event=KeyEvent { action=ACTION_DOWN, keyCode=KEYCODE_POWER, scanCode=116, metaState=0, flags=0x8, repeatCount=0, eventTime=290604, downTime=290604, deviceId=3, source=0x101, displayId=-1 } ---stack--- java.lang.Throwable
04-10 01:28:15.720 1002 1665 D WindowManager: at com.android.server.policy.PhoneWindowManager.interceptKeyBeforeQueueing(PhoneWindowManager.java:3422)
04-10 01:28:15.720 1002 1665 D WindowManager: at com.android.server.wm.InputManagerCallback.interceptKeyBeforeQueueing(InputManagerCallback.java:149)
04-10 01:28:15.720 1002 1665 D WindowManager: at com.android.server.input.InputManagerService.interceptKeyBeforeQueueing(InputManagerService.java:2827)
04-10 01:28:15.721 1002 1665 I intercept_power: [ACTION_DOWN,0,0]
04-10 01:28:15.721 1002 1665 D DisplayPowerController[0]: requestPowerState: policy=OFF, useProximitySensor=false, screenBrightnessOverride=NaN, useAutoBrightness=true, screenAutoBrightnessAdjustmentOverride=NaN, screenLowPowerBrightnessFactor=1.0, blockScreenOn=false, lowPowerMode=false, boostScreenBrightness=false, dozeScreenBrightness=NaN, dozeScreenState=UNKNOWN, waitForNegativeProximity=false
04-10 01:28:15.721 1002 1665 D PowerManagerNotifier: onScreenPolicyUpdate: newPolicy=0
04-10 01:28:15.724 1002 1665 D PowerManagerNotifier: onWakeLockAcquired: flags=1, tag="PhoneWindowManager.mPowerKeyWakeLock", packageName=android, ownerUid=1000, ownerPid=1002, workSource=null
04-10 01:28:15.726 1002 1665 I PowerManagerService: Powering on display group fromAsleep (groupId=0, uid=1000, reason=WAKE_REASON_POWER_BUTTON, details=android.policy:POWER)...
04-10 01:28:15.727 1002 1665 I PowerManagerService: Waking up from Asleep (uid=1000, reason=WAKE_REASON_POWER_BUTTON, details=android.policy:POWER)...
01-06 09:03:29.689 0 0 D cnss : Setting MHI state: SUSPEND(6)
01-06 09:03:29.689 0 0 D cnss : Suspending PCI link
01-06 09:03:29.689 0 0 D cnss : Use PCIe DRV suspend
04-10 01:28:15.730 1002 1665 D PowerManagerNotifier: onWakefulnessChangeStarted: wakefulness=1, reason=1, interactive=true
04-10 01:28:15.732 1002 1665 D PowerManagerNotifier: onWakeUp: reason=WAKE_REASON_POWER_BUTTON, details=android.policy:POWER, reasonUid=1000 opPackageName=android opUid=1000
04-10 01:28:15.733 1002 1665 D PowerManagerNotifier: onUserActivity: event=0, uid=1000
04-10 01:28:15.733 1002 1665 D DisplayPowerController[0]: requestPowerState: policy=BRIGHT, useProximitySensor=false, screenBrightnessOverride=NaN, useAutoBrightness=true, screenAutoBrightnessAdjustmentOverride=NaN, screenLowPowerBrightnessFactor=1.0, blockScreenOn=false, lowPowerMode=false, boostScreenBrightness=false, dozeScreenBrightness=NaN, dozeScreenState=UNKNOWN, waitForNegativeProximity=false
04-10 01:28:15.734 1002 1665 D PowerManagerNotifier: onScreenPolicyUpdate: newPolicy=3
04-10 01:28:15.737 1002 1002 I screen_toggled: 1
04-10 01:28:15.737 1002 1665 D WindowManager: interceptKeyBeforeQueueing: ---> event=KeyEvent { action=ACTION_UP, keyCode=KEYCODE_POWER, scanCode=116, metaState=0, flags=0x8, repeatCount=0, eventTime=290605, downTime=290604, deviceId=3, source=0x101, displayId=-1 } ---stack--- java.lang.Throwable
04-10 01:28:15.737 1002 1665 D WindowManager: at com.android.server.policy.PhoneWindowManager.interceptKeyBeforeQueueing(PhoneWindowManager.java:3422)
04-10 01:28:15.737 1002 1665 D WindowManager: at com.android.server.wm.InputManagerCallback.interceptKeyBeforeQueueing(InputManagerCallback.java:149)
04-10 01:28:15.737 1002 1665 D WindowManager: at com.android.server.input.InputManagerService.interceptKeyBeforeQueueing(InputManagerService.java:2827)
04-10 01:28:15.737 1002 1211 D DisplayPowerState: setScreenState: state=2
04-10 01:28:15.737 1002 1665 I intercept_power: [ACTION_UP,0,0]
04-10 01:28:15.737 1002 1002 I power_screen_broadcast_send: 1
04-10 01:28:15.737 1002 1211 I DisplayPowerController[0]: Blocking screen on until initial contents have been drawn.
04-10 01:28:15.737 1002 1665 D PowerManagerNotifier: onWakeLockReleased: flags=1, tag="PhoneWindowManager.mPowerKeyWakeLock", packageName=android, ownerUid=1000, ownerPid=1002, workSource=null
04-10 01:28:15.738 1995 4457 D KeyguardViewMediator: onStartedWakingUp, seq = 17
04-10 01:28:15.738 1002 1211 D ActivityTaskManager: Top Process State changed to PROCESS_STATE_TOP
04-10 01:28:15.738 1995 4457 D KeyguardViewMediator: notifyStartedWakingUp
04-10 01:28:15.738 1002 1665 D DisplayPowerController[0]: requestPowerState: policy=BRIGHT, useProximitySensor=false, screenBrightnessOverride=NaN, useAutoBrightness=true, screenAutoBrightnessAdjustmentOverride=NaN, screenLowPowerBrightnessFactor=1.0, blockScreenOn=false, lowPowerMode=false, boostScreenBrightness=false, dozeScreenBrightness=NaN, dozeScreenState=UNKNOWN, waitForNegativeProximity=false
04-10 01:28:15.738 1002 1665 D PowerManagerNotifier: onScreenPolicyUpdate: newPolicy=3
04-10 01:28:15.738 1995 1995 D KeyguardViewMediator: handleNotifyWakingUp
04-10 01:28:15.739 1002 1002 D PowerManagerNotifier: Sending wake up broadcast.
04-10 01:28:15.744 1002 1002 D WindowManager: powerPress: eventTime=290604 interactive=false count=0 beganFromNonInteractive=true mShortPressOnPowerBehavior=1
04-10 01:28:15.750 1002 1002 E SensorManager: sensor or listener is null
04-10 01:28:15.754 1002 1193 E KernelCpuSpeedReader: Failed to read cpu-freq: /sys/devices/system/cpu/cpu4/cpufreq/stats/time_in_state: open failed: ENOENT (No such file or directory)
04-10 01:28:15.755 1002 1193 E KernelCpuSpeedReader: Failed to read cpu-freq: /sys/devices/system/cpu/cpu0/cpufreq/stats/time_in_state: open failed: ENOENT (No such file or directory)
04-10 01:28:15.755 1002 1211 I wm_set_resumed_activity: [0,com.android.launcher3/.uioverrides.QuickstepLauncher,resumeTopActivityInnerLocked]
04-10 01:28:15.755 1002 1193 E system_server: Cannot read thread CPU times for PID 1002
04-10 01:28:15.756 1002 1211 I wm_resume_activity: [0,247139416,12,com.android.launcher3/.uioverrides.QuickstepLauncher]
04-10 01:28:15.757 1995 4362 D KeyguardViewMediator: notifyScreenOn
04-10 01:28:15.759 1995 1995 D KeyguardViewMediator: handleNotifyScreenTurningOn
01-06 09:03:29.710 0 0 D cnss : Runtime suspend status: 0
04-10 01:28:15.771 1002 1211 E SensorManager: sensor or listener is null
04-10 01:28:15.771 1995 1995 D StatusBar: updateQsExpansionEnabled - QS Expand enabled: true
04-10 01:28:15.771 1002 1211 D DisplayPowerController[0]: Animating brightness: target=1.0, sdrTarget=1.0, rate=0.0
04-10 01:28:15.771 1002 1211 D DisplayPowerState: setScreenBrightness: brightness=1.0
04-10 01:28:15.771 1002 1211 D DisplayPowerState: setSdrScreenBrightness: brightness=1.0
04-10 01:28:15.774 2707 2707 I wm_on_restart_called: [247139416,com.android.launcher3.uioverrides.QuickstepLauncher,performRestartActivity]
04-10 01:28:15.774 2707 2707 I wm_on_start_called: [247139416,com.android.launcher3.uioverrides.QuickstepLauncher,handleStartActivity]
04-10 01:28:15.775 2707 2707 I wm_on_resume_called: [247139416,com.android.launcher3.uioverrides.QuickstepLauncher,RESUME_ACTIVITY]
04-10 01:28:15.775 2707 2707 I wm_on_top_resumed_gained_called: [247139416,com.android.launcher3.uioverrides.QuickstepLauncher,topWhenResuming]
04-10 01:28:15.775 1995 1995 D KeyguardUpdateMonitor: received broadcast android.intent.action.TIME_TICK
04-10 01:28:15.776 1002 1181 W BroadcastQueue: Background execution not allowed: receiving Intent { act=android.intent.action.USER_PRESENT flg=0x24200010 } to com.microsoft.emmx/org.chromium.chrome.browser.sharing.click_to_call.ClickToCallMessageHandler$PhoneUnlockedReceiver
04-10 01:28:15.776 1002 1211 V DisplayPowerController[0]: Brightness [1.0] reason changing to: 'manual', previous reason: 'screen_off'.
04-10 01:28:15.776 1002 1211 D DisplayPowerController[0]: Unfinished business...
04-10 01:28:15.776 1002 1211 I sysui_multi_action: [757,1696,758,6,759,3]
04-10 01:28:15.776 1002 1211 D DisplayPowerState: Requesting new screen state: state=ON, backlight=-1.0
04-10 01:28:15.777 1002 1211 D DisplayPowerState: Screen not ready
04-10 01:28:15.777 3068 3068 D SYS_EVENT: send event 64 notification to client
04-10 01:28:15.777 1002 1211 I DisplayPowerController[0]: Unblocked screen on after 40 ms
04-10 01:28:15.777 1002 1211 D DisplayPowerState: setColorFadeLevel: level=1.0
04-10 01:28:15.777 1002 1951 D DisplayPowerState: Updating screen state: id=0, state=ON, backlight=-1.0, sdrBacklight=-1.0
04-10 01:28:15.778 943 943 I QTI PowerHAL: Power setMode: 7 to: 1
04-10 01:28:15.778 1002 1951 D LocalDisplayAdapter: setDisplayState(id=4630946816427681409, state=ON) ---start
04-10 01:28:15.778 943 943 I QTI PowerHAL: Got set_interactive hint
04-10 01:28:15.779 1041 1041 D SurfaceFlinger: Setting power mode 2 on display 4630946816427681409
04-10 01:28:15.779 1002 1161 I DisplayDeviceRepository: Display device changed state: "内置屏幕", ON
04-10 01:28:15.781 1002 1161 I InputManager-JNI: Viewport [0] to add: local:4630946816427681409, isActive: true
04-10 01:28:15.782 816 1783 D audio_hw_primary: adev_set_parameters: enter: screen_state=on
04-10 01:28:15.782 816 1783 D audio_hw_hfp: hfp_set_parameters: enter
04-10 01:28:15.782 816 1783 D sound_trigger_hw: handle_screen_status_change: screen on
04-10 01:28:15.782 816 1783 D audio_hw_extn: audio_extn_fm_set_parameters: Enter
04-10 01:28:15.783 961 961 I SDM : DisplayBase::SetDisplayState: Set state = 1, display 29-0, teardown = 0
04-10 01:28:15.784 1002 1211 D DisplayPowerState: Requesting new screen state: state=ON, backlight=1.0
04-10 01:28:15.784 1002 1211 D DisplayPowerState: Screen not ready
04-10 01:28:15.784 1002 1002 I battery_saving_stats: [0,0,0,1005,0,0,16456,0,0]
01-06 09:03:29.735 0 0 D cnss : Starting to handle get info prepare
01-06 09:03:29.735 0 0 D cnss : Resuming PCI link
01-06 09:03:29.737 0 0 I : [MAX975X:max96755x_drm_notifier_callback] *INFO* receives EARLY_BLANK:UNBLANK
01-06 09:03:29.737 0 0 I atmel_mxt_ts 0-004a: FB event:2,blank:0
01-06 09:03:29.737 0 0 D cnss : Set PCI link status to: 2
01-06 09:03:29.737 0 0 I atmel_mxt_ts 0-004a: suspend: event = 2, blank = 0, not care
01-06 09:03:29.737 0 0 I [drm:dsi_display_set_mode] [msm-dsi-info]: mdp_transfer_time_us=0 us
01-06 09:03:29.737 0 0 I [drm:dsi_display_set_mode] [msm-dsi-info]: hactive= 2560,vactive= 1080,fps=60
01-06 09:03:29.737 0 0 D cnss : Setting MHI state: RESUME(7)
01-06 09:03:29.737 0 0 I [drm:dsi_ctrl_isr_configure] [msm-dsi-info]: dsi-ctrl-0: IRQ 403 registered
01-06 09:03:29.739 0 0 I ALERT : changing window size from 20000000 to 16000000 at 290676151345
04-10 01:28:15.792 1002 1163 I input_focus: [Focus request 73b612c com.android.launcher3/com.android.launcher3.uioverrides.QuickstepLauncher,reason=UpdateInputWindows]
04-10 01:28:15.796 1002 1665 I InputReader: Reconfiguring input devices, changes=DISPLAY_INFO |
04-10 01:28:15.796 1002 1665 I InputReader: Device reconfigured: id=4, name='qbt_key_input', size 2560x1080, orientation 0, mode 4, display id 0
04-10 01:28:15.796 1002 1665 I InputReader: Device reconfigured: id=3, name='Atmel maXTouch Touchscreen', size 2560x1080, orientation 0, mode 1, display id 0
04-10 01:28:15.796 1993 2639 I BtGatt.ScanManager: msg.what = 8
01-06 09:03:29.743 0 0 D cnss : Sending get info message, type: 0, cmd length: 28, state: 0x107
04-10 01:28:15.797 2311 2512 E QmiAgentHwInterface: Failed to sendRequest: android.os.RemoteException: sendRequest failed with status: 2
04-10 01:28:15.798 1993 2639 I BtGatt.ScanManager: msg.what = 5
04-10 01:28:15.807 1995 1995 D KeyguardUpdateMonitor: handleTimeUpdate
04-10 01:28:15.808 3068 3068 D SYS_EVENT: send event 16 notification to client
01-06 09:03:29.756 0 0 D cnss : Received QMI WLFW respond get info indication
01-06 09:03:29.756 0 0 D cnss : Extract message with event length: 812, type: 0, is last: 0, seq no: 0
01-06 09:03:29.757 0 0 D cnss : Received QMI WLFW respond get info indication
01-06 09:03:29.757 0 0 D cnss : Extract message with event length: 576, type: 0, is last: 0, seq no: 0
01-06 09:03:29.758 0 0 D cnss : Received QMI WLFW respond get info indication
01-06 09:03:29.758 0 0 D cnss : Extract message with event length: 748, type: 0, is last: 0, seq no: 0
01-06 09:03:29.763 0 0 D cnss : Received QMI WLFW respond get info indication
01-06 09:03:29.763 0 0 D cnss : Extract message with event length: 812, type: 0, is last: 0, seq no: 0
01-06 09:03:29.763 0 0 D cnss : Received QMI WLFW respond get info indication
01-06 09:03:29.763 0 0 D cnss : Extract message with event length: 748, type: 0, is last: 0, seq no: 0
01-06 09:03:29.765 0 0 D cnss : Starting to handle get info done
01-06 09:03:29.765 0 0 D cnss : Setting MHI state: SUSPEND(6)
04-10 01:28:15.815 3040 3040 I hpplay-java: [main]:IPManager:updateAPState time : 4 isAPOpen :false
04-10 01:28:15.815 3040 3040 I hpplay-java: [main]:NetworkReceiver:onReceive action: android.intent.action.SCREEN_ON
04-10 01:28:15.816 3040 3040 I hpplay-java: [main]:NetworkReceiver:processReceive time : 5
04-10 01:28:15.817 3066 3066 D PASRDozeReceiver: Received Intent Intent { act=android.intent.action.SCREEN_ON flg=0x50200010 }
04-10 01:28:15.819 3066 3066 D PASRDozeReceiver: Sent intent Successfully
01-06 09:03:29.767 0 0 D cnss : Suspending PCI link
01-06 09:03:29.767 0 0 D cnss : Use PCIe DRV suspend
04-10 01:28:15.820 1002 1002 I power_screen_broadcast_done: [1,83,1]
04-10 01:28:15.820 3066 3066 D PASRService: PASRService started
04-10 01:28:15.820 3066 3066 D PASRService: OnStart, Intent: android.intent.action.SCREEN_ON
04-10 01:28:15.820 3066 3066 D PASRService: State is now: -1
01-06 09:03:29.771 0 0 D cnss : Runtime resume start
01-06 09:03:29.771 0 0 D cnss : Resuming PCI link
01-06 09:03:29.773 0 0 D cnss : Set PCI link status to: 2
01-06 09:03:29.773 0 0 D cnss : Setting MHI state: RESUME(7)
01-06 09:03:29.780 0 0 I [kworke][0x153c4796a][01:28:15.831086] wlan: [77:I:PMO] pmo_core_psoc_send_host_wakeup_ind_to_fw: 1225: Host wakeup indication sent to fw
04-10 01:28:15.824 1002 1664 I InputDispatcher: Dropping event because there is no touchable window or gesture monitor at (2324, 977) in display 0.
04-10 01:28:15.824 1002 1664 D PowerManagerNotifier: onUserActivity: event=0, uid=1000
04-10 01:28:15.825 1002 1664 I InputDispatcher: Dropping event because there is no touchable window or gesture monitor at (2324, 977) in display 0.
04-10 01:28:15.825 1002 1664 I InputDispatcher: Dropping event because there is no touchable window or gesture monitor at (2324, 977) in display 0.
04-10 01:28:15.825 1002 1664 I InputDispatcher: Dropping event because there is no touchable window or gesture monitor at (2324, 977) in display 0.
04-10 01:28:15.825 1002 1664 I input_interaction: Interaction with: edge-swipe (server), swipe-up (server), PointerEventDispatcher0 (server),
04-10 01:28:15.828 1002 1664 D PowerManagerNotifier: onUserActivity: event=2, uid=1000
04-10 01:28:15.828 1002 1664 D DisplayPowerController[0]: requestPowerState: policy=BRIGHT, useProximitySensor=false, screenBrightnessOverride=NaN, useAutoBrightness=true, screenAutoBrightnessAdjustmentOverride=NaN, screenLowPowerBrightnessFactor=1.0, blockScreenOn=false, lowPowerMode=false, boostScreenBrightness=false, dozeScreenBrightness=NaN, dozeScreenState=UNKNOWN, waitForNegativeProximity=false
04-10 01:28:15.829 1002 1664 D PowerManagerNotifier: onScreenPolicyUpdate: newPolicy=3
04-10 01:28:15.832 1002 1664 D PowerManagerNotifier: onUserActivity: event=2, uid=1000
04-10 01:28:15.833 1002 1664 D DisplayPowerController[0]: requestPowerState: policy=BRIGHT, useProximitySensor=false, screenBrightnessOverride=NaN, useAutoBrightness=true, screenAutoBrightnessAdjustmentOverride=NaN, screenLowPowerBrightnessFactor=1.0, blockScreenOn=false, lowPowerMode=false, boostScreenBrightness=false, dozeScreenBrightness=NaN, dozeScreenState=UNKNOWN, waitForNegativeProximity=false
04-10 01:28:15.833 1002 1664 D PowerManagerNotifier: onScreenPolicyUpdate: newPolicy=3
01-06 09:03:29.791 0 0 D cnss : Runtime resume status: 0
01-06 09:03:29.794 0 0 I : [MAX975X:max96755x_drm_notifier_callback] *INFO* receives BLANK:UNBLANK
01-06 09:03:29.794 0 0 I atmel_mxt_ts 0-004a: FB event:1,blank:0
01-06 09:03:29.794 0 0 I atmel_mxt_ts 0-004a: drm_notifier_callback: UNBLANK! Resume by drm notifier.
04-10 01:28:15.850 1041 1041 D SurfaceFlinger: Finished setting power mode 2 on display 4630946816427681409
04-10 01:28:15.852 1002 1951 D LocalDisplayAdapter: setDisplayState(id=4630946816427681409, state=ON) ---end
04-10 01:28:15.852 1002 1951 D DisplayPowerState: Updating screen state: id=0, state=ON, backlight=1.0, sdrBacklight=1.0
04-10 01:28:15.852 1002 1211 D DisplayPowerState: Screen ready
04-10 01:28:15.852 1002 1951 D LocalDisplayAdapter: setDisplayBrightness(id=4630946816427681409, brightnessState=1.0, sdrBrightnessState=1.0) ---start
04-10 01:28:15.852 1002 1951 E DisplayDeviceConfig: requesting nits when no mapping exists.
