04-10 01:28:34.705 1002 1951 D LocalDisplayAdapter: setDisplayState(id=4630946816427681409, state=ON) ---end
04-10 01:28:34.705 1002 1211 D DisplayPowerState: Screen ready
04-10 01:28:34.706 1002 1211 D DisplayPowerController[0]: Display ready!
04-10 01:28:34.706 1002 1211 D DisplayPowerController[0]: Finished business...
04-10 01:28:34.706 1002 1211 D DisplayPowerController[0]: requestPowerState: policy=BRIGHT, useProximitySensor=false, screenBrightnessOverride=NaN, useAutoBrightness=true, screenAutoBrightnessAdjustmentOverride=NaN, screenLowPowerBrightnessFactor=1.0, blockScreenOn=false, lowPowerMode=false, boostScreenBrightness=false, dozeScreenBrightness=NaN, dozeScreenState=UNKNOWN, waitForNegativeProximity=false
04-10 01:28:34.706 1995 4362 D KeyguardViewMediator: notifyScreenTurnedOn
04-10 01:28:34.707 1002 1951 D DisplayPowerState: Updating screen state: id=0, state=ON, backlight=1.0, sdrBacklight=1.0
04-10 01:28:34.707 1002 1211 D PowerManagerNotifier: onScreenPolicyUpdate: newPolicy=3
04-10 01:28:34.707 1002 1951 D LocalDisplayAdapter: setDisplayBrightness(id=4630946816427681409, brightnessState=1.0, sdrBrightnessState=1.0) ---start
04-10 01:28:34.707 1002 1951 E DisplayDeviceConfig: requesting nits when no mapping exists.
04-10 01:28:34.707 1002 1211 D PowerManagerNotifier: onWakefulnessChangeFinished
04-10 01:28:34.707 1002 1002 I sysui_multi_action: [757,198,758,1,759,1,1359,135,1694,1]
04-10 01:28:34.708 1002 1951 E DisplayDeviceConfig: requesting nits when no mapping exists.
04-10 01:28:34.708 1002 1181 I am_wtf : [0,1002,system_server,-1,DisplayDeviceConfig,requesting nits when no mapping exists.]
04-10 01:28:34.708 1002 1002 I power_screen_state: [1,0,0,0,135]
04-10 01:28:34.708 1995 1995 D KeyguardViewMediator: handleNotifyScreenTurnedOn
04-10 01:28:34.712 1002 1181 I am_wtf : [0,1002,system_server,-1,DisplayDeviceConfig,requesting nits when no mapping exists.]
04-10 01:28:34.719 1002 1664 I input_focus: [Focus entering 73b612c com.android.launcher3/com.android.launcher3.uioverrides.QuickstepLauncher (server),reason=setFocusedWindow]
04-10 01:28:34.746 2707 4359 I OpenGLRenderer: Davey! duration=2817ms; Flags=1, FrameTimelineVsyncId=9322, IntendedVsync=306741674516, Vsync=306741674516, InputEventId=0, HandleInputStart=306742288422, AnimationStart=306742289464, PerformTraversalsStart=306742290037, DrawStart=306751706131, FrameDeadline=306757674516, FrameInterval=306742284672, FrameStartTime=16666666, SyncQueued=306752580297, SyncStart=306752766339, IssueDrawCommandsStart=306752932016, SwapBuffers=306755131391, FrameCompleted=309559859098, DequeueBufferDuration=1175989, QueueBufferDuration=1463645, GpuCompleted=309559859098, SwapBuffersCompleted=306757043943, DisplayPresentTime=72057628414510418,
04-10 01:28:34.753 1002 1951 D LocalDisplayAdapter: setDisplayBrightness(id=4630946816427681409, brightnessState=1.0, sdrBrightnessState=1.0) ---end
04-10 01:28:34.753 1002 1211 D DisplayPowerState: Screen ready
04-10 01:28:35.038 2707 4311 I OpenGLRenderer: Davey! duration=9223371726967ms; Flags=0, FrameTimelineVsyncId=9556, IntendedVsync=309886555801, Vsync=309886555801, InputEventId=0, HandleInputStart=309888576078, AnimationStart=309888578630, PerformTraversalsStart=309889504984, DrawStart=309889710348, FrameDeadline=309903222467, FrameInterval=309888569671, FrameStartTime=16666666, SyncQueued=309889877380, SyncStart=309890225557, IssueDrawCommandsStart=309890420869, SwapBuffers=309893520765, FrameCompleted=9223372036854775807, DequeueBufferDuration=106822, QueueBufferDuration=3576667, GpuCompleted=9223372036854775807, SwapBuffersCompleted=309898025088, DisplayPresentTime=0,
04-10 01:28:35.120 3040 3973 W hpplay-java: [ServerTaskManager]:IPManager:getActiveNets invalid networkInfo:null
04-10 01:28:35.120 3040 3973 I hpplay-java: [ServerTaskManager]:IPManager:getActiveNets eth0:false wifi:false mobile:false ap:false
04-10 01:28:35.121 3040 3973 I hpplay-java: [ServerTaskManager]:ServerTaskManager:get local ip:null
04-10 01:28:35.273 649 662 I mpu_uart: [MSG-P:RECV]:No message received in 1000 ms
04-10 01:28:35.619 1002 1664 I input_interaction: Interaction with: 2d5abae StatusBar (server), edge-swipe (server), swipe-up (server), PointerEventDispatcher0 (server),
04-10 01:28:35.624 1002 1664 D PowerManagerNotifier: onUserActivity: event=2, uid=1000
04-10 01:28:35.625 1002 1664 D DisplayPowerController[0]: requestPowerState: policy=BRIGHT, useProximitySensor=false, screenBrightnessOverride=NaN, useAutoBrightness=true, screenAutoBrightnessAdjustmentOverride=NaN, screenLowPowerBrightnessFactor=1.0, blockScreenOn=false, lowPowerMode=false, boostScreenBrightness=false, dozeScreenBrightness=NaN, dozeScreenState=UNKNOWN, waitForNegativeProximity=false
04-10 01:28:35.625 1002 1664 D PowerManagerNotifier: onScreenPolicyUpdate: newPolicy=3
04-10 01:28:35.640 1995 1995 I sysui_multi_action: [757,803,799,panel_open,802,1]
04-10 01:28:35.644 1995 1995 I sysui_multi_action: [757,1328,758,4,1326,63,1327,1,1329,0]
04-10 01:28:35.649 1002 1509 I sysui_multi_action: [757,127,758,1]
04-10 01:28:35.649 1002 1509 I sysui_multi_action: [757,804,799,note_load,801,6,802,1]
04-10 01:28:35.649 1002 1509 I notification_panel_revealed: 6
04-10 01:28:35.650 1995 1995 D StatusBar: disable disable2
04-10 01:28:35.663 1002 1163 I input_focus: [Focus request 10ef944 NotificationShade,reason=UpdateInputWindows]
04-10 01:28:35.677 1002 1763 I sysui_multi_action: [757,128,758,1,793,42014,794,0,795,41668,796,1,798,2,806,com.android.traceur,857,trace-is-being-recorded,858,4,947,0,1395,6,1500,41668,1688,1]
04-10 01:28:35.678 1995 1995 I sysui_multi_action: [757,111,758,1]
04-10 01:28:35.678 1995 1995 I sysui_multi_action: [757,268,758,1,759,268,806,com.android.traceur,871,com.android.traceur.QsService,927,0,1593,1]
04-10 01:28:35.678 1995 1995 I sysui_multi_action: [757,126,758,1,759,126,927,1,928,1,1593,1]
04-10 01:28:35.678 1002 1763 I sysui_multi_action: [757,804,799,note_freshness,801,41668,802,1]
04-10 01:28:35.678 1995 1995 I sysui_multi_action: [757,113,758,1,759,113,927,2,928,1,1593,1]
04-10 01:28:35.678 1002 1763 I notification_visibility: [0|com.android.traceur|1|null|10035,1,42014,41668,0,2]
04-10 01:28:35.678 1995 1995 I sysui_multi_action: [757,0,758,1,759,0,927,3,928,0,1593,1]
04-10 01:28:35.678 1995 1995 I sysui_multi_action: [757,0,758,1,759,0,927,4,928,0,1593,1]
04-10 01:28:35.679 1002 1763 I sysui_multi_action: [757,128,758,1,793,261208,794,0,795,261208,796,26,798,0,806,android,857,DEVELOPER_IMPORTANT,858,4,947,0,1395,6,1500,260616,1688,1]
04-10 01:28:35.679 1002 1763 I sysui_multi_action: [757,804,799,note_freshness,801,261208,802,1]
04-10 01:28:35.679 1002 1763 I notification_visibility: [-1|android|26|null|1000,1,261208,261208,0,0]
04-10 01:28:35.679 1995 1995 I sysui_multi_action: [757,491,758,1,759,491,927,5,928,0,1311,-1,1593,1]
04-10 01:28:35.679 1002 1763 I sysui_multi_action: [757,128,758,1,793,260121,794,0,795,260121,796,17303299,797,com.android.wifi,798,3,806,android,857,NETWORK_AVAILABLE,858,2,947,0,1395,6,1500,259904,1688,1]
04-10 01:28:35.679 1995 1995 I sysui_multi_action: [757,0,758,1,759,0,927,6,928,0,1593,1]
04-10 01:28:35.679 1002 1763 I sysui_multi_action: [757,804,799,note_freshness,801,260121,802,1]
04-10 01:28:35.679 1002 1763 I notification_visibility: [0|android|17303299|com.android.wifi|1000,1,260121,260121,0,3]
04-10 01:28:35.679 1995 1995 I sysui_multi_action: [757,0,758,1,759,0,927,7,1593,1]
04-10 01:28:35.680 1995 1995 I sysui_multi_action: [757,111,758,1]
04-10 01:28:35.680 1002 1763 I sysui_multi_action: [757,128,758,1,793,135360,794,0,795,135360,796,0,797,trace-kona-SKQ1.220201.001-2023-04-10-01-26-18.perfetto-trace,798,1,806,com.android.traceur,857,system-tracing,858,4,947,0,1395,6,1500,135153,1688,1]
04-10 01:28:35.680 1002 1763 I sysui_multi_action: [757,804,799,note_freshness,801,135360,802,1]
04-10 01:28:35.680 1995 1995 I sysui_multi_action: [757,268,758,1,759,268,806,com.android.traceur,871,com.android.traceur.QsService,927,0,1593,1]
04-10 01:28:35.680 1002 1763 I notification_visibility: [0|com.android.traceur|0|trace-kona-SKQ1.220201.001-2023-04-10-01-26-18.perfetto-trace|10035,1,135360,135360,0,1]
04-10 01:28:35.680 1995 1995 I sysui_multi_action: [757,126,758,1,759,126,927,1,928,1,1593,1]
04-10 01:28:35.680 1995 1995 I sysui_multi_action: [757,113,758,1,759,113,927,2,928,1,1593,1]
04-10 01:28:35.680 1002 1763 I sysui_multi_action: [757,128,758,1,793,261045,794,0,795,261045,796,55,798,4,806,android,857,DEVELOPER,858,2,947,0,1395,6,1500,260108,1688,1]
04-10 01:28:35.680 1995 1995 I sysui_multi_action: [757,0,758,1,759,0,927,3,928,0,1593,1]
04-10 01:28:35.680 1002 1763 I sysui_multi_action: [757,804,799,note_freshness,801,261045,802,1]
04-10 01:28:35.680 1002 1763 I notification_visibility: [-1|android|55|null|1000,1,261045,261045,0,4]
04-10 01:28:35.680 1002 1763 I sysui_multi_action: [757,128,758,1,793,265257,794,0,795,265257,796,32,798,5,806,android,857,USB,858,1,947,0,1395,6,1500,264442,1688,1]
04-10 01:28:35.680 1002 1763 I sysui_multi_action: [757,804,799,note_freshness,801,265257,802,1]
04-10 01:28:35.681 1002 1763 I notification_visibility: [-1|android|32|null|1000,1,265257,265257,0,5]
04-10 01:28:35.694 1002 1664 I input_focus: [Focus leaving 73b612c com.android.launcher3/com.android.launcher3.uioverrides.QuickstepLauncher (server),reason=setFocusedWindow]
04-10 01:28:35.694 1002 1664 I input_focus: [Focus entering 10ef944 NotificationShade (server),reason=setFocusedWindow]
04-10 01:28:35.719 1002 1664 D PowerManagerNotifier: onUserActivity: event=2, uid=1000
04-10 01:28:35.719 1002 1664 D DisplayPowerController[0]: requestPowerState: policy=BRIGHT, useProximitySensor=false, screenBrightnessOverride=NaN, useAutoBrightness=true, screenAutoBrightnessAdjustmentOverride=NaN, screenLowPowerBrightnessFactor=1.0, blockScreenOn=false, lowPowerMode=false, boostScreenBrightness=false, dozeScreenBrightness=NaN, dozeScreenState=UNKNOWN, waitForNegativeProximity=false
04-10 01:28:35.719 1002 1664 D PowerManagerNotifier: onScreenPolicyUpdate: newPolicy=3
04-10 01:28:36.123 3040 3973 W hpplay-java: [ServerTaskManager]:IPManager:getActiveNets invalid networkInfo:null
04-10 01:28:36.123 3040 3973 I hpplay-java: [ServerTaskManager]:IPManager:getActiveNets eth0:false wifi:false mobile:false ap:false
04-10 01:28:36.123 3040 3973 I hpplay-java: [ServerTaskManager]:ServerTaskManager:get local ip:null
04-10 01:28:36.274 649 662 I mpu_uart: [MSG-P:RECV]:No message received in 1000 ms
04-10 01:28:36.402 1002 1664 I input_interaction: Interaction with: 10ef944 NotificationShade (server), edge-swipe (server), swipe-up (server), PointerEventDispatcher0 (server),
04-10 01:28:36.404 1002 1664 D PowerManagerNotifier: onUserActivity: event=2, uid=1000
04-10 01:28:36.405 1002 1664 D DisplayPowerController[0]: requestPowerState: policy=BRIGHT, useProximitySensor=false, screenBrightnessOverride=NaN, useAutoBrightness=true, screenAutoBrightnessAdjustmentOverride=NaN, screenLowPowerBrightnessFactor=1.0, blockScreenOn=false, lowPowerMode=false, boostScreenBrightness=false, dozeScreenBrightness=NaN, dozeScreenState=UNKNOWN, waitForNegativeProximity=false
04-10 01:28:36.405 1002 1664 D PowerManagerNotifier: onScreenPolicyUpdate: newPolicy=3
04-10 01:28:36.441 1995 3033 W FrameTracker: Missed SF frame:66
04-10 01:28:36.441 1995 3033 W FrameTracker: Missed SF frame:66
04-10 01:28:36.441 1995 3033 W FrameTracker: Missed SF frame:66
04-10 01:28:36.442 1995 3033 W FrameTracker: Missed SF frame:66
04-10 01:28:36.442 1995 3033 W FrameTracker: Missed SF frame:66
04-10 01:28:36.442 1995 3033 W FrameTracker: Missed SF frame:66
04-10 01:28:36.442 1995 3033 W FrameTracker: Missed SF frame:66
04-10 01:28:36.442 1995 3033 W FrameTracker: Missed SF frame:66
04-10 01:28:36.442 1995 3033 W FrameTracker: Missed SF frame:66
04-10 01:28:36.443 1995 3033 W FrameTracker: Missed SF frame:66
04-10 01:28:36.443 1995 3033 W FrameTracker: Missed SF frame:66
04-10 01:28:36.443 1995 3033 W FrameTracker: Missed SF frame:66
04-10 01:28:36.443 1995 3033 W FrameTracker: Missed SF frame:66
04-10 01:28:36.443 1995 3033 W FrameTracker: Missed SF frame:66
04-10 01:28:36.444 1995 3033 V PerfettoTrigger: Not triggering com.android.telemetry.interaction-jank-monitor-0 - not enough time since last trigger
04-10 01:28:36.528 1002 1664 D PowerManagerNotifier: onUserActivity: event=2, uid=1000
04-10 01:28:36.529 1002 1664 D DisplayPowerController[0]: requestPowerState: policy=BRIGHT, useProximitySensor=false, screenBrightnessOverride=NaN, useAutoBrightness=true, screenAutoBrightnessAdjustmentOverride=NaN, screenLowPowerBrightnessFactor=1.0, blockScreenOn=false, lowPowerMode=false, boostScreenBrightness=false, dozeScreenBrightness=NaN, dozeScreenState=UNKNOWN, waitForNegativeProximity=false
04-10 01:28:36.529 1002 1664 D PowerManagerNotifier: onScreenPolicyUpdate: newPolicy=3
04-10 01:28:36.530 1002 1509 D WindowManager: interceptKeyBeforeQueueing: ---> event=KeyEvent { action=ACTION_DOWN, keyCode=KEYCODE_POWER, scanCode=0, metaState=0, flags=0x0, repeatCount=0, eventTime=311415, downTime=311415, deviceId=-1, source=0x0, displayId=0 } ---stack--- java.lang.Throwable
04-10 01:28:36.530 1002 1509 D WindowManager: at com.android.server.policy.PhoneWindowManager.interceptKeyBeforeQueueing(PhoneWindowManager.java:3422)
04-10 01:28:36.530 1002 1509 D WindowManager: at com.android.server.wm.InputManagerCallback.interceptKeyBeforeQueueing(InputManagerCallback.java:149)
04-10 01:28:36.530 1002 1509 D WindowManager: at com.android.server.input.InputManagerService.interceptKeyBeforeQueueing(InputManagerService.java:2827)
04-10 01:28:36.530 1002 1509 D WindowManager: at com.android.server.input.InputManagerService.nativeInjectInputEvent(Native Method)
04-10 01:28:36.530 1002 1509 D WindowManager: at com.android.server.input.InputManagerService.injectInputEventInternal(InputManagerService.java:874)
04-10 01:28:36.530 1002 1509 D WindowManager: at com.android.server.input.InputManagerService.injectInputEvent(InputManagerService.java:834)
04-10 01:28:36.530 1002 1509 D WindowManager: at android.hardware.input.IInputManager$Stub.onTransact(IInputManager.java:588)
04-10 01:28:36.530 1002 1509 D WindowManager: at android.os.Binder.execTransactInternal(Binder.java:1179)
04-10 01:28:36.530 1002 1509 D WindowManager: at android.os.Binder.execTransact(Binder.java:1143)
04-10 01:28:36.531 1002 1509 I intercept_power: [ACTION_DOWN,0,0]
04-10 01:28:36.531 1002 1509 D DisplayPowerController[0]: requestPowerState: policy=BRIGHT, useProximitySensor=false, screenBrightnessOverride=NaN, useAutoBrightness=true, screenAutoBrightnessAdjustmentOverride=NaN, screenLowPowerBrightnessFactor=1.0, blockScreenOn=false, lowPowerMode=false, boostScreenBrightness=false, dozeScreenBrightness=NaN, dozeScreenState=UNKNOWN, waitForNegativeProximity=false
04-10 01:28:36.531 1002 1509 D PowerManagerNotifier: onScreenPolicyUpdate: newPolicy=3
04-10 01:28:36.533 1002 1509 D PowerManagerNotifier: onWakeLockAcquired: flags=1, tag="PhoneWindowManager.mPowerKeyWakeLock", packageName=android, ownerUid=1000, ownerPid=1002, workSource=null
04-10 01:28:36.588 1002 1509 D WindowManager: interceptKeyBeforeQueueing: ---> event=KeyEvent { action=ACTION_UP, keyCode=KEYCODE_POWER, scanCode=0, metaState=0, flags=0x0, repeatCount=0, eventTime=311415, downTime=311472, deviceId=-1, source=0x0, displayId=0 } ---stack--- java.lang.Throwable
04-10 01:28:36.588 1002 1509 D WindowManager: at com.android.server.policy.PhoneWindowManager.interceptKeyBeforeQueueing(PhoneWindowManager.java:3422)
04-10 01:28:36.588 1002 1509 D WindowManager: at com.android.server.wm.InputManagerCallback.interceptKeyBeforeQueueing(InputManagerCallback.java:149)
04-10 01:28:36.588 1002 1509 D WindowManager: at com.android.server.input.InputManagerService.interceptKeyBeforeQueueing(InputManagerService.java:2827)
04-10 01:28:36.588 1002 1509 D WindowManager: at com.android.server.input.InputManagerService.nativeInjectInputEvent(Native Method)
04-10 01:28:36.588 1002 1509 D WindowManager: at com.android.server.input.InputManagerService.injectInputEventInternal(InputManagerService.java:874)
04-10 01:28:36.588 1002 1509 D WindowManager: at com.android.server.input.InputManagerService.injectInputEvent(InputManagerService.java:834)
04-10 01:28:36.588 1002 1509 D WindowManager: at android.hardware.input.IInputManager$Stub.onTransact(IInputManager.java:588)
04-10 01:28:36.588 1002 1509 D WindowManager: at android.os.Binder.execTransactInternal(Binder.java:1179)
04-10 01:28:36.588 1002 1509 D WindowManager: at android.os.Binder.execTransact(Binder.java:1143)
04-10 01:28:36.588 1002 1509 I intercept_power: [ACTION_UP,0,0]
04-10 01:28:36.588 1002 1002 D WindowManager: powerPress: eventTime=311472 interactive=true count=0 beganFromNonInteractive=false mShortPressOnPowerBehavior=1
04-10 01:28:36.588 1002 1509 D PowerManagerNotifier: onWakeLockReleased: flags=1, tag="PhoneWindowManager.mPowerKeyWakeLock", packageName=android, ownerUid=1000, ownerPid=1002, workSource=null
04-10 01:28:36.589 1002 1509 D DisplayPowerController[0]: requestPowerState: policy=BRIGHT, useProximitySensor=false, screenBrightnessOverride=NaN, useAutoBrightness=true, screenAutoBrightnessAdjustmentOverride=NaN, screenLowPowerBrightnessFactor=1.0, blockScreenOn=false, lowPowerMode=false, boostScreenBrightness=false, dozeScreenBrightness=NaN, dozeScreenState=UNKNOWN, waitForNegativeProximity=false
04-10 01:28:36.589 1002 1509 D PowerManagerNotifier: onScreenPolicyUpdate: newPolicy=3
04-10 01:28:36.591 1002 1002 I PowerManagerService: Powering off display group due to power_button (groupId= 0, uid= 1000)...
04-10 01:28:36.591 1002 1002 I PowerManagerService: Going to sleep due to power_button (uid 1000)...
04-10 01:28:36.595 1002 1002 D PowerManagerNotifier: onWakefulnessChangeStarted: wakefulness=3, reason=4, interactive=false
04-10 01:28:36.596 1002 1002 I power_sleep_requested: 0
04-10 01:28:36.596 1002 1002 D DisplayPowerController[0]: requestPowerState: policy=BRIGHT, useProximitySensor=false, screenBrightnessOverride=NaN, useAutoBrightness=true, screenAutoBrightnessAdjustmentOverride=NaN, screenLowPowerBrightnessFactor=1.0, blockScreenOn=false, lowPowerMode=false, boostScreenBrightness=false, dozeScreenBrightness=NaN, dozeScreenState=UNKNOWN, waitForNegativeProximity=false
04-10 01:28:36.597 1002 1002 D PowerManagerNotifier: onScreenPolicyUpdate: newPolicy=3
04-10 01:28:36.598 1002 1211 I PowerManagerService: Sleeping display group (groupId=0, uid=1000)...
04-10 01:28:36.598 1002 1211 I PowerManagerService: Sleeping (uid 1000)...
04-10 01:28:36.601 1002 1211 D PowerManagerNotifier: onWakefulnessChangeStarted: wakefulness=0, reason=2, interactive=false
04-10 01:28:36.601 1002 1211 D DisplayPowerController[0]: requestPowerState: policy=OFF, useProximitySensor=false, screenBrightnessOverride=NaN, useAutoBrightness=true, screenAutoBrightnessAdjustmentOverride=NaN, screenLowPowerBrightnessFactor=1.0, blockScreenOn=false, lowPowerMode=false, boostScreenBrightness=false, dozeScreenBrightness=NaN, dozeScreenState=UNKNOWN, waitForNegativeProximity=false
04-10 01:28:36.601 1002 1211 D PowerManagerNotifier: onScreenPolicyUpdate: newPolicy=0
04-10 01:28:36.602 1995 4419 D KeyguardViewMediator: onStartedGoingToSleep(2)
04-10 01:28:36.605 961 961 I SDM : HWCDisplay::GetColorModeCount: Supported color mode count = 1
04-10 01:28:36.606 961 961 I SDM : HWCDisplay::GetColorModes: Color mode = 0 is supported
04-10 01:28:36.606 1041 1216 E HWComposer: getSupportedContentTypes: getSupportedContentTypes failed for display 4630946816427681409: Unsupported (8)
04-10 01:28:36.607 1995 4419 D KeyguardViewMediator: notifyStartedGoingToSleep
04-10 01:28:36.613 1995 1995 V KeyguardUpdateMonitor: startListeningForFingerprint()
04-10 01:28:36.616 1995 1995 V KeyguardUpdateMonitor: startListeningForFingerprint()
04-10 01:28:36.616 1995 1995 D KeyguardViewMediator: handleNotifyStartedGoingToSleep
04-10 01:28:36.652 1002 1211 D DisplayPowerController[0]: Unfinished business...
04-10 01:28:36.652 1002 1211 I sysui_multi_action: [757,1696,758,6,759,0]
04-10 01:28:36.718 1002 1509 I sysui_multi_action: [757,128,758,2,793,266295,794,1038,795,266295,796,32,798,5,806,android,857,USB,858,1,947,0,1395,6,1500,265480,1688,1]
04-10 01:28:36.719 1002 1509 I notification_visibility: [-1|android|32|null|1000,0,266295,266295,0,5]
04-10 01:28:36.723 1002 1211 D DisplayPowerState: setColorFadeLevel: level=0.0
04-10 01:28:36.736 1002 1211 D DisplayPowerState: Requesting new screen state: state=ON, backlight=-1.0
04-10 01:28:36.736 1002 1211 D DisplayPowerState: Screen ready
04-10 01:28:36.736 1002 1951 D DisplayPowerState: Updating screen state: id=0, state=ON, backlight=-1.0, sdrBacklight=-1.0
04-10 01:28:36.736 1002 1211 I DisplayPowerController[0]: Blocking screen off
04-10 01:28:36.736 1002 1951 D LocalDisplayAdapter: setDisplayBrightness(id=4630946816427681409, brightnessState=-1.0, sdrBrightnessState=-1.0) ---start
04-10 01:28:36.737 1002 1951 E DisplayDeviceConfig: requesting nits when no mapping exists.
04-10 01:28:36.738 1002 1951 E DisplayDeviceConfig: requesting nits when no mapping exists.
04-10 01:28:36.738 1002 1181 I am_wtf : [0,1002,system_server,-1,DisplayDeviceConfig,requesting nits when no mapping exists.]
04-10 01:28:36.738 1002 1211 I DisplayPowerController[0]: Unblocked screen off after 2 ms
04-10 01:28:36.741 1002 1211 D DisplayPowerState: setScreenState: state=1
04-10 01:28:36.742 1002 1211 D ActivityTaskManager: Top Process State changed to PROCESS_STATE_TOP_SLEEPING
04-10 01:28:36.742 1002 1211 D DisplayPowerController[0]: requestPowerState: policy=OFF, useProximitySensor=false, screenBrightnessOverride=NaN, useAutoBrightness=true, screenAutoBrightnessAdjustmentOverride=NaN, screenLowPowerBrightnessFactor=1.0, blockScreenOn=false, lowPowerMode=false, boostScreenBrightness=false, dozeScreenBrightness=NaN, dozeScreenState=UNKNOWN, waitForNegativeProximity=false
04-10 01:28:36.742 1002 1211 D PowerManagerNotifier: onScreenPolicyUpdate: newPolicy=0
04-10 01:28:36.743 1002 1181 I am_wtf : [0,1002,system_server,-1,DisplayDeviceConfig,requesting nits when no mapping exists.]
04-10 01:28:36.744 1002 1211 D PowerManagerNotifier: onWakeLockAcquired: flags=1, tag="ActivityManager-Sleep", packageName=android, ownerUid=1000, ownerPid=1002, workSource=null
04-10 01:28:36.745 1002 1211 D ActivityTrigger: ActivityTrigger activityPauseTrigger
04-10 01:28:36.746 1002 1211 I wm_pause_activity: [0,247139416,com.android.launcher3/.uioverrides.QuickstepLauncher,userLeaving=false,sleep]
04-10 01:28:36.747 2707 2707 I wm_on_top_resumed_lost_called: [247139416,com.android.launcher3.uioverrides.QuickstepLauncher,topStateChangedWhenResumed]
04-10 01:28:36.748 1002 1211 D DisplayPowerController[0]: Animating brightness: target=0.0, sdrTarget=0.0, rate=0.0
04-10 01:28:36.748 1002 1211 D DisplayPowerState: setScreenBrightness: brightness=0.0
04-10 01:28:36.749 1002 1211 D DisplayPowerState: setSdrScreenBrightness: brightness=0.0
04-10 01:28:36.749 1995 4419 D KeyguardViewMediator: notifyScreenTurnedOff
04-10 01:28:36.749 2707 2707 I wm_on_paused_called: [247139416,com.android.launcher3.uioverrides.QuickstepLauncher,performPause]
04-10 01:28:36.751 1002 1763 I wm_add_to_stopping: [0,247139416,com.android.launcher3/.uioverrides.QuickstepLauncher,completePauseLocked]
04-10 01:28:36.752 1002 1211 V DisplayPowerController[0]: Brightness [0.0] reason changing to: 'screen_off', previous reason: 'manual'.
04-10 01:28:36.753 1002 1211 D DisplayPowerState: Requesting new screen state: state=OFF, backlight=-1.0
04-10 01:28:36.753 1002 1211 D DisplayPowerState: Screen not ready
04-10 01:28:36.754 1002 1763 D PowerManagerNotifier: onWakeLockReleased: flags=1, tag="ActivityManager-Sleep", packageName=android, ownerUid=1000, ownerPid=1002, workSource=null
04-10 01:28:36.755 1002 1763 D DisplayPowerController[0]: requestPowerState: policy=OFF, useProximitySensor=false, screenBrightnessOverride=NaN, useAutoBrightness=true, screenAutoBrightnessAdjustmentOverride=NaN, screenLowPowerBrightnessFactor=1.0, blockScreenOn=false, lowPowerMode=false, boostScreenBrightness=false, dozeScreenBrightness=NaN, dozeScreenState=UNKNOWN, waitForNegativeProximity=false
04-10 01:28:36.755 1002 1763 D PowerManagerNotifier: onScreenPolicyUpdate: newPolicy=0
04-10 01:28:36.760 1002 1951 D LocalDisplayAdapter: setDisplayBrightness(id=4630946816427681409, brightnessState=-1.0, sdrBrightnessState=-1.0) ---end
04-10 01:28:36.761 1995 1995 D KeyguardViewMediator: handleNotifyScreenTurnedOff
04-10 01:28:36.761 1002 1951 D DisplayPowerState: Updating screen state: id=0, state=OFF, backlight=-1.0, sdrBacklight=-1.0
04-10 01:28:36.761 1002 1951 D LocalDisplayAdapter: setDisplayState(id=4630946816427681409, state=OFF) ---start
04-10 01:28:36.766 1002 1161 I wm_stop_activity: [0,247139416,com.android.launcher3/.uioverrides.QuickstepLauncher]
04-10 01:28:36.767 1002 1161 I sysui_multi_action: [757,803,799,window_time_0,802,2]
04-10 01:28:36.767 1002 1161 I DisplayDeviceRepository: Display device changed state: "内置屏幕", OFF
04-10 01:28:36.769 1002 1161 I InputManager-JNI: Viewport [0] to add: local:4630946816427681409, isActive: false
04-10 01:28:36.769 1002 1193 E KernelCpuSpeedReader: Failed to read cpu-freq: /sys/devices/system/cpu/cpu4/cpufreq/stats/time_in_state: open failed: ENOENT (No such file or directory)
04-10 01:28:36.770 1002 1193 E KernelCpuSpeedReader: Failed to read cpu-freq: /sys/devices/system/cpu/cpu0/cpufreq/stats/time_in_state: open failed: ENOENT (No such file or directory)
04-10 01:28:36.770 1002 1665 I InputReader: Reconfiguring input devices, changes=DISPLAY_INFO |
04-10 01:28:36.770 1002 1665 I InputReader: Disabling qbt_key_input (device 4) because the associated viewport is not active
04-10 01:28:36.770 1002 1665 I InputReader: Disabling qbt_key_input (device 4) because the associated viewport is not active
04-10 01:28:36.770 1002 1665 I InputReader: Disabling Atmel maXTouch Touchscreen (device 3) because the associated viewport is not active
04-10 01:28:36.772 1993 2639 I BtGatt.ScanManager: msg.what = 8
04-10 01:28:36.773 1993 2639 I BtGatt.ScanManager: msg.what = 4
04-10 01:28:36.774 2311 2512 E QmiAgentHwInterface: Failed to sendRequest: android.os.RemoteException: sendRequest failed with status: 2
04-10 01:28:36.774 1002 1193 E system_server: Cannot read thread CPU times for PID 1002
04-10 01:28:36.775 1002 1190 I dvm_lock_sample: [system_server,0,batterystats-handler,31,BatteryStatsService.java,984,void com.android.server.am.BatteryStatsService.lambda$noteStartWakelock$22$BatteryStatsService(int, int, java.lang.String, java.lang.String, int, boolean, long, long),BatteryExternalStatsWorker.java,477,void com.android.server.am.BatteryExternalStatsWorker$1.run(),6]
04-10 01:28:36.778 1041 1041 D SurfaceFlinger: Setting power mode 0 on display 4630946816427681409
04-10 01:28:36.782 961 961 I SDM : DisplayBase::SetDisplayState: Set state = 0, display 29-0, teardown = 0
04-10 01:28:36.783 1995 1995 I sysui_multi_action: [757,111,758,2]
04-10 01:28:36.783 1995 1995 I sysui_multi_action: [757,111,758,2]
04-10 01:28:36.784 2707 2707 D StateManager: goToState: Normal
04-10 01:28:36.785 2707 2707 I wm_on_stop_called: [247139416,com.android.launcher3.uioverrides.QuickstepLauncher,STOP_ACTIVITY_ITEM]
04-10 01:28:36.788 1995 1995 D StatusBar: updateQsExpansionEnabled - QS Expand enabled: true
01-06 09:03:50.754 0 0 I : [MAX975X:max96755x_drm_notifier_callback] *INFO* receives EARLY_BLANK:POWERDOWN
01-06 09:03:50.755 0 0 I atmel_mxt_ts 0-004a: FB event:2,blank:1
01-06 09:03:50.755 0 0 I atmel_mxt_ts 0-004a: drm_notifier_callback: POWERDOWN! Suspend by drm notifier.
04-10 01:28:36.809 1002 1509 I sysui_multi_action: [757,128,758,2,793,43146,794,1132,795,42800,796,1,798,2,806,com.android.traceur,857,trace-is-being-recorded,858,4,947,0,1395,6,1500,42800,1688,1]
04-10 01:28:36.810 1002 1509 I notification_visibility: [0|com.android.traceur|1|null|10035,0,43146,42800,0,2]
04-10 01:28:36.810 1002 1509 I sysui_multi_action: [757,128,758,2,793,262339,794,1131,795,262339,796,26,798,0,806,android,857,DEVELOPER_IMPORTANT,858,4,947,0,1395,6,1500,261747,1688,1]
04-10 01:28:36.810 1002 1509 I notification_visibility: [-1|android|26|null|1000,0,262339,262339,0,0]
04-10 01:28:36.811 1002 1509 I sysui_multi_action: [757,128,758,2,793,261253,794,1132,795,261253,796,17303299,797,com.android.wifi,798,3,806,android,857,NETWORK_AVAILABLE,858,2,947,0,1395,6,1500,261036,1688,1]
04-10 01:28:36.811 1002 1509 I notification_visibility: [0|android|17303299|com.android.wifi|1000,0,261253,261253,0,3]
04-10 01:28:36.811 1995 1995 D StatusBar: disable disable2
04-10 01:28:36.811 1002 1509 I sysui_multi_action: [757,128,758,2,793,136491,794,1131,795,136491,796,0,797,trace-kona-SKQ1.220201.001-2023-04-10-01-26-18.perfetto-trace,798,1,806,com.android.traceur,857,system-tracing,858,4,947,0,1395,6,1500,136284,1688,1]
04-10 01:28:36.812 1002 1509 I notification_visibility: [0|com.android.traceur|0|trace-kona-SKQ1.220201.001-2023-04-10-01-26-18.perfetto-trace|10035,0,136491,136491,0,1]
04-10 01:28:36.812 1002 1509 I sysui_multi_action: [757,128,758,2,793,262177,794,1132,795,262177,796,55,798,4,806,android,857,DEVELOPER,858,2,947,0,1395,6,1500,261240,1688,1]
04-10 01:28:36.812 1002 1509 I notification_visibility: [-1|android|55|null|1000,0,262177,262177,0,4]
04-10 01:28:36.812 1002 1763 I sysui_multi_action: [757,127,758,2]
04-10 01:28:36.813 1002 1763 I notification_panel_hidden:
01-06 09:03:50.772 0 0 I : [MAX975X:max96755x_drm_notifier_callback] *INFO* receives BLANK:POWERDOWN
01-06 09:03:50.772 0 0 I atmel_mxt_ts 0-004a: FB event:1,blank:1
01-06 09:03:50.772 0 0 I atmel_mxt_ts 0-004a: resume: event = 1 blank = 1, not care
04-10 01:28:36.828 1041 1041 D SurfaceFlinger: Finished setting power mode 0 on display 4630946816427681409
04-10 01:28:36.829 1002 1951 D LocalDisplayAdapter: setDisplayState(id=4630946816427681409, state=OFF) ---end
04-10 01:28:36.831 943 943 I QTI PowerHAL: Power setMode: 7 to: 0
04-10 01:28:36.831 1002 1211 D DisplayPowerState: Screen ready
04-10 01:28:36.832 1002 1211 D DisplayPowerController[0]: Display ready!
04-10 01:28:36.832 1002 1211 D DisplayPowerController[0]: Finished business...
04-10 01:28:36.832 1002 1211 D DisplayPowerController[0]: requestPowerState: policy=OFF, useProximitySensor=false, screenBrightnessOverride=NaN, useAutoBrightness=true, screenAutoBrightnessAdjustmentOverride=NaN, screenLowPowerBrightnessFactor=1.0, blockScreenOn=false, lowPowerMode=false, boostScreenBrightness=false, dozeScreenBrightness=NaN, dozeScreenState=UNKNOWN, waitForNegativeProximity=false
04-10 01:28:36.832 1002 1211 D PowerManagerNotifier: onScreenPolicyUpdate: newPolicy=0
04-10 01:28:36.832 1002 1211 D PowerManagerNotifier: onWakefulnessChangeFinished
04-10 01:28:36.833 943 943 I QTI PowerHAL: Got set_interactive hint
04-10 01:28:36.833 1002 1002 I sysui_multi_action: [757,198,758,2,759,2,1359,246,1695,4]
04-10 01:28:36.833 1002 1002 I power_screen_state: [0,2,0,0,246]
04-10 01:28:36.834 1002 1002 I screen_toggled: 0
04-10 01:28:36.834 1002 1002 I sysui_multi_action: [757,804,799,screen_timeout,801,60,802,1]
04-10 01:28:36.835 1002 1002 I sysui_multi_action: [757,1594,758,4,759,-2147483648,1359,2127]
04-10 01:28:36.835 1995 4457 D KeyguardViewMediator: onFinishedGoingToSleep(2)
04-10 01:28:36.835 1995 4457 D KeyguardViewMediator: notifyFinishedGoingToSleep
04-10 01:28:36.835 1002 1002 I power_screen_broadcast_send: 1
04-10 01:28:36.836 1002 1002 D PowerManagerNotifier: Sending go to sleep broadcast.
04-10 01:28:36.837 972 4812 E ANDR-PERF-LM: Core: detectAndRunIdle() 174: Not able to open /sys/class/power_supply/battery/status, Error: No such file or directory
04-10 01:28:36.844 816 1783 D audio_hw_primary: adev_set_parameters: enter: screen_state=off
04-10 01:28:36.844 816 1783 D audio_hw_hfp: hfp_set_parameters: enter
04-10 01:28:36.844 816 1783 D sound_trigger_hw: handle_screen_status_change: screen off
04-10 01:28:36.844 816 1783 D audio_hw_extn: audio_extn_fm_set_parameters: Enter
04-10 01:28:36.845 1002 1664 I input_focus: [Focus leaving 10ef944 NotificationShade (server),reason=NOT_FOCUSABLE]
01-06 09:03:50.795 0 0 I ALERT : changing window size from 16000000 to 20000000 at 311732076910
04-10 01:28:36.848 1002 1002 I battery_saving_stats: [0,1,0,2199,0,0,245092,0,0]
04-10 01:28:36.858 1002 3323 W FreeFormWindowHelper: Current Display FreeFormTask is null
04-10 01:28:36.860 2707 2707 D StateManager: goToState: Normal
04-10 01:28:36.865 3068 3068 D SYS_EVENT: send event 8 notification to client
04-10 01:28:36.871 3040 3040 I hpplay-java: [main]:IPManager:updateAPState time : 2 isAPOpen :false
04-10 01:28:36.871 3040 3040 I hpplay-java: [main]:NetworkReceiver:onReceive action: android.intent.action.SCREEN_OFF
04-10 01:28:36.872 3040 3040 I hpplay-java: [main]:NetworkReceiver:processReceive time : 3
04-10 01:28:36.876 3066 3066 D PASRDozeReceiver: Received Intent Intent { act=android.intent.action.SCREEN_OFF flg=0x50200010 }
04-10 01:28:36.879 3066 3066 D PASRDozeReceiver: Sent intent Successfully
04-10 01:28:36.880 1002 1002 I power_screen_broadcast_done: [0,44,1]
04-10 01:28:36.880 3066 3066 D PASRService: PASRService started
04-10 01:28:36.880 3066 3066 D PASRService: OnStart, Intent: android.intent.action.SCREEN_OFF
04-10 01:28:36.880 3066 3066 D PASRService: Screen Off
04-10 01:28:36.883 1995 1995 D KeyguardViewMediator: handleNotifyFinishedGoingToSleep
04-10 01:28:36.885 1995 1995 V KeyguardUpdateMonitor: startListeningForFingerprint()
04-10 01:28:36.897 1995 1995 D StatusBar: updateQsExpansionEnabled - QS Expand enabled: true
04-10 01:28:36.901 1041 2858 I BpBinder: onLastStrongRef automatically unlinking death recipients:
01-06 09:03:50.840 0 0 E DTC_ETH,link_delay_work_func: 3003, SQI=0, link=0
04-10 01:28:37.128 3040 3973 W hpplay-java: [ServerTaskManager]:IPManager:getActiveNets invalid networkInfo:null
04-10 01:28:37.128 3040 3973 I hpplay-java: [ServerTaskManager]:IPManager:getActiveNets eth0:false wifi:false mobile:false ap:false
04-10 01:28:37.129 3040 3973 I hpplay-java: [ServerTaskManager]:ServerTaskManager:get local ip:null
04-10 01:28:37.275 649 662 I mpu_uart: [MSG-P:RECV]:No message received in 1000 ms
04-10 01:28:37.329 649 661 I mpu_uart: [MSG-P:R]:recv sync frame timeout
04-10 01:28:37.683 3040 3998 I hpplay-java: [NetworkReceiver]:IM_PublicCastClient:disconnect
04-10 01:28:37.684 3040 3998 I hpplay-java: [NetworkReceiver]:IM_IMEntrance:disconnect
04-10 01:28:37.684 3040 3998 W hpplay-java: [NetworkReceiver]:IM_PublicCastClient:reconnect ignore com.hpplay.sdk.sink.cloud.PublicCastClient@5543886
04-10 01:28:37.697 3040 4659 W hpplay-java: [AsyncTask #59]:MagicalCacheFile:serverDir is not exits
04-10 01:28:37.697 3040 4659 I hpplay-java: [AsyncTask #59]:Session:no cached regTime
04-10 01:28:37.702 3040 4659 I hpplay-java: [AsyncTask #59]:AuthSDK:authSDK connectTimeout = 6000
04-10 01:28:37.705 3040 4651 I hpplay-java: [AsyncTask #55]:HttpRequest:http://sdkauth.hpplay.cn/Author/TVAuthor/?uid=-6190987048206693284&appid=21409&prot_ver=4.1&version=60055-27705 path post
04-10 01:28:37.713 673 4814 D resolv : GetAddrInfoHandler::run: {0 262144 0 983040 10091 0}
04-10 01:28:37.713 673 4814 D resolv : resolv_getaddrinfo: explore_fqdn(): ai_family=0 ai_socktype=1 ai_protocol=6
04-10 01:28:37.724 3040 4651 I hpplay-java: [AsyncTask #55]:AsyncManager:nextDomain next2: https://sdkauth.lebo.com.cn:82/Author/TVAuthor/?uid=-6190987048206693284&appid=21409&prot_ver=4.1&version=60055-27705
04-10 01:28:37.725 3040 4651 W hpplay-java: [AsyncTask #55]:HttpRequest:
04-10 01:28:37.725 3040 4651 I hpplay-java: [AsyncTask #55]:HttpRequest:https://sdkauth.lebo.com.cn:82/Author/TVAuthor/?uid=-6190987048206693284&appid=21409&prot_ver=4.1&version=60055-27705 path post
04-10 01:28:37.729 673 4815 D resolv : GetAddrInfoHandler::run: {0 262144 0 983040 10091 0}
04-10 01:28:37.730 673 4815 D resolv : resolv_getaddrinfo: explore_fqdn(): ai_family=0 ai_socktype=1 ai_protocol=6
04-10 01:28:37.735 3040 4651 I hpplay-java: [AsyncTask #55]:AsyncManager:nextDomain next3: http://120.25.130.190:80/Author/TVAuthor/?uid=-6190987048206693284&appid=21409&prot_ver=4.1&version=60055-27705
04-10 01:28:37.736 3040 4651 W hpplay-java: [AsyncTask #55]:HttpRequest:
04-10 01:28:37.736 3040 4651 I hpplay-java: [AsyncTask #55]:HttpRequest:http://120.25.130.190:80/Author/TVAuthor/?uid=-6190987048206693284&appid=21409&prot_ver=4.1&version=60055-27705 path post
04-10 01:28:37.749 3040 4651 W hpplay-java: [AsyncTask #55]:HttpRequest:java.net.ConnectException: Failed to connect to /120.25.130.190:80
04-10 01:28:37.749 3040 4651 W hpplay-java: at com.android.okhttp.internal.io.RealConnection.connectSocket(RealConnection.java:147)
04-10 01:28:37.749 3040 4651 W hpplay-java: at com.android.okhttp.internal.io.RealConnection.connect(RealConnection.java:116)
04-10 01:28:37.749 3040 4651 W hpplay-java: at com.android.okhttp.internal.http.StreamAllocation.findConnection(StreamAllocation.java:186)
04-10 01:28:37.749 3040 4651 W hpplay-java: at com.android.okhttp.internal.http.StreamAllocation.findHealthyConnection(StreamAllocation.java:128)
04-10 01:28:37.749 3040 4651 W hpplay-java: at com.android.okhttp.internal.http.StreamAllocation.newStream(StreamAllocation.java:97)
04-10 01:28:37.749 3040 4651 W hpplay-java: at com.android.okhttp.internal.http.HttpEngine.connect(HttpEngine.java:289)
04-10 01:28:37.749 3040 4651 W hpplay-java: at com.android.okhttp.internal.http.HttpEngine.sendRequest(HttpEngine.java:232)
04-10 01:28:37.749 3040 4651 W hpplay-java: at com.android.okhttp.internal.huc.HttpURLConnectionImpl.execute(HttpURLConnectionImpl.java:465)
04-10 01:28:37.749 3040 4651 W hpplay-java: at com.android.okhttp.internal.huc.HttpURLConnectionImpl.connect(HttpURLConnectionImpl.java:131)
04-10 01:28:37.749 3040 4651 W hpplay-java: at com.hpplay.common.asyncmanager.HttpRequest.doPost(SourceFile:17)
04-10 01:28:37.749 3040 4651 W hpplay-java: at com.hpplay.common.asyncmanager.AsyncHttpJob.doInBackground(SourceFile:4)
04-10 01:28:37.749 3040 4651 W hpplay-java: at android.os.AsyncTask$3.call(AsyncTask.java:394)
04-10 01:28:37.749 3040 4651 W hpplay-java: at java.util.concurrent.FutureTask.run(FutureTask.java:266)
04-10 01:28:37.749 3040 4651 W hpplay-java: at java.util.concurrent.ThreadPoolExecutor.runWorker(ThreadPoolExecutor.java:1167)
04-10 01:28:37.749 3040 4651 W hpplay-java: at java.util.concurrent.ThreadPoolExecutor$Worker.run(ThreadPoolExecutor.java:641)
04-10 01:28:37.749 3040 4651 W hpplay-java: at java.lang.Thread.run(Thread.java:920)
04-10 01:28:37.750 3040 4654 I hpplay-java: [AsyncTask #56]:AuthSDK:authSDK auth failed
04-10 01:28:37.750 3040 4654 I hpplay : [AsyncTask #56]:LelinkHelper:onAuthSDK status: 3
04-10 01:28:37.750 3040 4654 I hpplay-java: [AsyncTask #56]:VipAuthSDK:vipAuth
04-10 01:28:37.751 3040 3040 D hpplay : [main]:LelinkHelper:认证成功
04-10 01:28:37.752 3040 4654 I hpplay-java: [AsyncTask #56]:EnterpriseAuthManager:getNewCompanyAuthSavePath
04-10 01:28:37.752 3040 4654 I hpplay-java: [AsyncTask #56]:EnterpriseAuthManager:getNewCompanyAuthSavePath,get app cache path
04-10 01:28:37.756 3040 4672 I hpplay-java: [AsyncTask #61]:HttpRequest:https://vipauth.hpplay.cn/VipAuth path post
04-10 01:28:37.756 3040 4654 I hpplay-java: [AsyncTask #56]:AuthSDK:checkHandler
04-10 01:28:37.757 3040 4674 W hpplay-java: [AsyncTask #63]:CreateUtils:notifyQRReady server not start,ignore
04-10 01:28:37.757 3040 4674 W hpplay-java: [AsyncTask #63]:CreateUtils:isServerStartAndAuth token is null
04-10 01:28:37.757 3040 4674 W hpplay-java: [AsyncTask #63]:CreateUtils:isServerStartAndAuth token is null
04-10 01:28:37.757 3040 4674 I hpplay-java: [AsyncTask #63]:ServerBusiness:createPinCode ignore
04-10 01:28:37.757 3040 4654 I hpplay-java: [AsyncTask #56]:IMTask:getIMRoot
04-10 01:28:37.766 3040 4654 I hpplay-java: [AsyncTask #56]:AuthTask:release
04-10 01:28:37.767 673 4817 D resolv : GetAddrInfoHandler::run: {0 262144 0 983040 10091 0}
04-10 01:28:37.767 673 4817 D resolv : resolv_getaddrinfo: explore_fqdn(): ai_family=0 ai_socktype=1 ai_protocol=6
04-10 01:28:37.768 1002 1665 D WindowManager: interceptKeyBeforeQueueing: ---> event=KeyEvent { action=ACTION_DOWN, keyCode=KEYCODE_POWER, scanCode=116, metaState=0, flags=0x8, repeatCount=0, eventTime=312653, downTime=312653, deviceId=3, source=0x101, displayId=-1 } ---stack--- java.lang.Throwable
04-10 01:28:37.768 1002 1665 D WindowManager: at com.android.server.policy.PhoneWindowManager.interceptKeyBeforeQueueing(PhoneWindowManager.java:3422)
04-10 01:28:37.768 1002 1665 D WindowManager: at com.android.server.wm.InputManagerCallback.interceptKeyBeforeQueueing(InputManagerCallback.java:149)
04-10 01:28:37.768 1002 1665 D WindowManager: at com.android.server.input.InputManagerService.interceptKeyBeforeQueueing(InputManagerService.java:2827)
04-10 01:28:37.768 1002 1665 I intercept_power: [ACTION_DOWN,0,0]
04-10 01:28:37.768 1002 1665 D DisplayPowerController[0]: requestPowerState: policy=OFF, useProximitySensor=false, screenBrightnessOverride=NaN, useAutoBrightness=true, screenAutoBrightnessAdjustmentOverride=NaN, screenLowPowerBrightnessFactor=1.0, blockScreenOn=false, lowPowerMode=false, boostScreenBrightness=false, dozeScreenBrightness=NaN, dozeScreenState=UNKNOWN, waitForNegativeProximity=false
04-10 01:28:37.768 1002 1665 D PowerManagerNotifier: onScreenPolicyUpdate: newPolicy=0
04-10 01:28:37.769 673 4816 D resolv : GetAddrInfoHandler::run: {0 262144 0 983040 10091 0}
04-10 01:28:37.769 3040 4654 I hpplay-java: [AsyncTask #56]:LBHandler:create name: AuthTask looper:Looper (AuthTask, tid 133) {48c8776}
04-10 01:28:37.770 673 4816 D resolv : resolv_getaddrinfo: explore_fqdn(): ai_family=0 ai_socktype=1 ai_protocol=6
04-10 01:28:37.770 3040 4654 I hpplay-java: [AsyncTask #56]:AuthTask:reAuth 600000
04-10 01:28:37.770 1002 1665 D PowerManagerNotifier: onWakeLockAcquired: flags=1, tag="PhoneWindowManager.mPowerKeyWakeLock", packageName=android, ownerUid=1000, ownerPid=1002, workSource=null
04-10 01:28:37.770 3040 4654 I hpplay-java: [AsyncTask #56]:AuthSDK:controlStartServer
04-10 01:28:37.770 3040 4654 I hpplay-java: [AsyncTask #56]:ServiceUpdater:upLoadDeviceInfo url = http://gslb.hpplay.cn/lebo-flux-sdk/sdk/info/upload
04-10 01:28:37.771 1002 1665 I PowerManagerService: Powering on display group fromAsleep (groupId=0, uid=1000, reason=WAKE_REASON_POWER_BUTTON, details=android.policy:POWER)...
04-10 01:28:37.771 1002 1665 I PowerManagerService: Waking up from Asleep (uid=1000, reason=WAKE_REASON_POWER_BUTTON, details=android.policy:POWER)...
04-10 01:28:37.772 1002 1665 D PowerManagerNotifier: onWakefulnessChangeStarted: wakefulness=1, reason=1, interactive=true
04-10 01:28:37.773 1002 1665 D PowerManagerNotifier: onWakeUp: reason=WAKE_REASON_POWER_BUTTON, details=android.policy:POWER, reasonUid=1000 opPackageName=android opUid=1000
04-10 01:28:37.773 673 4819 D resolv : GetAddrInfoHandler::run: {0 262144 0 983040 10091 0}
04-10 01:28:37.774 673 4819 D resolv : resolv_getaddrinfo: explore_fqdn(): ai_family=0 ai_socktype=1 ai_protocol=6
04-10 01:28:37.774 1002 1665 D PowerManagerNotifier: onUserActivity: event=0, uid=1000
04-10 01:28:37.774 1002 1665 D DisplayPowerController[0]: requestPowerState: policy=BRIGHT, useProximitySensor=false, screenBrightnessOverride=NaN, useAutoBrightness=true, screenAutoBrightnessAdjustmentOverride=NaN, screenLowPowerBrightnessFactor=1.0, blockScreenOn=false, lowPowerMode=false, boostScreenBrightness=false, dozeScreenBrightness=NaN, dozeScreenState=UNKNOWN, waitForNegativeProximity=false
04-10 01:28:37.774 1002 1665 D PowerManagerNotifier: onScreenPolicyUpdate: newPolicy=3
04-10 01:28:37.775 3040 4555 W hpplay-java: [AsyncTask #36]:HttpRequest:
04-10 01:28:37.776 3040 4672 W hpplay-java: [AsyncTask #61]:HttpRequest:
04-10 01:28:37.776 3040 4672 I hpplay-java: [AsyncTask #61]:HttpRequest:https://vipauth.hpplay.cn/VipAuth path post
04-10 01:28:37.776 1002 1665 D WindowManager: interceptKeyBeforeQueueing: ---> event=KeyEvent { action=ACTION_UP, keyCode=KEYCODE_POWER, scanCode=116, metaState=0, flags=0x8, repeatCount=0, eventTime=312653, downTime=312653, deviceId=3, source=0x101, displayId=-1 } ---stack--- java.lang.Throwable
04-10 01:28:37.776 1002 1665 D WindowManager: at com.android.server.policy.PhoneWindowManager.interceptKeyBeforeQueueing(PhoneWindowManager.java:3422)
04-10 01:28:37.776 1002 1665 D WindowManager: at com.android.server.wm.InputManagerCallback.interceptKeyBeforeQueueing(InputManagerCallback.java:149)
04-10 01:28:37.776 1002 1665 D WindowManager: at com.android.server.input.InputManagerService.interceptKeyBeforeQueueing(InputManagerService.java:2827)
04-10 01:28:37.776 1002 1665 I intercept_power: [ACTION_UP,0,0]
04-10 01:28:37.776 1002 1665 D PowerManagerNotifier: onWakeLockReleased: flags=1, tag="PhoneWindowManager.mPowerKeyWakeLock", packageName=android, ownerUid=1000, ownerPid=1002, workSource=null
04-10 01:28:37.777 1002 1665 D DisplayPowerController[0]: requestPowerState: policy=BRIGHT, useProximitySensor=false, screenBrightnessOverride=NaN, useAutoBrightness=true, screenAutoBrightnessAdjustmentOverride=NaN, screenLowPowerBrightnessFactor=1.0, blockScreenOn=false, lowPowerMode=false, boostScreenBrightness=false, dozeScreenBrightness=NaN, dozeScreenState=UNKNOWN, waitForNegativeProximity=false
04-10 01:28:37.777 1002 1665 D PowerManagerNotifier: onScreenPolicyUpdate: newPolicy=3
04-10 01:28:37.777 3040 4672 W hpplay-java: [AsyncTask #61]:HttpRequest:
04-10 01:28:37.778 3040 4672 I hpplay-java: [AsyncTask #61]:HttpRequest:https://vipauth.hpplay.cn/VipAuth path post
04-10 01:28:37.779 1002 1211 D DisplayPowerState: setScreenState: state=2
04-10 01:28:37.779 3040 4672 W hpplay-java: [AsyncTask #61]:HttpRequest:
04-10 01:28:37.779 1002 1211 I DisplayPowerController[0]: Blocking screen on until initial contents have been drawn.
04-10 01:28:37.780 3040 4612 W hpplay-java: [AsyncTask #39]:HttpRequest:
04-10 01:28:37.780 1002 1211 D ActivityTaskManager: Top Process State changed to PROCESS_STATE_TOP
04-10 01:28:37.781 1002 1002 I screen_toggled: 1
04-10 01:28:37.782 673 4821 D resolv : GetAddrInfoHandler::run: {0 262144 0 983040 10091 0}
04-10 01:28:37.782 673 4821 D resolv : resolv_getaddrinfo: explore_fqdn(): ai_family=0 ai_socktype=1 ai_protocol=6
04-10 01:28:37.780 3040 4555 W hpplay-java: [AsyncTask #36]:HttpRequest:
04-10 01:28:37.783 3040 4612 W hpplay-java: [AsyncTask #39]:HttpRequest:
04-10 01:28:37.784 3040 4612 W hpplay-java: [AsyncTask #39]:HttpRequest:
04-10 01:28:37.785 3040 4501 W hpplay-java: [AsyncTask #35]:HttpRequest:
04-10 01:28:37.786 3040 4501 W hpplay-java: [AsyncTask #35]:HttpRequest:
04-10 01:28:37.787 3040 4501 W hpplay-java: [AsyncTask #35]:HttpRequest:
04-10 01:28:37.790 3040 4654 I hpplay-java: [AsyncTask #56]:BusinessConfig:requestConfig
04-10 01:28:37.790 3040 4610 I hpplay-java: [AsyncTask #37]:HttpRequest:http://gslb.hpplay.cn/lebo-flux-sdk/sdk/info/upload path post
04-10 01:28:37.792 3040 4555 W hpplay-java: [AsyncTask #36]:HttpRequest:
04-10 01:28:37.793 3040 3040 E hpplay-java: [main]:IMTask:getIMRoot failed
04-10 01:28:37.794 1002 1193 E KernelCpuSpeedReader: Failed to read cpu-freq: /sys/devices/system/cpu/cpu4/cpufreq/stats/time_in_state: open failed: ENOENT (No such file or directory)
04-10 01:28:37.795 1002 1193 E KernelCpuSpeedReader: Failed to read cpu-freq: /sys/devices/system/cpu/cpu0/cpufreq/stats/time_in_state: open failed: ENOENT (No such file or directory)
04-10 01:28:37.795 673 4822 D resolv : GetAddrInfoHandler::run: {0 262144 0 983040 10091 0}
04-10 01:28:37.795 1002 1193 E system_server: Cannot read thread CPU times for PID 1002
04-10 01:28:37.795 673 4822 D resolv : resolv_getaddrinfo: explore_fqdn(): ai_family=0 ai_socktype=1 ai_protocol=6
04-10 01:28:37.795 1002 1211 I wm_set_resumed_activity: [0,com.android.launcher3/.uioverrides.QuickstepLauncher,resumeTopActivityInnerLocked]
04-10 01:28:37.795 3040 4610 W hpplay-java: [AsyncTask #37]:HttpRequest:
04-10 01:28:37.795 3040 4610 I hpplay-java: [AsyncTask #37]:HttpRequest:http://gslb.hpplay.cn/lebo-flux-sdk/sdk/info/upload path post
04-10 01:28:37.796 3040 4610 W hpplay-java: [AsyncTask #37]:HttpRequest:
04-10 01:28:37.796 3040 4610 I hpplay-java: [AsyncTask #37]:HttpRequest:http://gslb.hpplay.cn/lebo-flux-sdk/sdk/info/upload path post
04-10 01:28:37.797 3040 4555 W hpplay-java: [AsyncTask #36]:HttpRequest:
04-10 01:28:37.797 1002 1211 I wm_resume_activity: [0,247139416,12,com.android.launcher3/.uioverrides.QuickstepLauncher]
04-10 01:28:37.798 3040 4555 W hpplay-java: [AsyncTask #36]:HttpRequest:
04-10 01:28:37.799 1995 4362 D KeyguardViewMediator: notifyScreenOn
04-10 01:28:37.802 1995 1995 D KeyguardViewMediator: handleNotifyScreenTurningOn
04-10 01:28:37.802 3040 4555 W hpplay-java: [AsyncTask #36]:HttpRequest:
04-10 01:28:37.803 3040 4610 W hpplay-java: [AsyncTask #37]:HttpRequest:
04-10 01:28:37.805 1002 1002 I power_screen_broadcast_send: 1
04-10 01:28:37.805 1002 1002 D PowerManagerNotifier: Sending wake up broadcast.
04-10 01:28:37.805 1002 1211 E SensorManager: sensor or listener is null
04-10 01:28:37.805 1002 1211 D DisplayPowerController[0]: Animating brightness: target=1.0, sdrTarget=1.0, rate=0.0
04-10 01:28:37.805 1002 1211 D DisplayPowerState: setScreenBrightness: brightness=1.0
04-10 01:28:37.806 1002 1211 D DisplayPowerState: setSdrScreenBrightness: brightness=1.0
04-10 01:28:37.806 1995 4362 D KeyguardViewMediator: onStartedWakingUp, seq = 23
04-10 01:28:37.806 1995 4362 D KeyguardViewMediator: notifyStartedWakingUp
04-10 01:28:37.806 1995 1995 D KeyguardViewMediator: handleNotifyWakingUp
04-10 01:28:37.807 1002 1211 V DisplayPowerController[0]: Brightness [1.0] reason changing to: 'manual', previous reason: 'screen_off'.
04-10 01:28:37.807 1002 1211 D DisplayPowerController[0]: Unfinished business...
