04-10 01:24:10.360 1002 1510 I dvm_lock_sample: [system_server,1,Binder:1002_4,149,ComponentResolver.java,410,android.content.pm.ProviderInfo com.android.server.pm.ComponentResolver.queryProvider(java.lang.String, int, int),PackageManagerService.java,6252,void com.android.server.pm.PackageManagerService$PackageHandler.doHandleMessage(android.os.Message),29]
04-10 01:24:10.376 1002 2415 I am_uid_active: 10053
04-10 01:24:10.380 1002 1182 I am_proc_start: [0,2437,1000,com.thundercomm.tcsetupwizard,added application,com.thundercomm.tcsetupwizard]
04-10 01:24:10.380 1002 1752 I am_proc_bound: [0,2404,com.tc.logclient]
04-10 01:24:10.388 1002 1509 I am_proc_died: [0,2100,WebViewLoader-armeabi-v7a,-700,0]
04-10 01:24:10.388 1002 1509 I am_uid_stopped: 1037
04-10 01:24:10.391 1002 1509 I am_low_memory: 11
04-10 01:24:10.480 1002 1182 I am_proc_start: [0,2450,1000,vendor.qti.qesdk.sysservice,added application,vendor.qti.qesdk.sysservice]
04-10 01:24:10.548 1002 1177 I netstats_mobile_sample: [0,0,0,0,0,0,0,0,0,0,0,0,1681061050548]
04-10 01:24:10.548 1002 1177 I netstats_wifi_sample: [0,0,0,0,0,0,0,0,0,0,0,0,1681061050548]
04-10 01:24:10.551 1002 1725 I dvm_lock_sample: [system_server,1,NetworkPolicy.uid,171,NetworkStatsService.java,969,void com.android.server.net.NetworkStatsService.setUidForeground(int, boolean),-,1506,void com.android.server.net.NetworkStatsService.performPoll(int),34]
04-10 01:24:10.576 1002 1070 I am_proc_bound: [0,2437,com.thundercomm.tcsetupwizard]
04-10 01:24:10.583 1002 1177 D TelephonyRegistry: listen oscl: mHasNotifySubscriptionInfoChangedOccurred==false no callback
04-10 01:24:10.654 1002 1070 I am_proc_bound: [0,2450,vendor.qti.qesdk.sysservice]
04-10 01:24:10.678 1002 1182 I am_proc_start: [0,2488,10087,com.qti.qualcomm.mstatssystemservice,added application,com.qti.qualcomm.mstatssystemservice]
04-10 01:24:10.726 2291 2291 I service_manager_slow: [15,vendor.perfservice]
04-10 01:24:10.921 1002 1182 I am_proc_start: [0,2496,1068,com.android.se,added application,com.android.se]
04-10 01:24:10.921 1002 1070 I dvm_lock_sample: [system_server,1,Binder:1002_2,144,PackageManagerService.java,5295,int com.android.server.pm.PackageManagerService$ComputerLocked.getPackageUidInternal(java.lang.String, int, int, int),-,28165,void com.android.server.pm.PackageManagerService$PackageManagerInternalImpl.forEachPackageSetting(java.util.function.Consumer),28]
04-10 01:24:10.924 1002 2415 I dvm_lock_sample: [system_server,0,Binder:1002_7,88,ActivityManagerService.java,12177,void com.android.server.am.ActivityManagerService.serviceDoneExecuting(android.os.IBinder, int, int, int),ProcessList.java,2162,void com.android.server.am.ProcessList.handleProcessStart(com.android.server.am.ProcessRecord, java.lang.String, int[], int, int, int, java.lang.String, java.lang.String, java.lang.String, long),17]
04-10 01:24:10.928 1002 1068 I am_proc_bound: [0,2496,com.android.se]
04-10 01:24:10.936 1002 1068 I am_uid_active: 1068
04-10 01:24:10.943 1002 1752 I dvm_lock_sample: [system_server,1,Binder:1002_5,153,ActivityManagerService.java,4738,void com.android.server.am.ActivityManagerService.attachApplication(android.app.IApplicationThread, long),,0,null,30]
04-10 01:24:10.943 1002 1752 I am_proc_bound: [0,2488,com.qti.qualcomm.mstatssystemservice]
04-10 01:24:10.947 1002 1752 I am_uid_active: 10087
04-10 01:24:11.079 1002 1182 I am_proc_start: [0,2544,1000,com.thundercomm.remotecontrolservice,added application,com.thundercomm.remotecontrolservice]
04-10 01:24:11.101 1002 1509 I dvm_lock_sample: [system_server,1,Binder:1002_3,113,ActivityManagerService.java,12157,void com.android.server.am.ActivityManagerService.publishService(android.os.IBinder, android.content.Intent, android.os.IBinder),-,12538,android.content.Intent com.android.server.am.ActivityManagerService.registerReceiverWithFeature(android.app.IApplicationThread, java.lang.String, java.lang.String, java.lang.String, android.content.IIntentReceiver, android.content.IntentFilter, java.lang.String, int, int),22]
04-10 01:24:11.101 1002 2439 I dvm_lock_sample: [system_server,0,Binder:1002_9,129,ActivityManagerService.java,12177,void com.android.server.am.ActivityManagerService.serviceDoneExecuting(android.os.IBinder, int, int, int),-,12538,android.content.Intent com.android.server.am.ActivityManagerService.registerReceiverWithFeature(android.app.IApplicationThread, java.lang.String, java.lang.String, java.lang.String, android.content.IIntentReceiver, android.content.IntentFilter, java.lang.String, int, int),25]
04-10 01:24:11.174 1002 1182 I am_proc_start: [0,2576,1000,com.thundercomm.tcservice,added application,com.thundercomm.tcservice]
04-10 01:24:11.182 1002 1002 D TelephonyRegistry: listen oscl: mHasNotifySubscriptionInfoChangedOccurred==false no callback
04-10 01:24:11.209 1993 2057 I service_manager_slow: [12,permission_checker]
04-10 01:24:11.210 2544 2544 I service_manager_slow: [18,activity]
04-10 01:24:11.211 1002 1510 I am_proc_bound: [0,2544,com.thundercomm.remotecontrolservice]
04-10 01:24:11.215 1002 1002 I notification_enqueue: [1000,1002,android,32,NULL,-1,Notification(channel=USB shortcut=null contentView=null vibrate=null sound=null tick defaults=0x0 flags=0x2 color=0x00000000 vis=PUBLIC),0]
04-10 01:24:11.215 1002 1002 I notification_enqueue: [10084,1995,com.android.systemui,1,empty_media,0,Notification(channel=empty_media_style_id shortcut=null contentView=null vibrate=null sound=null defaults=0x0 flags=0x20 color=0x00000000 category=transport groupKey=empty_media actions=5 vis=PRIVATE),0]
04-10 01:24:11.219 1002 1002 D TelephonyRegistry: notifyCellLocationForSubscriber: subId=2147483647 cellIdentity=null
04-10 01:24:11.236 1002 1002 I notification_cancel_all: [1000,1002,com.android.systemui,0,0,0,20,NULL]
04-10 01:24:11.238 1002 1002 I sysui_multi_action: [757,1501,758,1,793,815,794,0,795,815,796,32,806,android,857,USB,858,1,947,0,1500,0]
04-10 01:24:11.238 1002 1002 I sysui_multi_action: [757,804,799,note_interruptive,801,0,802,1]
04-10 01:24:11.240 1002 1002 I sysui_multi_action: [757,1501,758,1,793,604,794,0,795,604,796,1,797,empty_media,806,com.android.systemui,857,empty_media_style_id,858,4,946,empty_media,947,0,1500,0,1641,transport,1745,1043716538]
04-10 01:24:11.240 1002 1002 I sysui_multi_action: [757,804,799,note_interruptive,801,0,802,1]
04-10 01:24:11.252 1002 1182 I am_proc_start: [0,2587,10070,com.qualcomm.qti.devicestatisticsservice,added application,com.qualcomm.qti.devicestatisticsservice]
04-10 01:24:11.310 1002 1182 I am_proc_start: [0,2602,1000,com.qualcomm.qti.qdma,added application,com.qualcomm.qti.qdma]
04-10 01:24:11.368 1993 1993 I service_manager_slow: [13,companiondevice]
04-10 01:24:11.373 2576 2576 I service_manager_slow: [58,activity]
04-10 01:24:11.375 1002 2439 I am_proc_bound: [0,2576,com.thundercomm.tcservice]
04-10 01:24:11.408 1002 2439 I am_uid_running: 10079
04-10 01:24:11.443 1002 2439 I am_proc_bound: [0,2587,com.qualcomm.qti.devicestatisticsservice]
04-10 01:24:11.454 1002 2439 I am_uid_active: 10070
04-10 01:24:11.455 1002 1182 I am_proc_start: [0,2647,1000,com.android.settings,top-activity,{com.android.settings/com.android.settings.FallbackHome}]
04-10 01:24:11.460 1002 1509 I am_proc_bound: [0,2602,com.qualcomm.qti.qdma]
04-10 01:24:11.530 899 899 I liblog : 10
04-10 01:24:11.542 1002 1509 I am_proc_bound: [0,2647,com.android.settings]
04-10 01:24:11.553 1002 1509 I wm_restart_activity: [0,192259889,2,com.android.settings/.FallbackHome]
04-10 01:24:11.563 1002 1509 I wm_set_resumed_activity: [0,com.android.settings/.FallbackHome,minimalResumeActivityLocked]
04-10 01:24:11.626 1995 2635 I sysui_multi_action: [757,213,758,4,759,-1]
04-10 01:24:11.626 1002 1182 I am_proc_start: [0,2690,10098,android.ext.services,service,{android.ext.services/android.ext.services.autofill.InlineSuggestionRenderServiceImpl}]
04-10 01:24:11.687 1995 1995 W CarrierConfigManager: Error getting config for subId -1 ICarrierConfigLoader is null
04-10 01:24:11.694 1002 1182 I am_proc_start: [0,2699,10068,com.thundercomm.gamemode.provider,content provider,{com.thundercomm.gamemode.provider/com.thundercomm.gamemode.provider.SettingsProvider}]
04-10 01:24:11.762 1002 1182 I am_proc_start: [0,2707,10079,com.android.launcher3,service,{com.android.launcher3/com.android.quickstep.TouchInteractionService}]
04-10 01:24:11.767 2602 2602 I service_manager_slow: [56,vendor.perfservice]
04-10 01:24:11.780 2576 2576 I service_manager_slow: [58,android.os.UpdateEngineService]
04-10 01:24:11.783 2544 2544 I service_manager_slow: [59,content_capture]
04-10 01:24:11.803 1002 2439 D TelephonyRegistry: listen oscl: mHasNotifySubscriptionInfoChangedOccurred==false no callback
04-10 01:24:11.810 2647 2647 I service_manager_slow: [31,slice]
04-10 01:24:11.848 1002 1068 I am_proc_bound: [0,2707,com.android.launcher3]
04-10 01:24:11.857 1002 1068 I am_uid_active: 10079
04-10 01:24:11.864 1995 1995 I service_manager_slow: [62,vpn_management]
04-10 01:24:11.865 1002 1752 I am_proc_bound: [0,2699,com.thundercomm.gamemode.provider]
04-10 01:24:11.873 1002 1752 I am_uid_active: 10068
04-10 01:24:11.913 2647 2647 I wm_on_create_called: [192259889,com.android.settings.FallbackHome,performCreate]
04-10 01:24:11.915 2647 2647 I wm_on_start_called: [192259889,com.android.settings.FallbackHome,handleStartActivity]
04-10 01:24:11.916 2647 2647 I wm_on_resume_called: [192259889,com.android.settings.FallbackHome,RESUME_ACTIVITY]
04-10 01:24:11.943 2647 2647 I wm_on_top_resumed_gained_called: [192259889,com.android.settings.FallbackHome,topStateChangedWhenResumed]
04-10 01:24:11.965 1002 1163 I input_focus: [Focus request 85d40ca com.android.settings/com.android.settings.FallbackHome,reason=UpdateInputWindows]
04-10 01:24:12.021 2690 2690 I service_manager_slow: [70,activity]
04-10 01:24:12.022 1002 1752 I am_proc_bound: [0,2690,android.ext.services]
04-10 01:24:12.029 1002 1752 I am_uid_active: 10098
04-10 01:24:12.078 1002 1181 I am_wtf : [0,1002,system_server,-1,Binder,Outgoing transactions from this process must be FLAG_ONEWAY]
04-10 01:24:12.287 1002 1161 I boot_progress_enable_screen: 47172
04-10 01:24:12.294 1002 1161 I screen_toggled: 1
04-10 01:24:12.420 1002 1510 I am_uid_running: 10089
04-10 01:24:12.461 1002 1182 I am_proc_start: [0,2813,10089,com.qualcomm.qti.qccauthmgr,content provider,{com.qualcomm.qti.qccauthmgr/com.qualcomm.qti.qccauthmgr.providers.SMQContentProvider}]
04-10 01:24:12.579 1002 1510 I am_proc_bound: [0,2813,com.qualcomm.qti.qccauthmgr]
04-10 01:24:12.596 1002 1510 I am_uid_active: 10089
04-10 01:24:12.980 1002 1719 I netstats_mobile_sample: [0,0,0,0,0,0,0,0,0,0,0,0,1681061052980]
04-10 01:24:12.981 1002 1719 I netstats_wifi_sample: [0,0,0,0,0,0,0,0,0,0,0,0,1681061052980]
04-10 01:24:13.021 1002 1719 I netstats_mobile_sample: [0,0,0,0,0,0,0,0,0,0,0,0,1681061053021]
04-10 01:24:13.022 1002 1719 I netstats_wifi_sample: [0,0,0,0,0,0,0,0,0,0,0,0,1681061053021]
04-10 01:24:13.071 1430 1430 I auditd : type=1400 audit(0.0:141): avc: denied { read } for comm="tzlog" name="qsee_log" dev="debugfs" ino=21523 scontext=u:r:np_thundercomm_tlog:s0 tcontext=u:object_r:debugfs:s0 tclass=file permissive=1
04-10 01:24:13.071 1430 1430 I auditd : type=1400 audit(0.0:142): avc: denied { open } for comm="tzlog" path="/sys/kernel/debug/tzdbg/qsee_log" dev="debugfs" ino=21523 scontext=u:r:np_thundercomm_tlog:s0 tcontext=u:object_r:debugfs:s0 tclass=file permissive=1
04-10 01:24:13.375 1002 1070 D TelephonyRegistry: listen oscl: mHasNotifySubscriptionInfoChangedOccurred==false no callback
04-10 01:24:13.641 1002 1002 I notification_cancel_all: [1002,1993,com.android.bluetooth,0,0,64,9,NULL]
04-10 01:24:14.354 1002 1161 I wm_boot_animation_done: 49240
04-10 01:24:14.472 1002 1002 I notification_enqueue: [1000,1002,android,26,NULL,-1,Notification(channel=DEVELOPER_IMPORTANT shortcut=null contentView=null vibrate=null sound=null tick defaults=0x0 flags=0x2 color=0x00000000 vis=PUBLIC),0]
04-10 01:24:14.506 1002 1161 I uc_finish_user_boot: 0
04-10 01:24:14.506 1002 1161 I am_user_state_changed: [0,1]
04-10 01:24:14.524 1002 1161 I uc_send_user_broadcast: [0,android.intent.action.LOCKED_BOOT_COMPLETED]
04-10 01:24:14.599 1430 1430 I auditd : type=1400 audit(0.0:143): avc: denied { read } for comm="tzlog" name="log" dev="debugfs" ino=21522 scontext=u:r:np_thundercomm_tlog:s0 tcontext=u:object_r:debugfs:s0 tclass=file permissive=1
04-10 01:24:14.599 1430 1430 I auditd : type=1400 audit(0.0:144): avc: denied { open } for comm="tzlog" path="/sys/kernel/debug/tzdbg/log" dev="debugfs" ino=21522 scontext=u:r:np_thundercomm_tlog:s0 tcontext=u:object_r:debugfs:s0 tclass=file permissive=1
04-10 01:24:14.634 1002 1161 I uc_finish_user_unlocking: 0
04-10 01:24:14.636 1002 1181 I dvm_lock_sample: [system_server,1,ActivityManager,110,BroadcastQueue.java,986,void com.android.server.am.BroadcastQueue.processNextBroadcast(boolean),ActivityManagerService.java,4879,void com.android.server.am.ActivityManagerService.finishBooting(),22]
04-10 01:24:14.665 1002 2854 I am_uid_running: 10075
04-10 01:24:14.820 1002 1182 I am_proc_start: [0,2946,10075,com.qualcomm.location,broadcast,{com.qualcomm.location/com.qualcomm.location.LocationServiceReceiver}]
04-10 01:24:14.990 1002 2438 I am_proc_bound: [0,2946,com.qualcomm.location]
04-10 01:24:14.997 1002 2438 I am_uid_active: 10075
04-10 01:24:15.062 1002 1002 I notification_enqueue: [1000,1002,android,55,NULL,-1,Notification(channel=DEVELOPER shortcut=null contentView=null vibrate=null sound=null tick defaults=0x0 flags=0x2 color=0x00000000 vis=PUBLIC),0]
04-10 01:24:15.063 1002 1002 I sysui_multi_action: [757,1501,758,1,793,592,794,0,795,592,796,26,806,android,857,DEVELOPER_IMPORTANT,858,4,947,0,1500,0]
04-10 01:24:15.063 1002 1002 I sysui_multi_action: [757,804,799,note_interruptive,801,0,802,1]
04-10 01:24:15.278 1002 2438 D TelephonyRegistry: listen oscl: mHasNotifySubscriptionInfoChangedOccurred==false no callback
04-10 01:24:15.413 1002 2439 I am_uid_running: 10092
04-10 01:24:15.505 1426 2907 I liblog : 124
04-10 01:24:15.506 1426 2907 I liblog : 6
04-10 01:24:15.547 1002 1182 I am_proc_start: [0,3008,10092,com.qualcomm.qtil.aptxui,broadcast,{com.qualcomm.qtil.aptxui/com.qualcomm.qtil.aptxui.aptxuiBootReceiver}]
04-10 01:24:15.572 1002 1002 I sysui_multi_action: [757,1501,758,1,793,937,794,0,795,937,796,55,806,android,857,DEVELOPER,858,2,947,0,1500,0]
04-10 01:24:15.573 1002 1002 I sysui_multi_action: [757,804,799,note_interruptive,801,0,802,1]
04-10 01:24:15.575 1002 1002 I notification_enqueue: [1000,1002,android,17303299,com.android.wifi,0,Notification(channel=NETWORK_AVAILABLE shortcut=null contentView=null vibrate=null sound=null tick defaults=0x0 flags=0x100 color=0x00000000 actions=2 vis=PRIVATE),0]
04-10 01:24:15.718 1995 1995 I sysui_multi_action: [757,803,799,note_peek,802,1]
04-10 01:24:15.727 1002 2438 I sysui_multi_action: [757,127,758,1]
04-10 01:24:15.728 1002 2438 I sysui_multi_action: [757,804,799,note_load,801,1,802,1]
04-10 01:24:15.728 1002 2438 I notification_panel_revealed: 1
04-10 01:24:15.730 1995 1995 I sysui_heads_up_status: [-1|android|26|null|1000,1]
04-10 01:24:15.740 1002 2438 I sysui_multi_action: [757,128,758,1,793,5317,794,0,795,5317,796,32,798,1,806,android,857,USB,858,1,947,0,1395,2,1500,4502,1688,1]
04-10 01:24:15.740 1002 2438 I sysui_multi_action: [757,804,799,note_freshness,801,5317,802,1]
04-10 01:24:15.740 1002 2438 I notification_visibility: [-1|android|32|null|1000,1,5317,5317,0,1]
04-10 01:24:15.763 1002 1158 I am_user_state_changed: [0,2]
04-10 01:24:15.765 1002 1181 I ssm_user_unlocking: 0
04-10 01:24:15.775 1002 1002 I sysui_multi_action: [757,1501,758,1,793,217,794,0,795,217,796,17303299,797,com.android.wifi,806,android,857,NETWORK_AVAILABLE,858,2,947,0,1500,0,1688,1]
04-10 01:24:15.776 1002 1002 I sysui_multi_action: [757,804,799,note_interruptive,801,0,802,1]
04-10 01:24:15.827 1002 1181 I uc_finish_user_unlocked: 0
04-10 01:24:15.827 1002 1181 I am_user_state_changed: [0,3]
04-10 01:24:15.832 1002 1158 I wm_task_created: [11,-1]
04-10 01:24:15.838 1002 1181 I am_uid_running: 10091
04-10 01:24:15.846 1002 1181 I am_uid_running: 10061
04-10 01:24:15.849 1002 1181 I am_uid_running: 10055
04-10 01:24:15.870 1002 3030 I service_manager_slow: [10,app_search]
04-10 01:24:15.877 1002 1181 I am_uid_running: 10082
04-10 01:24:15.880 1002 1181 I am_uid_running: 10088
04-10 01:24:15.883 1002 1181 I am_uid_running: 10090
04-10 01:24:15.885 1002 1181 I uc_send_user_broadcast: [0,android.intent.action.USER_UNLOCKED]
04-10 01:24:15.889 1002 1181 I uc_finish_user_unlocked_completed: 0
04-10 01:24:15.900 1002 1158 I uc_send_user_broadcast: [0,android.intent.action.BOOT_COMPLETED]
04-10 01:24:15.901 1002 1181 I ssm_user_unlocked: 0
04-10 01:24:15.905 1002 2854 I wm_finish_activity: [0,192259889,2,com.android.settings/.FallbackHome,app-request]
04-10 01:24:15.910 1002 2854 I wm_pause_activity: [0,192259889,com.android.settings/.FallbackHome,userLeaving=false,finish]
04-10 01:24:15.917 1002 1161 I dvm_lock_sample: [system_server,1,android.display,9,TaskChangeNotificationController.java,320,void com.android.server.wm.TaskChangeNotificationController.forAllRemoteListeners(com.android.server.wm.TaskChangeNotificationController$TaskStackConsumer, android.os.Message),ActivityClientController.java,485,boolean com.android.server.wm.ActivityClientController.finishActivity(android.os.IBinder, int, android.content.Intent, int),1]
04-10 01:24:15.917 2647 2647 I wm_on_top_resumed_lost_called: [192259889,com.android.settings.FallbackHome,topStateChangedWhenResumed]
04-10 01:24:15.918 1002 1161 I sysui_multi_action: [757,1144,758,7,806,com.android.settings,871,com.android.settings.FallbackHome]
04-10 01:24:15.920 2647 2647 I wm_on_paused_called: [192259889,com.android.settings.FallbackHome,performPause]
04-10 01:24:15.960 1002 2854 I service_manager_stats: [100,271,5668]
04-10 01:24:15.972 1002 2854 I wm_task_created: [12,-1]
04-10 01:24:15.973 1002 2854 I wm_task_moved: [12,1,2147483647]
04-10 01:24:15.974 1002 2854 I wm_task_moved: [1,1,5]
04-10 01:24:15.975 1002 2854 I wm_create_task: [0,12]
04-10 01:24:15.975 1002 2854 I wm_create_activity: [0,247139416,12,com.android.launcher3/.uioverrides.QuickstepLauncher,android.intent.action.MAIN,NULL,NULL,268435712]
04-10 01:24:15.975 1002 2854 I wm_task_moved: [1,1,5]
04-10 01:24:15.975 1002 2854 I wm_task_moved: [12,1,2147483647]
04-10 01:24:15.975 1002 2854 I wm_task_to_front: [0,12]
04-10 01:24:15.981 1002 2854 I wm_restart_activity: [0,247139416,12,com.android.launcher3/.uioverrides.QuickstepLauncher]
04-10 01:24:15.983 1002 2854 I wm_set_resumed_activity: [0,com.android.launcher3/.uioverrides.QuickstepLauncher,minimalResumeActivityLocked]
04-10 01:24:16.004 1002 2438 I dvm_lock_sample: [system_server,1,Binder:1002_8,78,ActivityManagerService.java,12133,int com.android.server.am.ActivityManagerService.bindIsolatedService(android.app.IApplicationThread, android.os.IBinder, android.content.Intent, java.lang.String, android.app.IServiceConnection, int, java.lang.String, java.lang.String, int),,0,null,15]
04-10 01:24:16.018 1002 2438 I am_uid_running: 10035
04-10 01:24:16.032 1002 1752 I am_uid_running: 10077
04-10 01:24:16.035 1002 1182 I am_proc_start: [0,3040,10091,com.hht.lebocast,added application,com.hht.lebocast]
04-10 01:24:16.040 1002 1988 I dvm_lock_sample: [system_server,0,AsyncTask #1,57,ActivityManagerService.java,8688,int com.android.server.am.ActivityManagerService.getMemoryTrimLevel(),,0,null,11]
04-10 01:24:16.044 1002 1685 I dvm_lock_sample: [system_server,1,StorageManagerService,25,ActivityManagerService.java,12133,int com.android.server.am.ActivityManagerService.bindIsolatedService(android.app.IApplicationThread, android.os.IBinder, android.content.Intent, java.lang.String, android.app.IServiceConnection, int, java.lang.String, java.lang.String, int),,0,null,5]
04-10 01:24:16.050 1002 1685 I am_uid_running: 10097
04-10 01:24:16.074 1002 1161 I sysui_multi_action: [757,803,799,window_time_0,802,16]
04-10 01:24:16.079 1002 1181 I am_wtf : [0,1002,system_server,-1,Binder,Outgoing transactions from this process must be FLAG_ONEWAY]
04-10 01:24:16.139 1002 1181 I am_wtf : [0,1002,system_server,-1,ActivityManager,Sending non-protected broadcast android.location.HIGH_POWER_REQUEST_CHANGE from system 2946:com.qualcomm.location/u0a75 pkg com.qualcomm.location]
04-10 01:24:16.165 1002 1182 I am_proc_start: [0,3056,10061,ts.car.uart,added application,ts.car.uart]
04-10 01:24:16.216 1002 1182 I am_proc_start: [0,3058,1000,com.hryt.hiphishowfsecontrol,added application,com.hryt.hiphishowfsecontrol]
04-10 01:24:16.275 1002 1510 I sysui_multi_action: [757,128,758,1,793,1804,794,0,795,1804,796,26,798,0,806,android,857,DEVELOPER_IMPORTANT,858,4,947,0,1395,3,1500,1212,1688,1]
04-10 01:24:16.275 1002 1510 I sysui_multi_action: [757,804,799,note_freshness,801,1804,802,1]
04-10 01:24:16.275 1002 1510 I notification_visibility: [-1|android|26|null|1000,1,1804,1804,0,0]
04-10 01:24:16.276 1002 1510 I sysui_multi_action: [757,128,758,2,793,5853,794,536,795,5853,796,32,798,1,806,android,857,USB,858,1,947,0,1395,2,1500,5038,1688,1]
04-10 01:24:16.276 1002 1510 I notification_visibility: [-1|android|32|null|1000,0,5853,5853,0,1]
04-10 01:24:16.284 1002 1182 I am_proc_start: [0,3066,10055,.pasr,added application,.pasr]
04-10 01:24:16.333 1002 1182 I am_proc_start: [0,3068,10082,com.qualcomm.qti.services.systemhelper:systemhelper_service,added application,com.qualcomm.qti.services.systemhelper:systemhelper_service]
04-10 01:24:16.401 1002 1182 I am_proc_start: [0,3069,10088,com.qualcomm.qti.qccnetstat,added application,com.qualcomm.qti.qccnetstat]
04-10 01:24:16.515 3058 3058 I service_manager_slow: [13,activity]
04-10 01:24:16.516 1002 3060 I am_proc_bound: [0,3058,com.hryt.hiphishowfsecontrol]
04-10 01:24:16.545 1002 1182 I am_proc_start: [0,3156,10090,com.qualcomm.qti.workloadclassifier,added application,com.qualcomm.qti.workloadclassifier]
04-10 01:24:16.549 1002 1510 I am_proc_bound: [0,3068,com.qualcomm.qti.services.systemhelper:systemhelper_service]
04-10 01:24:16.555 1002 1510 I am_uid_active: 10082
04-10 01:24:16.559 1002 1510 I am_proc_bound: [0,3056,ts.car.uart]
04-10 01:24:16.570 1002 1510 I service_manager_slow: [11,platform_compat]
04-10 01:24:16.574 1002 1510 I am_uid_active: 10061
04-10 01:24:16.576 1002 3060 I am_proc_bound: [0,3040,com.hht.lebocast]
04-10 01:24:16.584 1002 3060 I am_uid_active: 10091
04-10 01:24:16.587 1002 2854 I dvm_lock_sample: [system_server,1,Binder:1002_A,25,ActivityManagerService.java,4738,void com.android.server.am.ActivityManagerService.attachApplication(android.app.IApplicationThread, long),,0,null,5]
04-10 01:24:16.588 1002 2854 I am_proc_bound: [0,3066,.pasr]
04-10 01:24:16.594 1002 2854 I am_uid_active: 10055
04-10 01:24:16.606 1002 1068 I am_proc_bound: [0,3008,com.qualcomm.qtil.aptxui]
04-10 01:24:16.620 1002 1068 I service_manager_slow: [13,platform_compat]
04-10 01:24:16.626 1002 1068 I am_uid_active: 10092
04-10 01:24:16.646 1002 1068 I am_proc_bound: [0,3069,com.qualcomm.qti.qccnetstat]
04-10 01:24:16.654 1002 1068 I am_uid_active: 10088
04-10 01:24:16.683 1002 1182 I am_proc_start: [0,3181,10035,com.android.traceur,service,{com.android.traceur/com.android.traceur.QsService}]
04-10 01:24:16.743 1002 1510 I am_proc_bound: [0,3156,com.qualcomm.qti.workloadclassifier]
04-10 01:24:16.752 1002 1510 I am_uid_active: 10090
04-10 01:24:16.834 1002 1068 I am_proc_bound: [0,3181,com.android.traceur]
04-10 01:24:16.861 1002 1182 I am_proc_start: [0,3230,1000,com.android.keychain,service,{com.android.keychain/com.android.keychain.KeyChainService}]
04-10 01:24:16.959 1002 1182 I am_proc_start: [0,3240,10077,com.qualcomm.location.XT,service,{com.qualcomm.location.XT/com.qualcomm.location.XT.XTSrv}]
04-10 01:24:17.059 1002 1182 I am_proc_start: [0,3248,10097,com.android.providers.media.module,service,{com.android.providers.media.module/com.android.providers.media.fuse.ExternalStorageServiceImpl}]
04-10 01:24:17.079 1002 1181 I am_uid_active: 10035
04-10 01:24:17.146 1002 2415 I am_proc_bound: [0,3240,com.qualcomm.location.XT]
04-10 01:24:17.152 1002 2415 I am_uid_active: 10077
04-10 01:24:17.247 3230 3230 I service_manager_slow: [17,activity]
04-10 01:24:17.248 1002 1510 I am_proc_bound: [0,3230,com.android.keychain]
04-10 01:24:17.276 1002 1509 I am_proc_bound: [0,3248,com.android.providers.media.module]
04-10 01:24:17.284 1002 1509 I am_uid_active: 10097
04-10 01:24:17.323 1002 1182 I am_proc_start: [0,3308,1000,com.qualcomm.qti.qmmi,broadcast,{com.qualcomm.qti.qmmi/com.qualcomm.qti.qmmi.framework.QmmiReceiver}]
04-10 01:24:17.331 1426 1454 I liblog : 3
04-10 01:24:17.343 2707 2707 I wm_on_create_called: [247139416,com.android.launcher3.uioverrides.QuickstepLauncher,performCreate]
04-10 01:24:17.345 2707 2707 I wm_on_start_called: [247139416,com.android.launcher3.uioverrides.QuickstepLauncher,handleStartActivity]
04-10 01:24:17.346 2707 2707 I wm_on_resume_called: [247139416,com.android.launcher3.uioverrides.QuickstepLauncher,RESUME_ACTIVITY]
04-10 01:24:17.365 2707 2707 I wm_on_top_resumed_gained_called: [247139416,com.android.launcher3.uioverrides.QuickstepLauncher,topStateChangedWhenResumed]
04-10 01:24:17.436 1002 1163 I input_focus: [Focus request 73b612c com.android.launcher3/com.android.launcher3.uioverrides.QuickstepLauncher,reason=UpdateInputWindows]
04-10 01:24:17.468 1002 1509 I am_proc_bound: [0,3308,com.qualcomm.qti.qmmi]
04-10 01:24:17.540 1041 1684 I sf_stop_bootanim: 52426
04-10 01:24:17.567 1002 1664 I input_focus: [Focus entering 73b612c com.android.launcher3/com.android.launcher3.uioverrides.QuickstepLauncher (server),reason=setFocusedWindow]
04-10 01:24:17.588 1002 1158 I sysui_multi_action: [319,1617,322,1583,325,50,757,761,758,8,759,2,806,com.android.launcher3,871,com.android.launcher3.uioverrides.QuickstepLauncher,905,0,1320,4,1321,1]
04-10 01:24:17.600 1002 1158 I wm_activity_launch_time: [0,247139416,com.android.launcher3/.uioverrides.QuickstepLauncher,1583]
04-10 01:24:17.651 1002 2854 I am_uid_running: 10020
04-10 01:24:17.718 1002 1752 I am_uid_running: 10030
04-10 01:24:17.738 1002 1510 I wm_destroy_activity: [0,192259889,2,com.android.settings/.FallbackHome,finish-idle]
04-10 01:24:17.741 2647 2647 I wm_on_stop_called: [192259889,com.android.settings.FallbackHome,LIFECYCLER_STOP_ACTIVITY]
04-10 01:24:17.741 1002 1181 I am_uid_running: 10021
04-10 01:24:17.761 2647 2647 I wm_on_destroy_called: [192259889,com.android.settings.FallbackHome,performDestroy]
04-10 01:24:17.804 1002 1182 I am_proc_start: [0,3404,10020,android.process.acore,content provider,{com.android.providers.contacts/com.android.providers.contacts.ContactsProvider2}]
04-10 01:24:17.836 1002 2415 I am_proc_bound: [0,3404,android.process.acore]
04-10 01:24:17.848 1002 1163 I wm_task_removed: [2,cleanUpResourcesForDestroy]
04-10 01:24:17.848 1002 1163 I wm_task_removed: [2,removeChild:removeChild last r=ActivityRecord{b75a731 u0 com.android.settings/.FallbackHome t-1 f}} in t=Task{7bc9c37 #2 type=home A=1000:com.android.settings.FallbackHome U=0 visible=false mode=fullscreen translucent=true sz=0}]
04-10 01:24:17.848 1002 1163 I wm_task_removed: [2,removeChild]
04-10 01:24:17.865 1002 2415 I am_uid_active: 10020
04-10 01:24:17.879 1002 1182 I am_proc_start: [0,3435,10030,com.baidu.input,service,{com.baidu.input/com.baidu.input.ImeService}]
04-10 01:24:17.933 2707 2801 I service_manager_slow: [58,app_prediction]
04-10 01:24:17.983 1002 1160 I commit_sys_config_file: [jobs,181]
04-10 01:24:18.003 1002 1510 I am_proc_bound: [0,3435,com.baidu.input]
04-10 01:24:18.011 1002 1510 I am_uid_active: 10030
04-10 01:24:18.019 1002 1182 I am_proc_start: [0,3460,10021,android.process.media,broadcast,{com.android.mtp/com.android.mtp.MtpReceiver}]
04-10 01:24:18.028 1002 1510 I am_crash: [2587,0,com.qualcomm.qti.devicestatisticsservice,814235213,java.lang.ClassNotFoundException,android.hidl.manager.V1_0.IServiceNotification$Stub,DeviceStatisticsService.java,83]
04-10 01:24:18.041 1002 1510 I sysui_multi_action: [757,316,758,4,759,-1]
04-10 01:24:18.010 1002 1988 I commit_sys_config_file: [appops,367]
04-10 01:24:18.079 1002 1181 I am_wtf : [0,1002,system_server,-1,BootReceiver,open failed: ENOENT (No such file or directory)]
04-10 01:24:18.128 1002 1509 I am_proc_bound: [0,3460,android.process.media]
04-10 01:24:18.129 1002 3465 I commit_sys_config_file: [log-files,9]
04-10 01:24:18.190 1002 1510 I am_uid_active: 10021
04-10 01:24:18.218 1002 1509 D TelephonyRegistry: listen oscl: mHasNotifySubscriptionInfoChangedOccurred==false no callback
04-10 01:24:18.288 1002 2914 I am_proc_died: [0,2587,com.qualcomm.qti.devicestatisticsservice,-800,0]
04-10 01:24:18.290 1002 2914 I am_schedule_service_restart: [0,com.qualcomm.qti.devicestatisticsservice/.DeviceStatisticsService,0]
04-10 01:24:18.290 1002 2914 I am_uid_stopped: 10070
04-10 01:24:18.291 1002 2914 I am_uid_running: 10070
04-10 01:24:18.293 1002 2914 I am_uid_active: 10070
04-10 01:24:18.400 1002 1182 I am_proc_start: [0,3512,1000,com.qti.diagservices,broadcast,{com.qti.diagservices/com.qti.diagservices.Diag_OnBoot}]
04-10 01:24:18.467 1002 1182 I am_proc_start: [0,3515,10070,com.qualcomm.qti.devicestatisticsservice,restart,com.qualcomm.qti.devicestatisticsservice]
04-10 01:24:18.557 1002 2914 I am_proc_bound: [0,3515,com.qualcomm.qti.devicestatisticsservice]
04-10 01:24:18.587 1002 2914 I am_proc_bound: [0,3512,com.qti.diagservices]
04-10 01:24:18.755 3558 3558 I auditd : type=1400 audit(0.0:145): avc: denied { read } for comm="ip" name="rt_tables" dev="dm-6" ino=356 scontext=u:r:ethernet:s0 tcontext=u:object_r:net_data_file:s0 tclass=file permissive=0
04-10 01:24:18.788 3512 3512 I service_manager_slow: [11,content_capture]
04-10 01:24:18.847 3561 3561 I auditd : type=1400 audit(0.0:146): avc: denied { read } for comm="ip" name="rt_tables" dev="dm-6" ino=356 scontext=u:r:ethernet:s0 tcontext=u:object_r:net_data_file:s0 tclass=file permissive=0
04-10 01:24:18.897 1002 1182 I am_proc_start: [0,3571,1000,com.android.dynsystem,broadcast,{com.android.dynsystem/com.android.dynsystem.BootCompletedReceiver}]
04-10 01:24:18.963 1300 1300 I auditd : type=1400 audit(0.0:147): avc: denied { read } for comm="Binder:1300_4" name="persist" dev="tmpfs" ino=28332 scontext=u:r:installd:s0 tcontext=u:object_r:tmpfs:s0 tclass=lnk_file permissive=0
04-10 01:24:18.963 1300 1300 I auditd : type=1400 audit(0.0:148): avc: denied { read } for comm="Binder:1300_4" name="persist" dev="tmpfs" ino=28332 scontext=u:r:installd:s0 tcontext=u:object_r:tmpfs:s0 tclass=lnk_file permissive=0
04-10 01:24:19.064 1002 1068 I am_proc_bound: [0,3571,com.android.dynsystem]
04-10 01:24:19.080 1002 1068 I service_manager_slow: [14,platform_compat]
04-10 01:24:19.203 1002 3031 I backup_transport_lifecycle: [com.android.localtransport/.LocalTransportService,1]
04-10 01:24:19.245 1002 1182 I am_proc_start: [0,3618,1000,com.android.localtransport,service,{com.android.localtransport/com.android.localtransport.LocalTransportService}]
04-10 01:24:19.308 1002 1068 I am_uid_running: 10073
04-10 01:24:19.332 1002 1068 I am_proc_bound: [0,3618,com.android.localtransport]
04-10 01:24:19.394 1002 1182 I am_proc_start: [0,3643,1000,com.android.dynsystem:dynsystem,service,{com.android.dynsystem/com.android.dynsystem.DynamicSystemInstallationService}]
04-10 01:24:19.473 1002 1002 I backup_transport_connection: [com.android.localtransport/.LocalTransportService,1]
04-10 01:24:19.521 1002 2914 I am_proc_bound: [0,3643,com.android.dynsystem:dynsystem]
04-10 01:24:19.528 1002 1177 I am_meminfo: [1248673792,3723550720,12288,922030080,675073024]
04-10 01:24:19.544 1002 1182 I am_proc_start: [0,3676,10073,com.android.inputmethod.latin,broadcast,{com.android.inputmethod.latin/com.android.inputmethod.latin.SystemBroadcastReceiver}]
04-10 01:24:19.574 1002 3031 I backup_transport_lifecycle: [com.android.localtransport/.LocalTransportService,0]
04-10 01:24:19.574 1002 3031 I backup_transport_connection: [com.android.localtransport/.LocalTransportService,0]
04-10 01:24:19.640 1002 1177 I am_pss : [2707,10079,com.android.launcher3,96780288,84267008,0,222187520,2,2,16]
04-10 01:24:19.679 1002 1068 I am_proc_bound: [0,3676,com.android.inputmethod.latin]
04-10 01:24:19.689 1002 1177 I am_pss : [2699,10068,com.thundercomm.gamemode.provider,8053760,5947392,0,95748096,2,5,13]
04-10 01:24:19.691 1002 1068 I am_uid_active: 10073
04-10 01:24:19.719 1430 1430 I auditd : type=1400 audit(0.0:149): avc: denied { read } for comm="tzlog" name="qsee_log" dev="debugfs" ino=21523 scontext=u:r:np_thundercomm_tlog:s0 tcontext=u:object_r:debugfs:s0 tclass=file permissive=1
04-10 01:24:19.719 1430 1430 I auditd : type=1400 audit(0.0:150): avc: denied { open } for comm="tzlog" path="/sys/kernel/debug/tzdbg/qsee_log" dev="debugfs" ino=21523 scontext=u:r:np_thundercomm_tlog:s0 tcontext=u:object_r:debugfs:s0 tclass=file permissive=1
04-10 01:24:19.730 1002 1177 I am_pss : [2690,10098,android.ext.services,13464576,5746688,0,125796352,2,5,13]
04-10 01:24:19.746 1002 1177 I am_pss : [2813,10089,com.qualcomm.qti.qccauthmgr,6666240,4513792,0,95387648,2,5,12]
04-10 01:24:19.771 1002 1177 I am_pss : [2946,10075,com.qualcomm.location,10176512,7491584,0,101928960,2,0,13]
04-10 01:24:19.790 1002 1177 I am_pss : [1993,1002,com.android.bluetooth,30100480,23883776,0,139108352,2,0,14]
04-10 01:24:19.808 1002 1177 I am_pss : [2602,1000,com.qualcomm.qti.qdma,10447872,7061504,0,106409984,2,0,13]
04-10 01:24:19.825 1002 1177 I am_pss : [2576,1000,com.thundercomm.tcservice,8830976,6701056,0,97144832,2,0,13]
04-10 01:24:19.840 1002 1177 I am_pss : [2544,1000,com.thundercomm.remotecontrolservice,9626624,7098368,0,101310464,2,0,12]
04-10 01:24:19.859 1002 1177 I am_pss : [2488,10087,com.qti.qualcomm.mstatssystemservice,5654528,3821568,0,89899008,2,0,12]
04-10 01:24:19.877 1002 1177 I am_pss : [2496,1068,com.android.se,6340608,4304896,0,93679616,2,0,12]
04-10 01:24:19.893 1002 1177 I am_pss : [2450,1000,vendor.qti.qesdk.sysservice,5748736,3833856,0,91590656,2,0,13]
04-10 01:24:19.912 1002 1177 I am_pss : [2437,1000,com.thundercomm.tcsetupwizard,7072768,5263360,0,91312128,2,0,12]
04-10 01:24:19.929 1002 1177 I am_pss : [2404,1000,com.tc.logclient,6534144,4726784,0,90771456,2,0,13]
04-10 01:24:19.954 1002 1177 I am_pss : [2327,10053,.qtidataservices,6089728,4214784,0,91414528,2,0,12]
04-10 01:24:19.959 3724 3724 I auditd : type=1400 audit(0.0:151): avc: denied { read } for comm="ip" name="rt_tables" dev="dm-6" ino=356 scontext=u:r:ethernet:s0 tcontext=u:object_r:net_data_file:s0 tclass=file permissive=0
04-10 01:24:19.976 1002 1177 I am_pss : [2371,1000,com.thundercomm.tchttpserver,7358464,5550080,0,91566080,2,0,14]
04-10 01:24:19.996 1002 1177 I am_pss : [2291,1000,com.thundercomm.microsettings,26685440,23629824,0,115843072,2,0,13]
04-10 01:24:20.015 1002 1177 I am_pss : [2311,1001,.dataservices,8270848,6205440,0,94785536,2,0,12]
04-10 01:24:20.033 1002 1177 I am_pss : [2283,1000,com.thundercomm.microservice,9099264,7114752,0,95608832,2,0,12]
04-10 01:24:20.015 3728 3728 I auditd : type=1400 audit(0.0:152): avc: denied { read } for comm="ip" name="rt_tables" dev="dm-6" ino=356 scontext=u:r:ethernet:s0 tcontext=u:object_r:net_data_file:s0 tclass=file permissive=0
04-10 01:24:20.060 1002 1177 I am_pss : [2221,1000,com.thundercomm.gamemode,8883200,6922240,0,94842880,2,0,12]
04-10 01:24:20.083 1002 1177 I am_pss : [2157,1073,com.android.networkstack.process,11156480,8364032,0,104435712,2,0,12]
04-10 01:24:20.131 1002 1177 I am_pss : [1995,10084,com.android.systemui,211408896,187412480,0,369713152,2,1,20]
04-10 01:24:20.233 1002 1177 I am_pss : [1002,1000,system,211460096,108740608,0,531845120,2,0,29]
04-10 01:24:20.282 1002 1070 I am_proc_died: [0,3676,com.android.inputmethod.latin,0,11]
04-10 01:24:20.283 1002 1070 I am_broadcast_discard_app: [0,44141772,android.intent.action.BOOT_COMPLETED,16,ResolveInfo{999dd73 com.android.inputmethod.latin/.SystemBroadcastReceiver m=0x108000}]
04-10 01:24:20.285 1002 1070 I am_uid_stopped: 10073
04-10 01:24:20.292 1002 1181 I am_uid_running: 10036
04-10 01:24:20.353 1002 1182 I am_proc_start: [0,3744,10036,com.android.managedprovisioning,broadcast,{com.android.managedprovisioning/com.android.managedprovisioning.BootReminder}]
04-10 01:24:20.448 1002 1070 I am_proc_bound: [0,3744,com.android.managedprovisioning]
04-10 01:24:20.457 1002 1070 I am_uid_active: 10036
04-10 01:24:20.531 1002 1177 I sysui_multi_action: [757,1717,758,1,759,0]
04-10 01:24:20.548 1002 1177 I sysui_multi_action: [757,1717,758,2,759,0]
04-10 01:24:20.550 1002 1177 I sysui_multi_action: [757,1717,758,3,759,0]
04-10 01:24:20.683 3769 3769 I auditd : type=1400 audit(0.0:153): avc: denied { read } for comm="ip" name="rt_tables" dev="dm-6" ino=356 scontext=u:r:ethernet:s0 tcontext=u:object_r:net_data_file:s0 tclass=file permissive=0
04-10 01:24:20.733 1002 2914 I am_uid_running: 10086
04-10 01:24:20.727 3773 3773 I auditd : type=1400 audit(0.0:154): avc: denied { read } for comm="ip" name="rt_tables" dev="dm-6" ino=356 scontext=u:r:ethernet:s0 tcontext=u:object_r:net_data_file:s0 tclass=file permissive=0
04-10 01:24:20.783 1002 1182 I am_proc_start: [0,3776,10086,com.android.music,broadcast,{com.android.music/com.android.music.MediaPlaybackReceiver}]
04-10 01:24:20.858 1002 2914 I am_proc_bound: [0,3776,com.android.music]
04-10 01:24:20.864 1002 2914 I am_uid_active: 10086
04-10 01:24:21.096 1002 2415 I am_uid_running: 10062
04-10 01:24:21.148 1002 1182 I am_proc_start: [0,3803,10062,com.android.onetimeinitializer,broadcast,{com.android.onetimeinitializer/com.android.onetimeinitializer.OneTimeInitializerReceiver}]
04-10 01:24:21.233 1002 1068 I am_proc_bound: [0,3803,com.android.onetimeinitializer]
04-10 01:24:21.247 1002 1068 I am_uid_active: 10062
04-10 01:24:21.343 3823 3823 I auditd : type=1400 audit(0.0:155): avc: denied { read } for comm="ip" name="rt_tables" dev="dm-6" ino=356 scontext=u:r:ethernet:s0 tcontext=u:object_r:net_data_file:s0 tclass=file permissive=0
04-10 01:24:21.391 3825 3825 I auditd : type=1400 audit(0.0:156): avc: denied { read } for comm="ip" name="rt_tables" dev="dm-6" ino=356 scontext=u:r:ethernet:s0 tcontext=u:object_r:net_data_file:s0 tclass=file permissive=0
04-10 01:24:21.418 1995 1995 I sysui_heads_up_status: [-1|android|26|null|1000,0]
04-10 01:24:21.443 1002 2914 I am_uid_running: 10025
04-10 01:24:21.520 1002 1182 I am_proc_start: [0,3832,10025,com.android.packageinstaller,broadcast,{com.android.packageinstaller/com.android.packageinstaller.TemporaryFileManager}]
04-10 01:24:21.610 1002 1068 I am_proc_bound: [0,3832,com.android.packageinstaller]
04-10 01:24:21.620 1002 1068 I am_uid_active: 10025
04-10 01:24:21.816 1002 2914 I am_uid_running: 10096
04-10 01:24:21.867 1002 2415 I sysui_multi_action: [757,128,758,1,793,6309,794,0,795,6309,796,17303299,797,com.android.wifi,798,1,806,android,857,NETWORK_AVAILABLE,858,2,947,0,1395,4,1500,6092,1688,1]
04-10 01:24:21.867 1002 1182 I am_proc_start: [0,3857,10096,com.android.permissioncontroller,broadcast,{com.android.permissioncontroller/com.android.permissioncontroller.permission.service.LocationAccessCheck$SetupPeriodicBackgroundLocationAccessCheck}]
04-10 01:24:21.867 1002 2415 I sysui_multi_action: [757,804,799,note_freshness,801,6309,802,1]
04-10 01:24:21.867 1002 2415 I notification_visibility: [0|android|17303299|com.android.wifi|1000,1,6309,6309,0,1]
04-10 01:24:21.868 1002 2415 I sysui_multi_action: [757,128,758,1,793,7233,794,0,795,7233,796,55,798,2,806,android,857,DEVELOPER,858,2,947,0,1395,4,1500,6296,1688,1]
04-10 01:24:21.868 1002 2415 I sysui_multi_action: [757,804,799,note_freshness,801,7233,802,1]
04-10 01:24:21.868 1002 2415 I notification_visibility: [-1|android|55|null|1000,1,7233,7233,0,2]
04-10 01:24:21.868 1002 2415 I sysui_multi_action: [757,128,758,1,793,11445,794,0,795,11445,796,32,798,3,806,android,857,USB,858,1,947,0,1395,4,1500,10630,1688,1]
04-10 01:24:21.868 1002 2415 I sysui_multi_action: [757,804,799,note_freshness,801,11445,802,1]
04-10 01:24:21.869 1002 2415 I notification_visibility: [-1|android|32|null|1000,1,11445,11445,0,3]
04-10 01:24:21.875 1002 2415 I sysui_multi_action: [757,128,758,2,793,7404,794,5600,795,7404,796,26,798,0,806,android,857,DEVELOPER_IMPORTANT,858,4,947,0,1395,4,1500,6812,1688,1]
04-10 01:24:21.875 1002 2415 I notification_visibility: [-1|android|26|null|1000,0,7404,7404,0,0]
04-10 01:24:21.875 1002 2415 I sysui_multi_action: [757,128,758,2,793,6317,794,8,795,6317,796,17303299,797,com.android.wifi,798,1,806,android,857,NETWORK_AVAILABLE,858,2,947,0,1395,4,1500,6100,1688,1]
04-10 01:24:21.876 1002 2415 I notification_visibility: [0|android|17303299|com.android.wifi|1000,0,6317,6317,0,1]
04-10 01:24:21.876 1002 2415 I sysui_multi_action: [757,128,758,2,793,7241,794,8,795,7241,796,55,798,2,806,android,857,DEVELOPER,858,2,947,0,1395,4,1500,6304,1688,1]
04-10 01:24:21.876 1002 2415 I notification_visibility: [-1|android|55|null|1000,0,7241,7241,0,2]
04-10 01:24:21.876 1002 2415 I sysui_multi_action: [757,128,758,2,793,11453,794,8,795,11453,796,32,798,3,806,android,857,USB,858,1,947,0,1395,4,1500,10638,1688,1]
04-10 01:24:21.876 1002 2415 I notification_visibility: [-1|android|32|null|1000,0,11453,11453,0,3]
04-10 01:24:21.877 1002 1070 I sysui_multi_action: [757,127,758,2]
04-10 01:24:21.878 1002 1070 I notification_panel_hidden:
04-10 01:24:21.950 1002 1068 I am_proc_bound: [0,3857,com.android.permissioncontroller]
04-10 01:24:21.967 1002 1068 I am_uid_active: 10096
04-10 01:24:22.039 3877 3877 I auditd : type=1400 audit(0.0:157): avc: denied { read } for comm="ip" name="rt_tables" dev="dm-6" ino=356 scontext=u:r:ethernet:s0 tcontext=u:object_r:net_data_file:s0 tclass=file permissive=0
04-10 01:24:22.095 3878 3878 I auditd : type=1400 audit(0.0:158): avc: denied { read } for comm="ip" name="rt_tables" dev="dm-6" ino=356 scontext=u:r:ethernet:s0 tcontext=u:object_r:net_data_file:s0 tclass=file permissive=0
04-10 01:24:22.305 1002 1510 I am_uid_running: 10029
04-10 01:24:22.350 1002 1182 I am_proc_start: [0,3886,10029,com.android.providers.calendar,broadcast,{com.android.providers.calendar/com.android.providers.calendar.CalendarReceiver}]
04-10 01:24:22.431 1002 1068 I am_proc_bound: [0,3886,com.android.providers.calendar]
04-10 01:24:22.442 1002 1068 I am_uid_active: 10029
04-10 01:24:22.731 3915 3915 I auditd : type=1400 audit(0.0:159): avc: denied { read } for comm="ip" name="rt_tables" dev="dm-6" ino=356 scontext=u:r:ethernet:s0 tcontext=u:object_r:net_data_file:s0 tclass=file permissive=0
04-10 01:24:22.775 3917 3917 I auditd : type=1400 audit(0.0:160): avc: denied { read } for comm="ip" name="rt_tables" dev="dm-6" ino=356 scontext=u:r:ethernet:s0 tcontext=u:object_r:net_data_file:s0 tclass=file permissive=0
04-10 01:24:22.779 3184 3184 I auditd : type=1400 audit(0.0:161): avc: denied { write } for comm="sh" name="ip_forward" dev="proc" ino=41399 scontext=u:r:ethernet:s0 tcontext=u:object_r:proc_net:s0 tclass=file permissive=0
04-10 01:24:22.779 3184 3184 I auditd : type=1400 audit(0.0:162): avc: denied { write } for comm="sh" name="ip_default_ttl" dev="proc" ino=58378 scontext=u:r:ethernet:s0 tcontext=u:object_r:proc_net:s0 tclass=file permissive=0
04-10 01:24:22.779 3184 3184 I auditd : type=1400 audit(0.0:163): avc: denied { write } for comm="sh" name="tcp_keepalive_probes" dev="proc" ino=58379 scontext=u:r:ethernet:s0 tcontext=u:object_r:proc_net:s0 tclass=file permissive=0
04-10 01:24:22.873 1002 1068 I am_uid_running: 2000
04-10 01:24:22.933 1002 1182 I am_proc_start: [0,3920,2000,com.android.shell,broadcast,{com.android.shell/com.android.shell.HeapDumpReceiver}]
04-10 01:24:22.996 1002 1068 I am_proc_bound: [0,3920,com.android.shell]
04-10 01:24:23.002 1002 1068 I am_uid_active: 2000
04-10 01:24:23.203 1002 1510 I am_uid_running: 10076
04-10 01:24:23.253 1002 1182 I am_proc_start: [0,3947,10076,com.qti.ltebc,broadcast,{com.qti.ltebc/com.qualcomm.ltebc.LTEBroadcastBootReceiver}]
04-10 01:24:23.345 1002 2914 I am_proc_bound: [0,3947,com.qti.ltebc]
04-10 01:24:23.363 1002 2914 I am_uid_active: 10076
04-10 01:24:23.759 3040 3040 I auditd : type=1400 audit(0.0:179): avc: granted { read } for comm=4173796E635461736B202336 name="arp" dev="proc" ino=4026532256 scontext=u:r:platform_app:s0:c512,c768 tcontext=u:object_r:proc_net:s0 tclass=file app=com.hht.lebocast
04-10 01:24:23.763 3040 3040 I auditd : type=1400 audit(0.0:180): avc: granted { read open } for comm=4173796E635461736B202336 path="/proc/3040/net/arp" dev="proc" ino=4026532256 scontext=u:r:platform_app:s0:c512,c768 tcontext=u:object_r:proc_net:s0 tclass=file app=com.hht.lebocast
04-10 01:24:23.763 3040 3040 I auditd : type=1400 audit(0.0:181): avc: granted { getattr } for comm=4173796E635461736B202336 path="/proc/3040/net/arp" dev="proc" ino=4026532256 scontext=u:r:platform_app:s0:c512,c768 tcontext=u:object_r:proc_net:s0 tclass=file app=com.hht.lebocast
04-10 01:24:23.763 3040 3040 I auditd : type=1400 audit(0.0:182): avc: granted { getattr } for comm=4173796E635461736B202336 path="/proc/3040/net/arp" dev="proc" ino=4026532256 scontext=u:r:platform_app:s0:c512,c768 tcontext=u:object_r:proc_net:s0 tclass=file app=com.hht.lebocast
04-10 01:24:23.883 3999 3999 I auditd : type=1400 audit(0.0:183): avc: denied { read } for comm="cat" name="address" dev="sysfs" ino=65992 scontext=u:r:platform_app:s0:c512,c768 tcontext=u:object_r:sysfs:s0 tclass=file permissive=0 app=com.hht.lebocast
04-10 01:24:28.464 1002 1177 I am_pss : [2707,10079,com.android.launcher3,96300032,84799488,0,222715904,0,2,20]
04-10 01:24:28.506 1002 2415 I am_uid_running: 10060
04-10 01:24:28.559 1002 1182 I am_proc_start: [0,4035,10060,com.qualcomm.qti.qms.service.connectionsecurity,broadcast,{com.qualcomm.qti.qms.service.connectionsecurity/com.qualcomm.qti.qms.service.connectionsecurity.ConnSecBroadcastReceiver}]
04-10 01:24:28.635 1002 2415 I am_proc_bound: [0,4035,com.qualcomm.qti.qms.service.connectionsecurity]
04-10 01:24:28.643 1002 2415 I am_uid_active: 10060
04-10 01:24:28.747 1002 1510 I am_proc_died: [0,3947,com.qti.ltebc,905,19]
04-10 01:24:28.749 1002 1510 I am_uid_stopped: 10076
04-10 01:24:28.925 1002 1510 I service_manager_stats: [100,307,12965]
04-10 01:24:28.935 1002 2415 I am_uid_running: 10019
04-10 01:24:28.980 1002 1182 I am_proc_start: [0,4068,10019,com.android.externalstorage,broadcast,{com.android.externalstorage/com.android.externalstorage.MountReceiver}]
04-10 01:24:29.050 1002 1510 I am_proc_bound: [0,4068,com.android.externalstorage]
04-10 01:24:29.308 1002 1070 I am_uid_running: 10076
04-10 01:24:29.352 1002 1182 I am_proc_start: [0,4090,10076,com.qti.ltebc,broadcast,{com.qti.ltebc/com.qualcomm.ltebc.LTEBroadcastReceiver}]
04-10 01:24:29.426 1002 1510 I am_proc_bound: [0,4090,com.qti.ltebc]
04-10 01:24:29.437 1002 1510 I am_uid_active: 10076
04-10 01:24:34.347 4127 4127 I auditd : type=1400 audit(0.0:186): avc: denied { dac_read_search } for comm="tlogd.sh" capability=2 scontext=u:r:np_thundercomm_tlogdsh:s0 tcontext=u:r:np_thundercomm_tlogdsh:s0 tclass=capability permissive=0
04-10 01:24:34.347 4127 4127 I auditd : type=1400 audit(0.0:187): avc: denied { dac_override } for comm="tlogd.sh" capability=1 scontext=u:r:np_thundercomm_tlogdsh:s0 tcontext=u:r:np_thundercomm_tlogdsh:s0 tclass=capability permissive=0
04-10 01:24:34.692 1002 1070 I am_proc_died: [0,4090,com.qti.ltebc,0,11]
04-10 01:24:34.693 1002 1070 I am_broadcast_discard_app: [0,80912461,android.intent.action.MEDIA_MOUNTED,2,ResolveInfo{561805b com.qti.ltebc/com.qualcomm.ltebc.LTEBroadcastReceiver m=0x208000}]
04-10 01:24:34.695 1002 1070 I am_uid_stopped: 10076
04-10 01:24:34.703 1002 1181 I am_uid_running: 10076
04-10 01:24:34.760 1002 1182 I am_proc_start: [0,4136,10076,com.qti.ltebc,broadcast,{com.qti.ltebc/com.qualcomm.ltebc.LTEBroadcastReceiver}]
04-10 01:24:34.838 1002 1070 I am_proc_bound: [0,4136,com.qti.ltebc]
04-10 01:24:34.840 1002 1070 I am_uid_active: 10076
04-10 01:24:37.110 1002 1177 I am_pss : [2690,10098,android.ext.services,13446144,6021120,0,126894080,0,5,14]
04-10 01:24:37.126 1002 1177 I am_pss : [3008,10092,com.qualcomm.qtil.aptxui,7375872,5844992,0,91504640,0,19,11]
04-10 01:24:37.147 1002 1177 I am_pss : [2647,1000,com.android.settings,32000000,18116608,0,147668992,0,19,15]
04-10 01:24:37.165 1002 1177 I am_pss : [3181,10035,com.android.traceur,9426944,6455296,0,98648064,0,19,13]
04-10 01:24:38.022 1002 1177 I am_pss : [3240,10077,com.qualcomm.location.XT,6479872,4759552,0,94064640,0,6,13]
04-10 01:24:38.038 1002 1177 I am_pss : [3230,1000,com.android.keychain,8064000,6447104,0,93720576,0,19,12]
04-10 01:24:38.053 1002 1177 I am_pss : [3308,1000,com.qualcomm.qti.qmmi,6998016,5382144,0,92553216,0,19,11]
04-10 01:24:38.073 1002 1177 I am_pss : [3435,10030,com.baidu.input,67510272,60526592,0,178937856,0,7,16]
04-10 01:24:40.314 1002 1177 I am_pss : [3643,1000,com.android.dynsystem:dynsystem,5776384,3993600,0,91246592,0,19,13]
04-10 01:24:40.330 1002 1177 I am_pss : [3618,1000,com.android.localtransport,5488640,3854336,0,91197440,0,19,12]
04-10 01:24:40.345 1002 1177 I am_pss : [3571,1000,com.android.dynsystem,5498880,3837952,0,90329088,0,19,11]
04-10 01:24:40.362 1002 1177 I am_pss : [3512,1000,com.qti.diagservices,6214656,4173824,0,95522816,0,10,12]
04-10 01:24:40.455 1002 1070 I am_proc_died: [0,4136,com.qti.ltebc,0,11]
04-10 01:24:40.456 1002 1070 I am_broadcast_discard_app: [0,191030145,android.intent.action.MEDIA_MOUNTED,2,ResolveInfo{20965c2 com.qti.ltebc/com.qualcomm.ltebc.LTEBroadcastReceiver m=0x208000}]
04-10 01:24:40.457 1002 1070 I am_uid_stopped: 10076
04-10 01:24:40.465 1002 1181 I am_uid_running: 10076
04-10 01:24:40.481 1002 1177 I am_pss : [2813,10089,com.qualcomm.qti.qccauthmgr,6346752,4472832,0,95244288,0,19,12]
04-10 01:24:40.497 1002 1177 I am_pss : [3744,10036,com.android.managedprovisioning,8993792,7331840,0,94552064,0,19,12]
