04-10 01:25:59.105 1002 1163 I input_focus: [Focus request 73b612c com.android.launcher3/com.android.launcher3.uioverrides.QuickstepLauncher,reason=UpdateInputWindows]
04-10 01:25:59.113 1002 1002 I power_screen_broadcast_done: [1,88,1]
04-10 01:25:59.123 1002 1664 I input_interaction: Interaction with: edge-swipe (server), swipe-up (server), PointerEventDispatcher0 (server),
04-10 01:25:59.154 1002 1002 I sysui_multi_action: [757,198,758,1,759,1,1359,151,1694,1]
04-10 01:25:59.154 1002 1002 I power_screen_state: [1,0,0,0,151]
04-10 01:25:59.154 1002 1181 I am_wtf : [0,1002,system_server,-1,DisplayDeviceConfig,requesting nits when no mapping exists.]
04-10 01:25:59.156 1002 1181 I am_wtf : [0,1002,system_server,-1,DisplayDeviceConfig,requesting nits when no mapping exists.]
04-10 01:25:59.166 1002 1664 I input_focus: [Focus entering 73b612c com.android.launcher3/com.android.launcher3.uioverrides.QuickstepLauncher (server),reason=setFocusedWindow]
04-10 01:26:00.677 1002 1664 I input_interaction: Interaction with: 73b612c com.android.launcher3/com.android.launcher3.uioverrides.QuickstepLauncher (server), 58d616e com.android.systemui.ImageWallpaper (server), edge-swipe (server), swipe-up (server), PointerEventDispatcher0 (server),
04-10 01:26:02.173 1426 2907 I liblog : 129
04-10 01:26:02.173 1426 2907 I liblog : 2
04-10 01:26:02.175 1426 2907 I liblog : 23
04-10 01:26:02.175 1426 2907 I liblog : 1
04-10 01:26:02.175 1426 2907 I liblog : 4
04-10 01:26:02.175 1426 2907 I liblog : 2
04-10 01:26:02.181 1426 2907 I liblog : 24
04-10 01:26:02.182 1426 2907 I liblog : 2
04-10 01:26:02.184 1426 2907 I liblog : 6
04-10 01:26:02.192 1426 1459 I liblog : 8
04-10 01:26:03.424 1002 1664 I input_interaction: Interaction with: 2d5abae StatusBar (server), edge-swipe (server), swipe-up (server), PointerEventDispatcher0 (server),
04-10 01:26:03.446 1995 1995 I sysui_multi_action: [757,803,799,panel_open,802,1]
04-10 01:26:03.450 1995 1995 I sysui_multi_action: [757,1328,758,4,1326,64,1327,2,1329,0]
04-10 01:26:03.458 1002 2415 I sysui_multi_action: [757,127,758,1]
04-10 01:26:03.458 1002 2415 I sysui_multi_action: [757,804,799,note_load,801,5,802,1]
04-10 01:26:03.459 1002 2415 I notification_panel_revealed: 5
04-10 01:26:03.472 1002 1163 I input_focus: [Focus request 10ef944 NotificationShade,reason=UpdateInputWindows]
04-10 01:26:03.486 1002 3323 I sysui_multi_action: [757,128,758,1,793,59489,794,0,795,59127,796,1,798,1,806,com.android.traceur,857,trace-is-being-recorded,858,4,947,0,1395,5,1500,59127,1688,1]
04-10 01:26:03.486 1002 3323 I sysui_multi_action: [757,804,799,note_freshness,801,59127,802,1]
04-10 01:26:03.486 1002 3323 I notification_visibility: [0|com.android.traceur|1|null|10035,1,59489,59127,0,1]
04-10 01:26:03.487 1995 1995 I sysui_multi_action: [757,111,758,1]
04-10 01:26:03.487 1002 3323 I sysui_multi_action: [757,128,758,1,793,109016,794,0,795,109016,796,26,798,0,806,android,857,DEVELOPER_IMPORTANT,858,4,947,0,1395,5,1500,108424,1688,1]
04-10 01:26:03.487 1002 3323 I sysui_multi_action: [757,804,799,note_freshness,801,109016,802,1]
04-10 01:26:03.487 1995 1995 I sysui_multi_action: [757,268,758,1,759,268,806,com.android.traceur,871,com.android.traceur.QsService,927,0,1593,0]
04-10 01:26:03.487 1002 3323 I notification_visibility: [-1|android|26|null|1000,1,109016,109016,0,0]
04-10 01:26:03.487 1995 1995 I sysui_multi_action: [757,126,758,1,759,126,927,1,928,1,1593,0]
04-10 01:26:03.488 1995 1995 I sysui_multi_action: [757,113,758,1,759,113,927,2,928,1,1593,0]
04-10 01:26:03.488 1002 3323 I sysui_multi_action: [757,128,758,1,793,107930,794,0,795,107930,796,17303299,797,com.android.wifi,798,2,806,android,857,NETWORK_AVAILABLE,858,2,947,0,1395,5,1500,107713,1688,1]
04-10 01:26:03.488 1995 1995 I sysui_multi_action: [757,0,758,1,759,0,927,3,928,0,1593,0]
04-10 01:26:03.488 1002 3323 I sysui_multi_action: [757,804,799,note_freshness,801,107930,802,1]
04-10 01:26:03.488 1995 1995 I sysui_multi_action: [757,0,758,1,759,0,927,4,928,0,1593,0]
04-10 01:26:03.488 1002 3323 I notification_visibility: [0|android|17303299|com.android.wifi|1000,1,107930,107930,0,2]
04-10 01:26:03.488 1002 3323 I sysui_multi_action: [757,128,758,1,793,108853,794,0,795,108853,796,55,798,3,806,android,857,DEVELOPER,858,2,947,0,1395,5,1500,107916,1688,1]
04-10 01:26:03.488 1002 3323 I sysui_multi_action: [757,804,799,note_freshness,801,108853,802,1]
04-10 01:26:03.488 1002 3323 I notification_visibility: [-1|android|55|null|1000,1,108853,108853,0,3]
04-10 01:26:03.488 1995 1995 I sysui_multi_action: [757,491,758,1,759,491,927,5,928,0,1311,-1,1593,0]
04-10 01:26:03.488 1995 1995 I sysui_multi_action: [757,0,758,1,759,0,927,6,928,0,1593,0]
04-10 01:26:03.488 1002 3323 I sysui_multi_action: [757,128,758,1,793,113065,794,0,795,113065,796,32,798,4,806,android,857,USB,858,1,947,0,1395,5,1500,112250,1688,1]
04-10 01:26:03.488 1995 1995 I sysui_multi_action: [757,0,758,1,759,0,927,7,1593,0]
04-10 01:26:03.488 1002 3323 I sysui_multi_action: [757,804,799,note_freshness,801,113065,802,1]
04-10 01:26:03.489 1002 3323 I notification_visibility: [-1|android|32|null|1000,1,113065,113065,0,4]
04-10 01:26:03.489 1995 1995 I sysui_multi_action: [757,111,758,1]
04-10 01:26:03.489 1995 1995 I sysui_multi_action: [757,268,758,1,759,268,806,com.android.traceur,871,com.android.traceur.QsService,927,0,1593,0]
04-10 01:26:03.489 1995 1995 I sysui_multi_action: [757,126,758,1,759,126,927,1,928,1,1593,0]
04-10 01:26:03.489 1995 1995 I sysui_multi_action: [757,113,758,1,759,113,927,2,928,1,1593,0]
04-10 01:26:03.489 1995 1995 I sysui_multi_action: [757,0,758,1,759,0,927,3,928,0,1593,0]
04-10 01:26:03.513 1002 1664 I input_focus: [Focus leaving 73b612c com.android.launcher3/com.android.launcher3.uioverrides.QuickstepLauncher (server),reason=setFocusedWindow]
04-10 01:26:03.513 1002 1664 I input_focus: [Focus entering 10ef944 NotificationShade (server),reason=setFocusedWindow]
04-10 01:26:04.194 1002 1664 I input_interaction: Interaction with: 10ef944 NotificationShade (server), edge-swipe (server), swipe-up (server), PointerEventDispatcher0 (server),
04-10 01:26:04.341 1002 2415 I intercept_power: [ACTION_DOWN,0,0]
04-10 01:26:04.358 1002 1181 I am_uid_idle: 10035
04-10 01:26:04.400 1002 2415 I intercept_power: [ACTION_UP,0,0]
04-10 01:26:04.404 1002 1002 I power_sleep_requested: 0
04-10 01:26:04.464 1002 1211 I sysui_multi_action: [757,1696,758,6,759,0]
04-10 01:26:04.561 1002 1181 I am_wtf : [0,1002,system_server,-1,DisplayDeviceConfig,requesting nits when no mapping exists.]
04-10 01:26:04.561 1002 1211 I wm_pause_activity: [0,247139416,com.android.launcher3/.uioverrides.QuickstepLauncher,userLeaving=false,sleep]
04-10 01:26:04.561 2707 2707 I wm_on_top_resumed_lost_called: [247139416,com.android.launcher3.uioverrides.QuickstepLauncher,topStateChangedWhenResumed]
04-10 01:26:04.565 2707 2707 I wm_on_paused_called: [247139416,com.android.launcher3.uioverrides.QuickstepLauncher,performPause]
04-10 01:26:04.566 1002 2415 I wm_add_to_stopping: [0,247139416,com.android.launcher3/.uioverrides.QuickstepLauncher,completePauseLocked]
04-10 01:26:04.573 1002 1181 I service_manager_slow: [11,dropbox]
04-10 01:26:04.576 1002 1161 I wm_stop_activity: [0,247139416,com.android.launcher3/.uioverrides.QuickstepLauncher]
04-10 01:26:04.577 1002 1161 I sysui_multi_action: [757,803,799,window_time_0,802,8]
04-10 01:26:04.583 1002 1181 I am_wtf : [0,1002,system_server,-1,DisplayDeviceConfig,requesting nits when no mapping exists.]
04-10 01:26:04.593 2707 2707 I wm_on_stop_called: [247139416,com.android.launcher3.uioverrides.QuickstepLauncher,STOP_ACTIVITY_ITEM]
04-10 01:26:04.599 1995 1995 I sysui_multi_action: [757,111,758,2]
04-10 01:26:04.599 1995 1995 I sysui_multi_action: [757,111,758,2]
04-10 01:26:07.568 1002 1002 I sysui_multi_action: [757,198,758,2,759,2,1359,3170,1695,4]
04-10 01:26:07.568 1002 1002 I power_screen_state: [0,2,0,0,3170]
04-10 01:26:07.568 1002 1002 I screen_toggled: 0
04-10 01:26:07.568 1002 1002 I sysui_multi_action: [757,804,799,screen_timeout,801,60,802,1]
04-10 01:26:07.569 1002 1002 I sysui_multi_action: [757,1594,758,4,759,-2147483648,1359,8415]
04-10 01:26:07.570 1002 1002 I power_screen_broadcast_send: 1
04-10 01:26:07.599 1002 1002 I battery_saving_stats: [0,1,0,8530,0,0,109373,0,0]
04-10 01:26:07.621 1002 2438 I sysui_multi_action: [757,128,758,2,793,63624,794,4135,795,63262,796,1,798,1,806,com.android.traceur,857,trace-is-being-recorded,858,4,947,0,1395,5,1500,63262,1688,1]
04-10 01:26:07.622 1002 2438 I notification_visibility: [0|com.android.traceur|1|null|10035,0,63624,63262,0,1]
04-10 01:26:07.623 1002 1664 I input_focus: [Focus leaving 10ef944 NotificationShade (server),reason=NOT_FOCUSABLE]
04-10 01:26:07.623 1002 2438 I sysui_multi_action: [757,128,758,2,793,113152,794,4136,795,113152,796,26,798,0,806,android,857,DEVELOPER_IMPORTANT,858,4,947,0,1395,5,1500,112560,1688,1]
04-10 01:26:07.624 1002 2438 I notification_visibility: [-1|android|26|null|1000,0,113152,113152,0,0]
04-10 01:26:07.626 1002 2438 I sysui_multi_action: [757,128,758,2,793,112068,794,4138,795,112068,796,17303299,797,com.android.wifi,798,2,806,android,857,NETWORK_AVAILABLE,858,2,947,0,1395,5,1500,111851,1688,1]
04-10 01:26:07.626 1002 2438 I notification_visibility: [0|android|17303299|com.android.wifi|1000,0,112068,112068,0,2]
04-10 01:26:07.631 1002 2438 I sysui_multi_action: [757,128,758,2,793,112993,794,4140,795,112993,796,55,798,3,806,android,857,DEVELOPER,858,2,947,0,1395,5,1500,112056,1688,1]
04-10 01:26:07.632 1002 2438 I notification_visibility: [-1|android|55|null|1000,0,112993,112993,0,3]
04-10 01:26:07.633 1002 2438 I sysui_multi_action: [757,128,758,2,793,117209,794,4144,795,117209,796,32,798,4,806,android,857,USB,858,1,947,0,1395,5,1500,116394,1688,1]
04-10 01:26:07.633 1002 2438 I notification_visibility: [-1|android|32|null|1000,0,117209,117209,0,4]
04-10 01:26:07.634 1002 3323 I sysui_multi_action: [757,127,758,2]
04-10 01:26:07.634 1002 3323 I notification_panel_hidden:
04-10 01:26:07.636 1002 1002 I power_screen_broadcast_done: [0,66,1]
04-10 01:26:10.925 1002 1665 I intercept_power: [ACTION_DOWN,0,0]
04-10 01:26:10.944 1002 1665 I intercept_power: [ACTION_UP,0,0]
04-10 01:26:10.948 1002 1002 I screen_toggled: 1
04-10 01:26:10.967 1002 1211 I wm_set_resumed_activity: [0,com.android.launcher3/.uioverrides.QuickstepLauncher,resumeTopActivityInnerLocked]
04-10 01:26:10.968 1002 1211 I wm_resume_activity: [0,247139416,12,com.android.launcher3/.uioverrides.QuickstepLauncher]
04-10 01:26:10.972 1002 1177 I am_pss : [4203,10056,com.qualcomm.qti.qms.service.trustzoneaccess,5613568,3870720,0,91471872,0,19,13]
04-10 01:26:10.985 1002 1002 I dvm_lock_sample: [system_server,0,main,37,DisplayRotation.java,1014,void com.android.server.wm.DisplayRotation.updateOrientationListener(),,0,null,7]
04-10 01:26:10.987 1002 1002 I power_screen_broadcast_send: 1
04-10 01:26:10.992 2707 2707 I wm_on_restart_called: [247139416,com.android.launcher3.uioverrides.QuickstepLauncher,performRestartActivity]
04-10 01:26:10.992 2707 2707 I wm_on_start_called: [247139416,com.android.launcher3.uioverrides.QuickstepLauncher,handleStartActivity]
04-10 01:26:10.993 2707 2707 I wm_on_resume_called: [247139416,com.android.launcher3.uioverrides.QuickstepLauncher,RESUME_ACTIVITY]
04-10 01:26:10.993 2707 2707 I wm_on_top_resumed_gained_called: [247139416,com.android.launcher3.uioverrides.QuickstepLauncher,topWhenResuming]
04-10 01:26:10.995 1002 1211 I sysui_multi_action: [757,1696,758,6,759,3]
04-10 01:26:11.021 1002 1002 I battery_saving_stats: [0,0,0,3422,0,0,10695,0,0]
04-10 01:26:11.041 1002 1163 I input_focus: [Focus request 73b612c com.android.launcher3/com.android.launcher3.uioverrides.QuickstepLauncher,reason=UpdateInputWindows]
04-10 01:26:11.052 1002 1002 I power_screen_broadcast_done: [1,65,1]
04-10 01:26:11.084 1002 1181 I am_wtf : [0,1002,system_server,-1,DisplayDeviceConfig,requesting nits when no mapping exists.]
04-10 01:26:11.085 1002 1002 I sysui_multi_action: [757,198,758,1,759,1,1359,163,1694,1]
04-10 01:26:11.085 1002 1002 I power_screen_state: [1,0,0,0,163]
04-10 01:26:11.095 1002 1664 I input_focus: [Focus entering 73b612c com.android.launcher3/com.android.launcher3.uioverrides.QuickstepLauncher (server),reason=setFocusedWindow]
04-10 01:26:11.098 1002 1181 I am_wtf : [0,1002,system_server,-1,DisplayDeviceConfig,requesting nits when no mapping exists.]
04-10 01:26:11.111 1002 1664 I input_interaction: Interaction with: 73b612c com.android.launcher3/com.android.launcher3.uioverrides.QuickstepLauncher (server), 58d616e com.android.systemui.ImageWallpaper (server), edge-swipe (server), swipe-up (server), PointerEventDispatcher0 (server),
04-10 01:26:11.114 1002 1664 I input_interaction: Interaction with: 73b612c com.android.launcher3/com.android.launcher3.uioverrides.QuickstepLauncher (server), PointerEventDispatcher0 (server),
04-10 01:26:11.117 1002 1664 I input_interaction: Interaction with: 73b612c com.android.launcher3/com.android.launcher3.uioverrides.QuickstepLauncher (server), 58d616e com.android.systemui.ImageWallpaper (server), edge-swipe (server), swipe-up (server), PointerEventDispatcher0 (server),
04-10 01:26:15.285 1002 1664 I input_interaction: Interaction with: 2d5abae StatusBar (server), edge-swipe (server), swipe-up (server), PointerEventDispatcher0 (server),
04-10 01:26:15.310 1995 1995 I sysui_multi_action: [757,803,799,panel_open,802,1]
04-10 01:26:15.314 1995 1995 I sysui_multi_action: [757,1328,758,4,1326,62,1327,0,1329,0]
04-10 01:26:15.320 1002 2415 I sysui_multi_action: [757,127,758,1]
04-10 01:26:15.321 1002 2415 I sysui_multi_action: [757,804,799,note_load,801,5,802,1]
04-10 01:26:15.321 1002 2415 I notification_panel_revealed: 5
04-10 01:26:15.334 1002 1163 I input_focus: [Focus request 10ef944 NotificationShade,reason=UpdateInputWindows]
04-10 01:26:15.350 1995 1995 I sysui_multi_action: [757,111,758,1]
04-10 01:26:15.351 1995 1995 I sysui_multi_action: [757,268,758,1,759,268,806,com.android.traceur,871,com.android.traceur.QsService,927,0,1593,1]
04-10 01:26:15.351 1002 2415 I sysui_multi_action: [757,128,758,1,793,71354,794,0,795,70992,796,1,798,1,806,com.android.traceur,857,trace-is-being-recorded,858,4,947,0,1395,5,1500,70992,1688,1]
04-10 01:26:15.351 1995 1995 I sysui_multi_action: [757,126,758,1,759,126,927,1,928,1,1593,1]
04-10 01:26:15.351 1002 2415 I sysui_multi_action: [757,804,799,note_freshness,801,70992,802,1]
04-10 01:26:15.351 1995 1995 I sysui_multi_action: [757,113,758,1,759,113,927,2,928,1,1593,1]
04-10 01:26:15.351 1995 1995 I sysui_multi_action: [757,0,758,1,759,0,927,3,928,0,1593,1]
04-10 01:26:15.351 1995 1995 I sysui_multi_action: [757,0,758,1,759,0,927,4,928,0,1593,1]
04-10 01:26:15.351 1002 2415 I notification_visibility: [0|com.android.traceur|1|null|10035,1,71354,70992,0,1]
04-10 01:26:15.352 1002 2415 I sysui_multi_action: [757,128,758,1,793,120881,794,0,795,120881,796,26,798,0,806,android,857,DEVELOPER_IMPORTANT,858,4,947,0,1395,5,1500,120289,1688,1]
04-10 01:26:15.352 1995 1995 I sysui_multi_action: [757,491,758,1,759,491,927,5,928,0,1311,-1,1593,1]
04-10 01:26:15.352 1002 2415 I sysui_multi_action: [757,804,799,note_freshness,801,120881,802,1]
04-10 01:26:15.352 1002 2415 I notification_visibility: [-1|android|26|null|1000,1,120881,120881,0,0]
04-10 01:26:15.352 1995 1995 I sysui_multi_action: [757,0,758,1,759,0,927,6,928,0,1593,1]
04-10 01:26:15.352 1995 1995 I sysui_multi_action: [757,0,758,1,759,0,927,7,1593,1]
04-10 01:26:15.352 1002 2415 I sysui_multi_action: [757,128,758,1,793,119794,794,0,795,119794,796,17303299,797,com.android.wifi,798,2,806,android,857,NETWORK_AVAILABLE,858,2,947,0,1395,5,1500,119577,1688,1]
04-10 01:26:15.352 1002 2415 I sysui_multi_action: [757,804,799,note_freshness,801,119794,802,1]
04-10 01:26:15.352 1995 1995 I sysui_multi_action: [757,111,758,1]
04-10 01:26:15.352 1002 2415 I notification_visibility: [0|android|17303299|com.android.wifi|1000,1,119794,119794,0,2]
04-10 01:26:15.352 1995 1995 I sysui_multi_action: [757,268,758,1,759,268,806,com.android.traceur,871,com.android.traceur.QsService,927,0,1593,1]
04-10 01:26:15.352 1002 2415 I sysui_multi_action: [757,128,758,1,793,120717,794,0,795,120717,796,55,798,3,806,android,857,DEVELOPER,858,2,947,0,1395,5,1500,119780,1688,1]
04-10 01:26:15.352 1995 1995 I sysui_multi_action: [757,126,758,1,759,126,927,1,928,1,1593,1]
04-10 01:26:15.353 1002 2415 I sysui_multi_action: [757,804,799,note_freshness,801,120717,802,1]
04-10 01:26:15.353 1995 1995 I sysui_multi_action: [757,113,758,1,759,113,927,2,928,1,1593,1]
04-10 01:26:15.353 1002 2415 I notification_visibility: [-1|android|55|null|1000,1,120717,120717,0,3]
04-10 01:26:15.353 1995 1995 I sysui_multi_action: [757,0,758,1,759,0,927,3,928,0,1593,1]
04-10 01:26:15.353 1002 2415 I sysui_multi_action: [757,128,758,1,793,124930,794,0,795,124930,796,32,798,4,806,android,857,USB,858,1,947,0,1395,5,1500,124115,1688,1]
04-10 01:26:15.353 1002 2415 I sysui_multi_action: [757,804,799,note_freshness,801,124930,802,1]
04-10 01:26:15.353 1002 2415 I notification_visibility: [-1|android|32|null|1000,1,124930,124930,0,4]
04-10 01:26:15.360 1002 1664 I input_focus: [Focus leaving 73b612c com.android.launcher3/com.android.launcher3.uioverrides.QuickstepLauncher (server),reason=setFocusedWindow]
04-10 01:26:15.360 1002 1664 I input_focus: [Focus entering 10ef944 NotificationShade (server),reason=setFocusedWindow]
04-10 01:26:17.699 1002 1664 I input_interaction: Interaction with: 10ef944 NotificationShade (server), edge-swipe (server), swipe-up (server), PointerEventDispatcher0 (server),
04-10 01:26:17.796 1002 1181 I am_uid_idle: 10096
04-10 01:26:17.893 1995 1995 I sysui_multi_action: [757,925,758,4,759,268,806,com.android.traceur,871,com.android.traceur.QsService,927,0,1592,0,1593,1]
04-10 01:26:18.134 1002 2415 I am_uid_active: 10035
04-10 01:26:18.155 1002 1002 I notification_enqueue: [10035,3181,com.android.traceur,2,NULL,0,Notification(channel=system-tracing shortcut=null contentView=null vibrate=null sound=null tick defaults=0x0 flags=0x140 color=0x00000000 vis=PRIVATE),0]
04-10 01:26:18.158 1002 1002 I sysui_multi_action: [757,128,758,5,759,8,793,74161,794,2807,795,73799,796,1,806,com.android.traceur,857,trace-is-being-recorded,858,4,947,0,1500,73799,1688,1]
04-10 01:26:18.159 1002 1002 I notification_canceled: [0|com.android.traceur|1|null|10035,8,74161,73799,2807,-1,-1,NULL]
04-10 01:26:18.357 1002 1002 I sysui_multi_action: [757,1501,758,1,793,201,794,0,795,201,796,2,806,com.android.traceur,857,system-tracing,858,4,947,0,1500,0,1688,1]
04-10 01:26:18.357 1002 1002 I sysui_multi_action: [757,804,799,note_interruptive,801,0,802,1]
04-10 01:26:18.361 1002 1002 I sysui_multi_action: [757,1501,758,1,793,206,794,0,795,206,796,2,806,com.android.traceur,857,system-tracing,858,4,947,0,1500,0,1688,1]
04-10 01:26:18.362 1002 1002 I sysui_multi_action: [757,804,799,note_interruptive,801,0,802,1]
04-10 01:26:18.363 1002 1002 I sysui_multi_action: [757,199,758,1,759,1,793,208,794,0,795,208,796,2,806,com.android.traceur,857,system-tracing,858,4,947,0,1500,2,1688,1]
04-10 01:26:18.363 1002 1002 I notification_alert: [0|com.android.traceur|2|null|10035,1,0,0]
04-10 01:26:18.488 1995 1995 I sysui_heads_up_status: [0|com.android.traceur|2|null|10035,1]
04-10 01:26:18.988 1002 2438 I sysui_multi_action: [757,128,758,1,793,833,794,0,795,833,796,2,798,0,806,com.android.traceur,857,system-tracing,858,4,947,0,1395,5,1500,627,1688,1]
04-10 01:26:18.989 1002 2438 I sysui_multi_action: [757,804,799,note_freshness,801,833,802,1]
04-10 01:26:18.989 1002 2438 I notification_visibility: [0|com.android.traceur|2|null|10035,1,833,833,0,0]
04-10 01:26:20.321 1002 1002 I notification_enqueue: [10035,3181,com.android.traceur,0,trace-kona-SKQ1.220201.001-2023-04-10-01-26-18.perfetto-trace,0,Notification(channel=system-tracing shortcut=null contentView=null vibrate=null sound=null tick defaults=0x0 flags=0x110 color=0x00000000 vis=PRIVATE),0]
04-10 01:26:20.330 1002 1002 I sysui_multi_action: [757,128,758,5,759,8,793,2175,794,1342,795,2175,796,2,806,com.android.traceur,857,system-tracing,858,4,947,0,1500,1969,1688,1]
04-10 01:26:20.330 1002 1002 I notification_canceled: [0|com.android.traceur|2|null|10035,8,2175,2175,1342,-1,-1,NULL]
04-10 01:26:20.347 1995 1995 I sysui_heads_up_status: [0|com.android.traceur|2|null|10035,0]
04-10 01:26:20.524 1002 1002 I sysui_multi_action: [757,1501,758,1,793,203,794,0,795,203,796,0,797,trace-kona-SKQ1.220201.001-2023-04-10-01-26-18.perfetto-trace,806,com.android.traceur,857,system-tracing,858,4,947,0,1500,0,1688,1]
04-10 01:26:20.524 1002 1002 I sysui_multi_action: [757,804,799,note_interruptive,801,0,802,1]
04-10 01:26:20.527 1002 1002 I sysui_multi_action: [757,1501,758,1,793,207,794,0,795,207,796,0,797,trace-kona-SKQ1.220201.001-2023-04-10-01-26-18.perfetto-trace,806,com.android.traceur,857,system-tracing,858,4,947,0,1500,0,1688,1]
04-10 01:26:20.527 1002 1002 I sysui_multi_action: [757,804,799,note_interruptive,801,0,802,1]
04-10 01:26:20.527 1002 1002 I sysui_multi_action: [757,199,758,1,759,1,793,207,794,0,795,207,796,0,797,trace-kona-SKQ1.220201.001-2023-04-10-01-26-18.perfetto-trace,806,com.android.traceur,857,system-tracing,858,4,947,0,1500,0,1688,1]
04-10 01:26:20.527 1002 1002 I notification_alert: [0|com.android.traceur|0|trace-kona-SKQ1.220201.001-2023-04-10-01-26-18.perfetto-trace|10035,1,0,0]
04-10 01:26:20.621 1995 1995 I sysui_heads_up_status: [0|com.android.traceur|0|trace-kona-SKQ1.220201.001-2023-04-10-01-26-18.perfetto-trace|10035,1]
04-10 01:26:21.327 1002 2438 I sysui_multi_action: [757,128,758,1,793,1006,794,0,795,1006,796,0,797,trace-kona-SKQ1.220201.001-2023-04-10-01-26-18.perfetto-trace,798,0,806,com.android.traceur,857,system-tracing,858,4,947,0,1395,5,1500,799,1688,1]
04-10 01:26:21.327 1002 2438 I sysui_multi_action: [757,804,799,note_freshness,801,1006,802,1]
04-10 01:26:21.328 1002 2438 I notification_visibility: [0|com.android.traceur|0|trace-kona-SKQ1.220201.001-2023-04-10-01-26-18.perfetto-trace|10035,1,1006,1006,0,0]
04-10 01:26:22.171 1426 2907 I liblog : 61
04-10 01:26:22.172 1426 2907 I liblog : 4
04-10 01:26:22.172 1426 2907 I liblog : 2
04-10 01:26:22.172 1426 2907 I liblog : 3
04-10 01:26:22.178 1426 2907 I liblog : 45
04-10 01:26:22.178 1426 2907 I liblog : 5
04-10 01:26:22.178 1426 2907 I liblog : 2
04-10 01:26:22.180 1426 2907 I liblog : 32
04-10 01:26:23.787 3040 3040 I auditd : type=1400 audit(0.0:194): avc: granted { read } for comm=4173796E635461736B20233334 name="arp" dev="proc" ino=4026532256 scontext=u:r:platform_app:s0:c512,c768 tcontext=u:object_r:proc_net:s0 tclass=file app=com.hht.lebocast
04-10 01:26:23.787 3040 3040 I auditd : type=1400 audit(0.0:195): avc: granted { read open } for comm=4173796E635461736B20233334 path="/proc/3040/net/arp" dev="proc" ino=4026532256 scontext=u:r:platform_app:s0:c512,c768 tcontext=u:object_r:proc_net:s0 tclass=file app=com.hht.lebocast
04-10 01:26:23.791 3040 3040 I auditd : type=1400 audit(0.0:196): avc: granted { getattr } for comm=4173796E635461736B20233334 path="/proc/3040/net/arp" dev="proc" ino=4026532256 scontext=u:r:platform_app:s0:c512,c768 tcontext=u:object_r:proc_net:s0 tclass=file app=com.hht.lebocast
04-10 01:26:23.791 3040 3040 I auditd : type=1400 audit(0.0:197): avc: granted { getattr } for comm=4173796E635461736B20233334 path="/proc/3040/net/arp" dev="proc" ino=4026532256 scontext=u:r:platform_app:s0:c512,c768 tcontext=u:object_r:proc_net:s0 tclass=file app=com.hht.lebocast
04-10 01:26:55.894 1426 2907 I liblog : 93
04-10 01:27:10.901 1002 1211 I sysui_multi_action: [757,1696,758,6,759,2]
04-10 01:27:10.914 1002 1181 I am_wtf : [0,1002,system_server,-1,DisplayDeviceConfig,requesting nits when no mapping exists.]
04-10 01:27:10.922 1002 1181 I am_wtf : [0,1002,system_server,-1,DisplayDeviceConfig,requesting nits when no mapping exists.]
04-10 01:27:10.932 1002 1181 I am_wtf : [0,1002,system_server,-1,DisplayDeviceConfig,requesting nits when no mapping exists.]
04-10 01:27:10.939 1002 1181 I am_wtf : [0,1002,system_server,-1,DisplayDeviceConfig,requesting nits when no mapping exists.]
04-10 01:27:10.944 1002 1181 I am_wtf : [0,1002,system_server,-1,DisplayDeviceConfig,requesting nits when no mapping exists.]
04-10 01:27:10.951 1002 1181 I am_wtf : [0,1002,system_server,-1,DisplayDeviceConfig,requesting nits when no mapping exists.]
04-10 01:27:10.956 1002 1181 I am_wtf : [0,1002,system_server,-1,DisplayDeviceConfig,requesting nits when no mapping exists.]
04-10 01:27:10.958 1002 1181 I am_wtf : [0,1002,system_server,-1,DisplayDeviceConfig,requesting nits when no mapping exists.]
04-10 01:27:10.972 1002 1181 I am_wtf : [0,1002,system_server,-1,DisplayDeviceConfig,requesting nits when no mapping exists.]
04-10 01:27:10.973 1002 1181 I am_wtf : [0,1002,system_server,-1,DisplayDeviceConfig,requesting nits when no mapping exists.]
04-10 01:27:10.989 1002 1181 I am_wtf : [0,1002,system_server,-1,DisplayDeviceConfig,requesting nits when no mapping exists.]
04-10 01:27:10.990 1002 1181 I am_wtf : [0,1002,system_server,-1,DisplayDeviceConfig,requesting nits when no mapping exists.]
04-10 01:27:11.005 1002 1181 I am_wtf : [0,1002,system_server,-1,DisplayDeviceConfig,requesting nits when no mapping exists.]
04-10 01:27:11.007 1002 1181 I am_wtf : [0,1002,system_server,-1,DisplayDeviceConfig,requesting nits when no mapping exists.]
04-10 01:27:11.023 1002 1181 I am_wtf : [0,1002,system_server,-1,DisplayDeviceConfig,requesting nits when no mapping exists.]
04-10 01:27:11.025 1002 1181 I am_wtf : [0,1002,system_server,-1,DisplayDeviceConfig,requesting nits when no mapping exists.]
04-10 01:27:11.038 1002 1181 I am_wtf : [0,1002,system_server,-1,DisplayDeviceConfig,requesting nits when no mapping exists.]
04-10 01:27:11.040 1002 1181 I am_wtf : [0,1002,system_server,-1,DisplayDeviceConfig,requesting nits when no mapping exists.]
04-10 01:27:11.056 1002 1181 I am_wtf : [0,1002,system_server,-1,DisplayDeviceConfig,requesting nits when no mapping exists.]
04-10 01:27:11.059 1002 1181 I am_wtf : [0,1002,system_server,-1,DisplayDeviceConfig,requesting nits when no mapping exists.]
04-10 01:27:11.072 1002 1181 I am_wtf : [0,1002,system_server,-1,DisplayDeviceConfig,requesting nits when no mapping exists.]
04-10 01:27:11.074 1002 1181 I am_wtf : [0,1002,system_server,-1,DisplayDeviceConfig,requesting nits when no mapping exists.]
04-10 01:27:11.089 1002 1181 I am_wtf : [0,1002,system_server,-1,DisplayDeviceConfig,requesting nits when no mapping exists.]
04-10 01:27:11.091 1002 1181 I am_wtf : [0,1002,system_server,-1,DisplayDeviceConfig,requesting nits when no mapping exists.]
04-10 01:27:11.105 1002 1181 I am_wtf : [0,1002,system_server,-1,DisplayDeviceConfig,requesting nits when no mapping exists.]
04-10 01:27:11.108 1002 1181 I am_wtf : [0,1002,system_server,-1,DisplayDeviceConfig,requesting nits when no mapping exists.]
04-10 01:27:11.122 1002 1181 I am_wtf : [0,1002,system_server,-1,DisplayDeviceConfig,requesting nits when no mapping exists.]
04-10 01:27:11.124 1002 1181 I am_wtf : [0,1002,system_server,-1,DisplayDeviceConfig,requesting nits when no mapping exists.]
04-10 01:27:11.128 1002 1181 I service_manager_stats: [100,224,87149]
04-10 01:27:11.139 1002 1181 I am_wtf : [0,1002,system_server,-1,DisplayDeviceConfig,requesting nits when no mapping exists.]
04-10 01:27:11.140 1002 1181 I am_wtf : [0,1002,system_server,-1,DisplayDeviceConfig,requesting nits when no mapping exists.]
04-10 01:27:11.155 1002 1181 I am_wtf : [0,1002,system_server,-1,DisplayDeviceConfig,requesting nits when no mapping exists.]
04-10 01:27:11.156 1002 1181 I am_wtf : [0,1002,system_server,-1,DisplayDeviceConfig,requesting nits when no mapping exists.]
04-10 01:27:11.173 1002 1181 I am_wtf : [0,1002,system_server,-1,DisplayDeviceConfig,requesting nits when no mapping exists.]
04-10 01:27:11.176 1002 1181 I am_wtf : [0,1002,system_server,-1,DisplayDeviceConfig,requesting nits when no mapping exists.]
04-10 01:27:11.189 1002 1181 I am_wtf : [0,1002,system_server,-1,DisplayDeviceConfig,requesting nits when no mapping exists.]
04-10 01:27:11.191 1002 1181 I am_wtf : [0,1002,system_server,-1,DisplayDeviceConfig,requesting nits when no mapping exists.]
04-10 01:27:11.206 1002 1181 I am_wtf : [0,1002,system_server,-1,DisplayDeviceConfig,requesting nits when no mapping exists.]
04-10 01:27:11.207 1002 1181 I am_wtf : [0,1002,system_server,-1,DisplayDeviceConfig,requesting nits when no mapping exists.]
04-10 01:27:11.222 1002 1181 I am_wtf : [0,1002,system_server,-1,DisplayDeviceConfig,requesting nits when no mapping exists.]
04-10 01:27:11.224 1002 1181 I am_wtf : [0,1002,system_server,-1,DisplayDeviceConfig,requesting nits when no mapping exists.]
04-10 01:27:11.239 1002 1181 I am_wtf : [0,1002,system_server,-1,DisplayDeviceConfig,requesting nits when no mapping exists.]
04-10 01:27:11.241 1002 1181 I am_wtf : [0,1002,system_server,-1,DisplayDeviceConfig,requesting nits when no mapping exists.]
04-10 01:27:11.255 1002 1181 I am_wtf : [0,1002,system_server,-1,DisplayDeviceConfig,requesting nits when no mapping exists.]
04-10 01:27:11.257 1002 1181 I am_wtf : [0,1002,system_server,-1,DisplayDeviceConfig,requesting nits when no mapping exists.]
04-10 01:27:11.272 1002 1181 I am_wtf : [0,1002,system_server,-1,DisplayDeviceConfig,requesting nits when no mapping exists.]
04-10 01:27:11.274 1002 1181 I am_wtf : [0,1002,system_server,-1,DisplayDeviceConfig,requesting nits when no mapping exists.]
04-10 01:27:11.288 1002 1181 I am_wtf : [0,1002,system_server,-1,DisplayDeviceConfig,requesting nits when no mapping exists.]
04-10 01:27:11.291 1002 1181 I am_wtf : [0,1002,system_server,-1,DisplayDeviceConfig,requesting nits when no mapping exists.]
04-10 01:27:11.305 1002 1181 I am_wtf : [0,1002,system_server,-1,DisplayDeviceConfig,requesting nits when no mapping exists.]
04-10 01:27:11.306 1002 1181 I am_wtf : [0,1002,system_server,-1,DisplayDeviceConfig,requesting nits when no mapping exists.]
04-10 01:27:11.322 1002 1181 I am_wtf : [0,1002,system_server,-1,DisplayDeviceConfig,requesting nits when no mapping exists.]
04-10 01:27:11.324 1002 1181 I am_wtf : [0,1002,system_server,-1,DisplayDeviceConfig,requesting nits when no mapping exists.]
04-10 01:27:11.340 1002 1181 I am_wtf : [0,1002,system_server,-1,DisplayDeviceConfig,requesting nits when no mapping exists.]
04-10 01:27:11.344 1002 1181 I am_wtf : [0,1002,system_server,-1,DisplayDeviceConfig,requesting nits when no mapping exists.]
04-10 01:27:11.356 1002 1181 I am_wtf : [0,1002,system_server,-1,DisplayDeviceConfig,requesting nits when no mapping exists.]
04-10 01:27:11.360 1002 1181 I am_wtf : [0,1002,system_server,-1,DisplayDeviceConfig,requesting nits when no mapping exists.]
04-10 01:27:11.372 1002 1181 I am_wtf : [0,1002,system_server,-1,DisplayDeviceConfig,requesting nits when no mapping exists.]
04-10 01:27:11.373 1002 1181 I am_wtf : [0,1002,system_server,-1,DisplayDeviceConfig,requesting nits when no mapping exists.]
04-10 01:27:11.389 1002 1181 I am_wtf : [0,1002,system_server,-1,DisplayDeviceConfig,requesting nits when no mapping exists.]
04-10 01:27:11.390 1002 1181 I am_wtf : [0,1002,system_server,-1,DisplayDeviceConfig,requesting nits when no mapping exists.]
04-10 01:27:11.405 1002 1181 I am_wtf : [0,1002,system_server,-1,DisplayDeviceConfig,requesting nits when no mapping exists.]
04-10 01:27:11.410 1002 1181 I am_wtf : [0,1002,system_server,-1,DisplayDeviceConfig,requesting nits when no mapping exists.]
04-10 01:27:11.423 1002 1181 I am_wtf : [0,1002,system_server,-1,DisplayDeviceConfig,requesting nits when no mapping exists.]
04-10 01:27:11.427 1002 1181 I am_wtf : [0,1002,system_server,-1,DisplayDeviceConfig,requesting nits when no mapping exists.]
04-10 01:27:11.440 1002 1181 I am_wtf : [0,1002,system_server,-1,DisplayDeviceConfig,requesting nits when no mapping exists.]
04-10 01:27:11.445 1002 1181 I am_wtf : [0,1002,system_server,-1,DisplayDeviceConfig,requesting nits when no mapping exists.]
04-10 01:27:11.455 1002 1181 I am_wtf : [0,1002,system_server,-1,DisplayDeviceConfig,requesting nits when no mapping exists.]
04-10 01:27:11.457 1002 1181 I am_wtf : [0,1002,system_server,-1,DisplayDeviceConfig,requesting nits when no mapping exists.]
04-10 01:27:11.472 1002 1181 I am_wtf : [0,1002,system_server,-1,DisplayDeviceConfig,requesting nits when no mapping exists.]
04-10 01:27:11.473 1002 1181 I am_wtf : [0,1002,system_server,-1,DisplayDeviceConfig,requesting nits when no mapping exists.]
04-10 01:27:11.489 1002 1181 I am_wtf : [0,1002,system_server,-1,DisplayDeviceConfig,requesting nits when no mapping exists.]
04-10 01:27:11.491 1002 1181 I am_wtf : [0,1002,system_server,-1,DisplayDeviceConfig,requesting nits when no mapping exists.]
04-10 01:27:11.509 1002 1181 I am_wtf : [0,1002,system_server,-1,DisplayDeviceConfig,requesting nits when no mapping exists.]
04-10 01:27:11.511 1002 1181 I am_wtf : [0,1002,system_server,-1,DisplayDeviceConfig,requesting nits when no mapping exists.]
04-10 01:27:11.522 1002 1181 I am_wtf : [0,1002,system_server,-1,DisplayDeviceConfig,requesting nits when no mapping exists.]
04-10 01:27:11.524 1002 1181 I am_wtf : [0,1002,system_server,-1,DisplayDeviceConfig,requesting nits when no mapping exists.]
04-10 01:27:11.539 1002 1181 I am_wtf : [0,1002,system_server,-1,DisplayDeviceConfig,requesting nits when no mapping exists.]
04-10 01:27:11.541 1002 1181 I am_wtf : [0,1002,system_server,-1,DisplayDeviceConfig,requesting nits when no mapping exists.]
04-10 01:27:11.556 1002 1181 I am_wtf : [0,1002,system_server,-1,DisplayDeviceConfig,requesting nits when no mapping exists.]
04-10 01:27:11.557 1002 1181 I am_wtf : [0,1002,system_server,-1,DisplayDeviceConfig,requesting nits when no mapping exists.]
04-10 01:27:11.572 1002 1181 I am_wtf : [0,1002,system_server,-1,DisplayDeviceConfig,requesting nits when no mapping exists.]
04-10 01:27:11.573 1002 1181 I am_wtf : [0,1002,system_server,-1,DisplayDeviceConfig,requesting nits when no mapping exists.]
04-10 01:27:11.589 1002 1181 I am_wtf : [0,1002,system_server,-1,DisplayDeviceConfig,requesting nits when no mapping exists.]
04-10 01:27:11.591 1002 1181 I am_wtf : [0,1002,system_server,-1,DisplayDeviceConfig,requesting nits when no mapping exists.]
04-10 01:27:11.607 1002 1181 I am_wtf : [0,1002,system_server,-1,DisplayDeviceConfig,requesting nits when no mapping exists.]
04-10 01:27:11.609 1002 1181 I am_wtf : [0,1002,system_server,-1,DisplayDeviceConfig,requesting nits when no mapping exists.]
04-10 01:27:11.621 1002 1181 I am_wtf : [0,1002,system_server,-1,DisplayDeviceConfig,requesting nits when no mapping exists.]
04-10 01:27:11.623 1002 1181 I am_wtf : [0,1002,system_server,-1,DisplayDeviceConfig,requesting nits when no mapping exists.]
04-10 01:27:11.638 1002 1181 I am_wtf : [0,1002,system_server,-1,DisplayDeviceConfig,requesting nits when no mapping exists.]
04-10 01:27:11.640 1002 1181 I am_wtf : [0,1002,system_server,-1,DisplayDeviceConfig,requesting nits when no mapping exists.]
04-10 01:27:11.655 1002 1181 I am_wtf : [0,1002,system_server,-1,DisplayDeviceConfig,requesting nits when no mapping exists.]
04-10 01:27:11.656 1002 1181 I am_wtf : [0,1002,system_server,-1,DisplayDeviceConfig,requesting nits when no mapping exists.]
04-10 01:27:11.672 1002 1181 I am_wtf : [0,1002,system_server,-1,DisplayDeviceConfig,requesting nits when no mapping exists.]
04-10 01:27:11.673 1002 1181 I am_wtf : [0,1002,system_server,-1,DisplayDeviceConfig,requesting nits when no mapping exists.]
04-10 01:27:11.688 1002 1181 I am_wtf : [0,1002,system_server,-1,DisplayDeviceConfig,requesting nits when no mapping exists.]
04-10 01:27:11.691 1002 1181 I am_wtf : [0,1002,system_server,-1,DisplayDeviceConfig,requesting nits when no mapping exists.]
04-10 01:27:11.705 1002 1181 I am_wtf : [0,1002,system_server,-1,DisplayDeviceConfig,requesting nits when no mapping exists.]
04-10 01:27:11.707 1002 1181 I am_wtf : [0,1002,system_server,-1,DisplayDeviceConfig,requesting nits when no mapping exists.]
04-10 01:27:11.722 1002 1181 I am_wtf : [0,1002,system_server,-1,DisplayDeviceConfig,requesting nits when no mapping exists.]
04-10 01:27:11.724 1002 1181 I am_wtf : [0,1002,system_server,-1,DisplayDeviceConfig,requesting nits when no mapping exists.]
04-10 01:27:11.739 1002 1181 I am_wtf : [0,1002,system_server,-1,DisplayDeviceConfig,requesting nits when no mapping exists.]
04-10 01:27:11.741 1002 1181 I am_wtf : [0,1002,system_server,-1,DisplayDeviceConfig,requesting nits when no mapping exists.]
04-10 01:27:11.755 1002 1181 I am_wtf : [0,1002,system_server,-1,DisplayDeviceConfig,requesting nits when no mapping exists.]
04-10 01:27:11.757 1002 1181 I am_wtf : [0,1002,system_server,-1,DisplayDeviceConfig,requesting nits when no mapping exists.]
04-10 01:27:11.773 1002 1181 I am_wtf : [0,1002,system_server,-1,DisplayDeviceConfig,requesting nits when no mapping exists.]
04-10 01:27:11.775 1002 1181 I am_wtf : [0,1002,system_server,-1,DisplayDeviceConfig,requesting nits when no mapping exists.]
04-10 01:27:11.788 1002 1181 I am_wtf : [0,1002,system_server,-1,DisplayDeviceConfig,requesting nits when no mapping exists.]
04-10 01:27:11.792 1002 1181 I am_wtf : [0,1002,system_server,-1,DisplayDeviceConfig,requesting nits when no mapping exists.]
04-10 01:27:11.805 1002 1181 I am_wtf : [0,1002,system_server,-1,DisplayDeviceConfig,requesting nits when no mapping exists.]
04-10 01:27:11.807 1002 1181 I am_wtf : [0,1002,system_server,-1,DisplayDeviceConfig,requesting nits when no mapping exists.]
04-10 01:27:11.823 1002 1181 I am_wtf : [0,1002,system_server,-1,DisplayDeviceConfig,requesting nits when no mapping exists.]
04-10 01:27:11.824 1002 1181 I am_wtf : [0,1002,system_server,-1,DisplayDeviceConfig,requesting nits when no mapping exists.]
04-10 01:27:11.838 1002 1181 I am_wtf : [0,1002,system_server,-1,DisplayDeviceConfig,requesting nits when no mapping exists.]
04-10 01:27:11.839 1002 1181 I am_wtf : [0,1002,system_server,-1,DisplayDeviceConfig,requesting nits when no mapping exists.]
04-10 01:27:11.854 1002 1181 I am_wtf : [0,1002,system_server,-1,DisplayDeviceConfig,requesting nits when no mapping exists.]
04-10 01:27:11.856 1002 1181 I am_wtf : [0,1002,system_server,-1,DisplayDeviceConfig,requesting nits when no mapping exists.]
04-10 01:27:17.905 1002 1158 I sysui_multi_action: [757,222,758,1]
04-10 01:27:17.913 1002 1158 I am_uid_running: 10052
04-10 01:27:17.937 1002 1163 I input_focus: [Focus request 73b612c com.android.launcher3/com.android.launcher3.uioverrides.QuickstepLauncher,reason=UpdateInputWindows]
04-10 01:27:17.958 1002 1182 I am_proc_start: [0,4505,10052,com.thundercomm.screensaver,service,{com.thundercomm.screensaver/com.thundercomm.screensaver.service.SystemDream}]
04-10 01:27:17.975 1002 1664 I input_focus: [Focus leaving 10ef944 NotificationShade (server),reason=NOT_FOCUSABLE]
04-10 01:27:17.976 1002 1664 I input_focus: [Focus entering 73b612c com.android.launcher3/com.android.launcher3.uioverrides.QuickstepLauncher (server),reason=setFocusedWindow]
04-10 01:27:18.019 1002 2438 I am_proc_bound: [0,4505,com.thundercomm.screensaver]
04-10 01:27:18.028 1002 2438 I am_uid_active: 10052
04-10 01:27:18.241 1995 1995 I sysui_multi_action: [757,111,758,2]
04-10 01:27:18.241 1995 1995 I sysui_multi_action: [757,111,758,2]
04-10 01:27:18.248 1995 1995 I sysui_heads_up_status: [0|com.android.traceur|0|trace-kona-SKQ1.220201.001-2023-04-10-01-26-18.perfetto-trace|10035,0]
04-10 01:27:18.254 1002 2415 I service_manager_slow: [10,platform_compat]
04-10 01:27:18.260 1002 2415 I wm_task_created: [13,-1]
04-10 01:27:18.265 1002 2415 I wm_task_moved: [13,1,6]
04-10 01:27:18.265 1002 2415 I wm_task_to_front: [0,13]
04-10 01:27:18.266 1002 2415 I wm_create_task: [0,13]
04-10 01:27:18.266 1002 2415 I wm_create_activity: [0,198181086,13,com.thundercomm.screensaver/android.service.dreams.DreamActivity,NULL,NULL,NULL,276824064]
04-10 01:27:18.266 1002 2415 I wm_task_moved: [13,1,6]
04-10 01:27:18.268 1002 2415 I wm_pause_activity: [0,247139416,com.android.launcher3/.uioverrides.QuickstepLauncher,userLeaving=true,pauseBackTasks]
04-10 01:27:18.268 2707 2707 I wm_on_top_resumed_lost_called: [247139416,com.android.launcher3.uioverrides.QuickstepLauncher,topStateChangedWhenResumed]
04-10 01:27:18.277 2707 2707 I wm_on_paused_called: [247139416,com.android.launcher3.uioverrides.QuickstepLauncher,performPause]
04-10 01:27:18.281 1002 3060 I wm_add_to_stopping: [0,247139416,com.android.launcher3/.uioverrides.QuickstepLauncher,makeInvisible]
04-10 01:27:18.283 1002 3060 I wm_restart_activity: [0,198181086,13,com.thundercomm.screensaver/android.service.dreams.DreamActivity]
04-10 01:27:18.284 1002 3060 I wm_set_resumed_activity: [0,com.thundercomm.screensaver/android.service.dreams.DreamActivity,minimalResumeActivityLocked]
04-10 01:27:18.301 1002 1161 I sysui_multi_action: [757,803,799,window_time_0,802,74]
04-10 01:27:18.302 1002 2438 I am_uid_active: 10068
04-10 01:27:18.306 1002 1664 I input_focus: [Focus leaving 73b612c com.android.launcher3/com.android.launcher3.uioverrides.QuickstepLauncher (server),reason=NO_WINDOW]
04-10 01:27:18.312 4505 4505 I wm_on_create_called: [198181086,android.service.dreams.DreamActivity,performCreate]
04-10 01:27:18.312 4505 4505 I wm_on_start_called: [198181086,android.service.dreams.DreamActivity,handleStartActivity]
04-10 01:27:18.314 4505 4505 I wm_on_resume_called: [198181086,android.service.dreams.DreamActivity,RESUME_ACTIVITY]
04-10 01:27:18.330 4505 4505 I wm_on_top_resumed_gained_called: [198181086,android.service.dreams.DreamActivity,topStateChangedWhenResumed]
04-10 01:27:18.341 1002 3323 I am_wtf : [0,1995,com.android.systemui,818462221,KeyguardBouncer,onFullyShown when view was null]
04-10 01:27:18.346 1995 1995 I sysui_multi_action: [757,196,758,2,759,0]
04-10 01:27:18.346 1995 1995 I sysui_status_bar_state: [0,0,1,0,0,1]
04-10 01:27:18.373 1002 1163 I input_focus: [Focus request 9e88c90 com.thundercomm.screensaver/android.service.dreams.DreamActivity,reason=UpdateInputWindows]
04-10 01:27:18.461 1002 3060 I sysui_multi_action: [757,128,758,2,793,183990,794,63109,795,183990,796,26,798,1,806,android,857,DEVELOPER_IMPORTANT,858,4,947,0,1395,5,1500,183398,1688,1]
04-10 01:27:18.462 1002 3060 I notification_visibility: [-1|android|26|null|1000,0,183990,183990,0,1]
04-10 01:27:18.462 1002 3060 I sysui_multi_action: [757,128,758,2,793,182904,794,63110,795,182904,796,17303299,797,com.android.wifi,798,2,806,android,857,NETWORK_AVAILABLE,858,2,947,0,1395,5,1500,182687,1688,1]
04-10 01:27:18.462 1002 3060 I notification_visibility: [0|android|17303299|com.android.wifi|1000,0,182904,182904,0,2]
04-10 01:27:18.462 1002 3060 I sysui_multi_action: [757,128,758,2,793,58142,794,57136,795,58142,796,0,797,trace-kona-SKQ1.220201.001-2023-04-10-01-26-18.perfetto-trace,798,0,806,com.android.traceur,857,system-tracing,858,4,947,0,1395,5,1500,57935,1688,1]
04-10 01:27:18.463 1002 3060 I notification_visibility: [0|com.android.traceur|0|trace-kona-SKQ1.220201.001-2023-04-10-01-26-18.perfetto-trace|10035,0,58142,58142,0,0]
04-10 01:27:18.463 1002 3060 I sysui_multi_action: [757,128,758,2,793,183828,794,63111,795,183828,796,55,798,3,806,android,857,DEVELOPER,858,2,947,0,1395,5,1500,182891,1688,1]
04-10 01:27:18.463 1002 3060 I notification_visibility: [-1|android|55|null|1000,0,183828,183828,0,3]
04-10 01:27:18.463 1002 3060 I sysui_multi_action: [757,128,758,2,793,188040,794,63110,795,188040,796,32,798,4,806,android,857,USB,858,1,947,0,1395,5,1500,187225,1688,1]
04-10 01:27:18.463 1002 3060 I notification_visibility: [-1|android|32|null|1000,0,188040,188040,0,4]
04-10 01:27:18.464 1002 1068 I sysui_multi_action: [757,127,758,2]
04-10 01:27:18.464 1002 1068 I notification_panel_hidden:
04-10 01:27:18.493 1002 1211 I sysui_multi_action: [757,1696,758,6,759,3]
04-10 01:27:18.497 1002 1158 I sysui_multi_action: [319,252,322,250,325,233,757,761,758,8,759,2,806,com.thundercomm.screensaver,871,android.service.dreams.DreamActivity,904,com.thundercomm.screensaver,905,0,1320,4,1321,2]
04-10 01:27:18.501 1002 1158 I wm_activity_launch_time: [0,198181086,com.thundercomm.screensaver/android.service.dreams.DreamActivity,250]
04-10 01:27:18.509 1002 1181 I am_wtf : [0,1002,system_server,-1,DisplayDeviceConfig,requesting nits when no mapping exists.]
04-10 01:27:18.510 1002 1181 I am_wtf : [0,1002,system_server,-1,DisplayDeviceConfig,requesting nits when no mapping exists.]
04-10 01:27:18.511 1002 1664 I input_focus: [Focus entering 9e88c90 com.thundercomm.screensaver/android.service.dreams.DreamActivity (server),reason=Window became focusable. Previous reason: NOT_VISIBLE]
04-10 01:27:18.536 1002 1181 I am_wtf : [0,1002,system_server,-1,DisplayDeviceConfig,requesting nits when no mapping exists.]
04-10 01:27:18.537 1002 1181 I am_wtf : [0,1002,system_server,-1,DisplayDeviceConfig,requesting nits when no mapping exists.]
04-10 01:27:18.543 1002 1181 I am_wtf : [0,1002,system_server,-1,DisplayDeviceConfig,requesting nits when no mapping exists.]
04-10 01:27:18.545 1002 1181 I service_manager_stats: [100,157,7417]
04-10 01:27:18.545 1002 1181 I am_wtf : [0,1002,system_server,-1,DisplayDeviceConfig,requesting nits when no mapping exists.]
04-10 01:27:18.561 1002 1181 I am_wtf : [0,1002,system_server,-1,DisplayDeviceConfig,requesting nits when no mapping exists.]
04-10 01:27:18.562 1002 1181 I am_wtf : [0,1002,system_server,-1,DisplayDeviceConfig,requesting nits when no mapping exists.]
04-10 01:27:18.573 1002 1181 I am_wtf : [0,1002,system_server,-1,DisplayDeviceConfig,requesting nits when no mapping exists.]
04-10 01:27:18.574 1002 1181 I am_wtf : [0,1002,system_server,-1,DisplayDeviceConfig,requesting nits when no mapping exists.]
04-10 01:27:18.591 1002 1181 I am_wtf : [0,1002,system_server,-1,DisplayDeviceConfig,requesting nits when no mapping exists.]
04-10 01:27:18.592 1002 1181 I am_wtf : [0,1002,system_server,-1,DisplayDeviceConfig,requesting nits when no mapping exists.]
04-10 01:27:18.607 1002 1181 I am_wtf : [0,1002,system_server,-1,DisplayDeviceConfig,requesting nits when no mapping exists.]
04-10 01:27:18.608 1002 1181 I am_wtf : [0,1002,system_server,-1,DisplayDeviceConfig,requesting nits when no mapping exists.]
04-10 01:27:18.623 1002 1181 I am_wtf : [0,1002,system_server,-1,DisplayDeviceConfig,requesting nits when no mapping exists.]
04-10 01:27:18.624 1002 1181 I am_wtf : [0,1002,system_server,-1,DisplayDeviceConfig,requesting nits when no mapping exists.]
04-10 01:27:18.640 1002 1181 I am_wtf : [0,1002,system_server,-1,DisplayDeviceConfig,requesting nits when no mapping exists.]
04-10 01:27:18.642 1002 1181 I am_wtf : [0,1002,system_server,-1,DisplayDeviceConfig,requesting nits when no mapping exists.]
04-10 01:27:18.657 1002 1181 I am_wtf : [0,1002,system_server,-1,DisplayDeviceConfig,requesting nits when no mapping exists.]
04-10 01:27:18.658 1002 1181 I am_wtf : [0,1002,system_server,-1,DisplayDeviceConfig,requesting nits when no mapping exists.]
04-10 01:27:18.674 1002 1181 I am_wtf : [0,1002,system_server,-1,DisplayDeviceConfig,requesting nits when no mapping exists.]
04-10 01:27:18.675 1002 1181 I am_wtf : [0,1002,system_server,-1,DisplayDeviceConfig,requesting nits when no mapping exists.]
04-10 01:27:18.691 1002 1181 I am_wtf : [0,1002,system_server,-1,DisplayDeviceConfig,requesting nits when no mapping exists.]
04-10 01:27:18.692 1002 1181 I am_wtf : [0,1002,system_server,-1,DisplayDeviceConfig,requesting nits when no mapping exists.]
04-10 01:27:18.707 1002 1181 I am_wtf : [0,1002,system_server,-1,DisplayDeviceConfig,requesting nits when no mapping exists.]
04-10 01:27:18.708 1002 1181 I am_wtf : [0,1002,system_server,-1,DisplayDeviceConfig,requesting nits when no mapping exists.]
04-10 01:27:18.723 1002 1181 I am_wtf : [0,1002,system_server,-1,DisplayDeviceConfig,requesting nits when no mapping exists.]
04-10 01:27:18.724 1002 1181 I am_wtf : [0,1002,system_server,-1,DisplayDeviceConfig,requesting nits when no mapping exists.]
04-10 01:27:18.740 1002 1181 I am_wtf : [0,1002,system_server,-1,DisplayDeviceConfig,requesting nits when no mapping exists.]
04-10 01:27:18.740 1002 1181 I am_wtf : [0,1002,system_server,-1,DisplayDeviceConfig,requesting nits when no mapping exists.]
04-10 01:27:18.758 1002 1181 I am_wtf : [0,1002,system_server,-1,DisplayDeviceConfig,requesting nits when no mapping exists.]
04-10 01:27:18.759 1002 1181 I am_wtf : [0,1002,system_server,-1,DisplayDeviceConfig,requesting nits when no mapping exists.]
04-10 01:27:18.774 1002 1181 I am_wtf : [0,1002,system_server,-1,DisplayDeviceConfig,requesting nits when no mapping exists.]
04-10 01:27:18.775 1002 1181 I am_wtf : [0,1002,system_server,-1,DisplayDeviceConfig,requesting nits when no mapping exists.]
04-10 01:27:18.791 1002 1181 I am_wtf : [0,1002,system_server,-1,DisplayDeviceConfig,requesting nits when no mapping exists.]
04-10 01:27:18.792 1002 1181 I am_wtf : [0,1002,system_server,-1,DisplayDeviceConfig,requesting nits when no mapping exists.]
04-10 01:27:18.794 1002 1161 I wm_stop_activity: [0,247139416,com.android.launcher3/.uioverrides.QuickstepLauncher]
04-10 01:27:18.808 1002 1181 I am_wtf : [0,1002,system_server,-1,DisplayDeviceConfig,requesting nits when no mapping exists.]
04-10 01:27:18.810 1002 1181 I am_wtf : [0,1002,system_server,-1,DisplayDeviceConfig,requesting nits when no mapping exists.]
04-10 01:27:18.813 2707 2707 I wm_on_stop_called: [247139416,com.android.launcher3.uioverrides.QuickstepLauncher,STOP_ACTIVITY_ITEM]
04-10 01:27:18.825 1002 1181 I am_wtf : [0,1002,system_server,-1,DisplayDeviceConfig,requesting nits when no mapping exists.]
04-10 01:27:18.826 1002 1181 I am_wtf : [0,1002,system_server,-1,DisplayDeviceConfig,requesting nits when no mapping exists.]
04-10 01:27:18.841 1002 1181 I am_wtf : [0,1002,system_server,-1,DisplayDeviceConfig,requesting nits when no mapping exists.]
