04-10 01:28:39.907 1002 1951 D LocalDisplayAdapter: setDisplayState(id=4630946816427681409, state=OFF) ---end
04-10 01:28:39.907 1002 1763 I sysui_multi_action: [757,128,758,2,793,264349,794,1208,795,264349,796,17303299,797,com.android.wifi,798,3,806,android,857,NETWORK_AVAILABLE,858,2,947,0,1395,6,1500,264132,1688,1]
04-10 01:28:39.907 1002 1763 I notification_visibility: [0|android|17303299|com.android.wifi|1000,0,264349,264349,0,3]
04-10 01:28:39.908 1002 1763 I sysui_multi_action: [757,128,758,2,793,139588,794,1209,795,139588,796,0,797,trace-kona-SKQ1.220201.001-2023-04-10-01-26-18.perfetto-trace,798,1,806,com.android.traceur,857,system-tracing,858,4,947,0,1395,6,1500,139381,1688,1]
04-10 01:28:39.908 1995 1995 D StatusBar: disable disable2
04-10 01:28:39.908 1002 1763 I notification_visibility: [0|com.android.traceur|0|trace-kona-SKQ1.220201.001-2023-04-10-01-26-18.perfetto-trace|10035,0,139588,139588,0,1]
04-10 01:28:39.908 1002 1763 I sysui_multi_action: [757,128,758,2,793,265273,794,1209,795,265273,796,55,798,4,806,android,857,DEVELOPER,858,2,947,0,1395,6,1500,264336,1688,1]
04-10 01:28:39.908 1002 1763 I notification_visibility: [-1|android|55|null|1000,0,265273,265273,0,4]
04-10 01:28:39.909 1002 1763 I sysui_multi_action: [757,127,758,2]
04-10 01:28:39.909 1002 1763 I notification_panel_hidden:
04-10 01:28:39.909 943 943 I QTI PowerHAL: Power setMode: 7 to: 0
04-10 01:28:39.910 943 943 I QTI PowerHAL: Got set_interactive hint
04-10 01:28:39.910 1002 1211 D DisplayPowerState: Screen ready
04-10 01:28:39.910 1002 1211 D DisplayPowerController[0]: Display ready!
04-10 01:28:39.910 1002 1211 D DisplayPowerController[0]: Finished business...
04-10 01:28:39.910 1002 1211 D DisplayPowerController[0]: requestPowerState: policy=OFF, useProximitySensor=false, screenBrightnessOverride=NaN, useAutoBrightness=true, screenAutoBrightnessAdjustmentOverride=NaN, screenLowPowerBrightnessFactor=1.0, blockScreenOn=false, lowPowerMode=false, boostScreenBrightness=false, dozeScreenBrightness=NaN, dozeScreenState=UNKNOWN, waitForNegativeProximity=false
04-10 01:28:39.910 1002 1211 D PowerManagerNotifier: onScreenPolicyUpdate: newPolicy=0
04-10 01:28:39.910 1002 1211 D PowerManagerNotifier: onWakefulnessChangeFinished
04-10 01:28:39.913 1002 1002 I sysui_multi_action: [757,198,758,2,759,2,1359,225,1695,4]
04-10 01:28:39.913 1002 1002 I power_screen_state: [0,2,0,0,225]
04-10 01:28:39.913 1002 1002 I screen_toggled: 0
04-10 01:28:39.913 1002 1002 I sysui_multi_action: [757,804,799,screen_timeout,801,60,802,1]
04-10 01:28:39.914 972 4829 E ANDR-PERF-LM: Core: detectAndRunIdle() 174: Not able to open /sys/class/power_supply/battery/status, Error: No such file or directory
04-10 01:28:39.917 1002 1664 I input_focus: [Focus leaving 10ef944 NotificationShade (server),reason=NOT_FOCUSABLE]
01-06 09:03:53.871 0 0 I ALERT : changing window size from 16000000 to 20000000 at 314808160555
04-10 01:28:39.923 1002 1002 I sysui_multi_action: [757,1594,758,4,759,-2147483648,1359,2038]
04-10 01:28:39.923 1995 3044 D KeyguardViewMediator: onFinishedGoingToSleep(2)
04-10 01:28:39.923 1995 3044 D KeyguardViewMediator: notifyFinishedGoingToSleep
04-10 01:28:39.924 1002 1002 I power_screen_broadcast_send: 1
04-10 01:28:39.924 1002 1002 D PowerManagerNotifier: Sending go to sleep broadcast.
04-10 01:28:39.927 1995 1995 D KeyguardViewMediator: handleNotifyFinishedGoingToSleep
04-10 01:28:39.932 1995 1995 V KeyguardUpdateMonitor: startListeningForFingerprint()
04-10 01:28:39.933 816 1783 D audio_hw_primary: adev_set_parameters: enter: screen_state=off
04-10 01:28:39.933 816 1783 D audio_hw_hfp: hfp_set_parameters: enter
04-10 01:28:39.933 816 1783 D sound_trigger_hw: handle_screen_status_change: screen off
04-10 01:28:39.933 816 1783 D audio_hw_extn: audio_extn_fm_set_parameters: Enter
04-10 01:28:39.935 1002 1002 I battery_saving_stats: [0,1,0,2093,0,0,247185,0,0]
04-10 01:28:39.936 1995 1995 D StatusBar: updateQsExpansionEnabled - QS Expand enabled: true
04-10 01:28:39.945 2707 2707 D StateManager: goToState: Normal
04-10 01:28:39.947 1041 1098 I BpBinder: onLastStrongRef automatically unlinking death recipients:
04-10 01:28:39.952 3068 3068 D SYS_EVENT: send event 8 notification to client
04-10 01:28:39.954 1002 2438 W FreeFormWindowHelper: Current Display FreeFormTask is null
04-10 01:28:39.956 3040 3040 I hpplay-java: [main]:IPManager:updateAPState time : 1 isAPOpen :false
04-10 01:28:39.956 3040 3040 I hpplay-java: [main]:NetworkReceiver:onReceive action: android.intent.action.SCREEN_OFF
04-10 01:28:39.956 3040 3040 I hpplay-java: [main]:NetworkReceiver:processReceive time : 1
04-10 01:28:39.958 3066 3066 D PASRDozeReceiver: Received Intent Intent { act=android.intent.action.SCREEN_OFF flg=0x50200010 }
04-10 01:28:39.961 3066 3066 D PASRDozeReceiver: Sent intent Successfully
04-10 01:28:39.961 3066 3066 D PASRService: PASRService started
04-10 01:28:39.961 3066 3066 D PASRService: OnStart, Intent: android.intent.action.SCREEN_OFF
04-10 01:28:39.962 1002 1002 I power_screen_broadcast_done: [0,38,1]
04-10 01:28:39.962 3066 3066 D PASRService: Screen Off
04-10 01:28:40.140 3040 3973 W hpplay-java: [ServerTaskManager]:IPManager:getActiveNets invalid networkInfo:null
04-10 01:28:40.140 3040 3973 I hpplay-java: [ServerTaskManager]:IPManager:getActiveNets eth0:false wifi:false mobile:false ap:false
04-10 01:28:40.141 3040 3973 I hpplay-java: [ServerTaskManager]:ServerTaskManager:get local ip:null
04-10 01:28:40.277 649 662 I mpu_uart: [MSG-P:RECV]:No message received in 1000 ms
04-10 01:28:40.333 649 661 I mpu_uart: [MSG-P:R]:recv sync frame timeout
01-06 09:03:54.488 0 0 D cnss : Runtime suspend start
01-06 09:03:54.490 0 0 I [kworke][0x1700bafea][01:28:40.540937] wlan: [736:I:PMO] pmo_core_is_wow_applicable: 319: lpass enabled, enabling wow
01-06 09:03:54.490 0 0 I [kworke][0x1700bcd0c][01:28:40.541325] wlan: [736:I:PMO] pmo_core_enable_wow_in_fw: 807: drv wow is enabled
01-06 09:03:54.490 0 0 I [kworke][0x1700bd214][01:28:40.541392] wlan: [736:I:PMO] pmo_core_enable_wow_in_fw: 820: RTPM wow
01-06 09:03:54.491 0 0 I [kworke][0x1700bdc89][01:28:40.541532] wlan: [736:I:WMI] send_wow_enable_cmd_tlv: 1831: suspend type: WOW_IFACE_PAUSE_ENABLED flag is 0x10
01-06 09:03:54.536 0 0 D cnss : Setting MHI state: SUSPEND(6)
01-06 09:03:54.536 0 0 D cnss : Suspending PCI link
01-06 09:03:54.536 0 0 D cnss : Use PCIe DRV suspend
01-06 09:03:54.540 0 0 D cnss : Runtime suspend status: 0
04-10 01:28:40.859 1002 1665 D WindowManager: interceptKeyBeforeQueueing: ---> event=KeyEvent { action=ACTION_DOWN, keyCode=KEYCODE_POWER, scanCode=116, metaState=0, flags=0x8, repeatCount=0, eventTime=315742, downTime=315742, deviceId=3, source=0x101, displayId=-1 } ---stack--- java.lang.Throwable
04-10 01:28:40.859 1002 1665 D WindowManager: at com.android.server.policy.PhoneWindowManager.interceptKeyBeforeQueueing(PhoneWindowManager.java:3422)
04-10 01:28:40.859 1002 1665 D WindowManager: at com.android.server.wm.InputManagerCallback.interceptKeyBeforeQueueing(InputManagerCallback.java:149)
04-10 01:28:40.859 1002 1665 D WindowManager: at com.android.server.input.InputManagerService.interceptKeyBeforeQueueing(InputManagerService.java:2827)
04-10 01:28:40.860 1002 1665 I intercept_power: [ACTION_DOWN,0,0]
04-10 01:28:40.861 1002 1665 D DisplayPowerController[0]: requestPowerState: policy=OFF, useProximitySensor=false, screenBrightnessOverride=NaN, useAutoBrightness=true, screenAutoBrightnessAdjustmentOverride=NaN, screenLowPowerBrightnessFactor=1.0, blockScreenOn=false, lowPowerMode=false, boostScreenBrightness=false, dozeScreenBrightness=NaN, dozeScreenState=UNKNOWN, waitForNegativeProximity=false
04-10 01:28:40.861 1002 1665 D PowerManagerNotifier: onScreenPolicyUpdate: newPolicy=0
04-10 01:28:40.864 3040 3998 I hpplay-java: [NetworkReceiver]:IM_PublicCastClient:disconnect
04-10 01:28:40.864 3040 3998 I hpplay-java: [NetworkReceiver]:IM_IMEntrance:disconnect
04-10 01:28:40.865 3040 3998 W hpplay-java: [NetworkReceiver]:IM_PublicCastClient:reconnect ignore com.hpplay.sdk.sink.cloud.PublicCastClient@5543886
04-10 01:28:40.867 1002 1665 D PowerManagerNotifier: onWakeLockAcquired: flags=1, tag="PhoneWindowManager.mPowerKeyWakeLock", packageName=android, ownerUid=1000, ownerPid=1002, workSource=null
04-10 01:28:40.868 3040 4656 W hpplay-java: [AsyncTask #58]:MagicalCacheFile:serverDir is not exits
04-10 01:28:40.869 3040 4656 I hpplay-java: [AsyncTask #58]:Session:no cached regTime
04-10 01:28:40.869 3040 4656 I hpplay-java: [AsyncTask #58]:AuthSDK:authSDK connectTimeout = 6000
04-10 01:28:40.872 3040 4611 I hpplay-java: [AsyncTask #38]:HttpRequest:http://sdkauth.hpplay.cn/Author/TVAuthor/?uid=-6190987048206693284&appid=21409&prot_ver=4.1&version=60055-27705 path post
04-10 01:28:40.869 1002 1665 I PowerManagerService: Powering on display group fromAsleep (groupId=0, uid=1000, reason=WAKE_REASON_POWER_BUTTON, details=android.policy:POWER)...
04-10 01:28:40.872 1002 1665 I PowerManagerService: Waking up from Asleep (uid=1000, reason=WAKE_REASON_POWER_BUTTON, details=android.policy:POWER)...
04-10 01:28:40.876 673 4831 D resolv : GetAddrInfoHandler::run: {0 262144 0 983040 10091 0}
04-10 01:28:40.877 673 4831 D resolv : resolv_getaddrinfo: explore_fqdn(): ai_family=0 ai_socktype=1 ai_protocol=6
04-10 01:28:40.877 1002 1665 D PowerManagerNotifier: onWakefulnessChangeStarted: wakefulness=1, reason=1, interactive=true
04-10 01:28:40.879 1002 1665 D PowerManagerNotifier: onWakeUp: reason=WAKE_REASON_POWER_BUTTON, details=android.policy:POWER, reasonUid=1000 opPackageName=android opUid=1000
04-10 01:28:40.879 1002 1665 D PowerManagerNotifier: onUserActivity: event=0, uid=1000
04-10 01:28:40.880 1002 1665 D DisplayPowerController[0]: requestPowerState: policy=BRIGHT, useProximitySensor=false, screenBrightnessOverride=NaN, useAutoBrightness=true, screenAutoBrightnessAdjustmentOverride=NaN, screenLowPowerBrightnessFactor=1.0, blockScreenOn=false, lowPowerMode=false, boostScreenBrightness=false, dozeScreenBrightness=NaN, dozeScreenState=UNKNOWN, waitForNegativeProximity=false
04-10 01:28:40.880 1002 1665 D PowerManagerNotifier: onScreenPolicyUpdate: newPolicy=3
04-10 01:28:40.881 3040 4611 I hpplay-java: [AsyncTask #38]:AsyncManager:nextDomain next2: https://sdkauth.lebo.com.cn:82/Author/TVAuthor/?uid=-6190987048206693284&appid=21409&prot_ver=4.1&version=60055-27705
04-10 01:28:40.881 3040 4611 W hpplay-java: [AsyncTask #38]:HttpRequest:
04-10 01:28:40.881 3040 4611 I hpplay-java: [AsyncTask #38]:HttpRequest:https://sdkauth.lebo.com.cn:82/Author/TVAuthor/?uid=-6190987048206693284&appid=21409&prot_ver=4.1&version=60055-27705 path post
04-10 01:28:40.884 1002 1211 D DisplayPowerState: setScreenState: state=2
04-10 01:28:40.885 1002 1002 I screen_toggled: 1
04-10 01:28:40.886 1002 1002 I power_screen_broadcast_send: 1
04-10 01:28:40.886 1002 1665 D WindowManager: interceptKeyBeforeQueueing: ---> event=KeyEvent { action=ACTION_UP, keyCode=KEYCODE_POWER, scanCode=116, metaState=0, flags=0x8, repeatCount=0, eventTime=315743, downTime=315742, deviceId=3, source=0x101, displayId=-1 } ---stack--- java.lang.Throwable
04-10 01:28:40.886 1002 1665 D WindowManager: at com.android.server.policy.PhoneWindowManager.interceptKeyBeforeQueueing(PhoneWindowManager.java:3422)
04-10 01:28:40.886 1002 1665 D WindowManager: at com.android.server.wm.InputManagerCallback.interceptKeyBeforeQueueing(InputManagerCallback.java:149)
04-10 01:28:40.886 1002 1665 D WindowManager: at com.android.server.input.InputManagerService.interceptKeyBeforeQueueing(InputManagerService.java:2827)
04-10 01:28:40.886 1002 1665 I intercept_power: [ACTION_UP,0,0]
04-10 01:28:40.886 1002 1211 I DisplayPowerController[0]: Blocking screen on until initial contents have been drawn.
04-10 01:28:40.887 1995 4362 D KeyguardViewMediator: onStartedWakingUp, seq = 24
04-10 01:28:40.887 1002 1211 D ActivityTaskManager: Top Process State changed to PROCESS_STATE_TOP
04-10 01:28:40.887 1995 4362 D KeyguardViewMediator: notifyStartedWakingUp
04-10 01:28:40.889 1002 1665 D PowerManagerNotifier: onWakeLockReleased: flags=1, tag="PhoneWindowManager.mPowerKeyWakeLock", packageName=android, ownerUid=1000, ownerPid=1002, workSource=null
04-10 01:28:40.889 1002 1665 D DisplayPowerController[0]: requestPowerState: policy=BRIGHT, useProximitySensor=false, screenBrightnessOverride=NaN, useAutoBrightness=true, screenAutoBrightnessAdjustmentOverride=NaN, screenLowPowerBrightnessFactor=1.0, blockScreenOn=false, lowPowerMode=false, boostScreenBrightness=false, dozeScreenBrightness=NaN, dozeScreenState=UNKNOWN, waitForNegativeProximity=false
04-10 01:28:40.889 1002 1665 D PowerManagerNotifier: onScreenPolicyUpdate: newPolicy=3
04-10 01:28:40.889 1995 1995 D KeyguardViewMediator: handleNotifyWakingUp
04-10 01:28:40.891 673 4832 D resolv : GetAddrInfoHandler::run: {0 262144 0 983040 10091 0}
04-10 01:28:40.891 673 4832 D resolv : resolv_getaddrinfo: explore_fqdn(): ai_family=0 ai_socktype=1 ai_protocol=6
04-10 01:28:40.894 3040 4611 I hpplay-java: [AsyncTask #38]:AsyncManager:nextDomain next3: http://120.25.130.190:80/Author/TVAuthor/?uid=-6190987048206693284&appid=21409&prot_ver=4.1&version=60055-27705
04-10 01:28:40.894 3040 4611 W hpplay-java: [AsyncTask #38]:HttpRequest:
04-10 01:28:40.894 3040 4611 I hpplay-java: [AsyncTask #38]:HttpRequest:http://120.25.130.190:80/Author/TVAuthor/?uid=-6190987048206693284&appid=21409&prot_ver=4.1&version=60055-27705 path post
04-10 01:28:40.895 1002 1181 W BroadcastQueue: Background execution not allowed: receiving Intent { act=android.intent.action.USER_PRESENT flg=0x24200010 } to com.microsoft.emmx/org.chromium.chrome.browser.sharing.click_to_call.ClickToCallMessageHandler$PhoneUnlockedReceiver
04-10 01:28:40.896 3068 3068 D SYS_EVENT: send event 64 notification to client
04-10 01:28:40.897 1002 1211 I wm_set_resumed_activity: [0,com.android.launcher3/.uioverrides.QuickstepLauncher,resumeTopActivityInnerLocked]
04-10 01:28:40.899 1002 1211 I wm_resume_activity: [0,247139416,12,com.android.launcher3/.uioverrides.QuickstepLauncher]
04-10 01:28:40.900 3040 4611 W hpplay-java: [AsyncTask #38]:HttpRequest:java.net.ConnectException: Failed to connect to /120.25.130.190:80
04-10 01:28:40.900 3040 4611 W hpplay-java: at com.android.okhttp.internal.io.RealConnection.connectSocket(RealConnection.java:147)
04-10 01:28:40.900 3040 4611 W hpplay-java: at com.android.okhttp.internal.io.RealConnection.connect(RealConnection.java:116)
04-10 01:28:40.900 3040 4611 W hpplay-java: at com.android.okhttp.internal.http.StreamAllocation.findConnection(StreamAllocation.java:186)
04-10 01:28:40.900 3040 4611 W hpplay-java: at com.android.okhttp.internal.http.StreamAllocation.findHealthyConnection(StreamAllocation.java:128)
04-10 01:28:40.900 3040 4611 W hpplay-java: at com.android.okhttp.internal.http.StreamAllocation.newStream(StreamAllocation.java:97)
04-10 01:28:40.900 3040 4611 W hpplay-java: at com.android.okhttp.internal.http.HttpEngine.connect(HttpEngine.java:289)
04-10 01:28:40.900 3040 4611 W hpplay-java: at com.android.okhttp.internal.http.HttpEngine.sendRequest(HttpEngine.java:232)
04-10 01:28:40.900 3040 4611 W hpplay-java: at com.android.okhttp.internal.huc.HttpURLConnectionImpl.execute(HttpURLConnectionImpl.java:465)
04-10 01:28:40.900 3040 4611 W hpplay-java: at com.android.okhttp.internal.huc.HttpURLConnectionImpl.connect(HttpURLConnectionImpl.java:131)
04-10 01:28:40.900 3040 4611 W hpplay-java: at com.hpplay.common.asyncmanager.HttpRequest.doPost(SourceFile:17)
04-10 01:28:40.900 3040 4611 W hpplay-java: at com.hpplay.common.asyncmanager.AsyncHttpJob.doInBackground(SourceFile:4)
04-10 01:28:40.900 3040 4611 W hpplay-java: at android.os.AsyncTask$3.call(AsyncTask.java:394)
04-10 01:28:40.900 3040 4611 W hpplay-java: at java.util.concurrent.FutureTask.run(FutureTask.java:266)
04-10 01:28:40.900 3040 4611 W hpplay-java: at java.util.concurrent.ThreadPoolExecutor.runWorker(ThreadPoolExecutor.java:1167)
04-10 01:28:40.900 3040 4611 W hpplay-java: at java.util.concurrent.ThreadPoolExecutor$Worker.run(ThreadPoolExecutor.java:641)
04-10 01:28:40.900 3040 4611 W hpplay-java: at java.lang.Thread.run(Thread.java:920)
04-10 01:28:40.901 3040 4617 I hpplay-java: [AsyncTask #40]:AuthSDK:authSDK auth failed
04-10 01:28:40.901 3040 4617 I hpplay : [AsyncTask #40]:LelinkHelper:onAuthSDK status: 3
04-10 01:28:40.902 3040 4617 I hpplay-java: [AsyncTask #40]:VipAuthSDK:vipAuth
04-10 01:28:40.902 1995 4310 D KeyguardViewMediator: notifyScreenOn
04-10 01:28:40.902 1995 1995 D KeyguardViewMediator: handleNotifyScreenTurningOn
04-10 01:28:40.903 3040 4617 I hpplay-java: [AsyncTask #40]:EnterpriseAuthManager:getNewCompanyAuthSavePath
04-10 01:28:40.903 1002 1002 D PowerManagerNotifier: Sending wake up broadcast.
04-10 01:28:40.903 3040 4617 I hpplay-java: [AsyncTask #40]:EnterpriseAuthManager:getNewCompanyAuthSavePath,get app cache path
04-10 01:28:40.905 3040 4629 I hpplay-java: [AsyncTask #47]:HttpRequest:https://vipauth.hpplay.cn/VipAuth path post
04-10 01:28:40.906 3040 4624 W hpplay-java: [AsyncTask #45]:CreateUtils:notifyQRReady server not start,ignore
04-10 01:28:40.906 3040 4624 W hpplay-java: [AsyncTask #45]:CreateUtils:isServerStartAndAuth token is null
04-10 01:28:40.906 3040 4624 W hpplay-java: [AsyncTask #45]:CreateUtils:isServerStartAndAuth token is null
04-10 01:28:40.906 3040 4624 I hpplay-java: [AsyncTask #45]:ServerBusiness:createPinCode ignore
04-10 01:28:40.907 3040 3040 D hpplay : [main]:LelinkHelper:认证成功
04-10 01:28:40.908 1002 1211 E SensorManager: sensor or listener is null
04-10 01:28:40.908 1002 1211 D DisplayPowerController[0]: Animating brightness: target=1.0, sdrTarget=1.0, rate=0.0
04-10 01:28:40.908 1002 1211 D DisplayPowerState: setScreenBrightness: brightness=1.0
04-10 01:28:40.908 1002 1211 D DisplayPowerState: setSdrScreenBrightness: brightness=1.0
04-10 01:28:40.909 673 4833 D resolv : GetAddrInfoHandler::run: {0 262144 0 983040 10091 0}
04-10 01:28:40.909 673 4833 D resolv : resolv_getaddrinfo: explore_fqdn(): ai_family=0 ai_socktype=1 ai_protocol=6
04-10 01:28:40.910 1002 1211 V DisplayPowerController[0]: Brightness [1.0] reason changing to: 'manual', previous reason: 'screen_off'.
04-10 01:28:40.910 1002 1211 D DisplayPowerController[0]: Unfinished business...
04-10 01:28:40.910 1002 1211 I sysui_multi_action: [757,1696,758,6,759,3]
04-10 01:28:40.910 1002 1211 D DisplayPowerState: Requesting new screen state: state=ON, backlight=-1.0
04-10 01:28:40.911 1002 1211 D DisplayPowerState: Screen not ready
04-10 01:28:40.911 1002 1211 I DisplayPowerController[0]: Unblocked screen on after 25 ms
04-10 01:28:40.911 1002 1211 D DisplayPowerState: setColorFadeLevel: level=1.0
04-10 01:28:40.912 1002 1951 D DisplayPowerState: Updating screen state: id=0, state=ON, backlight=-1.0, sdrBacklight=-1.0
04-10 01:28:40.915 943 943 I QTI PowerHAL: Power setMode: 7 to: 1
04-10 01:28:40.915 1002 1951 D LocalDisplayAdapter: setDisplayState(id=4630946816427681409, state=ON) ---start
04-10 01:28:40.915 943 943 I QTI PowerHAL: Got set_interactive hint
04-10 01:28:40.915 3040 4629 W hpplay-java: [AsyncTask #47]:HttpRequest:
04-10 01:28:40.915 3040 4629 I hpplay-java: [AsyncTask #47]:HttpRequest:https://vipauth.hpplay.cn/VipAuth path post
04-10 01:28:40.915 1002 1211 D DisplayPowerState: Requesting new screen state: state=ON, backlight=1.0
04-10 01:28:40.915 1002 1211 D DisplayPowerState: Screen not ready
04-10 01:28:40.916 1041 1041 D SurfaceFlinger: Setting power mode 2 on display 4630946816427681409
04-10 01:28:40.918 1002 1161 I DisplayDeviceRepository: Display device changed state: "内置屏幕", ON
04-10 01:28:40.918 1002 1002 D WindowManager: powerPress: eventTime=315742 interactive=false count=0 beganFromNonInteractive=true mShortPressOnPowerBehavior=1
01-06 09:03:54.871 0 0 I ALERT : changing window size from 20000000 to 16000000 at 315808086075
04-10 01:28:40.920 2707 2707 I wm_on_restart_called: [247139416,com.android.launcher3.uioverrides.QuickstepLauncher,performRestartActivity]
04-10 01:28:40.920 961 1109 I SDM : DisplayBase::SetDisplayState: Set state = 1, display 29-0, teardown = 0
04-10 01:28:40.920 2707 2707 I wm_on_start_called: [247139416,com.android.launcher3.uioverrides.QuickstepLauncher,handleStartActivity]
04-10 01:28:40.920 1002 1002 E SensorManager: sensor or listener is null
04-10 01:28:40.921 2707 2707 I wm_on_resume_called: [247139416,com.android.launcher3.uioverrides.QuickstepLauncher,RESUME_ACTIVITY]
04-10 01:28:40.921 2707 2707 I wm_on_top_resumed_gained_called: [247139416,com.android.launcher3.uioverrides.QuickstepLauncher,topWhenResuming]
04-10 01:28:40.921 1002 1161 I InputManager-JNI: Viewport [0] to add: local:4630946816427681409, isActive: true
04-10 01:28:40.924 3040 4629 W hpplay-java: [AsyncTask #47]:HttpRequest:
04-10 01:28:40.925 3040 4629 I hpplay-java: [AsyncTask #47]:HttpRequest:https://vipauth.hpplay.cn/VipAuth path post
04-10 01:28:40.925 3040 4629 W hpplay-java: [AsyncTask #47]:HttpRequest:
04-10 01:28:40.926 1002 1193 E KernelCpuSpeedReader: Failed to read cpu-freq: /sys/devices/system/cpu/cpu4/cpufreq/stats/time_in_state: open failed: ENOENT (No such file or directory)
04-10 01:28:40.927 1002 1193 E KernelCpuSpeedReader: Failed to read cpu-freq: /sys/devices/system/cpu/cpu0/cpufreq/stats/time_in_state: open failed: ENOENT (No such file or directory)
04-10 01:28:40.928 1002 1193 E system_server: Cannot read thread CPU times for PID 1002
04-10 01:28:40.928 1995 1995 D StatusBar: updateQsExpansionEnabled - QS Expand enabled: true
01-06 09:03:54.875 0 0 I : [MAX975X:max96755x_drm_notifier_callback] *INFO* receives EARLY_BLANK:UNBLANK
01-06 09:03:54.875 0 0 I atmel_mxt_ts 0-004a: FB event:2,blank:0
01-06 09:03:54.875 0 0 I atmel_mxt_ts 0-004a: suspend: event = 2, blank = 0, not care
01-06 09:03:54.875 0 0 I [drm:dsi_display_set_mode] [msm-dsi-info]: mdp_transfer_time_us=0 us
01-06 09:03:54.875 0 0 I [drm:dsi_display_set_mode] [msm-dsi-info]: hactive= 2560,vactive= 1080,fps=60
01-06 09:03:54.875 0 0 I [drm:dsi_ctrl_isr_configure] [msm-dsi-info]: dsi-ctrl-0: IRQ 403 registered
04-10 01:28:40.932 2311 2512 E QmiAgentHwInterface: Failed to sendRequest: android.os.RemoteException: sendRequest failed with status: 2
04-10 01:28:40.933 3040 4617 I hpplay-java: [AsyncTask #40]:AuthSDK:checkHandler
04-10 01:28:40.934 816 1783 D audio_hw_primary: adev_set_parameters: enter: screen_state=on
04-10 01:28:40.934 816 1783 D audio_hw_hfp: hfp_set_parameters: enter
04-10 01:28:40.934 816 1783 D sound_trigger_hw: handle_screen_status_change: screen on
04-10 01:28:40.934 3040 4617 I hpplay-java: [AsyncTask #40]:IMTask:getIMRoot
04-10 01:28:40.934 816 1783 D audio_hw_extn: audio_extn_fm_set_parameters: Enter
04-10 01:28:40.934 1002 1665 I InputReader: Reconfiguring input devices, changes=DISPLAY_INFO |
04-10 01:28:40.934 1002 1665 I InputReader: Device reconfigured: id=4, name='qbt_key_input', size 2560x1080, orientation 0, mode 4, display id 0
04-10 01:28:40.935 1002 1665 I InputReader: Device reconfigured: id=3, name='Atmel maXTouch Touchscreen', size 2560x1080, orientation 0, mode 1, display id 0
01-06 09:03:54.892 0 0 D cnss : Starting to handle get info prepare
01-06 09:03:54.892 0 0 D cnss : Resuming PCI link
04-10 01:28:40.935 1993 2639 I BtGatt.ScanManager: msg.what = 8
04-10 01:28:40.935 3040 4617 I hpplay-java: [AsyncTask #40]:AuthTask:release
04-10 01:28:40.938 1002 1002 I battery_saving_stats: [0,0,0,1002,0,0,22799,0,0]
04-10 01:28:40.939 1993 2639 I BtGatt.ScanManager: msg.what = 5
04-10 01:28:40.944 1995 1995 D KeyguardUpdateMonitor: received broadcast android.intent.action.TIME_TICK
04-10 01:28:40.951 1002 1163 I input_focus: [Focus request 73b612c com.android.launcher3/com.android.launcher3.uioverrides.QuickstepLauncher,reason=UpdateInputWindows]
01-06 09:03:54.896 0 0 D cnss : Set PCI link status to: 2
01-06 09:03:54.896 0 0 D cnss : Setting MHI state: RESUME(7)
01-06 09:03:54.903 0 0 D cnss : Sending get info message, type: 0, cmd length: 28, state: 0x107
04-10 01:28:40.954 1995 1995 D KeyguardUpdateMonitor: handleTimeUpdate
04-10 01:28:40.955 673 4836 D resolv : GetAddrInfoHandler::run: {0 262144 0 983040 10091 0}
01-06 09:03:54.914 0 0 D cnss : Received QMI WLFW respond get info indication
01-06 09:03:54.914 0 0 D cnss : Extract message with event length: 812, type: 0, is last: 0, seq no: 0
01-06 09:03:54.915 0 0 D cnss : Received QMI WLFW respond get info indication
01-06 09:03:54.915 0 0 D cnss : Extract message with event length: 576, type: 0, is last: 0, seq no: 0
01-06 09:03:54.915 0 0 D cnss : Received QMI WLFW respond get info indication
01-06 09:03:54.915 0 0 D cnss : Extract message with event length: 748, type: 0, is last: 0, seq no: 0
04-10 01:28:40.955 673 4836 D resolv : resolv_getaddrinfo: explore_fqdn(): ai_family=0 ai_socktype=1 ai_protocol=6
04-10 01:28:40.957 3040 4626 W hpplay-java: [AsyncTask #46]:HttpRequest:
04-10 01:28:40.960 3040 4626 W hpplay-java: [AsyncTask #46]:HttpRequest:
04-10 01:28:40.961 3040 4626 W hpplay-java: [AsyncTask #46]:HttpRequest:
04-10 01:28:40.961 3040 4617 I hpplay-java: [AsyncTask #40]:LBHandler:create name: AuthTask looper:Looper (AuthTask, tid 134) {9a9786f}
04-10 01:28:40.961 3040 4617 I hpplay-java: [AsyncTask #40]:AuthTask:reAuth 600000
04-10 01:28:40.962 3040 3040 E hpplay-java: [main]:IMTask:getIMRoot failed
04-10 01:28:40.963 3040 4617 I hpplay-java: [AsyncTask #40]:AuthSDK:controlStartServer
04-10 01:28:40.963 3040 4617 I hpplay-java: [AsyncTask #40]:ServiceUpdater:upLoadDeviceInfo url = http://gslb.hpplay.cn/lebo-flux-sdk/sdk/info/upload
04-10 01:28:40.968 673 4839 D resolv : GetAddrInfoHandler::run: {0 262144 0 983040 10091 0}
04-10 01:28:40.968 673 4839 D resolv : resolv_getaddrinfo: explore_fqdn(): ai_family=0 ai_socktype=1 ai_protocol=6
04-10 01:28:40.969 673 4838 D resolv : GetAddrInfoHandler::run: {0 262144 0 983040 10091 0}
01-06 09:03:54.919 0 0 D cnss : Received QMI WLFW respond get info indication
01-06 09:03:54.919 0 0 D cnss : Extract message with event length: 812, type: 0, is last: 0, seq no: 0
01-06 09:03:54.920 0 0 D cnss : Received QMI WLFW respond get info indication
01-06 09:03:54.920 0 0 D cnss : Extract message with event length: 748, type: 0, is last: 0, seq no: 0
01-06 09:03:54.920 0 0 D cnss : Starting to handle get info done
01-06 09:03:54.920 0 0 D cnss : Setting MHI state: SUSPEND(6)
04-10 01:28:40.969 673 4838 D resolv : resolv_getaddrinfo: explore_fqdn(): ai_family=0 ai_socktype=1 ai_protocol=6
04-10 01:28:40.970 3040 4650 W hpplay-java: [AsyncTask #54]:HttpRequest:
04-10 01:28:40.971 3068 3068 D SYS_EVENT: send event 16 notification to client
04-10 01:28:40.973 3040 3040 I hpplay-java: [main]:IPManager:updateAPState time : 1 isAPOpen :false
04-10 01:28:40.973 3040 3040 I hpplay-java: [main]:NetworkReceiver:onReceive action: android.intent.action.SCREEN_ON
04-10 01:28:40.973 3040 3040 I hpplay-java: [main]:NetworkReceiver:processReceive time : 1
04-10 01:28:40.974 3040 4650 W hpplay-java: [AsyncTask #54]:HttpRequest:
04-10 01:28:40.974 3066 3066 D PASRDozeReceiver: Received Intent Intent { act=android.intent.action.SCREEN_ON flg=0x50200010 }
04-10 01:28:40.975 3040 4650 W hpplay-java: [AsyncTask #54]:HttpRequest:
04-10 01:28:40.976 3066 3066 D PASRDozeReceiver: Sent intent Successfully
04-10 01:28:40.976 3066 3066 D PASRService: PASRService started
04-10 01:28:40.976 3066 3066 D PASRService: OnStart, Intent: android.intent.action.SCREEN_ON
04-10 01:28:40.976 3066 3066 D PASRService: State is now: -1
04-10 01:28:40.976 1002 1002 I power_screen_broadcast_done: [1,91,1]
04-10 01:28:40.979 3040 4617 I hpplay-java: [AsyncTask #40]:BusinessConfig:requestConfig
04-10 01:28:40.979 3040 4655 I hpplay-java: [AsyncTask #57]:HttpRequest:http://gslb.hpplay.cn/lebo-flux-sdk/sdk/info/upload path post
04-10 01:28:40.979 3040 4618 W hpplay-java: [AsyncTask #41]:HttpRequest:
01-06 09:03:54.928 0 0 D cnss : Suspending PCI link
01-06 09:03:54.928 0 0 D cnss : Use PCIe DRV suspend
04-10 01:28:40.980 3040 4618 W hpplay-java: [AsyncTask #41]:HttpRequest:
04-10 01:28:40.981 3040 4618 W hpplay-java: [AsyncTask #41]:HttpRequest:
04-10 01:28:40.983 673 4841 D resolv : GetAddrInfoHandler::run: {0 262144 0 983040 10091 0}
04-10 01:28:40.983 673 4841 D resolv : resolv_getaddrinfo: explore_fqdn(): ai_family=0 ai_socktype=1 ai_protocol=6
04-10 01:28:40.984 3040 4655 W hpplay-java: [AsyncTask #57]:HttpRequest:
04-10 01:28:40.984 3040 4655 I hpplay-java: [AsyncTask #57]:HttpRequest:http://gslb.hpplay.cn/lebo-flux-sdk/sdk/info/upload path post
04-10 01:28:40.984 3040 4655 W hpplay-java: [AsyncTask #57]:HttpRequest:
04-10 01:28:40.985 3040 4655 I hpplay-java: [AsyncTask #57]:HttpRequest:http://gslb.hpplay.cn/lebo-flux-sdk/sdk/info/upload path post
01-06 09:03:54.933 0 0 D cnss : Runtime resume start
01-06 09:03:54.933 0 0 I : [MAX975X:max96755x_drm_notifier_callback] *INFO* receives BLANK:UNBLANK
01-06 09:03:54.933 0 0 D cnss : Resuming PCI link
01-06 09:03:54.934 0 0 I atmel_mxt_ts 0-004a: FB event:1,blank:0
01-06 09:03:54.934 0 0 I atmel_mxt_ts 0-004a: drm_notifier_callback: UNBLANK! Resume by drm notifier.
01-06 09:03:54.935 0 0 D cnss : Set PCI link status to: 2
01-06 09:03:54.935 0 0 D cnss : Setting MHI state: RESUME(7)
01-06 09:03:54.943 0 0 I [kworke][0x17090482f][01:28:40.993522] wlan: [54:I:PMO] pmo_core_psoc_send_host_wakeup_ind_to_fw: 1225: Host wakeup indication sent to fw
04-10 01:28:40.988 1041 1041 D SurfaceFlinger: Finished setting power mode 2 on display 4630946816427681409
04-10 01:28:40.990 1002 1951 D LocalDisplayAdapter: setDisplayState(id=4630946816427681409, state=ON) ---end
04-10 01:28:40.991 1002 1951 D DisplayPowerState: Updating screen state: id=0, state=ON, backlight=1.0, sdrBacklight=1.0
04-10 01:28:40.991 1002 1211 D DisplayPowerState: Screen ready
04-10 01:28:40.991 1002 1951 D LocalDisplayAdapter: setDisplayBrightness(id=4630946816427681409, brightnessState=1.0, sdrBrightnessState=1.0) ---start
04-10 01:28:40.991 1002 1211 D DisplayPowerController[0]: Display ready!
04-10 01:28:40.991 1002 1211 D DisplayPowerController[0]: Finished business...
04-10 01:28:40.991 1995 4310 D KeyguardViewMediator: notifyScreenTurnedOn
04-10 01:28:40.991 1002 1951 E DisplayDeviceConfig: requesting nits when no mapping exists.
04-10 01:28:40.992 1002 1211 D DisplayPowerController[0]: requestPowerState: policy=BRIGHT, useProximitySensor=false, screenBrightnessOverride=NaN, useAutoBrightness=true, screenAutoBrightnessAdjustmentOverride=NaN, screenLowPowerBrightnessFactor=1.0, blockScreenOn=false, lowPowerMode=false, boostScreenBrightness=false, dozeScreenBrightness=NaN, dozeScreenState=UNKNOWN, waitForNegativeProximity=false
04-10 01:28:40.992 3040 4655 W hpplay-java: [AsyncTask #57]:HttpRequest:
04-10 01:28:40.992 1002 1211 D PowerManagerNotifier: onScreenPolicyUpdate: newPolicy=3
04-10 01:28:40.992 1002 1211 D PowerManagerNotifier: onWakefulnessChangeFinished
04-10 01:28:40.992 1002 1002 I sysui_multi_action: [757,198,758,1,759,1,1359,136,1694,1]
01-06 09:03:54.960 0 0 D cnss : Runtime resume status: 0
04-10 01:28:40.992 1002 1951 E DisplayDeviceConfig: requesting nits when no mapping exists.
04-10 01:28:40.992 1002 1002 I power_screen_state: [1,0,0,0,136]
04-10 01:28:40.992 1002 1181 I am_wtf : [0,1002,system_server,-1,DisplayDeviceConfig,requesting nits when no mapping exists.]
04-10 01:28:40.993 3040 4642 W hpplay-java: [AsyncTask #49]:HttpRequest:
04-10 01:28:40.994 3040 4642 W hpplay-java: [AsyncTask #49]:HttpRequest:
04-10 01:28:40.994 3040 4642 W hpplay-java: [AsyncTask #49]:HttpRequest:
04-10 01:28:40.995 1002 1763 W ActivityManager: Unable to start service Intent { act=android.intent.action.START_LEBO_SERVICE pkg=com.hpplay.happyplay.aw } U=0: not found
04-10 01:28:40.996 3040 4617 I hpplay-java: [AsyncTask #40]:LeboUtil:wu r:false
04-10 01:28:40.997 1002 1181 I am_wtf : [0,1002,system_server,-1,DisplayDeviceConfig,requesting nits when no mapping exists.]
04-10 01:28:40.998 1002 1664 I InputDispatcher: Dropping event because there is no touchable window or gesture monitor at (2372, 993) in display 0.
04-10 01:28:40.998 1002 1664 D PowerManagerNotifier: onUserActivity: event=0, uid=1000
04-10 01:28:40.999 1002 1664 I InputDispatcher: Dropping event because there is no touchable window or gesture monitor at (2372, 993) in display 0.
04-10 01:28:40.999 1002 1664 I InputDispatcher: Dropping event because there is no touchable window or gesture monitor at (2372, 993) in display 0.
04-10 01:28:41.000 1002 1664 I InputDispatcher: Dropping event because there is no touchable window or gesture monitor at (2372, 993) in display 0.
04-10 01:28:41.000 1002 1664 I input_interaction: Interaction with: edge-swipe (server), swipe-up (server), PointerEventDispatcher0 (server),
04-10 01:28:41.001 1002 1664 D PowerManagerNotifier: onUserActivity: event=2, uid=1000
04-10 01:28:41.002 1002 1664 D DisplayPowerController[0]: requestPowerState: policy=BRIGHT, useProximitySensor=false, screenBrightnessOverride=NaN, useAutoBrightness=true, screenAutoBrightnessAdjustmentOverride=NaN, screenLowPowerBrightnessFactor=1.0, blockScreenOn=false, lowPowerMode=false, boostScreenBrightness=false, dozeScreenBrightness=NaN, dozeScreenState=UNKNOWN, waitForNegativeProximity=false
04-10 01:28:41.002 1002 1664 D PowerManagerNotifier: onScreenPolicyUpdate: newPolicy=3
04-10 01:28:41.003 1002 1664 D PowerManagerNotifier: onUserActivity: event=2, uid=1000
04-10 01:28:41.003 1002 1664 D DisplayPowerController[0]: requestPowerState: policy=BRIGHT, useProximitySensor=false, screenBrightnessOverride=NaN, useAutoBrightness=true, screenAutoBrightnessAdjustmentOverride=NaN, screenLowPowerBrightnessFactor=1.0, blockScreenOn=false, lowPowerMode=false, boostScreenBrightness=false, dozeScreenBrightness=NaN, dozeScreenState=UNKNOWN, waitForNegativeProximity=false
04-10 01:28:41.003 1002 1664 D PowerManagerNotifier: onScreenPolicyUpdate: newPolicy=3
04-10 01:28:41.005 1002 1664 I input_focus: [Focus entering 73b612c com.android.launcher3/com.android.launcher3.uioverrides.QuickstepLauncher (server),reason=setFocusedWindow]
04-10 01:28:41.009 1995 1995 D KeyguardViewMediator: handleNotifyScreenTurnedOn
04-10 01:28:41.035 2707 4311 I OpenGLRenderer: Davey! duration=3091ms; Flags=1, FrameTimelineVsyncId=9811, IntendedVsync=312749474618, Vsync=312749474618, InputEventId=0, HandleInputStart=312750436858, AnimationStart=312750437743, PerformTraversalsStart=312750438316, DrawStart=312764553212, FrameDeadline=312782141284, FrameInterval=312750433576, FrameStartTime=16666666, SyncQueued=312765463160, SyncStart=312765684254, IssueDrawCommandsStart=312765956441, SwapBuffers=312767494149, FrameCompleted=315841679357, DequeueBufferDuration=40886, QueueBufferDuration=840677, GpuCompleted=315841679357, SwapBuffersCompleted=312768982222, DisplayPresentTime=45037327713566784,
04-10 01:28:41.041 1002 1951 D LocalDisplayAdapter: setDisplayBrightness(id=4630946816427681409, brightnessState=1.0, sdrBrightnessState=1.0) ---end
04-10 01:28:41.041 1002 1211 D DisplayPowerState: Screen ready
04-10 01:28:41.144 3040 3973 W hpplay-java: [ServerTaskManager]:IPManager:getActiveNets invalid networkInfo:null
04-10 01:28:41.144 3040 3973 I hpplay-java: [ServerTaskManager]:IPManager:getActiveNets eth0:false wifi:false mobile:false ap:false
04-10 01:28:41.144 3040 3973 I hpplay-java: [ServerTaskManager]:ServerTaskManager:get local ip:null
04-10 01:28:41.278 649 662 I mpu_uart: [MSG-P:RECV]:No message received in 1000 ms
04-10 01:28:41.794 1002 1664 I input_interaction: Interaction with: 2d5abae StatusBar (server), edge-swipe (server), swipe-up (server), PointerEventDispatcher0 (server),
04-10 01:28:41.798 1002 1664 D PowerManagerNotifier: onUserActivity: event=2, uid=1000
04-10 01:28:41.798 1002 1664 D DisplayPowerController[0]: requestPowerState: policy=BRIGHT, useProximitySensor=false, screenBrightnessOverride=NaN, useAutoBrightness=true, screenAutoBrightnessAdjustmentOverride=NaN, screenLowPowerBrightnessFactor=1.0, blockScreenOn=false, lowPowerMode=false, boostScreenBrightness=false, dozeScreenBrightness=NaN, dozeScreenState=UNKNOWN, waitForNegativeProximity=false
04-10 01:28:41.799 1002 1664 D PowerManagerNotifier: onScreenPolicyUpdate: newPolicy=3
04-10 01:28:41.815 1995 1995 I sysui_multi_action: [757,803,799,panel_open,802,1]
04-10 01:28:41.817 1995 1995 I sysui_multi_action: [757,1328,758,4,1326,56,1327,0,1329,0]
04-10 01:28:41.825 1995 1995 D StatusBar: disable disable2
04-10 01:28:41.825 1002 2438 I sysui_multi_action: [757,127,758,1]
04-10 01:28:41.827 1002 2438 I sysui_multi_action: [757,804,799,note_load,801,6,802,1]
04-10 01:28:41.827 1002 2438 I notification_panel_revealed: 6
04-10 01:28:41.841 1002 1163 I input_focus: [Focus request 10ef944 NotificationShade,reason=UpdateInputWindows]
04-10 01:28:41.855 1995 1995 I sysui_multi_action: [757,111,758,1]
04-10 01:28:41.855 1995 1995 I sysui_multi_action: [757,268,758,1,759,268,806,com.android.traceur,871,com.android.traceur.QsService,927,0,1593,1]
04-10 01:28:41.855 1995 1995 I sysui_multi_action: [757,126,758,1,759,126,927,1,928,1,1593,1]
04-10 01:28:41.856 1995 1995 I sysui_multi_action: [757,113,758,1,759,113,927,2,928,1,1593,1]
04-10 01:28:41.856 1002 1509 I sysui_multi_action: [757,128,758,1,793,48192,794,0,795,47846,796,1,798,2,806,com.android.traceur,857,trace-is-being-recorded,858,4,947,0,1395,6,1500,47846,1688,1]
04-10 01:28:41.856 1995 1995 I sysui_multi_action: [757,0,758,1,759,0,927,3,928,0,1593,1]
04-10 01:28:41.856 1002 1509 I sysui_multi_action: [757,804,799,note_freshness,801,47846,802,1]
04-10 01:28:41.856 1995 1995 I sysui_multi_action: [757,0,758,1,759,0,927,4,928,0,1593,1]
04-10 01:28:41.856 1002 1509 I notification_visibility: [0|com.android.traceur|1|null|10035,1,48192,47846,0,2]
04-10 01:28:41.856 1002 1509 I sysui_multi_action: [757,128,758,1,793,267385,794,0,795,267385,796,26,798,0,806,android,857,DEVELOPER_IMPORTANT,858,4,947,0,1395,6,1500,266793,1688,1]
04-10 01:28:41.856 1002 1509 I sysui_multi_action: [757,804,799,note_freshness,801,267385,802,1]
04-10 01:28:41.856 1002 1509 I notification_visibility: [-1|android|26|null|1000,1,267385,267385,0,0]
04-10 01:28:41.856 1995 1995 I sysui_multi_action: [757,491,758,1,759,491,927,5,928,0,1311,-1,1593,1]
04-10 01:28:41.856 1995 1995 I sysui_multi_action: [757,0,758,1,759,0,927,6,928,0,1593,1]
04-10 01:28:41.856 1002 1509 I sysui_multi_action: [757,128,758,1,793,266298,794,0,795,266298,796,17303299,797,com.android.wifi,798,3,806,android,857,NETWORK_AVAILABLE,858,2,947,0,1395,6,1500,266081,1688,1]
04-10 01:28:41.856 1995 1995 I sysui_multi_action: [757,0,758,1,759,0,927,7,1593,1]
04-10 01:28:41.857 1002 1509 I sysui_multi_action: [757,804,799,note_freshness,801,266298,802,1]
04-10 01:28:41.857 1002 1509 I notification_visibility: [0|android|17303299|com.android.wifi|1000,1,266298,266298,0,3]
04-10 01:28:41.857 1995 1995 I sysui_multi_action: [757,111,758,1]
04-10 01:28:41.857 1995 1995 I sysui_multi_action: [757,268,758,1,759,268,806,com.android.traceur,871,com.android.traceur.QsService,927,0,1593,1]
04-10 01:28:41.857 1995 1995 I sysui_multi_action: [757,126,758,1,759,126,927,1,928,1,1593,1]
04-10 01:28:41.857 1995 1995 I sysui_multi_action: [757,113,758,1,759,113,927,2,928,1,1593,1]
04-10 01:28:41.857 1995 1995 I sysui_multi_action: [757,0,758,1,759,0,927,3,928,0,1593,1]
04-10 01:28:41.859 1002 1509 I sysui_multi_action: [757,128,758,1,793,141539,794,0,795,141539,796,0,797,trace-kona-SKQ1.220201.001-2023-04-10-01-26-18.perfetto-trace,798,1,806,com.android.traceur,857,system-tracing,858,4,947,0,1395,6,1500,141332,1688,1]
04-10 01:28:41.859 1002 1509 I sysui_multi_action: [757,804,799,note_freshness,801,141539,802,1]
04-10 01:28:41.860 1002 1509 I notification_visibility: [0|com.android.traceur|0|trace-kona-SKQ1.220201.001-2023-04-10-01-26-18.perfetto-trace|10035,1,141539,141539,0,1]
04-10 01:28:41.860 1002 1509 I sysui_multi_action: [757,128,758,1,793,267225,794,0,795,267225,796,55,798,4,806,android,857,DEVELOPER,858,2,947,0,1395,6,1500,266288,1688,1]
04-10 01:28:41.860 1002 1509 I sysui_multi_action: [757,804,799,note_freshness,801,267225,802,1]
04-10 01:28:41.860 1002 1509 I notification_visibility: [-1|android|55|null|1000,1,267225,267225,0,4]
04-10 01:28:41.860 1002 1509 I sysui_multi_action: [757,128,758,1,793,271437,794,0,795,271437,796,32,798,5,806,android,857,USB,858,1,947,0,1395,6,1500,270622,1688,1]
04-10 01:28:41.860 1002 1509 I sysui_multi_action: [757,804,799,note_freshness,801,271437,802,1]
04-10 01:28:41.860 1002 1509 I notification_visibility: [-1|android|32|null|1000,1,271437,271437,0,5]
04-10 01:28:41.875 1002 1664 I input_focus: [Focus leaving 73b612c com.android.launcher3/com.android.launcher3.uioverrides.QuickstepLauncher (server),reason=setFocusedWindow]
04-10 01:28:41.875 1002 1664 I input_focus: [Focus entering 10ef944 NotificationShade (server),reason=setFocusedWindow]
04-10 01:28:41.897 1002 1664 D PowerManagerNotifier: onUserActivity: event=2, uid=1000
04-10 01:28:41.897 1002 1664 D DisplayPowerController[0]: requestPowerState: policy=BRIGHT, useProximitySensor=false, screenBrightnessOverride=NaN, useAutoBrightness=true, screenAutoBrightnessAdjustmentOverride=NaN, screenLowPowerBrightnessFactor=1.0, blockScreenOn=false, lowPowerMode=false, boostScreenBrightness=false, dozeScreenBrightness=NaN, dozeScreenState=UNKNOWN, waitForNegativeProximity=false
04-10 01:28:41.897 1002 1664 D PowerManagerNotifier: onScreenPolicyUpdate: newPolicy=3
01-06 09:03:55.960 0 0 E DTC_ETH,link_delay_work_func: 3003, SQI=0, link=0
04-10 01:28:42.111 1995 4419 I OpenGLRenderer: Davey! duration=9223371719927ms; Flags=0, FrameTimelineVsyncId=10048, IntendedVsync=316923264579, Vsync=316956597911, InputEventId=0, HandleInputStart=316959377169, AnimationStart=316959378419, PerformTraversalsStart=316962189408, DrawStart=316962510450, FrameDeadline=316956597911, FrameInterval=316959372377, FrameStartTime=16666666, SyncQueued=316962822742, SyncStart=316966951075, IssueDrawCommandsStart=316967416231, SwapBuffers=316972899148, FrameCompleted=9223372036854775807, DequeueBufferDuration=69687, QueueBufferDuration=1801719, GpuCompleted=9223372036854775807, SwapBuffersCompleted=316975864044, DisplayPresentTime=307826975662,
04-10 01:28:42.148 3040 3973 W hpplay-java: [ServerTaskManager]:IPManager:getActiveNets invalid networkInfo:null
04-10 01:28:42.148 3040 3973 I hpplay-java: [ServerTaskManager]:IPManager:getActiveNets eth0:false wifi:false mobile:false ap:false
04-10 01:28:42.148 3040 3973 I hpplay-java: [ServerTaskManager]:ServerTaskManager:get local ip:null
04-10 01:28:42.279 649 662 I mpu_uart: [MSG-P:RECV]:No message received in 1000 ms
04-10 01:28:42.564 1002 1664 I input_interaction: Interaction with: 10ef944 NotificationShade (server), edge-swipe (server), swipe-up (server), PointerEventDispatcher0 (server),
04-10 01:28:42.567 1002 1664 D PowerManagerNotifier: onUserActivity: event=2, uid=1000
04-10 01:28:42.567 1002 1664 D DisplayPowerController[0]: requestPowerState: policy=BRIGHT, useProximitySensor=false, screenBrightnessOverride=NaN, useAutoBrightness=true, screenAutoBrightnessAdjustmentOverride=NaN, screenLowPowerBrightnessFactor=1.0, blockScreenOn=false, lowPowerMode=false, boostScreenBrightness=false, dozeScreenBrightness=NaN, dozeScreenState=UNKNOWN, waitForNegativeProximity=false
04-10 01:28:42.567 1002 1664 D PowerManagerNotifier: onScreenPolicyUpdate: newPolicy=3
04-10 01:28:42.603 1995 4634 W FrameTracker: Missed App frame:74
04-10 01:28:42.603 1995 4634 W FrameTracker: Missed SF frame:74
04-10 01:28:42.603 1995 4634 W FrameTracker: Missed App frame:10
04-10 01:28:42.603 1995 4634 W FrameTracker: Missed SF frame:10
04-10 01:28:42.603 1995 4634 W FrameTracker: Missed SF frame:66
04-10 01:28:42.603 1995 4634 W FrameTracker: Missed SF frame:66
04-10 01:28:42.603 1995 4634 W FrameTracker: Missed SF frame:66
04-10 01:28:42.604 1995 4634 W FrameTracker: Missed SF frame:66
04-10 01:28:42.604 1995 4634 W FrameTracker: Missed App frame:8
04-10 01:28:42.605 1995 3033 V PerfettoTrigger: Not triggering com.android.telemetry.interaction-jank-monitor-0 - not enough time since last trigger
04-10 01:28:42.707 1002 1664 D PowerManagerNotifier: onUserActivity: event=2, uid=1000
04-10 01:28:42.708 1002 1664 D DisplayPowerController[0]: requestPowerState: policy=BRIGHT, useProximitySensor=false, screenBrightnessOverride=NaN, useAutoBrightness=true, screenAutoBrightnessAdjustmentOverride=NaN, screenLowPowerBrightnessFactor=1.0, blockScreenOn=false, lowPowerMode=false, boostScreenBrightness=false, dozeScreenBrightness=NaN, dozeScreenState=UNKNOWN, waitForNegativeProximity=false
04-10 01:28:42.708 1002 1664 D PowerManagerNotifier: onScreenPolicyUpdate: newPolicy=3
04-10 01:28:42.709 1002 1509 D WindowManager: interceptKeyBeforeQueueing: ---> event=KeyEvent { action=ACTION_DOWN, keyCode=KEYCODE_POWER, scanCode=0, metaState=0, flags=0x0, repeatCount=0, eventTime=317593, downTime=317593, deviceId=-1, source=0x0, displayId=0 } ---stack--- java.lang.Throwable
04-10 01:28:42.709 1002 1509 D WindowManager: at com.android.server.policy.PhoneWindowManager.interceptKeyBeforeQueueing(PhoneWindowManager.java:3422)
04-10 01:28:42.709 1002 1509 D WindowManager: at com.android.server.wm.InputManagerCallback.interceptKeyBeforeQueueing(InputManagerCallback.java:149)
04-10 01:28:42.709 1002 1509 D WindowManager: at com.android.server.input.InputManagerService.interceptKeyBeforeQueueing(InputManagerService.java:2827)
04-10 01:28:42.709 1002 1509 D WindowManager: at com.android.server.input.InputManagerService.nativeInjectInputEvent(Native Method)
04-10 01:28:42.709 1002 1509 D WindowManager: at com.android.server.input.InputManagerService.injectInputEventInternal(InputManagerService.java:874)
04-10 01:28:42.709 1002 1509 D WindowManager: at com.android.server.input.InputManagerService.injectInputEvent(InputManagerService.java:834)
04-10 01:28:42.709 1002 1509 D WindowManager: at android.hardware.input.IInputManager$Stub.onTransact(IInputManager.java:588)
04-10 01:28:42.709 1002 1509 D WindowManager: at android.os.Binder.execTransactInternal(Binder.java:1179)
04-10 01:28:42.709 1002 1509 D WindowManager: at android.os.Binder.execTransact(Binder.java:1143)
04-10 01:28:42.709 1002 1509 I intercept_power: [ACTION_DOWN,0,0]
04-10 01:28:42.710 1002 1509 D DisplayPowerController[0]: requestPowerState: policy=BRIGHT, useProximitySensor=false, screenBrightnessOverride=NaN, useAutoBrightness=true, screenAutoBrightnessAdjustmentOverride=NaN, screenLowPowerBrightnessFactor=1.0, blockScreenOn=false, lowPowerMode=false, boostScreenBrightness=false, dozeScreenBrightness=NaN, dozeScreenState=UNKNOWN, waitForNegativeProximity=false
04-10 01:28:42.710 1002 1509 D PowerManagerNotifier: onScreenPolicyUpdate: newPolicy=3
04-10 01:28:42.712 1002 1509 D PowerManagerNotifier: onWakeLockAcquired: flags=1, tag="PhoneWindowManager.mPowerKeyWakeLock", packageName=android, ownerUid=1000, ownerPid=1002, workSource=null
04-10 01:28:42.766 1002 1509 D WindowManager: interceptKeyBeforeQueueing: ---> event=KeyEvent { action=ACTION_UP, keyCode=KEYCODE_POWER, scanCode=0, metaState=0, flags=0x0, repeatCount=0, eventTime=317593, downTime=317651, deviceId=-1, source=0x0, displayId=0 } ---stack--- java.lang.Throwable
04-10 01:28:42.766 1002 1509 D WindowManager: at com.android.server.policy.PhoneWindowManager.interceptKeyBeforeQueueing(PhoneWindowManager.java:3422)
04-10 01:28:42.766 1002 1509 D WindowManager: at com.android.server.wm.InputManagerCallback.interceptKeyBeforeQueueing(InputManagerCallback.java:149)
04-10 01:28:42.766 1002 1509 D WindowManager: at com.android.server.input.InputManagerService.interceptKeyBeforeQueueing(InputManagerService.java:2827)
04-10 01:28:42.766 1002 1509 D WindowManager: at com.android.server.input.InputManagerService.nativeInjectInputEvent(Native Method)
04-10 01:28:42.766 1002 1509 D WindowManager: at com.android.server.input.InputManagerService.injectInputEventInternal(InputManagerService.java:874)
04-10 01:28:42.766 1002 1509 D WindowManager: at com.android.server.input.InputManagerService.injectInputEvent(InputManagerService.java:834)
04-10 01:28:42.766 1002 1509 D WindowManager: at android.hardware.input.IInputManager$Stub.onTransact(IInputManager.java:588)
04-10 01:28:42.766 1002 1509 D WindowManager: at android.os.Binder.execTransactInternal(Binder.java:1179)
04-10 01:28:42.766 1002 1509 D WindowManager: at android.os.Binder.execTransact(Binder.java:1143)
04-10 01:28:42.767 1002 1509 I intercept_power: [ACTION_UP,0,0]
04-10 01:28:42.767 1002 1002 D WindowManager: powerPress: eventTime=317651 interactive=true count=0 beganFromNonInteractive=false mShortPressOnPowerBehavior=1
04-10 01:28:42.767 1002 1509 D PowerManagerNotifier: onWakeLockReleased: flags=1, tag="PhoneWindowManager.mPowerKeyWakeLock", packageName=android, ownerUid=1000, ownerPid=1002, workSource=null
04-10 01:28:42.768 1002 1509 D DisplayPowerController[0]: requestPowerState: policy=BRIGHT, useProximitySensor=false, screenBrightnessOverride=NaN, useAutoBrightness=true, screenAutoBrightnessAdjustmentOverride=NaN, screenLowPowerBrightnessFactor=1.0, blockScreenOn=false, lowPowerMode=false, boostScreenBrightness=false, dozeScreenBrightness=NaN, dozeScreenState=UNKNOWN, waitForNegativeProximity=false
04-10 01:28:42.768 1002 1509 D PowerManagerNotifier: onScreenPolicyUpdate: newPolicy=3
04-10 01:28:42.769 1002 1002 I PowerManagerService: Powering off display group due to power_button (groupId= 0, uid= 1000)...
04-10 01:28:42.770 1002 1002 I PowerManagerService: Going to sleep due to power_button (uid 1000)...
04-10 01:28:42.775 1002 1002 D PowerManagerNotifier: onWakefulnessChangeStarted: wakefulness=3, reason=4, interactive=false
04-10 01:28:42.776 1002 1002 I power_sleep_requested: 0
