01-06 09:03:15.280 0 0 D cnss : Extract message with event length: 812, type: 0, is last: 0, seq no: 0
01-06 09:03:15.282 0 0 D cnss : Received QMI WLFW respond get info indication
01-06 09:03:15.282 0 0 D cnss : Extract message with event length: 576, type: 0, is last: 0, seq no: 0
01-06 09:03:15.284 0 0 D cnss : Received QMI WLFW respond get info indication
01-06 09:03:15.284 0 0 D cnss : Extract message with event length: 748, type: 0, is last: 0, seq no: 0
01-06 09:03:15.286 0 0 D cnss : Received QMI WLFW respond get info indication
01-06 09:03:15.286 0 0 D cnss : Extract message with event length: 812, type: 0, is last: 0, seq no: 0
01-06 09:03:15.287 0 0 D cnss : Received QMI WLFW respond get info indication
01-06 09:03:15.287 0 0 D cnss : Extract message with event length: 748, type: 0, is last: 0, seq no: 0
04-10 01:28:01.340 1002 1163 I input_focus: [Focus request 73b612c com.android.launcher3/com.android.launcher3.uioverrides.QuickstepLauncher,reason=UpdateInputWindows]
04-10 01:28:01.341 3066 3066 D PASRDozeReceiver: Received Intent Intent { act=android.intent.action.SCREEN_ON flg=0x50200010 }
01-06 09:03:15.291 0 0 D cnss : Starting to handle get info done
01-06 09:03:15.291 0 0 D cnss : Setting MHI state: SUSPEND(6)
01-06 09:03:15.292 0 0 D cnss : Suspending PCI link
01-06 09:03:15.292 0 0 D cnss : Use PCIe DRV suspend
04-10 01:28:01.343 3066 3066 D PASRDozeReceiver: Sent intent Successfully
04-10 01:28:01.344 3066 3066 D PASRService: PASRService started
04-10 01:28:01.344 3066 3066 D PASRService: OnStart, Intent: android.intent.action.SCREEN_ON
04-10 01:28:01.344 3066 3066 D PASRService: State is now: -1
04-10 01:28:01.345 1002 1002 I power_screen_broadcast_done: [1,74,1]
04-10 01:28:01.352 1002 1664 I InputDispatcher: Dropping event because there is no touchable window or gesture monitor at (2331, 981) in display 0.
04-10 01:28:01.352 1002 1664 D PowerManagerNotifier: onUserActivity: event=0, uid=1000
01-06 09:03:15.302 0 0 D cnss : Runtime resume start
01-06 09:03:15.302 0 0 D cnss : Resuming PCI link
01-06 09:03:15.304 0 0 D cnss : Set PCI link status to: 2
04-10 01:28:01.353 1002 1664 I InputDispatcher: Dropping event because there is no touchable window or gesture monitor at (2331, 981) in display 0.
01-06 09:03:15.304 0 0 D cnss : Setting MHI state: RESUME(7)
04-10 01:28:01.353 1002 1664 I InputDispatcher: Dropping event because there is no touchable window or gesture monitor at (2331, 981) in display 0.
04-10 01:28:01.353 1002 1664 I InputDispatcher: Dropping event because there is no touchable window or gesture monitor at (2331, 981) in display 0.
04-10 01:28:01.355 1002 1664 I input_interaction: Interaction with: edge-swipe (server), swipe-up (server), PointerEventDispatcher0 (server),
04-10 01:28:01.358 1002 1664 D PowerManagerNotifier: onUserActivity: event=2, uid=1000
04-10 01:28:01.359 1002 1664 D DisplayPowerController[0]: requestPowerState: policy=BRIGHT, useProximitySensor=false, screenBrightnessOverride=NaN, useAutoBrightness=true, screenAutoBrightnessAdjustmentOverride=NaN, screenLowPowerBrightnessFactor=1.0, blockScreenOn=false, lowPowerMode=false, boostScreenBrightness=false, dozeScreenBrightness=NaN, dozeScreenState=UNKNOWN, waitForNegativeProximity=false
04-10 01:28:01.359 1002 1664 D PowerManagerNotifier: onScreenPolicyUpdate: newPolicy=3
01-06 09:03:15.311 0 0 I [kworke][0x143359141][01:28:01.362283] wlan: [54:I:PMO] pmo_core_psoc_send_host_wakeup_ind_to_fw: 1225: Host wakeup indication sent to fw
04-10 01:28:01.363 1002 1664 D PowerManagerNotifier: onUserActivity: event=2, uid=1000
04-10 01:28:01.364 1002 1664 D DisplayPowerController[0]: requestPowerState: policy=BRIGHT, useProximitySensor=false, screenBrightnessOverride=NaN, useAutoBrightness=true, screenAutoBrightnessAdjustmentOverride=NaN, screenLowPowerBrightnessFactor=1.0, blockScreenOn=false, lowPowerMode=false, boostScreenBrightness=false, dozeScreenBrightness=NaN, dozeScreenState=UNKNOWN, waitForNegativeProximity=false
04-10 01:28:01.364 1002 1664 D PowerManagerNotifier: onScreenPolicyUpdate: newPolicy=3
01-06 09:03:15.316 0 0 I : [MAX975X:max96755x_drm_notifier_callback] *INFO* receives BLANK:UNBLANK
01-06 09:03:15.316 0 0 I atmel_mxt_ts 0-004a: FB event:1,blank:0
01-06 09:03:15.316 0 0 I atmel_mxt_ts 0-004a: drm_notifier_callback: UNBLANK! Resume by drm notifier.
01-06 09:03:15.322 0 0 D cnss : Runtime resume status: 0
04-10 01:28:01.373 1041 1041 D SurfaceFlinger: Finished setting power mode 2 on display 4630946816427681409
04-10 01:28:01.375 1002 1951 D LocalDisplayAdapter: setDisplayState(id=4630946816427681409, state=ON) ---end
04-10 01:28:01.375 1002 1951 D DisplayPowerState: Updating screen state: id=0, state=ON, backlight=1.0, sdrBacklight=1.0
04-10 01:28:01.375 1002 1211 D DisplayPowerState: Screen ready
04-10 01:28:01.376 1002 1951 D LocalDisplayAdapter: setDisplayBrightness(id=4630946816427681409, brightnessState=1.0, sdrBrightnessState=1.0) ---start
04-10 01:28:01.376 1002 1951 E DisplayDeviceConfig: requesting nits when no mapping exists.
04-10 01:28:01.376 1002 1211 D DisplayPowerController[0]: Display ready!
04-10 01:28:01.376 1995 4634 D KeyguardViewMediator: notifyScreenTurnedOn
04-10 01:28:01.376 1002 1211 D DisplayPowerController[0]: Finished business...
04-10 01:28:01.376 1002 1951 E DisplayDeviceConfig: requesting nits when no mapping exists.
04-10 01:28:01.376 1002 1181 I am_wtf : [0,1002,system_server,-1,DisplayDeviceConfig,requesting nits when no mapping exists.]
04-10 01:28:01.377 1002 1211 D DisplayPowerController[0]: requestPowerState: policy=BRIGHT, useProximitySensor=false, screenBrightnessOverride=NaN, useAutoBrightness=true, screenAutoBrightnessAdjustmentOverride=NaN, screenLowPowerBrightnessFactor=1.0, blockScreenOn=false, lowPowerMode=false, boostScreenBrightness=false, dozeScreenBrightness=NaN, dozeScreenState=UNKNOWN, waitForNegativeProximity=false
04-10 01:28:01.377 1002 1211 D PowerManagerNotifier: onScreenPolicyUpdate: newPolicy=3
04-10 01:28:01.378 1002 1211 D PowerManagerNotifier: onWakefulnessChangeFinished
04-10 01:28:01.378 1002 1002 I sysui_multi_action: [757,198,758,1,759,1,1359,134,1694,1]
04-10 01:28:01.379 1002 1002 I power_screen_state: [1,0,0,0,134]
04-10 01:28:01.380 1995 1995 D KeyguardViewMediator: handleNotifyScreenTurnedOn
04-10 01:28:01.380 1002 1181 I am_wtf : [0,1002,system_server,-1,DisplayDeviceConfig,requesting nits when no mapping exists.]
04-10 01:28:01.387 1002 1664 I input_focus: [Focus entering 73b612c com.android.launcher3/com.android.launcher3.uioverrides.QuickstepLauncher (server),reason=setFocusedWindow]
04-10 01:28:01.415 2707 3045 I OpenGLRenderer: Davey! duration=10117ms; Flags=1, FrameTimelineVsyncId=6700, IntendedVsync=266118653664, Vsync=266118653664, InputEventId=0, HandleInputStart=266120081303, AnimationStart=266120081980, PerformTraversalsStart=266120082605, DrawStart=266133880053, FrameDeadline=266168653662, FrameInterval=266120078178, FrameStartTime=16666666, SyncQueued=266137654792, SyncStart=266137766719, IssueDrawCommandsStart=266137910313, SwapBuffers=266140771875, FrameCompleted=276236268226, DequeueBufferDuration=314375, QueueBufferDuration=827291, GpuCompleted=276236268226, SwapBuffersCompleted=266142030730, DisplayPresentTime=72904454231491431,
04-10 01:28:01.421 1002 1951 D LocalDisplayAdapter: setDisplayBrightness(id=4630946816427681409, brightnessState=1.0, sdrBrightnessState=1.0) ---end
04-10 01:28:01.422 1002 1211 D DisplayPowerState: Screen ready
04-10 01:28:01.960 3040 3973 W hpplay-java: [ServerTaskManager]:IPManager:getActiveNets invalid networkInfo:null
04-10 01:28:01.960 3040 3973 I hpplay-java: [ServerTaskManager]:IPManager:getActiveNets eth0:false wifi:false mobile:false ap:false
04-10 01:28:01.960 3040 3973 I hpplay-java: [ServerTaskManager]:ServerTaskManager:get local ip:null
04-10 01:28:02.244 649 662 I mpu_uart: [MSG-P:RECV]:No message received in 1000 ms
04-10 01:28:02.362 1309 1321 I selfinstaller: create socket failed: Network is unreachable 101
04-10 01:28:02.429 1002 1664 I input_interaction: Interaction with: 2d5abae StatusBar (server), edge-swipe (server), swipe-up (server), PointerEventDispatcher0 (server),
04-10 01:28:02.435 1002 1664 D PowerManagerNotifier: onUserActivity: event=2, uid=1000
04-10 01:28:02.436 1002 1664 D DisplayPowerController[0]: requestPowerState: policy=BRIGHT, useProximitySensor=false, screenBrightnessOverride=NaN, useAutoBrightness=true, screenAutoBrightnessAdjustmentOverride=NaN, screenLowPowerBrightnessFactor=1.0, blockScreenOn=false, lowPowerMode=false, boostScreenBrightness=false, dozeScreenBrightness=NaN, dozeScreenState=UNKNOWN, waitForNegativeProximity=false
04-10 01:28:02.436 1002 1664 D PowerManagerNotifier: onScreenPolicyUpdate: newPolicy=3
04-10 01:28:02.450 1995 1995 I sysui_multi_action: [757,803,799,panel_open,802,1]
04-10 01:28:02.453 1995 1995 I sysui_multi_action: [757,1328,758,4,1326,60,1327,0,1329,0]
04-10 01:28:02.461 1995 1995 D StatusBar: disable disable2
04-10 01:28:02.461 1002 1510 I sysui_multi_action: [757,127,758,1]
04-10 01:28:02.462 1002 1510 I sysui_multi_action: [757,804,799,note_load,801,6,802,1]
04-10 01:28:02.462 1002 1510 I notification_panel_revealed: 6
04-10 01:28:02.484 1002 1163 I input_focus: [Focus request 10ef944 NotificationShade,reason=UpdateInputWindows]
01-06 09:03:16.442 0 0 I perf : interrupt took too long (5201 > 5191), lowering kernel.perf_event_max_sample_rate to 38250
04-10 01:28:02.507 1002 1664 I input_focus: [Focus leaving 73b612c com.android.launcher3/com.android.launcher3.uioverrides.QuickstepLauncher (server),reason=Waiting for window because NOT_VISIBLE]
04-10 01:28:02.512 1002 1510 I sysui_multi_action: [757,128,758,1,793,8849,794,0,795,8503,796,1,798,1,806,com.android.traceur,857,trace-is-being-recorded,858,4,947,0,1395,6,1500,8503,1688,1]
04-10 01:28:02.513 1002 1510 I sysui_multi_action: [757,804,799,note_freshness,801,8503,802,1]
04-10 01:28:02.513 1002 1510 I notification_visibility: [0|com.android.traceur|1|null|10035,1,8849,8503,0,1]
04-10 01:28:02.513 1995 1995 I sysui_multi_action: [757,111,758,1]
04-10 01:28:02.514 1002 1510 I sysui_multi_action: [757,128,758,1,793,228043,794,0,795,228043,796,26,798,0,806,android,857,DEVELOPER_IMPORTANT,858,4,947,0,1395,6,1500,227451,1688,1]
04-10 01:28:02.515 1995 1995 I sysui_multi_action: [757,268,758,1,759,268,806,com.android.traceur,871,com.android.traceur.QsService,927,0,1593,1]
04-10 01:28:02.516 1995 1995 I sysui_multi_action: [757,126,758,1,759,126,927,1,928,1,1593,1]
04-10 01:28:02.516 1995 1995 I sysui_multi_action: [757,113,758,1,759,113,927,2,928,1,1593,1]
04-10 01:28:02.517 1995 1995 I sysui_multi_action: [757,0,758,1,759,0,927,3,928,0,1593,1]
04-10 01:28:02.517 1995 1995 I sysui_multi_action: [757,0,758,1,759,0,927,4,928,0,1593,1]
04-10 01:28:02.517 1995 1995 I sysui_multi_action: [757,491,758,1,759,491,927,5,928,0,1311,-1,1593,1]
04-10 01:28:02.518 1995 1995 I sysui_multi_action: [757,0,758,1,759,0,927,6,928,0,1593,1]
04-10 01:28:02.518 1995 1995 I sysui_multi_action: [757,0,758,1,759,0,927,7,1593,1]
04-10 01:28:02.518 1002 1510 I sysui_multi_action: [757,804,799,note_freshness,801,228043,802,1]
04-10 01:28:02.518 1995 1995 I sysui_multi_action: [757,111,758,1]
04-10 01:28:02.519 1995 1995 I sysui_multi_action: [757,268,758,1,759,268,806,com.android.traceur,871,com.android.traceur.QsService,927,0,1593,1]
04-10 01:28:02.519 1995 1995 I sysui_multi_action: [757,126,758,1,759,126,927,1,928,1,1593,1]
04-10 01:28:02.519 1002 1510 I notification_visibility: [-1|android|26|null|1000,1,228043,228043,0,0]
04-10 01:28:02.519 1995 1995 I sysui_multi_action: [757,113,758,1,759,113,927,2,928,1,1593,1]
04-10 01:28:02.519 1995 1995 I sysui_multi_action: [757,0,758,1,759,0,927,3,928,0,1593,1]
04-10 01:28:02.519 1002 1510 I sysui_multi_action: [757,128,758,1,793,226961,794,0,795,226961,796,17303299,797,com.android.wifi,798,3,806,android,857,NETWORK_AVAILABLE,858,2,947,0,1395,6,1500,226744,1688,1]
04-10 01:28:02.519 1002 1510 I sysui_multi_action: [757,804,799,note_freshness,801,226961,802,1]
04-10 01:28:02.520 1002 1510 I notification_visibility: [0|android|17303299|com.android.wifi|1000,1,226961,226961,0,3]
04-10 01:28:02.522 1002 1510 I sysui_multi_action: [757,128,758,1,793,102202,794,0,795,102202,796,0,797,trace-kona-SKQ1.220201.001-2023-04-10-01-26-18.perfetto-trace,798,2,806,com.android.traceur,857,system-tracing,858,4,947,0,1395,6,1500,101995,1688,1]
04-10 01:28:02.522 1002 1510 I sysui_multi_action: [757,804,799,note_freshness,801,102202,802,1]
04-10 01:28:02.523 1002 1510 I notification_visibility: [0|com.android.traceur|0|trace-kona-SKQ1.220201.001-2023-04-10-01-26-18.perfetto-trace|10035,1,102202,102202,0,2]
04-10 01:28:02.523 1002 1510 I sysui_multi_action: [757,128,758,1,793,227888,794,0,795,227888,796,55,798,4,806,android,857,DEVELOPER,858,2,947,0,1395,6,1500,226951,1688,1]
04-10 01:28:02.523 1002 1510 I sysui_multi_action: [757,804,799,note_freshness,801,227888,802,1]
04-10 01:28:02.524 1002 1510 I notification_visibility: [-1|android|55|null|1000,1,227888,227888,0,4]
04-10 01:28:02.524 1002 1664 I input_focus: [Focus entering 10ef944 NotificationShade (server),reason=Window became focusable. Previous reason: NOT_VISIBLE]
04-10 01:28:02.524 1002 1510 I sysui_multi_action: [757,128,758,1,793,232101,794,0,795,232101,796,32,798,5,806,android,857,USB,858,1,947,0,1395,6,1500,231286,1688,1]
04-10 01:28:02.524 1002 1510 I sysui_multi_action: [757,804,799,note_freshness,801,232101,802,1]
04-10 01:28:02.525 1002 1510 I notification_visibility: [-1|android|32|null|1000,1,232101,232101,0,5]
04-10 01:28:02.964 3040 3973 W hpplay-java: [ServerTaskManager]:IPManager:getActiveNets invalid networkInfo:null
04-10 01:28:02.964 3040 3973 I hpplay-java: [ServerTaskManager]:IPManager:getActiveNets eth0:false wifi:false mobile:false ap:false
04-10 01:28:02.964 3040 3973 I hpplay-java: [ServerTaskManager]:ServerTaskManager:get local ip:null
04-10 01:28:03.202 2544 2544 D RemoteControlService: startVlanDispatchThread
04-10 01:28:03.245 649 662 I mpu_uart: [MSG-P:RECV]:No message received in 1000 ms
04-10 01:28:03.268 1995 4634 W FrameTracker: Missed App frame:74
04-10 01:28:03.268 1995 4634 W FrameTracker: Missed SF frame:74
04-10 01:28:03.268 1995 4634 W FrameTracker: Missed SF frame:66
04-10 01:28:03.268 1995 4634 W FrameTracker: Missed SF frame:66
04-10 01:28:03.268 1995 4634 W FrameTracker: Missed SF frame:66
04-10 01:28:03.268 1995 4634 W FrameTracker: Missed SF frame:66
04-10 01:28:03.268 1995 4634 W FrameTracker: Missed SF frame:66
04-10 01:28:03.268 1995 4634 W FrameTracker: Missed SF frame:66
04-10 01:28:03.268 1995 4634 W FrameTracker: Missed SF frame:66
04-10 01:28:03.269 1995 4634 W FrameTracker: Missed SF frame:66
04-10 01:28:03.269 1995 4634 W FrameTracker: Missed SF frame:66
04-10 01:28:03.269 1995 4634 W FrameTracker: Missed SF frame:66
04-10 01:28:03.269 1995 4634 W FrameTracker: Missed SF frame:66
04-10 01:28:03.270 1995 3033 V PerfettoTrigger: Not triggering com.android.telemetry.interaction-jank-monitor-0 - not enough time since last trigger
04-10 01:28:03.314 1002 1664 I input_interaction: Interaction with: 10ef944 NotificationShade (server), edge-swipe (server), swipe-up (server), PointerEventDispatcher0 (server),
04-10 01:28:03.321 1002 1664 D PowerManagerNotifier: onUserActivity: event=2, uid=1000
04-10 01:28:03.321 1002 1664 D DisplayPowerController[0]: requestPowerState: policy=BRIGHT, useProximitySensor=false, screenBrightnessOverride=NaN, useAutoBrightness=true, screenAutoBrightnessAdjustmentOverride=NaN, screenLowPowerBrightnessFactor=1.0, blockScreenOn=false, lowPowerMode=false, boostScreenBrightness=false, dozeScreenBrightness=NaN, dozeScreenState=UNKNOWN, waitForNegativeProximity=false
04-10 01:28:03.322 1002 1664 D PowerManagerNotifier: onScreenPolicyUpdate: newPolicy=3
04-10 01:28:03.460 1995 4634 I OpenGLRenderer: Davey! duration=9223371758547ms; Flags=0, FrameTimelineVsyncId=-1, IntendedVsync=278306826923, Vsync=278306883069, InputEventId=133533809, HandleInputStart=278306900569, AnimationStart=278306904267, PerformTraversalsStart=278306906454, DrawStart=278307091298, FrameDeadline=9223372036854775807, FrameInterval=278306883069, FrameStartTime=16666666, SyncQueued=278307679058, SyncStart=278308449735, IssueDrawCommandsStart=278309940465, SwapBuffers=278319435517, FrameCompleted=9223372036854775807, DequeueBufferDuration=181562, QueueBufferDuration=2453959, GpuCompleted=9223372036854775807, SwapBuffersCompleted=278323655777, DisplayPresentTime=233122796107,
04-10 01:28:03.466 1002 1664 D PowerManagerNotifier: onUserActivity: event=2, uid=1000
04-10 01:28:03.466 1002 1664 D DisplayPowerController[0]: requestPowerState: policy=BRIGHT, useProximitySensor=false, screenBrightnessOverride=NaN, useAutoBrightness=true, screenAutoBrightnessAdjustmentOverride=NaN, screenLowPowerBrightnessFactor=1.0, blockScreenOn=false, lowPowerMode=false, boostScreenBrightness=false, dozeScreenBrightness=NaN, dozeScreenState=UNKNOWN, waitForNegativeProximity=false
04-10 01:28:03.467 1002 1664 D PowerManagerNotifier: onScreenPolicyUpdate: newPolicy=3
04-10 01:28:03.469 1002 1510 D WindowManager: interceptKeyBeforeQueueing: ---> event=KeyEvent { action=ACTION_DOWN, keyCode=KEYCODE_POWER, scanCode=0, metaState=0, flags=0x0, repeatCount=0, eventTime=278353, downTime=278353, deviceId=-1, source=0x0, displayId=0 } ---stack--- java.lang.Throwable
04-10 01:28:03.469 1002 1510 D WindowManager: at com.android.server.policy.PhoneWindowManager.interceptKeyBeforeQueueing(PhoneWindowManager.java:3422)
04-10 01:28:03.469 1002 1510 D WindowManager: at com.android.server.wm.InputManagerCallback.interceptKeyBeforeQueueing(InputManagerCallback.java:149)
04-10 01:28:03.469 1002 1510 D WindowManager: at com.android.server.input.InputManagerService.interceptKeyBeforeQueueing(InputManagerService.java:2827)
04-10 01:28:03.469 1002 1510 D WindowManager: at com.android.server.input.InputManagerService.nativeInjectInputEvent(Native Method)
04-10 01:28:03.469 1002 1510 D WindowManager: at com.android.server.input.InputManagerService.injectInputEventInternal(InputManagerService.java:874)
04-10 01:28:03.469 1002 1510 D WindowManager: at com.android.server.input.InputManagerService.injectInputEvent(InputManagerService.java:834)
04-10 01:28:03.469 1002 1510 D WindowManager: at android.hardware.input.IInputManager$Stub.onTransact(IInputManager.java:588)
04-10 01:28:03.469 1002 1510 D WindowManager: at android.os.Binder.execTransactInternal(Binder.java:1179)
04-10 01:28:03.469 1002 1510 D WindowManager: at android.os.Binder.execTransact(Binder.java:1143)
04-10 01:28:03.469 1002 1510 I intercept_power: [ACTION_DOWN,0,0]
04-10 01:28:03.470 1002 1510 D DisplayPowerController[0]: requestPowerState: policy=BRIGHT, useProximitySensor=false, screenBrightnessOverride=NaN, useAutoBrightness=true, screenAutoBrightnessAdjustmentOverride=NaN, screenLowPowerBrightnessFactor=1.0, blockScreenOn=false, lowPowerMode=false, boostScreenBrightness=false, dozeScreenBrightness=NaN, dozeScreenState=UNKNOWN, waitForNegativeProximity=false
04-10 01:28:03.470 1002 1510 D PowerManagerNotifier: onScreenPolicyUpdate: newPolicy=3
04-10 01:28:03.471 1002 1510 D PowerManagerNotifier: onWakeLockAcquired: flags=1, tag="PhoneWindowManager.mPowerKeyWakeLock", packageName=android, ownerUid=1000, ownerPid=1002, workSource=null
04-10 01:28:03.525 1002 1510 D WindowManager: interceptKeyBeforeQueueing: ---> event=KeyEvent { action=ACTION_UP, keyCode=KEYCODE_POWER, scanCode=0, metaState=0, flags=0x0, repeatCount=0, eventTime=278353, downTime=278409, deviceId=-1, source=0x0, displayId=0 } ---stack--- java.lang.Throwable
04-10 01:28:03.525 1002 1510 D WindowManager: at com.android.server.policy.PhoneWindowManager.interceptKeyBeforeQueueing(PhoneWindowManager.java:3422)
04-10 01:28:03.525 1002 1510 D WindowManager: at com.android.server.wm.InputManagerCallback.interceptKeyBeforeQueueing(InputManagerCallback.java:149)
04-10 01:28:03.525 1002 1510 D WindowManager: at com.android.server.input.InputManagerService.interceptKeyBeforeQueueing(InputManagerService.java:2827)
04-10 01:28:03.525 1002 1510 D WindowManager: at com.android.server.input.InputManagerService.nativeInjectInputEvent(Native Method)
04-10 01:28:03.525 1002 1510 D WindowManager: at com.android.server.input.InputManagerService.injectInputEventInternal(InputManagerService.java:874)
04-10 01:28:03.525 1002 1510 D WindowManager: at com.android.server.input.InputManagerService.injectInputEvent(InputManagerService.java:834)
04-10 01:28:03.525 1002 1510 D WindowManager: at android.hardware.input.IInputManager$Stub.onTransact(IInputManager.java:588)
04-10 01:28:03.525 1002 1510 D WindowManager: at android.os.Binder.execTransactInternal(Binder.java:1179)
04-10 01:28:03.525 1002 1510 D WindowManager: at android.os.Binder.execTransact(Binder.java:1143)
04-10 01:28:03.525 1002 1510 I intercept_power: [ACTION_UP,0,0]
04-10 01:28:03.525 1002 1002 D WindowManager: powerPress: eventTime=278409 interactive=true count=0 beganFromNonInteractive=false mShortPressOnPowerBehavior=1
04-10 01:28:03.526 1002 1002 I PowerManagerService: Powering off display group due to power_button (groupId= 0, uid= 1000)...
04-10 01:28:03.526 1002 1002 I PowerManagerService: Going to sleep due to power_button (uid 1000)...
04-10 01:28:03.530 1002 1002 D PowerManagerNotifier: onWakefulnessChangeStarted: wakefulness=3, reason=4, interactive=false
04-10 01:28:03.531 1002 1002 I power_sleep_requested: 0
04-10 01:28:03.531 1002 1002 D DisplayPowerController[0]: requestPowerState: policy=BRIGHT, useProximitySensor=false, screenBrightnessOverride=NaN, useAutoBrightness=true, screenAutoBrightnessAdjustmentOverride=NaN, screenLowPowerBrightnessFactor=1.0, blockScreenOn=false, lowPowerMode=false, boostScreenBrightness=false, dozeScreenBrightness=NaN, dozeScreenState=UNKNOWN, waitForNegativeProximity=false
04-10 01:28:03.532 1002 1002 D PowerManagerNotifier: onScreenPolicyUpdate: newPolicy=3
04-10 01:28:03.532 1002 1510 D PowerManagerNotifier: onWakeLockReleased: flags=1, tag="PhoneWindowManager.mPowerKeyWakeLock", packageName=android, ownerUid=1000, ownerPid=1002, workSource=null
04-10 01:28:03.533 1002 1510 D DisplayPowerController[0]: requestPowerState: policy=BRIGHT, useProximitySensor=false, screenBrightnessOverride=NaN, useAutoBrightness=true, screenAutoBrightnessAdjustmentOverride=NaN, screenLowPowerBrightnessFactor=1.0, blockScreenOn=false, lowPowerMode=false, boostScreenBrightness=false, dozeScreenBrightness=NaN, dozeScreenState=UNKNOWN, waitForNegativeProximity=false
04-10 01:28:03.533 1002 1510 D PowerManagerNotifier: onScreenPolicyUpdate: newPolicy=3
04-10 01:28:03.534 1002 1211 I PowerManagerService: Sleeping display group (groupId=0, uid=1000)...
04-10 01:28:03.534 1002 1211 I PowerManagerService: Sleeping (uid 1000)...
04-10 01:28:03.536 1002 1510 I sysui_multi_action: [757,128,758,2,793,233113,794,1012,795,233113,796,32,798,5,806,android,857,USB,858,1,947,0,1395,6,1500,232298,1688,1]
04-10 01:28:03.536 1002 1510 I notification_visibility: [-1|android|32|null|1000,0,233113,233113,0,5]
04-10 01:28:03.537 1995 4634 D KeyguardViewMediator: onStartedGoingToSleep(2)
04-10 01:28:03.538 1002 1211 D PowerManagerNotifier: onWakefulnessChangeStarted: wakefulness=0, reason=2, interactive=false
04-10 01:28:03.539 1002 1211 D DisplayPowerController[0]: requestPowerState: policy=OFF, useProximitySensor=false, screenBrightnessOverride=NaN, useAutoBrightness=true, screenAutoBrightnessAdjustmentOverride=NaN, screenLowPowerBrightnessFactor=1.0, blockScreenOn=false, lowPowerMode=false, boostScreenBrightness=false, dozeScreenBrightness=NaN, dozeScreenState=UNKNOWN, waitForNegativeProximity=false
04-10 01:28:03.539 1002 1211 D PowerManagerNotifier: onScreenPolicyUpdate: newPolicy=0
04-10 01:28:03.542 1995 4634 D KeyguardViewMediator: notifyStartedGoingToSleep
04-10 01:28:03.543 961 1109 I SDM : HWCDisplay::GetColorModeCount: Supported color mode count = 1
04-10 01:28:03.544 961 1109 I SDM : HWCDisplay::GetColorModes: Color mode = 0 is supported
04-10 01:28:03.544 1041 2858 E HWComposer: getSupportedContentTypes: getSupportedContentTypes failed for display 4630946816427681409: Unsupported (8)
04-10 01:28:03.547 1995 1995 V KeyguardUpdateMonitor: startListeningForFingerprint()
04-10 01:28:03.548 1995 1995 V KeyguardUpdateMonitor: startListeningForFingerprint()
04-10 01:28:03.549 1995 1995 D KeyguardViewMediator: handleNotifyStartedGoingToSleep
04-10 01:28:03.603 1002 1211 D DisplayPowerController[0]: Unfinished business...
04-10 01:28:03.603 1002 1211 I sysui_multi_action: [757,1696,758,6,759,0]
04-10 01:28:03.645 1002 1211 D DisplayPowerState: setColorFadeLevel: level=0.25912303
04-10 01:28:03.660 1002 1211 D DisplayPowerState: Screen ready
04-10 01:28:03.661 1002 1211 D DisplayPowerState: setColorFadeLevel: level=0.0
04-10 01:28:03.678 1002 1211 D DisplayPowerState: Requesting new screen state: state=ON, backlight=-1.0
04-10 01:28:03.678 1002 1211 D DisplayPowerState: Screen ready
04-10 01:28:03.678 1002 1951 D DisplayPowerState: Updating screen state: id=0, state=ON, backlight=-1.0, sdrBacklight=-1.0
04-10 01:28:03.679 1002 1211 I DisplayPowerController[0]: Blocking screen off
04-10 01:28:03.679 1002 1951 D LocalDisplayAdapter: setDisplayBrightness(id=4630946816427681409, brightnessState=-1.0, sdrBrightnessState=-1.0) ---start
04-10 01:28:03.679 1002 1951 E DisplayDeviceConfig: requesting nits when no mapping exists.
04-10 01:28:03.679 1002 1211 I DisplayPowerController[0]: Unblocked screen off after 1 ms
04-10 01:28:03.680 1002 1951 E DisplayDeviceConfig: requesting nits when no mapping exists.
04-10 01:28:03.680 1002 1181 I am_wtf : [0,1002,system_server,-1,DisplayDeviceConfig,requesting nits when no mapping exists.]
04-10 01:28:03.682 1002 1211 D DisplayPowerState: setScreenState: state=1
04-10 01:28:03.683 1002 1181 I am_wtf : [0,1002,system_server,-1,DisplayDeviceConfig,requesting nits when no mapping exists.]
04-10 01:28:03.683 1002 1211 D ActivityTaskManager: Top Process State changed to PROCESS_STATE_TOP_SLEEPING
04-10 01:28:03.683 1002 1211 D DisplayPowerController[0]: requestPowerState: policy=OFF, useProximitySensor=false, screenBrightnessOverride=NaN, useAutoBrightness=true, screenAutoBrightnessAdjustmentOverride=NaN, screenLowPowerBrightnessFactor=1.0, blockScreenOn=false, lowPowerMode=false, boostScreenBrightness=false, dozeScreenBrightness=NaN, dozeScreenState=UNKNOWN, waitForNegativeProximity=false
04-10 01:28:03.683 1002 1211 D PowerManagerNotifier: onScreenPolicyUpdate: newPolicy=0
04-10 01:28:03.684 1002 1211 D PowerManagerNotifier: onWakeLockAcquired: flags=1, tag="ActivityManager-Sleep", packageName=android, ownerUid=1000, ownerPid=1002, workSource=null
04-10 01:28:03.684 1002 1211 D ActivityTrigger: ActivityTrigger activityPauseTrigger
04-10 01:28:03.685 1002 1211 I wm_pause_activity: [0,247139416,com.android.launcher3/.uioverrides.QuickstepLauncher,userLeaving=false,sleep]
04-10 01:28:03.685 2707 2707 I wm_on_top_resumed_lost_called: [247139416,com.android.launcher3.uioverrides.QuickstepLauncher,topStateChangedWhenResumed]
04-10 01:28:03.686 1002 1211 D DisplayPowerController[0]: Animating brightness: target=0.0, sdrTarget=0.0, rate=0.0
04-10 01:28:03.687 1002 1211 D DisplayPowerState: setScreenBrightness: brightness=0.0
04-10 01:28:03.687 1002 1211 D DisplayPowerState: setSdrScreenBrightness: brightness=0.0
04-10 01:28:03.690 1002 1211 V DisplayPowerController[0]: Brightness [0.0] reason changing to: 'screen_off', previous reason: 'manual'.
04-10 01:28:03.690 1002 1211 D DisplayPowerState: Requesting new screen state: state=OFF, backlight=-1.0
04-10 01:28:03.691 1002 1211 D DisplayPowerState: Screen not ready
04-10 01:28:03.692 2707 2707 I wm_on_paused_called: [247139416,com.android.launcher3.uioverrides.QuickstepLauncher,performPause]
04-10 01:28:03.693 1995 4634 D KeyguardViewMediator: notifyScreenTurnedOff
04-10 01:28:03.695 1002 1763 I wm_add_to_stopping: [0,247139416,com.android.launcher3/.uioverrides.QuickstepLauncher,completePauseLocked]
04-10 01:28:03.696 1002 1951 D LocalDisplayAdapter: setDisplayBrightness(id=4630946816427681409, brightnessState=-1.0, sdrBrightnessState=-1.0) ---end
04-10 01:28:03.696 1002 1951 D DisplayPowerState: Updating screen state: id=0, state=OFF, backlight=-1.0, sdrBacklight=-1.0
04-10 01:28:03.696 1002 1951 D LocalDisplayAdapter: setDisplayState(id=4630946816427681409, state=OFF) ---start
04-10 01:28:03.698 1002 1763 D PowerManagerNotifier: onWakeLockReleased: flags=1, tag="ActivityManager-Sleep", packageName=android, ownerUid=1000, ownerPid=1002, workSource=null
04-10 01:28:03.698 1995 1995 D KeyguardViewMediator: handleNotifyScreenTurnedOff
04-10 01:28:03.698 1002 1763 D DisplayPowerController[0]: requestPowerState: policy=OFF, useProximitySensor=false, screenBrightnessOverride=NaN, useAutoBrightness=true, screenAutoBrightnessAdjustmentOverride=NaN, screenLowPowerBrightnessFactor=1.0, blockScreenOn=false, lowPowerMode=false, boostScreenBrightness=false, dozeScreenBrightness=NaN, dozeScreenState=UNKNOWN, waitForNegativeProximity=false
04-10 01:28:03.699 1002 1763 D PowerManagerNotifier: onScreenPolicyUpdate: newPolicy=0
04-10 01:28:03.704 1002 1193 E KernelCpuSpeedReader: Failed to read cpu-freq: /sys/devices/system/cpu/cpu4/cpufreq/stats/time_in_state: open failed: ENOENT (No such file or directory)
04-10 01:28:03.704 1002 1193 E KernelCpuSpeedReader: Failed to read cpu-freq: /sys/devices/system/cpu/cpu0/cpufreq/stats/time_in_state: open failed: ENOENT (No such file or directory)
04-10 01:28:03.704 1002 1193 E system_server: Cannot read thread CPU times for PID 1002
04-10 01:28:03.705 1002 1161 I wm_stop_activity: [0,247139416,com.android.launcher3/.uioverrides.QuickstepLauncher]
04-10 01:28:03.706 1041 1041 D SurfaceFlinger: Setting power mode 0 on display 4630946816427681409
04-10 01:28:03.707 1995 1995 I sysui_multi_action: [757,111,758,2]
04-10 01:28:03.707 1995 1995 I sysui_multi_action: [757,111,758,2]
04-10 01:28:03.708 1002 1161 I DisplayDeviceRepository: Display device changed state: "内置屏幕", OFF
04-10 01:28:03.711 961 961 I SDM : DisplayBase::SetDisplayState: Set state = 0, display 29-0, teardown = 0
04-10 01:28:03.712 1002 1161 I sysui_multi_action: [757,803,799,window_time_0,802,3]
04-10 01:28:03.713 1002 1161 I InputManager-JNI: Viewport [0] to add: local:4630946816427681409, isActive: false
04-10 01:28:03.713 1995 1995 D StatusBar: updateQsExpansionEnabled - QS Expand enabled: true
04-10 01:28:03.716 1993 2639 I BtGatt.ScanManager: msg.what = 8
04-10 01:28:03.716 1993 2639 I BtGatt.ScanManager: msg.what = 4
04-10 01:28:03.717 2311 2512 E QmiAgentHwInterface: Failed to sendRequest: android.os.RemoteException: sendRequest failed with status: 2
01-06 09:03:17.672 0 0 I : [MAX975X:max96755x_drm_notifier_callback] *INFO* receives EARLY_BLANK:POWERDOWN
04-10 01:28:03.717 1002 1665 I InputReader: Reconfiguring input devices, changes=DISPLAY_INFO |
04-10 01:28:03.717 1002 1665 I InputReader: Disabling qbt_key_input (device 4) because the associated viewport is not active
04-10 01:28:03.718 1002 1665 I InputReader: Disabling qbt_key_input (device 4) because the associated viewport is not active
04-10 01:28:03.718 1002 1665 I InputReader: Disabling Atmel maXTouch Touchscreen (device 3) because the associated viewport is not active
04-10 01:28:03.736 2707 2707 D StateManager: goToState: Normal
04-10 01:28:03.737 2707 2707 I wm_on_stop_called: [247139416,com.android.launcher3.uioverrides.QuickstepLauncher,STOP_ACTIVITY_ITEM]
04-10 01:28:03.744 1002 3323 I sysui_multi_action: [757,128,758,2,793,10081,794,1232,795,9735,796,1,798,1,806,com.android.traceur,857,trace-is-being-recorded,858,4,947,0,1395,6,1500,9735,1688,1]
04-10 01:28:03.744 1002 3323 I notification_visibility: [0|com.android.traceur|1|null|10035,0,10081,9735,0,1]
04-10 01:28:03.745 1002 3323 I sysui_multi_action: [757,128,758,2,793,229274,794,1231,795,229274,796,26,798,0,806,android,857,DEVELOPER_IMPORTANT,858,4,947,0,1395,6,1500,228682,1688,1]
04-10 01:28:03.745 1002 3323 I notification_visibility: [-1|android|26|null|1000,0,229274,229274,0,0]
04-10 01:28:03.745 1002 3323 I sysui_multi_action: [757,128,758,2,793,228187,794,1226,795,228187,796,17303299,797,com.android.wifi,798,3,806,android,857,NETWORK_AVAILABLE,858,2,947,0,1395,6,1500,227970,1688,1]
04-10 01:28:03.746 1995 1995 D StatusBar: disable disable2
04-10 01:28:03.748 1002 3323 I notification_visibility: [0|android|17303299|com.android.wifi|1000,0,228187,228187,0,3]
04-10 01:28:03.749 1002 3323 I sysui_multi_action: [757,128,758,2,793,103429,794,1227,795,103429,796,0,797,trace-kona-SKQ1.220201.001-2023-04-10-01-26-18.perfetto-trace,798,2,806,com.android.traceur,857,system-tracing,858,4,947,0,1395,6,1500,103222,1688,1]
04-10 01:28:03.749 1002 3323 I notification_visibility: [0|com.android.traceur|0|trace-kona-SKQ1.220201.001-2023-04-10-01-26-18.perfetto-trace|10035,0,103429,103429,0,2]
04-10 01:28:03.749 1002 3323 I sysui_multi_action: [757,128,758,2,793,229114,794,1226,795,229114,796,55,798,4,806,android,857,DEVELOPER,858,2,947,0,1395,6,1500,228177,1688,1]
04-10 01:28:03.749 1002 3323 I notification_visibility: [-1|android|55|null|1000,0,229114,229114,0,4]
04-10 01:28:03.749 1002 1763 I sysui_multi_action: [757,127,758,2]
04-10 01:28:03.750 1002 1763 I notification_panel_hidden:
04-10 01:28:03.801 1002 1763 W FreeFormWindowHelper: Current Display FreeFormTask is null
01-06 09:03:17.859 0 0 I atmel_mxt_ts 0-004a: FB event:2,blank:1
01-06 09:03:17.860 0 0 I atmel_mxt_ts 0-004a: drm_notifier_callback: POWERDOWN! Suspend by drm notifier.
04-10 01:28:03.919 1002 1744 I GameModeConfig: isGameModeOn = false
01-06 09:03:17.874 0 0 I : [MAX975X:max96755x_drm_notifier_callback] *INFO* receives BLANK:POWERDOWN
01-06 09:03:17.874 0 0 I atmel_mxt_ts 0-004a: FB event:1,blank:1
01-06 09:03:17.874 0 0 I atmel_mxt_ts 0-004a: resume: event = 1 blank = 1, not care
01-06 09:03:17.895 0 0 I ALERT : changing window size from 16000000 to 20000000 at 278832204683
04-10 01:28:03.934 1041 1041 D SurfaceFlinger: Finished setting power mode 0 on display 4630946816427681409
04-10 01:28:03.935 1002 1951 D SurfaceControl: Excessive delay in setPowerMode()
04-10 01:28:03.935 1002 1951 D LocalDisplayAdapter: setDisplayState(id=4630946816427681409, state=OFF) ---end
04-10 01:28:03.936 943 943 I QTI PowerHAL: Power setMode: 7 to: 0
04-10 01:28:03.937 1002 1211 D DisplayPowerState: Screen ready
04-10 01:28:03.937 1002 1211 D DisplayPowerController[0]: Display ready!
04-10 01:28:03.937 1002 1211 D DisplayPowerController[0]: Finished business...
04-10 01:28:03.938 943 943 I QTI PowerHAL: Got set_interactive hint
04-10 01:28:03.938 1002 1211 D DisplayPowerController[0]: requestPowerState: policy=OFF, useProximitySensor=false, screenBrightnessOverride=NaN, useAutoBrightness=true, screenAutoBrightnessAdjustmentOverride=NaN, screenLowPowerBrightnessFactor=1.0, blockScreenOn=false, lowPowerMode=false, boostScreenBrightness=false, dozeScreenBrightness=NaN, dozeScreenState=UNKNOWN, waitForNegativeProximity=false
04-10 01:28:03.938 1002 1211 D PowerManagerNotifier: onScreenPolicyUpdate: newPolicy=0
04-10 01:28:03.938 1002 1211 D PowerManagerNotifier: onWakefulnessChangeFinished
04-10 01:28:03.942 1002 1002 I sysui_multi_action: [757,198,758,2,759,2,1359,415,1695,4]
04-10 01:28:03.942 1002 1002 I power_screen_state: [0,2,0,0,415]
04-10 01:28:03.942 1002 1002 I screen_toggled: 0
04-10 01:28:03.943 1002 1002 I sysui_multi_action: [757,804,799,screen_timeout,801,60,802,1]
04-10 01:28:03.943 1002 1002 I sysui_multi_action: [757,1594,758,4,759,-2147483648,1359,2564]
04-10 01:28:03.943 1002 1002 I power_screen_broadcast_send: 1
04-10 01:28:03.943 1995 4457 D KeyguardViewMediator: onFinishedGoingToSleep(2)
04-10 01:28:03.943 1002 1002 D PowerManagerNotifier: Sending go to sleep broadcast.
04-10 01:28:03.944 1995 4457 D KeyguardViewMediator: notifyFinishedGoingToSleep
04-10 01:28:03.945 972 4641 E ANDR-PERF-LM: Core: detectAndRunIdle() 174: Not able to open /sys/class/power_supply/battery/status, Error: No such file or directory
04-10 01:28:03.946 1995 1995 D KeyguardViewMediator: handleNotifyFinishedGoingToSleep
04-10 01:28:03.950 1002 1664 I input_focus: [Focus leaving 10ef944 NotificationShade (server),reason=NO_WINDOW]
04-10 01:28:03.953 1995 1995 V KeyguardUpdateMonitor: startListeningForFingerprint()
04-10 01:28:03.967 816 1783 D audio_hw_primary: adev_set_parameters: enter: screen_state=off
04-10 01:28:03.967 3040 3973 W hpplay-java: [ServerTaskManager]:IPManager:getActiveNets invalid networkInfo:null
04-10 01:28:03.967 3040 3973 I hpplay-java: [ServerTaskManager]:IPManager:getActiveNets eth0:false wifi:false mobile:false ap:false
04-10 01:28:03.967 816 1783 D audio_hw_hfp: hfp_set_parameters: enter
04-10 01:28:03.967 3040 3973 I hpplay-java: [ServerTaskManager]:ServerTaskManager:get local ip:null
04-10 01:28:03.967 816 1783 D sound_trigger_hw: handle_screen_status_change: screen off
04-10 01:28:03.967 816 1783 D audio_hw_extn: audio_extn_fm_set_parameters: Enter
04-10 01:28:03.971 1995 1995 D StatusBar: updateQsExpansionEnabled - QS Expand enabled: true
04-10 01:28:03.974 1002 1002 I battery_saving_stats: [0,1,0,2671,0,0,220492,0,0]
04-10 01:28:03.993 2707 2707 D StateManager: goToState: Normal
04-10 01:28:03.999 3068 3068 D SYS_EVENT: send event 8 notification to client
04-10 01:28:04.005 1041 2858 I BpBinder: onLastStrongRef automatically unlinking death recipients:
04-10 01:28:04.013 3040 3040 I hpplay-java: [main]:IPManager:updateAPState time : 1 isAPOpen :false
04-10 01:28:04.013 3040 3040 I hpplay-java: [main]:NetworkReceiver:onReceive action: android.intent.action.SCREEN_OFF
04-10 01:28:04.014 3040 3040 I hpplay-java: [main]:NetworkReceiver:processReceive time : 2
04-10 01:28:04.017 3066 3066 D PASRDozeReceiver: Received Intent Intent { act=android.intent.action.SCREEN_OFF flg=0x50200010 }
04-10 01:28:04.021 3066 3066 D PASRDozeReceiver: Sent intent Successfully
04-10 01:28:04.021 3066 3066 D PASRService: PASRService started
04-10 01:28:04.021 3066 3066 D PASRService: OnStart, Intent: android.intent.action.SCREEN_OFF
04-10 01:28:04.021 3066 3066 D PASRService: Screen Off
04-10 01:28:04.021 1002 1002 I power_screen_broadcast_done: [0,78,1]
04-10 01:28:04.217 1002 1744 I GameModeConfig: isGameModeOn = false
04-10 01:28:04.246 649 662 I mpu_uart: [MSG-P:RECV]:No message received in 1000 ms
04-10 01:28:04.249 1995 1995 D InterruptionStateProvider: No bubble up: not allowed to bubble: 0|com.android.traceur|0|trace-kona-SKQ1.220201.001-2023-04-10-01-26-18.perfetto-trace|10035
04-10 01:28:04.249 1995 1995 D InterruptionStateProvider: No bubble up: not allowed to bubble: -1|android|26|null|1000
04-10 01:28:04.250 1995 1995 D InterruptionStateProvider: No alerting: filtered notification: 0|com.android.systemui|1|empty_media|10084
04-10 01:28:04.250 1995 1995 D InterruptionStateProvider: No bubble up: not allowed to bubble: 0|com.android.traceur|1|null|10035
04-10 01:28:04.251 1995 1995 D InterruptionStateProvider: No bubble up: not allowed to bubble: 0|android|17303299|com.android.wifi|1000
04-10 01:28:04.251 1995 1995 D InterruptionStateProvider: No bubble up: not allowed to bubble: -1|android|55|null|1000
04-10 01:28:04.251 1995 1995 D InterruptionStateProvider: No bubble up: not allowed to bubble: -1|android|32|null|1000
04-10 01:28:04.289 649 661 I mpu_uart: [MSG-P:R]:recv sync frame timeout
04-10 01:28:04.332 3040 3998 I hpplay-java: [NetworkReceiver]:IM_PublicCastClient:disconnect
04-10 01:28:04.332 3040 3998 I hpplay-java: [NetworkReceiver]:IM_IMEntrance:disconnect
04-10 01:28:04.333 3040 3998 W hpplay-java: [NetworkReceiver]:IM_PublicCastClient:reconnect ignore com.hpplay.sdk.sink.cloud.PublicCastClient@5543886
04-10 01:28:04.356 3040 4642 W hpplay-java: [AsyncTask #49]:MagicalCacheFile:serverDir is not exits
04-10 01:28:04.357 3040 4642 I hpplay-java: [AsyncTask #49]:Session:no cached regTime
04-10 01:28:04.359 3040 4642 I hpplay-java: [AsyncTask #49]:AuthSDK:authSDK connectTimeout = 6000
04-10 01:28:04.369 3040 4645 I hpplay-java: [AsyncTask #51]:HttpRequest:http://sdkauth.hpplay.cn/Author/TVAuthor/?uid=-6190987048206693284&appid=21409&prot_ver=4.1&version=60055-27705 path post
04-10 01:28:04.378 673 4646 D resolv : GetAddrInfoHandler::run: {0 262144 0 983040 10091 0}
04-10 01:28:04.378 673 4646 D resolv : resolv_getaddrinfo: explore_fqdn(): ai_family=0 ai_socktype=1 ai_protocol=6
04-10 01:28:04.382 3040 4645 I hpplay-java: [AsyncTask #51]:AsyncManager:nextDomain next2: https://sdkauth.lebo.com.cn:82/Author/TVAuthor/?uid=-6190987048206693284&appid=21409&prot_ver=4.1&version=60055-27705
04-10 01:28:04.383 3040 4645 W hpplay-java: [AsyncTask #51]:HttpRequest:
04-10 01:28:04.383 3040 4645 I hpplay-java: [AsyncTask #51]:HttpRequest:https://sdkauth.lebo.com.cn:82/Author/TVAuthor/?uid=-6190987048206693284&appid=21409&prot_ver=4.1&version=60055-27705 path post
04-10 01:28:04.387 673 4647 D resolv : GetAddrInfoHandler::run: {0 262144 0 983040 10091 0}
04-10 01:28:04.387 673 4647 D resolv : resolv_getaddrinfo: explore_fqdn(): ai_family=0 ai_socktype=1 ai_protocol=6
04-10 01:28:04.391 3040 4645 I hpplay-java: [AsyncTask #51]:AsyncManager:nextDomain next3: http://120.25.130.190:80/Author/TVAuthor/?uid=-6190987048206693284&appid=21409&prot_ver=4.1&version=60055-27705
04-10 01:28:04.391 3040 4645 W hpplay-java: [AsyncTask #51]:HttpRequest:
04-10 01:28:04.391 3040 4645 I hpplay-java: [AsyncTask #51]:HttpRequest:http://120.25.130.190:80/Author/TVAuthor/?uid=-6190987048206693284&appid=21409&prot_ver=4.1&version=60055-27705 path post
04-10 01:28:04.398 3040 4645 W hpplay-java: [AsyncTask #51]:HttpRequest:java.net.ConnectException: Failed to connect to /120.25.130.190:80
04-10 01:28:04.398 3040 4645 W hpplay-java: at com.android.okhttp.internal.io.RealConnection.connectSocket(RealConnection.java:147)
04-10 01:28:04.398 3040 4645 W hpplay-java: at com.android.okhttp.internal.io.RealConnection.connect(RealConnection.java:116)
04-10 01:28:04.398 3040 4645 W hpplay-java: at com.android.okhttp.internal.http.StreamAllocation.findConnection(StreamAllocation.java:186)
04-10 01:28:04.398 3040 4645 W hpplay-java: at com.android.okhttp.internal.http.StreamAllocation.findHealthyConnection(StreamAllocation.java:128)
04-10 01:28:04.398 3040 4645 W hpplay-java: at com.android.okhttp.internal.http.StreamAllocation.newStream(StreamAllocation.java:97)
04-10 01:28:04.398 3040 4645 W hpplay-java: at com.android.okhttp.internal.http.HttpEngine.connect(HttpEngine.java:289)
04-10 01:28:04.398 3040 4645 W hpplay-java: at com.android.okhttp.internal.http.HttpEngine.sendRequest(HttpEngine.java:232)
04-10 01:28:04.398 3040 4645 W hpplay-java: at com.android.okhttp.internal.huc.HttpURLConnectionImpl.execute(HttpURLConnectionImpl.java:465)
04-10 01:28:04.398 3040 4645 W hpplay-java: at com.android.okhttp.internal.huc.HttpURLConnectionImpl.connect(HttpURLConnectionImpl.java:131)
04-10 01:28:04.398 3040 4645 W hpplay-java: at com.hpplay.common.asyncmanager.HttpRequest.doPost(SourceFile:17)
04-10 01:28:04.398 3040 4645 W hpplay-java: at com.hpplay.common.asyncmanager.AsyncHttpJob.doInBackground(SourceFile:4)
04-10 01:28:04.398 3040 4645 W hpplay-java: at android.os.AsyncTask$3.call(AsyncTask.java:394)
04-10 01:28:04.398 3040 4645 W hpplay-java: at java.util.concurrent.FutureTask.run(FutureTask.java:266)
04-10 01:28:04.398 3040 4645 W hpplay-java: at java.util.concurrent.ThreadPoolExecutor.runWorker(ThreadPoolExecutor.java:1167)
04-10 01:28:04.398 3040 4645 W hpplay-java: at java.util.concurrent.ThreadPoolExecutor$Worker.run(ThreadPoolExecutor.java:641)
04-10 01:28:04.398 3040 4645 W hpplay-java: at java.lang.Thread.run(Thread.java:920)
04-10 01:28:04.403 3040 4648 I hpplay-java: [AsyncTask #52]:AuthSDK:authSDK auth failed
04-10 01:28:04.403 3040 4648 I hpplay : [AsyncTask #52]:LelinkHelper:onAuthSDK status: 3
04-10 01:28:04.404 3040 4648 I hpplay-java: [AsyncTask #52]:VipAuthSDK:vipAuth
04-10 01:28:04.404 3040 3040 D hpplay : [main]:LelinkHelper:认证成功
04-10 01:28:04.404 3040 4648 I hpplay-java: [AsyncTask #52]:EnterpriseAuthManager:getNewCompanyAuthSavePath
04-10 01:28:04.405 3040 4648 I hpplay-java: [AsyncTask #52]:EnterpriseAuthManager:getNewCompanyAuthSavePath,get app cache path
04-10 01:28:04.407 3040 4648 I hpplay-java: [AsyncTask #52]:AuthSDK:checkHandler
04-10 01:28:04.408 3040 4648 I hpplay-java: [AsyncTask #52]:IMTask:getIMRoot
04-10 01:28:04.409 3040 4648 I hpplay-java: [AsyncTask #52]:AuthTask:release
04-10 01:28:04.413 3040 4649 I hpplay-java: [AsyncTask #53]:HttpRequest:https://vipauth.hpplay.cn/VipAuth path post
04-10 01:28:04.413 3040 4650 W hpplay-java: [AsyncTask #54]:CreateUtils:notifyQRReady server not start,ignore
04-10 01:28:04.413 3040 4650 W hpplay-java: [AsyncTask #54]:CreateUtils:isServerStartAndAuth token is null
04-10 01:28:04.413 3040 4650 W hpplay-java: [AsyncTask #54]:CreateUtils:isServerStartAndAuth token is null
04-10 01:28:04.413 3040 4650 I hpplay-java: [AsyncTask #54]:ServerBusiness:createPinCode ignore
04-10 01:28:04.417 673 4653 D resolv : GetAddrInfoHandler::run: {0 262144 0 983040 10091 0}
04-10 01:28:04.417 673 4653 D resolv : resolv_getaddrinfo: explore_fqdn(): ai_family=0 ai_socktype=1 ai_protocol=6
04-10 01:28:04.420 3040 4649 W hpplay-java: [AsyncTask #53]:HttpRequest:
04-10 01:28:04.420 3040 4649 I hpplay-java: [AsyncTask #53]:HttpRequest:https://vipauth.hpplay.cn/VipAuth path post
04-10 01:28:04.421 3040 4649 W hpplay-java: [AsyncTask #53]:HttpRequest:
04-10 01:28:04.421 3040 4649 I hpplay-java: [AsyncTask #53]:HttpRequest:https://vipauth.hpplay.cn/VipAuth path post
04-10 01:28:04.422 3040 4649 W hpplay-java: [AsyncTask #53]:HttpRequest:
04-10 01:28:04.423 3040 4648 I hpplay-java: [AsyncTask #52]:LBHandler:create name: AuthTask looper:Looper (AuthTask, tid 115) {7fbeceb}
04-10 01:28:04.424 3040 4648 I hpplay-java: [AsyncTask #52]:AuthTask:reAuth 600000
04-10 01:28:04.425 3040 4648 I hpplay-java: [AsyncTask #52]:AuthSDK:controlStartServer
04-10 01:28:04.425 3040 4648 I hpplay-java: [AsyncTask #52]:ServiceUpdater:upLoadDeviceInfo url = http://gslb.hpplay.cn/lebo-flux-sdk/sdk/info/upload
04-10 01:28:04.431 673 4658 D resolv : GetAddrInfoHandler::run: {0 262144 0 983040 10091 0}
04-10 01:28:04.432 3040 4648 I hpplay-java: [AsyncTask #52]:BusinessConfig:requestConfig
04-10 01:28:04.432 673 4658 D resolv : resolv_getaddrinfo: explore_fqdn(): ai_family=0 ai_socktype=1 ai_protocol=6
04-10 01:28:04.434 3040 4659 I hpplay-java: [AsyncTask #59]:HttpRequest:http://gslb.hpplay.cn/lebo-flux-sdk/sdk/info/upload path post
04-10 01:28:04.435 673 4660 D resolv : GetAddrInfoHandler::run: {0 262144 0 983040 10091 0}
04-10 01:28:04.435 673 4660 D resolv : resolv_getaddrinfo: explore_fqdn(): ai_family=0 ai_socktype=1 ai_protocol=6
04-10 01:28:04.436 673 4662 D resolv : GetAddrInfoHandler::run: {0 262144 0 983040 10091 0}
04-10 01:28:04.436 673 4662 D resolv : resolv_getaddrinfo: explore_fqdn(): ai_family=0 ai_socktype=1 ai_protocol=6
04-10 01:28:04.437 1002 1509 W ActivityManager: Unable to start service Intent { act=android.intent.action.START_LEBO_SERVICE pkg=com.hpplay.happyplay.aw } U=0: not found
04-10 01:28:04.437 3040 4648 I hpplay-java: [AsyncTask #52]:LeboUtil:wu r:false
04-10 01:28:04.437 3040 4659 W hpplay-java: [AsyncTask #59]:HttpRequest:
04-10 01:28:04.437 3040 4659 I hpplay-java: [AsyncTask #59]:HttpRequest:http://gslb.hpplay.cn/lebo-flux-sdk/sdk/info/upload path post
04-10 01:28:04.438 673 4661 D resolv : GetAddrInfoHandler::run: {0 262144 0 983040 10091 0}
04-10 01:28:04.438 673 4661 D resolv : resolv_getaddrinfo: explore_fqdn(): ai_family=0 ai_socktype=1 ai_protocol=6
04-10 01:28:04.441 3040 4651 W hpplay-java: [AsyncTask #55]:HttpRequest:
04-10 01:28:04.441 3040 4655 W hpplay-java: [AsyncTask #57]:HttpRequest:
04-10 01:28:04.441 3040 4654 W hpplay-java: [AsyncTask #56]:HttpRequest:
04-10 01:28:04.441 3040 4655 W hpplay-java: [AsyncTask #57]:HttpRequest:
04-10 01:28:04.442 3040 4655 W hpplay-java: [AsyncTask #57]:HttpRequest:
04-10 01:28:04.442 3040 4659 W hpplay-java: [AsyncTask #59]:HttpRequest:
04-10 01:28:04.442 3040 4659 I hpplay-java: [AsyncTask #59]:HttpRequest:http://gslb.hpplay.cn/lebo-flux-sdk/sdk/info/upload path post
04-10 01:28:04.443 3040 4654 W hpplay-java: [AsyncTask #56]:HttpRequest:
04-10 01:28:04.447 3040 4651 W hpplay-java: [AsyncTask #55]:HttpRequest:
04-10 01:28:04.448 3040 4659 W hpplay-java: [AsyncTask #59]:HttpRequest:
04-10 01:28:04.449 3040 4654 W hpplay-java: [AsyncTask #56]:HttpRequest:
04-10 01:28:04.450 673 4664 D resolv : GetAddrInfoHandler::run: {0 262144 0 983040 10091 0}
04-10 01:28:04.450 673 4664 D resolv : resolv_getaddrinfo: explore_fqdn(): ai_family=0 ai_socktype=1 ai_protocol=6
04-10 01:28:04.453 3040 4663 W hpplay-java: [AsyncTask #60]:HttpRequest:
04-10 01:28:04.455 3040 4663 W hpplay-java: [AsyncTask #60]:HttpRequest:
04-10 01:28:04.455 3040 4663 W hpplay-java: [AsyncTask #60]:HttpRequest:
04-10 01:28:04.456 3040 4651 W hpplay-java: [AsyncTask #55]:HttpRequest:
04-10 01:28:04.456 3040 3040 E hpplay-java: [main]:IMTask:getIMRoot failed
01-06 09:03:18.492 0 0 D cnss : Runtime suspend start
01-06 09:03:18.498 0 0 I [kworke][0x146db1f65][01:28:04.548823] wlan: [440:I:PMO] pmo_core_is_wow_applicable: 319: lpass enabled, enabling wow
01-06 09:03:18.498 0 0 I [kworke][0x146db4114][01:28:04.549269] wlan: [440:I:PMO] pmo_core_enable_wow_in_fw: 807: drv wow is enabled
01-06 09:03:18.498 0 0 I [kworke][0x146db4361][01:28:04.549300] wlan: [440:I:PMO] pmo_core_enable_wow_in_fw: 820: RTPM wow
01-06 09:03:18.498 0 0 I [kworke][0x146db496c][01:28:04.549380] wlan: [440:I:WMI] send_wow_enable_cmd_tlv: 1831: suspend type: WOW_IFACE_PAUSE_ENABLED flag is 0x10
01-06 09:03:18.539 0 0 D cnss : Setting MHI state: SUSPEND(6)
01-06 09:03:18.539 0 0 D cnss : Suspending PCI link
01-06 09:03:18.539 0 0 D cnss : Use PCIe DRV suspend
01-06 09:03:18.545 0 0 D cnss : Runtime suspend status: 0
