04-10 01:28:39.092 1426 2907 D LOWI-9.0.0.87.a: [LOWI-Scan] decode_rsn_wpa_ie: LOWI_ENCRYPTION_TYPE_WPA_PSK
04-10 01:28:39.092 1426 2907 D LOWI-9.0.0.87.a: [LOWI-Scan] is_qcom_ie, bss_age: 0
04-10 01:28:39.092 1426 2907 D LOWI-9.0.0.87.a: [LOWI-Scan] BSS 32:6d:53:34:ec:b5 LOWI_PHY_MODE_11AC_VHT20_2G(11), Beacon Interval: 100, LOWI_ENCRYPTION_TYPE_WPA_PSK 11mcRanging: No, ANQP: No, LCI: No, Civic: No, capability(0x0431): ESS Privacy ShortPreamble ShortSlotTime
04-10 01:28:39.092 1426 2907 D LOWI-9.0.0.87.a: [LOWI-Scan] BSS 32:6d:53:34:ec:b5 FREQ: 2442, cFreq1[40:80:160] = [0:0:0] cFreq2 = 0 Country Code = CN
04-10 01:28:39.092 1426 2907 D LOWI-9.0.0.87.a: [LOWI-Scan] BSS 32:6d:53:34:ec:b5 (wlan0) ASSO: NO AddInfo: 0x0, TSF 0, 00:05:13.415, RSSI: -116, CPL: 127, AGE: 548, SSID Day Phone, TSFDelta: 0x74e855df, TXRate: 0
04-10 01:28:39.092 1426 2907 D LOWI-9.0.0.87.a: [LOWI-Scan]
04-10 01:28:39.092 1426 2907 D LOWI-9.0.0.87.a: [LOWI-Scan] print_bss_handler: Report Probe TSF 313511098 as it greater than Beacon TSF 313499061
04-10 01:28:39.092 1426 2907 D LOWI-9.0.0.87.a: [LOWI-Scan] decode_rsn_wpa_ie: LOWI_ENCRYPTION_TYPE_WPA_PSK
04-10 01:28:39.092 1426 2907 D LOWI-9.0.0.87.a: [LOWI-Scan] is_qcom_ie, bss_age: 0
04-10 01:28:39.092 1426 2907 D LOWI-9.0.0.87.a: [LOWI-Scan] BSS 5c:02:14:f9:4f:d2 LOWI_PHY_MODE_11AC_VHT20_2G(11), Beacon Interval: 100, LOWI_ENCRYPTION_TYPE_WPA_PSK 11mcRanging: No, ANQP: Yes, LCI: No, Civic: No, capability(0x1431): ESS Privacy ShortPreamble ShortSlotTime
04-10 01:28:39.092 1426 2907 D LOWI-9.0.0.87.a: [LOWI-Scan] BSS 5c:02:14:f9:4f:d2 FREQ: 2447, cFreq1[40:80:160] = [0:0:0] cFreq2 = 0 Country Code = CN
04-10 01:28:39.092 1426 2907 D LOWI-9.0.0.87.a: [LOWI-Scan] BSS 5c:02:14:f9:4f:d2 (wlan0) ASSO: NO AddInfo: 0x0, TSF 0, 00:05:13.511, RSSI: -88, CPL: 127, AGE: 452, SSID ThunderSoft_XTS_2.4G, TSFDelta: 0x860a8fc5, TXRate: 0
04-10 01:28:39.092 1426 2907 D LOWI-9.0.0.87.a: [LOWI-Scan]
04-10 01:28:39.092 1426 2907 D LOWI-9.0.0.87.a: [LOWI-Scan] print_bss_handler: Report Probe TSF 313562491 as it greater than Beacon TSF 313524677
04-10 01:28:39.092 1426 2907 D LOWI-9.0.0.87.a: [LOWI-Scan] decode_rsn_wpa_ie: LOWI_ENCRYPTION_TYPE_WPA_PSK
04-10 01:28:39.093 1426 2907 D LOWI-9.0.0.87.a: [LOWI-Scan] is_qcom_ie, bss_age: 0
04-10 01:28:39.093 1426 2907 D LOWI-9.0.0.87.a: [LOWI-Scan] BSS 8c:ab:8e:c1:d4:20 LOWI_PHY_MODE_11AC_VHT40(9), Beacon Interval: 100, LOWI_ENCRYPTION_TYPE_WPA_PSK 11mcRanging: No, ANQP: No, LCI: No, Civic: No, capability(0x0031): ESS Privacy ShortPreamble
04-10 01:28:39.093 1426 2907 D LOWI-9.0.0.87.a: [LOWI-Scan] BSS 8c:ab:8e:c1:d4:20 FREQ: 5300, cFreq1[40:80:160] = [5310:0:0] cFreq2 = 0 Country Code = CN
04-10 01:28:39.093 1426 2907 D LOWI-9.0.0.87.a: [LOWI-Scan] BSS 8c:ab:8e:c1:d4:20 (wlan0) ASSO: NO AddInfo: 0x0, TSF 0, 00:05:13.562, RSSI: -150, CPL: 127, AGE: 400, SSID PHICOMM_D410, TSFDelta: 0x291e99a7, TXRate: 0
04-10 01:28:39.093 1426 2907 D LOWI-9.0.0.87.a: [LOWI-Scan]
04-10 01:28:39.093 1426 2907 D LOWI-9.0.0.87.a: [LOWI-Scan] print_bss_handler: Report Probe TSF 313695429 as it greater than Beacon TSF 313661841
04-10 01:28:39.093 1426 2907 D LOWI-9.0.0.87.a: [LOWI-Scan] decode_rsn_wpa_ie: LOWI_ENCRYPTION_TYPE_WPA_PSK
04-10 01:28:39.093 1426 2907 D LOWI-9.0.0.87.a: [LOWI-Scan] is_qcom_ie, bss_age: 0
04-10 01:28:39.093 1426 2907 D LOWI-9.0.0.87.a: [LOWI-Scan] BSS 18:6f:2d:80:da:70 LOWI_PHY_MODE_11AC_VHT20(8), Beacon Interval: 100, LOWI_ENCRYPTION_TYPE_WPA_PSK 11mcRanging: No, ANQP: No, LCI: No, Civic: No, capability(0x0111): ESS Privacy SpectrumMgmt
04-10 01:28:39.093 1426 2907 D LOWI-9.0.0.87.a: [LOWI-Scan] BSS 18:6f:2d:80:da:70 FREQ: 5320, cFreq1[40:80:160] = [5320:0:0] cFreq2 = 0 Country Code = CN
04-10 01:28:39.093 1426 2907 D LOWI-9.0.0.87.a: [LOWI-Scan] BSS 18:6f:2d:80:da:70 (wlan0) ASSO: NO AddInfo: 0x0, TSF 0, 00:05:13.695, RSSI: -162, CPL: 127, AGE: 268, SSID Testing , TSFDelta: 0xaffcc8, TXRate: 0
04-10 01:28:39.093 1426 2907 D LOWI-9.0.0.87.a: [LOWI-Scan]
04-10 01:28:39.093 1426 2907 D LOWI-9.0.0.87.a: [LOWI-Scan] print_bss_handler: Report Probe TSF 313695991 as it greater than Beacon TSF 313662291
04-10 01:28:39.093 1426 2907 D LOWI-9.0.0.87.a: [LOWI-Scan] is_qcom_ie, bss_age: 0
04-10 01:28:39.094 1426 2907 D LOWI-9.0.0.87.a: [LOWI-Scan] BSS 18:6f:2d:80:da:71 LOWI_PHY_MODE_11AC_VHT20(8), Beacon Interval: 100, LOWI_ENCRYPTION_TYPE_OPEN 11mcRanging: No, ANQP: No, LCI: No, Civic: No, capability(0x0101): ESS SpectrumMgmt
04-10 01:28:39.094 1426 2907 D LOWI-9.0.0.87.a: [LOWI-Scan] BSS 18:6f:2d:80:da:71 FREQ: 5320, cFreq1[40:80:160] = [5320:0:0] cFreq2 = 0 Country Code = CN
04-10 01:28:39.094 1426 2907 D LOWI-9.0.0.87.a: [LOWI-Scan] BSS 18:6f:2d:80:da:71 (wlan0) ASSO: NO AddInfo: 0x0, TSF 0, 00:05:13.695, RSSI: -162, CPL: 127, AGE: 264, SSID Guest, TSFDelta: 0xb4daf6, TXRate: 0
04-10 01:28:39.094 1426 2907 D LOWI-9.0.0.87.a: [LOWI-Scan]
04-10 01:28:39.094 1426 2907 D LOWI-9.0.0.87.a: [LOWI-Scan] print_bss_handler: Report Probe TSF 313705817 as it greater than Beacon TSF 313662697
04-10 01:28:39.094 1426 2907 D LOWI-9.0.0.87.a: [LOWI-Scan] decode_rsn_wpa_ie: LOWI_ENCRYPTION_TYPE_WPA_PSK
04-10 01:28:39.094 1426 2907 D LOWI-9.0.0.87.a: [LOWI-Scan] is_qcom_ie, bss_age: 0
04-10 01:28:39.094 1426 2907 D LOWI-9.0.0.87.a: [LOWI-Scan] BSS 18:6f:2d:80:da:72 LOWI_PHY_MODE_11AC_VHT20(8), Beacon Interval: 100, LOWI_ENCRYPTION_TYPE_WPA_PSK 11mcRanging: No, ANQP: No, LCI: No, Civic: No, capability(0x0111): ESS Privacy SpectrumMgmt
04-10 01:28:39.094 1426 2907 D LOWI-9.0.0.87.a: [LOWI-Scan] BSS 18:6f:2d:80:da:72 FREQ: 5320, cFreq1[40:80:160] = [5320:0:0] cFreq2 = 0 Country Code = CN
04-10 01:28:39.094 1426 2907 D LOWI-9.0.0.87.a: [LOWI-Scan] BSS 18:6f:2d:80:da:72 (wlan0) ASSO: NO AddInfo: 0x0, TSF 0, 00:05:13.705, RSSI: -162, CPL: 127, AGE: 256, SSID ZXHY, TSFDelta: 0xba58b0, TXRate: 0
04-10 01:28:39.094 1426 2907 D LOWI-9.0.0.87.a: [LOWI-Scan]
04-10 01:28:39.094 1426 2907 D LOWI-9.0.0.87.a: [LOWI-Scan] print_bss_handler: Report Probe TSF 313706254 as it greater than Beacon TSF 313667915
04-10 01:28:39.094 1426 2907 D LOWI-9.0.0.87.a: [LOWI-Scan] decode_rsn_wpa_ie: LOWI_ENCRYPTION_TYPE_WPA_PSK
04-10 01:28:39.094 1426 2907 D LOWI-9.0.0.87.a: [LOWI-Scan] is_qcom_ie, bss_age: 0
04-10 01:28:39.094 1426 2907 D LOWI-9.0.0.87.a: [LOWI-Scan] BSS 18:6f:2d:80:da:73 LOWI_PHY_MODE_11AC_VHT20(8), Beacon Interval: 100, LOWI_ENCRYPTION_TYPE_WPA_PSK 11mcRanging: No, ANQP: No, LCI: No, Civic: No, capability(0x0111): ESS Privacy SpectrumMgmt
04-10 01:28:39.094 1426 2907 D LOWI-9.0.0.87.a: [LOWI-Scan] BSS 18:6f:2d:80:da:73 FREQ: 5320, cFreq1[40:80:160] = [5320:0:0] cFreq2 = 0 Country Code = CN
04-10 01:28:39.094 1426 2907 D LOWI-9.0.0.87.a: [LOWI-Scan] BSS 18:6f:2d:80:da:73 (wlan0) ASSO: NO AddInfo: 0x0, TSF 0, 00:05:13.706, RSSI: -164, CPL: 127, AGE: 256, SSID Fanya, TSFDelta: 0xbfa463, TXRate: 0
04-10 01:28:39.095 1426 2907 D LOWI-9.0.0.87.a: [LOWI-Scan]
04-10 01:28:39.095 1426 2907 D LOWI-9.0.0.87.a: [LOWI-Scan] print_bss_handler: Report Probe TSF 313706664 as it greater than Beacon TSF 313668603
04-10 01:28:39.095 1426 2907 D LOWI-9.0.0.87.a: [LOWI-Scan] decode_rsn_wpa_ie: LOWI_ENCRYPTION_TYPE_WPA_PSK
04-10 01:28:39.095 1426 2907 D LOWI-9.0.0.87.a: [LOWI-Scan] is_qcom_ie, bss_age: 0
04-10 01:28:39.095 1426 2907 D LOWI-9.0.0.87.a: [LOWI-Scan] BSS 18:6f:2d:80:da:74 LOWI_PHY_MODE_11AC_VHT20(8), Beacon Interval: 100, LOWI_ENCRYPTION_TYPE_WPA_PSK 11mcRanging: No, ANQP: No, LCI: No, Civic: No, capability(0x0111): ESS Privacy SpectrumMgmt
04-10 01:28:39.095 1426 2907 D LOWI-9.0.0.87.a: [LOWI-Scan] BSS 18:6f:2d:80:da:74 FREQ: 5320, cFreq1[40:80:160] = [5320:0:0] cFreq2 = 0 Country Code = CN
04-10 01:28:39.095 1426 2907 D LOWI-9.0.0.87.a: [LOWI-Scan] BSS 18:6f:2d:80:da:74 (wlan0) ASSO: NO AddInfo: 0x0, TSF 0, 00:05:13.706, RSSI: -162, CPL: 127, AGE: 264, SSID ThunderSoft, TSFDelta: 0xc4f6ea, TXRate: 0
04-10 01:28:39.095 1426 2907 D LOWI-9.0.0.87.a: [LOWI-Scan]
04-10 01:28:39.095 1426 2907 D LOWI-9.0.0.87.a: [LOWI-Scan] print_bss_handler: Report Probe TSF 313707070 as it greater than Beacon TSF 313671362
04-10 01:28:39.095 1426 2907 D LOWI-9.0.0.87.a: [LOWI-Scan] decode_rsn_wpa_ie: LOWI_ENCRYPTION_TYPE_WPA_PSK
04-10 01:28:39.095 1426 2907 D LOWI-9.0.0.87.a: [LOWI-Scan] is_qcom_ie, bss_age: 0
04-10 01:28:39.095 1426 2907 D LOWI-9.0.0.87.a: [LOWI-Scan] BSS 18:6f:2d:80:da:75 LOWI_PHY_MODE_11AC_VHT20(8), Beacon Interval: 100, LOWI_ENCRYPTION_TYPE_WPA_PSK 11mcRanging: No, ANQP: No, LCI: No, Civic: No, capability(0x0111): ESS Privacy SpectrumMgmt
04-10 01:28:39.095 1426 2907 D LOWI-9.0.0.87.a: [LOWI-Scan] BSS 18:6f:2d:80:da:75 FREQ: 5320, cFreq1[40:80:160] = [5320:0:0] cFreq2 = 0 Country Code = CN
04-10 01:28:39.095 1426 2907 D LOWI-9.0.0.87.a: [LOWI-Scan] BSS 18:6f:2d:80:da:75 (wlan0) ASSO: NO AddInfo: 0x0, TSF 0, 00:05:13.707, RSSI: -162, CPL: 127, AGE: 264, SSID GM, TSFDelta: 0xcc5a20, TXRate: 0
04-10 01:28:39.096 1426 2907 D LOWI-9.0.0.87.a: [LOWI-Scan]
04-10 01:28:39.096 1426 2907 D LOWI-9.0.0.87.a: [LOWI-Scan] print_bss_handler: Report Probe TSF 313926749 as it greater than Beacon TSF 293079795
04-10 01:28:39.096 1426 2907 D LOWI-9.0.0.87.a: [LOWI-Scan] decode_rsn_wpa_ie: LOWI_ENCRYPTION_TYPE_WPA_PSK
04-10 01:28:39.096 1426 2907 D LOWI-9.0.0.87.a: [LOWI-Scan] is_qcom_ie, bss_age: 0
04-10 01:28:39.096 1426 2907 D LOWI-9.0.0.87.a: [LOWI-Scan] BSS 18:6f:2d:80:dd:60 LOWI_PHY_MODE_11NG_HT20(5), Beacon Interval: 100, LOWI_ENCRYPTION_TYPE_WPA_PSK 11mcRanging: No, ANQP: No, LCI: No, Civic: No, capability(0x0531): ESS Privacy ShortPreamble SpectrumMgmt ShortSlotTime
04-10 01:28:39.096 1426 2907 D LOWI-9.0.0.87.a: [LOWI-Scan] BSS 18:6f:2d:80:dd:60 FREQ: 2472, cFreq1[40:80:160] = [2472:0:0] cFreq2 = 0 Country Code = CN
04-10 01:28:39.096 1426 2907 D LOWI-9.0.0.87.a: [LOWI-Scan] BSS 18:6f:2d:80:dd:60 (wlan0) ASSO: NO AddInfo: 0x0, TSF 0, 00:05:13.926, RSSI: -100, CPL: 127, AGE: 44, SSID Testing , TSFDelta: 0xf68838ae, TXRate: 0
04-10 01:28:39.096 1426 2907 D LOWI-9.0.0.87.a: [LOWI-Scan]
04-10 01:28:39.096 1426 2907 D LOWI-9.0.0.87.a: [LOWI-Scan] print_bss_handler: Report Probe TSF 313927297 as it greater than Beacon TSF 273116836
04-10 01:28:39.096 1426 2907 D LOWI-9.0.0.87.a: [LOWI-Scan] is_qcom_ie, bss_age: 0
04-10 01:28:39.096 1426 2907 D LOWI-9.0.0.87.a: [LOWI-Scan] BSS 18:6f:2d:80:dd:61 LOWI_PHY_MODE_11NG_HT20(5), Beacon Interval: 100, LOWI_ENCRYPTION_TYPE_OPEN 11mcRanging: No, ANQP: No, LCI: No, Civic: No, capability(0x0521): ESS ShortPreamble SpectrumMgmt ShortSlotTime
04-10 01:28:39.096 1426 2907 D LOWI-9.0.0.87.a: [LOWI-Scan] BSS 18:6f:2d:80:dd:61 FREQ: 2472, cFreq1[40:80:160] = [2472:0:0] cFreq2 = 0 Country Code = CN
04-10 01:28:39.096 1426 2907 D LOWI-9.0.0.87.a: [LOWI-Scan] BSS 18:6f:2d:80:dd:61 (wlan0) ASSO: NO AddInfo: 0x0, TSF 0, 00:05:13.927, RSSI: -102, CPL: 127, AGE: 44, SSID Guest, TSFDelta: 0xf68dccef, TXRate: 0
04-10 01:28:39.097 1426 2907 D LOWI-9.0.0.87.a: [LOWI-Scan]
04-10 01:28:39.097 1426 2907 D LOWI-9.0.0.87.a: [LOWI-Scan] print_bss_handler: Report Probe TSF 313927895 as it greater than Beacon TSF 273117488
04-10 01:28:39.097 1426 2907 D LOWI-9.0.0.87.a: [LOWI-Scan] decode_rsn_wpa_ie: LOWI_ENCRYPTION_TYPE_WPA_PSK
04-10 01:28:39.097 1426 2907 D LOWI-9.0.0.87.a: [LOWI-Scan] is_qcom_ie, bss_age: 0
04-10 01:28:39.097 1426 2907 D LOWI-9.0.0.87.a: [LOWI-Scan] BSS 18:6f:2d:80:dd:62 LOWI_PHY_MODE_11NG_HT20(5), Beacon Interval: 100, LOWI_ENCRYPTION_TYPE_WPA_PSK 11mcRanging: No, ANQP: No, LCI: No, Civic: No, capability(0x0531): ESS Privacy ShortPreamble SpectrumMgmt ShortSlotTime
04-10 01:28:39.097 1426 2907 D LOWI-9.0.0.87.a: [LOWI-Scan] BSS 18:6f:2d:80:dd:62 FREQ: 2472, cFreq1[40:80:160] = [2472:0:0] cFreq2 = 0 Country Code = CN
04-10 01:28:39.097 1426 2907 D LOWI-9.0.0.87.a: [LOWI-Scan] BSS 18:6f:2d:80:dd:62 (wlan0) ASSO: NO AddInfo: 0x0, TSF 0, 00:05:13.927, RSSI: -100, CPL: 127, AGE: 44, SSID ThunderSoft_2.4G, TSFDelta: 0xf69352ab, TXRate: 0
04-10 01:28:39.097 1426 2907 D LOWI-9.0.0.87.a: [LOWI-Scan]
04-10 01:28:39.097 1426 2907 D LOWI-9.0.0.87.a: [LOWI-Scan] print_bss_handler: Report Probe TSF 313929067 as it greater than Beacon TSF 293081372
04-10 01:28:39.097 1426 2907 D LOWI-9.0.0.87.a: [LOWI-Scan] decode_rsn_wpa_ie: LOWI_ENCRYPTION_TYPE_WPA_PSK
04-10 01:28:39.097 1426 2907 D LOWI-9.0.0.87.a: [LOWI-Scan] is_qcom_ie, bss_age: 0
04-10 01:28:39.097 1426 2907 D LOWI-9.0.0.87.a: [LOWI-Scan] BSS 18:6f:2d:80:dd:63 LOWI_PHY_MODE_11NG_HT20(5), Beacon Interval: 100, LOWI_ENCRYPTION_TYPE_WPA_PSK 11mcRanging: No, ANQP: No, LCI: No, Civic: No, capability(0x0531): ESS Privacy ShortPreamble SpectrumMgmt ShortSlotTime
04-10 01:28:39.097 1426 2907 D LOWI-9.0.0.87.a: [LOWI-Scan] BSS 18:6f:2d:80:dd:63 FREQ: 2472, cFreq1[40:80:160] = [2472:0:0] cFreq2 = 0 Country Code = CN
04-10 01:28:39.097 1426 2907 D LOWI-9.0.0.87.a: [LOWI-Scan] BSS 18:6f:2d:80:dd:63 (wlan0) ASSO: NO AddInfo: 0x0, TSF 0, 00:05:13.929, RSSI: -104, CPL: 127, AGE: 40, SSID ZXHY, TSFDelta: 0xf698a224, TXRate: 0
04-10 01:28:39.097 1426 2907 D LOWI-9.0.0.87.a: [LOWI-Scan]
04-10 01:28:39.097 1426 2907 D LOWI-9.0.0.87.a: [LOWI-Scan] print_bss_handler: Report Probe TSF 313929604 as it greater than Beacon TSF 293081799
04-10 01:28:39.098 1426 2907 D LOWI-9.0.0.87.a: [LOWI-Scan] decode_rsn_wpa_ie: LOWI_ENCRYPTION_TYPE_WPA_PSK
04-10 01:28:39.098 1426 2907 D LOWI-9.0.0.87.a: [LOWI-Scan] is_qcom_ie, bss_age: 0
04-10 01:28:39.098 1426 2907 D LOWI-9.0.0.87.a: [LOWI-Scan] BSS 18:6f:2d:80:dd:64 LOWI_PHY_MODE_11NG_HT20(5), Beacon Interval: 100, LOWI_ENCRYPTION_TYPE_WPA_PSK 11mcRanging: No, ANQP: No, LCI: No, Civic: No, capability(0x0531): ESS Privacy ShortPreamble SpectrumMgmt ShortSlotTime
04-10 01:28:39.098 1426 2907 D LOWI-9.0.0.87.a: [LOWI-Scan] BSS 18:6f:2d:80:dd:64 FREQ: 2472, cFreq1[40:80:160] = [2472:0:0] cFreq2 = 0 Country Code = CN
04-10 01:28:39.098 1426 2907 D LOWI-9.0.0.87.a: [LOWI-Scan] BSS 18:6f:2d:80:dd:64 (wlan0) ASSO: NO AddInfo: 0x0, TSF 0, 00:05:13.929, RSSI: -104, CPL: 127, AGE: 40, SSID Fanya, TSFDelta: 0xf69de4c3, TXRate: 0
04-10 01:28:39.098 1426 2907 D LOWI-9.0.0.87.a: [LOWI-Scan]
04-10 01:28:39.098 1426 2907 D LOWI-9.0.0.87.a: [LOWI-Scan] print_bss_handler: Report Probe TSF 312870744 as it greater than Beacon TSF 312830738
04-10 01:28:39.098 1426 2907 D LOWI-9.0.0.87.a: [LOWI-Scan] decode_rsn_wpa_ie: LOWI_ENCRYPTION_TYPE_WPA_PSK
04-10 01:28:39.098 1426 2907 D LOWI-9.0.0.87.a: [LOWI-Scan] is_qcom_ie, bss_age: 0
04-10 01:28:39.098 1426 2907 D LOWI-9.0.0.87.a: [LOWI-Scan] BSS 64:6e:97:5a:7e:e0 LOWI_PHY_MODE_11AC_VHT40_2G(12), Beacon Interval: 100, LOWI_ENCRYPTION_TYPE_WPA_PSK 11mcRanging: No, ANQP: No, LCI: No, Civic: No, capability(0x1411): ESS Privacy ShortSlotTime
04-10 01:28:39.098 1426 2907 D LOWI-9.0.0.87.a: [LOWI-Scan] BSS 64:6e:97:5a:7e:e0 FREQ: 2412, cFreq1[40:80:160] = [2422:0:0] cFreq2 = 0 Country Code = CN
04-10 01:28:39.098 1426 2907 D LOWI-9.0.0.87.a: [LOWI-Scan] BSS 64:6e:97:5a:7e:e0 (wlan0) ASSO: NO AddInfo: 0x0, TSF 0, 00:05:12.870, RSSI: -100, CPL: 127, AGE: 1100, SSID DMC, TSFDelta: 0xbf658fac, TXRate: 0
04-10 01:28:39.098 1426 2907 D LOWI-9.0.0.87.a: [LOWI-Scan]
04-10 01:28:39.098 1426 2907 D LOWI-9.0.0.87.a: [LOWI-Scan] print_bss_handler: Report Probe TSF 312854192 as it greater than Beacon TSF 292021408
04-10 01:28:39.099 1426 2907 D LOWI-9.0.0.87.a: [LOWI-Scan] decode_rsn_wpa_ie: LOWI_ENCRYPTION_TYPE_WPA_PSK
04-10 01:28:39.099 1426 2907 D LOWI-9.0.0.87.a: [LOWI-Scan] is_qcom_ie, bss_age: 0
04-10 01:28:39.099 1426 2907 D LOWI-9.0.0.87.a: [LOWI-Scan] BSS 18:6f:2d:81:16:e3 LOWI_PHY_MODE_11NG_HT20(5), Beacon Interval: 100, LOWI_ENCRYPTION_TYPE_WPA_PSK 11mcRanging: No, ANQP: No, LCI: No, Civic: No, capability(0x0531): ESS Privacy ShortPreamble SpectrumMgmt ShortSlotTime
04-10 01:28:39.099 1426 2907 D LOWI-9.0.0.87.a: [LOWI-Scan] BSS 18:6f:2d:81:16:e3 FREQ: 2412, cFreq1[40:80:160] = [2412:0:0] cFreq2 = 0 Country Code = CN
04-10 01:28:39.099 1426 2907 D LOWI-9.0.0.87.a: [LOWI-Scan] BSS 18:6f:2d:81:16:e3 (wlan0) ASSO: NO AddInfo: 0x0, TSF 0, 00:05:12.854, RSSI: -78, CPL: 127, AGE: 1116, SSID ZXHY, TSFDelta: 0x2c5e8033, TXRate: 0
04-10 01:28:39.099 1426 2907 D LOWI-9.0.0.87.a: [LOWI-Scan]
04-10 01:28:39.099 1426 2907 D LOWI-9.0.0.87.a: [LOWI-Scan] print_bss_handler: Report Probe TSF 312854720 as it greater than Beacon TSF 292026464
04-10 01:28:39.099 1426 2907 D LOWI-9.0.0.87.a: [LOWI-Scan] decode_rsn_wpa_ie: LOWI_ENCRYPTION_TYPE_WPA_PSK
04-10 01:28:39.099 1426 2907 D LOWI-9.0.0.87.a: [LOWI-Scan] is_qcom_ie, bss_age: 0
04-10 01:28:39.099 1426 2907 D LOWI-9.0.0.87.a: [LOWI-Scan] BSS 18:6f:2d:81:16:e4 LOWI_PHY_MODE_11NG_HT20(5), Beacon Interval: 100, LOWI_ENCRYPTION_TYPE_WPA_PSK 11mcRanging: No, ANQP: No, LCI: No, Civic: No, capability(0x0531): ESS Privacy ShortPreamble SpectrumMgmt ShortSlotTime
04-10 01:28:39.099 1426 2907 D LOWI-9.0.0.87.a: [LOWI-Scan] BSS 18:6f:2d:81:16:e4 FREQ: 2412, cFreq1[40:80:160] = [2412:0:0] cFreq2 = 0 Country Code = CN
04-10 01:28:39.099 1426 2907 D LOWI-9.0.0.87.a: [LOWI-Scan] BSS 18:6f:2d:81:16:e4 (wlan0) ASSO: NO AddInfo: 0x0, TSF 0, 00:05:12.854, RSSI: -80, CPL: 127, AGE: 1116, SSID Fanya, TSFDelta: 0x2c6ee682, TXRate: 0
04-10 01:28:39.099 1426 2907 D LOWI-9.0.0.87.a: [LOWI-Scan]
04-10 01:28:39.099 1426 2907 D LOWI-9.0.0.87.a: [LOWI-Scan] print_bss_handler: Report Probe TSF 313318463 as it greater than Beacon TSF 313299112
04-10 01:28:39.099 1426 2907 D LOWI-9.0.0.87.a: [LOWI-Scan] decode_rsn_wpa_ie: LOWI_ENCRYPTION_TYPE_WPA_PSK
04-10 01:28:39.105 1426 2907 I liblog : 86
04-10 01:28:39.105 1426 2907 D LOWI-9.0.0.87.a: [LOWI-Scan]
04-10 01:28:39.105 1426 2907 D LOWI-9.0.0.87.a: [LOWI-Scan] print_bss_handler: Report Probe TSF 292588247 as it greater than Beacon TSF 272543755
04-10 01:28:39.105 1426 2907 D LOWI-9.0.0.87.a: [LOWI-Scan] decode_rsn_wpa_ie: LOWI_ENCRYPTION_TYPE_WPA_PSK
04-10 01:28:39.106 1426 2907 D LOWI-9.0.0.87.a: [LOWI-Scan] is_qcom_ie, bss_age: 0
04-10 01:28:39.106 1426 2907 D LOWI-9.0.0.87.a: [LOWI-Scan] adjust_age:AP AGE upper limit reached. Dont store
04-10 01:28:39.106 1426 2907 D LOWI-9.0.0.87.a: [LOWI-Scan] BSS 18:6f:2d:81:1f:d4 LOWI_PHY_MODE_11AC_VHT20(8), Beacon Interval: 100, LOWI_ENCRYPTION_TYPE_WPA_PSK 11mcRanging: No, ANQP: No, LCI: No, Civic: No, capability(0x0111): ESS Privacy SpectrumMgmt
04-10 01:28:39.106 1426 2907 D LOWI-9.0.0.87.a: [LOWI-Scan] BSS 18:6f:2d:81:1f:d4 FREQ: 5280, cFreq1[40:80:160] = [5280:0:0] cFreq2 = 0 Country Code = CN
04-10 01:28:39.106 1426 2907 D LOWI-9.0.0.87.a: [LOWI-Scan] BSS 18:6f:2d:81:1f:d4 (wlan0) ASSO: NO AddInfo: 0x0, TSF 0, 00:04:52.588, RSSI: -162, CPL: 127, AGE: 21392, SSID ThunderSoft, TSFDelta: 0xf72532e0, TXRate: 0
04-10 01:28:39.106 1426 2907 D LOWI-9.0.0.87.a: [LOWI-Scan]
04-10 01:28:39.106 1426 2907 D LOWI-9.0.0.87.a: [LOWI-Scan] print_bss_handler: Report Probe TSF 312825467 as it greater than Beacon TSF 291975091
04-10 01:28:39.106 1426 2907 D LOWI-9.0.0.87.a: [LOWI-Scan] decode_rsn_wpa_ie: LOWI_ENCRYPTION_TYPE_WPA_PSK
04-10 01:28:39.106 1426 2907 D LOWI-9.0.0.87.a: [LOWI-Scan] is_qcom_ie, bss_age: 0
04-10 01:28:39.106 1426 2907 D LOWI-9.0.0.87.a: [LOWI-Scan] BSS 38:a9:1c:35:03:09 LOWI_PHY_MODE_11AC_VHT80(10), Beacon Interval: 100, LOWI_ENCRYPTION_TYPE_WPA_PSK 11mcRanging: No, ANQP: No, LCI: No, Civic: No, capability(0x0511): ESS Privacy SpectrumMgmt ShortSlotTime
04-10 01:28:39.106 1426 2907 D LOWI-9.0.0.87.a: [LOWI-Scan] BSS 38:a9:1c:35:03:09 FREQ: 5180, cFreq1[40:80:160] = [5190:5210:0] cFreq2 = 0 Country Code = US
04-10 01:28:39.106 1426 2907 D LOWI-9.0.0.87.a: [LOWI-Scan] BSS 38:a9:1c:35:03:09 (wlan0) ASSO: NO AddInfo: 0x0, TSF 0, 00:05:12.825, RSSI: -124, CPL: 127, AGE: 1156, SSID H3C_350304_5G, TSFDelta: 0x7ae2179e, TXRate: 0
04-10 01:28:39.107 1426 2907 D LOWI-9.0.0.87.a: [LOWI-Scan]
04-10 01:28:39.107 1426 2907 D LOWI-9.0.0.87.a: [LOWI-Scan] print_bss_handler: Report Probe TSF 313303174 as it greater than Beacon TSF 272467153
04-10 01:28:39.107 1426 2907 D LOWI-9.0.0.87.a: [LOWI-Scan] decode_rsn_wpa_ie: LOWI_ENCRYPTION_TYPE_WPA_PSK
04-10 01:28:39.107 1426 2907 D LOWI-9.0.0.87.a: [LOWI-Scan] is_qcom_ie, bss_age: 0
04-10 01:28:39.107 1426 2907 D LOWI-9.0.0.87.a: [LOWI-Scan] BSS 18:6f:2d:81:25:42 LOWI_PHY_MODE_11NG_HT20(5), Beacon Interval: 100, LOWI_ENCRYPTION_TYPE_WPA_PSK 11mcRanging: No, ANQP: No, LCI: No, Civic: No, capability(0x0531): ESS Privacy ShortPreamble SpectrumMgmt ShortSlotTime
04-10 01:28:39.107 1426 2907 D LOWI-9.0.0.87.a: [LOWI-Scan] BSS 18:6f:2d:81:25:42 FREQ: 2437, cFreq1[40:80:160] = [2437:0:0] cFreq2 = 0 Country Code = CN
04-10 01:28:39.107 1426 2907 D LOWI-9.0.0.87.a: [LOWI-Scan] BSS 18:6f:2d:81:25:42 (wlan0) ASSO: NO AddInfo: 0x0, TSF 0, 00:05:13.303, RSSI: -120, CPL: 127, AGE: 680, SSID ThunderSoft_2.4G, TSFDelta: 0xe19e7138, TXRate: 0
04-10 01:28:39.107 1002 1734 D WificondScannerImpl: Filtering out 11 scan results.
04-10 01:28:39.107 1426 2907 D LOWI-9.0.0.87.a: [LOWI-Scan]
04-10 01:28:39.107 1426 2907 D LOWI-9.0.0.87.a: [LOWI-Scan] print_bss_handler: Report beacon TSF 313186547 as it greater than probe TSF 313186547
04-10 01:28:39.107 1426 2907 D LOWI-9.0.0.87.a: [LOWI-Scan] decode_rsn_wpa_ie: LOWI_ENCRYPTION_TYPE_WPA_PSK
04-10 01:28:39.107 1426 2907 D LOWI-9.0.0.87.a: [LOWI-Scan] is_qcom_ie, bss_age: 0
04-10 01:28:39.107 1426 2907 D LOWI-9.0.0.87.a: [LOWI-Scan] BSS 9a:97:cc:d0:04:88 LOWI_PHY_MODE_11AC_VHT80(10), Beacon Interval: 100, LOWI_ENCRYPTION_TYPE_WPA_PSK 11mcRanging: No, ANQP: No, LCI: No, Civic: No, capability(0x0011): ESS Privacy
04-10 01:28:39.107 1426 2907 D LOWI-9.0.0.87.a: [LOWI-Scan] BSS 9a:97:cc:d0:04:88 FREQ: 5805, cFreq1[40:80:160] = [5795:5775:0] cFreq2 = 0 Country Code = CN
04-10 01:28:39.107 1426 2907 D LOWI-9.0.0.87.a: [LOWI-Scan] BSS 9a:97:cc:d0:04:88 (wlan0) ASSO: NO AddInfo: 0x1, TSF 0, 00:05:13.186, RSSI: -176, CPL: 127, AGE: 796, SSID , TSFDelta: 0x165cd14, TXRate: 0
04-10 01:28:39.107 1426 2907 D LOWI-9.0.0.87.a: [LOWI-Scan]
04-10 01:28:39.107 1426 2907 D LOWI-9.0.0.87.a: [LOWI-Scan] print_bss_handler: Report beacon TSF 292012539 as it greater than probe TSF 292012539
04-10 01:28:39.108 1426 2907 D LOWI-9.0.0.87.a: [LOWI-Scan] decode_rsn_wpa_ie: LOWI_ENCRYPTION_TYPE_WPA_PSK
04-10 01:28:39.108 1426 2907 D LOWI-9.0.0.87.a: [LOWI-Scan] is_qcom_ie, bss_age: 0
04-10 01:28:39.108 1426 2907 D LOWI-9.0.0.87.a: [LOWI-Scan] adjust_age:AP AGE upper limit reached. Dont store
04-10 01:28:39.108 1426 2907 D LOWI-9.0.0.87.a: [LOWI-Scan] BSS 38:a9:1c:35:03:06 LOWI_PHY_MODE_11NG_HT20(5), Beacon Interval: 100, LOWI_ENCRYPTION_TYPE_WPA_PSK 11mcRanging: No, ANQP: No, LCI: No, Civic: No, capability(0x0411): ESS Privacy ShortSlotTime
04-10 01:28:39.108 1426 2907 D LOWI-9.0.0.87.a: [LOWI-Scan] BSS 38:a9:1c:35:03:06 FREQ: 2412, cFreq1[40:80:160] = [0:0:0] cFreq2 = 0 Country Code =
04-10 01:28:39.108 1426 2907 D LOWI-9.0.0.87.a: [LOWI-Scan] BSS 38:a9:1c:35:03:06 (wlan0) ASSO: NO AddInfo: 0x1, TSF 0, 00:04:52.012, RSSI: -124, CPL: 127, AGE: 21968, SSID H3C_350304, TSFDelta: 0x7c02ace1, TXRate: 0
04-10 01:28:39.108 1426 2907 D LOWI-9.0.0.87.a: [LOWI-Scan]
04-10 01:28:39.108 1426 2907 D LOWI-9.0.0.87.a: [LOWI-Scan] print_bss_handler: Report Probe TSF 312855137 as it greater than Beacon TSF 0
04-10 01:28:39.108 1426 2907 D LOWI-9.0.0.87.a: [LOWI-Scan] decode_rsn_wpa_ie: LOWI_ENCRYPTION_TYPE_WPA_PSK
04-10 01:28:39.108 1426 2907 D LOWI-9.0.0.87.a: [LOWI-Scan] is_qcom_ie, bss_age: 0
04-10 01:28:39.108 1426 2907 D LOWI-9.0.0.87.a: [LOWI-Scan] BSS 7c:b5:9b:6b:a4:31 LOWI_PHY_MODE_11AC_VHT40_2G(12), Beacon Interval: 100, LOWI_ENCRYPTION_TYPE_WPA_PSK 11mcRanging: No, ANQP: Yes, LCI: No, Civic: No, capability(0x1431): ESS Privacy ShortPreamble ShortSlotTime
04-10 01:28:39.108 1426 2907 D LOWI-9.0.0.87.a: [LOWI-Scan] BSS 7c:b5:9b:6b:a4:31 FREQ: 2412, cFreq1[40:80:160] = [2422:0:0] cFreq2 = 0 Country Code = CN
04-10 01:28:39.108 1426 2907 D LOWI-9.0.0.87.a: [LOWI-Scan] BSS 7c:b5:9b:6b:a4:31 (wlan0) ASSO: NO AddInfo: 0x0, TSF 0, 00:05:12.855, RSSI: -120, CPL: 127, AGE: 1128, SSID testzz, TSFDelta: 0x2f175708, TXRate: 0
04-10 01:28:39.108 1426 2907 D LOWI-9.0.0.87.a: [LOWI-Scan]
04-10 01:28:39.108 1426 2907 D LOWI-9.0.0.87.a: [LOWI-Scan] print_bss_handler: Report Probe TSF 292162388 as it greater than Beacon TSF 0
04-10 01:28:39.108 1426 2907 D LOWI-9.0.0.87.a: [LOWI-Scan] decode_rsn_wpa_ie: LOWI_ENCRYPTION_TYPE_WPA_PSK
04-10 01:28:39.108 1426 2907 D LOWI-9.0.0.87.a: [LOWI-Scan] is_qcom_ie, bss_age: 0
04-10 01:28:39.108 1426 2907 D LOWI-9.0.0.87.a: [LOWI-Scan] adjust_age:AP AGE upper limit reached. Dont store
04-10 01:28:39.108 1426 2907 D LOWI-9.0.0.87.a: [LOWI-Scan] BSS 68:db:54:a1:05:ff LOWI_PHY_MODE_11NG_HT20(5), Beacon Interval: 100, LOWI_ENCRYPTION_TYPE_WPA_PSK 11mcRanging: No, ANQP: No, LCI: No, Civic: No, capability(0x0c11): ESS Privacy ShortSlotTime APSD
04-10 01:28:39.108 1426 2907 D LOWI-9.0.0.87.a: [LOWI-Scan] BSS 68:db:54:a1:05:ff FREQ: 2422, cFreq1[40:80:160] = [2422:0:0] cFreq2 = 0 Country Code = CN
04-10 01:28:39.108 1426 2907 D LOWI-9.0.0.87.a: [LOWI-Scan] BSS 68:db:54:a1:05:ff (wlan0) ASSO: NO AddInfo: 0x0, TSF 0, 00:04:52.162, RSSI: -104, CPL: 127, AGE: 21820, SSID @PHICOMM_FD, TSFDelta: 0x34bab152, TXRate: 0
04-10 01:28:39.109 1426 2907 D LOWI-9.0.0.87.a: [LOWI-Scan]
04-10 01:28:39.109 1426 2907 D LOWI-9.0.0.87.a: [LOWI-Scan] print_bss_handler: Report Probe TSF 313309614 as it greater than Beacon TSF 272469883
04-10 01:28:39.109 1426 2907 D LOWI-9.0.0.87.a: [LOWI-Scan] decode_rsn_wpa_ie: LOWI_ENCRYPTION_TYPE_WPA_PSK
04-10 01:28:39.109 1426 2907 D LOWI-9.0.0.87.a: [LOWI-Scan] is_qcom_ie, bss_age: 0
04-10 01:28:39.109 1426 2907 D LOWI-9.0.0.87.a: [LOWI-Scan] BSS 18:6f:2d:81:25:43 LOWI_PHY_MODE_11NG_HT20(5), Beacon Interval: 100, LOWI_ENCRYPTION_TYPE_WPA_PSK 11mcRanging: No, ANQP: No, LCI: No, Civic: No, capability(0x0531): ESS Privacy ShortPreamble SpectrumMgmt ShortSlotTime
04-10 01:28:39.109 1426 2907 D LOWI-9.0.0.87.a: [LOWI-Scan] BSS 18:6f:2d:81:25:43 FREQ: 2437, cFreq1[40:80:160] = [2437:0:0] cFreq2 = 0 Country Code = CN
04-10 01:28:39.109 1426 2907 D LOWI-9.0.0.87.a: [LOWI-Scan] BSS 18:6f:2d:81:25:43 (wlan0) ASSO: NO AddInfo: 0x0, TSF 0, 00:05:13.309, RSSI: -118, CPL: 127, AGE: 672, SSID ZXHY, TSFDelta: 0xe1f6b1b3, TXRate: 0
04-10 01:28:39.109 1426 2907 D LOWI-9.0.0.87.a: [LOWI-Scan]
04-10 01:28:39.109 1426 2907 D LOWI-9.0.0.87.a: [LOWI-Scan] print_bss_handler: Report beacon TSF 313337651 as it greater than probe TSF 272491448
04-10 01:28:39.109 1426 2907 D LOWI-9.0.0.87.a: [LOWI-Scan] decode_rsn_wpa_ie: LOWI_ENCRYPTION_TYPE_WPA_PSK
04-10 01:28:39.109 1426 2907 D LOWI-9.0.0.87.a: [LOWI-Scan] is_qcom_ie, bss_age: 0
04-10 01:28:39.109 1426 2907 D LOWI-9.0.0.87.a: [LOWI-Scan] BSS 18:6f:2d:81:25:44 LOWI_PHY_MODE_11NG_HT20(5), Beacon Interval: 100, LOWI_ENCRYPTION_TYPE_WPA_PSK 11mcRanging: No, ANQP: No, LCI: No, Civic: No, capability(0x0531): ESS Privacy ShortPreamble SpectrumMgmt ShortSlotTime
04-10 01:28:39.109 1426 2907 D LOWI-9.0.0.87.a: [LOWI-Scan] BSS 18:6f:2d:81:25:44 FREQ: 2437, cFreq1[40:80:160] = [2437:0:0] cFreq2 = 0 Country Code = CN
04-10 01:28:39.109 1426 2907 D LOWI-9.0.0.87.a: [LOWI-Scan] BSS 18:6f:2d:81:25:44 (wlan0) ASSO: NO AddInfo: 0x1, TSF 0, 00:05:13.337, RSSI: -124, CPL: 127, AGE: 644, SSID Fanya, TSFDelta: 0xe4beaaa7, TXRate: 0
04-10 01:28:39.110 1426 2907 D LOWI-9.0.0.87.a: [LOWI-Scan]
04-10 01:28:39.110 1426 2907 D LOWI-9.0.0.87.a: [LOWI-Scan] print_bss_handler: Report Probe TSF 313495372 as it greater than Beacon TSF 313434466
04-10 01:28:39.110 1426 2907 D LOWI-9.0.0.87.a: [LOWI-Scan] is_qcom_ie, bss_age: 0
04-10 01:28:39.110 1426 2907 D LOWI-9.0.0.87.a: [LOWI-Scan] BSS 18:6f:2d:0a:ae:11 LOWI_PHY_MODE_11AC_VHT20(8), Beacon Interval: 100, LOWI_ENCRYPTION_TYPE_OPEN 11mcRanging: No, ANQP: No, LCI: No, Civic: No, capability(0x0101): ESS SpectrumMgmt
04-10 01:28:39.110 1426 2907 D LOWI-9.0.0.87.a: [LOWI-Scan] BSS 18:6f:2d:0a:ae:11 FREQ: 5280, cFreq1[40:80:160] = [5280:0:0] cFreq2 = 0 Country Code = CN
04-10 01:28:39.110 1426 2907 D LOWI-9.0.0.87.a: [LOWI-Scan] BSS 18:6f:2d:0a:ae:11 (wlan0) ASSO: NO AddInfo: 0x0, TSF 0, 00:05:13.495, RSSI: -122, CPL: 127, AGE: 488, SSID Guest, TSFDelta: 0x84c3ea1b, TXRate: 0
04-10 01:28:39.110 1426 2907 D LOWI-9.0.0.87.a: [LOWI-Scan]
04-10 01:28:39.110 1426 2907 D LOWI-9.0.0.87.a: [LOWI-Scan] print_bss_handler: Report Probe TSF 313497046 as it greater than Beacon TSF 313437171
04-10 01:28:39.110 1426 2907 D LOWI-9.0.0.87.a: [LOWI-Scan] decode_rsn_wpa_ie: LOWI_ENCRYPTION_TYPE_WPA_PSK
04-10 01:28:39.110 1426 2907 D LOWI-9.0.0.87.a: [LOWI-Scan] is_qcom_ie, bss_age: 0
04-10 01:28:39.110 1426 2907 D LOWI-9.0.0.87.a: [LOWI-Scan] BSS 18:6f:2d:0a:ae:13 LOWI_PHY_MODE_11AC_VHT20(8), Beacon Interval: 100, LOWI_ENCRYPTION_TYPE_WPA_PSK 11mcRanging: No, ANQP: No, LCI: No, Civic: No, capability(0x0111): ESS Privacy SpectrumMgmt
04-10 01:28:39.110 1426 2907 D LOWI-9.0.0.87.a: [LOWI-Scan] BSS 18:6f:2d:0a:ae:13 FREQ: 5280, cFreq1[40:80:160] = [5280:0:0] cFreq2 = 0 Country Code = CN
04-10 01:28:39.110 1426 2907 D LOWI-9.0.0.87.a: [LOWI-Scan] BSS 18:6f:2d:0a:ae:13 (wlan0) ASSO: NO AddInfo: 0x0, TSF 0, 00:05:13.497, RSSI: -120, CPL: 127, AGE: 484, SSID Fanya, TSFDelta: 0x84ce9688, TXRate: 0
04-10 01:28:39.110 1426 2907 D LOWI-9.0.0.87.a: [LOWI-Scan]
04-10 01:28:39.110 1426 2907 D LOWI-9.0.0.87.a: [LOWI-Scan] print_bss_handler: Report beacon TSF 313461806 as it greater than probe TSF 313461806
04-10 01:28:39.110 1426 2907 D LOWI-9.0.0.87.a: [LOWI-Scan] decode_rsn_wpa_ie: LOWI_ENCRYPTION_TYPE_WPA_PSK
04-10 01:28:39.110 1426 2907 D LOWI-9.0.0.87.a: [LOWI-Scan] is_qcom_ie, bss_age: 0
04-10 01:28:39.110 1426 2907 D LOWI-9.0.0.87.a: [LOWI-Scan] BSS 18:6f:2d:81:1e:70 LOWI_PHY_MODE_11AC_VHT20(8), Beacon Interval: 100, LOWI_ENCRYPTION_TYPE_WPA_PSK 11mcRanging: No, ANQP: No, LCI: No, Civic: No, capability(0x0111): ESS Privacy SpectrumMgmt
04-10 01:28:39.110 1426 2907 D LOWI-9.0.0.87.a: [LOWI-Scan] BSS 18:6f:2d:81:1e:70 FREQ: 5280, cFreq1[40:80:160] = [5280:0:0] cFreq2 = 0 Country Code = CN
04-10 01:28:39.110 1426 2907 D LOWI-9.0.0.87.a: [LOWI-Scan] BSS 18:6f:2d:81:1e:70 (wlan0) ASSO: NO AddInfo: 0x1, TSF 0, 00:05:13.461, RSSI: -148, CPL: 127, AGE: 520, SSID Testing , TSFDelta: 0xa473382f, TXRate: 0
04-10 01:28:39.111 1426 2907 D LOWI-9.0.0.87.a: [LOWI-Scan]
04-10 01:28:39.111 1426 2907 D LOWI-9.0.0.87.a: [LOWI-Scan] print_bss_handler: Report Probe TSF 313695050 as it greater than Beacon TSF 272790720
04-10 01:28:39.111 1426 2907 D LOWI-9.0.0.87.a: [LOWI-Scan] decode_rsn_wpa_ie: LOWI_ENCRYPTION_TYPE_WPA_PSK
04-10 01:28:39.111 1426 2907 D LOWI-9.0.0.87.a: [LOWI-Scan] is_qcom_ie, bss_age: 0
04-10 01:28:39.111 1426 2907 D LOWI-9.0.0.87.a: [LOWI-Scan] BSS 8c:ab:8e:c1:d4:18 LOWI_PHY_MODE_11NG_HT20(5), Beacon Interval: 100, LOWI_ENCRYPTION_TYPE_WPA_PSK 11mcRanging: No, ANQP: No, LCI: No, Civic: No, capability(0x0011): ESS Privacy
04-10 01:28:39.111 1426 2907 D LOWI-9.0.0.87.a: [LOWI-Scan] BSS 8c:ab:8e:c1:d4:18 FREQ: 2457, cFreq1[40:80:160] = [2457:0:0] cFreq2 = 0 Country Code = CN
04-10 01:28:39.111 1426 2907 D LOWI-9.0.0.87.a: [LOWI-Scan] BSS 8c:ab:8e:c1:d4:18 (wlan0) ASSO: NO AddInfo: 0x0, TSF 0, 00:05:13.695, RSSI: -118, CPL: 127, AGE: 288, SSID PHICOMM_D410, TSFDelta: 0x2d47f6c8, TXRate: 0
04-10 01:28:39.111 1426 2907 D LOWI-9.0.0.87.a: [LOWI-Scan]
04-10 01:28:39.123 1002 1728 D PasspointManager: ANQP entry not found for: 7c:b5:9b:6b:a4:33:
04-10 01:28:39.124 1002 1728 D PasspointManager: ANQP entry not found for: 7c:b5:9b:6b:a4:31:
04-10 01:28:39.124 1002 1728 D PasspointManager: ANQP entry not found for: 7e:b5:9b:1b:a4:31:
04-10 01:28:39.135 3040 3973 W hpplay-java: [ServerTaskManager]:IPManager:getActiveNets invalid networkInfo:null
04-10 01:28:39.136 3040 3973 I hpplay-java: [ServerTaskManager]:IPManager:getActiveNets eth0:false wifi:false mobile:false ap:false
04-10 01:28:39.136 3040 3973 I hpplay-java: [ServerTaskManager]:ServerTaskManager:get local ip:null
04-10 01:28:39.148 2576 2576 W WifiDebugService: Can not find target wifi network : hht_test_wifi_fc4318c9
04-10 01:28:39.277 649 662 I mpu_uart: [MSG-P:RECV]:No message received in 1000 ms
04-10 01:28:39.385 1995 4634 W FrameTracker: Missed SF frame:66
04-10 01:28:39.386 1995 4634 W FrameTracker: Missed App frame:10
04-10 01:28:39.386 1995 4634 W FrameTracker: Missed SF frame:10
04-10 01:28:39.386 1995 4634 W FrameTracker: Missed SF frame:66
04-10 01:28:39.386 1995 4634 W FrameTracker: Missed SF frame:66
04-10 01:28:39.389 1995 3033 V PerfettoTrigger: Not triggering com.android.telemetry.interaction-jank-monitor-0 - not enough time since last trigger
04-10 01:28:39.396 1002 1664 I input_interaction: Interaction with: 10ef944 NotificationShade (server), edge-swipe (server), swipe-up (server), PointerEventDispatcher0 (server),
04-10 01:28:39.401 1002 1664 D PowerManagerNotifier: onUserActivity: event=2, uid=1000
04-10 01:28:39.402 1002 1664 D DisplayPowerController[0]: requestPowerState: policy=BRIGHT, useProximitySensor=false, screenBrightnessOverride=NaN, useAutoBrightness=true, screenAutoBrightnessAdjustmentOverride=NaN, screenLowPowerBrightnessFactor=1.0, blockScreenOn=false, lowPowerMode=false, boostScreenBrightness=false, dozeScreenBrightness=NaN, dozeScreenState=UNKNOWN, waitForNegativeProximity=false
04-10 01:28:39.402 1002 1664 D PowerManagerNotifier: onScreenPolicyUpdate: newPolicy=3
04-10 01:28:39.625 1002 1664 D PowerManagerNotifier: onUserActivity: event=2, uid=1000
04-10 01:28:39.626 1002 1664 D DisplayPowerController[0]: requestPowerState: policy=BRIGHT, useProximitySensor=false, screenBrightnessOverride=NaN, useAutoBrightness=true, screenAutoBrightnessAdjustmentOverride=NaN, screenLowPowerBrightnessFactor=1.0, blockScreenOn=false, lowPowerMode=false, boostScreenBrightness=false, dozeScreenBrightness=NaN, dozeScreenState=UNKNOWN, waitForNegativeProximity=false
04-10 01:28:39.626 1002 1664 D PowerManagerNotifier: onScreenPolicyUpdate: newPolicy=3
04-10 01:28:39.629 1002 3323 D WindowManager: interceptKeyBeforeQueueing: ---> event=KeyEvent { action=ACTION_DOWN, keyCode=KEYCODE_POWER, scanCode=0, metaState=0, flags=0x0, repeatCount=0, eventTime=314514, downTime=314514, deviceId=-1, source=0x0, displayId=0 } ---stack--- java.lang.Throwable
04-10 01:28:39.629 1002 3323 D WindowManager: at com.android.server.policy.PhoneWindowManager.interceptKeyBeforeQueueing(PhoneWindowManager.java:3422)
04-10 01:28:39.629 1002 3323 D WindowManager: at com.android.server.wm.InputManagerCallback.interceptKeyBeforeQueueing(InputManagerCallback.java:149)
04-10 01:28:39.629 1002 3323 D WindowManager: at com.android.server.input.InputManagerService.interceptKeyBeforeQueueing(InputManagerService.java:2827)
04-10 01:28:39.629 1002 3323 D WindowManager: at com.android.server.input.InputManagerService.nativeInjectInputEvent(Native Method)
04-10 01:28:39.629 1002 3323 D WindowManager: at com.android.server.input.InputManagerService.injectInputEventInternal(InputManagerService.java:874)
04-10 01:28:39.629 1002 3323 D WindowManager: at com.android.server.input.InputManagerService.injectInputEvent(InputManagerService.java:834)
04-10 01:28:39.629 1002 3323 D WindowManager: at android.hardware.input.IInputManager$Stub.onTransact(IInputManager.java:588)
04-10 01:28:39.629 1002 3323 D WindowManager: at android.os.Binder.execTransactInternal(Binder.java:1179)
04-10 01:28:39.629 1002 3323 D WindowManager: at android.os.Binder.execTransact(Binder.java:1143)
04-10 01:28:39.630 1002 3323 I intercept_power: [ACTION_DOWN,0,0]
04-10 01:28:39.630 1002 3323 D DisplayPowerController[0]: requestPowerState: policy=BRIGHT, useProximitySensor=false, screenBrightnessOverride=NaN, useAutoBrightness=true, screenAutoBrightnessAdjustmentOverride=NaN, screenLowPowerBrightnessFactor=1.0, blockScreenOn=false, lowPowerMode=false, boostScreenBrightness=false, dozeScreenBrightness=NaN, dozeScreenState=UNKNOWN, waitForNegativeProximity=false
04-10 01:28:39.631 1002 3323 D PowerManagerNotifier: onScreenPolicyUpdate: newPolicy=3
04-10 01:28:39.632 1002 3323 D PowerManagerNotifier: onWakeLockAcquired: flags=1, tag="PhoneWindowManager.mPowerKeyWakeLock", packageName=android, ownerUid=1000, ownerPid=1002, workSource=null
04-10 01:28:39.686 1995 4634 I OpenGLRenderer: Davey! duration=9223371722319ms; Flags=0, FrameTimelineVsyncId=9931, IntendedVsync=314534703463, Vsync=314534703463, InputEventId=261350944, HandleInputStart=314535790451, AnimationStart=314535792482, PerformTraversalsStart=314535794774, DrawStart=314535932951, FrameDeadline=314551370129, FrameInterval=314535782899, FrameStartTime=16666666, SyncQueued=314536520815, SyncStart=314536978211, IssueDrawCommandsStart=314537453524, SwapBuffers=314541747742, FrameCompleted=9223372036854775807, DequeueBufferDuration=118386, QueueBufferDuration=2684219, GpuCompleted=9223372036854775807, SwapBuffersCompleted=314545652586, DisplayPresentTime=305249201236,
04-10 01:28:39.687 1002 3323 D WindowManager: interceptKeyBeforeQueueing: ---> event=KeyEvent { action=ACTION_UP, keyCode=KEYCODE_POWER, scanCode=0, metaState=0, flags=0x0, repeatCount=0, eventTime=314514, downTime=314571, deviceId=-1, source=0x0, displayId=0 } ---stack--- java.lang.Throwable
04-10 01:28:39.687 1002 3323 D WindowManager: at com.android.server.policy.PhoneWindowManager.interceptKeyBeforeQueueing(PhoneWindowManager.java:3422)
04-10 01:28:39.687 1002 3323 D WindowManager: at com.android.server.wm.InputManagerCallback.interceptKeyBeforeQueueing(InputManagerCallback.java:149)
04-10 01:28:39.687 1002 3323 D WindowManager: at com.android.server.input.InputManagerService.interceptKeyBeforeQueueing(InputManagerService.java:2827)
04-10 01:28:39.687 1002 3323 D WindowManager: at com.android.server.input.InputManagerService.nativeInjectInputEvent(Native Method)
04-10 01:28:39.687 1002 3323 D WindowManager: at com.android.server.input.InputManagerService.injectInputEventInternal(InputManagerService.java:874)
04-10 01:28:39.687 1002 3323 D WindowManager: at com.android.server.input.InputManagerService.injectInputEvent(InputManagerService.java:834)
04-10 01:28:39.687 1002 3323 D WindowManager: at android.hardware.input.IInputManager$Stub.onTransact(IInputManager.java:588)
04-10 01:28:39.687 1002 3323 D WindowManager: at android.os.Binder.execTransactInternal(Binder.java:1179)
04-10 01:28:39.687 1002 3323 D WindowManager: at android.os.Binder.execTransact(Binder.java:1143)
04-10 01:28:39.687 1002 3323 I intercept_power: [ACTION_UP,0,0]
04-10 01:28:39.687 1002 1002 D WindowManager: powerPress: eventTime=314571 interactive=true count=0 beganFromNonInteractive=false mShortPressOnPowerBehavior=1
04-10 01:28:39.688 1002 3323 D PowerManagerNotifier: onWakeLockReleased: flags=1, tag="PhoneWindowManager.mPowerKeyWakeLock", packageName=android, ownerUid=1000, ownerPid=1002, workSource=null
04-10 01:28:39.691 1002 3323 D DisplayPowerController[0]: requestPowerState: policy=BRIGHT, useProximitySensor=false, screenBrightnessOverride=NaN, useAutoBrightness=true, screenAutoBrightnessAdjustmentOverride=NaN, screenLowPowerBrightnessFactor=1.0, blockScreenOn=false, lowPowerMode=false, boostScreenBrightness=false, dozeScreenBrightness=NaN, dozeScreenState=UNKNOWN, waitForNegativeProximity=false
04-10 01:28:39.691 1002 3323 D PowerManagerNotifier: onScreenPolicyUpdate: newPolicy=3
04-10 01:28:39.692 1002 1002 I PowerManagerService: Powering off display group due to power_button (groupId= 0, uid= 1000)...
04-10 01:28:39.693 1002 1002 I PowerManagerService: Going to sleep due to power_button (uid 1000)...
04-10 01:28:39.697 1002 1002 D PowerManagerNotifier: onWakefulnessChangeStarted: wakefulness=3, reason=4, interactive=false
04-10 01:28:39.697 1002 1002 I power_sleep_requested: 0
04-10 01:28:39.698 1002 1002 D DisplayPowerController[0]: requestPowerState: policy=BRIGHT, useProximitySensor=false, screenBrightnessOverride=NaN, useAutoBrightness=true, screenAutoBrightnessAdjustmentOverride=NaN, screenLowPowerBrightnessFactor=1.0, blockScreenOn=false, lowPowerMode=false, boostScreenBrightness=false, dozeScreenBrightness=NaN, dozeScreenState=UNKNOWN, waitForNegativeProximity=false
04-10 01:28:39.698 1002 1002 D PowerManagerNotifier: onScreenPolicyUpdate: newPolicy=3
04-10 01:28:39.699 1002 1211 I PowerManagerService: Sleeping display group (groupId=0, uid=1000)...
04-10 01:28:39.699 1002 1211 I PowerManagerService: Sleeping (uid 1000)...
04-10 01:28:39.701 1002 3323 I sysui_multi_action: [757,128,758,2,793,269278,794,1001,795,269278,796,32,798,5,806,android,857,USB,858,1,947,0,1395,6,1500,268463,1688,1]
04-10 01:28:39.701 1002 1211 D PowerManagerNotifier: onWakefulnessChangeStarted: wakefulness=0, reason=2, interactive=false
04-10 01:28:39.701 1002 3323 I notification_visibility: [-1|android|32|null|1000,0,269278,269278,0,5]
04-10 01:28:39.701 1002 1211 D DisplayPowerController[0]: requestPowerState: policy=OFF, useProximitySensor=false, screenBrightnessOverride=NaN, useAutoBrightness=true, screenAutoBrightnessAdjustmentOverride=NaN, screenLowPowerBrightnessFactor=1.0, blockScreenOn=false, lowPowerMode=false, boostScreenBrightness=false, dozeScreenBrightness=NaN, dozeScreenState=UNKNOWN, waitForNegativeProximity=false
04-10 01:28:39.701 1002 1211 D PowerManagerNotifier: onScreenPolicyUpdate: newPolicy=0
04-10 01:28:39.704 961 961 I SDM : HWCDisplay::GetColorModeCount: Supported color mode count = 1
04-10 01:28:39.704 961 961 I SDM : HWCDisplay::GetColorModes: Color mode = 0 is supported
04-10 01:28:39.705 1041 1684 E HWComposer: getSupportedContentTypes: getSupportedContentTypes failed for display 4630946816427681409: Unsupported (8)
04-10 01:28:39.705 1995 4634 D KeyguardViewMediator: onStartedGoingToSleep(2)
04-10 01:28:39.707 1995 4634 D KeyguardViewMediator: notifyStartedGoingToSleep
04-10 01:28:39.710 1995 1995 V KeyguardUpdateMonitor: startListeningForFingerprint()
04-10 01:28:39.714 1995 1995 V KeyguardUpdateMonitor: startListeningForFingerprint()
04-10 01:28:39.714 1995 1995 D KeyguardViewMediator: handleNotifyStartedGoingToSleep
04-10 01:28:39.757 1002 1211 D DisplayPowerController[0]: Unfinished business...
04-10 01:28:39.757 1002 1211 I sysui_multi_action: [757,1696,758,6,759,0]
04-10 01:28:39.804 1002 1211 D DisplayPowerState: setColorFadeLevel: level=0.23208654
04-10 01:28:39.819 1002 1211 D DisplayPowerState: Screen ready
04-10 01:28:39.820 1002 1211 D DisplayPowerState: setColorFadeLevel: level=0.0
04-10 01:28:39.836 1002 1211 D DisplayPowerState: Requesting new screen state: state=ON, backlight=-1.0
04-10 01:28:39.836 1002 1211 D DisplayPowerState: Screen ready
04-10 01:28:39.836 1002 1211 I DisplayPowerController[0]: Blocking screen off
04-10 01:28:39.837 1002 1951 D DisplayPowerState: Updating screen state: id=0, state=ON, backlight=-1.0, sdrBacklight=-1.0
04-10 01:28:39.837 1002 1951 D LocalDisplayAdapter: setDisplayBrightness(id=4630946816427681409, brightnessState=-1.0, sdrBrightnessState=-1.0) ---start
04-10 01:28:39.837 1002 1211 I DisplayPowerController[0]: Unblocked screen off after 1 ms
04-10 01:28:39.837 1002 1951 E DisplayDeviceConfig: requesting nits when no mapping exists.
04-10 01:28:39.838 1002 1951 E DisplayDeviceConfig: requesting nits when no mapping exists.
04-10 01:28:39.838 1002 1181 I am_wtf : [0,1002,system_server,-1,DisplayDeviceConfig,requesting nits when no mapping exists.]
04-10 01:28:39.840 1002 1181 I am_wtf : [0,1002,system_server,-1,DisplayDeviceConfig,requesting nits when no mapping exists.]
04-10 01:28:39.842 1002 1211 D DisplayPowerState: setScreenState: state=1
04-10 01:28:39.843 1002 1211 D ActivityTaskManager: Top Process State changed to PROCESS_STATE_TOP_SLEEPING
04-10 01:28:39.843 1002 1211 D DisplayPowerController[0]: requestPowerState: policy=OFF, useProximitySensor=false, screenBrightnessOverride=NaN, useAutoBrightness=true, screenAutoBrightnessAdjustmentOverride=NaN, screenLowPowerBrightnessFactor=1.0, blockScreenOn=false, lowPowerMode=false, boostScreenBrightness=false, dozeScreenBrightness=NaN, dozeScreenState=UNKNOWN, waitForNegativeProximity=false
04-10 01:28:39.843 1002 1211 D PowerManagerNotifier: onScreenPolicyUpdate: newPolicy=0
04-10 01:28:39.844 1002 1211 D PowerManagerNotifier: onWakeLockAcquired: flags=1, tag="ActivityManager-Sleep", packageName=android, ownerUid=1000, ownerPid=1002, workSource=null
04-10 01:28:39.844 1002 1211 D ActivityTrigger: ActivityTrigger activityPauseTrigger
04-10 01:28:39.845 1002 1211 I wm_pause_activity: [0,247139416,com.android.launcher3/.uioverrides.QuickstepLauncher,userLeaving=false,sleep]
04-10 01:28:39.846 2707 2707 I wm_on_top_resumed_lost_called: [247139416,com.android.launcher3.uioverrides.QuickstepLauncher,topStateChangedWhenResumed]
04-10 01:28:39.847 1002 1211 D DisplayPowerController[0]: Animating brightness: target=0.0, sdrTarget=0.0, rate=0.0
04-10 01:28:39.847 2707 2707 I wm_on_paused_called: [247139416,com.android.launcher3.uioverrides.QuickstepLauncher,performPause]
04-10 01:28:39.847 1002 1211 D DisplayPowerState: setScreenBrightness: brightness=0.0
04-10 01:28:39.847 1002 1211 D DisplayPowerState: setSdrScreenBrightness: brightness=0.0
04-10 01:28:39.847 1002 1763 I wm_add_to_stopping: [0,247139416,com.android.launcher3/.uioverrides.QuickstepLauncher,completePauseLocked]
04-10 01:28:39.850 1002 1211 V DisplayPowerController[0]: Brightness [0.0] reason changing to: 'screen_off', previous reason: 'manual'.
04-10 01:28:39.851 1002 1211 D DisplayPowerState: Requesting new screen state: state=OFF, backlight=-1.0
04-10 01:28:39.851 1002 1211 D DisplayPowerState: Screen not ready
04-10 01:28:39.852 1002 1763 D PowerManagerNotifier: onWakeLockReleased: flags=1, tag="ActivityManager-Sleep", packageName=android, ownerUid=1000, ownerPid=1002, workSource=null
04-10 01:28:39.852 1002 1193 E KernelCpuSpeedReader: Failed to read cpu-freq: /sys/devices/system/cpu/cpu4/cpufreq/stats/time_in_state: open failed: ENOENT (No such file or directory)
04-10 01:28:39.852 1002 1763 D DisplayPowerController[0]: requestPowerState: policy=OFF, useProximitySensor=false, screenBrightnessOverride=NaN, useAutoBrightness=true, screenAutoBrightnessAdjustmentOverride=NaN, screenLowPowerBrightnessFactor=1.0, blockScreenOn=false, lowPowerMode=false, boostScreenBrightness=false, dozeScreenBrightness=NaN, dozeScreenState=UNKNOWN, waitForNegativeProximity=false
04-10 01:28:39.852 1002 1763 D PowerManagerNotifier: onScreenPolicyUpdate: newPolicy=0
04-10 01:28:39.853 1002 1193 E KernelCpuSpeedReader: Failed to read cpu-freq: /sys/devices/system/cpu/cpu0/cpufreq/stats/time_in_state: open failed: ENOENT (No such file or directory)
04-10 01:28:39.853 1002 1193 E system_server: Cannot read thread CPU times for PID 1002
04-10 01:28:39.859 1002 1951 D LocalDisplayAdapter: setDisplayBrightness(id=4630946816427681409, brightnessState=-1.0, sdrBrightnessState=-1.0) ---end
04-10 01:28:39.859 1002 1951 D DisplayPowerState: Updating screen state: id=0, state=OFF, backlight=-1.0, sdrBacklight=-1.0
04-10 01:28:39.859 1002 1951 D LocalDisplayAdapter: setDisplayState(id=4630946816427681409, state=OFF) ---start
04-10 01:28:39.859 1995 4634 D KeyguardViewMediator: notifyScreenTurnedOff
04-10 01:28:39.863 1995 1995 D KeyguardViewMediator: handleNotifyScreenTurnedOff
04-10 01:28:39.865 1002 1161 I wm_stop_activity: [0,247139416,com.android.launcher3/.uioverrides.QuickstepLauncher]
04-10 01:28:39.866 1002 1161 I sysui_multi_action: [757,803,799,window_time_0,802,3]
04-10 01:28:39.866 1002 1161 I DisplayDeviceRepository: Display device changed state: "内置屏幕", OFF
04-10 01:28:39.867 1041 1041 D SurfaceFlinger: Setting power mode 0 on display 4630946816427681409
04-10 01:28:39.870 1995 1995 I sysui_multi_action: [757,111,758,2]
04-10 01:28:39.870 1002 1161 I InputManager-JNI: Viewport [0] to add: local:4630946816427681409, isActive: false
04-10 01:28:39.870 1995 1995 I sysui_multi_action: [757,111,758,2]
04-10 01:28:39.872 961 1109 I SDM : DisplayBase::SetDisplayState: Set state = 0, display 29-0, teardown = 0
04-10 01:28:39.874 1002 1665 I InputReader: Reconfiguring input devices, changes=DISPLAY_INFO |
04-10 01:28:39.874 1002 1665 I InputReader: Disabling qbt_key_input (device 4) because the associated viewport is not active
04-10 01:28:39.874 1002 1665 I InputReader: Disabling qbt_key_input (device 4) because the associated viewport is not active
04-10 01:28:39.874 1002 1665 I InputReader: Disabling Atmel maXTouch Touchscreen (device 3) because the associated viewport is not active
04-10 01:28:39.875 1993 2639 I BtGatt.ScanManager: msg.what = 8
04-10 01:28:39.876 1995 1995 D StatusBar: updateQsExpansionEnabled - QS Expand enabled: true
04-10 01:28:39.877 1993 2639 I BtGatt.ScanManager: msg.what = 4
04-10 01:28:39.878 2707 2707 D StateManager: goToState: Normal
04-10 01:28:39.881 2311 2512 E QmiAgentHwInterface: Failed to sendRequest: android.os.RemoteException: sendRequest failed with status: 2
01-06 09:03:53.831 0 0 I : [MAX975X:max96755x_drm_notifier_callback] *INFO* receives EARLY_BLANK:POWERDOWN
01-06 09:03:53.832 0 0 I atmel_mxt_ts 0-004a: FB event:2,blank:1
01-06 09:03:53.832 0 0 I atmel_mxt_ts 0-004a: drm_notifier_callback: POWERDOWN! Suspend by drm notifier.
04-10 01:28:39.882 2707 2707 I wm_on_stop_called: [247139416,com.android.launcher3.uioverrides.QuickstepLauncher,STOP_ACTIVITY_ITEM]
01-06 09:03:53.849 0 0 I : [MAX975X:max96755x_drm_notifier_callback] *INFO* receives BLANK:POWERDOWN
01-06 09:03:53.849 0 0 I atmel_mxt_ts 0-004a: FB event:1,blank:1
01-06 09:03:53.849 0 0 I atmel_mxt_ts 0-004a: resume: event = 1 blank = 1, not care
04-10 01:28:39.906 1002 1763 I sysui_multi_action: [757,128,758,2,793,46243,794,1208,795,45897,796,1,798,2,806,com.android.traceur,857,trace-is-being-recorded,858,4,947,0,1395,6,1500,45897,1688,1]
04-10 01:28:39.906 1041 1041 D SurfaceFlinger: Finished setting power mode 0 on display 4630946816427681409
04-10 01:28:39.906 1002 1763 I notification_visibility: [0|com.android.traceur|1|null|10035,0,46243,45897,0,2]
04-10 01:28:39.907 1002 1763 I sysui_multi_action: [757,128,758,2,793,265436,794,1209,795,265436,796,26,798,0,806,android,857,DEVELOPER_IMPORTANT,858,4,947,0,1395,6,1500,264844,1688,1]
04-10 01:28:39.907 1002 1763 I notification_visibility: [-1|android|26|null|1000,0,265436,265436,0,0]
