04-10 01:28:15.852 1002 1211 D DisplayPowerController[0]: Display ready!
04-10 01:28:15.852 1002 1211 D DisplayPowerController[0]: Finished business...
04-10 01:28:15.852 1002 1211 D DisplayPowerController[0]: requestPowerState: policy=BRIGHT, useProximitySensor=false, screenBrightnessOverride=NaN, useAutoBrightness=true, screenAutoBrightnessAdjustmentOverride=NaN, screenLowPowerBrightnessFactor=1.0, blockScreenOn=false, lowPowerMode=false, boostScreenBrightness=false, dozeScreenBrightness=NaN, dozeScreenState=UNKNOWN, waitForNegativeProximity=false
04-10 01:28:15.852 1002 1211 D PowerManagerNotifier: onScreenPolicyUpdate: newPolicy=3
04-10 01:28:15.853 1002 1211 D PowerManagerNotifier: onWakefulnessChangeFinished
04-10 01:28:15.853 1002 1002 I sysui_multi_action: [757,198,758,1,759,1,1359,135,1694,1]
04-10 01:28:15.853 1995 4362 D KeyguardViewMediator: notifyScreenTurnedOn
04-10 01:28:15.853 1002 1181 I am_wtf : [0,1002,system_server,-1,DisplayDeviceConfig,requesting nits when no mapping exists.]
04-10 01:28:15.853 1002 1951 E DisplayDeviceConfig: requesting nits when no mapping exists.
04-10 01:28:15.853 1002 1002 I power_screen_state: [1,0,0,0,135]
04-10 01:28:15.853 1995 1995 D KeyguardViewMediator: handleNotifyScreenTurnedOn
04-10 01:28:15.865 1002 1181 I am_wtf : [0,1002,system_server,-1,DisplayDeviceConfig,requesting nits when no mapping exists.]
04-10 01:28:15.867 1002 1664 I input_focus: [Focus entering 73b612c com.android.launcher3/com.android.launcher3.uioverrides.QuickstepLauncher (server),reason=setFocusedWindow]
04-10 01:28:15.894 2707 4359 I OpenGLRenderer: Davey! duration=7081ms; Flags=1, FrameTimelineVsyncId=7904, IntendedVsync=283604929004, Vsync=283604929004, InputEventId=0, HandleInputStart=283605687390, AnimationStart=283605688067, PerformTraversalsStart=283605688640, DrawStart=283620938119, FrameDeadline=283654262336, FrameInterval=283605684265, FrameStartTime=16666666, SyncQueued=283621886348, SyncStart=283622265515, IssueDrawCommandsStart=283623113900, SwapBuffers=283626278171, FrameCompleted=290687043793, DequeueBufferDuration=1985938, QueueBufferDuration=5011823, GpuCompleted=290687043793, SwapBuffersCompleted=283631780254, DisplayPresentTime=45037327713566784,
04-10 01:28:15.898 1002 1951 D LocalDisplayAdapter: setDisplayBrightness(id=4630946816427681409, brightnessState=1.0, sdrBrightnessState=1.0) ---end
04-10 01:28:15.899 1002 1211 D DisplayPowerState: Screen ready
04-10 01:28:16.032 3040 3973 W hpplay-java: [ServerTaskManager]:IPManager:getActiveNets invalid networkInfo:null
04-10 01:28:16.033 3040 3973 I hpplay-java: [ServerTaskManager]:IPManager:getActiveNets eth0:false wifi:false mobile:false ap:false
04-10 01:28:16.033 3040 3973 I hpplay-java: [ServerTaskManager]:ServerTaskManager:get local ip:null
04-10 01:28:16.256 649 662 I mpu_uart: [MSG-P:RECV]:No message received in 1000 ms
04-10 01:28:16.304 649 661 I mpu_uart: [MSG-P:R]:recv sync frame timeout
01-06 09:03:30.359 0 0 E DTC_ETH,link_delay_work_func: 3003, SQI=0, link=0
04-10 01:28:16.921 1002 1664 I input_interaction: Interaction with: 2d5abae StatusBar (server), edge-swipe (server), swipe-up (server), PointerEventDispatcher0 (server),
04-10 01:28:16.926 1002 1664 D PowerManagerNotifier: onUserActivity: event=2, uid=1000
04-10 01:28:16.927 1002 1664 D DisplayPowerController[0]: requestPowerState: policy=BRIGHT, useProximitySensor=false, screenBrightnessOverride=NaN, useAutoBrightness=true, screenAutoBrightnessAdjustmentOverride=NaN, screenLowPowerBrightnessFactor=1.0, blockScreenOn=false, lowPowerMode=false, boostScreenBrightness=false, dozeScreenBrightness=NaN, dozeScreenState=UNKNOWN, waitForNegativeProximity=false
04-10 01:28:16.927 1002 1664 D PowerManagerNotifier: onScreenPolicyUpdate: newPolicy=3
04-10 01:28:16.947 1995 1995 I sysui_multi_action: [757,803,799,panel_open,802,1]
04-10 01:28:16.948 1995 1995 I sysui_multi_action: [757,1328,758,4,1326,59,1327,2,1329,0]
04-10 01:28:16.953 1002 2415 I sysui_multi_action: [757,127,758,1]
04-10 01:28:16.953 1002 2415 I sysui_multi_action: [757,804,799,note_load,801,6,802,1]
04-10 01:28:16.954 1002 2415 I notification_panel_revealed: 6
04-10 01:28:16.954 1995 1995 D StatusBar: disable disable2
04-10 01:28:16.977 1002 1163 I input_focus: [Focus request 10ef944 NotificationShade,reason=UpdateInputWindows]
04-10 01:28:16.984 1002 1649 D DisplayPowerController[0]: requestPowerState: policy=BRIGHT, useProximitySensor=false, screenBrightnessOverride=NaN, useAutoBrightness=true, screenAutoBrightnessAdjustmentOverride=NaN, screenLowPowerBrightnessFactor=1.0, blockScreenOn=false, lowPowerMode=false, boostScreenBrightness=false, dozeScreenBrightness=NaN, dozeScreenState=UNKNOWN, waitForNegativeProximity=false
04-10 01:28:16.984 1002 1649 D PowerManagerNotifier: onScreenPolicyUpdate: newPolicy=3
04-10 01:28:16.985 1002 1649 D PowerManagerNotifier: onWakeLockAcquired: flags=1, tag="*alarm*", packageName=android, ownerUid=1000, ownerPid=1002, workSource=WorkSource{1000}
04-10 01:28:16.986 1002 1728 E WifiScoringParams: Invalid frequency(-1), using 5G as default rssi array
04-10 01:28:16.988 1002 1728 D PowerManagerNotifier: onWakeLockReleased: flags=1, tag="*alarm*", packageName=android, ownerUid=1000, ownerPid=1002, workSource=WorkSource{1000}
04-10 01:28:16.988 1002 1728 D DisplayPowerController[0]: requestPowerState: policy=BRIGHT, useProximitySensor=false, screenBrightnessOverride=NaN, useAutoBrightness=true, screenAutoBrightnessAdjustmentOverride=NaN, screenLowPowerBrightnessFactor=1.0, blockScreenOn=false, lowPowerMode=false, boostScreenBrightness=false, dozeScreenBrightness=NaN, dozeScreenState=UNKNOWN, waitForNegativeProximity=false
04-10 01:28:16.988 1002 1728 D PowerManagerNotifier: onScreenPolicyUpdate: newPolicy=3
04-10 01:28:16.992 1995 1995 I sysui_multi_action: [757,111,758,1]
04-10 01:28:16.992 1995 1995 I sysui_multi_action: [757,268,758,1,759,268,806,com.android.traceur,871,com.android.traceur.QsService,927,0,1593,1]
04-10 01:28:16.992 1995 1995 I sysui_multi_action: [757,126,758,1,759,126,927,1,928,1,1593,1]
04-10 01:28:16.993 1995 1995 I sysui_multi_action: [757,113,758,1,759,113,927,2,928,1,1593,1]
04-10 01:28:16.993 1995 1995 I sysui_multi_action: [757,0,758,1,759,0,927,3,928,0,1593,1]
04-10 01:28:16.993 1995 1995 I sysui_multi_action: [757,0,758,1,759,0,927,4,928,0,1593,1]
04-10 01:28:16.994 1995 1995 I sysui_multi_action: [757,491,758,1,759,491,927,5,928,0,1311,-1,1593,1]
04-10 01:28:16.994 1995 1995 I sysui_multi_action: [757,0,758,1,759,0,927,6,928,0,1593,1]
04-10 01:28:16.995 1995 1995 I sysui_multi_action: [757,0,758,1,759,0,927,7,1593,1]
04-10 01:28:16.995 1995 1995 I sysui_multi_action: [757,111,758,1]
04-10 01:28:16.996 1995 1995 I sysui_multi_action: [757,268,758,1,759,268,806,com.android.traceur,871,com.android.traceur.QsService,927,0,1593,1]
04-10 01:28:16.996 1995 1995 I sysui_multi_action: [757,126,758,1,759,126,927,1,928,1,1593,1]
04-10 01:28:16.996 1995 1995 I sysui_multi_action: [757,113,758,1,759,113,927,2,928,1,1593,1]
04-10 01:28:16.996 1995 1995 I sysui_multi_action: [757,0,758,1,759,0,927,3,928,0,1593,1]
04-10 01:28:16.998 1426 2907 I liblog : 167
04-10 01:28:16.998 1426 2907 D LOWI-9.0.0.87.a: [LOWI-Scan] wait_event:Wait done with Cmd 33
04-10 01:28:16.998 1426 2907 D LOWI-9.0.0.87.a: [LOWI-Scan] do_listen_events: Rcvd valid Netlink Cmd 0 Err 0
04-10 01:28:17.005 1002 2415 I sysui_multi_action: [757,128,758,1,793,23342,794,0,795,22996,796,1,798,2,806,com.android.traceur,857,trace-is-being-recorded,858,4,947,0,1395,6,1500,22996,1688,1]
04-10 01:28:17.005 1002 2415 I sysui_multi_action: [757,804,799,note_freshness,801,22996,802,1]
04-10 01:28:17.005 1002 2415 I notification_visibility: [0|com.android.traceur|1|null|10035,1,23342,22996,0,2]
04-10 01:28:17.005 1002 2415 I sysui_multi_action: [757,128,758,1,793,242534,794,0,795,242534,796,26,798,0,806,android,857,DEVELOPER_IMPORTANT,858,4,947,0,1395,6,1500,241942,1688,1]
04-10 01:28:17.006 1002 2415 I sysui_multi_action: [757,804,799,note_freshness,801,242534,802,1]
04-10 01:28:17.006 1002 2415 I notification_visibility: [-1|android|26|null|1000,1,242534,242534,0,0]
04-10 01:28:17.007 1002 2415 I sysui_multi_action: [757,128,758,1,793,241448,794,0,795,241448,796,17303299,797,com.android.wifi,798,3,806,android,857,NETWORK_AVAILABLE,858,2,947,0,1395,6,1500,241231,1688,1]
04-10 01:28:17.007 1002 2415 I sysui_multi_action: [757,804,799,note_freshness,801,241448,802,1]
04-10 01:28:17.007 1002 2415 I notification_visibility: [0|android|17303299|com.android.wifi|1000,1,241448,241448,0,3]
04-10 01:28:17.008 1002 2415 I sysui_multi_action: [757,128,758,1,793,116687,794,0,795,116687,796,0,797,trace-kona-SKQ1.220201.001-2023-04-10-01-26-18.perfetto-trace,798,1,806,com.android.traceur,857,system-tracing,858,4,947,0,1395,6,1500,116480,1688,1]
04-10 01:28:17.008 1002 2415 I sysui_multi_action: [757,804,799,note_freshness,801,116687,802,1]
04-10 01:28:17.008 1002 2415 I notification_visibility: [0|com.android.traceur|0|trace-kona-SKQ1.220201.001-2023-04-10-01-26-18.perfetto-trace|10035,1,116687,116687,0,1]
04-10 01:28:17.008 1002 2415 I sysui_multi_action: [757,128,758,1,793,242373,794,0,795,242373,796,55,798,4,806,android,857,DEVELOPER,858,2,947,0,1395,6,1500,241436,1688,1]
04-10 01:28:17.009 1002 2415 I sysui_multi_action: [757,804,799,note_freshness,801,242373,802,1]
04-10 01:28:17.009 1002 2415 I notification_visibility: [-1|android|55|null|1000,1,242373,242373,0,4]
04-10 01:28:17.009 1002 2415 I sysui_multi_action: [757,128,758,1,793,246586,794,0,795,246586,796,32,798,5,806,android,857,USB,858,1,947,0,1395,6,1500,245771,1688,1]
04-10 01:28:17.010 1002 2415 I sysui_multi_action: [757,804,799,note_freshness,801,246586,802,1]
04-10 01:28:17.010 1002 2415 I notification_visibility: [-1|android|32|null|1000,1,246586,246586,0,5]
04-10 01:28:17.019 1002 1664 I input_focus: [Focus leaving 73b612c com.android.launcher3/com.android.launcher3.uioverrides.QuickstepLauncher (server),reason=setFocusedWindow]
04-10 01:28:17.019 1002 1664 I input_focus: [Focus entering 10ef944 NotificationShade (server),reason=setFocusedWindow]
04-10 01:28:17.035 3040 3973 W hpplay-java: [ServerTaskManager]:IPManager:getActiveNets invalid networkInfo:null
04-10 01:28:17.035 3040 3973 I hpplay-java: [ServerTaskManager]:IPManager:getActiveNets eth0:false wifi:false mobile:false ap:false
04-10 01:28:17.035 3040 3973 I hpplay-java: [ServerTaskManager]:ServerTaskManager:get local ip:null
01-06 09:03:31.003 0 0 I [schedu][0x1552ad949][01:28:17.054338] wlan: [2493:I:OSIF] scan start scan id 40969
04-10 01:28:17.256 649 662 I mpu_uart: [MSG-P:RECV]:No message received in 1000 ms
04-10 01:28:17.700 1995 4457 W FrameTracker: Missed SF frame:66
04-10 01:28:17.700 1995 4457 W FrameTracker: Missed SF frame:66
04-10 01:28:17.700 1995 4457 W FrameTracker: Missed SF frame:66
04-10 01:28:17.702 1995 3033 V PerfettoTrigger: Not triggering com.android.telemetry.interaction-jank-monitor-0 - not enough time since last trigger
04-10 01:28:17.905 1002 1664 I input_interaction: Interaction with: 10ef944 NotificationShade (server), edge-swipe (server), swipe-up (server), PointerEventDispatcher0 (server),
04-10 01:28:17.911 1002 1664 D PowerManagerNotifier: onUserActivity: event=2, uid=1000
04-10 01:28:17.912 1002 1664 D DisplayPowerController[0]: requestPowerState: policy=BRIGHT, useProximitySensor=false, screenBrightnessOverride=NaN, useAutoBrightness=true, screenAutoBrightnessAdjustmentOverride=NaN, screenLowPowerBrightnessFactor=1.0, blockScreenOn=false, lowPowerMode=false, boostScreenBrightness=false, dozeScreenBrightness=NaN, dozeScreenState=UNKNOWN, waitForNegativeProximity=false
04-10 01:28:17.912 1002 1664 D PowerManagerNotifier: onScreenPolicyUpdate: newPolicy=3
04-10 01:28:18.006 1002 2415 I sysui_multi_action: [757,128,758,2,793,247583,794,997,795,247583,796,32,798,5,806,android,857,USB,858,1,947,0,1395,6,1500,246768,1688,1]
04-10 01:28:18.007 1002 2415 I notification_visibility: [-1|android|32|null|1000,0,247583,247583,0,5]
04-10 01:28:18.039 3040 3973 W hpplay-java: [ServerTaskManager]:IPManager:getActiveNets invalid networkInfo:null
04-10 01:28:18.039 3040 3973 I hpplay-java: [ServerTaskManager]:IPManager:getActiveNets eth0:false wifi:false mobile:false ap:false
04-10 01:28:18.039 3040 3973 I hpplay-java: [ServerTaskManager]:ServerTaskManager:get local ip:null
04-10 01:28:18.056 1002 1664 D PowerManagerNotifier: onUserActivity: event=2, uid=1000
04-10 01:28:18.056 1002 1664 D DisplayPowerController[0]: requestPowerState: policy=BRIGHT, useProximitySensor=false, screenBrightnessOverride=NaN, useAutoBrightness=true, screenAutoBrightnessAdjustmentOverride=NaN, screenLowPowerBrightnessFactor=1.0, blockScreenOn=false, lowPowerMode=false, boostScreenBrightness=false, dozeScreenBrightness=NaN, dozeScreenState=UNKNOWN, waitForNegativeProximity=false
04-10 01:28:18.057 1002 1664 D PowerManagerNotifier: onScreenPolicyUpdate: newPolicy=3
04-10 01:28:18.060 1002 2415 D WindowManager: interceptKeyBeforeQueueing: ---> event=KeyEvent { action=ACTION_DOWN, keyCode=KEYCODE_POWER, scanCode=0, metaState=0, flags=0x0, repeatCount=0, eventTime=292945, downTime=292945, deviceId=-1, source=0x0, displayId=0 } ---stack--- java.lang.Throwable
04-10 01:28:18.060 1002 2415 D WindowManager: at com.android.server.policy.PhoneWindowManager.interceptKeyBeforeQueueing(PhoneWindowManager.java:3422)
04-10 01:28:18.060 1002 2415 D WindowManager: at com.android.server.wm.InputManagerCallback.interceptKeyBeforeQueueing(InputManagerCallback.java:149)
04-10 01:28:18.060 1002 2415 D WindowManager: at com.android.server.input.InputManagerService.interceptKeyBeforeQueueing(InputManagerService.java:2827)
04-10 01:28:18.060 1002 2415 D WindowManager: at com.android.server.input.InputManagerService.nativeInjectInputEvent(Native Method)
04-10 01:28:18.060 1002 2415 D WindowManager: at com.android.server.input.InputManagerService.injectInputEventInternal(InputManagerService.java:874)
04-10 01:28:18.060 1002 2415 D WindowManager: at com.android.server.input.InputManagerService.injectInputEvent(InputManagerService.java:834)
04-10 01:28:18.060 1002 2415 D WindowManager: at android.hardware.input.IInputManager$Stub.onTransact(IInputManager.java:588)
04-10 01:28:18.060 1002 2415 D WindowManager: at android.os.Binder.execTransactInternal(Binder.java:1179)
04-10 01:28:18.060 1002 2415 D WindowManager: at android.os.Binder.execTransact(Binder.java:1143)
04-10 01:28:18.061 1002 2415 I intercept_power: [ACTION_DOWN,0,0]
04-10 01:28:18.062 1002 2415 D DisplayPowerController[0]: requestPowerState: policy=BRIGHT, useProximitySensor=false, screenBrightnessOverride=NaN, useAutoBrightness=true, screenAutoBrightnessAdjustmentOverride=NaN, screenLowPowerBrightnessFactor=1.0, blockScreenOn=false, lowPowerMode=false, boostScreenBrightness=false, dozeScreenBrightness=NaN, dozeScreenState=UNKNOWN, waitForNegativeProximity=false
04-10 01:28:18.062 1002 2415 D PowerManagerNotifier: onScreenPolicyUpdate: newPolicy=3
04-10 01:28:18.064 1002 2415 D PowerManagerNotifier: onWakeLockAcquired: flags=1, tag="PhoneWindowManager.mPowerKeyWakeLock", packageName=android, ownerUid=1000, ownerPid=1002, workSource=null
04-10 01:28:18.118 1002 2415 D WindowManager: interceptKeyBeforeQueueing: ---> event=KeyEvent { action=ACTION_UP, keyCode=KEYCODE_POWER, scanCode=0, metaState=0, flags=0x0, repeatCount=0, eventTime=292945, downTime=293002, deviceId=-1, source=0x0, displayId=0 } ---stack--- java.lang.Throwable
04-10 01:28:18.118 1002 2415 D WindowManager: at com.android.server.policy.PhoneWindowManager.interceptKeyBeforeQueueing(PhoneWindowManager.java:3422)
04-10 01:28:18.118 1002 2415 D WindowManager: at com.android.server.wm.InputManagerCallback.interceptKeyBeforeQueueing(InputManagerCallback.java:149)
04-10 01:28:18.118 1002 2415 D WindowManager: at com.android.server.input.InputManagerService.interceptKeyBeforeQueueing(InputManagerService.java:2827)
04-10 01:28:18.118 1002 2415 D WindowManager: at com.android.server.input.InputManagerService.nativeInjectInputEvent(Native Method)
04-10 01:28:18.118 1002 2415 D WindowManager: at com.android.server.input.InputManagerService.injectInputEventInternal(InputManagerService.java:874)
04-10 01:28:18.118 1002 2415 D WindowManager: at com.android.server.input.InputManagerService.injectInputEvent(InputManagerService.java:834)
04-10 01:28:18.118 1002 2415 D WindowManager: at android.hardware.input.IInputManager$Stub.onTransact(IInputManager.java:588)
04-10 01:28:18.118 1002 2415 D WindowManager: at android.os.Binder.execTransactInternal(Binder.java:1179)
04-10 01:28:18.118 1002 2415 D WindowManager: at android.os.Binder.execTransact(Binder.java:1143)
04-10 01:28:18.119 1002 2415 I intercept_power: [ACTION_UP,0,0]
04-10 01:28:18.119 1002 1002 D WindowManager: powerPress: eventTime=293002 interactive=true count=0 beganFromNonInteractive=false mShortPressOnPowerBehavior=1
04-10 01:28:18.119 1002 2415 D PowerManagerNotifier: onWakeLockReleased: flags=1, tag="PhoneWindowManager.mPowerKeyWakeLock", packageName=android, ownerUid=1000, ownerPid=1002, workSource=null
04-10 01:28:18.120 1002 2415 D DisplayPowerController[0]: requestPowerState: policy=BRIGHT, useProximitySensor=false, screenBrightnessOverride=NaN, useAutoBrightness=true, screenAutoBrightnessAdjustmentOverride=NaN, screenLowPowerBrightnessFactor=1.0, blockScreenOn=false, lowPowerMode=false, boostScreenBrightness=false, dozeScreenBrightness=NaN, dozeScreenState=UNKNOWN, waitForNegativeProximity=false
04-10 01:28:18.121 1002 2415 D PowerManagerNotifier: onScreenPolicyUpdate: newPolicy=3
04-10 01:28:18.122 1002 1002 I PowerManagerService: Powering off display group due to power_button (groupId= 0, uid= 1000)...
04-10 01:28:18.122 1002 1002 I PowerManagerService: Going to sleep due to power_button (uid 1000)...
04-10 01:28:18.125 1002 1002 D PowerManagerNotifier: onWakefulnessChangeStarted: wakefulness=3, reason=4, interactive=false
04-10 01:28:18.126 1002 1002 I power_sleep_requested: 0
04-10 01:28:18.126 1002 1002 D DisplayPowerController[0]: requestPowerState: policy=BRIGHT, useProximitySensor=false, screenBrightnessOverride=NaN, useAutoBrightness=true, screenAutoBrightnessAdjustmentOverride=NaN, screenLowPowerBrightnessFactor=1.0, blockScreenOn=false, lowPowerMode=false, boostScreenBrightness=false, dozeScreenBrightness=NaN, dozeScreenState=UNKNOWN, waitForNegativeProximity=false
04-10 01:28:18.126 1002 1002 D PowerManagerNotifier: onScreenPolicyUpdate: newPolicy=3
04-10 01:28:18.127 1002 1211 I PowerManagerService: Sleeping display group (groupId=0, uid=1000)...
04-10 01:28:18.127 1002 1211 I PowerManagerService: Sleeping (uid 1000)...
04-10 01:28:18.131 1002 1211 D PowerManagerNotifier: onWakefulnessChangeStarted: wakefulness=0, reason=2, interactive=false
04-10 01:28:18.132 1002 1211 D DisplayPowerController[0]: requestPowerState: policy=OFF, useProximitySensor=false, screenBrightnessOverride=NaN, useAutoBrightness=true, screenAutoBrightnessAdjustmentOverride=NaN, screenLowPowerBrightnessFactor=1.0, blockScreenOn=false, lowPowerMode=false, boostScreenBrightness=false, dozeScreenBrightness=NaN, dozeScreenState=UNKNOWN, waitForNegativeProximity=false
04-10 01:28:18.132 1002 1211 D PowerManagerNotifier: onScreenPolicyUpdate: newPolicy=0
04-10 01:28:18.135 961 1109 I SDM : HWCDisplay::GetColorModeCount: Supported color mode count = 1
04-10 01:28:18.135 961 1109 I SDM : HWCDisplay::GetColorModes: Color mode = 0 is supported
04-10 01:28:18.136 1041 1098 E HWComposer: getSupportedContentTypes: getSupportedContentTypes failed for display 4630946816427681409: Unsupported (8)
04-10 01:28:18.137 1995 4457 D KeyguardViewMediator: onStartedGoingToSleep(2)
04-10 01:28:18.143 1995 4457 D KeyguardViewMediator: notifyStartedGoingToSleep
04-10 01:28:18.147 1995 1995 V KeyguardUpdateMonitor: startListeningForFingerprint()
04-10 01:28:18.149 1995 1995 V KeyguardUpdateMonitor: startListeningForFingerprint()
04-10 01:28:18.149 1995 1995 D KeyguardViewMediator: handleNotifyStartedGoingToSleep
04-10 01:28:18.178 1002 1211 D DisplayPowerController[0]: Unfinished business...
04-10 01:28:18.178 1002 1211 I sysui_multi_action: [757,1696,758,6,759,0]
04-10 01:28:18.229 1002 1211 D DisplayPowerState: setColorFadeLevel: level=0.25912303
04-10 01:28:18.237 1426 2907 D LOWI-9.0.0.87.a: [LOWI-Scan] wait_event:Wait done with Cmd 34
04-10 01:28:18.237 1426 2907 D LOWI-9.0.0.87.a: [LOWI-Scan] do_listen_events: Rcvd valid Netlink Cmd 34 Err 0
04-10 01:28:18.237 2544 2544 D RemoteControlService: startVlanDispatchThread
04-10 01:28:18.238 1002 1510 D WifiNl80211Manager: Scan result ready event
04-10 01:28:18.239 1002 1510 D WifiNative: Scan result ready event
04-10 01:28:18.239 1426 2907 D LOWI-9.0.0.87.a: [LOWI-Scan]
04-10 01:28:18.239 1426 2907 D LOWI-9.0.0.87.a: [LOWI-Scan] print_bss_handler: Report Probe TSF 291985950 as it greater than Beacon TSF 135862127
04-10 01:28:18.239 1426 2907 D LOWI-9.0.0.87.a: [LOWI-Scan] is_qcom_ie, bss_age: 0
04-10 01:28:18.239 1426 2907 D LOWI-9.0.0.87.a: [LOWI-Scan] BSS 38:a9:1c:35:03:0b LOWI_PHY_MODE_11AC_VHT80(10), Beacon Interval: 100, LOWI_ENCRYPTION_TYPE_OPEN 11mcRanging: No, ANQP: No, LCI: No, Civic: No, capability(0x0501): ESS SpectrumMgmt ShortSlotTime
04-10 01:28:18.239 1426 2907 D LOWI-9.0.0.87.a: [LOWI-Scan] BSS 38:a9:1c:35:03:0b FREQ: 5180, cFreq1[40:80:160] = [5190:5210:0] cFreq2 = 0 Country Code = US
04-10 01:28:18.239 1426 2907 D LOWI-9.0.0.87.a: [LOWI-Scan] BSS 38:a9:1c:35:03:0b (wlan0) ASSO: NO AddInfo: 0x0, TSF 0, 00:04:51.985, RSSI: -124, CPL: 127, AGE: 1140, SSID , TSFDelta: 0x7c7161a8, TXRate: 0
04-10 01:28:18.240 1426 2907 D LOWI-9.0.0.87.a: [LOWI-Scan]
04-10 01:28:18.240 1426 2907 D LOWI-9.0.0.87.a: [LOWI-Scan] print_bss_handler: Report Probe TSF 292050950 as it greater than Beacon TSF 292013848
04-10 01:28:18.240 1426 2907 D LOWI-9.0.0.87.a: [LOWI-Scan] decode_rsn_wpa_ie: LOWI_ENCRYPTION_TYPE_WPA_PSK
04-10 01:28:18.240 1426 2907 D LOWI-9.0.0.87.a: [LOWI-Scan] is_qcom_ie, bss_age: 0
04-10 01:28:18.240 1426 2907 D LOWI-9.0.0.87.a: [LOWI-Scan] BSS 18:6f:2d:81:16:e0 LOWI_PHY_MODE_11NG_HT20(5), Beacon Interval: 100, LOWI_ENCRYPTION_TYPE_WPA_PSK 11mcRanging: No, ANQP: No, LCI: No, Civic: No, capability(0x0531): ESS Privacy ShortPreamble SpectrumMgmt ShortSlotTime
04-10 01:28:18.240 1426 2907 D LOWI-9.0.0.87.a: [LOWI-Scan] BSS 18:6f:2d:81:16:e0 FREQ: 2412, cFreq1[40:80:160] = [2412:0:0] cFreq2 = 0 Country Code = CN
04-10 01:28:18.240 1426 2907 D LOWI-9.0.0.87.a: [LOWI-Scan] BSS 18:6f:2d:81:16:e0 (wlan0) ASSO: NO AddInfo: 0x0, TSF 0, 00:04:52.050, RSSI: -78, CPL: 127, AGE: 1076, SSID Testing , TSFDelta: 0x2e7eae17, TXRate: 0
04-10 01:28:18.240 1426 2907 D LOWI-9.0.0.87.a: [LOWI-Scan]
04-10 01:28:18.240 1426 2907 D LOWI-9.0.0.87.a: [LOWI-Scan] print_bss_handler: Report Probe TSF 272051267 as it greater than Beacon TSF 272037062
04-10 01:28:18.240 1426 2907 D LOWI-9.0.0.87.a: [LOWI-Scan] decode_rsn_wpa_ie: LOWI_ENCRYPTION_TYPE_WPA_PSK
04-10 01:28:18.240 1426 2907 D LOWI-9.0.0.87.a: [LOWI-Scan] is_qcom_ie, bss_age: 0
04-10 01:28:18.240 1426 2907 D LOWI-9.0.0.87.a: [LOWI-Scan] adjust_age:AP AGE upper limit reached. Dont store
04-10 01:28:18.240 1426 2907 D LOWI-9.0.0.87.a: [LOWI-Scan] BSS 7c:b5:9b:6b:a4:33 LOWI_PHY_MODE_11AC_VHT80(10), Beacon Interval: 100, LOWI_ENCRYPTION_TYPE_WPA_PSK 11mcRanging: No, ANQP: Yes, LCI: No, Civic: No, capability(0x1411): ESS Privacy ShortSlotTime
04-10 01:28:18.240 1426 2907 D LOWI-9.0.0.87.a: [LOWI-Scan] BSS 7c:b5:9b:6b:a4:33 FREQ: 5200, cFreq1[40:80:160] = [5190:5210:0] cFreq2 = 0 Country Code = CN
04-10 01:28:18.240 1426 2907 D LOWI-9.0.0.87.a: [LOWI-Scan] BSS 7c:b5:9b:6b:a4:33 (wlan0) ASSO: NO AddInfo: 0x0, TSF 0, 00:04:32.051, RSSI: -140, CPL: 127, AGE: 21076, SSID testzz5g, TSFDelta: 0x326f5852, TXRate: 0
04-10 01:28:18.241 1426 2907 D LOWI-9.0.0.87.a: [LOWI-Scan]
04-10 01:28:18.241 1426 2907 D LOWI-9.0.0.87.a: [LOWI-Scan] print_bss_handler: Report Probe TSF 292031901 as it greater than Beacon TSF 292019801
04-10 01:28:18.241 1426 2907 D LOWI-9.0.0.87.a: [LOWI-Scan] decode_rsn_wpa_ie: LOWI_ENCRYPTION_TYPE_WPA_PSK
04-10 01:28:18.241 1426 2907 D LOWI-9.0.0.87.a: [LOWI-Scan] is_qcom_ie, bss_age: 0
04-10 01:28:18.241 1426 2907 D LOWI-9.0.0.87.a: [LOWI-Scan] BSS ec:88:8f:86:24:e0 LOWI_PHY_MODE_11NG_HT40(7), Beacon Interval: 100, LOWI_ENCRYPTION_TYPE_WPA_PSK 11mcRanging: No, ANQP: No, LCI: No, Civic: No, capability(0x0431): ESS Privacy ShortPreamble ShortSlotTime
04-10 01:28:18.241 1426 2907 D LOWI-9.0.0.87.a: [LOWI-Scan] BSS ec:88:8f:86:24:e0 FREQ: 2412, cFreq1[40:80:160] = [2422:0:0] cFreq2 = 0 Country Code = US
04-10 01:28:18.241 1426 2907 D LOWI-9.0.0.87.a: [LOWI-Scan] BSS ec:88:8f:86:24:e0 (wlan0) ASSO: NO AddInfo: 0x0, TSF 0, 00:04:52.031, RSSI: -94, CPL: 127, AGE: 1096, SSID FW_XTS, TSFDelta: 0xf17a3093, TXRate: 0
04-10 01:28:18.241 1426 2907 D LOWI-9.0.0.87.a: [LOWI-Scan]
04-10 01:28:18.241 1426 2907 D LOWI-9.0.0.87.a: [LOWI-Scan] print_bss_handler: Report beacon TSF 292014241 as it greater than probe TSF 272036253
04-10 01:28:18.241 1426 2907 D LOWI-9.0.0.87.a: [LOWI-Scan] is_qcom_ie, bss_age: 0
04-10 01:28:18.241 1426 2907 D LOWI-9.0.0.87.a: [LOWI-Scan] BSS 18:6f:2d:81:16:e1 LOWI_PHY_MODE_11NG_HT20(5), Beacon Interval: 100, LOWI_ENCRYPTION_TYPE_OPEN 11mcRanging: No, ANQP: No, LCI: No, Civic: No, capability(0x0521): ESS ShortPreamble SpectrumMgmt ShortSlotTime
04-10 01:28:18.241 1426 2907 D LOWI-9.0.0.87.a: [LOWI-Scan] BSS 18:6f:2d:81:16:e1 FREQ: 2412, cFreq1[40:80:160] = [2412:0:0] cFreq2 = 0 Country Code = CN
04-10 01:28:18.241 1426 2907 D LOWI-9.0.0.87.a: [LOWI-Scan] BSS 18:6f:2d:81:16:e1 (wlan0) ASSO: NO AddInfo: 0x1, TSF 0, 00:04:52.014, RSSI: -76, CPL: 127, AGE: 1112, SSID Guest, TSFDelta: 0x2ee85151, TXRate: 0
04-10 01:28:18.242 1426 2907 D LOWI-9.0.0.87.a: [LOWI-Scan]
04-10 01:28:18.242 1426 2907 D LOWI-9.0.0.87.a: [LOWI-Scan] print_bss_handler: Report beacon TSF 292015386 as it greater than probe TSF 272036473
04-10 01:28:18.242 1426 2907 D LOWI-9.0.0.87.a: [LOWI-Scan] decode_rsn_wpa_ie: LOWI_ENCRYPTION_TYPE_WPA_PSK
04-10 01:28:18.242 1426 2907 D LOWI-9.0.0.87.a: [LOWI-Scan] is_qcom_ie, bss_age: 0
04-10 01:28:18.242 1426 2907 D LOWI-9.0.0.87.a: [LOWI-Scan] BSS 18:6f:2d:81:16:e2 LOWI_PHY_MODE_11NG_HT20(5), Beacon Interval: 100, LOWI_ENCRYPTION_TYPE_WPA_PSK 11mcRanging: No, ANQP: No, LCI: No, Civic: No, capability(0x0531): ESS Privacy ShortPreamble SpectrumMgmt ShortSlotTime
04-10 01:28:18.242 1426 2907 D LOWI-9.0.0.87.a: [LOWI-Scan] BSS 18:6f:2d:81:16:e2 FREQ: 2412, cFreq1[40:80:160] = [2412:0:0] cFreq2 = 0 Country Code = CN
04-10 01:28:18.242 1426 2907 D LOWI-9.0.0.87.a: [LOWI-Scan] BSS 18:6f:2d:81:16:e2 (wlan0) ASSO: NO AddInfo: 0x1, TSF 0, 00:04:52.015, RSSI: -74, CPL: 127, AGE: 1112, SSID ThunderSoft_2.4G, TSFDelta: 0x2ef4f159, TXRate: 0
04-10 01:28:18.242 1426 2907 D LOWI-9.0.0.87.a: [LOWI-Scan]
04-10 01:28:18.242 1426 2907 D LOWI-9.0.0.87.a: [LOWI-Scan] print_bss_handler: Report Probe TSF 292181887 as it greater than Beacon TSF 176077269
04-10 01:28:18.242 1426 2907 D LOWI-9.0.0.87.a: [LOWI-Scan] decode_rsn_wpa_ie: LOWI_ENCRYPTION_TYPE_WPA_PSK
04-10 01:28:18.242 1426 2907 D LOWI-9.0.0.87.a: [LOWI-Scan] is_qcom_ie, bss_age: 0
04-10 01:28:18.242 1426 2907 D LOWI-9.0.0.87.a: [LOWI-Scan] BSS 5c:02:14:f9:4f:d3 LOWI_PHY_MODE_11AC_VHT80(10), Beacon Interval: 100, LOWI_ENCRYPTION_TYPE_WPA_PSK 11mcRanging: No, ANQP: Yes, LCI: No, Civic: No, capability(0x1931): ESS Privacy ShortPreamble SpectrumMgmt APSD
04-10 01:28:18.242 1426 2907 D LOWI-9.0.0.87.a: [LOWI-Scan] BSS 5c:02:14:f9:4f:d3 FREQ: 5745, cFreq1[40:80:160] = [5755:5775:0] cFreq2 = 0 Country Code = CN
04-10 01:28:18.242 1426 2907 D LOWI-9.0.0.87.a: [LOWI-Scan] BSS 5c:02:14:f9:4f:d3 (wlan0) ASSO: NO AddInfo: 0x0, TSF 0, 00:04:52.181, RSSI: -92, CPL: 127, AGE: 944, SSID ThunderSoft_XTS_5G, TSFDelta: 0x7c19b5ab, TXRate: 0
04-10 01:28:18.243 1426 2907 D LOWI-9.0.0.87.a: [LOWI-Scan]
04-10 01:28:18.243 1426 2907 D LOWI-9.0.0.87.a: [LOWI-Scan] print_bss_handler: Report Probe TSF 292306905 as it greater than Beacon TSF 292261642
04-10 01:28:18.243 1426 2907 D LOWI-9.0.0.87.a: [LOWI-Scan] decode_rsn_wpa_ie: LOWI_ENCRYPTION_TYPE_WPA_PSK
04-10 01:28:18.243 1426 2907 D LOWI-9.0.0.87.a: [LOWI-Scan] is_qcom_ie, bss_age: 0
04-10 01:28:18.243 1426 2907 D LOWI-9.0.0.87.a: [LOWI-Scan] BSS 18:6f:2d:0a:ae:00 LOWI_PHY_MODE_11NG_HT20(5), Beacon Interval: 100, LOWI_ENCRYPTION_TYPE_WPA_PSK 11mcRanging: No, ANQP: No, LCI: No, Civic: No, capability(0x0531): ESS Privacy ShortPreamble SpectrumMgmt ShortSlotTime
04-10 01:28:18.243 1426 2907 D LOWI-9.0.0.87.a: [LOWI-Scan] BSS 18:6f:2d:0a:ae:00 FREQ: 2427, cFreq1[40:80:160] = [2427:0:0] cFreq2 = 0 Country Code = CN
04-10 01:28:18.243 1426 2907 D LOWI-9.0.0.87.a: [LOWI-Scan] BSS 18:6f:2d:0a:ae:00 (wlan0) ASSO: NO AddInfo: 0x0, TSF 0, 00:04:52.306, RSSI: -82, CPL: 127, AGE: 820, SSID Testing , TSFDelta: 0xbd32884b, TXRate: 0
04-10 01:28:18.243 1426 2907 D LOWI-9.0.0.87.a: [LOWI-Scan]
04-10 01:28:18.243 1426 2907 D LOWI-9.0.0.87.a: [LOWI-Scan] print_bss_handler: Report Probe TSF 292307319 as it greater than Beacon TSF 292266629
04-10 01:28:18.243 1426 2907 D LOWI-9.0.0.87.a: [LOWI-Scan] is_qcom_ie, bss_age: 0
04-10 01:28:18.243 1426 2907 D LOWI-9.0.0.87.a: [LOWI-Scan] BSS 18:6f:2d:0a:ae:01 LOWI_PHY_MODE_11NG_HT20(5), Beacon Interval: 100, LOWI_ENCRYPTION_TYPE_OPEN 11mcRanging: No, ANQP: No, LCI: No, Civic: No, capability(0x0521): ESS ShortPreamble SpectrumMgmt ShortSlotTime
04-10 01:28:18.243 1426 2907 D LOWI-9.0.0.87.a: [LOWI-Scan] BSS 18:6f:2d:0a:ae:01 FREQ: 2427, cFreq1[40:80:160] = [2427:0:0] cFreq2 = 0 Country Code = CN
04-10 01:28:18.243 1426 2907 D LOWI-9.0.0.87.a: [LOWI-Scan] BSS 18:6f:2d:0a:ae:01 (wlan0) ASSO: NO AddInfo: 0x0, TSF 0, 00:04:52.307, RSSI: -78, CPL: 127, AGE: 820, SSID Guest, TSFDelta: 0xbd37d549, TXRate: 0
04-10 01:28:18.244 1426 2907 D LOWI-9.0.0.87.a: [LOWI-Scan]
04-10 01:28:18.244 1426 2907 D LOWI-9.0.0.87.a: [LOWI-Scan] print_bss_handler: Report Probe TSF 292307698 as it greater than Beacon TSF 292267458
04-10 01:28:18.244 1426 2907 D LOWI-9.0.0.87.a: [LOWI-Scan] decode_rsn_wpa_ie: LOWI_ENCRYPTION_TYPE_WPA_PSK
01-06 09:03:32.199 0 0 I [schedu][0x1568905bb][01:28:18.249596] wlan: [2493:I:OSIF] vdev 0, scan id 40969 type COMPLETED(1) reason COMPLETED(1) scan found 77 bss
04-10 01:28:18.244 1426 2907 D LOWI-9.0.0.87.a: [LOWI-Scan] is_qcom_ie, bss_age: 0
04-10 01:28:18.244 1426 2907 D LOWI-9.0.0.87.a: [LOWI-Scan] BSS 18:6f:2d:0a:ae:02 LOWI_PHY_MODE_11NG_HT20(5), Beacon Interval: 100, LOWI_ENCRYPTION_TYPE_WPA_PSK 11mcRanging: No, ANQP: No, LCI: No, Civic: No, capability(0x0531): ESS Privacy ShortPreamble SpectrumMgmt ShortSlotTime
04-10 01:28:18.244 1426 2907 D LOWI-9.0.0.87.a: [LOWI-Scan] BSS 18:6f:2d:0a:ae:02 FREQ: 2427, cFreq1[40:80:160] = [2427:0:0] cFreq2 = 0 Country Code = CN
04-10 01:28:18.244 1426 2907 D LOWI-9.0.0.87.a: [LOWI-Scan] BSS 18:6f:2d:0a:ae:02 (wlan0) ASSO: NO AddInfo: 0x0, TSF 0, 00:04:52.307, RSSI: -78, CPL: 127, AGE: 820, SSID ThunderSoft_2.4G, TSFDelta: 0xbd3cb9bf, TXRate: 0
04-10 01:28:18.244 1426 2907 D LOWI-9.0.0.87.a: [LOWI-Scan]
04-10 01:28:18.244 1426 2907 D LOWI-9.0.0.87.a: [LOWI-Scan] print_bss_handler: Report Probe TSF 292308533 as it greater than Beacon TSF 292268369
04-10 01:28:18.244 1426 2907 D LOWI-9.0.0.87.a: [LOWI-Scan] decode_rsn_wpa_ie: LOWI_ENCRYPTION_TYPE_WPA_PSK
04-10 01:28:18.244 1426 2907 D LOWI-9.0.0.87.a: [LOWI-Scan] is_qcom_ie, bss_age: 0
04-10 01:28:18.244 1426 2907 D LOWI-9.0.0.87.a: [LOWI-Scan] BSS 18:6f:2d:0a:ae:03 LOWI_PHY_MODE_11NG_HT20(5), Beacon Interval: 100, LOWI_ENCRYPTION_TYPE_WPA_PSK 11mcRanging: No, ANQP: No, LCI: No, Civic: No, capability(0x0531): ESS Privacy ShortPreamble SpectrumMgmt ShortSlotTime
04-10 01:28:18.244 1426 2907 D LOWI-9.0.0.87.a: [LOWI-Scan] BSS 18:6f:2d:0a:ae:03 FREQ: 2427, cFreq1[40:80:160] = [2427:0:0] cFreq2 = 0 Country Code = CN
04-10 01:28:18.244 1426 2907 D LOWI-9.0.0.87.a: [LOWI-Scan] BSS 18:6f:2d:0a:ae:03 (wlan0) ASSO: NO AddInfo: 0x0, TSF 0, 00:04:52.308, RSSI: -80, CPL: 127, AGE: 816, SSID ZXHY, TSFDelta: 0xbd41ebb0, TXRate: 0
04-10 01:28:18.245 1426 2907 D LOWI-9.0.0.87.a: [LOWI-Scan]
04-10 01:28:18.245 1426 2907 D LOWI-9.0.0.87.a: [LOWI-Scan] print_bss_handler: Report Probe TSF 292308922 as it greater than Beacon TSF 292269377
04-10 01:28:18.245 1426 2907 D LOWI-9.0.0.87.a: [LOWI-Scan] decode_rsn_wpa_ie: LOWI_ENCRYPTION_TYPE_WPA_PSK
04-10 01:28:18.245 1426 2907 D LOWI-9.0.0.87.a: [LOWI-Scan] is_qcom_ie, bss_age: 0
04-10 01:28:18.245 1426 2907 D LOWI-9.0.0.87.a: [LOWI-Scan] BSS 18:6f:2d:0a:ae:04 LOWI_PHY_MODE_11NG_HT20(5), Beacon Interval: 100, LOWI_ENCRYPTION_TYPE_WPA_PSK 11mcRanging: No, ANQP: No, LCI: No, Civic: No, capability(0x0531): ESS Privacy ShortPreamble SpectrumMgmt ShortSlotTime
04-10 01:28:18.245 1426 2907 D LOWI-9.0.0.87.a: [LOWI-Scan] BSS 18:6f:2d:0a:ae:04 FREQ: 2427, cFreq1[40:80:160] = [2427:0:0] cFreq2 = 0 Country Code = CN
04-10 01:28:18.245 1426 2907 D LOWI-9.0.0.87.a: [LOWI-Scan] BSS 18:6f:2d:0a:ae:04 (wlan0) ASSO: NO AddInfo: 0x0, TSF 0, 00:04:52.308, RSSI: -82, CPL: 127, AGE: 816, SSID Fanya, TSFDelta: 0xbd471e9f, TXRate: 0
04-10 01:28:18.245 1426 2907 D LOWI-9.0.0.87.a: [LOWI-Scan]
04-10 01:28:18.245 1426 2907 D LOWI-9.0.0.87.a: [LOWI-Scan] print_bss_handler: Report Probe TSF 292339714 as it greater than Beacon TSF 292317626
04-10 01:28:18.245 1426 2907 D LOWI-9.0.0.87.a: [LOWI-Scan] decode_rsn_wpa_ie: LOWI_ENCRYPTION_TYPE_WPA_PSK
04-10 01:28:18.245 1426 2907 D LOWI-9.0.0.87.a: [LOWI-Scan] is_qcom_ie, bss_age: 0
04-10 01:28:18.245 1426 2907 D LOWI-9.0.0.87.a: [LOWI-Scan] BSS f8:af:05:82:ca:5c LOWI_PHY_MODE_11AC_VHT80(10), Beacon Interval: 100, LOWI_ENCRYPTION_TYPE_WPA_PSK 11mcRanging: No, ANQP: No, LCI: No, Civic: No, capability(0x1531): ESS Privacy ShortPreamble SpectrumMgmt ShortSlotTime
04-10 01:28:18.245 1426 2907 D LOWI-9.0.0.87.a: [LOWI-Scan] BSS f8:af:05:82:ca:5c FREQ: 5805, cFreq1[40:80:160] = [5795:5775:0] cFreq2 = 0 Country Code =
04-10 01:28:18.245 1426 2907 D LOWI-9.0.0.87.a: [LOWI-Scan] BSS f8:af:05:82:ca:5c (wlan0) ASSO: NO AddInfo: 0x0, TSF 0, 00:04:52.339, RSSI: -136, CPL: 127, AGE: 788, SSID RIO-WIFI-5G, TSFDelta: 0x15d41123, TXRate: 0
04-10 01:28:18.249 1426 2907 D LOWI-9.0.0.87.a: [LOWI-Scan]
04-10 01:28:18.249 1426 2907 D LOWI-9.0.0.87.a: [LOWI-Scan] print_bss_handler: Report Probe TSF 292341198 as it greater than Beacon TSF 272337796
04-10 01:28:18.249 1426 2907 D LOWI-9.0.0.87.a: [LOWI-Scan] decode_rsn_wpa_ie: LOWI_ENCRYPTION_TYPE_WPA_PSK
04-10 01:28:18.249 1426 2907 D LOWI-9.0.0.87.a: [LOWI-Scan] is_qcom_ie, bss_age: 0
04-10 01:28:18.249 1426 2907 D LOWI-9.0.0.87.a: [LOWI-Scan] BSS 64:6e:97:1c:71:47 LOWI_PHY_MODE_11AC_VHT80(10), Beacon Interval: 100, LOWI_ENCRYPTION_TYPE_WPA_PSK 11mcRanging: No, ANQP: No, LCI: No, Civic: No, capability(0x0011): ESS Privacy
04-10 01:28:18.249 1426 2907 D LOWI-9.0.0.87.a: [LOWI-Scan] BSS 64:6e:97:1c:71:47 FREQ: 5805, cFreq1[40:80:160] = [5795:5775:0] cFreq2 = 0 Country Code = CN
04-10 01:28:18.249 1426 2907 D LOWI-9.0.0.87.a: [LOWI-Scan] BSS 64:6e:97:1c:71:47 (wlan0) ASSO: NO AddInfo: 0x0, TSF 0, 00:04:52.341, RSSI: -158, CPL: 127, AGE: 784, SSID TP-LINK_5G_7145, TSFDelta: 0x79537193, TXRate: 0
04-10 01:28:18.251 1426 2907 D LOWI-9.0.0.87.a: [LOWI-Scan]
04-10 01:28:18.251 1426 2907 D LOWI-9.0.0.87.a: [LOWI-Scan] print_bss_handler: Report beacon TSF 292501977 as it greater than probe TSF 292434654
04-10 01:28:18.251 1426 2907 D LOWI-9.0.0.87.a: [LOWI-Scan] decode_rsn_wpa_ie: LOWI_ENCRYPTION_TYPE_WPA_PSK
04-10 01:28:18.251 1426 2907 D LOWI-9.0.0.87.a: [LOWI-Scan] is_qcom_ie, bss_age: 0
04-10 01:28:18.251 1426 2907 D LOWI-9.0.0.87.a: [LOWI-Scan] BSS 18:6f:2d:81:16:f0 LOWI_PHY_MODE_11AC_VHT20(8), Beacon Interval: 100, LOWI_ENCRYPTION_TYPE_WPA_PSK 11mcRanging: No, ANQP: No, LCI: No, Civic: No, capability(0x0111): ESS Privacy SpectrumMgmt
04-10 01:28:18.251 1426 2907 D LOWI-9.0.0.87.a: [LOWI-Scan] BSS 18:6f:2d:81:16:f0 FREQ: 5260, cFreq1[40:80:160] = [5260:0:0] cFreq2 = 0 Country Code = CN
04-10 01:28:18.251 1426 2907 D LOWI-9.0.0.87.a: [LOWI-Scan] BSS 18:6f:2d:81:16:f0 (wlan0) ASSO: NO AddInfo: 0x1, TSF 0, 00:04:52.501, RSSI: -92, CPL: 127, AGE: 624, SSID Testing , TSFDelta: 0xf6b5fbd3, TXRate: 0
04-10 01:28:18.252 1426 2907 D LOWI-9.0.0.87.a: [LOWI-Scan]
04-10 01:28:18.252 1426 2907 D LOWI-9.0.0.87.a: [LOWI-Scan] print_bss_handler: Report beacon TSF 292502442 as it greater than probe TSF 292435532
04-10 01:28:18.252 1426 2907 D LOWI-9.0.0.87.a: [LOWI-Scan] is_qcom_ie, bss_age: 0
04-10 01:28:18.252 1426 2907 D LOWI-9.0.0.87.a: [LOWI-Scan] BSS 18:6f:2d:81:16:f1 LOWI_PHY_MODE_11AC_VHT20(8), Beacon Interval: 100, LOWI_ENCRYPTION_TYPE_OPEN 11mcRanging: No, ANQP: No, LCI: No, Civic: No, capability(0x0101): ESS SpectrumMgmt
04-10 01:28:18.252 1426 2907 D LOWI-9.0.0.87.a: [LOWI-Scan] BSS 18:6f:2d:81:16:f1 FREQ: 5260, cFreq1[40:80:160] = [5260:0:0] cFreq2 = 0 Country Code = CN
04-10 01:28:18.252 1426 2907 D LOWI-9.0.0.87.a: [LOWI-Scan] BSS 18:6f:2d:81:16:f1 (wlan0) ASSO: NO AddInfo: 0x1, TSF 0, 00:04:52.502, RSSI: -90, CPL: 127, AGE: 624, SSID Guest, TSFDelta: 0xf6bb5448, TXRate: 0
04-10 01:28:18.253 1426 2907 D LOWI-9.0.0.87.a: [LOWI-Scan]
04-10 01:28:18.253 1426 2907 D LOWI-9.0.0.87.a: [LOWI-Scan] print_bss_handler: Report beacon TSF 292505435 as it greater than probe TSF 292436610
04-10 01:28:18.253 1426 2907 D LOWI-9.0.0.87.a: [LOWI-Scan] decode_rsn_wpa_ie: LOWI_ENCRYPTION_TYPE_WPA_PSK
04-10 01:28:18.253 1426 2907 D LOWI-9.0.0.87.a: [LOWI-Scan] is_qcom_ie, bss_age: 0
04-10 01:28:18.253 1426 2907 D LOWI-9.0.0.87.a: [LOWI-Scan] BSS 18:6f:2d:81:16:f2 LOWI_PHY_MODE_11AC_VHT20(8), Beacon Interval: 100, LOWI_ENCRYPTION_TYPE_WPA_PSK 11mcRanging: No, ANQP: No, LCI: No, Civic: No, capability(0x0111): ESS Privacy SpectrumMgmt
04-10 01:28:18.253 1426 2907 D LOWI-9.0.0.87.a: [LOWI-Scan] BSS 18:6f:2d:81:16:f2 FREQ: 5260, cFreq1[40:80:160] = [5260:0:0] cFreq2 = 0 Country Code = CN
04-10 01:28:18.253 1426 2907 D LOWI-9.0.0.87.a: [LOWI-Scan] BSS 18:6f:2d:81:16:f2 (wlan0) ASSO: NO AddInfo: 0x1, TSF 0, 00:04:52.505, RSSI: -90, CPL: 127, AGE: 620, SSID ZXHY, TSFDelta: 0xf6c0cf1b, TXRate: 0
04-10 01:28:18.253 1426 2907 D LOWI-9.0.0.87.a: [LOWI-Scan]
04-10 01:28:18.254 1426 2907 D LOWI-9.0.0.87.a: [LOWI-Scan] print_bss_handler: Report beacon TSF 292505855 as it greater than probe TSF 292437533
04-10 01:28:18.254 1426 2907 D LOWI-9.0.0.87.a: [LOWI-Scan] decode_rsn_wpa_ie: LOWI_ENCRYPTION_TYPE_WPA_PSK
04-10 01:28:18.254 1426 2907 D LOWI-9.0.0.87.a: [LOWI-Scan] is_qcom_ie, bss_age: 0
04-10 01:28:18.254 1426 2907 D LOWI-9.0.0.87.a: [LOWI-Scan] BSS 18:6f:2d:81:16:f3 LOWI_PHY_MODE_11AC_VHT20(8), Beacon Interval: 100, LOWI_ENCRYPTION_TYPE_WPA_PSK 11mcRanging: No, ANQP: No, LCI: No, Civic: No, capability(0x0111): ESS Privacy SpectrumMgmt
04-10 01:28:18.254 1426 2907 D LOWI-9.0.0.87.a: [LOWI-Scan] BSS 18:6f:2d:81:16:f3 FREQ: 5260, cFreq1[40:80:160] = [5260:0:0] cFreq2 = 0 Country Code = CN
04-10 01:28:18.254 1426 2907 D LOWI-9.0.0.87.a: [LOWI-Scan] BSS 18:6f:2d:81:16:f3 (wlan0) ASSO: NO AddInfo: 0x1, TSF 0, 00:04:52.505, RSSI: -90, CPL: 127, AGE: 620, SSID Fanya, TSFDelta: 0xf6c615a9, TXRate: 0
04-10 01:28:18.254 1426 2907 D LOWI-9.0.0.87.a: [LOWI-Scan]
04-10 01:28:18.254 1426 2907 D LOWI-9.0.0.87.a: [LOWI-Scan] print_bss_handler: Report beacon TSF 292506264 as it greater than probe TSF 292438334
04-10 01:28:18.254 1426 2907 D LOWI-9.0.0.87.a: [LOWI-Scan] decode_rsn_wpa_ie: LOWI_ENCRYPTION_TYPE_WPA_PSK
04-10 01:28:18.254 1426 2907 D LOWI-9.0.0.87.a: [LOWI-Scan] is_qcom_ie, bss_age: 0
04-10 01:28:18.254 1426 2907 D LOWI-9.0.0.87.a: [LOWI-Scan] BSS 18:6f:2d:81:16:f4 LOWI_PHY_MODE_11AC_VHT20(8), Beacon Interval: 100, LOWI_ENCRYPTION_TYPE_WPA_PSK 11mcRanging: No, ANQP: No, LCI: No, Civic: No, capability(0x0111): ESS Privacy SpectrumMgmt
04-10 01:28:18.254 1426 2907 D LOWI-9.0.0.87.a: [LOWI-Scan] BSS 18:6f:2d:81:16:f4 FREQ: 5260, cFreq1[40:80:160] = [5260:0:0] cFreq2 = 0 Country Code = CN
04-10 01:28:18.254 1426 2907 D LOWI-9.0.0.87.a: [LOWI-Scan] BSS 18:6f:2d:81:16:f4 (wlan0) ASSO: NO AddInfo: 0x1, TSF 0, 00:04:52.506, RSSI: -90, CPL: 127, AGE: 620, SSID ThunderSoft, TSFDelta: 0xf6cb791f, TXRate: 0
04-10 01:28:18.255 1426 2907 D LOWI-9.0.0.87.a: [LOWI-Scan]
04-10 01:28:18.255 1426 2907 D LOWI-9.0.0.87.a: [LOWI-Scan] print_bss_handler: Report beacon TSF 292506664 as it greater than probe TSF 292439149
04-10 01:28:18.255 1426 2907 D LOWI-9.0.0.87.a: [LOWI-Scan] decode_rsn_wpa_ie: LOWI_ENCRYPTION_TYPE_WPA_PSK
04-10 01:28:18.255 1426 2907 D LOWI-9.0.0.87.a: [LOWI-Scan] is_qcom_ie, bss_age: 0
04-10 01:28:18.255 1426 2907 D LOWI-9.0.0.87.a: [LOWI-Scan] BSS 18:6f:2d:81:16:f5 LOWI_PHY_MODE_11AC_VHT20(8), Beacon Interval: 100, LOWI_ENCRYPTION_TYPE_WPA_PSK 11mcRanging: No, ANQP: No, LCI: No, Civic: No, capability(0x0111): ESS Privacy SpectrumMgmt
04-10 01:28:18.255 1426 2907 D LOWI-9.0.0.87.a: [LOWI-Scan] BSS 18:6f:2d:81:16:f5 FREQ: 5260, cFreq1[40:80:160] = [5260:0:0] cFreq2 = 0 Country Code = CN
04-10 01:28:18.255 1426 2907 D LOWI-9.0.0.87.a: [LOWI-Scan] BSS 18:6f:2d:81:16:f5 (wlan0) ASSO: NO AddInfo: 0x1, TSF 0, 00:04:52.506, RSSI: -92, CPL: 127, AGE: 620, SSID GM, TSFDelta: 0xf6d0c9f8, TXRate: 0
04-10 01:28:18.255 1426 2907 D LOWI-9.0.0.87.a: [LOWI-Scan]
04-10 01:28:18.255 1426 2907 D LOWI-9.0.0.87.a: [LOWI-Scan] print_bss_handler: Report Probe TSF 292566301 as it greater than Beacon TSF 292540268
04-10 01:28:18.255 1426 2907 D LOWI-9.0.0.87.a: [LOWI-Scan] decode_rsn_wpa_ie: LOWI_ENCRYPTION_TYPE_WPA_PSK
04-10 01:28:18.255 1426 2907 D LOWI-9.0.0.87.a: [LOWI-Scan] is_qcom_ie, bss_age: 0
04-10 01:28:18.255 1426 2907 D LOWI-9.0.0.87.a: [LOWI-Scan] BSS 18:6f:2d:0a:ae:10 LOWI_PHY_MODE_11AC_VHT20(8), Beacon Interval: 100, LOWI_ENCRYPTION_TYPE_WPA_PSK 11mcRanging: No, ANQP: No, LCI: No, Civic: No, capability(0x0111): ESS Privacy SpectrumMgmt
04-10 01:28:18.255 1426 2907 D LOWI-9.0.0.87.a: [LOWI-Scan] BSS 18:6f:2d:0a:ae:10 FREQ: 5280, cFreq1[40:80:160] = [5280:0:0] cFreq2 = 0 Country Code = CN
04-10 01:28:18.255 1426 2907 D LOWI-9.0.0.87.a: [LOWI-Scan] BSS 18:6f:2d:0a:ae:10 (wlan0) ASSO: NO AddInfo: 0x0, TSF 0, 00:04:52.566, RSSI: -122, CPL: 127, AGE: 560, SSID Testing , TSFDelta: 0x841fd95a, TXRate: 0
04-10 01:28:18.256 1426 2907 D LOWI-9.0.0.87.a: [LOWI-Scan]
04-10 01:28:18.256 1426 2907 D LOWI-9.0.0.87.a: [LOWI-Scan] print_bss_handler: Report Probe TSF 292578321 as it greater than Beacon TSF 292541948
04-10 01:28:18.256 1426 2907 D LOWI-9.0.0.87.a: [LOWI-Scan] decode_rsn_wpa_ie: LOWI_ENCRYPTION_TYPE_WPA_PSK
04-10 01:28:18.256 1426 2907 D LOWI-9.0.0.87.a: [LOWI-Scan] is_qcom_ie, bss_age: 0
04-10 01:28:18.256 1426 2907 D LOWI-9.0.0.87.a: [LOWI-Scan] BSS 18:6f:2d:0a:ae:12 LOWI_PHY_MODE_11AC_VHT20(8), Beacon Interval: 100, LOWI_ENCRYPTION_TYPE_WPA_PSK 11mcRanging: No, ANQP: No, LCI: No, Civic: No, capability(0x0111): ESS Privacy SpectrumMgmt
04-10 01:28:18.256 1426 2907 D LOWI-9.0.0.87.a: [LOWI-Scan] BSS 18:6f:2d:0a:ae:12 FREQ: 5280, cFreq1[40:80:160] = [5280:0:0] cFreq2 = 0 Country Code = CN
04-10 01:28:18.256 1426 2907 D LOWI-9.0.0.87.a: [LOWI-Scan] BSS 18:6f:2d:0a:ae:12 (wlan0) ASSO: NO AddInfo: 0x0, TSF 0, 00:04:52.578, RSSI: -122, CPL: 127, AGE: 548, SSID ZXHY, TSFDelta: 0x84281dd8, TXRate: 0
04-10 01:28:18.256 1426 2907 D LOWI-9.0.0.87.a: [LOWI-Scan]
04-10 01:28:18.256 1426 2907 D LOWI-9.0.0.87.a: [LOWI-Scan] print_bss_handler: Report Probe TSF 292579129 as it greater than Beacon TSF 292543027
04-10 01:28:18.256 1426 2907 D LOWI-9.0.0.87.a: [LOWI-Scan] decode_rsn_wpa_ie: LOWI_ENCRYPTION_TYPE_WPA_PSK
04-10 01:28:18.256 1426 2907 D LOWI-9.0.0.87.a: [LOWI-Scan] is_qcom_ie, bss_age: 0
04-10 01:28:18.256 1426 2907 D LOWI-9.0.0.87.a: [LOWI-Scan] BSS 18:6f:2d:0a:ae:14 LOWI_PHY_MODE_11AC_VHT20(8), Beacon Interval: 100, LOWI_ENCRYPTION_TYPE_WPA_PSK 11mcRanging: No, ANQP: No, LCI: No, Civic: No, capability(0x0111): ESS Privacy SpectrumMgmt
04-10 01:28:18.256 1426 2907 D LOWI-9.0.0.87.a: [LOWI-Scan] BSS 18:6f:2d:0a:ae:14 FREQ: 5280, cFreq1[40:80:160] = [5280:0:0] cFreq2 = 0 Country Code = CN
04-10 01:28:18.256 1426 2907 D LOWI-9.0.0.87.a: [LOWI-Scan] BSS 18:6f:2d:0a:ae:14 (wlan0) ASSO: NO AddInfo: 0x0, TSF 0, 00:04:52.579, RSSI: -122, CPL: 127, AGE: 548, SSID ThunderSoft, TSFDelta: 0x8436942c, TXRate: 0
04-10 01:28:18.256 1426 2907 D LOWI-9.0.0.87.a: [LOWI-Scan]
04-10 01:28:18.256 1426 2907 D LOWI-9.0.0.87.a: [LOWI-Scan] print_bss_handler: Report Probe TSF 292551082 as it greater than Beacon TSF 292543422
04-10 01:28:18.256 1426 2907 D LOWI-9.0.0.87.a: [LOWI-Scan] decode_rsn_wpa_ie: LOWI_ENCRYPTION_TYPE_WPA_PSK
04-10 01:28:18.256 1426 2907 D LOWI-9.0.0.87.a: [LOWI-Scan] is_qcom_ie, bss_age: 0
04-10 01:28:18.256 1426 2907 D LOWI-9.0.0.87.a: [LOWI-Scan] BSS 18:6f:2d:0a:ae:15 LOWI_PHY_MODE_11AC_VHT20(8), Beacon Interval: 100, LOWI_ENCRYPTION_TYPE_WPA_PSK 11mcRanging: No, ANQP: No, LCI: No, Civic: No, capability(0x0111): ESS Privacy SpectrumMgmt
04-10 01:28:18.256 1426 2907 D LOWI-9.0.0.87.a: [LOWI-Scan] BSS 18:6f:2d:0a:ae:15 FREQ: 5280, cFreq1[40:80:160] = [5280:0:0] cFreq2 = 0 Country Code = CN
04-10 01:28:18.256 1426 2907 D LOWI-9.0.0.87.a: [LOWI-Scan] BSS 18:6f:2d:0a:ae:15 (wlan0) ASSO: NO AddInfo: 0x0, TSF 0, 00:04:52.551, RSSI: -122, CPL: 127, AGE: 576, SSID GM, TSFDelta: 0x83ace960, TXRate: 0
04-10 01:28:18.257 1426 2907 D LOWI-9.0.0.87.a: [LOWI-Scan]
04-10 01:28:18.257 1426 2907 D LOWI-9.0.0.87.a: [LOWI-Scan] print_bss_handler: Report Probe TSF 292556648 as it greater than Beacon TSF 176534040
04-10 01:28:18.257 1426 2907 D LOWI-9.0.0.87.a: [LOWI-Scan] decode_rsn_wpa_ie: LOWI_ENCRYPTION_TYPE_WPA_PSK
04-10 01:28:18.257 1426 2907 D LOWI-9.0.0.87.a: [LOWI-Scan] is_qcom_ie, bss_age: 0
04-10 01:28:18.257 1426 2907 D LOWI-9.0.0.87.a: [LOWI-Scan] BSS 18:6f:2d:81:16:53 LOWI_PHY_MODE_11AC_VHT20(8), Beacon Interval: 100, LOWI_ENCRYPTION_TYPE_WPA_PSK 11mcRanging: No, ANQP: No, LCI: No, Civic: No, capability(0x0111): ESS Privacy SpectrumMgmt
04-10 01:28:18.257 1426 2907 D LOWI-9.0.0.87.a: [LOWI-Scan] BSS 18:6f:2d:81:16:53 FREQ: 5280, cFreq1[40:80:160] = [5280:0:0] cFreq2 = 0 Country Code = CN
04-10 01:28:18.257 1426 2907 D LOWI-9.0.0.87.a: [LOWI-Scan] BSS 18:6f:2d:81:16:53 (wlan0) ASSO: NO AddInfo: 0x0, TSF 0, 00:04:52.556, RSSI: -138, CPL: 127, AGE: 568, SSID Fanya, TSFDelta: 0xf8b55318, TXRate: 0
04-10 01:28:18.257 649 662 I mpu_uart: [MSG-P:RECV]:No message received in 1000 ms
04-10 01:28:18.257 1426 2907 D LOWI-9.0.0.87.a: [LOWI-Scan]
04-10 01:28:18.257 1426 2907 D LOWI-9.0.0.87.a: [LOWI-Scan] print_bss_handler: Report Probe TSF 292551959 as it greater than Beacon TSF 272590113
04-10 01:28:18.257 1426 2907 D LOWI-9.0.0.87.a: [LOWI-Scan] decode_rsn_wpa_ie: LOWI_ENCRYPTION_TYPE_WPA_PSK
04-10 01:28:18.257 1426 2907 D LOWI-9.0.0.87.a: [LOWI-Scan] is_qcom_ie, bss_age: 0
04-10 01:28:18.257 1426 2907 D LOWI-9.0.0.87.a: [LOWI-Scan] BSS 18:6f:2d:81:16:52 LOWI_PHY_MODE_11AC_VHT20(8), Beacon Interval: 100, LOWI_ENCRYPTION_TYPE_WPA_PSK 11mcRanging: No, ANQP: No, LCI: No, Civic: No, capability(0x0111): ESS Privacy SpectrumMgmt
04-10 01:28:18.257 1426 2907 D LOWI-9.0.0.87.a: [LOWI-Scan] BSS 18:6f:2d:81:16:52 FREQ: 5280, cFreq1[40:80:160] = [5280:0:0] cFreq2 = 0 Country Code = CN
04-10 01:28:18.257 1426 2907 D LOWI-9.0.0.87.a: [LOWI-Scan] BSS 18:6f:2d:81:16:52 (wlan0) ASSO: NO AddInfo: 0x0, TSF 0, 00:04:52.551, RSSI: -140, CPL: 127, AGE: 576, SSID ZXHY, TSFDelta: 0xf8a8957f, TXRate: 0
04-10 01:28:18.258 1426 2907 D LOWI-9.0.0.87.a: [LOWI-Scan]
04-10 01:28:18.258 1426 2907 D LOWI-9.0.0.87.a: [LOWI-Scan] print_bss_handler: Report Probe TSF 272561912 as it greater than Beacon TSF 176449469
04-10 01:28:18.258 1426 2907 D LOWI-9.0.0.87.a: [LOWI-Scan] decode_rsn_wpa_ie: LOWI_ENCRYPTION_TYPE_WPA_PSK
04-10 01:28:18.258 1426 2907 D LOWI-9.0.0.87.a: [LOWI-Scan] is_qcom_ie, bss_age: 0
04-10 01:28:18.258 1426 2907 D LOWI-9.0.0.87.a: [LOWI-Scan] adjust_age:AP AGE upper limit reached. Dont store
04-10 01:28:18.258 1426 2907 D LOWI-9.0.0.87.a: [LOWI-Scan] BSS 18:6f:2d:81:1e:72 LOWI_PHY_MODE_11AC_VHT20(8), Beacon Interval: 100, LOWI_ENCRYPTION_TYPE_WPA_PSK 11mcRanging: No, ANQP: No, LCI: No, Civic: No, capability(0x0111): ESS Privacy SpectrumMgmt
04-10 01:28:18.258 1426 2907 D LOWI-9.0.0.87.a: [LOWI-Scan] BSS 18:6f:2d:81:1e:72 FREQ: 5280, cFreq1[40:80:160] = [5280:0:0] cFreq2 = 0 Country Code = CN
04-10 01:28:18.258 1426 2907 D LOWI-9.0.0.87.a: [LOWI-Scan] BSS 18:6f:2d:81:1e:72 (wlan0) ASSO: NO AddInfo: 0x0, TSF 0, 00:04:32.561, RSSI: -160, CPL: 127, AGE: 20564, SSID ZXHY, TSFDelta: 0xa4b18609, TXRate: 0
04-10 01:28:18.258 1426 2907 D LOWI-9.0.0.87.a: [LOWI-Scan]
04-10 01:28:18.258 1426 2907 D LOWI-9.0.0.87.a: [LOWI-Scan] print_bss_handler: Report Probe TSF 292586625 as it greater than Beacon TSF 211462543
04-10 01:28:18.258 1426 2907 D LOWI-9.0.0.87.a: [LOWI-Scan] decode_rsn_wpa_ie: LOWI_ENCRYPTION_TYPE_WPA_PSK
04-10 01:28:18.258 1426 2907 D LOWI-9.0.0.87.a: [LOWI-Scan] is_qcom_ie, bss_age: 0
04-10 01:28:18.258 1426 2907 D LOWI-9.0.0.87.a: [LOWI-Scan] BSS 18:6f:2d:81:16:54 LOWI_PHY_MODE_11AC_VHT20(8), Beacon Interval: 100, LOWI_ENCRYPTION_TYPE_WPA_PSK 11mcRanging: No, ANQP: No, LCI: No, Civic: No, capability(0x0111): ESS Privacy SpectrumMgmt
04-10 01:28:18.258 1426 2907 D LOWI-9.0.0.87.a: [LOWI-Scan] BSS 18:6f:2d:81:16:54 FREQ: 5280, cFreq1[40:80:160] = [5280:0:0] cFreq2 = 0 Country Code = CN
04-10 01:28:18.258 1426 2907 D LOWI-9.0.0.87.a: [LOWI-Scan] BSS 18:6f:2d:81:16:54 (wlan0) ASSO: NO AddInfo: 0x0, TSF 0, 00:04:52.586, RSSI: -140, CPL: 127, AGE: 540, SSID ThunderSoft, TSFDelta: 0xf94def0f, TXRate: 0
04-10 01:28:18.259 1426 2907 D LOWI-9.0.0.87.a: [LOWI-Scan]
04-10 01:28:18.259 1426 2907 D LOWI-9.0.0.87.a: [LOWI-Scan] print_bss_handler: Report Probe TSF 292587777 as it greater than Beacon TSF 211463000
04-10 01:28:18.259 1426 2907 D LOWI-9.0.0.87.a: [LOWI-Scan] decode_rsn_wpa_ie: LOWI_ENCRYPTION_TYPE_WPA_PSK
04-10 01:28:18.259 1426 2907 D LOWI-9.0.0.87.a: [LOWI-Scan] is_qcom_ie, bss_age: 0
