04-10 01:28:29.720 1002 1163 I input_focus: [Focus request 10ef944 NotificationShade,reason=UpdateInputWindows]
04-10 01:28:29.736 1002 1509 I sysui_multi_action: [757,128,758,1,793,36073,794,0,795,35727,796,1,798,2,806,com.android.traceur,857,trace-is-being-recorded,858,4,947,0,1395,6,1500,35727,1688,1]
04-10 01:28:29.736 1002 1509 I sysui_multi_action: [757,804,799,note_freshness,801,35727,802,1]
04-10 01:28:29.736 1002 1509 I notification_visibility: [0|com.android.traceur|1|null|10035,1,36073,35727,0,2]
04-10 01:28:29.737 1995 1995 I sysui_multi_action: [757,111,758,1]
04-10 01:28:29.737 1002 1509 I sysui_multi_action: [757,128,758,1,793,255265,794,0,795,255265,796,26,798,0,806,android,857,DEVELOPER_IMPORTANT,858,4,947,0,1395,6,1500,254673,1688,1]
04-10 01:28:29.737 1002 1509 I sysui_multi_action: [757,804,799,note_freshness,801,255265,802,1]
04-10 01:28:29.737 1995 1995 I sysui_multi_action: [757,268,758,1,759,268,806,com.android.traceur,871,com.android.traceur.QsService,927,0,1593,0]
04-10 01:28:29.737 1002 1509 I notification_visibility: [-1|android|26|null|1000,1,255265,255265,0,0]
04-10 01:28:29.737 1995 1995 I sysui_multi_action: [757,126,758,1,759,126,927,1,928,1,1593,0]
04-10 01:28:29.737 1995 1995 I sysui_multi_action: [757,113,758,1,759,113,927,2,928,1,1593,0]
04-10 01:28:29.737 1002 1509 I sysui_multi_action: [757,128,758,1,793,254179,794,0,795,254179,796,17303299,797,com.android.wifi,798,3,806,android,857,NETWORK_AVAILABLE,858,2,947,0,1395,6,1500,253962,1688,1]
04-10 01:28:29.737 1995 1995 I sysui_multi_action: [757,0,758,1,759,0,927,3,928,0,1593,1]
04-10 01:28:29.737 1002 1509 I sysui_multi_action: [757,804,799,note_freshness,801,254179,802,1]
04-10 01:28:29.737 1995 1995 I sysui_multi_action: [757,0,758,1,759,0,927,4,928,0,1593,1]
04-10 01:28:29.737 1002 1509 I notification_visibility: [0|android|17303299|com.android.wifi|1000,1,254179,254179,0,3]
04-10 01:28:29.737 1002 1509 I sysui_multi_action: [757,128,758,1,793,129417,794,0,795,129417,796,0,797,trace-kona-SKQ1.220201.001-2023-04-10-01-26-18.perfetto-trace,798,1,806,com.android.traceur,857,system-tracing,858,4,947,0,1395,6,1500,129210,1688,1]
04-10 01:28:29.738 1995 1995 I sysui_multi_action: [757,491,758,1,759,491,927,5,928,0,1311,-1,1593,1]
04-10 01:28:29.738 1995 1995 I sysui_multi_action: [757,0,758,1,759,0,927,6,928,0,1593,1]
04-10 01:28:29.739 1995 1995 I sysui_multi_action: [757,0,758,1,759,0,927,7,1593,0]
04-10 01:28:29.739 1002 1509 I sysui_multi_action: [757,804,799,note_freshness,801,129417,802,1]
04-10 01:28:29.739 1995 1995 I sysui_multi_action: [757,111,758,1]
04-10 01:28:29.739 1995 1995 I sysui_multi_action: [757,268,758,1,759,268,806,com.android.traceur,871,com.android.traceur.QsService,927,0,1593,1]
04-10 01:28:29.739 1995 1995 I sysui_multi_action: [757,126,758,1,759,126,927,1,928,1,1593,1]
04-10 01:28:29.739 1995 1995 I sysui_multi_action: [757,113,758,1,759,113,927,2,928,1,1593,1]
04-10 01:28:29.739 1995 1995 I sysui_multi_action: [757,0,758,1,759,0,927,3,928,0,1593,1]
04-10 01:28:29.739 1002 1509 I notification_visibility: [0|com.android.traceur|0|trace-kona-SKQ1.220201.001-2023-04-10-01-26-18.perfetto-trace|10035,1,129417,129417,0,1]
04-10 01:28:29.739 1002 1509 I sysui_multi_action: [757,128,758,1,793,255104,794,0,795,255104,796,55,798,4,806,android,857,DEVELOPER,858,2,947,0,1395,6,1500,254167,1688,1]
04-10 01:28:29.740 1002 1509 I sysui_multi_action: [757,804,799,note_freshness,801,255104,802,1]
04-10 01:28:29.740 1002 1509 I notification_visibility: [-1|android|55|null|1000,1,255104,255104,0,4]
04-10 01:28:29.740 1002 1509 I sysui_multi_action: [757,128,758,1,793,259317,794,0,795,259317,796,32,798,5,806,android,857,USB,858,1,947,0,1395,6,1500,258502,1688,1]
04-10 01:28:29.740 1002 1509 I sysui_multi_action: [757,804,799,note_freshness,801,259317,802,1]
04-10 01:28:29.740 1002 1509 I notification_visibility: [-1|android|32|null|1000,1,259317,259317,0,5]
04-10 01:28:29.766 1002 1664 D PowerManagerNotifier: onUserActivity: event=2, uid=1000
04-10 01:28:29.766 1002 1664 D DisplayPowerController[0]: requestPowerState: policy=BRIGHT, useProximitySensor=false, screenBrightnessOverride=NaN, useAutoBrightness=true, screenAutoBrightnessAdjustmentOverride=NaN, screenLowPowerBrightnessFactor=1.0, blockScreenOn=false, lowPowerMode=false, boostScreenBrightness=false, dozeScreenBrightness=NaN, dozeScreenState=UNKNOWN, waitForNegativeProximity=false
04-10 01:28:29.766 1002 1664 D PowerManagerNotifier: onScreenPolicyUpdate: newPolicy=3
04-10 01:28:29.771 1002 1664 I input_focus: [Focus leaving 73b612c com.android.launcher3/com.android.launcher3.uioverrides.QuickstepLauncher (server),reason=setFocusedWindow]
04-10 01:28:29.772 1002 1664 I input_focus: [Focus entering 10ef944 NotificationShade (server),reason=setFocusedWindow]
04-10 01:28:30.095 3040 3973 W hpplay-java: [ServerTaskManager]:IPManager:getActiveNets invalid networkInfo:null
04-10 01:28:30.096 3040 3973 I hpplay-java: [ServerTaskManager]:IPManager:getActiveNets eth0:false wifi:false mobile:false ap:false
04-10 01:28:30.096 3040 3973 I hpplay-java: [ServerTaskManager]:ServerTaskManager:get local ip:null
04-10 01:28:30.269 649 662 I mpu_uart: [MSG-P:RECV]:No message received in 1000 ms
04-10 01:28:30.521 1995 3033 W FrameTracker: Missed SF frame:66
04-10 01:28:30.521 1995 3033 W FrameTracker: Missed SF frame:66
04-10 01:28:30.522 1995 3033 W FrameTracker: Missed SF frame:66
04-10 01:28:30.522 1995 3033 W FrameTracker: Missed SF frame:66
04-10 01:28:30.522 1995 3033 W FrameTracker: Missed SF frame:66
04-10 01:28:30.522 1995 3033 W FrameTracker: Missed SF frame:66
04-10 01:28:30.522 1995 3033 W FrameTracker: Missed SF frame:66
04-10 01:28:30.522 1995 3033 W FrameTracker: Missed SF frame:66
04-10 01:28:30.523 1995 3033 W FrameTracker: Missed SF frame:66
04-10 01:28:30.523 1995 3033 W FrameTracker: Missed SF frame:66
04-10 01:28:30.523 1995 3033 W FrameTracker: Missed SF frame:66
04-10 01:28:30.523 1995 3033 W FrameTracker: Missed SF frame:66
04-10 01:28:30.523 1995 3033 W FrameTracker: Missed SF frame:66
04-10 01:28:30.523 1995 3033 W FrameTracker: Missed SF frame:66
04-10 01:28:30.523 1995 3033 W FrameTracker: Missed SF frame:66
04-10 01:28:30.525 1995 3033 V PerfettoTrigger: Not triggering com.android.telemetry.interaction-jank-monitor-0 - not enough time since last trigger
04-10 01:28:30.716 1002 1664 I input_interaction: Interaction with: 10ef944 NotificationShade (server), edge-swipe (server), swipe-up (server), PointerEventDispatcher0 (server),
04-10 01:28:30.718 1002 1664 D PowerManagerNotifier: onUserActivity: event=2, uid=1000
04-10 01:28:30.719 1002 1664 D DisplayPowerController[0]: requestPowerState: policy=BRIGHT, useProximitySensor=false, screenBrightnessOverride=NaN, useAutoBrightness=true, screenAutoBrightnessAdjustmentOverride=NaN, screenLowPowerBrightnessFactor=1.0, blockScreenOn=false, lowPowerMode=false, boostScreenBrightness=false, dozeScreenBrightness=NaN, dozeScreenState=UNKNOWN, waitForNegativeProximity=false
04-10 01:28:30.719 1002 1664 D PowerManagerNotifier: onScreenPolicyUpdate: newPolicy=3
04-10 01:28:30.759 1002 1510 I sysui_multi_action: [757,128,758,2,793,260336,794,1019,795,260336,796,32,798,5,806,android,857,USB,858,1,947,0,1395,6,1500,259521,1688,1]
04-10 01:28:30.760 1002 1510 I notification_visibility: [-1|android|32|null|1000,0,260336,260336,0,5]
04-10 01:28:30.867 3040 3998 I hpplay-java: [NetworkReceiver]:IM_PublicCastClient:disconnect
04-10 01:28:30.867 3040 3998 I hpplay-java: [NetworkReceiver]:IM_IMEntrance:disconnect
04-10 01:28:30.867 3040 3998 W hpplay-java: [NetworkReceiver]:IM_PublicCastClient:reconnect ignore com.hpplay.sdk.sink.cloud.PublicCastClient@5543886
04-10 01:28:30.873 1995 4634 I OpenGLRenderer: Davey! duration=9223371731144ms; Flags=0, FrameTimelineVsyncId=-1, IntendedVsync=305710189621, Vsync=305710238319, InputEventId=541757473, HandleInputStart=305710252642, AnimationStart=305710256340, PerformTraversalsStart=305710258475, DrawStart=305710422017, FrameDeadline=9223372036854775807, FrameInterval=305710238319, FrameStartTime=16666666, SyncQueued=305711000402, SyncStart=305711449673, IssueDrawCommandsStart=305713370506, SwapBuffers=305722184985, FrameCompleted=9223372036854775807, DequeueBufferDuration=177135, QueueBufferDuration=3527604, GpuCompleted=9223372036854775807, SwapBuffersCompleted=305728455871, DisplayPresentTime=296078692749,
04-10 01:28:30.873 1002 1664 D PowerManagerNotifier: onUserActivity: event=2, uid=1000
04-10 01:28:30.874 1002 1664 D DisplayPowerController[0]: requestPowerState: policy=BRIGHT, useProximitySensor=false, screenBrightnessOverride=NaN, useAutoBrightness=true, screenAutoBrightnessAdjustmentOverride=NaN, screenLowPowerBrightnessFactor=1.0, blockScreenOn=false, lowPowerMode=false, boostScreenBrightness=false, dozeScreenBrightness=NaN, dozeScreenState=UNKNOWN, waitForNegativeProximity=false
04-10 01:28:30.874 1002 1664 D PowerManagerNotifier: onScreenPolicyUpdate: newPolicy=3
04-10 01:28:30.877 1002 1510 D WindowManager: interceptKeyBeforeQueueing: ---> event=KeyEvent { action=ACTION_DOWN, keyCode=KEYCODE_POWER, scanCode=0, metaState=0, flags=0x0, repeatCount=0, eventTime=305761, downTime=305761, deviceId=-1, source=0x0, displayId=0 } ---stack--- java.lang.Throwable
04-10 01:28:30.877 1002 1510 D WindowManager: at com.android.server.policy.PhoneWindowManager.interceptKeyBeforeQueueing(PhoneWindowManager.java:3422)
04-10 01:28:30.877 1002 1510 D WindowManager: at com.android.server.wm.InputManagerCallback.interceptKeyBeforeQueueing(InputManagerCallback.java:149)
04-10 01:28:30.877 1002 1510 D WindowManager: at com.android.server.input.InputManagerService.interceptKeyBeforeQueueing(InputManagerService.java:2827)
04-10 01:28:30.877 1002 1510 D WindowManager: at com.android.server.input.InputManagerService.nativeInjectInputEvent(Native Method)
04-10 01:28:30.877 1002 1510 D WindowManager: at com.android.server.input.InputManagerService.injectInputEventInternal(InputManagerService.java:874)
04-10 01:28:30.877 1002 1510 D WindowManager: at com.android.server.input.InputManagerService.injectInputEvent(InputManagerService.java:834)
04-10 01:28:30.877 1002 1510 D WindowManager: at android.hardware.input.IInputManager$Stub.onTransact(IInputManager.java:588)
04-10 01:28:30.877 1002 1510 D WindowManager: at android.os.Binder.execTransactInternal(Binder.java:1179)
04-10 01:28:30.877 1002 1510 D WindowManager: at android.os.Binder.execTransact(Binder.java:1143)
04-10 01:28:30.877 1002 1510 I intercept_power: [ACTION_DOWN,0,0]
04-10 01:28:30.879 1002 1510 D DisplayPowerController[0]: requestPowerState: policy=BRIGHT, useProximitySensor=false, screenBrightnessOverride=NaN, useAutoBrightness=true, screenAutoBrightnessAdjustmentOverride=NaN, screenLowPowerBrightnessFactor=1.0, blockScreenOn=false, lowPowerMode=false, boostScreenBrightness=false, dozeScreenBrightness=NaN, dozeScreenState=UNKNOWN, waitForNegativeProximity=false
04-10 01:28:30.879 1002 1510 D PowerManagerNotifier: onScreenPolicyUpdate: newPolicy=3
04-10 01:28:30.882 3040 4626 W hpplay-java: [AsyncTask #46]:MagicalCacheFile:serverDir is not exits
04-10 01:28:30.882 3040 4626 I hpplay-java: [AsyncTask #46]:Session:no cached regTime
04-10 01:28:30.883 3040 4626 I hpplay-java: [AsyncTask #46]:AuthSDK:authSDK connectTimeout = 6000
04-10 01:28:30.883 1002 1510 D PowerManagerNotifier: onWakeLockAcquired: flags=1, tag="PhoneWindowManager.mPowerKeyWakeLock", packageName=android, ownerUid=1000, ownerPid=1002, workSource=null
04-10 01:28:30.884 3040 4618 I hpplay-java: [AsyncTask #41]:HttpRequest:http://sdkauth.hpplay.cn/Author/TVAuthor/?uid=-6190987048206693284&appid=21409&prot_ver=4.1&version=60055-27705 path post
04-10 01:28:30.888 673 4788 D resolv : GetAddrInfoHandler::run: {0 262144 0 983040 10091 0}
04-10 01:28:30.889 673 4788 D resolv : resolv_getaddrinfo: explore_fqdn(): ai_family=0 ai_socktype=1 ai_protocol=6
04-10 01:28:30.894 3040 4618 I hpplay-java: [AsyncTask #41]:AsyncManager:nextDomain next2: https://sdkauth.lebo.com.cn:82/Author/TVAuthor/?uid=-6190987048206693284&appid=21409&prot_ver=4.1&version=60055-27705
04-10 01:28:30.894 3040 4618 W hpplay-java: [AsyncTask #41]:HttpRequest:
04-10 01:28:30.894 3040 4618 I hpplay-java: [AsyncTask #41]:HttpRequest:https://sdkauth.lebo.com.cn:82/Author/TVAuthor/?uid=-6190987048206693284&appid=21409&prot_ver=4.1&version=60055-27705 path post
04-10 01:28:30.900 673 4789 D resolv : GetAddrInfoHandler::run: {0 262144 0 983040 10091 0}
04-10 01:28:30.900 673 4789 D resolv : resolv_getaddrinfo: explore_fqdn(): ai_family=0 ai_socktype=1 ai_protocol=6
04-10 01:28:30.904 3040 4618 I hpplay-java: [AsyncTask #41]:AsyncManager:nextDomain next3: http://120.25.130.190:80/Author/TVAuthor/?uid=-6190987048206693284&appid=21409&prot_ver=4.1&version=60055-27705
04-10 01:28:30.904 3040 4618 W hpplay-java: [AsyncTask #41]:HttpRequest:
04-10 01:28:30.904 3040 4618 I hpplay-java: [AsyncTask #41]:HttpRequest:http://120.25.130.190:80/Author/TVAuthor/?uid=-6190987048206693284&appid=21409&prot_ver=4.1&version=60055-27705 path post
04-10 01:28:30.908 3040 4618 W hpplay-java: [AsyncTask #41]:HttpRequest:java.net.ConnectException: Failed to connect to /120.25.130.190:80
04-10 01:28:30.908 3040 4618 W hpplay-java: at com.android.okhttp.internal.io.RealConnection.connectSocket(RealConnection.java:147)
04-10 01:28:30.908 3040 4618 W hpplay-java: at com.android.okhttp.internal.io.RealConnection.connect(RealConnection.java:116)
04-10 01:28:30.908 3040 4618 W hpplay-java: at com.android.okhttp.internal.http.StreamAllocation.findConnection(StreamAllocation.java:186)
04-10 01:28:30.908 3040 4618 W hpplay-java: at com.android.okhttp.internal.http.StreamAllocation.findHealthyConnection(StreamAllocation.java:128)
04-10 01:28:30.908 3040 4618 W hpplay-java: at com.android.okhttp.internal.http.StreamAllocation.newStream(StreamAllocation.java:97)
04-10 01:28:30.908 3040 4618 W hpplay-java: at com.android.okhttp.internal.http.HttpEngine.connect(HttpEngine.java:289)
04-10 01:28:30.908 3040 4618 W hpplay-java: at com.android.okhttp.internal.http.HttpEngine.sendRequest(HttpEngine.java:232)
04-10 01:28:30.908 3040 4618 W hpplay-java: at com.android.okhttp.internal.huc.HttpURLConnectionImpl.execute(HttpURLConnectionImpl.java:465)
04-10 01:28:30.908 3040 4618 W hpplay-java: at com.android.okhttp.internal.huc.HttpURLConnectionImpl.connect(HttpURLConnectionImpl.java:131)
04-10 01:28:30.908 3040 4618 W hpplay-java: at com.hpplay.common.asyncmanager.HttpRequest.doPost(SourceFile:17)
04-10 01:28:30.908 3040 4618 W hpplay-java: at com.hpplay.common.asyncmanager.AsyncHttpJob.doInBackground(SourceFile:4)
04-10 01:28:30.908 3040 4618 W hpplay-java: at android.os.AsyncTask$3.call(AsyncTask.java:394)
04-10 01:28:30.908 3040 4618 W hpplay-java: at java.util.concurrent.FutureTask.run(FutureTask.java:266)
04-10 01:28:30.908 3040 4618 W hpplay-java: at java.util.concurrent.ThreadPoolExecutor.runWorker(ThreadPoolExecutor.java:1167)
04-10 01:28:30.908 3040 4618 W hpplay-java: at java.util.concurrent.ThreadPoolExecutor$Worker.run(ThreadPoolExecutor.java:641)
04-10 01:28:30.908 3040 4618 W hpplay-java: at java.lang.Thread.run(Thread.java:920)
04-10 01:28:30.908 3040 4678 I hpplay-java: [AsyncTask #64]:AuthSDK:authSDK auth failed
04-10 01:28:30.909 3040 4678 I hpplay : [AsyncTask #64]:LelinkHelper:onAuthSDK status: 3
04-10 01:28:30.909 3040 4678 I hpplay-java: [AsyncTask #64]:VipAuthSDK:vipAuth
04-10 01:28:30.909 3040 3040 D hpplay : [main]:LelinkHelper:认证成功
04-10 01:28:30.909 3040 4678 I hpplay-java: [AsyncTask #64]:EnterpriseAuthManager:getNewCompanyAuthSavePath
04-10 01:28:30.910 3040 4678 I hpplay-java: [AsyncTask #64]:EnterpriseAuthManager:getNewCompanyAuthSavePath,get app cache path
04-10 01:28:30.910 3040 4678 I hpplay-java: [AsyncTask #64]:AuthSDK:checkHandler
04-10 01:28:30.911 3040 4678 I hpplay-java: [AsyncTask #64]:IMTask:getIMRoot
04-10 01:28:30.911 3040 4678 I hpplay-java: [AsyncTask #64]:AuthTask:release
04-10 01:28:30.911 3040 4631 I hpplay-java: [AsyncTask #48]:HttpRequest:https://vipauth.hpplay.cn/VipAuth path post
04-10 01:28:30.913 3040 4678 I hpplay-java: [AsyncTask #64]:LBHandler:create name: AuthTask looper:Looper (AuthTask, tid 132) {ca178d9}
04-10 01:28:30.913 3040 4678 I hpplay-java: [AsyncTask #64]:AuthTask:reAuth 600000
04-10 01:28:30.914 3040 4678 I hpplay-java: [AsyncTask #64]:AuthSDK:controlStartServer
04-10 01:28:30.914 3040 4678 I hpplay-java: [AsyncTask #64]:ServiceUpdater:upLoadDeviceInfo url = http://gslb.hpplay.cn/lebo-flux-sdk/sdk/info/upload
04-10 01:28:30.916 3040 4645 W hpplay-java: [AsyncTask #51]:CreateUtils:notifyQRReady server not start,ignore
04-10 01:28:30.917 3040 4645 W hpplay-java: [AsyncTask #51]:CreateUtils:isServerStartAndAuth token is null
04-10 01:28:30.917 3040 4645 W hpplay-java: [AsyncTask #51]:CreateUtils:isServerStartAndAuth token is null
04-10 01:28:30.917 3040 4645 I hpplay-java: [AsyncTask #51]:ServerBusiness:createPinCode ignore
04-10 01:28:30.918 673 4792 D resolv : GetAddrInfoHandler::run: {0 262144 0 983040 10091 0}
04-10 01:28:30.918 673 4792 D resolv : resolv_getaddrinfo: explore_fqdn(): ai_family=0 ai_socktype=1 ai_protocol=6
04-10 01:28:30.920 3040 4643 W hpplay-java: [AsyncTask #50]:HttpRequest:
04-10 01:28:30.920 673 4793 D resolv : GetAddrInfoHandler::run: {0 262144 0 983040 10091 0}
04-10 01:28:30.920 673 4793 D resolv : resolv_getaddrinfo: explore_fqdn(): ai_family=0 ai_socktype=1 ai_protocol=6
04-10 01:28:30.920 3040 4678 I hpplay-java: [AsyncTask #64]:BusinessConfig:requestConfig
04-10 01:28:30.921 3040 4643 W hpplay-java: [AsyncTask #50]:HttpRequest:
04-10 01:28:30.921 3040 4643 W hpplay-java: [AsyncTask #50]:HttpRequest:
04-10 01:28:30.921 3040 4649 W hpplay-java: [AsyncTask #53]:HttpRequest:
04-10 01:28:30.921 3040 4643 I hpplay-java: [AsyncTask #50]:HttpRequest:http://gslb.hpplay.cn/lebo-flux-sdk/sdk/info/upload path post
04-10 01:28:30.921 3040 3040 E hpplay-java: [main]:IMTask:getIMRoot failed
04-10 01:28:30.922 3040 4649 W hpplay-java: [AsyncTask #53]:HttpRequest:
04-10 01:28:30.923 3040 4649 W hpplay-java: [AsyncTask #53]:HttpRequest:
04-10 01:28:30.924 1002 1509 W ActivityManager: Unable to start service Intent { act=android.intent.action.START_LEBO_SERVICE pkg=com.hpplay.happyplay.aw } U=0: not found
04-10 01:28:30.924 3040 4678 I hpplay-java: [AsyncTask #64]:LeboUtil:wu r:false
04-10 01:28:30.926 673 4796 D resolv : GetAddrInfoHandler::run: {0 262144 0 983040 10091 0}
04-10 01:28:30.927 673 4796 D resolv : resolv_getaddrinfo: explore_fqdn(): ai_family=0 ai_socktype=1 ai_protocol=6
04-10 01:28:30.928 673 4797 D resolv : GetAddrInfoHandler::run: {0 262144 0 983040 10091 0}
04-10 01:28:30.928 673 4797 D resolv : resolv_getaddrinfo: explore_fqdn(): ai_family=0 ai_socktype=1 ai_protocol=6
04-10 01:28:30.928 673 4794 D resolv : GetAddrInfoHandler::run: {0 262144 0 983040 10091 0}
04-10 01:28:30.928 673 4794 D resolv : resolv_getaddrinfo: explore_fqdn(): ai_family=0 ai_socktype=1 ai_protocol=6
04-10 01:28:30.930 3040 4645 W hpplay-java: [AsyncTask #51]:HttpRequest:
04-10 01:28:30.930 3040 4649 W hpplay-java: [AsyncTask #53]:HttpRequest:
04-10 01:28:30.932 3040 4649 W hpplay-java: [AsyncTask #53]:HttpRequest:
04-10 01:28:30.932 673 4795 D resolv : GetAddrInfoHandler::run: {0 262144 0 983040 10091 0}
04-10 01:28:30.932 673 4795 D resolv : resolv_getaddrinfo: explore_fqdn(): ai_family=0 ai_socktype=1 ai_protocol=6
04-10 01:28:30.933 3040 4649 W hpplay-java: [AsyncTask #53]:HttpRequest:
04-10 01:28:30.933 3040 4645 W hpplay-java: [AsyncTask #51]:HttpRequest:
04-10 01:28:30.933 3040 4643 W hpplay-java: [AsyncTask #50]:HttpRequest:
04-10 01:28:30.933 3040 4643 I hpplay-java: [AsyncTask #50]:HttpRequest:http://gslb.hpplay.cn/lebo-flux-sdk/sdk/info/upload path post
04-10 01:28:30.933 3040 4645 W hpplay-java: [AsyncTask #51]:HttpRequest:
04-10 01:28:30.934 3040 4643 W hpplay-java: [AsyncTask #50]:HttpRequest:
04-10 01:28:30.935 3040 4643 I hpplay-java: [AsyncTask #50]:HttpRequest:http://gslb.hpplay.cn/lebo-flux-sdk/sdk/info/upload path post
04-10 01:28:30.935 3040 4643 W hpplay-java: [AsyncTask #50]:HttpRequest:
04-10 01:28:30.935 3040 4631 W hpplay-java: [AsyncTask #48]:HttpRequest:
04-10 01:28:30.936 3040 4631 I hpplay-java: [AsyncTask #48]:HttpRequest:https://vipauth.hpplay.cn/VipAuth path post
04-10 01:28:30.936 3040 4631 W hpplay-java: [AsyncTask #48]:HttpRequest:
04-10 01:28:30.936 3040 4631 I hpplay-java: [AsyncTask #48]:HttpRequest:https://vipauth.hpplay.cn/VipAuth path post
04-10 01:28:30.937 1002 3323 D WindowManager: interceptKeyBeforeQueueing: ---> event=KeyEvent { action=ACTION_UP, keyCode=KEYCODE_POWER, scanCode=0, metaState=0, flags=0x0, repeatCount=0, eventTime=305761, downTime=305821, deviceId=-1, source=0x0, displayId=0 } ---stack--- java.lang.Throwable
04-10 01:28:30.937 1002 3323 D WindowManager: at com.android.server.policy.PhoneWindowManager.interceptKeyBeforeQueueing(PhoneWindowManager.java:3422)
04-10 01:28:30.937 1002 3323 D WindowManager: at com.android.server.wm.InputManagerCallback.interceptKeyBeforeQueueing(InputManagerCallback.java:149)
04-10 01:28:30.937 1002 3323 D WindowManager: at com.android.server.input.InputManagerService.interceptKeyBeforeQueueing(InputManagerService.java:2827)
04-10 01:28:30.937 1002 3323 D WindowManager: at com.android.server.input.InputManagerService.nativeInjectInputEvent(Native Method)
04-10 01:28:30.937 1002 3323 D WindowManager: at com.android.server.input.InputManagerService.injectInputEventInternal(InputManagerService.java:874)
04-10 01:28:30.937 1002 3323 D WindowManager: at com.android.server.input.InputManagerService.injectInputEvent(InputManagerService.java:834)
04-10 01:28:30.937 1002 3323 D WindowManager: at android.hardware.input.IInputManager$Stub.onTransact(IInputManager.java:588)
04-10 01:28:30.937 1002 3323 D WindowManager: at android.os.Binder.execTransactInternal(Binder.java:1179)
04-10 01:28:30.937 1002 3323 D WindowManager: at android.os.Binder.execTransact(Binder.java:1143)
04-10 01:28:30.937 3040 4631 W hpplay-java: [AsyncTask #48]:HttpRequest:
04-10 01:28:30.937 1002 3323 I intercept_power: [ACTION_UP,0,0]
04-10 01:28:30.937 1002 1002 D WindowManager: powerPress: eventTime=305821 interactive=true count=0 beganFromNonInteractive=false mShortPressOnPowerBehavior=1
04-10 01:28:30.937 1002 1002 I PowerManagerService: Powering off display group due to power_button (groupId= 0, uid= 1000)...
04-10 01:28:30.937 1002 1002 I PowerManagerService: Going to sleep due to power_button (uid 1000)...
04-10 01:28:30.940 1002 1002 D PowerManagerNotifier: onWakefulnessChangeStarted: wakefulness=3, reason=4, interactive=false
04-10 01:28:30.940 1002 1002 I power_sleep_requested: 0
04-10 01:28:30.940 1002 1002 D DisplayPowerController[0]: requestPowerState: policy=BRIGHT, useProximitySensor=false, screenBrightnessOverride=NaN, useAutoBrightness=true, screenAutoBrightnessAdjustmentOverride=NaN, screenLowPowerBrightnessFactor=1.0, blockScreenOn=false, lowPowerMode=false, boostScreenBrightness=false, dozeScreenBrightness=NaN, dozeScreenState=UNKNOWN, waitForNegativeProximity=false
04-10 01:28:30.940 1002 1002 D PowerManagerNotifier: onScreenPolicyUpdate: newPolicy=3
04-10 01:28:30.941 1002 3323 D PowerManagerNotifier: onWakeLockReleased: flags=1, tag="PhoneWindowManager.mPowerKeyWakeLock", packageName=android, ownerUid=1000, ownerPid=1002, workSource=null
04-10 01:28:30.941 1002 3323 D DisplayPowerController[0]: requestPowerState: policy=BRIGHT, useProximitySensor=false, screenBrightnessOverride=NaN, useAutoBrightness=true, screenAutoBrightnessAdjustmentOverride=NaN, screenLowPowerBrightnessFactor=1.0, blockScreenOn=false, lowPowerMode=false, boostScreenBrightness=false, dozeScreenBrightness=NaN, dozeScreenState=UNKNOWN, waitForNegativeProximity=false
04-10 01:28:30.941 1002 3323 D PowerManagerNotifier: onScreenPolicyUpdate: newPolicy=3
04-10 01:28:30.942 1002 1211 I PowerManagerService: Sleeping display group (groupId=0, uid=1000)...
04-10 01:28:30.942 1002 1211 I PowerManagerService: Sleeping (uid 1000)...
04-10 01:28:30.943 1995 4634 D KeyguardViewMediator: onStartedGoingToSleep(2)
04-10 01:28:30.944 1002 1211 D PowerManagerNotifier: onWakefulnessChangeStarted: wakefulness=0, reason=2, interactive=false
04-10 01:28:30.944 1002 1211 D DisplayPowerController[0]: requestPowerState: policy=OFF, useProximitySensor=false, screenBrightnessOverride=NaN, useAutoBrightness=true, screenAutoBrightnessAdjustmentOverride=NaN, screenLowPowerBrightnessFactor=1.0, blockScreenOn=false, lowPowerMode=false, boostScreenBrightness=false, dozeScreenBrightness=NaN, dozeScreenState=UNKNOWN, waitForNegativeProximity=false
04-10 01:28:30.944 1002 1211 D PowerManagerNotifier: onScreenPolicyUpdate: newPolicy=0
04-10 01:28:30.946 961 1109 I SDM : HWCDisplay::GetColorModeCount: Supported color mode count = 1
04-10 01:28:30.946 961 1109 I SDM : HWCDisplay::GetColorModes: Color mode = 0 is supported
04-10 01:28:30.946 1041 2858 E HWComposer: getSupportedContentTypes: getSupportedContentTypes failed for display 4630946816427681409: Unsupported (8)
04-10 01:28:30.947 1995 4634 D KeyguardViewMediator: notifyStartedGoingToSleep
04-10 01:28:30.954 1995 1995 V KeyguardUpdateMonitor: startListeningForFingerprint()
04-10 01:28:30.956 1995 1995 V KeyguardUpdateMonitor: startListeningForFingerprint()
04-10 01:28:30.956 1995 1995 D KeyguardViewMediator: handleNotifyStartedGoingToSleep
04-10 01:28:30.995 1002 1211 D DisplayPowerController[0]: Unfinished business...
04-10 01:28:30.995 1002 1211 I sysui_multi_action: [757,1696,758,6,759,0]
04-10 01:28:31.064 1002 1211 D DisplayPowerState: setColorFadeLevel: level=0.0
04-10 01:28:31.081 1002 1211 D DisplayPowerState: Requesting new screen state: state=ON, backlight=-1.0
04-10 01:28:31.081 1002 1211 D DisplayPowerState: Screen ready
04-10 01:28:31.081 1002 1211 I DisplayPowerController[0]: Blocking screen off
04-10 01:28:31.082 1002 1211 I DisplayPowerController[0]: Unblocked screen off after 1 ms
04-10 01:28:31.082 1002 1951 D DisplayPowerState: Updating screen state: id=0, state=ON, backlight=-1.0, sdrBacklight=-1.0
04-10 01:28:31.083 1002 1951 D LocalDisplayAdapter: setDisplayBrightness(id=4630946816427681409, brightnessState=-1.0, sdrBrightnessState=-1.0) ---start
04-10 01:28:31.088 1002 1211 D DisplayPowerState: setScreenState: state=1
04-10 01:28:31.088 1002 1951 E DisplayDeviceConfig: requesting nits when no mapping exists.
04-10 01:28:31.089 1002 1211 D ActivityTaskManager: Top Process State changed to PROCESS_STATE_TOP_SLEEPING
04-10 01:28:31.089 1002 1951 E DisplayDeviceConfig: requesting nits when no mapping exists.
04-10 01:28:31.089 1002 1181 I am_wtf : [0,1002,system_server,-1,DisplayDeviceConfig,requesting nits when no mapping exists.]
04-10 01:28:31.089 1002 1211 D DisplayPowerController[0]: requestPowerState: policy=OFF, useProximitySensor=false, screenBrightnessOverride=NaN, useAutoBrightness=true, screenAutoBrightnessAdjustmentOverride=NaN, screenLowPowerBrightnessFactor=1.0, blockScreenOn=false, lowPowerMode=false, boostScreenBrightness=false, dozeScreenBrightness=NaN, dozeScreenState=UNKNOWN, waitForNegativeProximity=false
04-10 01:28:31.089 1002 1211 D PowerManagerNotifier: onScreenPolicyUpdate: newPolicy=0
04-10 01:28:31.091 1002 1211 D PowerManagerNotifier: onWakeLockAcquired: flags=1, tag="ActivityManager-Sleep", packageName=android, ownerUid=1000, ownerPid=1002, workSource=null
04-10 01:28:31.091 1002 1211 D ActivityTrigger: ActivityTrigger activityPauseTrigger
04-10 01:28:31.093 1002 1211 I wm_pause_activity: [0,247139416,com.android.launcher3/.uioverrides.QuickstepLauncher,userLeaving=false,sleep]
04-10 01:28:31.094 2707 2707 I wm_on_top_resumed_lost_called: [247139416,com.android.launcher3.uioverrides.QuickstepLauncher,topStateChangedWhenResumed]
04-10 01:28:31.095 1002 1181 I DropBoxManagerService: add tag=system_server_wtf isTagEnabled=true flags=0x2
04-10 01:28:31.096 1002 1211 D DisplayPowerController[0]: Animating brightness: target=0.0, sdrTarget=0.0, rate=0.0
04-10 01:28:31.096 1002 1211 D DisplayPowerState: setScreenBrightness: brightness=0.0
04-10 01:28:31.096 1002 1211 D DisplayPowerState: setSdrScreenBrightness: brightness=0.0
04-10 01:28:31.101 1002 1211 V DisplayPowerController[0]: Brightness [0.0] reason changing to: 'screen_off', previous reason: 'manual'.
04-10 01:28:31.102 1002 1211 D DisplayPowerState: Requesting new screen state: state=OFF, backlight=-1.0
04-10 01:28:31.102 1002 1211 D DisplayPowerState: Screen not ready
04-10 01:28:31.102 2707 2707 I wm_on_paused_called: [247139416,com.android.launcher3.uioverrides.QuickstepLauncher,performPause]
04-10 01:28:31.102 1995 4634 D KeyguardViewMediator: notifyScreenTurnedOff
04-10 01:28:31.103 3040 3973 W hpplay-java: [ServerTaskManager]:IPManager:getActiveNets invalid networkInfo:null
04-10 01:28:31.104 3040 3973 I hpplay-java: [ServerTaskManager]:IPManager:getActiveNets eth0:false wifi:false mobile:false ap:false
04-10 01:28:31.104 3040 3973 I hpplay-java: [ServerTaskManager]:ServerTaskManager:get local ip:null
04-10 01:28:31.105 1002 2415 I wm_add_to_stopping: [0,247139416,com.android.launcher3/.uioverrides.QuickstepLauncher,completePauseLocked]
04-10 01:28:31.107 1002 1951 D LocalDisplayAdapter: setDisplayBrightness(id=4630946816427681409, brightnessState=-1.0, sdrBrightnessState=-1.0) ---end
04-10 01:28:31.107 1002 1951 D DisplayPowerState: Updating screen state: id=0, state=OFF, backlight=-1.0, sdrBacklight=-1.0
04-10 01:28:31.107 1002 1951 D LocalDisplayAdapter: setDisplayState(id=4630946816427681409, state=OFF) ---start
04-10 01:28:31.108 1002 2415 D PowerManagerNotifier: onWakeLockReleased: flags=1, tag="ActivityManager-Sleep", packageName=android, ownerUid=1000, ownerPid=1002, workSource=null
04-10 01:28:31.108 1002 1181 I am_wtf : [0,1002,system_server,-1,DisplayDeviceConfig,requesting nits when no mapping exists.]
04-10 01:28:31.108 1002 2415 D DisplayPowerController[0]: requestPowerState: policy=OFF, useProximitySensor=false, screenBrightnessOverride=NaN, useAutoBrightness=true, screenAutoBrightnessAdjustmentOverride=NaN, screenLowPowerBrightnessFactor=1.0, blockScreenOn=false, lowPowerMode=false, boostScreenBrightness=false, dozeScreenBrightness=NaN, dozeScreenState=UNKNOWN, waitForNegativeProximity=false
04-10 01:28:31.108 1002 2415 D PowerManagerNotifier: onScreenPolicyUpdate: newPolicy=0
04-10 01:28:31.110 1002 1181 I DropBoxManagerService: add tag=system_server_wtf isTagEnabled=true flags=0x2
04-10 01:28:31.113 1002 1161 I wm_stop_activity: [0,247139416,com.android.launcher3/.uioverrides.QuickstepLauncher]
04-10 01:28:31.113 1002 1161 I DisplayDeviceRepository: Display device changed state: "内置屏幕", OFF
04-10 01:28:31.115 1002 1161 I sysui_multi_action: [757,803,799,window_time_0,802,5]
04-10 01:28:31.116 1002 1161 I InputManager-JNI: Viewport [0] to add: local:4630946816427681409, isActive: false
04-10 01:28:31.117 1002 1665 I InputReader: Reconfiguring input devices, changes=DISPLAY_INFO |
04-10 01:28:31.117 1002 1665 I InputReader: Disabling qbt_key_input (device 4) because the associated viewport is not active
04-10 01:28:31.117 1002 1665 I InputReader: Disabling qbt_key_input (device 4) because the associated viewport is not active
04-10 01:28:31.118 1002 1665 I InputReader: Disabling Atmel maXTouch Touchscreen (device 3) because the associated viewport is not active
04-10 01:28:31.120 2311 2512 E QmiAgentHwInterface: Failed to sendRequest: android.os.RemoteException: sendRequest failed with status: 2
04-10 01:28:31.120 1993 2639 I BtGatt.ScanManager: msg.what = 8
04-10 01:28:31.121 1993 2639 I BtGatt.ScanManager: msg.what = 4
04-10 01:28:31.122 1995 1995 D KeyguardViewMediator: handleNotifyScreenTurnedOff
04-10 01:28:31.124 1041 1041 D SurfaceFlinger: Setting power mode 0 on display 4630946816427681409
04-10 01:28:31.128 961 961 I SDM : DisplayBase::SetDisplayState: Set state = 0, display 29-0, teardown = 0
04-10 01:28:31.130 2707 2707 D StateManager: goToState: Normal
04-10 01:28:31.130 1995 1995 I sysui_multi_action: [757,111,758,2]
04-10 01:28:31.131 1995 1995 I sysui_multi_action: [757,111,758,2]
01-06 09:03:45.081 0 0 I : [MAX975X:max96755x_drm_notifier_callback] *INFO* receives EARLY_BLANK:POWERDOWN
01-06 09:03:45.082 0 0 I atmel_mxt_ts 0-004a: FB event:2,blank:1
01-06 09:03:45.082 0 0 I atmel_mxt_ts 0-004a: drm_notifier_callback: POWERDOWN! Suspend by drm notifier.
04-10 01:28:31.133 2707 2707 I wm_on_stop_called: [247139416,com.android.launcher3.uioverrides.QuickstepLauncher,STOP_ACTIVITY_ITEM]
04-10 01:28:31.137 1002 1193 E KernelCpuSpeedReader: Failed to read cpu-freq: /sys/devices/system/cpu/cpu4/cpufreq/stats/time_in_state: open failed: ENOENT (No such file or directory)
04-10 01:28:31.137 1002 1193 E KernelCpuSpeedReader: Failed to read cpu-freq: /sys/devices/system/cpu/cpu0/cpufreq/stats/time_in_state: open failed: ENOENT (No such file or directory)
04-10 01:28:31.137 1002 1193 E system_server: Cannot read thread CPU times for PID 1002
04-10 01:28:31.139 1995 1995 D StatusBar: updateQsExpansionEnabled - QS Expand enabled: true
01-06 09:03:45.099 0 0 I : [MAX975X:max96755x_drm_notifier_callback] *INFO* receives BLANK:POWERDOWN
01-06 09:03:45.100 0 0 I atmel_mxt_ts 0-004a: FB event:1,blank:1
01-06 09:03:45.100 0 0 I atmel_mxt_ts 0-004a: resume: event = 1 blank = 1, not care
04-10 01:28:31.157 1041 1041 D SurfaceFlinger: Finished setting power mode 0 on display 4630946816427681409
04-10 01:28:31.158 1002 1951 D LocalDisplayAdapter: setDisplayState(id=4630946816427681409, state=OFF) ---end
04-10 01:28:31.158 943 943 I QTI PowerHAL: Power setMode: 7 to: 0
04-10 01:28:31.158 1002 1211 D DisplayPowerState: Screen ready
04-10 01:28:31.158 1002 1211 D DisplayPowerController[0]: Display ready!
04-10 01:28:31.158 1002 1211 D DisplayPowerController[0]: Finished business...
04-10 01:28:31.158 1002 1211 D DisplayPowerController[0]: requestPowerState: policy=OFF, useProximitySensor=false, screenBrightnessOverride=NaN, useAutoBrightness=true, screenAutoBrightnessAdjustmentOverride=NaN, screenLowPowerBrightnessFactor=1.0, blockScreenOn=false, lowPowerMode=false, boostScreenBrightness=false, dozeScreenBrightness=NaN, dozeScreenState=UNKNOWN, waitForNegativeProximity=false
04-10 01:28:31.159 1002 1211 D PowerManagerNotifier: onScreenPolicyUpdate: newPolicy=0
04-10 01:28:31.159 1002 1211 D PowerManagerNotifier: onWakefulnessChangeFinished
04-10 01:28:31.159 943 943 I QTI PowerHAL: Got set_interactive hint
04-10 01:28:31.159 972 4798 E ANDR-PERF-LM: Core: detectAndRunIdle() 174: Not able to open /sys/class/power_supply/battery/status, Error: No such file or directory
04-10 01:28:31.159 1002 1002 I sysui_multi_action: [757,198,758,2,759,2,1359,224,1695,4]
04-10 01:28:31.159 1002 1002 I power_screen_state: [0,2,0,0,224]
04-10 01:28:31.159 1002 1002 I screen_toggled: 0
04-10 01:28:31.159 1002 1002 I sysui_multi_action: [757,804,799,screen_timeout,801,60,802,1]
04-10 01:28:31.160 1002 1002 I sysui_multi_action: [757,1594,758,4,759,-2147483648,1359,3278]
04-10 01:28:31.160 1995 2206 D KeyguardViewMediator: onFinishedGoingToSleep(2)
04-10 01:28:31.160 1995 2206 D KeyguardViewMediator: notifyFinishedGoingToSleep
04-10 01:28:31.163 1002 1002 I power_screen_broadcast_send: 1
04-10 01:28:31.163 1002 1002 D PowerManagerNotifier: Sending go to sleep broadcast.
01-06 09:03:45.119 0 0 I ALERT : changing window size from 16000000 to 20000000 at 306056079933
04-10 01:28:31.177 816 1783 D audio_hw_primary: adev_set_parameters: enter: screen_state=off
04-10 01:28:31.178 816 1783 D audio_hw_hfp: hfp_set_parameters: enter
04-10 01:28:31.178 816 1783 D sound_trigger_hw: handle_screen_status_change: screen off
04-10 01:28:31.178 816 1783 D audio_hw_extn: audio_extn_fm_set_parameters: Enter
04-10 01:28:31.181 1002 1002 I battery_saving_stats: [0,1,0,3337,0,0,240438,0,0]
04-10 01:28:31.187 2707 2707 D StateManager: goToState: Normal
04-10 01:28:31.197 1002 2438 I sysui_multi_action: [757,128,758,2,793,37534,794,1461,795,37188,796,1,798,2,806,com.android.traceur,857,trace-is-being-recorded,858,4,947,0,1395,6,1500,37188,1688,1]
04-10 01:28:31.197 1002 2438 I notification_visibility: [0|com.android.traceur|1|null|10035,0,37534,37188,0,2]
04-10 01:28:31.197 1002 2438 I sysui_multi_action: [757,128,758,2,793,256726,794,1461,795,256726,796,26,798,0,806,android,857,DEVELOPER_IMPORTANT,858,4,947,0,1395,6,1500,256134,1688,1]
04-10 01:28:31.197 1002 2438 I notification_visibility: [-1|android|26|null|1000,0,256726,256726,0,0]
04-10 01:28:31.198 1002 2438 I sysui_multi_action: [757,128,758,2,793,255640,794,1461,795,255640,796,17303299,797,com.android.wifi,798,3,806,android,857,NETWORK_AVAILABLE,858,2,947,0,1395,6,1500,255423,1688,1]
04-10 01:28:31.198 1002 2438 I notification_visibility: [0|android|17303299|com.android.wifi|1000,0,255640,255640,0,3]
04-10 01:28:31.198 1002 2438 I sysui_multi_action: [757,128,758,2,793,130878,794,1461,795,130878,796,0,797,trace-kona-SKQ1.220201.001-2023-04-10-01-26-18.perfetto-trace,798,1,806,com.android.traceur,857,system-tracing,858,4,947,0,1395,6,1500,130671,1688,1]
04-10 01:28:31.198 1002 2438 I notification_visibility: [0|com.android.traceur|0|trace-kona-SKQ1.220201.001-2023-04-10-01-26-18.perfetto-trace|10035,0,130878,130878,0,1]
04-10 01:28:31.199 1002 2438 I sysui_multi_action: [757,128,758,2,793,256563,794,1459,795,256563,796,55,798,4,806,android,857,DEVELOPER,858,2,947,0,1395,6,1500,255626,1688,1]
04-10 01:28:31.199 1002 2438 I notification_visibility: [-1|android|55|null|1000,0,256563,256563,0,4]
04-10 01:28:31.199 1995 1995 D StatusBar: disable disable2
04-10 01:28:31.200 1002 1509 I sysui_multi_action: [757,127,758,2]
04-10 01:28:31.200 1002 1509 I notification_panel_hidden:
04-10 01:28:31.206 3068 3068 D SYS_EVENT: send event 8 notification to client
04-10 01:28:31.208 1002 1664 I input_focus: [Focus leaving 10ef944 NotificationShade (server),reason=NOT_FOCUSABLE]
04-10 01:28:31.209 3040 3040 I hpplay-java: [main]:IPManager:updateAPState time : 1 isAPOpen :false
04-10 01:28:31.209 3040 3040 I hpplay-java: [main]:NetworkReceiver:onReceive action: android.intent.action.SCREEN_OFF
04-10 01:28:31.209 3040 3040 I hpplay-java: [main]:NetworkReceiver:processReceive time : 1
04-10 01:28:31.211 3066 3066 D PASRDozeReceiver: Received Intent Intent { act=android.intent.action.SCREEN_OFF flg=0x50200010 }
04-10 01:28:31.212 3066 3066 D PASRDozeReceiver: Sent intent Successfully
04-10 01:28:31.213 3066 3066 D PASRService: PASRService started
04-10 01:28:31.213 3066 3066 D PASRService: OnStart, Intent: android.intent.action.SCREEN_OFF
04-10 01:28:31.213 3066 3066 D PASRService: Screen Off
04-10 01:28:31.215 1002 2438 W FreeFormWindowHelper: Current Display FreeFormTask is null
04-10 01:28:31.219 1002 1002 I power_screen_broadcast_done: [0,56,1]
04-10 01:28:31.221 1995 1995 D KeyguardViewMediator: handleNotifyFinishedGoingToSleep
04-10 01:28:31.223 1995 1995 V KeyguardUpdateMonitor: startListeningForFingerprint()
04-10 01:28:31.228 1995 1995 D StatusBar: updateQsExpansionEnabled - QS Expand enabled: true
04-10 01:28:31.230 1041 2858 I BpBinder: onLastStrongRef automatically unlinking death recipients:
04-10 01:28:31.270 649 662 I mpu_uart: [MSG-P:RECV]:No message received in 1000 ms
04-10 01:28:31.321 649 661 I mpu_uart: [MSG-P:R]:recv sync frame timeout
04-10 01:28:31.754 1002 1665 D WindowManager: interceptKeyBeforeQueueing: ---> event=KeyEvent { action=ACTION_DOWN, keyCode=KEYCODE_POWER, scanCode=116, metaState=0, flags=0x8, repeatCount=0, eventTime=306638, downTime=306638, deviceId=3, source=0x101, displayId=-1 } ---stack--- java.lang.Throwable
04-10 01:28:31.754 1002 1665 D WindowManager: at com.android.server.policy.PhoneWindowManager.interceptKeyBeforeQueueing(PhoneWindowManager.java:3422)
04-10 01:28:31.754 1002 1665 D WindowManager: at com.android.server.wm.InputManagerCallback.interceptKeyBeforeQueueing(InputManagerCallback.java:149)
04-10 01:28:31.754 1002 1665 D WindowManager: at com.android.server.input.InputManagerService.interceptKeyBeforeQueueing(InputManagerService.java:2827)
04-10 01:28:31.755 1002 1665 I intercept_power: [ACTION_DOWN,0,0]
04-10 01:28:31.756 1002 1665 D DisplayPowerController[0]: requestPowerState: policy=OFF, useProximitySensor=false, screenBrightnessOverride=NaN, useAutoBrightness=true, screenAutoBrightnessAdjustmentOverride=NaN, screenLowPowerBrightnessFactor=1.0, blockScreenOn=false, lowPowerMode=false, boostScreenBrightness=false, dozeScreenBrightness=NaN, dozeScreenState=UNKNOWN, waitForNegativeProximity=false
04-10 01:28:31.756 1002 1665 D PowerManagerNotifier: onScreenPolicyUpdate: newPolicy=0
04-10 01:28:31.759 1002 1665 D PowerManagerNotifier: onWakeLockAcquired: flags=1, tag="PhoneWindowManager.mPowerKeyWakeLock", packageName=android, ownerUid=1000, ownerPid=1002, workSource=null
04-10 01:28:31.761 1002 1665 I PowerManagerService: Powering on display group fromAsleep (groupId=0, uid=1000, reason=WAKE_REASON_POWER_BUTTON, details=android.policy:POWER)...
04-10 01:28:31.761 1002 1665 I PowerManagerService: Waking up from Asleep (uid=1000, reason=WAKE_REASON_POWER_BUTTON, details=android.policy:POWER)...
04-10 01:28:31.766 1002 1665 D PowerManagerNotifier: onWakefulnessChangeStarted: wakefulness=1, reason=1, interactive=true
04-10 01:28:31.768 1002 1665 D PowerManagerNotifier: onWakeUp: reason=WAKE_REASON_POWER_BUTTON, details=android.policy:POWER, reasonUid=1000 opPackageName=android opUid=1000
04-10 01:28:31.769 1002 1665 D PowerManagerNotifier: onUserActivity: event=0, uid=1000
04-10 01:28:31.769 1002 1665 D DisplayPowerController[0]: requestPowerState: policy=BRIGHT, useProximitySensor=false, screenBrightnessOverride=NaN, useAutoBrightness=true, screenAutoBrightnessAdjustmentOverride=NaN, screenLowPowerBrightnessFactor=1.0, blockScreenOn=false, lowPowerMode=false, boostScreenBrightness=false, dozeScreenBrightness=NaN, dozeScreenState=UNKNOWN, waitForNegativeProximity=false
04-10 01:28:31.769 1002 1665 D PowerManagerNotifier: onScreenPolicyUpdate: newPolicy=3
04-10 01:28:31.771 1002 1211 D DisplayPowerState: setScreenState: state=2
04-10 01:28:31.772 1002 1211 I DisplayPowerController[0]: Blocking screen on until initial contents have been drawn.
04-10 01:28:31.772 1002 1211 D ActivityTaskManager: Top Process State changed to PROCESS_STATE_TOP
04-10 01:28:31.773 1002 1193 E KernelCpuSpeedReader: Failed to read cpu-freq: /sys/devices/system/cpu/cpu4/cpufreq/stats/time_in_state: open failed: ENOENT (No such file or directory)
04-10 01:28:31.773 1002 1193 E KernelCpuSpeedReader: Failed to read cpu-freq: /sys/devices/system/cpu/cpu0/cpufreq/stats/time_in_state: open failed: ENOENT (No such file or directory)
04-10 01:28:31.773 1002 1193 E system_server: Cannot read thread CPU times for PID 1002
04-10 01:28:31.778 1002 1665 D WindowManager: interceptKeyBeforeQueueing: ---> event=KeyEvent { action=ACTION_UP, keyCode=KEYCODE_POWER, scanCode=116, metaState=0, flags=0x8, repeatCount=0, eventTime=306639, downTime=306638, deviceId=3, source=0x101, displayId=-1 } ---stack--- java.lang.Throwable
04-10 01:28:31.778 1002 1665 D WindowManager: at com.android.server.policy.PhoneWindowManager.interceptKeyBeforeQueueing(PhoneWindowManager.java:3422)
04-10 01:28:31.778 1002 1665 D WindowManager: at com.android.server.wm.InputManagerCallback.interceptKeyBeforeQueueing(InputManagerCallback.java:149)
04-10 01:28:31.778 1002 1665 D WindowManager: at com.android.server.input.InputManagerService.interceptKeyBeforeQueueing(InputManagerService.java:2827)
04-10 01:28:31.778 1002 1665 I intercept_power: [ACTION_UP,0,0]
04-10 01:28:31.779 1002 1665 D PowerManagerNotifier: onWakeLockReleased: flags=1, tag="PhoneWindowManager.mPowerKeyWakeLock", packageName=android, ownerUid=1000, ownerPid=1002, workSource=null
04-10 01:28:31.779 1002 1665 D DisplayPowerController[0]: requestPowerState: policy=BRIGHT, useProximitySensor=false, screenBrightnessOverride=NaN, useAutoBrightness=true, screenAutoBrightnessAdjustmentOverride=NaN, screenLowPowerBrightnessFactor=1.0, blockScreenOn=false, lowPowerMode=false, boostScreenBrightness=false, dozeScreenBrightness=NaN, dozeScreenState=UNKNOWN, waitForNegativeProximity=false
04-10 01:28:31.779 1002 1665 D PowerManagerNotifier: onScreenPolicyUpdate: newPolicy=3
01-06 09:03:45.720 0 0 E DTC_ETH,link_delay_work_func: 3003, SQI=0, link=0
04-10 01:28:31.782 1002 1002 I screen_toggled: 1
04-10 01:28:31.791 1002 1211 I wm_set_resumed_activity: [0,com.android.launcher3/.uioverrides.QuickstepLauncher,resumeTopActivityInnerLocked]
04-10 01:28:31.791 1002 1211 I wm_resume_activity: [0,247139416,12,com.android.launcher3/.uioverrides.QuickstepLauncher]
04-10 01:28:31.793 1995 4362 D KeyguardViewMediator: notifyScreenOn
04-10 01:28:31.796 1002 1002 I power_screen_broadcast_send: 1
04-10 01:28:31.796 1002 1002 D PowerManagerNotifier: Sending wake up broadcast.
04-10 01:28:31.796 1995 4457 D KeyguardViewMediator: onStartedWakingUp, seq = 21
04-10 01:28:31.797 1995 4457 D KeyguardViewMediator: notifyStartedWakingUp
04-10 01:28:31.799 1002 1002 I WindowManager: Suppressed redundant power key press while already in the process of turning the screen on.
04-10 01:28:31.800 1995 1995 D KeyguardViewMediator: handleNotifyScreenTurningOn
04-10 01:28:31.801 1002 1211 E SensorManager: sensor or listener is null
04-10 01:28:31.801 1002 1211 D DisplayPowerController[0]: Animating brightness: target=1.0, sdrTarget=1.0, rate=0.0
04-10 01:28:31.801 1002 1211 D DisplayPowerState: setScreenBrightness: brightness=1.0
04-10 01:28:31.801 1002 1211 D DisplayPowerState: setSdrScreenBrightness: brightness=1.0
04-10 01:28:31.802 1002 1211 V DisplayPowerController[0]: Brightness [1.0] reason changing to: 'manual', previous reason: 'screen_off'.
04-10 01:28:31.802 1002 1211 D DisplayPowerController[0]: Unfinished business...
04-10 01:28:31.802 1002 1211 I sysui_multi_action: [757,1696,758,6,759,3]
04-10 01:28:31.802 1002 1211 D DisplayPowerState: Requesting new screen state: state=ON, backlight=-1.0
04-10 01:28:31.802 1002 1211 D DisplayPowerState: Screen not ready
04-10 01:28:31.802 1002 1211 I DisplayPowerController[0]: Unblocked screen on after 30 ms
04-10 01:28:31.802 1002 1211 D DisplayPowerState: setColorFadeLevel: level=1.0
04-10 01:28:31.803 1002 1951 D DisplayPowerState: Updating screen state: id=0, state=ON, backlight=-1.0, sdrBacklight=-1.0
04-10 01:28:31.804 1002 1951 D LocalDisplayAdapter: setDisplayState(id=4630946816427681409, state=ON) ---start
04-10 01:28:31.804 943 943 I QTI PowerHAL: Power setMode: 7 to: 1
04-10 01:28:31.805 943 943 I QTI PowerHAL: Got set_interactive hint
04-10 01:28:31.805 1002 1161 I DisplayDeviceRepository: Display device changed state: "内置屏幕", ON
01-06 09:03:45.759 0 0 I ALERT : changing window size from 20000000 to 16000000 at 306696184100
04-10 01:28:31.806 1041 1041 D SurfaceFlinger: Setting power mode 2 on display 4630946816427681409
04-10 01:28:31.807 1002 1161 I InputManager-JNI: Viewport [0] to add: local:4630946816427681409, isActive: true
04-10 01:28:31.807 1002 1211 D DisplayPowerState: Requesting new screen state: state=ON, backlight=1.0
04-10 01:28:31.807 1002 1211 D DisplayPowerState: Screen not ready
04-10 01:28:31.809 1002 1665 I InputReader: Reconfiguring input devices, changes=DISPLAY_INFO |
04-10 01:28:31.809 1002 1665 I InputReader: Device reconfigured: id=4, name='qbt_key_input', size 2560x1080, orientation 0, mode 4, display id 0
04-10 01:28:31.809 1002 1665 I InputReader: Device reconfigured: id=3, name='Atmel maXTouch Touchscreen', size 2560x1080, orientation 0, mode 1, display id 0
04-10 01:28:31.810 1002 1002 E SensorManager: sensor or listener is null
04-10 01:28:31.810 961 961 I SDM : DisplayBase::SetDisplayState: Set state = 1, display 29-0, teardown = 0
04-10 01:28:31.812 1993 2639 I BtGatt.ScanManager: msg.what = 8
04-10 01:28:31.812 1993 2639 I BtGatt.ScanManager: msg.what = 5
01-06 09:03:45.764 0 0 I : [MAX975X:max96755x_drm_notifier_callback] *INFO* receives EARLY_BLANK:UNBLANK
01-06 09:03:45.764 0 0 I atmel_mxt_ts 0-004a: FB event:2,blank:0
01-06 09:03:45.764 0 0 I atmel_mxt_ts 0-004a: suspend: event = 2, blank = 0, not care
01-06 09:03:45.764 0 0 I [drm:dsi_display_set_mode] [msm-dsi-info]: mdp_transfer_time_us=0 us
01-06 09:03:45.764 0 0 I [drm:dsi_display_set_mode] [msm-dsi-info]: hactive= 2560,vactive= 1080,fps=60
01-06 09:03:45.764 0 0 I [drm:dsi_ctrl_isr_configure] [msm-dsi-info]: dsi-ctrl-0: IRQ 403 registered
04-10 01:28:31.818 1995 1995 D KeyguardViewMediator: handleNotifyWakingUp
04-10 01:28:31.819 2311 2512 E QmiAgentHwInterface: Failed to sendRequest: android.os.RemoteException: sendRequest failed with status: 2
04-10 01:28:31.821 1002 1181 W BroadcastQueue: Background execution not allowed: receiving Intent { act=android.intent.action.USER_PRESENT flg=0x24200010 } to com.microsoft.emmx/org.chromium.chrome.browser.sharing.click_to_call.ClickToCallMessageHandler$PhoneUnlockedReceiver
04-10 01:28:31.821 3068 3068 D SYS_EVENT: send event 64 notification to client
04-10 01:28:31.823 816 1783 D audio_hw_primary: adev_set_parameters: enter: screen_state=on
04-10 01:28:31.823 816 1783 D audio_hw_hfp: hfp_set_parameters: enter
04-10 01:28:31.823 816 1783 D sound_trigger_hw: handle_screen_status_change: screen on
04-10 01:28:31.823 816 1783 D audio_hw_extn: audio_extn_fm_set_parameters: Enter
04-10 01:28:31.826 1002 1002 I battery_saving_stats: [0,0,0,645,0,0,20435,0,0]
04-10 01:28:31.834 3068 3068 D SYS_EVENT: send event 16 notification to client
04-10 01:28:31.838 1002 1664 I InputDispatcher: Dropping event because there is no touchable window or gesture monitor at (2334, 970) in display 0.
04-10 01:28:31.839 1002 1664 D PowerManagerNotifier: onUserActivity: event=0, uid=1000
04-10 01:28:31.839 2707 2707 I wm_on_restart_called: [247139416,com.android.launcher3.uioverrides.QuickstepLauncher,performRestartActivity]
04-10 01:28:31.840 2707 2707 I wm_on_start_called: [247139416,com.android.launcher3.uioverrides.QuickstepLauncher,handleStartActivity]
