04-10 01:27:56.081 1002 2415 I wm_add_to_stopping: [0,247139416,com.android.launcher3/.uioverrides.QuickstepLauncher,completePauseLocked]
04-10 01:27:56.082 1002 1951 D LocalDisplayAdapter: setDisplayBrightness(id=4630946816427681409, brightnessState=-1.0, sdrBrightnessState=-1.0) ---end
04-10 01:27:56.083 1002 1951 D DisplayPowerState: Updating screen state: id=0, state=OFF, backlight=-1.0, sdrBacklight=-1.0
04-10 01:27:56.083 1002 1951 D LocalDisplayAdapter: setDisplayState(id=4630946816427681409, state=OFF) ---start
04-10 01:27:56.084 1002 2415 D PowerManagerNotifier: onWakeLockReleased: flags=1, tag="ActivityManager-Sleep", packageName=android, ownerUid=1000, ownerPid=1002, workSource=null
04-10 01:27:56.085 1002 2415 D DisplayPowerController[0]: requestPowerState: policy=OFF, useProximitySensor=false, screenBrightnessOverride=NaN, useAutoBrightness=true, screenAutoBrightnessAdjustmentOverride=NaN, screenLowPowerBrightnessFactor=1.0, blockScreenOn=false, lowPowerMode=false, boostScreenBrightness=false, dozeScreenBrightness=NaN, dozeScreenState=UNKNOWN, waitForNegativeProximity=false
04-10 01:27:56.085 1002 2415 D PowerManagerNotifier: onScreenPolicyUpdate: newPolicy=0
04-10 01:27:56.086 1002 1181 I am_wtf : [0,1002,system_server,-1,DisplayDeviceConfig,requesting nits when no mapping exists.]
04-10 01:27:56.088 1002 1193 E KernelCpuSpeedReader: Failed to read cpu-freq: /sys/devices/system/cpu/cpu4/cpufreq/stats/time_in_state: open failed: ENOENT (No such file or directory)
04-10 01:27:56.088 1002 1193 E KernelCpuSpeedReader: Failed to read cpu-freq: /sys/devices/system/cpu/cpu0/cpufreq/stats/time_in_state: open failed: ENOENT (No such file or directory)
04-10 01:27:56.088 1002 1193 E system_server: Cannot read thread CPU times for PID 1002
04-10 01:27:56.091 1002 1181 I DropBoxManagerService: add tag=system_server_wtf isTagEnabled=true flags=0x2
04-10 01:27:56.094 1041 1041 D SurfaceFlinger: Setting power mode 0 on display 4630946816427681409
04-10 01:27:56.094 1002 1161 I wm_stop_activity: [0,247139416,com.android.launcher3/.uioverrides.QuickstepLauncher]
04-10 01:27:56.094 1002 1161 I DisplayDeviceRepository: Display device changed state: "内置屏幕", OFF
04-10 01:27:56.095 1995 1995 I sysui_multi_action: [757,111,758,2]
04-10 01:27:56.096 1995 1995 I sysui_multi_action: [757,111,758,2]
04-10 01:27:56.099 1002 1161 I sysui_multi_action: [757,803,799,window_time_0,802,4]
04-10 01:27:56.099 961 961 I SDM : DisplayBase::SetDisplayState: Set state = 0, display 29-0, teardown = 0
04-10 01:27:56.099 1002 1161 I InputManager-JNI: Viewport [0] to add: local:4630946816427681409, isActive: false
04-10 01:27:56.103 1993 2639 I BtGatt.ScanManager: msg.what = 8
04-10 01:27:56.105 1993 2639 I BtGatt.ScanManager: msg.what = 4
04-10 01:27:56.106 2311 2512 E QmiAgentHwInterface: Failed to sendRequest: android.os.RemoteException: sendRequest failed with status: 2
01-06 09:03:10.060 0 0 I : [MAX975X:max96755x_drm_notifier_callback] *INFO* receives EARLY_BLANK:POWERDOWN
04-10 01:27:56.107 1002 1665 I InputReader: Reconfiguring input devices, changes=DISPLAY_INFO |
04-10 01:27:56.108 1002 1665 I InputReader: Disabling qbt_key_input (device 4) because the associated viewport is not active
04-10 01:27:56.108 1002 1665 I InputReader: Disabling qbt_key_input (device 4) because the associated viewport is not active
04-10 01:27:56.108 1002 1665 I InputReader: Disabling Atmel maXTouch Touchscreen (device 3) because the associated viewport is not active
04-10 01:27:56.110 1995 1995 D StatusBar: updateQsExpansionEnabled - QS Expand enabled: true
01-06 09:03:10.062 0 0 I atmel_mxt_ts 0-004a: FB event:2,blank:1
01-06 09:03:10.062 0 0 I atmel_mxt_ts 0-004a: drm_notifier_callback: POWERDOWN! Suspend by drm notifier.
04-10 01:27:56.124 2707 2707 D StateManager: goToState: Normal
01-06 09:03:10.078 0 0 I : [MAX975X:max96755x_drm_notifier_callback] *INFO* receives BLANK:POWERDOWN
01-06 09:03:10.078 0 0 I atmel_mxt_ts 0-004a: FB event:1,blank:1
01-06 09:03:10.078 0 0 I atmel_mxt_ts 0-004a: resume: event = 1 blank = 1, not care
04-10 01:27:56.129 2707 2707 I wm_on_stop_called: [247139416,com.android.launcher3.uioverrides.QuickstepLauncher,STOP_ACTIVITY_ITEM]
04-10 01:27:56.140 1041 1041 D SurfaceFlinger: Finished setting power mode 0 on display 4630946816427681409
04-10 01:27:56.141 1002 1951 D LocalDisplayAdapter: setDisplayState(id=4630946816427681409, state=OFF) ---end
04-10 01:27:56.141 943 943 I QTI PowerHAL: Power setMode: 7 to: 0
04-10 01:27:56.141 1002 1510 I sysui_multi_action: [757,128,758,2,793,2478,794,1519,795,2132,796,1,798,0,806,com.android.traceur,857,trace-is-being-recorded,858,4,947,0,1395,6,1500,2132,1688,1]
04-10 01:27:56.141 1002 1510 I notification_visibility: [0|com.android.traceur|1|null|10035,0,2478,2132,0,0]
04-10 01:27:56.141 1002 1211 D DisplayPowerState: Screen ready
04-10 01:27:56.141 1002 1211 D DisplayPowerController[0]: Display ready!
04-10 01:27:56.141 1002 1510 I sysui_multi_action: [757,128,758,2,793,221670,794,4054,795,221670,796,26,798,1,806,android,857,DEVELOPER_IMPORTANT,858,4,947,0,1395,6,1500,221078,1688,1]
04-10 01:27:56.141 1002 1211 D DisplayPowerController[0]: Finished business...
04-10 01:27:56.142 1002 1510 I notification_visibility: [-1|android|26|null|1000,0,221670,221670,0,1]
04-10 01:27:56.142 1002 1211 D DisplayPowerController[0]: requestPowerState: policy=OFF, useProximitySensor=false, screenBrightnessOverride=NaN, useAutoBrightness=true, screenAutoBrightnessAdjustmentOverride=NaN, screenLowPowerBrightnessFactor=1.0, blockScreenOn=false, lowPowerMode=false, boostScreenBrightness=false, dozeScreenBrightness=NaN, dozeScreenState=UNKNOWN, waitForNegativeProximity=false
04-10 01:27:56.142 1002 1211 D PowerManagerNotifier: onScreenPolicyUpdate: newPolicy=0
04-10 01:27:56.142 1002 1510 I sysui_multi_action: [757,128,758,2,793,220584,794,4054,795,220584,796,17303299,797,com.android.wifi,798,3,806,android,857,NETWORK_AVAILABLE,858,2,947,0,1395,6,1500,220367,1688,1]
04-10 01:27:56.142 1002 1211 D PowerManagerNotifier: onWakefulnessChangeFinished
04-10 01:27:56.142 1002 1510 I notification_visibility: [0|android|17303299|com.android.wifi|1000,0,220584,220584,0,3]
04-10 01:27:56.142 943 943 I QTI PowerHAL: Got set_interactive hint
04-10 01:27:56.142 1002 1510 I sysui_multi_action: [757,128,758,2,793,95822,794,4052,795,95822,796,0,797,trace-kona-SKQ1.220201.001-2023-04-10-01-26-18.perfetto-trace,798,2,806,com.android.traceur,857,system-tracing,858,4,947,0,1395,6,1500,95615,1688,1]
04-10 01:27:56.142 1002 1510 I notification_visibility: [0|com.android.traceur|0|trace-kona-SKQ1.220201.001-2023-04-10-01-26-18.perfetto-trace|10035,0,95822,95822,0,2]
04-10 01:27:56.142 1002 1510 I sysui_multi_action: [757,128,758,2,793,221507,794,4051,795,221507,796,55,798,4,806,android,857,DEVELOPER,858,2,947,0,1395,6,1500,220570,1688,1]
04-10 01:27:56.142 1002 1510 I notification_visibility: [-1|android|55|null|1000,0,221507,221507,0,4]
04-10 01:27:56.143 1002 1002 I sysui_multi_action: [757,198,758,2,759,2,1359,230,1695,4]
04-10 01:27:56.143 1002 1002 I power_screen_state: [0,2,0,0,230]
04-10 01:27:56.143 1002 1002 I screen_toggled: 0
04-10 01:27:56.143 1002 1002 I sysui_multi_action: [757,804,799,screen_timeout,801,60,802,1]
04-10 01:27:56.143 1002 1002 I sysui_multi_action: [757,1594,758,4,759,-2147483648,1359,105058]
04-10 01:27:56.143 1995 4362 D KeyguardViewMediator: onFinishedGoingToSleep(2)
04-10 01:27:56.143 1995 4362 D KeyguardViewMediator: notifyFinishedGoingToSleep
04-10 01:27:56.143 1002 1510 I sysui_multi_action: [757,127,758,2]
04-10 01:27:56.144 1002 1510 I notification_panel_hidden:
04-10 01:27:56.144 1002 1002 I power_screen_broadcast_send: 1
04-10 01:27:56.144 1002 1002 D PowerManagerNotifier: Sending go to sleep broadcast.
04-10 01:27:56.146 1995 1995 D StatusBar: disable disable2
01-06 09:03:10.103 0 0 I ALERT : changing window size from 16000000 to 20000000 at 271040053801
04-10 01:27:56.149 1002 1664 I input_focus: [Focus leaving 10ef944 NotificationShade (server),reason=NOT_FOCUSABLE]
04-10 01:27:56.152 972 4603 E ANDR-PERF-LM: Core: detectAndRunIdle() 174: Not able to open /sys/class/power_supply/battery/status, Error: No such file or directory
04-10 01:27:56.157 816 1783 D audio_hw_primary: adev_set_parameters: enter: screen_state=off
04-10 01:27:56.157 816 1783 D audio_hw_hfp: hfp_set_parameters: enter
04-10 01:27:56.157 816 1783 D sound_trigger_hw: handle_screen_status_change: screen off
04-10 01:27:56.157 816 1783 D audio_hw_extn: audio_extn_fm_set_parameters: Enter
04-10 01:27:56.160 1002 1002 I battery_saving_stats: [0,1,0,105139,0,0,214512,0,0]
04-10 01:27:56.162 1995 1995 D KeyguardViewMediator: handleNotifyFinishedGoingToSleep
04-10 01:27:56.164 1995 1995 V KeyguardUpdateMonitor: startListeningForFingerprint()
04-10 01:27:56.169 1995 1995 D StatusBar: updateQsExpansionEnabled - QS Expand enabled: true
04-10 01:27:56.172 2707 2707 D StateManager: goToState: Normal
04-10 01:27:56.177 1041 2858 I BpBinder: onLastStrongRef automatically unlinking death recipients:
04-10 01:27:56.179 3068 3068 D SYS_EVENT: send event 8 notification to client
04-10 01:27:56.184 3040 3040 I hpplay-java: [main]:IPManager:updateAPState time : 1 isAPOpen :false
04-10 01:27:56.184 3040 3040 I hpplay-java: [main]:NetworkReceiver:onReceive action: android.intent.action.SCREEN_OFF
04-10 01:27:56.184 3040 3040 I hpplay-java: [main]:NetworkReceiver:processReceive time : 1
04-10 01:27:56.187 1002 2438 W FreeFormWindowHelper: Current Display FreeFormTask is null
04-10 01:27:56.187 3066 3066 D PASRDozeReceiver: Received Intent Intent { act=android.intent.action.SCREEN_OFF flg=0x50200010 }
04-10 01:27:56.191 3066 3066 D PASRDozeReceiver: Sent intent Successfully
04-10 01:27:56.192 3066 3066 D PASRService: PASRService started
04-10 01:27:56.192 1002 1002 I power_screen_broadcast_done: [0,49,1]
04-10 01:27:56.192 3066 3066 D PASRService: OnStart, Intent: android.intent.action.SCREEN_OFF
04-10 01:27:56.192 3066 3066 D PASRService: Screen Off
04-10 01:27:56.239 649 662 I mpu_uart: [MSG-P:RECV]:No message received in 1000 ms
01-06 09:03:10.712 0 0 D cnss : Runtime suspend start
01-06 09:03:10.714 0 0 I [kworke][0x13df2bae1][01:27:56.765083] wlan: [751:I:PMO] pmo_core_is_wow_applicable: 319: lpass enabled, enabling wow
01-06 09:03:10.715 0 0 I [kworke][0x13df2d9b3][01:27:56.765494] wlan: [751:I:PMO] pmo_core_enable_wow_in_fw: 807: drv wow is enabled
01-06 09:03:10.715 0 0 I [kworke][0x13df2dec4][01:27:56.765561] wlan: [751:I:PMO] pmo_core_enable_wow_in_fw: 820: RTPM wow
01-06 09:03:10.715 0 0 I [kworke][0x13df2e979][01:27:56.765704] wlan: [751:I:WMI] send_wow_enable_cmd_tlv: 1831: suspend type: WOW_IFACE_PAUSE_ENABLED flag is 0x10
01-06 09:03:10.758 0 0 I [kworke][0x13dffa70b][01:27:56.809189] wlan: [751:I:HIF] hif_try_complete_tasks: 782: waiting for tasklets 0 grp tasklets 0 work 2
01-06 09:03:10.773 0 0 D cnss : Setting MHI state: SUSPEND(6)
01-06 09:03:10.773 0 0 D cnss : Suspending PCI link
01-06 09:03:10.773 0 0 D cnss : Use PCIe DRV suspend
01-06 09:03:10.778 0 0 D cnss : Runtime suspend status: 0
04-10 01:27:56.917 1002 1665 D WindowManager: interceptKeyBeforeQueueing: ---> event=KeyEvent { action=ACTION_DOWN, keyCode=KEYCODE_POWER, scanCode=116, metaState=0, flags=0x8, repeatCount=0, eventTime=271801, downTime=271801, deviceId=3, source=0x101, displayId=-1 } ---stack--- java.lang.Throwable
04-10 01:27:56.917 1002 1665 D WindowManager: at com.android.server.policy.PhoneWindowManager.interceptKeyBeforeQueueing(PhoneWindowManager.java:3422)
04-10 01:27:56.917 1002 1665 D WindowManager: at com.android.server.wm.InputManagerCallback.interceptKeyBeforeQueueing(InputManagerCallback.java:149)
04-10 01:27:56.917 1002 1665 D WindowManager: at com.android.server.input.InputManagerService.interceptKeyBeforeQueueing(InputManagerService.java:2827)
04-10 01:27:56.919 1002 1665 I intercept_power: [ACTION_DOWN,0,0]
04-10 01:27:56.919 1002 1665 D DisplayPowerController[0]: requestPowerState: policy=OFF, useProximitySensor=false, screenBrightnessOverride=NaN, useAutoBrightness=true, screenAutoBrightnessAdjustmentOverride=NaN, screenLowPowerBrightnessFactor=1.0, blockScreenOn=false, lowPowerMode=false, boostScreenBrightness=false, dozeScreenBrightness=NaN, dozeScreenState=UNKNOWN, waitForNegativeProximity=false
04-10 01:27:56.919 1002 1665 D PowerManagerNotifier: onScreenPolicyUpdate: newPolicy=0
04-10 01:27:56.922 1002 1665 D PowerManagerNotifier: onWakeLockAcquired: flags=1, tag="PhoneWindowManager.mPowerKeyWakeLock", packageName=android, ownerUid=1000, ownerPid=1002, workSource=null
04-10 01:27:56.925 1002 1665 I PowerManagerService: Powering on display group fromAsleep (groupId=0, uid=1000, reason=WAKE_REASON_POWER_BUTTON, details=android.policy:POWER)...
04-10 01:27:56.925 1002 1665 I PowerManagerService: Waking up from Asleep (uid=1000, reason=WAKE_REASON_POWER_BUTTON, details=android.policy:POWER)...
04-10 01:27:56.929 1002 1665 D PowerManagerNotifier: onWakefulnessChangeStarted: wakefulness=1, reason=1, interactive=true
04-10 01:27:56.931 3040 3973 W hpplay-java: [ServerTaskManager]:IPManager:getActiveNets invalid networkInfo:null
04-10 01:27:56.931 3040 3973 I hpplay-java: [ServerTaskManager]:IPManager:getActiveNets eth0:false wifi:false mobile:false ap:false
04-10 01:27:56.931 1002 1665 D PowerManagerNotifier: onWakeUp: reason=WAKE_REASON_POWER_BUTTON, details=android.policy:POWER, reasonUid=1000 opPackageName=android opUid=1000
04-10 01:27:56.931 3040 3973 I hpplay-java: [ServerTaskManager]:ServerTaskManager:get local ip:null
04-10 01:27:56.932 1002 1665 D PowerManagerNotifier: onUserActivity: event=0, uid=1000
04-10 01:27:56.933 1002 1665 D DisplayPowerController[0]: requestPowerState: policy=BRIGHT, useProximitySensor=false, screenBrightnessOverride=NaN, useAutoBrightness=true, screenAutoBrightnessAdjustmentOverride=NaN, screenLowPowerBrightnessFactor=1.0, blockScreenOn=false, lowPowerMode=false, boostScreenBrightness=false, dozeScreenBrightness=NaN, dozeScreenState=UNKNOWN, waitForNegativeProximity=false
04-10 01:27:56.933 1002 1665 D PowerManagerNotifier: onScreenPolicyUpdate: newPolicy=3
04-10 01:27:56.935 1002 1211 D DisplayPowerState: setScreenState: state=2
04-10 01:27:56.936 1002 1211 I DisplayPowerController[0]: Blocking screen on until initial contents have been drawn.
04-10 01:27:56.936 1002 1211 D ActivityTaskManager: Top Process State changed to PROCESS_STATE_TOP
04-10 01:27:56.937 1002 1193 E KernelCpuSpeedReader: Failed to read cpu-freq: /sys/devices/system/cpu/cpu4/cpufreq/stats/time_in_state: open failed: ENOENT (No such file or directory)
04-10 01:27:56.937 1002 1193 E KernelCpuSpeedReader: Failed to read cpu-freq: /sys/devices/system/cpu/cpu0/cpufreq/stats/time_in_state: open failed: ENOENT (No such file or directory)
04-10 01:27:56.937 1002 1193 E system_server: Cannot read thread CPU times for PID 1002
04-10 01:27:56.945 1002 1665 D WindowManager: interceptKeyBeforeQueueing: ---> event=KeyEvent { action=ACTION_UP, keyCode=KEYCODE_POWER, scanCode=116, metaState=0, flags=0x8, repeatCount=0, eventTime=271802, downTime=271801, deviceId=3, source=0x101, displayId=-1 } ---stack--- java.lang.Throwable
04-10 01:27:56.945 1002 1665 D WindowManager: at com.android.server.policy.PhoneWindowManager.interceptKeyBeforeQueueing(PhoneWindowManager.java:3422)
04-10 01:27:56.945 1002 1665 D WindowManager: at com.android.server.wm.InputManagerCallback.interceptKeyBeforeQueueing(InputManagerCallback.java:149)
04-10 01:27:56.945 1002 1665 D WindowManager: at com.android.server.input.InputManagerService.interceptKeyBeforeQueueing(InputManagerService.java:2827)
04-10 01:27:56.945 1002 1665 I intercept_power: [ACTION_UP,0,0]
04-10 01:27:56.945 1002 1665 D PowerManagerNotifier: onWakeLockReleased: flags=1, tag="PhoneWindowManager.mPowerKeyWakeLock", packageName=android, ownerUid=1000, ownerPid=1002, workSource=null
04-10 01:27:56.946 1002 1002 I screen_toggled: 1
04-10 01:27:56.946 1002 1665 D DisplayPowerController[0]: requestPowerState: policy=BRIGHT, useProximitySensor=false, screenBrightnessOverride=NaN, useAutoBrightness=true, screenAutoBrightnessAdjustmentOverride=NaN, screenLowPowerBrightnessFactor=1.0, blockScreenOn=false, lowPowerMode=false, boostScreenBrightness=false, dozeScreenBrightness=NaN, dozeScreenState=UNKNOWN, waitForNegativeProximity=false
04-10 01:27:56.946 1002 1665 D PowerManagerNotifier: onScreenPolicyUpdate: newPolicy=3
04-10 01:27:56.948 1002 1211 I wm_set_resumed_activity: [0,com.android.launcher3/.uioverrides.QuickstepLauncher,resumeTopActivityInnerLocked]
04-10 01:27:56.952 1002 1211 I wm_resume_activity: [0,247139416,12,com.android.launcher3/.uioverrides.QuickstepLauncher]
04-10 01:27:56.955 1995 4362 D KeyguardViewMediator: notifyScreenOn
04-10 01:27:56.958 1002 1002 I power_screen_broadcast_send: 1
04-10 01:27:56.958 1002 1211 E SensorManager: sensor or listener is null
04-10 01:27:56.958 1002 1211 D DisplayPowerController[0]: Animating brightness: target=1.0, sdrTarget=1.0, rate=0.0
04-10 01:27:56.958 1002 1211 D DisplayPowerState: setScreenBrightness: brightness=1.0
04-10 01:27:56.959 1995 4457 D KeyguardViewMediator: onStartedWakingUp, seq = 12
04-10 01:27:56.959 1002 1211 D DisplayPowerState: setSdrScreenBrightness: brightness=1.0
04-10 01:27:56.959 1995 4457 D KeyguardViewMediator: notifyStartedWakingUp
04-10 01:27:56.959 1002 1002 D PowerManagerNotifier: Sending wake up broadcast.
04-10 01:27:56.960 1002 1211 V DisplayPowerController[0]: Brightness [1.0] reason changing to: 'manual', previous reason: 'screen_off'.
04-10 01:27:56.960 1002 1211 D DisplayPowerController[0]: Unfinished business...
04-10 01:27:56.960 1002 1211 I sysui_multi_action: [757,1696,758,6,759,3]
04-10 01:27:56.960 1002 1211 D DisplayPowerState: Requesting new screen state: state=ON, backlight=-1.0
04-10 01:27:56.960 1002 1211 D DisplayPowerState: Screen not ready
04-10 01:27:56.961 1002 1951 D DisplayPowerState: Updating screen state: id=0, state=ON, backlight=-1.0, sdrBacklight=-1.0
04-10 01:27:56.962 1002 1951 D LocalDisplayAdapter: setDisplayState(id=4630946816427681409, state=ON) ---start
04-10 01:27:56.962 943 943 I QTI PowerHAL: Power setMode: 7 to: 1
04-10 01:27:56.962 1041 1041 D SurfaceFlinger: Setting power mode 2 on display 4630946816427681409
04-10 01:27:56.962 943 943 I QTI PowerHAL: Got set_interactive hint
01-06 09:03:10.922 0 0 I : [MAX975X:max96755x_drm_notifier_callback] *INFO* receives EARLY_BLANK:UNBLANK
01-06 09:03:10.922 0 0 I atmel_mxt_ts 0-004a: FB event:2,blank:0
01-06 09:03:10.922 0 0 I atmel_mxt_ts 0-004a: suspend: event = 2, blank = 0, not care
01-06 09:03:10.922 0 0 I [drm:dsi_display_set_mode] [msm-dsi-info]: mdp_transfer_time_us=0 us
01-06 09:03:10.922 0 0 I [drm:dsi_display_set_mode] [msm-dsi-info]: hactive= 2560,vactive= 1080,fps=60
01-06 09:03:10.922 0 0 I [drm:dsi_ctrl_isr_configure] [msm-dsi-info]: dsi-ctrl-0: IRQ 403 registered
04-10 01:27:56.963 1002 1002 I WindowManager: Suppressed redundant power key press while already in the process of turning the screen on.
04-10 01:27:56.963 1002 1161 I DisplayDeviceRepository: Display device changed state: "内置屏幕", ON
04-10 01:27:56.967 1995 1995 D KeyguardViewMediator: handleNotifyScreenTurningOn
04-10 01:27:56.967 3068 3068 D SYS_EVENT: send event 64 notification to client
04-10 01:27:56.967 1002 1181 W BroadcastQueue: Background execution not allowed: receiving Intent { act=android.intent.action.USER_PRESENT flg=0x24200010 } to com.microsoft.emmx/org.chromium.chrome.browser.sharing.click_to_call.ClickToCallMessageHandler$PhoneUnlockedReceiver
04-10 01:27:56.967 961 961 I SDM : DisplayBase::SetDisplayState: Set state = 1, display 29-0, teardown = 0
04-10 01:27:56.970 2707 2707 I wm_on_restart_called: [247139416,com.android.launcher3.uioverrides.QuickstepLauncher,performRestartActivity]
04-10 01:27:56.970 2707 2707 I wm_on_start_called: [247139416,com.android.launcher3.uioverrides.QuickstepLauncher,handleStartActivity]
04-10 01:27:56.971 2707 2707 I wm_on_resume_called: [247139416,com.android.launcher3.uioverrides.QuickstepLauncher,RESUME_ACTIVITY]
04-10 01:27:56.971 2707 2707 I wm_on_top_resumed_gained_called: [247139416,com.android.launcher3.uioverrides.QuickstepLauncher,topWhenResuming]
04-10 01:27:56.974 1995 1995 D KeyguardViewMediator: handleNotifyWakingUp
04-10 01:27:56.975 1002 1161 I InputManager-JNI: Viewport [0] to add: local:4630946816427681409, isActive: true
04-10 01:27:56.977 1002 1665 I InputReader: Reconfiguring input devices, changes=DISPLAY_INFO |
04-10 01:27:56.977 1002 1665 I InputReader: Device reconfigured: id=4, name='qbt_key_input', size 2560x1080, orientation 0, mode 4, display id 0
04-10 01:27:56.978 1002 1665 I InputReader: Device reconfigured: id=3, name='Atmel maXTouch Touchscreen', size 2560x1080, orientation 0, mode 1, display id 0
04-10 01:27:56.980 2311 2512 E QmiAgentHwInterface: Failed to sendRequest: android.os.RemoteException: sendRequest failed with status: 2
04-10 01:27:56.980 1993 2639 I BtGatt.ScanManager: msg.what = 8
04-10 01:27:56.981 1993 2639 I BtGatt.ScanManager: msg.what = 5
01-06 09:03:10.923 0 0 I ALERT : changing window size from 20000000 to 16000000 at 271860101613
04-10 01:27:56.981 1002 1002 E SensorManager: sensor or listener is null
04-10 01:27:56.984 1002 1728 E WifiScoringParams: Invalid frequency(-1), using 5G as default rssi array
04-10 01:27:56.991 1995 1995 D StatusBar: updateQsExpansionEnabled - QS Expand enabled: true
01-06 09:03:10.943 0 0 D cnss : Runtime resume start
01-06 09:03:10.943 0 0 D cnss : Resuming PCI link
04-10 01:27:56.996 816 1783 D audio_hw_primary: adev_set_parameters: enter: screen_state=on
04-10 01:27:56.996 816 1783 D audio_hw_hfp: hfp_set_parameters: enter
04-10 01:27:56.996 816 1783 D sound_trigger_hw: handle_screen_status_change: screen on
04-10 01:27:56.996 816 1783 D audio_hw_extn: audio_extn_fm_set_parameters: Enter
01-06 09:03:10.945 0 0 D cnss : Set PCI link status to: 2
04-10 01:27:56.999 1002 1002 I battery_saving_stats: [0,0,0,839,0,0,11534,0,0]
04-10 01:27:57.000 1002 1163 I input_focus: [Focus request 73b612c com.android.launcher3/com.android.launcher3.uioverrides.QuickstepLauncher,reason=UpdateInputWindows]
01-06 09:03:10.951 0 0 I [kworke][0x13e383325][01:27:57.002202] wlan: [77:I:PMO] pmo_core_psoc_send_host_wakeup_ind_to_fw: 1225: Host wakeup indication sent to fw
04-10 01:27:57.006 1426 2907 D LOWI-9.0.0.87.a: [LOWI-Scan] wait_event:Wait done with Cmd 33
04-10 01:27:57.006 1426 2907 D LOWI-9.0.0.87.a: [LOWI-Scan] do_listen_events: Rcvd valid Netlink Cmd 0 Err 0
01-06 09:03:10.960 0 0 D cnss : Runtime resume status: 0
04-10 01:27:57.013 1002 1211 I DisplayPowerController[0]: Unblocked screen on after 77 ms
04-10 01:27:57.013 1002 1211 D DisplayPowerState: setColorFadeLevel: level=1.0
04-10 01:27:57.016 3068 3068 D SYS_EVENT: send event 16 notification to client
04-10 01:27:57.018 1002 1211 D DisplayPowerState: Requesting new screen state: state=ON, backlight=1.0
04-10 01:27:57.019 1002 1211 D DisplayPowerState: Screen not ready
04-10 01:27:57.023 3040 3040 I hpplay-java: [main]:IPManager:updateAPState time : 2 isAPOpen :false
04-10 01:27:57.023 3040 3040 I hpplay-java: [main]:NetworkReceiver:onReceive action: android.intent.action.SCREEN_ON
04-10 01:27:57.024 3040 3040 I hpplay-java: [main]:NetworkReceiver:processReceive time : 3
04-10 01:27:57.026 3066 3066 D PASRDozeReceiver: Received Intent Intent { act=android.intent.action.SCREEN_ON flg=0x50200010 }
04-10 01:27:57.028 3066 3066 D PASRDozeReceiver: Sent intent Successfully
01-06 09:03:10.978 0 0 I : [MAX975X:max96755x_drm_notifier_callback] *INFO* receives BLANK:UNBLANK
04-10 01:27:57.029 1002 1002 I power_screen_broadcast_done: [1,71,1]
01-06 09:03:10.978 0 0 I atmel_mxt_ts 0-004a: FB event:1,blank:0
01-06 09:03:10.978 0 0 I atmel_mxt_ts 0-004a: drm_notifier_callback: UNBLANK! Resume by drm notifier.
04-10 01:27:57.033 3066 3066 D PASRService: PASRService started
04-10 01:27:57.033 1041 1041 D SurfaceFlinger: Finished setting power mode 2 on display 4630946816427681409
04-10 01:27:57.033 3066 3066 D PASRService: OnStart, Intent: android.intent.action.SCREEN_ON
04-10 01:27:57.033 3066 3066 D PASRService: State is now: -1
04-10 01:27:57.035 1995 1995 D KeyguardUpdateMonitor: handleTimeUpdate
04-10 01:27:57.035 1002 1951 D LocalDisplayAdapter: setDisplayState(id=4630946816427681409, state=ON) ---end
04-10 01:27:57.035 1002 1951 D DisplayPowerState: Updating screen state: id=0, state=ON, backlight=1.0, sdrBacklight=1.0
04-10 01:27:57.035 1002 1211 D DisplayPowerState: Screen ready
04-10 01:27:57.035 1002 1951 D LocalDisplayAdapter: setDisplayBrightness(id=4630946816427681409, brightnessState=1.0, sdrBrightnessState=1.0) ---start
04-10 01:27:57.035 1002 1951 E DisplayDeviceConfig: requesting nits when no mapping exists.
04-10 01:27:57.036 1002 1211 D DisplayPowerController[0]: Display ready!
04-10 01:27:57.036 1002 1181 I am_wtf : [0,1002,system_server,-1,DisplayDeviceConfig,requesting nits when no mapping exists.]
04-10 01:27:57.036 1002 1951 E DisplayDeviceConfig: requesting nits when no mapping exists.
04-10 01:27:57.036 1002 1211 D DisplayPowerController[0]: Finished business...
04-10 01:27:57.036 1002 1211 D DisplayPowerController[0]: requestPowerState: policy=BRIGHT, useProximitySensor=false, screenBrightnessOverride=NaN, useAutoBrightness=true, screenAutoBrightnessAdjustmentOverride=NaN, screenLowPowerBrightnessFactor=1.0, blockScreenOn=false, lowPowerMode=false, boostScreenBrightness=false, dozeScreenBrightness=NaN, dozeScreenState=UNKNOWN, waitForNegativeProximity=false
04-10 01:27:57.036 1002 1211 D PowerManagerNotifier: onScreenPolicyUpdate: newPolicy=3
04-10 01:27:57.036 1002 1211 D PowerManagerNotifier: onWakefulnessChangeFinished
04-10 01:27:57.037 1002 1002 I sysui_multi_action: [757,198,758,1,759,1,1359,121,1694,1]
04-10 01:27:57.037 1002 1002 I power_screen_state: [1,0,0,0,121]
04-10 01:27:57.038 1995 4310 D KeyguardViewMediator: notifyScreenTurnedOn
04-10 01:27:57.047 1002 1664 I input_focus: [Focus entering 73b612c com.android.launcher3/com.android.launcher3.uioverrides.QuickstepLauncher (server),reason=setFocusedWindow]
04-10 01:27:57.047 1002 1181 I service_manager_slow: [11,dropbox]
04-10 01:27:57.047 1002 1181 I DropBoxManagerService: add tag=system_server_wtf isTagEnabled=true flags=0x2
04-10 01:27:57.048 1995 1995 D KeyguardViewMediator: handleNotifyScreenTurnedOn
04-10 01:27:57.048 1002 1664 I input_interaction: Interaction with: 73b612c com.android.launcher3/com.android.launcher3.uioverrides.QuickstepLauncher (server), PointerEventDispatcher0 (server),
04-10 01:27:57.049 1002 1181 I am_wtf : [0,1002,system_server,-1,DisplayDeviceConfig,requesting nits when no mapping exists.]
04-10 01:27:57.049 1002 1664 D PowerManagerNotifier: onUserActivity: event=0, uid=1000
04-10 01:27:57.050 1002 1664 I input_interaction: Interaction with: 73b612c com.android.launcher3/com.android.launcher3.uioverrides.QuickstepLauncher (server), 58d616e com.android.systemui.ImageWallpaper (server), edge-swipe (server), swipe-up (server), PointerEventDispatcher0 (server),
04-10 01:27:57.051 1002 1664 D PowerManagerNotifier: onUserActivity: event=2, uid=1000
04-10 01:27:57.052 1002 1664 D DisplayPowerController[0]: requestPowerState: policy=BRIGHT, useProximitySensor=false, screenBrightnessOverride=NaN, useAutoBrightness=true, screenAutoBrightnessAdjustmentOverride=NaN, screenLowPowerBrightnessFactor=1.0, blockScreenOn=false, lowPowerMode=false, boostScreenBrightness=false, dozeScreenBrightness=NaN, dozeScreenState=UNKNOWN, waitForNegativeProximity=false
04-10 01:27:57.052 1002 1664 D PowerManagerNotifier: onScreenPolicyUpdate: newPolicy=3
04-10 01:27:57.052 1002 1181 I DropBoxManagerService: add tag=system_server_wtf isTagEnabled=true flags=0x2
04-10 01:27:57.053 1002 1664 D PowerManagerNotifier: onUserActivity: event=2, uid=1000
04-10 01:27:57.053 1002 1664 D DisplayPowerController[0]: requestPowerState: policy=BRIGHT, useProximitySensor=false, screenBrightnessOverride=NaN, useAutoBrightness=true, screenAutoBrightnessAdjustmentOverride=NaN, screenLowPowerBrightnessFactor=1.0, blockScreenOn=false, lowPowerMode=false, boostScreenBrightness=false, dozeScreenBrightness=NaN, dozeScreenState=UNKNOWN, waitForNegativeProximity=false
04-10 01:27:57.053 1002 1664 D PowerManagerNotifier: onScreenPolicyUpdate: newPolicy=3
01-06 09:03:11.022 0 0 I [schedu][0x13e4cdb21][01:27:57.072708] wlan: [2493:I:OSIF] scan start scan id 40968
04-10 01:27:57.078 2707 3045 I OpenGLRenderer: Davey! duration=5779ms; Flags=1, FrameTimelineVsyncId=6700, IntendedVsync=266118653664, Vsync=266118653664, InputEventId=0, HandleInputStart=266120081303, AnimationStart=266120081980, PerformTraversalsStart=266120082605, DrawStart=266133880053, FrameDeadline=266151986996, FrameInterval=266120078178, FrameStartTime=16666666, SyncQueued=266137654792, SyncStart=266137766719, IssueDrawCommandsStart=266137910313, SwapBuffers=266140771875, FrameCompleted=271898301040, DequeueBufferDuration=314375, QueueBufferDuration=827291, GpuCompleted=271898301040, SwapBuffersCompleted=266142030730, DisplayPresentTime=72904454231491431,
04-10 01:27:57.085 1002 1951 D LocalDisplayAdapter: setDisplayBrightness(id=4630946816427681409, brightnessState=1.0, sdrBrightnessState=1.0) ---end
04-10 01:27:57.086 1002 1211 D DisplayPowerState: Screen ready
04-10 01:27:57.239 649 662 I mpu_uart: [MSG-P:RECV]:No message received in 1000 ms
04-10 01:27:57.938 3040 3973 W hpplay-java: [ServerTaskManager]:IPManager:getActiveNets invalid networkInfo:null
04-10 01:27:57.938 3040 3973 I hpplay-java: [ServerTaskManager]:IPManager:getActiveNets eth0:false wifi:false mobile:false ap:false
04-10 01:27:57.939 3040 3973 I hpplay-java: [ServerTaskManager]:ServerTaskManager:get local ip:null
04-10 01:27:58.170 2544 2544 D RemoteControlService: startVlanDispatchThread
04-10 01:27:58.240 649 662 I mpu_uart: [MSG-P:RECV]:No message received in 1000 ms
04-10 01:27:58.248 1426 2907 D LOWI-9.0.0.87.a: [LOWI-Scan] wait_event:Wait done with Cmd 34
04-10 01:27:58.249 1426 2907 D LOWI-9.0.0.87.a: [LOWI-Scan] do_listen_events: Rcvd valid Netlink Cmd 34 Err 0
04-10 01:27:58.249 1002 2415 D WifiNl80211Manager: Scan result ready event
04-10 01:27:58.250 1002 2415 D WifiNative: Scan result ready event
04-10 01:27:58.251 1426 2907 D LOWI-9.0.0.87.a: [LOWI-Scan]
04-10 01:27:58.251 1426 2907 D LOWI-9.0.0.87.a: [LOWI-Scan] print_bss_handler: Report Probe TSF 272029101 as it greater than Beacon TSF 135862127
04-10 01:27:58.251 1426 2907 D LOWI-9.0.0.87.a: [LOWI-Scan] is_qcom_ie, bss_age: 0
04-10 01:27:58.251 1426 2907 D LOWI-9.0.0.87.a: [LOWI-Scan] BSS 38:a9:1c:35:03:0b LOWI_PHY_MODE_11AC_VHT80(10), Beacon Interval: 100, LOWI_ENCRYPTION_TYPE_OPEN 11mcRanging: No, ANQP: No, LCI: No, Civic: No, capability(0x0501): ESS SpectrumMgmt ShortSlotTime
04-10 01:27:58.251 1426 2907 D LOWI-9.0.0.87.a: [LOWI-Scan] BSS 38:a9:1c:35:03:0b FREQ: 5180, cFreq1[40:80:160] = [5190:5210:0] cFreq2 = 0 Country Code = US
04-10 01:27:58.251 1426 2907 D LOWI-9.0.0.87.a: [LOWI-Scan] BSS 38:a9:1c:35:03:0b (wlan0) ASSO: NO AddInfo: 0x0, TSF 0, 00:04:32.029, RSSI: -128, CPL: 127, AGE: 1108, SSID , TSFDelta: 0x7ddce358, TXRate: 0
04-10 01:27:58.251 1426 2907 D LOWI-9.0.0.87.a: [LOWI-Scan]
04-10 01:27:58.251 1426 2907 D LOWI-9.0.0.87.a: [LOWI-Scan] print_bss_handler: Report Probe TSF 272000572 as it greater than Beacon TSF 210891354
04-10 01:27:58.251 1426 2907 D LOWI-9.0.0.87.a: [LOWI-Scan] decode_rsn_wpa_ie: LOWI_ENCRYPTION_TYPE_WPA_PSK
04-10 01:27:58.252 1426 2907 D LOWI-9.0.0.87.a: [LOWI-Scan] is_qcom_ie, bss_age: 0
04-10 01:27:58.252 1426 2907 D LOWI-9.0.0.87.a: [LOWI-Scan] BSS 18:6f:2d:81:16:e0 LOWI_PHY_MODE_11NG_HT20(5), Beacon Interval: 100, LOWI_ENCRYPTION_TYPE_WPA_PSK 11mcRanging: No, ANQP: No, LCI: No, Civic: No, capability(0x0531): ESS Privacy ShortPreamble SpectrumMgmt ShortSlotTime
04-10 01:27:58.252 1426 2907 D LOWI-9.0.0.87.a: [LOWI-Scan] BSS 18:6f:2d:81:16:e0 FREQ: 2412, cFreq1[40:80:160] = [2412:0:0] cFreq2 = 0 Country Code = CN
04-10 01:27:58.252 1426 2907 D LOWI-9.0.0.87.a: [LOWI-Scan] BSS 18:6f:2d:81:16:e0 (wlan0) ASSO: NO AddInfo: 0x0, TSF 0, 00:04:32.000, RSSI: -66, CPL: 127, AGE: 1136, SSID Testing , TSFDelta: 0x2e339063, TXRate: 0
04-10 01:27:58.252 1426 2907 D LOWI-9.0.0.87.a: [LOWI-Scan]
04-10 01:27:58.252 1426 2907 D LOWI-9.0.0.87.a: [LOWI-Scan] print_bss_handler: Report Probe TSF 272051267 as it greater than Beacon TSF 272037062
04-10 01:27:58.252 1426 2907 D LOWI-9.0.0.87.a: [LOWI-Scan] decode_rsn_wpa_ie: LOWI_ENCRYPTION_TYPE_WPA_PSK
04-10 01:27:58.252 1426 2907 D LOWI-9.0.0.87.a: [LOWI-Scan] is_qcom_ie, bss_age: 0
04-10 01:27:58.252 1426 2907 D LOWI-9.0.0.87.a: [LOWI-Scan] BSS 7c:b5:9b:6b:a4:33 LOWI_PHY_MODE_11AC_VHT80(10), Beacon Interval: 100, LOWI_ENCRYPTION_TYPE_WPA_PSK 11mcRanging: No, ANQP: Yes, LCI: No, Civic: No, capability(0x1411): ESS Privacy ShortSlotTime
04-10 01:27:58.253 1426 2907 D LOWI-9.0.0.87.a: [LOWI-Scan] BSS 7c:b5:9b:6b:a4:33 FREQ: 5200, cFreq1[40:80:160] = [5190:5210:0] cFreq2 = 0 Country Code = CN
04-10 01:27:58.253 1426 2907 D LOWI-9.0.0.87.a: [LOWI-Scan] BSS 7c:b5:9b:6b:a4:33 (wlan0) ASSO: NO AddInfo: 0x0, TSF 0, 00:04:32.051, RSSI: -140, CPL: 127, AGE: 1088, SSID testzz5g, TSFDelta: 0x326f5852, TXRate: 0
04-10 01:27:58.253 1426 2907 D LOWI-9.0.0.87.a: [LOWI-Scan]
04-10 01:27:58.253 1426 2907 D LOWI-9.0.0.87.a: [LOWI-Scan] print_bss_handler: Report Probe TSF 272029547 as it greater than Beacon TSF 210915937
04-10 01:27:58.253 1426 2907 D LOWI-9.0.0.87.a: [LOWI-Scan] decode_rsn_wpa_ie: LOWI_ENCRYPTION_TYPE_WPA_PSK
04-10 01:27:58.253 1426 2907 D LOWI-9.0.0.87.a: [LOWI-Scan] is_qcom_ie, bss_age: 0
04-10 01:27:58.253 1426 2907 D LOWI-9.0.0.87.a: [LOWI-Scan] BSS ec:88:8f:86:24:e0 LOWI_PHY_MODE_11NG_HT40(7), Beacon Interval: 100, LOWI_ENCRYPTION_TYPE_WPA_PSK 11mcRanging: No, ANQP: No, LCI: No, Civic: No, capability(0x0431): ESS Privacy ShortPreamble ShortSlotTime
04-10 01:27:58.253 1426 2907 D LOWI-9.0.0.87.a: [LOWI-Scan] BSS ec:88:8f:86:24:e0 FREQ: 2412, cFreq1[40:80:160] = [2422:0:0] cFreq2 = 0 Country Code = US
04-10 01:27:58.253 1426 2907 D LOWI-9.0.0.87.a: [LOWI-Scan] BSS ec:88:8f:86:24:e0 (wlan0) ASSO: NO AddInfo: 0x0, TSF 0, 00:04:32.029, RSSI: -94, CPL: 127, AGE: 1108, SSID FW_XTS, TSFDelta: 0xf1c292af, TXRate: 0
04-10 01:27:58.255 1426 2907 D LOWI-9.0.0.87.a: [LOWI-Scan]
04-10 01:27:58.255 1426 2907 D LOWI-9.0.0.87.a: [LOWI-Scan] print_bss_handler: Report Probe TSF 272036253 as it greater than Beacon TSF 155909374
04-10 01:27:58.255 1426 2907 D LOWI-9.0.0.87.a: [LOWI-Scan] is_qcom_ie, bss_age: 0
04-10 01:27:58.255 1426 2907 D LOWI-9.0.0.87.a: [LOWI-Scan] BSS 18:6f:2d:81:16:e1 LOWI_PHY_MODE_11NG_HT20(5), Beacon Interval: 100, LOWI_ENCRYPTION_TYPE_OPEN 11mcRanging: No, ANQP: No, LCI: No, Civic: No, capability(0x0521): ESS ShortPreamble SpectrumMgmt ShortSlotTime
04-10 01:27:58.255 1426 2907 D LOWI-9.0.0.87.a: [LOWI-Scan] BSS 18:6f:2d:81:16:e1 FREQ: 2412, cFreq1[40:80:160] = [2412:0:0] cFreq2 = 0 Country Code = CN
04-10 01:27:58.255 1426 2907 D LOWI-9.0.0.87.a: [LOWI-Scan] BSS 18:6f:2d:81:16:e1 (wlan0) ASSO: NO AddInfo: 0x0, TSF 0, 00:04:32.036, RSSI: -70, CPL: 127, AGE: 1100, SSID Guest, TSFDelta: 0x2ee85151, TXRate: 0
04-10 01:27:58.256 1426 2907 D LOWI-9.0.0.87.a: [LOWI-Scan]
04-10 01:27:58.256 1426 2907 D LOWI-9.0.0.87.a: [LOWI-Scan] print_bss_handler: Report Probe TSF 272036473 as it greater than Beacon TSF 210891912
04-10 01:27:58.256 1426 2907 D LOWI-9.0.0.87.a: [LOWI-Scan] decode_rsn_wpa_ie: LOWI_ENCRYPTION_TYPE_WPA_PSK
04-10 01:27:58.256 1426 2907 D LOWI-9.0.0.87.a: [LOWI-Scan] is_qcom_ie, bss_age: 0
04-10 01:27:58.256 1426 2907 D LOWI-9.0.0.87.a: [LOWI-Scan] BSS 18:6f:2d:81:16:e2 LOWI_PHY_MODE_11NG_HT20(5), Beacon Interval: 100, LOWI_ENCRYPTION_TYPE_WPA_PSK 11mcRanging: No, ANQP: No, LCI: No, Civic: No, capability(0x0531): ESS Privacy ShortPreamble SpectrumMgmt ShortSlotTime
04-10 01:27:58.256 1426 2907 D LOWI-9.0.0.87.a: [LOWI-Scan] BSS 18:6f:2d:81:16:e2 FREQ: 2412, cFreq1[40:80:160] = [2412:0:0] cFreq2 = 0 Country Code = CN
04-10 01:27:58.256 1426 2907 D LOWI-9.0.0.87.a: [LOWI-Scan] BSS 18:6f:2d:81:16:e2 (wlan0) ASSO: NO AddInfo: 0x0, TSF 0, 00:04:32.036, RSSI: -68, CPL: 127, AGE: 1100, SSID ThunderSoft_2.4G, TSFDelta: 0x2ef4f159, TXRate: 0
04-10 01:27:58.257 1426 2907 D LOWI-9.0.0.87.a: [LOWI-Scan]
04-10 01:27:58.257 1426 2907 D LOWI-9.0.0.87.a: [LOWI-Scan] print_bss_handler: Report Probe TSF 272195453 as it greater than Beacon TSF 176077269
04-10 01:27:58.257 1426 2907 D LOWI-9.0.0.87.a: [LOWI-Scan] decode_rsn_wpa_ie: LOWI_ENCRYPTION_TYPE_WPA_PSK
04-10 01:27:58.257 1426 2907 D LOWI-9.0.0.87.a: [LOWI-Scan] is_qcom_ie, bss_age: 0
04-10 01:27:58.257 1426 2907 D LOWI-9.0.0.87.a: [LOWI-Scan] BSS 5c:02:14:f9:4f:d3 LOWI_PHY_MODE_11AC_VHT80(10), Beacon Interval: 100, LOWI_ENCRYPTION_TYPE_WPA_PSK 11mcRanging: No, ANQP: Yes, LCI: No, Civic: No, capability(0x1931): ESS Privacy ShortPreamble SpectrumMgmt APSD
04-10 01:27:58.257 1426 2907 D LOWI-9.0.0.87.a: [LOWI-Scan] BSS 5c:02:14:f9:4f:d3 FREQ: 5745, cFreq1[40:80:160] = [5755:5775:0] cFreq2 = 0 Country Code = CN
04-10 01:27:58.257 1426 2907 D LOWI-9.0.0.87.a: [LOWI-Scan] BSS 5c:02:14:f9:4f:d3 (wlan0) ASSO: NO AddInfo: 0x0, TSF 0, 00:04:32.195, RSSI: -92, CPL: 127, AGE: 944, SSID ThunderSoft_XTS_5G, TSFDelta: 0x7d385a1f, TXRate: 0
04-10 01:27:58.258 1426 2907 D LOWI-9.0.0.87.a: [LOWI-Scan]
04-10 01:27:58.258 1426 2907 D LOWI-9.0.0.87.a: [LOWI-Scan] print_bss_handler: Report Probe TSF 272322386 as it greater than Beacon TSF 272319251
04-10 01:27:58.259 1426 2907 D LOWI-9.0.0.87.a: [LOWI-Scan] decode_rsn_wpa_ie: LOWI_ENCRYPTION_TYPE_WPA_PSK
04-10 01:27:58.259 1426 2907 D LOWI-9.0.0.87.a: [LOWI-Scan] is_qcom_ie, bss_age: 0
04-10 01:27:58.259 1426 2907 D LOWI-9.0.0.87.a: [LOWI-Scan] BSS 18:6f:2d:0a:ae:00 LOWI_PHY_MODE_11NG_HT20(5), Beacon Interval: 100, LOWI_ENCRYPTION_TYPE_WPA_PSK 11mcRanging: No, ANQP: No, LCI: No, Civic: No, capability(0x0531): ESS Privacy ShortPreamble SpectrumMgmt ShortSlotTime
04-10 01:27:58.259 1426 2907 D LOWI-9.0.0.87.a: [LOWI-Scan] BSS 18:6f:2d:0a:ae:00 FREQ: 2427, cFreq1[40:80:160] = [2427:0:0] cFreq2 = 0 Country Code = CN
04-10 01:27:58.259 1426 2907 D LOWI-9.0.0.87.a: [LOWI-Scan] BSS 18:6f:2d:0a:ae:00 (wlan0) ASSO: NO AddInfo: 0x0, TSF 0, 00:04:32.322, RSSI: -86, CPL: 127, AGE: 816, SSID Testing , TSFDelta: 0xbe8eac42, TXRate: 0
04-10 01:27:58.259 1426 2907 D LOWI-9.0.0.87.a: [LOWI-Scan]
04-10 01:27:58.259 1426 2907 D LOWI-9.0.0.87.a: [LOWI-Scan] print_bss_handler: Report Probe TSF 272322809 as it greater than Beacon TSF 272319909
04-10 01:27:58.259 1426 2907 D LOWI-9.0.0.87.a: [LOWI-Scan] is_qcom_ie, bss_age: 0
04-10 01:27:58.259 1426 2907 D LOWI-9.0.0.87.a: [LOWI-Scan] BSS 18:6f:2d:0a:ae:01 LOWI_PHY_MODE_11NG_HT20(5), Beacon Interval: 100, LOWI_ENCRYPTION_TYPE_OPEN 11mcRanging: No, ANQP: No, LCI: No, Civic: No, capability(0x0521): ESS ShortPreamble SpectrumMgmt ShortSlotTime
04-10 01:27:58.259 1426 2907 D LOWI-9.0.0.87.a: [LOWI-Scan] BSS 18:6f:2d:0a:ae:01 FREQ: 2427, cFreq1[40:80:160] = [2427:0:0] cFreq2 = 0 Country Code = CN
04-10 01:27:58.259 1426 2907 D LOWI-9.0.0.87.a: [LOWI-Scan] BSS 18:6f:2d:0a:ae:01 (wlan0) ASSO: NO AddInfo: 0x0, TSF 0, 00:04:32.322, RSSI: -86, CPL: 127, AGE: 816, SSID Guest, TSFDelta: 0xbe944689, TXRate: 0
04-10 01:27:58.260 1426 2907 D LOWI-9.0.0.87.a: [LOWI-Scan]
04-10 01:27:58.260 1426 2907 D LOWI-9.0.0.87.a: [LOWI-Scan] print_bss_handler: Report Probe TSF 272323793 as it greater than Beacon TSF 272320479
04-10 01:27:58.260 1426 2907 D LOWI-9.0.0.87.a: [LOWI-Scan] decode_rsn_wpa_ie: LOWI_ENCRYPTION_TYPE_WPA_PSK
04-10 01:27:58.260 1426 2907 D LOWI-9.0.0.87.a: [LOWI-Scan] is_qcom_ie, bss_age: 0
04-10 01:27:58.260 1426 2907 D LOWI-9.0.0.87.a: [LOWI-Scan] BSS 18:6f:2d:0a:ae:02 LOWI_PHY_MODE_11NG_HT20(5), Beacon Interval: 100, LOWI_ENCRYPTION_TYPE_WPA_PSK 11mcRanging: No, ANQP: No, LCI: No, Civic: No, capability(0x0531): ESS Privacy ShortPreamble SpectrumMgmt ShortSlotTime
04-10 01:27:58.260 1426 2907 D LOWI-9.0.0.87.a: [LOWI-Scan] BSS 18:6f:2d:0a:ae:02 FREQ: 2427, cFreq1[40:80:160] = [2427:0:0] cFreq2 = 0 Country Code = CN
04-10 01:27:58.260 1426 2907 D LOWI-9.0.0.87.a: [LOWI-Scan] BSS 18:6f:2d:0a:ae:02 (wlan0) ASSO: NO AddInfo: 0x0, TSF 0, 00:04:32.323, RSSI: -76, CPL: 127, AGE: 816, SSID ThunderSoft_2.4G, TSFDelta: 0xbe99c12c, TXRate: 0
04-10 01:27:58.261 1426 2907 D LOWI-9.0.0.87.a: [LOWI-Scan]
04-10 01:27:58.261 1426 2907 D LOWI-9.0.0.87.a: [LOWI-Scan] print_bss_handler: Report Probe TSF 272324592 as it greater than Beacon TSF 272320914
04-10 01:27:58.261 1426 2907 D LOWI-9.0.0.87.a: [LOWI-Scan] decode_rsn_wpa_ie: LOWI_ENCRYPTION_TYPE_WPA_PSK
04-10 01:27:58.261 1426 2907 D LOWI-9.0.0.87.a: [LOWI-Scan] is_qcom_ie, bss_age: 0
04-10 01:27:58.261 1426 2907 D LOWI-9.0.0.87.a: [LOWI-Scan] BSS 18:6f:2d:0a:ae:03 LOWI_PHY_MODE_11NG_HT20(5), Beacon Interval: 100, LOWI_ENCRYPTION_TYPE_WPA_PSK 11mcRanging: No, ANQP: No, LCI: No, Civic: No, capability(0x0531): ESS Privacy ShortPreamble SpectrumMgmt ShortSlotTime
04-10 01:27:58.261 1426 2907 D LOWI-9.0.0.87.a: [LOWI-Scan] BSS 18:6f:2d:0a:ae:03 FREQ: 2427, cFreq1[40:80:160] = [2427:0:0] cFreq2 = 0 Country Code = CN
04-10 01:27:58.261 1426 2907 D LOWI-9.0.0.87.a: [LOWI-Scan] BSS 18:6f:2d:0a:ae:03 (wlan0) ASSO: NO AddInfo: 0x0, TSF 0, 00:04:32.324, RSSI: -82, CPL: 127, AGE: 812, SSID ZXHY, TSFDelta: 0xbe9f6dbd, TXRate: 0
04-10 01:27:58.262 1426 2907 D LOWI-9.0.0.87.a: [LOWI-Scan]
04-10 01:27:58.262 1426 2907 D LOWI-9.0.0.87.a: [LOWI-Scan] print_bss_handler: Report Probe TSF 272325021 as it greater than Beacon TSF 272321944
04-10 01:27:58.262 1426 2907 D LOWI-9.0.0.87.a: [LOWI-Scan] decode_rsn_wpa_ie: LOWI_ENCRYPTION_TYPE_WPA_PSK
04-10 01:27:58.262 1426 2907 D LOWI-9.0.0.87.a: [LOWI-Scan] is_qcom_ie, bss_age: 0
04-10 01:27:58.262 1426 2907 D LOWI-9.0.0.87.a: [LOWI-Scan] BSS 18:6f:2d:0a:ae:04 LOWI_PHY_MODE_11NG_HT20(5), Beacon Interval: 100, LOWI_ENCRYPTION_TYPE_WPA_PSK 11mcRanging: No, ANQP: No, LCI: No, Civic: No, capability(0x0531): ESS Privacy ShortPreamble SpectrumMgmt ShortSlotTime
04-10 01:27:58.262 1426 2907 D LOWI-9.0.0.87.a: [LOWI-Scan] BSS 18:6f:2d:0a:ae:04 FREQ: 2427, cFreq1[40:80:160] = [2427:0:0] cFreq2 = 0 Country Code = CN
04-10 01:27:58.262 1426 2907 D LOWI-9.0.0.87.a: [LOWI-Scan] BSS 18:6f:2d:0a:ae:04 (wlan0) ASSO: NO AddInfo: 0x0, TSF 0, 00:04:32.325, RSSI: -84, CPL: 127, AGE: 812, SSID Fanya, TSFDelta: 0xbea4f1e1, TXRate: 0
04-10 01:27:58.263 1426 2907 D LOWI-9.0.0.87.a: [LOWI-Scan]
04-10 01:27:58.263 1426 2907 D LOWI-9.0.0.87.a: [LOWI-Scan] print_bss_handler: Report beacon TSF 272351387 as it greater than probe TSF 272339594
04-10 01:27:58.263 1426 2907 D LOWI-9.0.0.87.a: [LOWI-Scan] decode_rsn_wpa_ie: LOWI_ENCRYPTION_TYPE_WPA_PSK
04-10 01:27:58.263 1426 2907 D LOWI-9.0.0.87.a: [LOWI-Scan] is_qcom_ie, bss_age: 0
04-10 01:27:58.263 1426 2907 D LOWI-9.0.0.87.a: [LOWI-Scan] BSS f8:af:05:82:ca:5c LOWI_PHY_MODE_11AC_VHT80(10), Beacon Interval: 100, LOWI_ENCRYPTION_TYPE_WPA_PSK 11mcRanging: No, ANQP: No, LCI: No, Civic: No, capability(0x1531): ESS Privacy ShortPreamble SpectrumMgmt ShortSlotTime
04-10 01:27:58.263 1426 2907 D LOWI-9.0.0.87.a: [LOWI-Scan] BSS f8:af:05:82:ca:5c FREQ: 5805, cFreq1[40:80:160] = [5795:5775:0] cFreq2 = 0 Country Code =
04-10 01:27:58.263 1426 2907 D LOWI-9.0.0.87.a: [LOWI-Scan] BSS f8:af:05:82:ca:5c (wlan0) ASSO: NO AddInfo: 0x1, TSF 0, 00:04:32.351, RSSI: -136, CPL: 127, AGE: 788, SSID RIO-WIFI-5G, TSFDelta: 0x1697b6dc, TXRate: 0
04-10 01:27:58.264 1426 2907 D LOWI-9.0.0.87.a: [LOWI-Scan]
04-10 01:27:58.265 1426 2907 D LOWI-9.0.0.87.a: [LOWI-Scan] print_bss_handler: Report Probe TSF 272340644 as it greater than Beacon TSF 272337796
04-10 01:27:58.265 1426 2907 D LOWI-9.0.0.87.a: [LOWI-Scan] decode_rsn_wpa_ie: LOWI_ENCRYPTION_TYPE_WPA_PSK
04-10 01:27:58.265 1426 2907 D LOWI-9.0.0.87.a: [LOWI-Scan] is_qcom_ie, bss_age: 0
04-10 01:27:58.265 1426 2907 D LOWI-9.0.0.87.a: [LOWI-Scan] BSS 64:6e:97:1c:71:47 LOWI_PHY_MODE_11AC_VHT80(10), Beacon Interval: 100, LOWI_ENCRYPTION_TYPE_WPA_PSK 11mcRanging: No, ANQP: No, LCI: No, Civic: No, capability(0x0011): ESS Privacy
04-10 01:27:58.265 1426 2907 D LOWI-9.0.0.87.a: [LOWI-Scan] BSS 64:6e:97:1c:71:47 FREQ: 5805, cFreq1[40:80:160] = [5795:5775:0] cFreq2 = 0 Country Code = CN
04-10 01:27:58.265 1426 2907 D LOWI-9.0.0.87.a: [LOWI-Scan] BSS 64:6e:97:1c:71:47 (wlan0) ASSO: NO AddInfo: 0x0, TSF 0, 00:04:32.340, RSSI: -158, CPL: 127, AGE: 796, SSID TP-LINK_5G_7145, TSFDelta: 0x7a1b073a, TXRate: 0
04-10 01:27:58.266 1426 2907 D LOWI-9.0.0.87.a: [LOWI-Scan]
04-10 01:27:58.266 1426 2907 D LOWI-9.0.0.87.a: [LOWI-Scan] print_bss_handler: Report beacon TSF 272522056 as it greater than probe TSF 272446619
04-10 01:27:58.266 1426 2907 D LOWI-9.0.0.87.a: [LOWI-Scan] decode_rsn_wpa_ie: LOWI_ENCRYPTION_TYPE_WPA_PSK
04-10 01:27:58.266 1426 2907 D LOWI-9.0.0.87.a: [LOWI-Scan] is_qcom_ie, bss_age: 0
04-10 01:27:58.266 1426 2907 D LOWI-9.0.0.87.a: [LOWI-Scan] BSS 18:6f:2d:81:16:f0 LOWI_PHY_MODE_11AC_VHT20(8), Beacon Interval: 100, LOWI_ENCRYPTION_TYPE_WPA_PSK 11mcRanging: No, ANQP: No, LCI: No, Civic: No, capability(0x0111): ESS Privacy SpectrumMgmt
04-10 01:27:58.266 1426 2907 D LOWI-9.0.0.87.a: [LOWI-Scan] BSS 18:6f:2d:81:16:f0 FREQ: 5260, cFreq1[40:80:160] = [5260:0:0] cFreq2 = 0 Country Code = CN
04-10 01:27:58.266 1426 2907 D LOWI-9.0.0.87.a: [LOWI-Scan] BSS 18:6f:2d:81:16:f0 (wlan0) ASSO: NO AddInfo: 0x1, TSF 0, 00:04:32.522, RSSI: -90, CPL: 127, AGE: 616, SSID Testing , TSFDelta: 0xf7a2fe14, TXRate: 0
04-10 01:27:58.266 1426 2907 D LOWI-9.0.0.87.a: [LOWI-Scan]
04-10 01:27:58.267 1426 2907 D LOWI-9.0.0.87.a: [LOWI-Scan] print_bss_handler: Report beacon TSF 272522453 as it greater than probe TSF 272447142
04-10 01:27:58.267 1426 2907 D LOWI-9.0.0.87.a: [LOWI-Scan] is_qcom_ie, bss_age: 0
04-10 01:27:58.267 1426 2907 D LOWI-9.0.0.87.a: [LOWI-Scan] BSS 18:6f:2d:81:16:f1 LOWI_PHY_MODE_11AC_VHT20(8), Beacon Interval: 100, LOWI_ENCRYPTION_TYPE_OPEN 11mcRanging: No, ANQP: No, LCI: No, Civic: No, capability(0x0101): ESS SpectrumMgmt
04-10 01:27:58.267 1426 2907 D LOWI-9.0.0.87.a: [LOWI-Scan] BSS 18:6f:2d:81:16:f1 FREQ: 5260, cFreq1[40:80:160] = [5260:0:0] cFreq2 = 0 Country Code = CN
04-10 01:27:58.267 1426 2907 D LOWI-9.0.0.87.a: [LOWI-Scan] BSS 18:6f:2d:81:16:f1 (wlan0) ASSO: NO AddInfo: 0x1, TSF 0, 00:04:32.522, RSSI: -90, CPL: 127, AGE: 616, SSID Guest, TSFDelta: 0xf7a5bf0b, TXRate: 0
04-10 01:27:58.267 1426 2907 D LOWI-9.0.0.87.a: [LOWI-Scan]
04-10 01:27:58.267 1426 2907 D LOWI-9.0.0.87.a: [LOWI-Scan] print_bss_handler: Report beacon TSF 272523099 as it greater than probe TSF 272448519
04-10 01:27:58.267 1426 2907 D LOWI-9.0.0.87.a: [LOWI-Scan] decode_rsn_wpa_ie: LOWI_ENCRYPTION_TYPE_WPA_PSK
04-10 01:27:58.267 1426 2907 D LOWI-9.0.0.87.a: [LOWI-Scan] is_qcom_ie, bss_age: 0
04-10 01:27:58.267 1426 2907 D LOWI-9.0.0.87.a: [LOWI-Scan] BSS 18:6f:2d:81:16:f2 LOWI_PHY_MODE_11AC_VHT20(8), Beacon Interval: 100, LOWI_ENCRYPTION_TYPE_WPA_PSK 11mcRanging: No, ANQP: No, LCI: No, Civic: No, capability(0x0111): ESS Privacy SpectrumMgmt
04-10 01:27:58.267 1426 2907 D LOWI-9.0.0.87.a: [LOWI-Scan] BSS 18:6f:2d:81:16:f2 FREQ: 5260, cFreq1[40:80:160] = [5260:0:0] cFreq2 = 0 Country Code = CN
04-10 01:27:58.267 1426 2907 D LOWI-9.0.0.87.a: [LOWI-Scan] BSS 18:6f:2d:81:16:f2 (wlan0) ASSO: NO AddInfo: 0x1, TSF 0, 00:04:32.523, RSSI: -90, CPL: 127, AGE: 616, SSID ZXHY, TSFDelta: 0xf7ab467f, TXRate: 0
04-10 01:27:58.268 1426 2907 D LOWI-9.0.0.87.a: [LOWI-Scan]
04-10 01:27:58.268 1426 2907 D LOWI-9.0.0.87.a: [LOWI-Scan] print_bss_handler: Report beacon TSF 272523491 as it greater than probe TSF 272449641
04-10 01:27:58.268 1426 2907 D LOWI-9.0.0.87.a: [LOWI-Scan] decode_rsn_wpa_ie: LOWI_ENCRYPTION_TYPE_WPA_PSK
04-10 01:27:58.268 1426 2907 D LOWI-9.0.0.87.a: [LOWI-Scan] is_qcom_ie, bss_age: 0
04-10 01:27:58.268 1426 2907 D LOWI-9.0.0.87.a: [LOWI-Scan] BSS 18:6f:2d:81:16:f3 LOWI_PHY_MODE_11AC_VHT20(8), Beacon Interval: 100, LOWI_ENCRYPTION_TYPE_WPA_PSK 11mcRanging: No, ANQP: No, LCI: No, Civic: No, capability(0x0111): ESS Privacy SpectrumMgmt
04-10 01:27:58.268 1426 2907 D LOWI-9.0.0.87.a: [LOWI-Scan] BSS 18:6f:2d:81:16:f3 FREQ: 5260, cFreq1[40:80:160] = [5260:0:0] cFreq2 = 0 Country Code = CN
04-10 01:27:58.268 1426 2907 D LOWI-9.0.0.87.a: [LOWI-Scan] BSS 18:6f:2d:81:16:f3 (wlan0) ASSO: NO AddInfo: 0x1, TSF 0, 00:04:32.523, RSSI: -90, CPL: 127, AGE: 616, SSID Fanya, TSFDelta: 0xf7b28329, TXRate: 0
04-10 01:27:58.269 1426 2907 D LOWI-9.0.0.87.a: [LOWI-Scan]
04-10 01:27:58.269 1426 2907 D LOWI-9.0.0.87.a: [LOWI-Scan] print_bss_handler: Report beacon TSF 272523872 as it greater than probe TSF 272450815
04-10 01:27:58.269 1426 2907 D LOWI-9.0.0.87.a: [LOWI-Scan] decode_rsn_wpa_ie: LOWI_ENCRYPTION_TYPE_WPA_PSK
04-10 01:27:58.269 1426 2907 D LOWI-9.0.0.87.a: [LOWI-Scan] is_qcom_ie, bss_age: 0
04-10 01:27:58.269 1426 2907 D LOWI-9.0.0.87.a: [LOWI-Scan] BSS 18:6f:2d:81:16:f4 LOWI_PHY_MODE_11AC_VHT20(8), Beacon Interval: 100, LOWI_ENCRYPTION_TYPE_WPA_PSK 11mcRanging: No, ANQP: No, LCI: No, Civic: No, capability(0x0111): ESS Privacy SpectrumMgmt
04-10 01:27:58.269 1426 2907 D LOWI-9.0.0.87.a: [LOWI-Scan] BSS 18:6f:2d:81:16:f4 FREQ: 5260, cFreq1[40:80:160] = [5260:0:0] cFreq2 = 0 Country Code = CN
04-10 01:27:58.269 1426 2907 D LOWI-9.0.0.87.a: [LOWI-Scan] BSS 18:6f:2d:81:16:f4 (wlan0) ASSO: NO AddInfo: 0x1, TSF 0, 00:04:32.523, RSSI: -88, CPL: 127, AGE: 616, SSID ThunderSoft, TSFDelta: 0xf7b8372c, TXRate: 0
04-10 01:27:58.270 1426 2907 D LOWI-9.0.0.87.a: [LOWI-Scan]
04-10 01:27:58.270 1426 2907 D LOWI-9.0.0.87.a: [LOWI-Scan] print_bss_handler: Report beacon TSF 272524711 as it greater than probe TSF 272451364
04-10 01:27:58.270 1426 2907 D LOWI-9.0.0.87.a: [LOWI-Scan] decode_rsn_wpa_ie: LOWI_ENCRYPTION_TYPE_WPA_PSK
04-10 01:27:58.270 1426 2907 D LOWI-9.0.0.87.a: [LOWI-Scan] is_qcom_ie, bss_age: 0
