04-10 01:28:45.441 1995 1995 D KeyguardViewMediator: handleNotifyStartedGoingToSleep
04-10 01:28:45.481 1002 1211 D DisplayPowerController[0]: Unfinished business...
04-10 01:28:45.482 1002 1211 I sysui_multi_action: [757,1696,758,6,759,0]
04-10 01:28:45.525 1002 1211 D DisplayPowerState: setColorFadeLevel: level=0.23208654
04-10 01:28:45.540 1002 1211 D DisplayPowerState: Screen ready
04-10 01:28:45.540 1002 1211 D DisplayPowerState: setColorFadeLevel: level=0.0
04-10 01:28:45.546 1002 1509 I sysui_multi_action: [757,128,758,2,793,275123,794,1036,795,275123,796,32,798,5,806,android,857,USB,858,1,947,0,1395,6,1500,274308,1688,1]
04-10 01:28:45.547 1002 1509 I notification_visibility: [-1|android|32|null|1000,0,275123,275123,0,5]
04-10 01:28:45.569 1002 1211 D DisplayPowerState: Requesting new screen state: state=ON, backlight=-1.0
04-10 01:28:45.570 1002 1951 D DisplayPowerState: Updating screen state: id=0, state=ON, backlight=-1.0, sdrBacklight=-1.0
04-10 01:28:45.570 1002 1211 D DisplayPowerState: Screen ready
04-10 01:28:45.570 1002 1951 D LocalDisplayAdapter: setDisplayBrightness(id=4630946816427681409, brightnessState=-1.0, sdrBrightnessState=-1.0) ---start
04-10 01:28:45.570 1002 1211 I DisplayPowerController[0]: Blocking screen off
04-10 01:28:45.570 1002 1951 E DisplayDeviceConfig: requesting nits when no mapping exists.
04-10 01:28:45.571 1002 1211 I DisplayPowerController[0]: Unblocked screen off after 1 ms
04-10 01:28:45.571 1002 1951 E DisplayDeviceConfig: requesting nits when no mapping exists.
04-10 01:28:45.571 1002 1181 I am_wtf : [0,1002,system_server,-1,DisplayDeviceConfig,requesting nits when no mapping exists.]
04-10 01:28:45.574 1002 1211 D DisplayPowerState: setScreenState: state=1
04-10 01:28:45.575 1002 1211 D ActivityTaskManager: Top Process State changed to PROCESS_STATE_TOP_SLEEPING
04-10 01:28:45.575 1002 1211 D DisplayPowerController[0]: requestPowerState: policy=OFF, useProximitySensor=false, screenBrightnessOverride=NaN, useAutoBrightness=true, screenAutoBrightnessAdjustmentOverride=NaN, screenLowPowerBrightnessFactor=1.0, blockScreenOn=false, lowPowerMode=false, boostScreenBrightness=false, dozeScreenBrightness=NaN, dozeScreenState=UNKNOWN, waitForNegativeProximity=false
04-10 01:28:45.575 1002 1211 D PowerManagerNotifier: onScreenPolicyUpdate: newPolicy=0
04-10 01:28:45.577 1002 1211 D PowerManagerNotifier: onWakeLockAcquired: flags=1, tag="ActivityManager-Sleep", packageName=android, ownerUid=1000, ownerPid=1002, workSource=null
04-10 01:28:45.577 1002 1211 D ActivityTrigger: ActivityTrigger activityPauseTrigger
04-10 01:28:45.579 1002 1211 I wm_pause_activity: [0,247139416,com.android.launcher3/.uioverrides.QuickstepLauncher,userLeaving=false,sleep]
04-10 01:28:45.580 2707 2707 I wm_on_top_resumed_lost_called: [247139416,com.android.launcher3.uioverrides.QuickstepLauncher,topStateChangedWhenResumed]
04-10 01:28:45.583 2707 2707 I wm_on_paused_called: [247139416,com.android.launcher3.uioverrides.QuickstepLauncher,performPause]
04-10 01:28:45.583 1002 1181 I DropBoxManagerService: add tag=system_server_wtf isTagEnabled=true flags=0x2
04-10 01:28:45.583 1002 1951 D LocalDisplayAdapter: setDisplayBrightness(id=4630946816427681409, brightnessState=-1.0, sdrBrightnessState=-1.0) ---end
04-10 01:28:45.584 1995 4362 D KeyguardViewMediator: notifyScreenTurnedOff
04-10 01:28:45.584 1002 1068 I wm_add_to_stopping: [0,247139416,com.android.launcher3/.uioverrides.QuickstepLauncher,completePauseLocked]
04-10 01:28:45.585 1002 1181 I am_wtf : [0,1002,system_server,-1,DisplayDeviceConfig,requesting nits when no mapping exists.]
04-10 01:28:45.587 1002 1068 D PowerManagerNotifier: onWakeLockReleased: flags=1, tag="ActivityManager-Sleep", packageName=android, ownerUid=1000, ownerPid=1002, workSource=null
04-10 01:28:45.588 1002 1068 D DisplayPowerController[0]: requestPowerState: policy=OFF, useProximitySensor=false, screenBrightnessOverride=NaN, useAutoBrightness=true, screenAutoBrightnessAdjustmentOverride=NaN, screenLowPowerBrightnessFactor=1.0, blockScreenOn=false, lowPowerMode=false, boostScreenBrightness=false, dozeScreenBrightness=NaN, dozeScreenState=UNKNOWN, waitForNegativeProximity=false
04-10 01:28:45.588 1002 1068 D PowerManagerNotifier: onScreenPolicyUpdate: newPolicy=0
04-10 01:28:45.595 1002 1211 D DisplayPowerController[0]: Animating brightness: target=0.0, sdrTarget=0.0, rate=0.0
04-10 01:28:45.596 1002 1211 D DisplayPowerState: setScreenBrightness: brightness=0.0
04-10 01:28:45.596 1002 1161 I wm_stop_activity: [0,247139416,com.android.launcher3/.uioverrides.QuickstepLauncher]
04-10 01:28:45.596 1002 1211 D DisplayPowerState: setSdrScreenBrightness: brightness=0.0
04-10 01:28:45.596 1002 1161 I sysui_multi_action: [757,803,799,window_time_0,802,3]
04-10 01:28:45.597 1002 1211 V DisplayPowerController[0]: Brightness [0.0] reason changing to: 'screen_off', previous reason: 'manual'.
04-10 01:28:45.598 1002 1211 D DisplayPowerState: Requesting new screen state: state=OFF, backlight=-1.0
04-10 01:28:45.598 1002 1211 D DisplayPowerState: Screen not ready
04-10 01:28:45.598 1002 1951 D DisplayPowerState: Updating screen state: id=0, state=OFF, backlight=-1.0, sdrBacklight=-1.0
04-10 01:28:45.598 1002 1951 D LocalDisplayAdapter: setDisplayState(id=4630946816427681409, state=OFF) ---start
04-10 01:28:45.598 1002 1161 I DisplayDeviceRepository: Display device changed state: "内置屏幕", OFF
04-10 01:28:45.601 1995 1995 D KeyguardViewMediator: handleNotifyScreenTurnedOff
04-10 01:28:45.603 1002 1161 I InputManager-JNI: Viewport [0] to add: local:4630946816427681409, isActive: false
04-10 01:28:45.607 1993 2639 I BtGatt.ScanManager: msg.what = 8
04-10 01:28:45.607 1002 1665 I InputReader: Reconfiguring input devices, changes=DISPLAY_INFO |
04-10 01:28:45.607 1002 1665 I InputReader: Disabling qbt_key_input (device 4) because the associated viewport is not active
04-10 01:28:45.607 1002 1665 I InputReader: Disabling qbt_key_input (device 4) because the associated viewport is not active
04-10 01:28:45.607 1993 2639 I BtGatt.ScanManager: msg.what = 4
04-10 01:28:45.607 1002 1665 I InputReader: Disabling Atmel maXTouch Touchscreen (device 3) because the associated viewport is not active
04-10 01:28:45.608 1002 1193 E KernelCpuSpeedReader: Failed to read cpu-freq: /sys/devices/system/cpu/cpu4/cpufreq/stats/time_in_state: open failed: ENOENT (No such file or directory)
04-10 01:28:45.608 1002 1193 E KernelCpuSpeedReader: Failed to read cpu-freq: /sys/devices/system/cpu/cpu0/cpufreq/stats/time_in_state: open failed: ENOENT (No such file or directory)
04-10 01:28:45.609 1002 1193 E system_server: Cannot read thread CPU times for PID 1002
04-10 01:28:45.609 1002 1190 I dvm_lock_sample: [system_server,0,batterystats-handler,30,BatteryStatsService.java,984,void com.android.server.am.BatteryStatsService.lambda$noteStartWakelock$22$BatteryStatsService(int, int, java.lang.String, java.lang.String, int, boolean, long, long),BatteryExternalStatsWorker.java,696,void com.android.server.am.BatteryExternalStatsWorker.updateExternalStatsLocked(java.lang.String, int, boolean, boolean, int, boolean),6]
04-10 01:28:45.612 2311 2512 E QmiAgentHwInterface: Failed to sendRequest: android.os.RemoteException: sendRequest failed with status: 2
04-10 01:28:45.613 1995 1995 I sysui_multi_action: [757,111,758,2]
04-10 01:28:45.614 1995 1995 I sysui_multi_action: [757,111,758,2]
04-10 01:28:45.619 1995 1995 D StatusBar: updateQsExpansionEnabled - QS Expand enabled: true
04-10 01:28:45.622 1041 1041 D SurfaceFlinger: Setting power mode 0 on display 4630946816427681409
04-10 01:28:45.627 2707 2707 D StateManager: goToState: Normal
04-10 01:28:45.627 961 961 I SDM : DisplayBase::SetDisplayState: Set state = 0, display 29-0, teardown = 0
04-10 01:28:45.628 2707 2707 I wm_on_stop_called: [247139416,com.android.launcher3.uioverrides.QuickstepLauncher,STOP_ACTIVITY_ITEM]
04-10 01:28:45.644 1002 1509 I sysui_multi_action: [757,128,758,2,793,51981,794,1137,795,51635,796,1,798,2,806,com.android.traceur,857,trace-is-being-recorded,858,4,947,0,1395,6,1500,51635,1688,1]
04-10 01:28:45.645 1002 1509 I notification_visibility: [0|com.android.traceur|1|null|10035,0,51981,51635,0,2]
01-06 09:03:59.597 0 0 I : [MAX975X:max96755x_drm_notifier_callback] *INFO* receives EARLY_BLANK:POWERDOWN
04-10 01:28:45.645 1002 1509 I sysui_multi_action: [757,128,758,2,793,271174,794,1137,795,271174,796,26,798,0,806,android,857,DEVELOPER_IMPORTANT,858,4,947,0,1395,6,1500,270582,1688,1]
04-10 01:28:45.645 1002 1509 I notification_visibility: [-1|android|26|null|1000,0,271174,271174,0,0]
04-10 01:28:45.645 1002 1509 I sysui_multi_action: [757,128,758,2,793,270087,794,1137,795,270087,796,17303299,797,com.android.wifi,798,3,806,android,857,NETWORK_AVAILABLE,858,2,947,0,1395,6,1500,269870,1688,1]
04-10 01:28:45.645 1002 1509 I notification_visibility: [0|android|17303299|com.android.wifi|1000,0,270087,270087,0,3]
01-06 09:03:59.598 0 0 I atmel_mxt_ts 0-004a: FB event:2,blank:1
01-06 09:03:59.598 0 0 I atmel_mxt_ts 0-004a: drm_notifier_callback: POWERDOWN! Suspend by drm notifier.
04-10 01:28:45.645 1002 1509 I sysui_multi_action: [757,128,758,2,793,145325,794,1136,795,145325,796,0,797,trace-kona-SKQ1.220201.001-2023-04-10-01-26-18.perfetto-trace,798,1,806,com.android.traceur,857,system-tracing,858,4,947,0,1395,6,1500,145118,1688,1]
04-10 01:28:45.646 1002 1509 I notification_visibility: [0|com.android.traceur|0|trace-kona-SKQ1.220201.001-2023-04-10-01-26-18.perfetto-trace|10035,0,145325,145325,0,1]
04-10 01:28:45.646 1002 1509 I sysui_multi_action: [757,128,758,2,793,271011,794,1137,795,271011,796,55,798,4,806,android,857,DEVELOPER,858,2,947,0,1395,6,1500,270074,1688,1]
04-10 01:28:45.646 1002 1509 I notification_visibility: [-1|android|55|null|1000,0,271011,271011,0,4]
04-10 01:28:45.647 1002 1068 I sysui_multi_action: [757,127,758,2]
04-10 01:28:45.647 1002 1068 I notification_panel_hidden:
04-10 01:28:45.648 1995 1995 D StatusBar: disable disable2
01-06 09:03:59.615 0 0 I : [MAX975X:max96755x_drm_notifier_callback] *INFO* receives BLANK:POWERDOWN
01-06 09:03:59.615 0 0 I atmel_mxt_ts 0-004a: FB event:1,blank:1
01-06 09:03:59.615 0 0 I atmel_mxt_ts 0-004a: resume: event = 1 blank = 1, not care
04-10 01:28:45.673 1041 1041 D SurfaceFlinger: Finished setting power mode 0 on display 4630946816427681409
04-10 01:28:45.675 1002 1951 D LocalDisplayAdapter: setDisplayState(id=4630946816427681409, state=OFF) ---end
04-10 01:28:45.675 943 943 I QTI PowerHAL: Power setMode: 7 to: 0
04-10 01:28:45.676 1002 1211 D DisplayPowerState: Screen ready
04-10 01:28:45.676 1002 1211 D DisplayPowerController[0]: Display ready!
04-10 01:28:45.676 1002 1211 D DisplayPowerController[0]: Finished business...
04-10 01:28:45.676 1002 1211 D DisplayPowerController[0]: requestPowerState: policy=OFF, useProximitySensor=false, screenBrightnessOverride=NaN, useAutoBrightness=true, screenAutoBrightnessAdjustmentOverride=NaN, screenLowPowerBrightnessFactor=1.0, blockScreenOn=false, lowPowerMode=false, boostScreenBrightness=false, dozeScreenBrightness=NaN, dozeScreenState=UNKNOWN, waitForNegativeProximity=false
04-10 01:28:45.677 1002 1211 D PowerManagerNotifier: onScreenPolicyUpdate: newPolicy=0
04-10 01:28:45.677 972 4853 E ANDR-PERF-LM: Core: detectAndRunIdle() 174: Not able to open /sys/class/power_supply/battery/status, Error: No such file or directory
04-10 01:28:45.677 943 943 I QTI PowerHAL: Got set_interactive hint
04-10 01:28:45.677 1002 1211 D PowerManagerNotifier: onWakefulnessChangeFinished
04-10 01:28:45.677 1002 1002 I sysui_multi_action: [757,198,758,2,759,2,1359,274,1695,4]
04-10 01:28:45.677 1002 1002 I power_screen_state: [0,2,0,0,274]
04-10 01:28:45.678 1002 1002 I screen_toggled: 0
04-10 01:28:45.678 1002 1002 I sysui_multi_action: [757,804,799,screen_timeout,801,60,802,1]
04-10 01:28:45.678 1002 1002 I sysui_multi_action: [757,1594,758,4,759,-2147483648,1359,2059]
04-10 01:28:45.679 1995 4634 D KeyguardViewMediator: onFinishedGoingToSleep(2)
04-10 01:28:45.679 1002 1002 I power_screen_broadcast_send: 1
04-10 01:28:45.679 1002 1002 D PowerManagerNotifier: Sending go to sleep broadcast.
04-10 01:28:45.679 1995 4634 D KeyguardViewMediator: notifyFinishedGoingToSleep
04-10 01:28:45.681 1995 1995 D KeyguardViewMediator: handleNotifyFinishedGoingToSleep
04-10 01:28:45.682 1995 1995 V KeyguardUpdateMonitor: startListeningForFingerprint()
04-10 01:28:45.685 1002 1664 I input_focus: [Focus leaving 10ef944 NotificationShade (server),reason=NO_WINDOW]
04-10 01:28:45.689 1995 1995 D StatusBar: updateQsExpansionEnabled - QS Expand enabled: true
04-10 01:28:45.693 1002 1509 W FreeFormWindowHelper: Current Display FreeFormTask is null
01-06 09:03:59.639 0 0 I ALERT : changing window size from 16000000 to 20000000 at 320576080501
04-10 01:28:45.696 816 1839 D audio_hw_primary: adev_set_parameters: enter: screen_state=off
04-10 01:28:45.696 816 1839 D audio_hw_hfp: hfp_set_parameters: enter
04-10 01:28:45.697 816 1839 D sound_trigger_hw: handle_screen_status_change: screen off
04-10 01:28:45.697 816 1839 D audio_hw_extn: audio_extn_fm_set_parameters: Enter
04-10 01:28:45.702 1002 1002 I battery_saving_stats: [0,1,0,2145,0,0,251391,0,0]
04-10 01:28:45.711 2707 2707 D StateManager: goToState: Normal
04-10 01:28:45.712 1041 1216 I BpBinder: onLastStrongRef automatically unlinking death recipients:
04-10 01:28:45.716 3068 3068 D SYS_EVENT: send event 8 notification to client
04-10 01:28:45.720 3040 3040 I hpplay-java: [main]:IPManager:updateAPState time : 1 isAPOpen :false
04-10 01:28:45.720 3040 3040 I hpplay-java: [main]:NetworkReceiver:onReceive action: android.intent.action.SCREEN_OFF
04-10 01:28:45.720 3040 3040 I hpplay-java: [main]:NetworkReceiver:processReceive time : 1
04-10 01:28:45.723 3066 3066 D PASRDozeReceiver: Received Intent Intent { act=android.intent.action.SCREEN_OFF flg=0x50200010 }
04-10 01:28:45.726 3066 3066 D PASRDozeReceiver: Sent intent Successfully
04-10 01:28:45.726 3066 3066 D PASRService: PASRService started
04-10 01:28:45.726 3066 3066 D PASRService: OnStart, Intent: android.intent.action.SCREEN_OFF
04-10 01:28:45.726 3066 3066 D PASRService: Screen Off
04-10 01:28:45.727 1002 1002 I power_screen_broadcast_done: [0,48,1]
04-10 01:28:46.162 3040 3973 W hpplay-java: [ServerTaskManager]:IPManager:getActiveNets invalid networkInfo:null
04-10 01:28:46.163 3040 3973 I hpplay-java: [ServerTaskManager]:IPManager:getActiveNets eth0:false wifi:false mobile:false ap:false
04-10 01:28:46.163 3040 3973 I hpplay-java: [ServerTaskManager]:ServerTaskManager:get local ip:null
04-10 01:28:46.283 649 662 I mpu_uart: [MSG-P:RECV]:No message received in 1000 ms
04-10 01:28:46.312 1002 1665 D WindowManager: interceptKeyBeforeQueueing: ---> event=KeyEvent { action=ACTION_DOWN, keyCode=KEYCODE_POWER, scanCode=116, metaState=0, flags=0x8, repeatCount=0, eventTime=321196, downTime=321196, deviceId=3, source=0x101, displayId=-1 } ---stack--- java.lang.Throwable
04-10 01:28:46.312 1002 1665 D WindowManager: at com.android.server.policy.PhoneWindowManager.interceptKeyBeforeQueueing(PhoneWindowManager.java:3422)
04-10 01:28:46.312 1002 1665 D WindowManager: at com.android.server.wm.InputManagerCallback.interceptKeyBeforeQueueing(InputManagerCallback.java:149)
04-10 01:28:46.312 1002 1665 D WindowManager: at com.android.server.input.InputManagerService.interceptKeyBeforeQueueing(InputManagerService.java:2827)
04-10 01:28:46.313 1002 1665 I intercept_power: [ACTION_DOWN,0,0]
04-10 01:28:46.314 1002 1665 D DisplayPowerController[0]: requestPowerState: policy=OFF, useProximitySensor=false, screenBrightnessOverride=NaN, useAutoBrightness=true, screenAutoBrightnessAdjustmentOverride=NaN, screenLowPowerBrightnessFactor=1.0, blockScreenOn=false, lowPowerMode=false, boostScreenBrightness=false, dozeScreenBrightness=NaN, dozeScreenState=UNKNOWN, waitForNegativeProximity=false
04-10 01:28:46.314 1002 1665 D PowerManagerNotifier: onScreenPolicyUpdate: newPolicy=0
04-10 01:28:46.316 1002 1665 D PowerManagerNotifier: onWakeLockAcquired: flags=1, tag="PhoneWindowManager.mPowerKeyWakeLock", packageName=android, ownerUid=1000, ownerPid=1002, workSource=null
04-10 01:28:46.319 1002 1665 I PowerManagerService: Powering on display group fromAsleep (groupId=0, uid=1000, reason=WAKE_REASON_POWER_BUTTON, details=android.policy:POWER)...
04-10 01:28:46.319 1002 1665 I PowerManagerService: Waking up from Asleep (uid=1000, reason=WAKE_REASON_POWER_BUTTON, details=android.policy:POWER)...
04-10 01:28:46.323 1002 1665 D PowerManagerNotifier: onWakefulnessChangeStarted: wakefulness=1, reason=1, interactive=true
04-10 01:28:46.326 1002 1665 D PowerManagerNotifier: onWakeUp: reason=WAKE_REASON_POWER_BUTTON, details=android.policy:POWER, reasonUid=1000 opPackageName=android opUid=1000
04-10 01:28:46.327 1002 1665 D PowerManagerNotifier: onUserActivity: event=0, uid=1000
04-10 01:28:46.327 1002 1665 D DisplayPowerController[0]: requestPowerState: policy=BRIGHT, useProximitySensor=false, screenBrightnessOverride=NaN, useAutoBrightness=true, screenAutoBrightnessAdjustmentOverride=NaN, screenLowPowerBrightnessFactor=1.0, blockScreenOn=false, lowPowerMode=false, boostScreenBrightness=false, dozeScreenBrightness=NaN, dozeScreenState=UNKNOWN, waitForNegativeProximity=false
04-10 01:28:46.328 1002 1665 D PowerManagerNotifier: onScreenPolicyUpdate: newPolicy=3
04-10 01:28:46.330 1002 1665 D WindowManager: interceptKeyBeforeQueueing: ---> event=KeyEvent { action=ACTION_UP, keyCode=KEYCODE_POWER, scanCode=116, metaState=0, flags=0x8, repeatCount=0, eventTime=321197, downTime=321196, deviceId=3, source=0x101, displayId=-1 } ---stack--- java.lang.Throwable
04-10 01:28:46.330 1002 1665 D WindowManager: at com.android.server.policy.PhoneWindowManager.interceptKeyBeforeQueueing(PhoneWindowManager.java:3422)
04-10 01:28:46.330 1002 1665 D WindowManager: at com.android.server.wm.InputManagerCallback.interceptKeyBeforeQueueing(InputManagerCallback.java:149)
04-10 01:28:46.330 1002 1665 D WindowManager: at com.android.server.input.InputManagerService.interceptKeyBeforeQueueing(InputManagerService.java:2827)
04-10 01:28:46.331 1002 1665 I intercept_power: [ACTION_UP,0,0]
04-10 01:28:46.331 1002 1665 D PowerManagerNotifier: onWakeLockReleased: flags=1, tag="PhoneWindowManager.mPowerKeyWakeLock", packageName=android, ownerUid=1000, ownerPid=1002, workSource=null
04-10 01:28:46.331 1002 1002 I screen_toggled: 1
04-10 01:28:46.331 1002 1211 D DisplayPowerState: setScreenState: state=2
04-10 01:28:46.331 1002 1002 I power_screen_broadcast_send: 1
04-10 01:28:46.331 1002 1665 D DisplayPowerController[0]: requestPowerState: policy=BRIGHT, useProximitySensor=false, screenBrightnessOverride=NaN, useAutoBrightness=true, screenAutoBrightnessAdjustmentOverride=NaN, screenLowPowerBrightnessFactor=1.0, blockScreenOn=false, lowPowerMode=false, boostScreenBrightness=false, dozeScreenBrightness=NaN, dozeScreenState=UNKNOWN, waitForNegativeProximity=false
04-10 01:28:46.332 1002 1665 D PowerManagerNotifier: onScreenPolicyUpdate: newPolicy=3
04-10 01:28:46.332 1002 1211 I DisplayPowerController[0]: Blocking screen on until initial contents have been drawn.
04-10 01:28:46.332 1995 4634 D KeyguardViewMediator: onStartedWakingUp, seq = 26
04-10 01:28:46.332 1995 4634 D KeyguardViewMediator: notifyStartedWakingUp
04-10 01:28:46.332 1002 1211 D ActivityTaskManager: Top Process State changed to PROCESS_STATE_TOP
04-10 01:28:46.333 1995 1995 D KeyguardViewMediator: handleNotifyWakingUp
04-10 01:28:46.333 1002 1193 E KernelCpuSpeedReader: Failed to read cpu-freq: /sys/devices/system/cpu/cpu4/cpufreq/stats/time_in_state: open failed: ENOENT (No such file or directory)
04-10 01:28:46.333 1002 1002 D PowerManagerNotifier: Sending wake up broadcast.
04-10 01:28:46.334 1002 1193 E KernelCpuSpeedReader: Failed to read cpu-freq: /sys/devices/system/cpu/cpu0/cpufreq/stats/time_in_state: open failed: ENOENT (No such file or directory)
04-10 01:28:46.334 1002 1193 E system_server: Cannot read thread CPU times for PID 1002
04-10 01:28:46.338 649 661 I mpu_uart: [MSG-P:R]:recv sync frame timeout
04-10 01:28:46.342 3068 3068 D SYS_EVENT: send event 64 notification to client
04-10 01:28:46.342 1002 1002 D WindowManager: powerPress: eventTime=321196 interactive=false count=0 beganFromNonInteractive=true mShortPressOnPowerBehavior=1
04-10 01:28:46.343 1002 1181 W BroadcastQueue: Background execution not allowed: receiving Intent { act=android.intent.action.USER_PRESENT flg=0x24200010 } to com.microsoft.emmx/org.chromium.chrome.browser.sharing.click_to_call.ClickToCallMessageHandler$PhoneUnlockedReceiver
04-10 01:28:46.347 1002 1002 E SensorManager: sensor or listener is null
04-10 01:28:46.352 1002 1211 I wm_set_resumed_activity: [0,com.android.launcher3/.uioverrides.QuickstepLauncher,resumeTopActivityInnerLocked]
04-10 01:28:46.353 1002 1211 I wm_resume_activity: [0,247139416,12,com.android.launcher3/.uioverrides.QuickstepLauncher]
04-10 01:28:46.356 1995 4310 D KeyguardViewMediator: notifyScreenOn
04-10 01:28:46.365 1002 1211 E SensorManager: sensor or listener is null
04-10 01:28:46.366 1002 1211 D DisplayPowerController[0]: Animating brightness: target=1.0, sdrTarget=1.0, rate=0.0
04-10 01:28:46.366 1002 1211 D DisplayPowerState: setScreenBrightness: brightness=1.0
04-10 01:28:46.366 1002 1211 D DisplayPowerState: setSdrScreenBrightness: brightness=1.0
04-10 01:28:46.366 816 1839 D audio_hw_primary: adev_set_parameters: enter: screen_state=on
04-10 01:28:46.366 816 1839 D audio_hw_hfp: hfp_set_parameters: enter
04-10 01:28:46.366 816 1839 D sound_trigger_hw: handle_screen_status_change: screen on
04-10 01:28:46.366 816 1839 D audio_hw_extn: audio_extn_fm_set_parameters: Enter
04-10 01:28:46.368 1002 1002 I battery_saving_stats: [0,0,0,666,0,0,24024,0,0]
04-10 01:28:46.371 1002 1211 V DisplayPowerController[0]: Brightness [1.0] reason changing to: 'manual', previous reason: 'screen_off'.
04-10 01:28:46.371 1002 1211 D DisplayPowerController[0]: Unfinished business...
04-10 01:28:46.371 1002 1211 I sysui_multi_action: [757,1696,758,6,759,3]
04-10 01:28:46.371 1002 1211 D DisplayPowerState: Requesting new screen state: state=ON, backlight=-1.0
04-10 01:28:46.371 1002 1211 D DisplayPowerState: Screen not ready
04-10 01:28:46.372 1002 1951 D DisplayPowerState: Updating screen state: id=0, state=ON, backlight=-1.0, sdrBacklight=-1.0
04-10 01:28:46.376 1995 1995 D StatusBar: updateQsExpansionEnabled - QS Expand enabled: true
04-10 01:28:46.376 2707 2707 I wm_on_restart_called: [247139416,com.android.launcher3.uioverrides.QuickstepLauncher,performRestartActivity]
04-10 01:28:46.376 2707 2707 I wm_on_start_called: [247139416,com.android.launcher3.uioverrides.QuickstepLauncher,handleStartActivity]
04-10 01:28:46.376 943 943 I QTI PowerHAL: Power setMode: 7 to: 1
04-10 01:28:46.376 2707 2707 I wm_on_resume_called: [247139416,com.android.launcher3.uioverrides.QuickstepLauncher,RESUME_ACTIVITY]
04-10 01:28:46.376 2707 2707 I wm_on_top_resumed_gained_called: [247139416,com.android.launcher3.uioverrides.QuickstepLauncher,topWhenResuming]
04-10 01:28:46.377 943 943 I QTI PowerHAL: Got set_interactive hint
04-10 01:28:46.377 1002 1951 D LocalDisplayAdapter: setDisplayState(id=4630946816427681409, state=ON) ---start
04-10 01:28:46.378 1002 1161 I DisplayDeviceRepository: Display device changed state: "内置屏幕", ON
04-10 01:28:46.378 1041 1041 D SurfaceFlinger: Setting power mode 2 on display 4630946816427681409
04-10 01:28:46.380 1002 1161 I InputManager-JNI: Viewport [0] to add: local:4630946816427681409, isActive: true
04-10 01:28:46.380 1995 1995 D KeyguardUpdateMonitor: received broadcast android.intent.action.TIME_TICK
01-06 09:04:00.338 0 0 I : [MAX975X:max96755x_drm_notifier_callback] *INFO* receives EARLY_BLANK:UNBLANK
01-06 09:04:00.338 0 0 I atmel_mxt_ts 0-004a: FB event:2,blank:0
01-06 09:04:00.338 0 0 I atmel_mxt_ts 0-004a: suspend: event = 2, blank = 0, not care
01-06 09:04:00.338 0 0 I [drm:dsi_display_set_mode] [msm-dsi-info]: mdp_transfer_time_us=0 us
01-06 09:04:00.338 0 0 I [drm:dsi_display_set_mode] [msm-dsi-info]: hactive= 2560,vactive= 1080,fps=60
01-06 09:04:00.338 0 0 I [drm:dsi_ctrl_isr_configure] [msm-dsi-info]: dsi-ctrl-0: IRQ 403 registered
01-06 09:04:00.339 0 0 I ALERT : changing window size from 20000000 to 16000000 at 321276259667
04-10 01:28:46.382 1993 2639 I BtGatt.ScanManager: msg.what = 8
04-10 01:28:46.382 1002 1665 I InputReader: Reconfiguring input devices, changes=DISPLAY_INFO |
04-10 01:28:46.382 1002 1665 I InputReader: Device reconfigured: id=4, name='qbt_key_input', size 2560x1080, orientation 0, mode 4, display id 0
04-10 01:28:46.382 1002 1665 I InputReader: Device reconfigured: id=3, name='Atmel maXTouch Touchscreen', size 2560x1080, orientation 0, mode 1, display id 0
04-10 01:28:46.383 1993 2639 I BtGatt.ScanManager: msg.what = 5
04-10 01:28:46.383 961 961 I SDM : DisplayBase::SetDisplayState: Set state = 1, display 29-0, teardown = 0
04-10 01:28:46.384 1995 1995 D KeyguardViewMediator: handleNotifyScreenTurningOn
04-10 01:28:46.386 2311 2512 E QmiAgentHwInterface: Failed to sendRequest: android.os.RemoteException: sendRequest failed with status: 2
04-10 01:28:46.391 1002 1211 I DisplayPowerController[0]: Unblocked screen on after 59 ms
04-10 01:28:46.391 1002 1211 D DisplayPowerState: setColorFadeLevel: level=1.0
04-10 01:28:46.393 1002 1211 D DisplayPowerState: Requesting new screen state: state=ON, backlight=1.0
04-10 01:28:46.393 1002 1211 D DisplayPowerState: Screen not ready
04-10 01:28:46.397 1995 1995 D KeyguardUpdateMonitor: handleTimeUpdate
04-10 01:28:46.401 3068 3068 D SYS_EVENT: send event 16 notification to client
04-10 01:28:46.403 3040 3040 I hpplay-java: [main]:IPManager:updateAPState time : 0 isAPOpen :false
04-10 01:28:46.403 3040 3040 I hpplay-java: [main]:NetworkReceiver:onReceive action: android.intent.action.SCREEN_ON
04-10 01:28:46.404 3040 3040 I hpplay-java: [main]:NetworkReceiver:processReceive time : 1
04-10 01:28:46.404 1002 1664 I InputDispatcher: Dropping event because there is no touchable window or gesture monitor at (2350, 980) in display 0.
04-10 01:28:46.405 1002 1664 D PowerManagerNotifier: onUserActivity: event=0, uid=1000
04-10 01:28:46.405 3066 3066 D PASRDozeReceiver: Received Intent Intent { act=android.intent.action.SCREEN_ON flg=0x50200010 }
04-10 01:28:46.405 1002 1664 I InputDispatcher: Dropping event because there is no touchable window or gesture monitor at (2350, 980) in display 0.
04-10 01:28:46.406 1002 1664 I InputDispatcher: Dropping event because there is no touchable window or gesture monitor at (2350, 980) in display 0.
04-10 01:28:46.406 1002 1664 I InputDispatcher: Dropping event because there is no touchable window or gesture monitor at (2350, 980) in display 0.
04-10 01:28:46.406 1002 1664 I input_interaction: Interaction with: edge-swipe (server), swipe-up (server), PointerEventDispatcher0 (server),
04-10 01:28:46.407 3066 3066 D PASRDozeReceiver: Sent intent Successfully
04-10 01:28:46.407 3066 3066 D PASRService: PASRService started
04-10 01:28:46.407 3066 3066 D PASRService: OnStart, Intent: android.intent.action.SCREEN_ON
04-10 01:28:46.407 3066 3066 D PASRService: State is now: -1
04-10 01:28:46.408 1002 1002 I power_screen_broadcast_done: [1,77,1]
04-10 01:28:46.410 1002 1664 D PowerManagerNotifier: onUserActivity: event=2, uid=1000
04-10 01:28:46.410 1002 1664 D DisplayPowerController[0]: requestPowerState: policy=BRIGHT, useProximitySensor=false, screenBrightnessOverride=NaN, useAutoBrightness=true, screenAutoBrightnessAdjustmentOverride=NaN, screenLowPowerBrightnessFactor=1.0, blockScreenOn=false, lowPowerMode=false, boostScreenBrightness=false, dozeScreenBrightness=NaN, dozeScreenState=UNKNOWN, waitForNegativeProximity=false
04-10 01:28:46.411 1002 1664 D PowerManagerNotifier: onScreenPolicyUpdate: newPolicy=3
04-10 01:28:46.429 1002 1163 I input_focus: [Focus request 73b612c com.android.launcher3/com.android.launcher3.uioverrides.QuickstepLauncher,reason=UpdateInputWindows]
01-06 09:04:00.397 0 0 I : [MAX975X:max96755x_drm_notifier_callback] *INFO* receives BLANK:UNBLANK
04-10 01:28:46.453 1041 1041 D SurfaceFlinger: Finished setting power mode 2 on display 4630946816427681409
04-10 01:28:46.454 1002 1951 D LocalDisplayAdapter: setDisplayState(id=4630946816427681409, state=ON) ---end
04-10 01:28:46.455 1002 1951 D DisplayPowerState: Updating screen state: id=0, state=ON, backlight=1.0, sdrBacklight=1.0
04-10 01:28:46.455 1002 1951 D LocalDisplayAdapter: setDisplayBrightness(id=4630946816427681409, brightnessState=1.0, sdrBrightnessState=1.0) ---start
04-10 01:28:46.455 1002 1951 E DisplayDeviceConfig: requesting nits when no mapping exists.
04-10 01:28:46.455 1002 1211 D DisplayPowerState: Screen ready
04-10 01:28:46.456 1002 1181 I am_wtf : [0,1002,system_server,-1,DisplayDeviceConfig,requesting nits when no mapping exists.]
04-10 01:28:46.456 1002 1951 E DisplayDeviceConfig: requesting nits when no mapping exists.
04-10 01:28:46.456 1002 1211 D DisplayPowerController[0]: Display ready!
04-10 01:28:46.456 1002 1211 D DisplayPowerController[0]: Finished business...
04-10 01:28:46.456 1995 4457 D KeyguardViewMediator: notifyScreenTurnedOn
04-10 01:28:46.456 1002 1211 D DisplayPowerController[0]: requestPowerState: policy=BRIGHT, useProximitySensor=false, screenBrightnessOverride=NaN, useAutoBrightness=true, screenAutoBrightnessAdjustmentOverride=NaN, screenLowPowerBrightnessFactor=1.0, blockScreenOn=false, lowPowerMode=false, boostScreenBrightness=false, dozeScreenBrightness=NaN, dozeScreenState=UNKNOWN, waitForNegativeProximity=false
04-10 01:28:46.457 1002 1211 D PowerManagerNotifier: onScreenPolicyUpdate: newPolicy=3
04-10 01:28:46.457 1002 1211 D PowerManagerNotifier: onWakefulnessChangeFinished
04-10 01:28:46.457 1002 1002 I sysui_multi_action: [757,198,758,1,759,1,1359,147,1694,1]
04-10 01:28:46.457 1002 1002 I power_screen_state: [1,0,0,0,147]
04-10 01:28:46.457 1995 1995 D KeyguardViewMediator: handleNotifyScreenTurnedOn
04-10 01:28:46.458 1002 1181 I am_wtf : [0,1002,system_server,-1,DisplayDeviceConfig,requesting nits when no mapping exists.]
04-10 01:28:46.466 1002 1664 I input_focus: [Focus entering 73b612c com.android.launcher3/com.android.launcher3.uioverrides.QuickstepLauncher (server),reason=setFocusedWindow]
01-06 09:04:00.554 0 0 E DTC_Display: Backlight not on(0)
01-06 09:04:00.560 0 0 I atmel_mxt_ts 0-004a: FB event:1,blank:0
01-06 09:04:00.560 0 0 I atmel_mxt_ts 0-004a: drm_notifier_callback: UNBLANK! Resume by drm notifier.
04-10 01:28:46.620 2707 3045 I OpenGLRenderer: Davey! duration=8575ms; Flags=1, FrameTimelineVsyncId=9811, IntendedVsync=312749474618, Vsync=312749474618, InputEventId=0, HandleInputStart=312750436858, AnimationStart=312750437743, PerformTraversalsStart=312750438316, DrawStart=312764553212, FrameDeadline=312815474616, FrameInterval=312750433576, FrameStartTime=16666666, SyncQueued=312765463160, SyncStart=312765684254, IssueDrawCommandsStart=312765956441, SwapBuffers=312767494149, FrameCompleted=321325033886, DequeueBufferDuration=40886, QueueBufferDuration=840677, GpuCompleted=321325033886, SwapBuffersCompleted=312768982222, DisplayPresentTime=45037327713566784,
04-10 01:28:46.627 1002 1951 D LocalDisplayAdapter: setDisplayBrightness(id=4630946816427681409, brightnessState=1.0, sdrBrightnessState=1.0) ---end
04-10 01:28:46.627 1002 1211 D DisplayPowerState: Screen ready
01-06 09:04:01.080 0 0 E DTC_ETH,link_delay_work_func: 3003, SQI=0, link=0
04-10 01:28:47.167 3040 3973 W hpplay-java: [ServerTaskManager]:IPManager:getActiveNets invalid networkInfo:null
04-10 01:28:47.167 3040 3973 I hpplay-java: [ServerTaskManager]:IPManager:getActiveNets eth0:false wifi:false mobile:false ap:false
04-10 01:28:47.167 3040 3973 I hpplay-java: [ServerTaskManager]:ServerTaskManager:get local ip:null
04-10 01:28:47.173 1002 1664 I input_interaction: Interaction with: 2d5abae StatusBar (server), edge-swipe (server), swipe-up (server), PointerEventDispatcher0 (server),
04-10 01:28:47.177 1002 1664 D PowerManagerNotifier: onUserActivity: event=2, uid=1000
04-10 01:28:47.178 1002 1664 D DisplayPowerController[0]: requestPowerState: policy=BRIGHT, useProximitySensor=false, screenBrightnessOverride=NaN, useAutoBrightness=true, screenAutoBrightnessAdjustmentOverride=NaN, screenLowPowerBrightnessFactor=1.0, blockScreenOn=false, lowPowerMode=false, boostScreenBrightness=false, dozeScreenBrightness=NaN, dozeScreenState=UNKNOWN, waitForNegativeProximity=false
04-10 01:28:47.178 1002 1664 D PowerManagerNotifier: onScreenPolicyUpdate: newPolicy=3
04-10 01:28:47.187 1995 1995 I sysui_multi_action: [757,803,799,panel_open,802,1]
04-10 01:28:47.190 1995 1995 I sysui_multi_action: [757,1328,758,4,1326,61,1327,0,1329,0]
04-10 01:28:47.195 1995 1995 D StatusBar: disable disable2
04-10 01:28:47.195 1002 1510 I sysui_multi_action: [757,127,758,1]
04-10 01:28:47.196 1002 1510 I sysui_multi_action: [757,804,799,note_load,801,6,802,1]
04-10 01:28:47.196 1002 1510 I notification_panel_revealed: 6
04-10 01:28:47.209 1002 1163 I input_focus: [Focus request 10ef944 NotificationShade,reason=UpdateInputWindows]
04-10 01:28:47.224 1002 1510 I sysui_multi_action: [757,128,758,1,793,53561,794,0,795,53215,796,1,798,2,806,com.android.traceur,857,trace-is-being-recorded,858,4,947,0,1395,6,1500,53215,1688,1]
04-10 01:28:47.224 1002 1510 I sysui_multi_action: [757,804,799,note_freshness,801,53215,802,1]
04-10 01:28:47.224 1002 1510 I notification_visibility: [0|com.android.traceur|1|null|10035,1,53561,53215,0,2]
04-10 01:28:47.225 1002 1510 I sysui_multi_action: [757,128,758,1,793,272753,794,0,795,272753,796,26,798,0,806,android,857,DEVELOPER_IMPORTANT,858,4,947,0,1395,6,1500,272161,1688,1]
04-10 01:28:47.225 1002 1510 I sysui_multi_action: [757,804,799,note_freshness,801,272753,802,1]
04-10 01:28:47.225 1002 1510 I notification_visibility: [-1|android|26|null|1000,1,272753,272753,0,0]
04-10 01:28:47.225 1002 1510 I sysui_multi_action: [757,128,758,1,793,271667,794,0,795,271667,796,17303299,797,com.android.wifi,798,3,806,android,857,NETWORK_AVAILABLE,858,2,947,0,1395,6,1500,271450,1688,1]
04-10 01:28:47.225 1002 1510 I sysui_multi_action: [757,804,799,note_freshness,801,271667,802,1]
04-10 01:28:47.225 1002 1510 I notification_visibility: [0|android|17303299|com.android.wifi|1000,1,271667,271667,0,3]
04-10 01:28:47.225 1002 1510 I sysui_multi_action: [757,128,758,1,793,146905,794,0,795,146905,796,0,797,trace-kona-SKQ1.220201.001-2023-04-10-01-26-18.perfetto-trace,798,1,806,com.android.traceur,857,system-tracing,858,4,947,0,1395,6,1500,146698,1688,1]
04-10 01:28:47.226 1002 1510 I sysui_multi_action: [757,804,799,note_freshness,801,146905,802,1]
04-10 01:28:47.226 1002 1510 I notification_visibility: [0|com.android.traceur|0|trace-kona-SKQ1.220201.001-2023-04-10-01-26-18.perfetto-trace|10035,1,146905,146905,0,1]
04-10 01:28:47.226 1002 1510 I sysui_multi_action: [757,128,758,1,793,272591,794,0,795,272591,796,55,798,4,806,android,857,DEVELOPER,858,2,947,0,1395,6,1500,271654,1688,1]
04-10 01:28:47.226 1002 1510 I sysui_multi_action: [757,804,799,note_freshness,801,272591,802,1]
04-10 01:28:47.227 1002 1510 I notification_visibility: [-1|android|55|null|1000,1,272591,272591,0,4]
04-10 01:28:47.227 1002 1510 I sysui_multi_action: [757,128,758,1,793,276804,794,0,795,276804,796,32,798,5,806,android,857,USB,858,1,947,0,1395,6,1500,275989,1688,1]
04-10 01:28:47.227 1002 1510 I sysui_multi_action: [757,804,799,note_freshness,801,276804,802,1]
04-10 01:28:47.227 1002 1510 I notification_visibility: [-1|android|32|null|1000,1,276804,276804,0,5]
04-10 01:28:47.235 1995 1995 I sysui_multi_action: [757,111,758,1]
04-10 01:28:47.235 1995 1995 I sysui_multi_action: [757,268,758,1,759,268,806,com.android.traceur,871,com.android.traceur.QsService,927,0,1593,0]
04-10 01:28:47.236 1995 1995 I sysui_multi_action: [757,126,758,1,759,126,927,1,928,1,1593,1]
04-10 01:28:47.236 1995 1995 I sysui_multi_action: [757,113,758,1,759,113,927,2,928,1,1593,1]
04-10 01:28:47.236 1995 1995 I sysui_multi_action: [757,0,758,1,759,0,927,3,928,0,1593,1]
04-10 01:28:47.236 1995 1995 I sysui_multi_action: [757,0,758,1,759,0,927,4,928,0,1593,1]
04-10 01:28:47.236 1995 1995 I sysui_multi_action: [757,491,758,1,759,491,927,5,928,0,1311,-1,1593,1]
04-10 01:28:47.237 1995 1995 I sysui_multi_action: [757,0,758,1,759,0,927,6,928,0,1593,1]
04-10 01:28:47.237 1995 1995 I sysui_multi_action: [757,0,758,1,759,0,927,7,1593,1]
04-10 01:28:47.237 1995 1995 I sysui_multi_action: [757,111,758,1]
04-10 01:28:47.237 1995 1995 I sysui_multi_action: [757,268,758,1,759,268,806,com.android.traceur,871,com.android.traceur.QsService,927,0,1593,1]
04-10 01:28:47.237 1995 1995 I sysui_multi_action: [757,126,758,1,759,126,927,1,928,1,1593,1]
04-10 01:28:47.238 1995 1995 I sysui_multi_action: [757,113,758,1,759,113,927,2,928,1,1593,1]
04-10 01:28:47.238 1995 1995 I sysui_multi_action: [757,0,758,1,759,0,927,3,928,0,1593,1]
04-10 01:28:47.241 1002 1664 I input_focus: [Focus leaving 73b612c com.android.launcher3/com.android.launcher3.uioverrides.QuickstepLauncher (server),reason=setFocusedWindow]
04-10 01:28:47.241 1002 1664 I input_focus: [Focus entering 10ef944 NotificationShade (server),reason=setFocusedWindow]
04-10 01:28:47.280 1002 1664 D PowerManagerNotifier: onUserActivity: event=2, uid=1000
04-10 01:28:47.280 1002 1664 D DisplayPowerController[0]: requestPowerState: policy=BRIGHT, useProximitySensor=false, screenBrightnessOverride=NaN, useAutoBrightness=true, screenAutoBrightnessAdjustmentOverride=NaN, screenLowPowerBrightnessFactor=1.0, blockScreenOn=false, lowPowerMode=false, boostScreenBrightness=false, dozeScreenBrightness=NaN, dozeScreenState=UNKNOWN, waitForNegativeProximity=false
04-10 01:28:47.280 1002 1664 D PowerManagerNotifier: onScreenPolicyUpdate: newPolicy=3
04-10 01:28:47.284 649 662 I mpu_uart: [MSG-P:RECV]:No message received in 1000 ms
04-10 01:28:48.005 1002 1664 I input_interaction: Interaction with: 10ef944 NotificationShade (server), edge-swipe (server), swipe-up (server), PointerEventDispatcher0 (server),
04-10 01:28:48.009 1002 1664 D PowerManagerNotifier: onUserActivity: event=2, uid=1000
04-10 01:28:48.010 1002 1664 D DisplayPowerController[0]: requestPowerState: policy=BRIGHT, useProximitySensor=false, screenBrightnessOverride=NaN, useAutoBrightness=true, screenAutoBrightnessAdjustmentOverride=NaN, screenLowPowerBrightnessFactor=1.0, blockScreenOn=false, lowPowerMode=false, boostScreenBrightness=false, dozeScreenBrightness=NaN, dozeScreenState=UNKNOWN, waitForNegativeProximity=false
04-10 01:28:48.010 1002 1664 D PowerManagerNotifier: onScreenPolicyUpdate: newPolicy=3
04-10 01:28:48.069 1995 3033 W FrameTracker: Missed SF frame:66
04-10 01:28:48.070 1995 3033 W FrameTracker: Missed SF frame:66
04-10 01:28:48.070 1995 3033 W FrameTracker: Missed SF frame:66
04-10 01:28:48.070 1995 3033 W FrameTracker: Missed SF frame:66
04-10 01:28:48.070 1995 3033 W FrameTracker: Missed SF frame:66
04-10 01:28:48.070 1995 3033 W FrameTracker: Missed SF frame:66
04-10 01:28:48.070 1995 3033 W FrameTracker: Missed SF frame:66
04-10 01:28:48.070 1995 3033 W FrameTracker: Missed SF frame:66
04-10 01:28:48.071 1995 3033 W FrameTracker: Missed SF frame:66
04-10 01:28:48.071 1995 3033 W FrameTracker: Missed SF frame:66
04-10 01:28:48.071 1995 3033 W FrameTracker: Missed SF frame:66
04-10 01:28:48.071 1995 3033 W FrameTracker: Missed SF frame:66
04-10 01:28:48.071 1995 3033 W FrameTracker: Missed SF frame:66
04-10 01:28:48.071 1995 3033 W FrameTracker: Missed SF frame:66
04-10 01:28:48.071 1995 3033 W FrameTracker: Missed SF frame:66
04-10 01:28:48.071 1995 3033 W FrameTracker: Missed SF frame:66
04-10 01:28:48.071 1995 3033 W FrameTracker: Missed SF frame:66
04-10 01:28:48.071 1995 3033 W FrameTracker: Missed SF frame:66
04-10 01:28:48.071 1995 3033 W FrameTracker: Missed SF frame:66
04-10 01:28:48.072 1995 3033 V PerfettoTrigger: Not triggering com.android.telemetry.interaction-jank-monitor-0 - not enough time since last trigger
04-10 01:28:48.175 1002 1664 D PowerManagerNotifier: onUserActivity: event=2, uid=1000
04-10 01:28:48.176 1002 1664 D DisplayPowerController[0]: requestPowerState: policy=BRIGHT, useProximitySensor=false, screenBrightnessOverride=NaN, useAutoBrightness=true, screenAutoBrightnessAdjustmentOverride=NaN, screenLowPowerBrightnessFactor=1.0, blockScreenOn=false, lowPowerMode=false, boostScreenBrightness=false, dozeScreenBrightness=NaN, dozeScreenState=UNKNOWN, waitForNegativeProximity=false
04-10 01:28:48.176 1002 1664 D PowerManagerNotifier: onScreenPolicyUpdate: newPolicy=3
04-10 01:28:48.178 1002 1509 D WindowManager: interceptKeyBeforeQueueing: ---> event=KeyEvent { action=ACTION_DOWN, keyCode=KEYCODE_POWER, scanCode=0, metaState=0, flags=0x0, repeatCount=0, eventTime=323063, downTime=323063, deviceId=-1, source=0x0, displayId=0 } ---stack--- java.lang.Throwable
04-10 01:28:48.178 1002 1509 D WindowManager: at com.android.server.policy.PhoneWindowManager.interceptKeyBeforeQueueing(PhoneWindowManager.java:3422)
04-10 01:28:48.178 1002 1509 D WindowManager: at com.android.server.wm.InputManagerCallback.interceptKeyBeforeQueueing(InputManagerCallback.java:149)
04-10 01:28:48.178 1002 1509 D WindowManager: at com.android.server.input.InputManagerService.interceptKeyBeforeQueueing(InputManagerService.java:2827)
04-10 01:28:48.178 1002 1509 D WindowManager: at com.android.server.input.InputManagerService.nativeInjectInputEvent(Native Method)
04-10 01:28:48.178 1002 1509 D WindowManager: at com.android.server.input.InputManagerService.injectInputEventInternal(InputManagerService.java:874)
04-10 01:28:48.178 1002 1509 D WindowManager: at com.android.server.input.InputManagerService.injectInputEvent(InputManagerService.java:834)
04-10 01:28:48.178 1002 1509 D WindowManager: at android.hardware.input.IInputManager$Stub.onTransact(IInputManager.java:588)
04-10 01:28:48.178 1002 1509 D WindowManager: at android.os.Binder.execTransactInternal(Binder.java:1179)
04-10 01:28:48.178 1002 1509 D WindowManager: at android.os.Binder.execTransact(Binder.java:1143)
04-10 01:28:48.178 1002 1509 I intercept_power: [ACTION_DOWN,0,0]
04-10 01:28:48.178 1002 1509 D DisplayPowerController[0]: requestPowerState: policy=BRIGHT, useProximitySensor=false, screenBrightnessOverride=NaN, useAutoBrightness=true, screenAutoBrightnessAdjustmentOverride=NaN, screenLowPowerBrightnessFactor=1.0, blockScreenOn=false, lowPowerMode=false, boostScreenBrightness=false, dozeScreenBrightness=NaN, dozeScreenState=UNKNOWN, waitForNegativeProximity=false
04-10 01:28:48.179 1002 1509 D PowerManagerNotifier: onScreenPolicyUpdate: newPolicy=3
04-10 01:28:48.180 3040 3973 W hpplay-java: [ServerTaskManager]:IPManager:getActiveNets invalid networkInfo:null
04-10 01:28:48.180 3040 3973 I hpplay-java: [ServerTaskManager]:IPManager:getActiveNets eth0:false wifi:false mobile:false ap:false
04-10 01:28:48.180 3040 3973 I hpplay-java: [ServerTaskManager]:ServerTaskManager:get local ip:null
04-10 01:28:48.183 1002 1509 D PowerManagerNotifier: onWakeLockAcquired: flags=1, tag="PhoneWindowManager.mPowerKeyWakeLock", packageName=android, ownerUid=1000, ownerPid=1002, workSource=null
04-10 01:28:48.237 1002 1509 D WindowManager: interceptKeyBeforeQueueing: ---> event=KeyEvent { action=ACTION_UP, keyCode=KEYCODE_POWER, scanCode=0, metaState=0, flags=0x0, repeatCount=0, eventTime=323063, downTime=323122, deviceId=-1, source=0x0, displayId=0 } ---stack--- java.lang.Throwable
04-10 01:28:48.237 1002 1509 D WindowManager: at com.android.server.policy.PhoneWindowManager.interceptKeyBeforeQueueing(PhoneWindowManager.java:3422)
04-10 01:28:48.237 1002 1509 D WindowManager: at com.android.server.wm.InputManagerCallback.interceptKeyBeforeQueueing(InputManagerCallback.java:149)
04-10 01:28:48.237 1002 1509 D WindowManager: at com.android.server.input.InputManagerService.interceptKeyBeforeQueueing(InputManagerService.java:2827)
04-10 01:28:48.237 1002 1509 D WindowManager: at com.android.server.input.InputManagerService.nativeInjectInputEvent(Native Method)
04-10 01:28:48.237 1002 1509 D WindowManager: at com.android.server.input.InputManagerService.injectInputEventInternal(InputManagerService.java:874)
04-10 01:28:48.237 1002 1509 D WindowManager: at com.android.server.input.InputManagerService.injectInputEvent(InputManagerService.java:834)
04-10 01:28:48.237 1002 1509 D WindowManager: at android.hardware.input.IInputManager$Stub.onTransact(IInputManager.java:588)
04-10 01:28:48.237 1002 1509 D WindowManager: at android.os.Binder.execTransactInternal(Binder.java:1179)
04-10 01:28:48.237 1002 1509 D WindowManager: at android.os.Binder.execTransact(Binder.java:1143)
04-10 01:28:48.238 1002 1509 I intercept_power: [ACTION_UP,0,0]
04-10 01:28:48.238 1002 1002 D WindowManager: powerPress: eventTime=323122 interactive=true count=0 beganFromNonInteractive=false mShortPressOnPowerBehavior=1
04-10 01:28:48.238 1002 1002 I PowerManagerService: Powering off display group due to power_button (groupId= 0, uid= 1000)...
04-10 01:28:48.238 1002 1002 I PowerManagerService: Going to sleep due to power_button (uid 1000)...
04-10 01:28:48.241 1002 1002 D PowerManagerNotifier: onWakefulnessChangeStarted: wakefulness=3, reason=4, interactive=false
04-10 01:28:48.242 1002 1002 I power_sleep_requested: 0
04-10 01:28:48.242 1002 1002 D DisplayPowerController[0]: requestPowerState: policy=BRIGHT, useProximitySensor=false, screenBrightnessOverride=NaN, useAutoBrightness=true, screenAutoBrightnessAdjustmentOverride=NaN, screenLowPowerBrightnessFactor=1.0, blockScreenOn=false, lowPowerMode=false, boostScreenBrightness=false, dozeScreenBrightness=NaN, dozeScreenState=UNKNOWN, waitForNegativeProximity=false
04-10 01:28:48.242 1002 1002 D PowerManagerNotifier: onScreenPolicyUpdate: newPolicy=3
04-10 01:28:48.243 1002 1509 D PowerManagerNotifier: onWakeLockReleased: flags=1, tag="PhoneWindowManager.mPowerKeyWakeLock", packageName=android, ownerUid=1000, ownerPid=1002, workSource=null
04-10 01:28:48.244 1002 1509 D DisplayPowerController[0]: requestPowerState: policy=BRIGHT, useProximitySensor=false, screenBrightnessOverride=NaN, useAutoBrightness=true, screenAutoBrightnessAdjustmentOverride=NaN, screenLowPowerBrightnessFactor=1.0, blockScreenOn=false, lowPowerMode=false, boostScreenBrightness=false, dozeScreenBrightness=NaN, dozeScreenState=UNKNOWN, waitForNegativeProximity=false
04-10 01:28:48.244 1002 1509 D PowerManagerNotifier: onScreenPolicyUpdate: newPolicy=3
04-10 01:28:48.245 1002 1211 I PowerManagerService: Sleeping display group (groupId=0, uid=1000)...
04-10 01:28:48.245 1002 1211 I PowerManagerService: Sleeping (uid 1000)...
04-10 01:28:48.247 1002 1211 D PowerManagerNotifier: onWakefulnessChangeStarted: wakefulness=0, reason=2, interactive=false
04-10 01:28:48.248 1002 1211 D DisplayPowerController[0]: requestPowerState: policy=OFF, useProximitySensor=false, screenBrightnessOverride=NaN, useAutoBrightness=true, screenAutoBrightnessAdjustmentOverride=NaN, screenLowPowerBrightnessFactor=1.0, blockScreenOn=false, lowPowerMode=false, boostScreenBrightness=false, dozeScreenBrightness=NaN, dozeScreenState=UNKNOWN, waitForNegativeProximity=false
04-10 01:28:48.248 1002 1211 D PowerManagerNotifier: onScreenPolicyUpdate: newPolicy=0
04-10 01:28:48.249 1995 4634 D KeyguardViewMediator: onStartedGoingToSleep(2)
04-10 01:28:48.252 961 961 I SDM : HWCDisplay::GetColorModeCount: Supported color mode count = 1
04-10 01:28:48.253 961 961 I SDM : HWCDisplay::GetColorModes: Color mode = 0 is supported
04-10 01:28:48.253 1041 1684 E HWComposer: getSupportedContentTypes: getSupportedContentTypes failed for display 4630946816427681409: Unsupported (8)
04-10 01:28:48.256 1995 4634 D KeyguardViewMediator: notifyStartedGoingToSleep
04-10 01:28:48.263 1995 1995 V KeyguardUpdateMonitor: startListeningForFingerprint()
04-10 01:28:48.265 1995 1995 V KeyguardUpdateMonitor: startListeningForFingerprint()
04-10 01:28:48.265 1995 1995 D KeyguardViewMediator: handleNotifyStartedGoingToSleep
04-10 01:28:48.268 1002 1510 I sysui_multi_action: [757,128,758,2,793,277845,794,1041,795,277845,796,32,798,5,806,android,857,USB,858,1,947,0,1395,6,1500,277030,1688,1]
04-10 01:28:48.268 1002 1510 I notification_visibility: [-1|android|32|null|1000,0,277845,277845,0,5]
04-10 01:28:48.285 649 662 I mpu_uart: [MSG-P:RECV]:No message received in 1000 ms
04-10 01:28:48.305 1002 1211 D DisplayPowerController[0]: Unfinished business...
04-10 01:28:48.305 1002 1211 I sysui_multi_action: [757,1696,758,6,759,0]
04-10 01:28:48.376 1002 1211 D DisplayPowerState: setColorFadeLevel: level=0.0
04-10 01:28:48.385 2544 2544 D RemoteControlService: startVlanDispatchThread
04-10 01:28:48.396 1002 1211 D DisplayPowerState: Requesting new screen state: state=ON, backlight=-1.0
04-10 01:28:48.396 1002 1211 D DisplayPowerState: Screen ready
04-10 01:28:48.397 1002 1951 D DisplayPowerState: Updating screen state: id=0, state=ON, backlight=-1.0, sdrBacklight=-1.0
04-10 01:28:48.397 1002 1211 I DisplayPowerController[0]: Blocking screen off
04-10 01:28:48.397 1002 1951 D LocalDisplayAdapter: setDisplayBrightness(id=4630946816427681409, brightnessState=-1.0, sdrBrightnessState=-1.0) ---start
04-10 01:28:48.397 1002 1951 E DisplayDeviceConfig: requesting nits when no mapping exists.
04-10 01:28:48.397 1002 1211 I DisplayPowerController[0]: Unblocked screen off after 0 ms
04-10 01:28:48.398 1002 1951 E DisplayDeviceConfig: requesting nits when no mapping exists.
04-10 01:28:48.399 1002 1181 I am_wtf : [0,1002,system_server,-1,DisplayDeviceConfig,requesting nits when no mapping exists.]
04-10 01:28:48.400 1002 1211 D DisplayPowerState: setScreenState: state=1
04-10 01:28:48.401 1002 1211 D ActivityTaskManager: Top Process State changed to PROCESS_STATE_TOP_SLEEPING
