04-10 01:27:18.842 1002 1181 I am_wtf : [0,1002,system_server,-1,DisplayDeviceConfig,requesting nits when no mapping exists.]
04-10 01:27:18.857 1002 1181 I am_wtf : [0,1002,system_server,-1,DisplayDeviceConfig,requesting nits when no mapping exists.]
04-10 01:27:18.858 1002 1181 I am_wtf : [0,1002,system_server,-1,DisplayDeviceConfig,requesting nits when no mapping exists.]
04-10 01:27:18.874 1002 1181 I am_wtf : [0,1002,system_server,-1,DisplayDeviceConfig,requesting nits when no mapping exists.]
04-10 01:27:18.875 1002 1181 I am_wtf : [0,1002,system_server,-1,DisplayDeviceConfig,requesting nits when no mapping exists.]
04-10 01:27:18.890 1002 1181 I am_wtf : [0,1002,system_server,-1,DisplayDeviceConfig,requesting nits when no mapping exists.]
04-10 01:27:18.891 1002 1181 I am_wtf : [0,1002,system_server,-1,DisplayDeviceConfig,requesting nits when no mapping exists.]
04-10 01:27:18.907 1002 1181 I am_wtf : [0,1002,system_server,-1,DisplayDeviceConfig,requesting nits when no mapping exists.]
04-10 01:27:18.908 1002 1181 I am_wtf : [0,1002,system_server,-1,DisplayDeviceConfig,requesting nits when no mapping exists.]
04-10 01:27:18.923 1002 1181 I am_wtf : [0,1002,system_server,-1,DisplayDeviceConfig,requesting nits when no mapping exists.]
04-10 01:27:18.924 1002 1181 I am_wtf : [0,1002,system_server,-1,DisplayDeviceConfig,requesting nits when no mapping exists.]
04-10 01:27:18.940 1002 1181 I am_wtf : [0,1002,system_server,-1,DisplayDeviceConfig,requesting nits when no mapping exists.]
04-10 01:27:18.941 1002 1181 I am_wtf : [0,1002,system_server,-1,DisplayDeviceConfig,requesting nits when no mapping exists.]
04-10 01:27:18.957 1002 1181 I am_wtf : [0,1002,system_server,-1,DisplayDeviceConfig,requesting nits when no mapping exists.]
04-10 01:27:18.958 1002 1181 I am_wtf : [0,1002,system_server,-1,DisplayDeviceConfig,requesting nits when no mapping exists.]
04-10 01:27:18.973 1002 1181 I am_wtf : [0,1002,system_server,-1,DisplayDeviceConfig,requesting nits when no mapping exists.]
04-10 01:27:18.974 1002 1181 I am_wtf : [0,1002,system_server,-1,DisplayDeviceConfig,requesting nits when no mapping exists.]
04-10 01:27:18.990 1002 1181 I am_wtf : [0,1002,system_server,-1,DisplayDeviceConfig,requesting nits when no mapping exists.]
04-10 01:27:18.991 1002 1181 I am_wtf : [0,1002,system_server,-1,DisplayDeviceConfig,requesting nits when no mapping exists.]
04-10 01:27:19.007 1002 1181 I am_wtf : [0,1002,system_server,-1,DisplayDeviceConfig,requesting nits when no mapping exists.]
04-10 01:27:19.008 1002 1181 I am_wtf : [0,1002,system_server,-1,DisplayDeviceConfig,requesting nits when no mapping exists.]
04-10 01:27:19.024 1002 1181 I am_wtf : [0,1002,system_server,-1,DisplayDeviceConfig,requesting nits when no mapping exists.]
04-10 01:27:19.024 1002 1181 I am_wtf : [0,1002,system_server,-1,DisplayDeviceConfig,requesting nits when no mapping exists.]
04-10 01:27:19.040 1002 1181 I am_wtf : [0,1002,system_server,-1,DisplayDeviceConfig,requesting nits when no mapping exists.]
04-10 01:27:19.041 1002 1181 I am_wtf : [0,1002,system_server,-1,DisplayDeviceConfig,requesting nits when no mapping exists.]
04-10 01:27:19.057 1002 1181 I am_wtf : [0,1002,system_server,-1,DisplayDeviceConfig,requesting nits when no mapping exists.]
04-10 01:27:19.058 1002 1181 I am_wtf : [0,1002,system_server,-1,DisplayDeviceConfig,requesting nits when no mapping exists.]
04-10 01:27:19.074 1002 1181 I am_wtf : [0,1002,system_server,-1,DisplayDeviceConfig,requesting nits when no mapping exists.]
04-10 01:27:19.076 1002 1181 I am_wtf : [0,1002,system_server,-1,DisplayDeviceConfig,requesting nits when no mapping exists.]
04-10 01:27:19.091 1002 1181 I am_wtf : [0,1002,system_server,-1,DisplayDeviceConfig,requesting nits when no mapping exists.]
04-10 01:27:19.092 1002 1181 I am_wtf : [0,1002,system_server,-1,DisplayDeviceConfig,requesting nits when no mapping exists.]
04-10 01:27:19.107 1002 1181 I am_wtf : [0,1002,system_server,-1,DisplayDeviceConfig,requesting nits when no mapping exists.]
04-10 01:27:19.108 1002 1181 I am_wtf : [0,1002,system_server,-1,DisplayDeviceConfig,requesting nits when no mapping exists.]
04-10 01:27:19.124 1002 1181 I am_wtf : [0,1002,system_server,-1,DisplayDeviceConfig,requesting nits when no mapping exists.]
04-10 01:27:19.125 1002 1181 I am_wtf : [0,1002,system_server,-1,DisplayDeviceConfig,requesting nits when no mapping exists.]
04-10 01:27:19.140 1002 1181 I am_wtf : [0,1002,system_server,-1,DisplayDeviceConfig,requesting nits when no mapping exists.]
04-10 01:27:19.141 1002 1181 I am_wtf : [0,1002,system_server,-1,DisplayDeviceConfig,requesting nits when no mapping exists.]
04-10 01:27:19.157 1002 1181 I am_wtf : [0,1002,system_server,-1,DisplayDeviceConfig,requesting nits when no mapping exists.]
04-10 01:27:19.158 1002 1181 I am_wtf : [0,1002,system_server,-1,DisplayDeviceConfig,requesting nits when no mapping exists.]
04-10 01:27:19.174 1002 1181 I am_wtf : [0,1002,system_server,-1,DisplayDeviceConfig,requesting nits when no mapping exists.]
04-10 01:27:19.175 1002 1181 I am_wtf : [0,1002,system_server,-1,DisplayDeviceConfig,requesting nits when no mapping exists.]
04-10 01:27:19.191 1002 1181 I am_wtf : [0,1002,system_server,-1,DisplayDeviceConfig,requesting nits when no mapping exists.]
04-10 01:27:19.191 1002 1181 I am_wtf : [0,1002,system_server,-1,DisplayDeviceConfig,requesting nits when no mapping exists.]
04-10 01:27:19.207 1002 1181 I am_wtf : [0,1002,system_server,-1,DisplayDeviceConfig,requesting nits when no mapping exists.]
04-10 01:27:19.208 1002 1181 I am_wtf : [0,1002,system_server,-1,DisplayDeviceConfig,requesting nits when no mapping exists.]
04-10 01:27:19.224 1002 1181 I am_wtf : [0,1002,system_server,-1,DisplayDeviceConfig,requesting nits when no mapping exists.]
04-10 01:27:19.225 1002 1181 I am_wtf : [0,1002,system_server,-1,DisplayDeviceConfig,requesting nits when no mapping exists.]
04-10 01:27:19.241 1002 1181 I am_wtf : [0,1002,system_server,-1,DisplayDeviceConfig,requesting nits when no mapping exists.]
04-10 01:27:19.242 1002 1181 I am_wtf : [0,1002,system_server,-1,DisplayDeviceConfig,requesting nits when no mapping exists.]
04-10 01:27:19.258 1002 1181 I am_wtf : [0,1002,system_server,-1,DisplayDeviceConfig,requesting nits when no mapping exists.]
04-10 01:27:19.259 1002 1181 I am_wtf : [0,1002,system_server,-1,DisplayDeviceConfig,requesting nits when no mapping exists.]
04-10 01:27:19.274 1002 1181 I am_wtf : [0,1002,system_server,-1,DisplayDeviceConfig,requesting nits when no mapping exists.]
04-10 01:27:19.275 1002 1181 I am_wtf : [0,1002,system_server,-1,DisplayDeviceConfig,requesting nits when no mapping exists.]
04-10 01:27:19.291 1002 1181 I am_wtf : [0,1002,system_server,-1,DisplayDeviceConfig,requesting nits when no mapping exists.]
04-10 01:27:19.292 1002 1181 I am_wtf : [0,1002,system_server,-1,DisplayDeviceConfig,requesting nits when no mapping exists.]
04-10 01:27:19.308 1002 1181 I am_wtf : [0,1002,system_server,-1,DisplayDeviceConfig,requesting nits when no mapping exists.]
04-10 01:27:19.308 1002 1181 I am_wtf : [0,1002,system_server,-1,DisplayDeviceConfig,requesting nits when no mapping exists.]
04-10 01:27:19.324 1002 1181 I am_wtf : [0,1002,system_server,-1,DisplayDeviceConfig,requesting nits when no mapping exists.]
04-10 01:27:19.325 1002 1181 I am_wtf : [0,1002,system_server,-1,DisplayDeviceConfig,requesting nits when no mapping exists.]
04-10 01:27:19.341 1002 1181 I am_wtf : [0,1002,system_server,-1,DisplayDeviceConfig,requesting nits when no mapping exists.]
04-10 01:27:19.342 1002 1181 I am_wtf : [0,1002,system_server,-1,DisplayDeviceConfig,requesting nits when no mapping exists.]
04-10 01:27:19.358 1002 1181 I am_wtf : [0,1002,system_server,-1,DisplayDeviceConfig,requesting nits when no mapping exists.]
04-10 01:27:19.359 1002 1181 I am_wtf : [0,1002,system_server,-1,DisplayDeviceConfig,requesting nits when no mapping exists.]
04-10 01:27:19.374 1002 1181 I am_wtf : [0,1002,system_server,-1,DisplayDeviceConfig,requesting nits when no mapping exists.]
04-10 01:27:19.375 1002 1181 I am_wtf : [0,1002,system_server,-1,DisplayDeviceConfig,requesting nits when no mapping exists.]
04-10 01:27:19.391 1002 1181 I am_wtf : [0,1002,system_server,-1,DisplayDeviceConfig,requesting nits when no mapping exists.]
04-10 01:27:19.392 1002 1181 I am_wtf : [0,1002,system_server,-1,DisplayDeviceConfig,requesting nits when no mapping exists.]
04-10 01:27:19.408 1002 1181 I am_wtf : [0,1002,system_server,-1,DisplayDeviceConfig,requesting nits when no mapping exists.]
04-10 01:27:19.409 1002 1181 I am_wtf : [0,1002,system_server,-1,DisplayDeviceConfig,requesting nits when no mapping exists.]
04-10 01:27:19.424 1002 1181 I am_wtf : [0,1002,system_server,-1,DisplayDeviceConfig,requesting nits when no mapping exists.]
04-10 01:27:19.425 1002 1181 I am_wtf : [0,1002,system_server,-1,DisplayDeviceConfig,requesting nits when no mapping exists.]
04-10 01:27:19.441 1002 1181 I am_wtf : [0,1002,system_server,-1,DisplayDeviceConfig,requesting nits when no mapping exists.]
04-10 01:27:19.442 1002 1181 I am_wtf : [0,1002,system_server,-1,DisplayDeviceConfig,requesting nits when no mapping exists.]
04-10 01:27:20.324 1002 1181 I am_uid_idle: 10035
04-10 01:27:23.799 3040 3040 I auditd : type=1400 audit(0.0:198): avc: granted { read } for comm=4173796E635461736B20233336 name="arp" dev="proc" ino=4026532256 scontext=u:r:platform_app:s0:c512,c768 tcontext=u:object_r:proc_net:s0 tclass=file app=com.hht.lebocast
04-10 01:27:23.799 3040 3040 I auditd : type=1400 audit(0.0:199): avc: granted { read open } for comm=4173796E635461736B20233336 path="/proc/3040/net/arp" dev="proc" ino=4026532256 scontext=u:r:platform_app:s0:c512,c768 tcontext=u:object_r:proc_net:s0 tclass=file app=com.hht.lebocast
04-10 01:27:23.803 3040 3040 I auditd : type=1400 audit(0.0:200): avc: granted { getattr } for comm=4173796E635461736B20233336 path="/proc/3040/net/arp" dev="proc" ino=4026532256 scontext=u:r:platform_app:s0:c512,c768 tcontext=u:object_r:proc_net:s0 tclass=file app=com.hht.lebocast
04-10 01:27:23.803 3040 3040 I auditd : type=1400 audit(0.0:201): avc: granted { getattr } for comm=4173796E635461736B20233336 path="/proc/3040/net/arp" dev="proc" ino=4026532256 scontext=u:r:platform_app:s0:c512,c768 tcontext=u:object_r:proc_net:s0 tclass=file app=com.hht.lebocast --------- beginning of main
04-10 01:27:42.220 649 662 I mpu_uart: [MSG-P:RECV]:No message received in 1000 ms
04-10 01:27:42.865 3040 3973 W hpplay-java: [ServerTaskManager]:IPManager:getActiveNets invalid networkInfo:null
04-10 01:27:42.866 3040 3973 I hpplay-java: [ServerTaskManager]:IPManager:getActiveNets eth0:false wifi:false mobile:false ap:false
04-10 01:27:42.866 3040 3973 I hpplay-java: [ServerTaskManager]:ServerTaskManager:get local ip:null
04-10 01:27:43.064 2544 2544 D RemoteControlService: startVlanDispatchThread
04-10 01:27:43.221 649 662 I mpu_uart: [MSG-P:RECV]:No message received in 1000 ms
04-10 01:27:43.266 649 661 I mpu_uart: [MSG-P:R]:recv sync frame timeout
04-10 01:27:43.869 3040 3973 W hpplay-java: [ServerTaskManager]:IPManager:getActiveNets invalid networkInfo:null
04-10 01:27:43.870 3040 3973 I hpplay-java: [ServerTaskManager]:IPManager:getActiveNets eth0:false wifi:false mobile:false ap:false
04-10 01:27:43.870 3040 3973 I hpplay-java: [ServerTaskManager]:ServerTaskManager:get local ip:null
04-10 01:27:44.222 649 662 I mpu_uart: [MSG-P:RECV]:No message received in 1000 ms
04-10 01:27:44.875 3040 3973 W hpplay-java: [ServerTaskManager]:IPManager:getActiveNets invalid networkInfo:null
04-10 01:27:44.876 3040 3973 I hpplay-java: [ServerTaskManager]:IPManager:getActiveNets eth0:false wifi:false mobile:false ap:false
04-10 01:27:44.876 3040 3973 I hpplay-java: [ServerTaskManager]:ServerTaskManager:get local ip:null
04-10 01:27:45.223 649 662 I mpu_uart: [MSG-P:RECV]:No message received in 1000 ms --------- beginning of kernel
01-06 09:02:59.640 0 0 E DTC_ETH,link_delay_work_func: 3003, SQI=0, link=0
04-10 01:27:45.880 3040 3973 W hpplay-java: [ServerTaskManager]:IPManager:getActiveNets invalid networkInfo:null
04-10 01:27:45.880 3040 3973 I hpplay-java: [ServerTaskManager]:IPManager:getActiveNets eth0:false wifi:false mobile:false ap:false
04-10 01:27:45.880 3040 3973 I hpplay-java: [ServerTaskManager]:ServerTaskManager:get local ip:null
04-10 01:27:46.223 649 662 I mpu_uart: [MSG-P:RECV]:No message received in 1000 ms
04-10 01:27:46.270 649 661 I mpu_uart: [MSG-P:R]:recv sync frame timeout
04-10 01:27:46.883 3040 3973 W hpplay-java: [ServerTaskManager]:IPManager:getActiveNets invalid networkInfo:null
04-10 01:27:46.883 3040 3973 I hpplay-java: [ServerTaskManager]:IPManager:getActiveNets eth0:false wifi:false mobile:false ap:false
04-10 01:27:46.883 3040 3973 I hpplay-java: [ServerTaskManager]:ServerTaskManager:get local ip:null
04-10 01:27:47.224 649 662 I mpu_uart: [MSG-P:RECV]:No message received in 1000 ms
01-06 09:03:01.188 0 0 I logd : logdr: UID=2000 GID=2000 PID=4558 b tail=0 logMask=bf pid=0 start=0ns deadline=0ns
04-10 01:27:47.889 3040 3973 W hpplay-java: [ServerTaskManager]:IPManager:getActiveNets invalid networkInfo:null
04-10 01:27:47.889 3040 3973 I hpplay-java: [ServerTaskManager]:IPManager:getActiveNets eth0:false wifi:false mobile:false ap:false
04-10 01:27:47.889 3040 3973 I hpplay-java: [ServerTaskManager]:ServerTaskManager:get local ip:null
04-10 01:27:48.103 2544 2544 D RemoteControlService: startVlanDispatchThread
04-10 01:27:48.225 649 662 I mpu_uart: [MSG-P:RECV]:No message received in 1000 ms
04-10 01:27:48.607 1002 1177 I am_pss : [4505,10052,com.thundercomm.screensaver,59819008,53870592,0,172109824,0,2,18]
04-10 01:27:48.630 1002 1177 I am_pss : [2707,10079,com.android.launcher3,67067904,56238080,0,194797568,0,6,17]
04-10 01:27:48.895 3040 3973 W hpplay-java: [ServerTaskManager]:IPManager:getActiveNets invalid networkInfo:null
04-10 01:27:48.896 3040 3973 I hpplay-java: [ServerTaskManager]:IPManager:getActiveNets eth0:false wifi:false mobile:false ap:false
04-10 01:27:48.896 3040 3973 I hpplay-java: [ServerTaskManager]:ServerTaskManager:get local ip:null
04-10 01:27:49.227 649 662 I mpu_uart: [MSG-P:RECV]:No message received in 1000 ms
04-10 01:27:49.275 649 661 I mpu_uart: [MSG-P:R]:recv sync frame timeout
01-06 09:03:03.685 0 0 I logd : logdr: UID=2000 GID=2000 PID=4561 b tail=0 logMask=bf pid=0 start=0ns deadline=0ns
04-10 01:27:49.900 3040 3973 W hpplay-java: [ServerTaskManager]:IPManager:getActiveNets invalid networkInfo:null
04-10 01:27:49.901 3040 3973 I hpplay-java: [ServerTaskManager]:IPManager:getActiveNets eth0:false wifi:false mobile:false ap:false
04-10 01:27:49.901 3040 3973 I hpplay-java: [ServerTaskManager]:ServerTaskManager:get local ip:null
04-10 01:27:50.228 649 662 I mpu_uart: [MSG-P:RECV]:No message received in 1000 ms
01-06 09:03:04.760 0 0 E DTC_ETH,link_delay_work_func: 3003, SQI=0, link=0
04-10 01:27:50.905 3040 3973 W hpplay-java: [ServerTaskManager]:IPManager:getActiveNets invalid networkInfo:null
04-10 01:27:50.906 3040 3973 I hpplay-java: [ServerTaskManager]:IPManager:getActiveNets eth0:false wifi:false mobile:false ap:false
04-10 01:27:50.906 3040 3973 I hpplay-java: [ServerTaskManager]:ServerTaskManager:get local ip:null
04-10 01:27:51.143 1002 1664 I input_interaction: Interaction with: 9e88c90 com.thundercomm.screensaver/android.service.dreams.DreamActivity (server), edge-swipe (server), swipe-up (server), PointerEventDispatcher0 (server), --------- beginning of system
04-10 01:27:51.146 1002 1664 D PowerManagerNotifier: onUserActivity: event=2, uid=1000
04-10 01:27:51.156 1002 3060 I wm_finish_activity: [0,198181086,13,com.thundercomm.screensaver/android.service.dreams.DreamActivity,finish-activity]
04-10 01:27:51.157 1002 3060 I wm_task_moved: [1,1,5]
04-10 01:27:51.158 1002 3060 I wm_task_moved: [12,1,2147483647]
04-10 01:27:51.158 1002 3060 I wm_task_to_front: [0,12]
04-10 01:27:51.158 1002 3060 I wm_focused_root_task: [0,0,1,13,finish-top adjustFocusToNextFocusableTask]
04-10 01:27:51.159 1002 3060 I wm_set_resumed_activity: [0,com.android.launcher3/.uioverrides.QuickstepLauncher,finish-top adjustFocusToNextFocusableTask]
04-10 01:27:51.159 1002 3060 D ActivityTrigger: ActivityTrigger activityPauseTrigger
04-10 01:27:51.161 1002 3060 I wm_pause_activity: [0,198181086,com.thundercomm.screensaver/android.service.dreams.DreamActivity,userLeaving=false,finish]
04-10 01:27:51.165 1002 1002 I service_manager_stats: [110,73,32620]
04-10 01:27:51.166 1002 1664 D DisplayPowerController[0]: requestPowerState: policy=BRIGHT, useProximitySensor=false, screenBrightnessOverride=NaN, useAutoBrightness=true, screenAutoBrightnessAdjustmentOverride=NaN, screenLowPowerBrightnessFactor=1.0, blockScreenOn=false, lowPowerMode=false, boostScreenBrightness=false, dozeScreenBrightness=NaN, dozeScreenState=UNKNOWN, waitForNegativeProximity=false
04-10 01:27:51.166 1002 1664 D PowerManagerNotifier: onScreenPolicyUpdate: newPolicy=3
04-10 01:27:51.167 1002 3060 D DisplayPowerController[0]: requestPowerState: policy=BRIGHT, useProximitySensor=false, screenBrightnessOverride=NaN, useAutoBrightness=true, screenAutoBrightnessAdjustmentOverride=NaN, screenLowPowerBrightnessFactor=1.0, blockScreenOn=false, lowPowerMode=false, boostScreenBrightness=false, dozeScreenBrightness=NaN, dozeScreenState=UNKNOWN, waitForNegativeProximity=false
04-10 01:27:51.167 1002 3060 D PowerManagerNotifier: onScreenPolicyUpdate: newPolicy=3
04-10 01:27:51.167 1002 3060 D PowerManagerNotifier: onWakeLockAcquired: flags=1, tag="*launch*", packageName=android, ownerUid=1000, ownerPid=1002, workSource=WorkSource{10052}
04-10 01:27:51.183 1002 1068 I DreamManagerService: Gently waking up from dream.
04-10 01:27:51.186 1002 1158 I DreamManagerService: Performing gentle wake from dream.
04-10 01:27:51.187 4505 4505 I wm_on_top_resumed_lost_called: [198181086,android.service.dreams.DreamActivity,topStateChangedWhenResumed]
04-10 01:27:51.191 1002 1161 I sysui_multi_action: [757,803,799,window_time_0,802,33]
04-10 01:27:51.194 4505 4505 I wm_on_paused_called: [198181086,android.service.dreams.DreamActivity,performPause]
04-10 01:27:51.195 1002 3323 I wm_add_to_stopping: [0,198181086,com.thundercomm.screensaver/android.service.dreams.DreamActivity,completeFinishing]
04-10 01:27:51.197 1002 3323 D PowerManagerNotifier: onWakeLockChanging: flags=1, tag="*launch*", packageName=android, ownerUid=1000, ownerPid=1002, workSource=WorkSource{10079}
04-10 01:27:51.197 1002 3323 I ActivityTaskManager: FOREGROUND_APPLICATION_CHANGED to com.android.launcher3.uioverrides.QuickstepLauncher
04-10 01:27:51.202 1002 3323 I wm_set_resumed_activity: [0,com.android.launcher3/.uioverrides.QuickstepLauncher,resumeTopActivityInnerLocked]
04-10 01:27:51.203 1995 3044 D KeyguardViewMediator: setOccluded false
04-10 01:27:51.204 1002 3323 I wm_resume_activity: [0,247139416,12,com.android.launcher3/.uioverrides.QuickstepLauncher]
04-10 01:27:51.205 1995 1995 D StatusBar: disable disable2
04-10 01:27:51.208 1995 1995 D KeyguardViewMediator: adjustStatusBarLocked: mShowing=false mOccluded=false isSecure=false force=false --> flags=0x0
04-10 01:27:51.213 1002 1664 I input_focus: [Focus leaving 9e88c90 com.thundercomm.screensaver/android.service.dreams.DreamActivity (server),reason=NO_WINDOW]
04-10 01:27:51.213 4505 4505 I view_enqueue_input_event: [Motion - Cancel,com.thundercomm.screensaver/android.service.dreams.DreamActivity]
04-10 01:27:51.221 1002 1161 I sysui_multi_action: [757,803,799,window_time_0,802,0]
04-10 01:27:51.223 2707 2707 I wm_on_restart_called: [247139416,com.android.launcher3.uioverrides.QuickstepLauncher,performRestartActivity]
04-10 01:27:51.223 2707 2707 I wm_on_start_called: [247139416,com.android.launcher3.uioverrides.QuickstepLauncher,handleStartActivity]
04-10 01:27:51.224 2707 2707 I wm_on_resume_called: [247139416,com.android.launcher3.uioverrides.QuickstepLauncher,RESUME_ACTIVITY]
04-10 01:27:51.224 2707 2707 I wm_on_top_resumed_gained_called: [247139416,com.android.launcher3.uioverrides.QuickstepLauncher,topWhenResuming]
04-10 01:27:51.225 2221 4059 I GameMode_ActivityMonitoringService: onActivityLaunch: com.android.launcher3, isGameApp: false
04-10 01:27:51.225 2221 4059 V GameMode_GpuUtils: fps:60
04-10 01:27:51.230 649 662 I mpu_uart: [MSG-P:RECV]:No message received in 1000 ms
04-10 01:27:51.230 2221 4059 D GameModeIF_GameModeSettings: getUriFor setting_content_uri_root = content://com.thundercomm.gamemode.api/gamemode_settings , name = gamemode_enable
04-10 01:27:51.244 1002 1163 I input_focus: [Focus request 73b612c com.android.launcher3/com.android.launcher3.uioverrides.QuickstepLauncher,reason=UpdateInputWindows]
04-10 01:27:51.245 1002 1664 D PowerManagerNotifier: onUserActivity: event=2, uid=1000
04-10 01:27:51.246 1002 1664 D DisplayPowerController[0]: requestPowerState: policy=BRIGHT, useProximitySensor=false, screenBrightnessOverride=NaN, useAutoBrightness=true, screenAutoBrightnessAdjustmentOverride=NaN, screenLowPowerBrightnessFactor=1.0, blockScreenOn=false, lowPowerMode=false, boostScreenBrightness=false, dozeScreenBrightness=NaN, dozeScreenState=UNKNOWN, waitForNegativeProximity=false
04-10 01:27:51.246 1002 1664 D PowerManagerNotifier: onScreenPolicyUpdate: newPolicy=3
04-10 01:27:51.247 1002 1211 I PowerManagerService: Powering on display group fromDreaming (groupId=0, uid=1000, reason=WAKE_REASON_UNKNOWN, details=android.server.power:DREAM_FINISHED)...
04-10 01:27:51.247 1002 1211 I PowerManagerService: Waking up from Dreaming (uid=1000, reason=WAKE_REASON_UNKNOWN, details=android.server.power:DREAM_FINISHED)...
04-10 01:27:51.249 1002 1211 D PowerManagerNotifier: onWakefulnessChangeStarted: wakefulness=1, reason=0, interactive=true
04-10 01:27:51.249 1002 1211 D PowerManagerNotifier: onWakeUp: reason=WAKE_REASON_UNKNOWN, details=android.server.power:DREAM_FINISHED, reasonUid=1000 opPackageName=android opUid=1000
04-10 01:27:51.249 1002 1211 D PowerManagerNotifier: onUserActivity: event=0, uid=1000
04-10 01:27:51.249 1002 1211 D DisplayPowerController[0]: requestPowerState: policy=BRIGHT, useProximitySensor=false, screenBrightnessOverride=NaN, useAutoBrightness=true, screenAutoBrightnessAdjustmentOverride=NaN, screenLowPowerBrightnessFactor=1.0, blockScreenOn=false, lowPowerMode=false, boostScreenBrightness=false, dozeScreenBrightness=NaN, dozeScreenState=UNKNOWN, waitForNegativeProximity=false
04-10 01:27:51.250 1002 1211 D PowerManagerNotifier: onScreenPolicyUpdate: newPolicy=3
04-10 01:27:51.250 1002 1211 D PowerManagerNotifier: onWakefulnessChangeFinished
04-10 01:27:51.262 2707 2707 E MCUUtil : saveLastActivity activityName=com.android.launcher3.uioverrides.QuickstepLauncher packageName=com.android.launcher3
04-10 01:27:51.286 1002 1664 I input_focus: [Focus entering 73b612c com.android.launcher3/com.android.launcher3.uioverrides.QuickstepLauncher (server),reason=Window became focusable. Previous reason: NOT_VISIBLE]
04-10 01:27:51.301 1002 1068 D PowerManagerNotifier: onWakeLockReleased: flags=1, tag="*launch*", packageName=android, ownerUid=1000, ownerPid=1002, workSource=WorkSource{10079}
04-10 01:27:51.302 1002 1068 D DisplayPowerController[0]: requestPowerState: policy=BRIGHT, useProximitySensor=false, screenBrightnessOverride=NaN, useAutoBrightness=true, screenAutoBrightnessAdjustmentOverride=NaN, screenLowPowerBrightnessFactor=1.0, blockScreenOn=false, lowPowerMode=false, boostScreenBrightness=false, dozeScreenBrightness=NaN, dozeScreenState=UNKNOWN, waitForNegativeProximity=false
04-10 01:27:51.302 1002 1068 D PowerManagerNotifier: onScreenPolicyUpdate: newPolicy=3
04-10 01:27:51.312 1002 3060 W FreeFormWindowHelper: Current Display FreeFormTask is null
04-10 01:27:51.521 1002 1163 D PowerManagerNotifier: onWakeLockReleased: flags=536870922, tag="WindowManager", packageName=android, ownerUid=1000, ownerPid=1002, workSource=WorkSource{10052}
04-10 01:27:51.521 1002 1163 D PowerManagerNotifier: onUserActivity: event=0, uid=1000
04-10 01:27:51.521 1002 1163 D DisplayPowerController[0]: requestPowerState: policy=BRIGHT, useProximitySensor=false, screenBrightnessOverride=NaN, useAutoBrightness=true, screenAutoBrightnessAdjustmentOverride=NaN, screenLowPowerBrightnessFactor=1.0, blockScreenOn=false, lowPowerMode=false, boostScreenBrightness=false, dozeScreenBrightness=NaN, dozeScreenState=UNKNOWN, waitForNegativeProximity=false
04-10 01:27:51.521 1002 1163 D PowerManagerNotifier: onScreenPolicyUpdate: newPolicy=3
04-10 01:27:51.523 1002 1161 I wm_destroy_activity: [0,198181086,13,com.thundercomm.screensaver/android.service.dreams.DreamActivity,finish-imm:idle]
04-10 01:27:51.556 4505 4505 I wm_on_stop_called: [198181086,android.service.dreams.DreamActivity,LIFECYCLER_STOP_ACTIVITY]
04-10 01:27:51.561 4505 4505 I wm_on_destroy_called: [198181086,android.service.dreams.DreamActivity,performDestroy]
04-10 01:27:51.563 1002 1763 I DreamManagerService: Leaving dreamland.
04-10 01:27:51.567 1002 1158 I DreamManagerService: Performing gentle wake from dream.
04-10 01:27:51.567 1002 1158 I DreamController: Stopping dream: name=ComponentInfo{com.thundercomm.screensaver/com.thundercomm.screensaver.service.SystemDream}, isTest=false, canDoze=false, userId=0, reason='finished self'(from 'finished self')
04-10 01:27:51.567 1002 1158 I sysui_multi_action: [757,222,758,2]
04-10 01:27:51.567 1002 1158 I sysui_multi_action: [757,804,799,dreaming_minutes,801,0,802,1]
04-10 01:27:51.573 1002 1763 W InputManager-JNI: Input channel object '9e88c90 com.thundercomm.screensaver/android.service.dreams.DreamActivity (client)' was disposed without first being removed with the input manager!
04-10 01:27:51.589 1002 1509 I wm_task_removed: [13,removeChild:removeChild last r=ActivityRecord{bd000de u0 com.thundercomm.screensaver/android.service.dreams.DreamActivity t-1 f}} in t=Task{1c039c0 #13 type=dream A=10052:android:com.thundercomm.screensaver/dream U=0 visible=false mode=fullscreen translucent=true sz=0}]
04-10 01:27:51.589 1002 1509 I wm_task_removed: [13,removeChild]
04-10 01:27:51.591 1002 1163 W ActivityTaskManager: Can't find TaskDisplayArea to determine support for multi window. Task id=13 attached=false
04-10 01:27:51.910 3040 3973 W hpplay-java: [ServerTaskManager]:IPManager:getActiveNets invalid networkInfo:null
04-10 01:27:51.911 3040 3973 I hpplay-java: [ServerTaskManager]:IPManager:getActiveNets eth0:false wifi:false mobile:false ap:false
04-10 01:27:51.911 3040 3973 I hpplay-java: [ServerTaskManager]:ServerTaskManager:get local ip:null
04-10 01:27:52.017 1002 1664 I input_interaction: Interaction with: 2d5abae StatusBar (server), edge-swipe (server), swipe-up (server), PointerEventDispatcher0 (server),
04-10 01:27:52.020 1002 1664 D PowerManagerNotifier: onUserActivity: event=2, uid=1000
04-10 01:27:52.026 1002 1664 D DisplayPowerController[0]: requestPowerState: policy=BRIGHT, useProximitySensor=false, screenBrightnessOverride=NaN, useAutoBrightness=true, screenAutoBrightnessAdjustmentOverride=NaN, screenLowPowerBrightnessFactor=1.0, blockScreenOn=false, lowPowerMode=false, boostScreenBrightness=false, dozeScreenBrightness=NaN, dozeScreenState=UNKNOWN, waitForNegativeProximity=false
04-10 01:27:52.026 1002 1664 D PowerManagerNotifier: onScreenPolicyUpdate: newPolicy=3
04-10 01:27:52.040 1995 1995 I sysui_multi_action: [757,803,799,panel_open,802,1]
04-10 01:27:52.044 1995 1995 I sysui_multi_action: [757,1328,758,4,1326,52,1327,0,1329,0]
04-10 01:27:52.050 1002 1509 D CompatibilityInfo: mCompatibilityFlags - 4
04-10 01:27:52.050 1002 1509 D CompatibilityInfo: applicationDensity - 240
04-10 01:27:52.050 1002 1509 D CompatibilityInfo: applicationScale - 1.0
04-10 01:27:52.054 1995 1995 D StatusBar: disable disable2
04-10 01:27:52.057 1002 3060 I sysui_multi_action: [757,127,758,1]
04-10 01:27:52.057 1002 3060 I sysui_multi_action: [757,804,799,note_load,801,5,802,1]
04-10 01:27:52.057 1002 3060 I notification_panel_revealed: 5
04-10 01:27:52.071 1002 1163 I input_focus: [Focus request 10ef944 NotificationShade,reason=UpdateInputWindows]
04-10 01:27:52.087 1002 1509 I sysui_multi_action: [757,128,758,1,793,217616,794,0,795,217616,796,26,798,0,806,android,857,DEVELOPER_IMPORTANT,858,4,947,0,1395,5,1500,217024,1688,1]
04-10 01:27:52.087 1002 1509 I sysui_multi_action: [757,804,799,note_freshness,801,217616,802,1]
04-10 01:27:52.087 1002 1509 I notification_visibility: [-1|android|26|null|1000,1,217616,217616,0,0]
04-10 01:27:52.088 1995 1995 I sysui_multi_action: [757,111,758,1]
04-10 01:27:52.088 1995 1995 I sysui_multi_action: [757,268,758,1,759,268,806,com.android.traceur,871,com.android.traceur.QsService,927,0,1593,0]
04-10 01:27:52.088 1002 1664 I input_focus: [Focus leaving 73b612c com.android.launcher3/com.android.launcher3.uioverrides.QuickstepLauncher (server),reason=Waiting for window because NOT_VISIBLE]
04-10 01:27:52.088 1995 1995 I sysui_multi_action: [757,126,758,1,759,126,927,1,928,1,1593,0]
04-10 01:27:52.089 1995 1995 I sysui_multi_action: [757,113,758,1,759,113,927,2,928,1,1593,0]
04-10 01:27:52.089 1995 1995 I sysui_multi_action: [757,0,758,1,759,0,927,3,928,0,1593,0]
04-10 01:27:52.089 1995 1995 I sysui_multi_action: [757,0,758,1,759,0,927,4,928,0,1593,0]
04-10 01:27:52.089 1002 1509 I sysui_multi_action: [757,128,758,1,793,216530,794,0,795,216530,796,17303299,797,com.android.wifi,798,2,806,android,857,NETWORK_AVAILABLE,858,2,947,0,1395,5,1500,216313,1688,1]
04-10 01:27:52.089 1995 1995 I sysui_multi_action: [757,491,758,1,759,491,927,5,928,0,1311,-1,1593,0]
04-10 01:27:52.089 1002 1509 I sysui_multi_action: [757,804,799,note_freshness,801,216530,802,1]
04-10 01:27:52.089 1995 1995 I sysui_multi_action: [757,0,758,1,759,0,927,6,928,0,1593,0]
04-10 01:27:52.089 1002 1509 I notification_visibility: [0|android|17303299|com.android.wifi|1000,1,216530,216530,0,2]
04-10 01:27:52.089 1995 1995 I sysui_multi_action: [757,0,758,1,759,0,927,7,1593,0]
04-10 01:27:52.090 1995 1995 I sysui_multi_action: [757,111,758,1]
04-10 01:27:52.090 1002 1509 I sysui_multi_action: [757,128,758,1,793,91770,794,0,795,91770,796,0,797,trace-kona-SKQ1.220201.001-2023-04-10-01-26-18.perfetto-trace,798,1,806,com.android.traceur,857,system-tracing,858,4,947,0,1395,5,1500,91563,1688,1]
04-10 01:27:52.090 1995 1995 I sysui_multi_action: [757,268,758,1,759,268,806,com.android.traceur,871,com.android.traceur.QsService,927,0,1593,0]
04-10 01:27:52.090 1002 1509 I sysui_multi_action: [757,804,799,note_freshness,801,91770,802,1]
04-10 01:27:52.090 1995 1995 I sysui_multi_action: [757,126,758,1,759,126,927,1,928,1,1593,0]
04-10 01:27:52.090 1002 1509 I notification_visibility: [0|com.android.traceur|0|trace-kona-SKQ1.220201.001-2023-04-10-01-26-18.perfetto-trace|10035,1,91770,91770,0,1]
04-10 01:27:52.090 1995 1995 I sysui_multi_action: [757,113,758,1,759,113,927,2,928,1,1593,0]
04-10 01:27:52.091 1995 1995 I sysui_multi_action: [757,0,758,1,759,0,927,3,928,0,1593,0]
04-10 01:27:52.091 1002 1509 I sysui_multi_action: [757,128,758,1,793,217456,794,0,795,217456,796,55,798,3,806,android,857,DEVELOPER,858,2,947,0,1395,5,1500,216519,1688,1]
04-10 01:27:52.091 1002 1509 I sysui_multi_action: [757,804,799,note_freshness,801,217456,802,1]
04-10 01:27:52.091 1002 1509 I notification_visibility: [-1|android|55|null|1000,1,217456,217456,0,3]
04-10 01:27:52.091 1002 1509 I sysui_multi_action: [757,128,758,1,793,221668,794,0,795,221668,796,32,798,4,806,android,857,USB,858,1,947,0,1395,5,1500,220853,1688,1]
04-10 01:27:52.091 1002 1509 I sysui_multi_action: [757,804,799,note_freshness,801,221668,802,1]
04-10 01:27:52.091 1002 1509 I notification_visibility: [-1|android|32|null|1000,1,221668,221668,0,4]
04-10 01:27:52.108 1002 1664 I input_focus: [Focus entering 10ef944 NotificationShade (server),reason=Window became focusable. Previous reason: NOT_VISIBLE]
04-10 01:27:52.121 1995 4419 I OpenGLRenderer: Davey! duration=9223371769916ms; Flags=0, FrameTimelineVsyncId=6821, IntendedVsync=266938206147, Vsync=266971539479, InputEventId=0, HandleInputStart=266973976563, AnimationStart=266980215469, PerformTraversalsStart=266980983073, DrawStart=266983125677, FrameDeadline=266971539479, FrameInterval=266973974948, FrameStartTime=16666666, SyncQueued=266984308438, SyncStart=266984401667, IssueDrawCommandsStart=266984669688, SwapBuffers=266986284636, FrameCompleted=9223372036854775807, DequeueBufferDuration=12917, QueueBufferDuration=1085677, GpuCompleted=9223372036854775807, SwapBuffersCompleted=266987816406, DisplayPresentTime=170806276339,
04-10 01:27:52.232 649 662 I mpu_uart: [MSG-P:RECV]:No message received in 1000 ms
04-10 01:27:52.278 649 661 I mpu_uart: [MSG-P:R]:recv sync frame timeout
04-10 01:27:52.359 1995 4457 I OpenGLRenderer: Davey! duration=9223371769671ms; Flags=0, FrameTimelineVsyncId=6857, IntendedVsync=267172198340, Vsync=267188865006, InputEventId=0, HandleInputStart=267197804688, AnimationStart=267197806146, PerformTraversalsStart=267199906875, DrawStart=267205889635, FrameDeadline=267188865006, FrameInterval=267197801510, FrameStartTime=16666666, SyncQueued=267205939740, SyncStart=267217421250, IssueDrawCommandsStart=267217578646, SwapBuffers=267217838594, FrameCompleted=9223372036854775807, DequeueBufferDuration=12760, QueueBufferDuration=1001927, GpuCompleted=9223372036854775807, SwapBuffersCompleted=267219747500, DisplayPresentTime=323667936,
04-10 01:27:52.823 1995 4419 W FrameTracker: Missed App frame:74
04-10 01:27:52.823 1995 4419 W FrameTracker: Missed SF frame:74
04-10 01:27:52.823 1995 4419 W FrameTracker: Missed App frame:10
04-10 01:27:52.823 1995 4419 W FrameTracker: Missed SF frame:10
04-10 01:27:52.823 1995 4419 W FrameTracker: Missed SF frame:66
04-10 01:27:52.823 1995 4419 W FrameTracker: Missed SF frame:66
04-10 01:27:52.823 1995 4419 W FrameTracker: Missed SF frame:66
04-10 01:27:52.823 1995 4419 W FrameTracker: Missed SF frame:66
04-10 01:27:52.825 1995 3033 V PerfettoTrigger: Triggering /system/bin/trigger_perfetto com.android.telemetry.interaction-jank-monitor-0
04-10 01:27:52.860 1002 1664 I input_interaction: Interaction with: 10ef944 NotificationShade (server), edge-swipe (server), swipe-up (server), PointerEventDispatcher0 (server),
04-10 01:27:52.862 1002 1664 D PowerManagerNotifier: onUserActivity: event=2, uid=1000
04-10 01:27:52.863 1002 1664 D DisplayPowerController[0]: requestPowerState: policy=BRIGHT, useProximitySensor=false, screenBrightnessOverride=NaN, useAutoBrightness=true, screenAutoBrightnessAdjustmentOverride=NaN, screenLowPowerBrightnessFactor=1.0, blockScreenOn=false, lowPowerMode=false, boostScreenBrightness=false, dozeScreenBrightness=NaN, dozeScreenState=UNKNOWN, waitForNegativeProximity=false
04-10 01:27:52.863 1002 1664 D PowerManagerNotifier: onScreenPolicyUpdate: newPolicy=3
04-10 01:27:52.914 3040 3973 W hpplay-java: [ServerTaskManager]:IPManager:getActiveNets invalid networkInfo:null
04-10 01:27:52.914 3040 3973 I hpplay-java: [ServerTaskManager]:IPManager:getActiveNets eth0:false wifi:false mobile:false ap:false
04-10 01:27:52.914 3040 3973 I hpplay-java: [ServerTaskManager]:ServerTaskManager:get local ip:null
04-10 01:27:52.983 1002 1664 D PowerManagerNotifier: onUserActivity: event=2, uid=1000
04-10 01:27:52.984 1002 1664 D DisplayPowerController[0]: requestPowerState: policy=BRIGHT, useProximitySensor=false, screenBrightnessOverride=NaN, useAutoBrightness=true, screenAutoBrightnessAdjustmentOverride=NaN, screenLowPowerBrightnessFactor=1.0, blockScreenOn=false, lowPowerMode=false, boostScreenBrightness=false, dozeScreenBrightness=NaN, dozeScreenState=UNKNOWN, waitForNegativeProximity=false
04-10 01:27:52.984 1002 1664 D PowerManagerNotifier: onScreenPolicyUpdate: newPolicy=3
04-10 01:27:52.991 1995 1995 I sysui_multi_action: [757,925,758,4,759,268,806,com.android.traceur,871,com.android.traceur.QsService,927,0,1592,0,1593,1]
04-10 01:27:53.006 3181 3181 V Traceur : exec: null [sh, -c, perfetto --is_detached=traceur]
04-10 01:27:53.142 2544 2544 D RemoteControlService: startVlanDispatchThread
04-10 01:27:53.155 1257 1257 E perfetto: ing_service_impl.cc:531 Failed to attach consumer, session 'traceur' not found for uid 10035
04-10 01:27:53.184 3181 3181 V Traceur : Listing tags: atrace --list_categories
04-10 01:27:53.184 3181 3181 V Traceur : exec: null [sh, -c, atrace --list_categories]
04-10 01:27:53.232 649 662 I mpu_uart: [MSG-P:RECV]:No message received in 1000 ms
01-06 09:03:07.303 0 0 I binder : 4586:4586 ioctl 40046210 7fc635e934 returned -22
04-10 01:27:53.354 4586 4586 D hw-ProcessState: Binder ioctl to enable oneway spam detection failed: Invalid argument
04-10 01:27:53.404 3181 3181 V Traceur : getActiveTags(onlyAvailable=true) = "[res, workq, webview, memory, idle, dalvik, freq, am, sync, binder_driver, input, hal, view, sched, wm, thermal, gfx, power, camera, memreclaim]"
04-10 01:27:53.404 3181 3181 V Traceur : Listing tags: atrace --list_categories
04-10 01:27:53.404 3181 3181 V Traceur : exec: null [sh, -c, atrace --list_categories]
04-10 01:27:53.592 4588 4588 D hw-ProcessState: Binder ioctl to enable oneway spam detection failed: Invalid argument
01-06 09:03:07.541 0 0 I binder : 4588:4588 ioctl 40046210 7fe4dcfe04 returned -22
04-10 01:27:53.637 3181 3181 V Traceur : getActiveTags(onlyAvailable=false) = "[res, workq, webview, memory, idle, dalvik, freq, am, sync, binder_driver, input, hal, view, sched, wm, thermal, gfx, power, camera, memreclaim]"
04-10 01:27:53.641 1002 1509 I ActivityManager: Background started FGS: Allowed [callingPackage: com.android.traceur; callingUid: 10035; uidState: CEM ; intent: Intent { act=com.android.traceur.START_TRACING cmp=com.android.traceur/.TraceService (has extras) }; code:ACTIVITY_STARTER; tempAllowListReason:; targetSdkVersion:31; callerTargetSdkVersion:31; startForegroundCount:0; bindFromPackage:null]
04-10 01:27:53.643 1002 1509 I am_uid_active: 10035
04-10 01:27:53.645 1002 1509 D CompatibilityInfo: mCompatibilityFlags - 4
04-10 01:27:53.645 1002 1509 D CompatibilityInfo: applicationDensity - 240
04-10 01:27:53.646 1002 1509 D CompatibilityInfo: applicationScale - 1.0
04-10 01:27:53.663 3181 4590 V Traceur : exec: null [sh, -c, perfetto --is_detached=traceur]
04-10 01:27:53.664 1002 1002 I notification_enqueue: [10035,3181,com.android.traceur,1,NULL,0,Notification(channel=trace-is-being-recorded shortcut=null contentView=null vibrate=null sound=null tick defaults=0x0 flags=0x142 color=0x00000000 vis=PRIVATE),0]
04-10 01:27:53.750 1257 1257 E perfetto: ing_service_impl.cc:531 Failed to attach consumer, session 'traceur' not found for uid 10035
04-10 01:27:53.774 3181 4590 V Traceur : Starting perfetto trace.
04-10 01:27:53.775 3181 4590 V Traceur : exec: [TMPDIR=/data/local/traces/] [sh, -c, perfetto --detach=traceur -o /data/local/traces/.trace-in-progress.trace -c - --txt < event=KeyEvent { action=ACTION_DOWN, keyCode=KEYCODE_POWER, scanCode=0, metaState=0, flags=0x0, repeatCount=0, eventTime=270735, downTime=270735, deviceId=-1, source=0x0, displayId=0 } ---stack--- java.lang.Throwable
04-10 01:27:55.851 1002 2415 D WindowManager: at com.android.server.policy.PhoneWindowManager.interceptKeyBeforeQueueing(PhoneWindowManager.java:3422)
04-10 01:27:55.851 1002 2415 D WindowManager: at com.android.server.wm.InputManagerCallback.interceptKeyBeforeQueueing(InputManagerCallback.java:149)
04-10 01:27:55.851 1002 2415 D WindowManager: at com.android.server.input.InputManagerService.interceptKeyBeforeQueueing(InputManagerService.java:2827)
04-10 01:27:55.851 1002 2415 D WindowManager: at com.android.server.input.InputManagerService.nativeInjectInputEvent(Native Method)
04-10 01:27:55.851 1002 2415 D WindowManager: at com.android.server.input.InputManagerService.injectInputEventInternal(InputManagerService.java:874)
04-10 01:27:55.851 1002 2415 D WindowManager: at com.android.server.input.InputManagerService.injectInputEvent(InputManagerService.java:834)
04-10 01:27:55.851 1002 2415 D WindowManager: at android.hardware.input.IInputManager$Stub.onTransact(IInputManager.java:588)
04-10 01:27:55.851 1002 2415 D WindowManager: at android.os.Binder.execTransactInternal(Binder.java:1179)
04-10 01:27:55.851 1002 2415 D WindowManager: at android.os.Binder.execTransact(Binder.java:1143)
04-10 01:27:55.851 1002 2415 I intercept_power: [ACTION_DOWN,0,0]
04-10 01:27:55.851 1002 2415 D DisplayPowerController[0]: requestPowerState: policy=BRIGHT, useProximitySensor=false, screenBrightnessOverride=NaN, useAutoBrightness=true, screenAutoBrightnessAdjustmentOverride=NaN, screenLowPowerBrightnessFactor=1.0, blockScreenOn=false, lowPowerMode=false, boostScreenBrightness=false, dozeScreenBrightness=NaN, dozeScreenState=UNKNOWN, waitForNegativeProximity=false
04-10 01:27:55.851 1002 2415 D PowerManagerNotifier: onScreenPolicyUpdate: newPolicy=3
04-10 01:27:55.853 1002 2415 D PowerManagerNotifier: onWakeLockAcquired: flags=1, tag="PhoneWindowManager.mPowerKeyWakeLock", packageName=android, ownerUid=1000, ownerPid=1002, workSource=null
04-10 01:27:55.915 1002 2415 D WindowManager: interceptKeyBeforeQueueing: ---> event=KeyEvent { action=ACTION_UP, keyCode=KEYCODE_POWER, scanCode=0, metaState=0, flags=0x0, repeatCount=0, eventTime=270735, downTime=270798, deviceId=-1, source=0x0, displayId=0 } ---stack--- java.lang.Throwable
04-10 01:27:55.915 1002 2415 D WindowManager: at com.android.server.policy.PhoneWindowManager.interceptKeyBeforeQueueing(PhoneWindowManager.java:3422)
04-10 01:27:55.915 1002 2415 D WindowManager: at com.android.server.wm.InputManagerCallback.interceptKeyBeforeQueueing(InputManagerCallback.java:149)
04-10 01:27:55.915 1002 2415 D WindowManager: at com.android.server.input.InputManagerService.interceptKeyBeforeQueueing(InputManagerService.java:2827)
04-10 01:27:55.915 1002 2415 D WindowManager: at com.android.server.input.InputManagerService.nativeInjectInputEvent(Native Method)
04-10 01:27:55.915 1002 2415 D WindowManager: at com.android.server.input.InputManagerService.injectInputEventInternal(InputManagerService.java:874)
04-10 01:27:55.915 1002 2415 D WindowManager: at com.android.server.input.InputManagerService.injectInputEvent(InputManagerService.java:834)
04-10 01:27:55.915 1002 2415 D WindowManager: at android.hardware.input.IInputManager$Stub.onTransact(IInputManager.java:588)
04-10 01:27:55.915 1002 2415 D WindowManager: at android.os.Binder.execTransactInternal(Binder.java:1179)
04-10 01:27:55.915 1002 2415 D WindowManager: at android.os.Binder.execTransact(Binder.java:1143)
04-10 01:27:55.915 1002 2415 I intercept_power: [ACTION_UP,0,0]
04-10 01:27:55.915 1002 2415 D PowerManagerNotifier: onWakeLockReleased: flags=1, tag="PhoneWindowManager.mPowerKeyWakeLock", packageName=android, ownerUid=1000, ownerPid=1002, workSource=null
04-10 01:27:55.916 1002 2415 D DisplayPowerController[0]: requestPowerState: policy=BRIGHT, useProximitySensor=false, screenBrightnessOverride=NaN, useAutoBrightness=true, screenAutoBrightnessAdjustmentOverride=NaN, screenLowPowerBrightnessFactor=1.0, blockScreenOn=false, lowPowerMode=false, boostScreenBrightness=false, dozeScreenBrightness=NaN, dozeScreenState=UNKNOWN, waitForNegativeProximity=false
04-10 01:27:55.916 1002 2415 D PowerManagerNotifier: onScreenPolicyUpdate: newPolicy=3
04-10 01:27:55.917 1002 1002 D WindowManager: powerPress: eventTime=270798 interactive=true count=0 beganFromNonInteractive=false mShortPressOnPowerBehavior=1
04-10 01:27:55.918 1002 1002 I PowerManagerService: Powering off display group due to power_button (groupId= 0, uid= 1000)...
04-10 01:27:55.918 1002 1002 I PowerManagerService: Going to sleep due to power_button (uid 1000)...
04-10 01:27:55.921 1002 1002 D PowerManagerNotifier: onWakefulnessChangeStarted: wakefulness=3, reason=4, interactive=false
04-10 01:27:55.923 1002 1002 I power_sleep_requested: 0
04-10 01:27:55.923 1002 1002 D DisplayPowerController[0]: requestPowerState: policy=BRIGHT, useProximitySensor=false, screenBrightnessOverride=NaN, useAutoBrightness=true, screenAutoBrightnessAdjustmentOverride=NaN, screenLowPowerBrightnessFactor=1.0, blockScreenOn=false, lowPowerMode=false, boostScreenBrightness=false, dozeScreenBrightness=NaN, dozeScreenState=UNKNOWN, waitForNegativeProximity=false
04-10 01:27:55.923 1002 1002 D PowerManagerNotifier: onScreenPolicyUpdate: newPolicy=3
04-10 01:27:55.924 1002 1211 I PowerManagerService: Sleeping display group (groupId=0, uid=1000)...
04-10 01:27:55.924 1002 1211 I PowerManagerService: Sleeping (uid 1000)...
04-10 01:27:55.927 1002 1211 D PowerManagerNotifier: onWakefulnessChangeStarted: wakefulness=0, reason=2, interactive=false
04-10 01:27:55.927 3040 3973 W hpplay-java: [ServerTaskManager]:IPManager:getActiveNets invalid networkInfo:null
04-10 01:27:55.928 3040 3973 I hpplay-java: [ServerTaskManager]:IPManager:getActiveNets eth0:false wifi:false mobile:false ap:false
04-10 01:27:55.928 3040 3973 I hpplay-java: [ServerTaskManager]:ServerTaskManager:get local ip:null
04-10 01:27:55.928 1002 1211 D DisplayPowerController[0]: requestPowerState: policy=OFF, useProximitySensor=false, screenBrightnessOverride=NaN, useAutoBrightness=true, screenAutoBrightnessAdjustmentOverride=NaN, screenLowPowerBrightnessFactor=1.0, blockScreenOn=false, lowPowerMode=false, boostScreenBrightness=false, dozeScreenBrightness=NaN, dozeScreenState=UNKNOWN, waitForNegativeProximity=false
04-10 01:27:55.928 1002 1211 D PowerManagerNotifier: onScreenPolicyUpdate: newPolicy=0
04-10 01:27:55.931 1995 2017 D KeyguardViewMediator: onStartedGoingToSleep(2)
04-10 01:27:55.932 961 1109 I SDM : HWCDisplay::GetColorModeCount: Supported color mode count = 1
04-10 01:27:55.932 961 1109 I SDM : HWCDisplay::GetColorModes: Color mode = 0 is supported
04-10 01:27:55.933 1041 2858 E HWComposer: getSupportedContentTypes: getSupportedContentTypes failed for display 4630946816427681409: Unsupported (8)
01-06 09:03:09.879 0 0 E DTC_ETH,link_delay_work_func: 3003, SQI=0, link=0
04-10 01:27:55.939 1995 2017 D KeyguardViewMediator: notifyStartedGoingToSleep
04-10 01:27:55.945 1995 1995 V KeyguardUpdateMonitor: startListeningForFingerprint()
04-10 01:27:55.947 1995 1995 V KeyguardUpdateMonitor: startListeningForFingerprint()
04-10 01:27:55.947 1995 1995 D KeyguardViewMediator: handleNotifyStartedGoingToSleep
04-10 01:27:55.949 1995 1995 I sysui_heads_up_status: [0|com.android.traceur|1|null|10035,0]
04-10 01:27:55.984 1002 1211 D DisplayPowerController[0]: Unfinished business...
04-10 01:27:55.984 1002 1211 I sysui_multi_action: [757,1696,758,6,759,0]
04-10 01:27:56.035 1002 1211 D DisplayPowerState: setColorFadeLevel: level=0.25912303
04-10 01:27:56.049 1002 1211 D DisplayPowerState: Screen ready
04-10 01:27:56.049 1002 1211 D DisplayPowerState: setColorFadeLevel: level=0.0
04-10 01:27:56.065 1002 1211 D DisplayPowerState: Requesting new screen state: state=ON, backlight=-1.0
04-10 01:27:56.065 1002 1211 D DisplayPowerState: Screen ready
04-10 01:27:56.065 1002 1951 D DisplayPowerState: Updating screen state: id=0, state=ON, backlight=-1.0, sdrBacklight=-1.0
04-10 01:27:56.065 1002 1211 I DisplayPowerController[0]: Blocking screen off
04-10 01:27:56.065 1002 1951 D LocalDisplayAdapter: setDisplayBrightness(id=4630946816427681409, brightnessState=-1.0, sdrBrightnessState=-1.0) ---start
04-10 01:27:56.066 1002 1951 E DisplayDeviceConfig: requesting nits when no mapping exists.
04-10 01:27:56.066 1002 1211 I DisplayPowerController[0]: Unblocked screen off after 1 ms
04-10 01:27:56.066 1002 1951 E DisplayDeviceConfig: requesting nits when no mapping exists.
04-10 01:27:56.067 1002 1181 I am_wtf : [0,1002,system_server,-1,DisplayDeviceConfig,requesting nits when no mapping exists.]
04-10 01:27:56.069 1002 1211 D DisplayPowerState: setScreenState: state=1
04-10 01:27:56.069 1002 1211 D ActivityTaskManager: Top Process State changed to PROCESS_STATE_TOP_SLEEPING
04-10 01:27:56.070 1002 1211 D DisplayPowerController[0]: requestPowerState: policy=OFF, useProximitySensor=false, screenBrightnessOverride=NaN, useAutoBrightness=true, screenAutoBrightnessAdjustmentOverride=NaN, screenLowPowerBrightnessFactor=1.0, blockScreenOn=false, lowPowerMode=false, boostScreenBrightness=false, dozeScreenBrightness=NaN, dozeScreenState=UNKNOWN, waitForNegativeProximity=false
04-10 01:27:56.070 1002 1211 D PowerManagerNotifier: onScreenPolicyUpdate: newPolicy=0
04-10 01:27:56.071 1002 1211 D PowerManagerNotifier: onWakeLockAcquired: flags=1, tag="ActivityManager-Sleep", packageName=android, ownerUid=1000, ownerPid=1002, workSource=null
04-10 01:27:56.071 1002 1211 D ActivityTrigger: ActivityTrigger activityPauseTrigger
04-10 01:27:56.073 1002 1211 I wm_pause_activity: [0,247139416,com.android.launcher3/.uioverrides.QuickstepLauncher,userLeaving=false,sleep]
04-10 01:27:56.073 2707 2707 I wm_on_top_resumed_lost_called: [247139416,com.android.launcher3.uioverrides.QuickstepLauncher,topStateChangedWhenResumed]
04-10 01:27:56.073 1995 2017 D KeyguardViewMediator: notifyScreenTurnedOff
04-10 01:27:56.074 1002 1211 D DisplayPowerController[0]: Animating brightness: target=0.0, sdrTarget=0.0, rate=0.0
04-10 01:27:56.074 1002 1211 D DisplayPowerState: setScreenBrightness: brightness=0.0
04-10 01:27:56.074 1002 1211 D DisplayPowerState: setSdrScreenBrightness: brightness=0.0
04-10 01:27:56.074 1995 1995 D KeyguardViewMediator: handleNotifyScreenTurnedOff
04-10 01:27:56.076 1002 1211 V DisplayPowerController[0]: Brightness [0.0] reason changing to: 'screen_off', previous reason: 'manual'.
04-10 01:27:56.076 1002 1211 D DisplayPowerState: Requesting new screen state: state=OFF, backlight=-1.0
04-10 01:27:56.076 1002 1211 D DisplayPowerState: Screen not ready
04-10 01:27:56.078 1002 1181 I DropBoxManagerService: add tag=system_server_wtf isTagEnabled=true flags=0x2
04-10 01:27:56.079 2707 2707 I wm_on_paused_called: [247139416,com.android.launcher3.uioverrides.QuickstepLauncher,performPause]
