04-10 01:28:07.682 1995 1995 V KeyguardUpdateMonitor: startListeningForFingerprint()
04-10 01:28:07.687 2707 2707 D StateManager: goToState: Normal
04-10 01:28:07.688 1995 1995 D StatusBar: updateQsExpansionEnabled - QS Expand enabled: true
04-10 01:28:07.697 1041 2858 I BpBinder: onLastStrongRef automatically unlinking death recipients:
04-10 01:28:07.699 1002 1763 W FreeFormWindowHelper: Current Display FreeFormTask is null
04-10 01:28:07.704 3068 3068 D SYS_EVENT: send event 8 notification to client
04-10 01:28:07.711 3040 3040 I hpplay-java: [main]:IPManager:updateAPState time : 0 isAPOpen :false
04-10 01:28:07.711 3040 3040 I hpplay-java: [main]:NetworkReceiver:onReceive action: android.intent.action.SCREEN_OFF
04-10 01:28:07.711 3040 3040 I hpplay-java: [main]:NetworkReceiver:processReceive time : 0
04-10 01:28:07.713 3066 3066 D PASRDozeReceiver: Received Intent Intent { act=android.intent.action.SCREEN_OFF flg=0x50200010 }
04-10 01:28:07.714 3066 3066 D PASRDozeReceiver: Sent intent Successfully
04-10 01:28:07.714 3066 3066 D PASRService: PASRService started
04-10 01:28:07.714 3066 3066 D PASRService: OnStart, Intent: android.intent.action.SCREEN_OFF
04-10 01:28:07.714 3066 3066 D PASRService: Screen Off
04-10 01:28:07.714 1002 1002 I power_screen_broadcast_done: [0,50,1]
04-10 01:28:07.987 3040 3973 W hpplay-java: [ServerTaskManager]:IPManager:getActiveNets invalid networkInfo:null
04-10 01:28:07.987 3040 3973 I hpplay-java: [ServerTaskManager]:IPManager:getActiveNets eth0:false wifi:false mobile:false ap:false
04-10 01:28:07.988 3040 3973 I hpplay-java: [ServerTaskManager]:ServerTaskManager:get local ip:null
04-10 01:28:08.097 3040 3998 I hpplay-java: [NetworkReceiver]:IM_PublicCastClient:disconnect
04-10 01:28:08.098 3040 3998 I hpplay-java: [NetworkReceiver]:IM_IMEntrance:disconnect
04-10 01:28:08.099 3040 3998 W hpplay-java: [NetworkReceiver]:IM_PublicCastClient:reconnect ignore com.hpplay.sdk.sink.cloud.PublicCastClient@5543886
04-10 01:28:08.116 3040 4672 W hpplay-java: [AsyncTask #61]:MagicalCacheFile:serverDir is not exits
04-10 01:28:08.116 3040 4672 I hpplay-java: [AsyncTask #61]:Session:no cached regTime
04-10 01:28:08.118 3040 4672 I hpplay-java: [AsyncTask #61]:AuthSDK:authSDK connectTimeout = 6000
04-10 01:28:08.133 3040 4674 I hpplay-java: [AsyncTask #63]:HttpRequest:http://sdkauth.hpplay.cn/Author/TVAuthor/?uid=-6190987048206693284&appid=21409&prot_ver=4.1&version=60055-27705 path post
04-10 01:28:08.144 673 4676 D resolv : GetAddrInfoHandler::run: {0 262144 0 983040 10091 0}
04-10 01:28:08.144 673 4676 D resolv : resolv_getaddrinfo: explore_fqdn(): ai_family=0 ai_socktype=1 ai_protocol=6
04-10 01:28:08.153 3040 4674 I hpplay-java: [AsyncTask #63]:AsyncManager:nextDomain next2: https://sdkauth.lebo.com.cn:82/Author/TVAuthor/?uid=-6190987048206693284&appid=21409&prot_ver=4.1&version=60055-27705
04-10 01:28:08.153 3040 4674 W hpplay-java: [AsyncTask #63]:HttpRequest:
04-10 01:28:08.153 3040 4674 I hpplay-java: [AsyncTask #63]:HttpRequest:https://sdkauth.lebo.com.cn:82/Author/TVAuthor/?uid=-6190987048206693284&appid=21409&prot_ver=4.1&version=60055-27705 path post
04-10 01:28:08.160 673 4677 D resolv : GetAddrInfoHandler::run: {0 262144 0 983040 10091 0}
04-10 01:28:08.160 673 4677 D resolv : resolv_getaddrinfo: explore_fqdn(): ai_family=0 ai_socktype=1 ai_protocol=6
04-10 01:28:08.165 3040 4674 I hpplay-java: [AsyncTask #63]:AsyncManager:nextDomain next3: http://120.25.130.190:80/Author/TVAuthor/?uid=-6190987048206693284&appid=21409&prot_ver=4.1&version=60055-27705
04-10 01:28:08.165 3040 4674 W hpplay-java: [AsyncTask #63]:HttpRequest:
04-10 01:28:08.165 3040 4674 I hpplay-java: [AsyncTask #63]:HttpRequest:http://120.25.130.190:80/Author/TVAuthor/?uid=-6190987048206693284&appid=21409&prot_ver=4.1&version=60055-27705 path post
04-10 01:28:08.179 3040 4674 W hpplay-java: [AsyncTask #63]:HttpRequest:java.net.ConnectException: Failed to connect to /120.25.130.190:80
04-10 01:28:08.179 3040 4674 W hpplay-java: at com.android.okhttp.internal.io.RealConnection.connectSocket(RealConnection.java:147)
04-10 01:28:08.179 3040 4674 W hpplay-java: at com.android.okhttp.internal.io.RealConnection.connect(RealConnection.java:116)
04-10 01:28:08.179 3040 4674 W hpplay-java: at com.android.okhttp.internal.http.StreamAllocation.findConnection(StreamAllocation.java:186)
04-10 01:28:08.179 3040 4674 W hpplay-java: at com.android.okhttp.internal.http.StreamAllocation.findHealthyConnection(StreamAllocation.java:128)
04-10 01:28:08.179 3040 4674 W hpplay-java: at com.android.okhttp.internal.http.StreamAllocation.newStream(StreamAllocation.java:97)
04-10 01:28:08.179 3040 4674 W hpplay-java: at com.android.okhttp.internal.http.HttpEngine.connect(HttpEngine.java:289)
04-10 01:28:08.179 3040 4674 W hpplay-java: at com.android.okhttp.internal.http.HttpEngine.sendRequest(HttpEngine.java:232)
04-10 01:28:08.179 3040 4674 W hpplay-java: at com.android.okhttp.internal.huc.HttpURLConnectionImpl.execute(HttpURLConnectionImpl.java:465)
04-10 01:28:08.179 3040 4674 W hpplay-java: at com.android.okhttp.internal.huc.HttpURLConnectionImpl.connect(HttpURLConnectionImpl.java:131)
04-10 01:28:08.179 3040 4674 W hpplay-java: at com.hpplay.common.asyncmanager.HttpRequest.doPost(SourceFile:17)
04-10 01:28:08.179 3040 4674 W hpplay-java: at com.hpplay.common.asyncmanager.AsyncHttpJob.doInBackground(SourceFile:4)
04-10 01:28:08.179 3040 4674 W hpplay-java: at android.os.AsyncTask$3.call(AsyncTask.java:394)
04-10 01:28:08.179 3040 4674 W hpplay-java: at java.util.concurrent.FutureTask.run(FutureTask.java:266)
04-10 01:28:08.179 3040 4674 W hpplay-java: at java.util.concurrent.ThreadPoolExecutor.runWorker(ThreadPoolExecutor.java:1167)
04-10 01:28:08.179 3040 4674 W hpplay-java: at java.util.concurrent.ThreadPoolExecutor$Worker.run(ThreadPoolExecutor.java:641)
04-10 01:28:08.179 3040 4674 W hpplay-java: at java.lang.Thread.run(Thread.java:920)
04-10 01:28:08.191 3040 4678 I hpplay-java: [AsyncTask #64]:AuthSDK:authSDK auth failed
04-10 01:28:08.191 3040 4678 I hpplay : [AsyncTask #64]:LelinkHelper:onAuthSDK status: 3
04-10 01:28:08.191 3040 4678 I hpplay-java: [AsyncTask #64]:VipAuthSDK:vipAuth
04-10 01:28:08.192 3040 3040 D hpplay : [main]:LelinkHelper:认证成功
04-10 01:28:08.193 3040 4678 I hpplay-java: [AsyncTask #64]:EnterpriseAuthManager:getNewCompanyAuthSavePath
04-10 01:28:08.193 3040 4678 I hpplay-java: [AsyncTask #64]:EnterpriseAuthManager:getNewCompanyAuthSavePath,get app cache path
04-10 01:28:08.195 3040 4678 I hpplay-java: [AsyncTask #64]:AuthSDK:checkHandler
04-10 01:28:08.195 3040 4555 W hpplay-java: [AsyncTask #36]:CreateUtils:notifyQRReady server not start,ignore
04-10 01:28:08.195 3040 4555 W hpplay-java: [AsyncTask #36]:CreateUtils:isServerStartAndAuth token is null
04-10 01:28:08.195 3040 4678 I hpplay-java: [AsyncTask #64]:IMTask:getIMRoot
04-10 01:28:08.196 3040 4678 I hpplay-java: [AsyncTask #64]:AuthTask:release
04-10 01:28:08.196 3040 4501 I hpplay-java: [AsyncTask #35]:HttpRequest:https://vipauth.hpplay.cn/VipAuth path post
04-10 01:28:08.199 673 4680 D resolv : GetAddrInfoHandler::run: {0 262144 0 983040 10091 0}
04-10 01:28:08.199 673 4680 D resolv : resolv_getaddrinfo: explore_fqdn(): ai_family=0 ai_socktype=1 ai_protocol=6
04-10 01:28:08.200 3040 4678 I hpplay-java: [AsyncTask #64]:LBHandler:create name: AuthTask looper:Looper (AuthTask, tid 125) {60d8451}
04-10 01:28:08.200 3040 4678 I hpplay-java: [AsyncTask #64]:AuthTask:reAuth 600000
04-10 01:28:08.201 3040 4678 I hpplay-java: [AsyncTask #64]:AuthSDK:controlStartServer
04-10 01:28:08.203 3040 4678 I hpplay-java: [AsyncTask #64]:ServiceUpdater:upLoadDeviceInfo url = http://gslb.hpplay.cn/lebo-flux-sdk/sdk/info/upload
04-10 01:28:08.203 673 4681 D resolv : GetAddrInfoHandler::run: {0 262144 0 983040 10091 0}
04-10 01:28:08.204 673 4681 D resolv : resolv_getaddrinfo: explore_fqdn(): ai_family=0 ai_socktype=1 ai_protocol=6
04-10 01:28:08.204 3040 4610 W hpplay-java: [AsyncTask #37]:HttpRequest:
04-10 01:28:08.207 3040 4555 W hpplay-java: [AsyncTask #36]:CreateUtils:isServerStartAndAuth token is null
04-10 01:28:08.207 3040 4610 W hpplay-java: [AsyncTask #37]:HttpRequest:
04-10 01:28:08.207 673 4683 D resolv : GetAddrInfoHandler::run: {0 262144 0 983040 10091 0}
04-10 01:28:08.208 673 4683 D resolv : resolv_getaddrinfo: explore_fqdn(): ai_family=0 ai_socktype=1 ai_protocol=6
04-10 01:28:08.209 3040 4612 W hpplay-java: [AsyncTask #39]:HttpRequest:
04-10 01:28:08.209 3040 4610 W hpplay-java: [AsyncTask #37]:HttpRequest:
04-10 01:28:08.210 3040 4555 I hpplay-java: [AsyncTask #36]:ServerBusiness:createPinCode ignore
04-10 01:28:08.210 3040 4612 W hpplay-java: [AsyncTask #39]:HttpRequest:
04-10 01:28:08.210 3040 3040 E hpplay-java: [main]:IMTask:getIMRoot failed
04-10 01:28:08.211 3040 4612 W hpplay-java: [AsyncTask #39]:HttpRequest:
04-10 01:28:08.211 673 4684 D resolv : GetAddrInfoHandler::run: {0 262144 0 983040 10091 0}
04-10 01:28:08.211 673 4684 D resolv : resolv_getaddrinfo: explore_fqdn(): ai_family=0 ai_socktype=1 ai_protocol=6
04-10 01:28:08.214 3040 4611 W hpplay-java: [AsyncTask #38]:HttpRequest:
04-10 01:28:08.214 2544 2544 D RemoteControlService: startVlanDispatchThread
04-10 01:28:08.215 3040 4678 I hpplay-java: [AsyncTask #64]:BusinessConfig:requestConfig
04-10 01:28:08.215 3040 4501 W hpplay-java: [AsyncTask #35]:HttpRequest:
04-10 01:28:08.215 3040 4501 I hpplay-java: [AsyncTask #35]:HttpRequest:https://vipauth.hpplay.cn/VipAuth path post
04-10 01:28:08.215 3040 4618 I hpplay-java: [AsyncTask #41]:HttpRequest:http://gslb.hpplay.cn/lebo-flux-sdk/sdk/info/upload path post
04-10 01:28:08.216 3040 4501 W hpplay-java: [AsyncTask #35]:HttpRequest:
04-10 01:28:08.216 3040 4501 I hpplay-java: [AsyncTask #35]:HttpRequest:https://vipauth.hpplay.cn/VipAuth path post
04-10 01:28:08.218 673 4685 D resolv : GetAddrInfoHandler::run: {0 262144 0 983040 10091 0}
04-10 01:28:08.218 673 4685 D resolv : resolv_getaddrinfo: explore_fqdn(): ai_family=0 ai_socktype=1 ai_protocol=6
04-10 01:28:08.219 1002 1763 W ActivityManager: Unable to start service Intent { act=android.intent.action.START_LEBO_SERVICE pkg=com.hpplay.happyplay.aw } U=0: not found
04-10 01:28:08.219 3040 4501 W hpplay-java: [AsyncTask #35]:HttpRequest:
04-10 01:28:08.220 3040 4678 I hpplay-java: [AsyncTask #64]:LeboUtil:wu r:false
04-10 01:28:08.222 3040 4620 W hpplay-java: [AsyncTask #43]:HttpRequest:
04-10 01:28:08.223 3040 4611 W hpplay-java: [AsyncTask #38]:HttpRequest:
04-10 01:28:08.223 3040 4620 W hpplay-java: [AsyncTask #43]:HttpRequest:
04-10 01:28:08.225 3040 4620 W hpplay-java: [AsyncTask #43]:HttpRequest:
04-10 01:28:08.225 3040 4618 W hpplay-java: [AsyncTask #41]:HttpRequest:
04-10 01:28:08.225 3040 4611 W hpplay-java: [AsyncTask #38]:HttpRequest:
04-10 01:28:08.225 3040 4618 I hpplay-java: [AsyncTask #41]:HttpRequest:http://gslb.hpplay.cn/lebo-flux-sdk/sdk/info/upload path post
04-10 01:28:08.226 3040 4618 W hpplay-java: [AsyncTask #41]:HttpRequest:
04-10 01:28:08.226 3040 4618 I hpplay-java: [AsyncTask #41]:HttpRequest:http://gslb.hpplay.cn/lebo-flux-sdk/sdk/info/upload path post
04-10 01:28:08.227 3040 4618 W hpplay-java: [AsyncTask #41]:HttpRequest:
04-10 01:28:08.248 649 662 I mpu_uart: [MSG-P:RECV]:No message received in 1000 ms
01-06 09:03:22.232 0 0 D cnss : Runtime suspend start
01-06 09:03:22.237 0 0 I [kworke][0x14b22928f][01:28:08.287955] wlan: [440:I:PMO] pmo_core_is_wow_applicable: 319: lpass enabled, enabling wow
01-06 09:03:22.237 0 0 I [kworke][0x14b22a504][01:28:08.288201] wlan: [440:I:PMO] pmo_core_enable_wow_in_fw: 807: drv wow is enabled
01-06 09:03:22.237 0 0 I [kworke][0x14b22a707][01:28:08.288228] wlan: [440:I:PMO] pmo_core_enable_wow_in_fw: 820: RTPM wow
01-06 09:03:22.237 0 0 I [kworke][0x14b22ac86][01:28:08.288301] wlan: [440:I:WMI] send_wow_enable_cmd_tlv: 1831: suspend type: WOW_IFACE_PAUSE_ENABLED flag is 0x10
01-06 09:03:22.278 0 0 I [kworke][0x14b2ea7db][01:28:08.329201] wlan: [440:I:HIF] hif_try_complete_tasks: 782: waiting for tasklets 0 grp tasklets 0 work 2
01-06 09:03:22.292 0 0 D cnss : Setting MHI state: SUSPEND(6)
01-06 09:03:22.292 0 0 D cnss : Suspending PCI link
01-06 09:03:22.292 0 0 D cnss : Use PCIe DRV suspend
01-06 09:03:22.296 0 0 D cnss : Runtime suspend status: 0
04-10 01:28:08.622 1002 1665 D WindowManager: interceptKeyBeforeQueueing: ---> event=KeyEvent { action=ACTION_DOWN, keyCode=KEYCODE_POWER, scanCode=116, metaState=0, flags=0x8, repeatCount=0, eventTime=283505, downTime=283505, deviceId=3, source=0x101, displayId=-1 } ---stack--- java.lang.Throwable
04-10 01:28:08.622 1002 1665 D WindowManager: at com.android.server.policy.PhoneWindowManager.interceptKeyBeforeQueueing(PhoneWindowManager.java:3422)
04-10 01:28:08.622 1002 1665 D WindowManager: at com.android.server.wm.InputManagerCallback.interceptKeyBeforeQueueing(InputManagerCallback.java:149)
04-10 01:28:08.622 1002 1665 D WindowManager: at com.android.server.input.InputManagerService.interceptKeyBeforeQueueing(InputManagerService.java:2827)
04-10 01:28:08.623 1002 1665 I intercept_power: [ACTION_DOWN,0,0]
04-10 01:28:08.624 1002 1665 D DisplayPowerController[0]: requestPowerState: policy=OFF, useProximitySensor=false, screenBrightnessOverride=NaN, useAutoBrightness=true, screenAutoBrightnessAdjustmentOverride=NaN, screenLowPowerBrightnessFactor=1.0, blockScreenOn=false, lowPowerMode=false, boostScreenBrightness=false, dozeScreenBrightness=NaN, dozeScreenState=UNKNOWN, waitForNegativeProximity=false
04-10 01:28:08.624 1002 1665 D PowerManagerNotifier: onScreenPolicyUpdate: newPolicy=0
04-10 01:28:08.627 1002 1665 D PowerManagerNotifier: onWakeLockAcquired: flags=1, tag="PhoneWindowManager.mPowerKeyWakeLock", packageName=android, ownerUid=1000, ownerPid=1002, workSource=null
04-10 01:28:08.629 1002 1665 I PowerManagerService: Powering on display group fromAsleep (groupId=0, uid=1000, reason=WAKE_REASON_POWER_BUTTON, details=android.policy:POWER)...
04-10 01:28:08.630 1002 1665 I PowerManagerService: Waking up from Asleep (uid=1000, reason=WAKE_REASON_POWER_BUTTON, details=android.policy:POWER)...
04-10 01:28:08.633 1002 1665 D PowerManagerNotifier: onWakefulnessChangeStarted: wakefulness=1, reason=1, interactive=true
04-10 01:28:08.636 1002 1665 D PowerManagerNotifier: onWakeUp: reason=WAKE_REASON_POWER_BUTTON, details=android.policy:POWER, reasonUid=1000 opPackageName=android opUid=1000
04-10 01:28:08.637 1002 1665 D PowerManagerNotifier: onUserActivity: event=0, uid=1000
04-10 01:28:08.638 1002 1665 D DisplayPowerController[0]: requestPowerState: policy=BRIGHT, useProximitySensor=false, screenBrightnessOverride=NaN, useAutoBrightness=true, screenAutoBrightnessAdjustmentOverride=NaN, screenLowPowerBrightnessFactor=1.0, blockScreenOn=false, lowPowerMode=false, boostScreenBrightness=false, dozeScreenBrightness=NaN, dozeScreenState=UNKNOWN, waitForNegativeProximity=false
04-10 01:28:08.638 1002 1665 D PowerManagerNotifier: onScreenPolicyUpdate: newPolicy=3
04-10 01:28:08.641 1002 1665 D WindowManager: interceptKeyBeforeQueueing: ---> event=KeyEvent { action=ACTION_UP, keyCode=KEYCODE_POWER, scanCode=116, metaState=0, flags=0x8, repeatCount=0, eventTime=283505, downTime=283505, deviceId=3, source=0x101, displayId=-1 } ---stack--- java.lang.Throwable
04-10 01:28:08.641 1002 1665 D WindowManager: at com.android.server.policy.PhoneWindowManager.interceptKeyBeforeQueueing(PhoneWindowManager.java:3422)
04-10 01:28:08.641 1002 1665 D WindowManager: at com.android.server.wm.InputManagerCallback.interceptKeyBeforeQueueing(InputManagerCallback.java:149)
04-10 01:28:08.641 1002 1665 D WindowManager: at com.android.server.input.InputManagerService.interceptKeyBeforeQueueing(InputManagerService.java:2827)
04-10 01:28:08.641 1002 1002 I screen_toggled: 1
04-10 01:28:08.641 1002 1211 D DisplayPowerState: setScreenState: state=2
04-10 01:28:08.641 1002 1665 I intercept_power: [ACTION_UP,0,0]
04-10 01:28:08.641 1002 1002 I power_screen_broadcast_send: 1
04-10 01:28:08.641 1002 1665 D PowerManagerNotifier: onWakeLockReleased: flags=1, tag="PhoneWindowManager.mPowerKeyWakeLock", packageName=android, ownerUid=1000, ownerPid=1002, workSource=null
04-10 01:28:08.641 1002 1211 I DisplayPowerController[0]: Blocking screen on until initial contents have been drawn.
04-10 01:28:08.642 1002 1002 D PowerManagerNotifier: Sending wake up broadcast.
04-10 01:28:08.642 1995 4457 D KeyguardViewMediator: onStartedWakingUp, seq = 15
04-10 01:28:08.642 1995 4457 D KeyguardViewMediator: notifyStartedWakingUp
04-10 01:28:08.642 1002 1211 D ActivityTaskManager: Top Process State changed to PROCESS_STATE_TOP
04-10 01:28:08.646 1002 1665 D DisplayPowerController[0]: requestPowerState: policy=BRIGHT, useProximitySensor=false, screenBrightnessOverride=NaN, useAutoBrightness=true, screenAutoBrightnessAdjustmentOverride=NaN, screenLowPowerBrightnessFactor=1.0, blockScreenOn=false, lowPowerMode=false, boostScreenBrightness=false, dozeScreenBrightness=NaN, dozeScreenState=UNKNOWN, waitForNegativeProximity=false
04-10 01:28:08.646 1002 1665 D PowerManagerNotifier: onScreenPolicyUpdate: newPolicy=3
04-10 01:28:08.647 1002 1002 D WindowManager: powerPress: eventTime=283505 interactive=false count=0 beganFromNonInteractive=true mShortPressOnPowerBehavior=1
04-10 01:28:08.652 1002 1002 E SensorManager: sensor or listener is null
04-10 01:28:08.654 1995 1995 D KeyguardViewMediator: handleNotifyWakingUp
04-10 01:28:08.656 1002 1181 W BroadcastQueue: Background execution not allowed: receiving Intent { act=android.intent.action.USER_PRESENT flg=0x24200010 } to com.microsoft.emmx/org.chromium.chrome.browser.sharing.click_to_call.ClickToCallMessageHandler$PhoneUnlockedReceiver
04-10 01:28:08.656 3068 3068 D SYS_EVENT: send event 64 notification to client
04-10 01:28:08.661 1002 1211 I wm_set_resumed_activity: [0,com.android.launcher3/.uioverrides.QuickstepLauncher,resumeTopActivityInnerLocked]
04-10 01:28:08.661 1002 1193 E KernelCpuSpeedReader: Failed to read cpu-freq: /sys/devices/system/cpu/cpu4/cpufreq/stats/time_in_state: open failed: ENOENT (No such file or directory)
04-10 01:28:08.662 1002 1193 E KernelCpuSpeedReader: Failed to read cpu-freq: /sys/devices/system/cpu/cpu0/cpufreq/stats/time_in_state: open failed: ENOENT (No such file or directory)
04-10 01:28:08.662 816 1783 D audio_hw_primary: adev_set_parameters: enter: screen_state=on
04-10 01:28:08.662 816 1783 D audio_hw_hfp: hfp_set_parameters: enter
04-10 01:28:08.662 1002 1211 I wm_resume_activity: [0,247139416,12,com.android.launcher3/.uioverrides.QuickstepLauncher]
04-10 01:28:08.662 1002 1193 E system_server: Cannot read thread CPU times for PID 1002
04-10 01:28:08.662 816 1783 D sound_trigger_hw: handle_screen_status_change: screen on
04-10 01:28:08.662 816 1783 D audio_hw_extn: audio_extn_fm_set_parameters: Enter
04-10 01:28:08.663 1995 4362 D KeyguardViewMediator: notifyScreenOn
04-10 01:28:08.666 1002 1002 I battery_saving_stats: [0,0,0,988,0,0,14626,0,0]
04-10 01:28:08.672 1995 1995 D StatusBar: updateQsExpansionEnabled - QS Expand enabled: true
04-10 01:28:08.673 1995 1995 D KeyguardUpdateMonitor: received broadcast android.intent.action.TIME_TICK
04-10 01:28:08.675 1995 1995 D KeyguardViewMediator: handleNotifyScreenTurningOn
01-06 09:03:22.627 0 0 D cnss : Starting to handle get info prepare
04-10 01:28:08.677 1002 1211 E SensorManager: sensor or listener is null
04-10 01:28:08.677 1002 1211 D DisplayPowerController[0]: Animating brightness: target=1.0, sdrTarget=1.0, rate=0.0
04-10 01:28:08.677 1002 1211 D DisplayPowerState: setScreenBrightness: brightness=1.0
04-10 01:28:08.678 1002 1211 D DisplayPowerState: setSdrScreenBrightness: brightness=1.0
01-06 09:03:22.627 0 0 D cnss : Resuming PCI link
04-10 01:28:08.684 1002 1211 V DisplayPowerController[0]: Brightness [1.0] reason changing to: 'manual', previous reason: 'screen_off'.
04-10 01:28:08.684 1002 1211 D DisplayPowerController[0]: Unfinished business...
04-10 01:28:08.684 1002 1211 I sysui_multi_action: [757,1696,758,6,759,3]
04-10 01:28:08.684 1002 1211 D DisplayPowerState: Requesting new screen state: state=ON, backlight=-1.0
04-10 01:28:08.684 1002 1211 D DisplayPowerState: Screen not ready
04-10 01:28:08.684 1002 1951 D DisplayPowerState: Updating screen state: id=0, state=ON, backlight=-1.0, sdrBacklight=-1.0
04-10 01:28:08.686 943 943 I QTI PowerHAL: Power setMode: 7 to: 1
04-10 01:28:08.686 1002 1951 D LocalDisplayAdapter: setDisplayState(id=4630946816427681409, state=ON) ---start
04-10 01:28:08.686 1041 1041 D SurfaceFlinger: Setting power mode 2 on display 4630946816427681409
04-10 01:28:08.687 943 943 I QTI PowerHAL: Got set_interactive hint
04-10 01:28:08.687 1002 1161 I DisplayDeviceRepository: Display device changed state: "内置屏幕", ON
04-10 01:28:08.689 1002 1161 I InputManager-JNI: Viewport [0] to add: local:4630946816427681409, isActive: true
04-10 01:28:08.689 1002 1211 I DisplayPowerController[0]: Unblocked screen on after 48 ms
04-10 01:28:08.690 1002 1211 D DisplayPowerState: setColorFadeLevel: level=1.0
04-10 01:28:08.691 961 1109 I SDM : DisplayBase::SetDisplayState: Set state = 1, display 29-0, teardown = 0
04-10 01:28:08.692 1002 1211 D DisplayPowerState: Requesting new screen state: state=ON, backlight=1.0
04-10 01:28:08.692 1002 1211 D DisplayPowerState: Screen not ready
04-10 01:28:08.693 1995 1995 D KeyguardUpdateMonitor: handleTimeUpdate
01-06 09:03:22.643 0 0 I ALERT : changing window size from 20000000 to 16000000 at 283580080306
04-10 01:28:08.695 1002 1665 I InputReader: Reconfiguring input devices, changes=DISPLAY_INFO |
04-10 01:28:08.695 1002 1665 I InputReader: Device reconfigured: id=4, name='qbt_key_input', size 2560x1080, orientation 0, mode 4, display id 0
04-10 01:28:08.696 1002 1665 I InputReader: Device reconfigured: id=3, name='Atmel maXTouch Touchscreen', size 2560x1080, orientation 0, mode 1, display id 0
01-06 09:03:22.644 0 0 I : [MAX975X:max96755x_drm_notifier_callback] *INFO* receives EARLY_BLANK:UNBLANK
01-06 09:03:22.644 0 0 I atmel_mxt_ts 0-004a: FB event:2,blank:0
01-06 09:03:22.644 0 0 I atmel_mxt_ts 0-004a: suspend: event = 2, blank = 0, not care
01-06 09:03:22.644 0 0 I [drm:dsi_display_set_mode] [msm-dsi-info]: mdp_transfer_time_us=0 us
01-06 09:03:22.644 0 0 I [drm:dsi_display_set_mode] [msm-dsi-info]: hactive= 2560,vactive= 1080,fps=60
01-06 09:03:22.644 0 0 I [drm:dsi_ctrl_isr_configure] [msm-dsi-info]: dsi-ctrl-0: IRQ 403 registered
04-10 01:28:08.699 1993 2639 I BtGatt.ScanManager: msg.what = 8
04-10 01:28:08.699 2707 2707 I wm_on_restart_called: [247139416,com.android.launcher3.uioverrides.QuickstepLauncher,performRestartActivity]
04-10 01:28:08.700 2707 2707 I wm_on_start_called: [247139416,com.android.launcher3.uioverrides.QuickstepLauncher,handleStartActivity]
04-10 01:28:08.701 1993 2639 I BtGatt.ScanManager: msg.what = 5
04-10 01:28:08.701 2707 2707 I wm_on_resume_called: [247139416,com.android.launcher3.uioverrides.QuickstepLauncher,RESUME_ACTIVITY]
04-10 01:28:08.701 2707 2707 I wm_on_top_resumed_gained_called: [247139416,com.android.launcher3.uioverrides.QuickstepLauncher,topWhenResuming]
04-10 01:28:08.702 2311 2512 E QmiAgentHwInterface: Failed to sendRequest: android.os.RemoteException: sendRequest failed with status: 2
01-06 09:03:22.653 0 0 D cnss : Set PCI link status to: 2
01-06 09:03:22.653 0 0 D cnss : Setting MHI state: RESUME(7)
01-06 09:03:22.659 0 0 D cnss : Sending get info message, type: 0, cmd length: 28, state: 0x107
04-10 01:28:08.717 3068 3068 D SYS_EVENT: send event 16 notification to client
04-10 01:28:08.719 3040 3040 I hpplay-java: [main]:IPManager:updateAPState time : 0 isAPOpen :false
04-10 01:28:08.719 3040 3040 I hpplay-java: [main]:NetworkReceiver:onReceive action: android.intent.action.SCREEN_ON
04-10 01:28:08.719 3040 3040 I hpplay-java: [main]:NetworkReceiver:processReceive time : 0
04-10 01:28:08.721 3066 3066 D PASRDozeReceiver: Received Intent Intent { act=android.intent.action.SCREEN_ON flg=0x50200010 }
04-10 01:28:08.722 3066 3066 D PASRDozeReceiver: Sent intent Successfully
04-10 01:28:08.722 3066 3066 D PASRService: PASRService started
04-10 01:28:08.723 3066 3066 D PASRService: OnStart, Intent: android.intent.action.SCREEN_ON
04-10 01:28:08.723 3066 3066 D PASRService: State is now: -1
04-10 01:28:08.723 1002 1002 I power_screen_broadcast_done: [1,82,1]
01-06 09:03:22.672 0 0 D cnss : Received QMI WLFW respond get info indication
01-06 09:03:22.672 0 0 D cnss : Extract message with event length: 812, type: 0, is last: 0, seq no: 0
01-06 09:03:22.674 0 0 D cnss : Received QMI WLFW respond get info indication
01-06 09:03:22.674 0 0 D cnss : Extract message with event length: 576, type: 0, is last: 0, seq no: 0
01-06 09:03:22.675 0 0 D cnss : Received QMI WLFW respond get info indication
01-06 09:03:22.675 0 0 D cnss : Extract message with event length: 748, type: 0, is last: 0, seq no: 0
01-06 09:03:22.677 0 0 D cnss : Received QMI WLFW respond get info indication
04-10 01:28:08.730 1002 1163 I input_focus: [Focus request 73b612c com.android.launcher3/com.android.launcher3.uioverrides.QuickstepLauncher,reason=UpdateInputWindows]
01-06 09:03:22.677 0 0 D cnss : Extract message with event length: 812, type: 0, is last: 0, seq no: 0
01-06 09:03:22.678 0 0 D cnss : Received QMI WLFW respond get info indication
01-06 09:03:22.678 0 0 D cnss : Extract message with event length: 748, type: 0, is last: 0, seq no: 0
01-06 09:03:22.679 0 0 D cnss : Starting to handle get info done
01-06 09:03:22.679 0 0 D cnss : Setting MHI state: SUSPEND(6)
01-06 09:03:22.684 0 0 D cnss : Suspending PCI link
01-06 09:03:22.684 0 0 D cnss : Use PCIe DRV suspend
01-06 09:03:22.688 0 0 D cnss : Runtime resume start
01-06 09:03:22.688 0 0 D cnss : Resuming PCI link
01-06 09:03:22.690 0 0 D cnss : Set PCI link status to: 2
04-10 01:28:08.741 1002 1664 I InputDispatcher: Dropping event because there is no touchable window or gesture monitor at (2377, 968) in display 0.
01-06 09:03:22.690 0 0 D cnss : Setting MHI state: RESUME(7)
04-10 01:28:08.742 1002 1664 D PowerManagerNotifier: onUserActivity: event=0, uid=1000
01-06 09:03:22.695 0 0 I [kworke][0x14ba8b95d][01:28:08.745858] wlan: [399:I:PMO] pmo_core_psoc_send_host_wakeup_ind_to_fw: 1225: Host wakeup indication sent to fw
04-10 01:28:08.743 1002 1664 I InputDispatcher: Dropping event because there is no touchable window or gesture monitor at (2377, 968) in display 0.
04-10 01:28:08.743 1002 1664 I InputDispatcher: Dropping event because there is no touchable window or gesture monitor at (2377, 968) in display 0.
04-10 01:28:08.743 1002 1664 I InputDispatcher: Dropping event because there is no touchable window or gesture monitor at (2377, 968) in display 0.
04-10 01:28:08.743 1002 1664 I input_interaction: Interaction with: edge-swipe (server), swipe-up (server), PointerEventDispatcher0 (server),
04-10 01:28:08.746 1002 1664 D PowerManagerNotifier: onUserActivity: event=2, uid=1000
01-06 09:03:22.702 0 0 I : [MAX975X:max96755x_drm_notifier_callback] *INFO* receives BLANK:UNBLANK
01-06 09:03:22.702 0 0 I atmel_mxt_ts 0-004a: FB event:1,blank:0
01-06 09:03:22.702 0 0 I atmel_mxt_ts 0-004a: drm_notifier_callback: UNBLANK! Resume by drm notifier.
01-06 09:03:22.707 0 0 D cnss : Runtime resume status: 0
04-10 01:28:08.757 1041 1041 D SurfaceFlinger: Finished setting power mode 2 on display 4630946816427681409
04-10 01:28:08.757 1002 1951 D LocalDisplayAdapter: setDisplayState(id=4630946816427681409, state=ON) ---end
04-10 01:28:08.758 1002 1951 D DisplayPowerState: Updating screen state: id=0, state=ON, backlight=1.0, sdrBacklight=1.0
04-10 01:28:08.758 1002 1211 D DisplayPowerState: Screen ready
04-10 01:28:08.759 1002 1664 D DisplayPowerController[0]: requestPowerState: policy=BRIGHT, useProximitySensor=false, screenBrightnessOverride=NaN, useAutoBrightness=true, screenAutoBrightnessAdjustmentOverride=NaN, screenLowPowerBrightnessFactor=1.0, blockScreenOn=false, lowPowerMode=false, boostScreenBrightness=false, dozeScreenBrightness=NaN, dozeScreenState=UNKNOWN, waitForNegativeProximity=false
04-10 01:28:08.759 1002 1664 D PowerManagerNotifier: onScreenPolicyUpdate: newPolicy=3
04-10 01:28:08.759 1002 1951 D LocalDisplayAdapter: setDisplayBrightness(id=4630946816427681409, brightnessState=1.0, sdrBrightnessState=1.0) ---start
04-10 01:28:08.759 1002 1951 E DisplayDeviceConfig: requesting nits when no mapping exists.
04-10 01:28:08.759 1002 1211 D DisplayPowerController[0]: Display ready!
04-10 01:28:08.759 1002 1211 D DisplayPowerController[0]: Finished business...
04-10 01:28:08.760 1995 4419 D KeyguardViewMediator: notifyScreenTurnedOn
04-10 01:28:08.761 1002 1211 D DisplayPowerController[0]: requestPowerState: policy=BRIGHT, useProximitySensor=false, screenBrightnessOverride=NaN, useAutoBrightness=true, screenAutoBrightnessAdjustmentOverride=NaN, screenLowPowerBrightnessFactor=1.0, blockScreenOn=false, lowPowerMode=false, boostScreenBrightness=false, dozeScreenBrightness=NaN, dozeScreenState=UNKNOWN, waitForNegativeProximity=false
04-10 01:28:08.761 1002 1211 D PowerManagerNotifier: onScreenPolicyUpdate: newPolicy=3
04-10 01:28:08.762 1002 1211 D PowerManagerNotifier: onWakefulnessChangeFinished
04-10 01:28:08.763 1002 1664 D PowerManagerNotifier: onUserActivity: event=2, uid=1000
04-10 01:28:08.763 1002 1664 D DisplayPowerController[0]: requestPowerState: policy=BRIGHT, useProximitySensor=false, screenBrightnessOverride=NaN, useAutoBrightness=true, screenAutoBrightnessAdjustmentOverride=NaN, screenLowPowerBrightnessFactor=1.0, blockScreenOn=false, lowPowerMode=false, boostScreenBrightness=false, dozeScreenBrightness=NaN, dozeScreenState=UNKNOWN, waitForNegativeProximity=false
04-10 01:28:08.763 1002 1664 D PowerManagerNotifier: onScreenPolicyUpdate: newPolicy=3
04-10 01:28:08.764 1002 1002 I sysui_multi_action: [757,198,758,1,759,1,1359,143,1694,1]
04-10 01:28:08.765 1002 1002 I power_screen_state: [1,0,0,0,143]
04-10 01:28:08.766 1995 1995 D KeyguardViewMediator: handleNotifyScreenTurnedOn
04-10 01:28:08.766 1002 1181 I am_wtf : [0,1002,system_server,-1,DisplayDeviceConfig,requesting nits when no mapping exists.]
04-10 01:28:08.766 1002 1951 E DisplayDeviceConfig: requesting nits when no mapping exists.
04-10 01:28:08.767 1002 1181 I DropBoxManagerService: add tag=system_server_wtf isTagEnabled=true flags=0x2
04-10 01:28:08.770 1002 1664 I input_focus: [Focus entering 73b612c com.android.launcher3/com.android.launcher3.uioverrides.QuickstepLauncher (server),reason=setFocusedWindow]
04-10 01:28:08.771 1002 1181 I am_wtf : [0,1002,system_server,-1,DisplayDeviceConfig,requesting nits when no mapping exists.]
04-10 01:28:08.774 1002 1181 I DropBoxManagerService: add tag=system_server_wtf isTagEnabled=true flags=0x2
04-10 01:28:08.811 1002 1951 D LocalDisplayAdapter: setDisplayBrightness(id=4630946816427681409, brightnessState=1.0, sdrBrightnessState=1.0) ---end
04-10 01:28:08.812 1002 1211 D DisplayPowerState: Screen ready
04-10 01:28:08.993 3040 3973 W hpplay-java: [ServerTaskManager]:IPManager:getActiveNets invalid networkInfo:null
04-10 01:28:08.993 3040 3973 I hpplay-java: [ServerTaskManager]:IPManager:getActiveNets eth0:false wifi:false mobile:false ap:false
04-10 01:28:08.994 3040 3973 I hpplay-java: [ServerTaskManager]:ServerTaskManager:get local ip:null
04-10 01:28:09.248 649 662 I mpu_uart: [MSG-P:RECV]:No message received in 1000 ms
04-10 01:28:09.727 1002 1664 I input_interaction: Interaction with: 2d5abae StatusBar (server), edge-swipe (server), swipe-up (server), PointerEventDispatcher0 (server),
04-10 01:28:09.736 1002 1664 D PowerManagerNotifier: onUserActivity: event=2, uid=1000
04-10 01:28:09.738 1002 1664 D DisplayPowerController[0]: requestPowerState: policy=BRIGHT, useProximitySensor=false, screenBrightnessOverride=NaN, useAutoBrightness=true, screenAutoBrightnessAdjustmentOverride=NaN, screenLowPowerBrightnessFactor=1.0, blockScreenOn=false, lowPowerMode=false, boostScreenBrightness=false, dozeScreenBrightness=NaN, dozeScreenState=UNKNOWN, waitForNegativeProximity=false
04-10 01:28:09.738 1002 1664 D PowerManagerNotifier: onScreenPolicyUpdate: newPolicy=3
04-10 01:28:09.757 1995 1995 I sysui_multi_action: [757,803,799,panel_open,802,1]
04-10 01:28:09.759 1995 1995 I sysui_multi_action: [757,1328,758,4,1326,59,1327,1,1329,0]
04-10 01:28:09.764 1995 1995 D StatusBar: disable disable2
04-10 01:28:09.765 1002 1763 I sysui_multi_action: [757,127,758,1]
04-10 01:28:09.765 1002 1763 I sysui_multi_action: [757,804,799,note_load,801,6,802,1]
04-10 01:28:09.765 1002 1763 I notification_panel_revealed: 6
04-10 01:28:09.778 1002 1163 I input_focus: [Focus request 10ef944 NotificationShade,reason=UpdateInputWindows]
04-10 01:28:09.795 1002 2438 I sysui_multi_action: [757,128,758,1,793,16132,794,0,795,15786,796,1,798,2,806,com.android.traceur,857,trace-is-being-recorded,858,4,947,0,1395,6,1500,15786,1688,1]
04-10 01:28:09.795 1002 2438 I sysui_multi_action: [757,804,799,note_freshness,801,15786,802,1]
04-10 01:28:09.795 1995 1995 I sysui_multi_action: [757,111,758,1]
04-10 01:28:09.795 1002 2438 I notification_visibility: [0|com.android.traceur|1|null|10035,1,16132,15786,0,2]
04-10 01:28:09.796 1995 1995 I sysui_multi_action: [757,268,758,1,759,268,806,com.android.traceur,871,com.android.traceur.QsService,927,0,1593,1]
04-10 01:28:09.796 1995 1995 I sysui_multi_action: [757,126,758,1,759,126,927,1,928,1,1593,1]
04-10 01:28:09.796 1002 2438 I sysui_multi_action: [757,128,758,1,793,235325,794,0,795,235325,796,26,798,0,806,android,857,DEVELOPER_IMPORTANT,858,4,947,0,1395,6,1500,234733,1688,1]
04-10 01:28:09.796 1995 1995 I sysui_multi_action: [757,113,758,1,759,113,927,2,928,1,1593,1]
04-10 01:28:09.796 1002 2438 I sysui_multi_action: [757,804,799,note_freshness,801,235325,802,1]
04-10 01:28:09.796 1995 1995 I sysui_multi_action: [757,0,758,1,759,0,927,3,928,0,1593,1]
04-10 01:28:09.796 1002 2438 I notification_visibility: [-1|android|26|null|1000,1,235325,235325,0,0]
04-10 01:28:09.796 1995 1995 I sysui_multi_action: [757,0,758,1,759,0,927,4,928,0,1593,1]
04-10 01:28:09.796 1002 2438 I sysui_multi_action: [757,128,758,1,793,234238,794,0,795,234238,796,17303299,797,com.android.wifi,798,3,806,android,857,NETWORK_AVAILABLE,858,2,947,0,1395,6,1500,234021,1688,1]
04-10 01:28:09.796 1002 2438 I sysui_multi_action: [757,804,799,note_freshness,801,234238,802,1]
04-10 01:28:09.796 1002 2438 I notification_visibility: [0|android|17303299|com.android.wifi|1000,1,234238,234238,0,3]
04-10 01:28:09.796 1995 1995 I sysui_multi_action: [757,491,758,1,759,491,927,5,928,0,1311,-1,1593,1]
04-10 01:28:09.797 1995 1995 I sysui_multi_action: [757,0,758,1,759,0,927,6,928,0,1593,1]
04-10 01:28:09.797 1002 2438 I sysui_multi_action: [757,128,758,1,793,109477,794,0,795,109477,796,0,797,trace-kona-SKQ1.220201.001-2023-04-10-01-26-18.perfetto-trace,798,1,806,com.android.traceur,857,system-tracing,858,4,947,0,1395,6,1500,109270,1688,1]
04-10 01:28:09.797 1995 1995 I sysui_multi_action: [757,0,758,1,759,0,927,7,1593,1]
04-10 01:28:09.797 1002 2438 I sysui_multi_action: [757,804,799,note_freshness,801,109477,802,1]
04-10 01:28:09.797 1995 1995 I sysui_multi_action: [757,111,758,1]
04-10 01:28:09.797 1002 2438 I notification_visibility: [0|com.android.traceur|0|trace-kona-SKQ1.220201.001-2023-04-10-01-26-18.perfetto-trace|10035,1,109477,109477,0,1]
04-10 01:28:09.797 1995 1995 I sysui_multi_action: [757,268,758,1,759,268,806,com.android.traceur,871,com.android.traceur.QsService,927,0,1593,1]
04-10 01:28:09.797 1995 1995 I sysui_multi_action: [757,126,758,1,759,126,927,1,928,1,1593,1]
04-10 01:28:09.797 1995 1995 I sysui_multi_action: [757,113,758,1,759,113,927,2,928,1,1593,1]
04-10 01:28:09.797 1995 1995 I sysui_multi_action: [757,0,758,1,759,0,927,3,928,0,1593,1]
04-10 01:28:09.798 1002 2438 I sysui_multi_action: [757,128,758,1,793,235162,794,0,795,235162,796,55,798,4,806,android,857,DEVELOPER,858,2,947,0,1395,6,1500,234225,1688,1]
04-10 01:28:09.798 1002 2438 I sysui_multi_action: [757,804,799,note_freshness,801,235162,802,1]
04-10 01:28:09.798 1002 2438 I notification_visibility: [-1|android|55|null|1000,1,235162,235162,0,4]
04-10 01:28:09.799 1002 2438 I sysui_multi_action: [757,128,758,1,793,239376,794,0,795,239376,796,32,798,5,806,android,857,USB,858,1,947,0,1395,6,1500,238561,1688,1]
04-10 01:28:09.799 1002 2438 I sysui_multi_action: [757,804,799,note_freshness,801,239376,802,1]
04-10 01:28:09.799 1002 2438 I notification_visibility: [-1|android|32|null|1000,1,239376,239376,0,5]
04-10 01:28:09.829 1002 1664 I input_focus: [Focus leaving 73b612c com.android.launcher3/com.android.launcher3.uioverrides.QuickstepLauncher (server),reason=setFocusedWindow]
04-10 01:28:09.829 1002 1664 I input_focus: [Focus entering 10ef944 NotificationShade (server),reason=setFocusedWindow]
04-10 01:28:09.997 3040 3973 W hpplay-java: [ServerTaskManager]:IPManager:getActiveNets invalid networkInfo:null
04-10 01:28:09.997 3040 3973 I hpplay-java: [ServerTaskManager]:IPManager:getActiveNets eth0:false wifi:false mobile:false ap:false
04-10 01:28:09.997 3040 3973 I hpplay-java: [ServerTaskManager]:ServerTaskManager:get local ip:null
04-10 01:28:10.249 649 662 I mpu_uart: [MSG-P:RECV]:No message received in 1000 ms
04-10 01:28:10.297 649 661 I mpu_uart: [MSG-P:R]:recv sync frame timeout
04-10 01:28:10.458 1995 3033 W FrameTracker: Missed SF frame:66
04-10 01:28:10.458 1995 3033 W FrameTracker: Missed SF frame:66
04-10 01:28:10.458 1995 3033 W FrameTracker: Missed SF frame:66
04-10 01:28:10.459 1995 3033 W FrameTracker: Missed SF frame:66
04-10 01:28:10.459 1995 3033 W FrameTracker: Missed App frame:72
04-10 01:28:10.461 1995 3033 V PerfettoTrigger: Not triggering com.android.telemetry.interaction-jank-monitor-0 - not enough time since last trigger
04-10 01:28:10.665 1002 1664 I input_interaction: Interaction with: 10ef944 NotificationShade (server), edge-swipe (server), swipe-up (server), PointerEventDispatcher0 (server),
04-10 01:28:10.670 1002 1664 D PowerManagerNotifier: onUserActivity: event=2, uid=1000
04-10 01:28:10.671 1002 1664 D DisplayPowerController[0]: requestPowerState: policy=BRIGHT, useProximitySensor=false, screenBrightnessOverride=NaN, useAutoBrightness=true, screenAutoBrightnessAdjustmentOverride=NaN, screenLowPowerBrightnessFactor=1.0, blockScreenOn=false, lowPowerMode=false, boostScreenBrightness=false, dozeScreenBrightness=NaN, dozeScreenState=UNKNOWN, waitForNegativeProximity=false
04-10 01:28:10.671 1002 1664 D PowerManagerNotifier: onScreenPolicyUpdate: newPolicy=3
04-10 01:28:10.809 1002 1664 D PowerManagerNotifier: onUserActivity: event=2, uid=1000
04-10 01:28:10.809 1995 4457 I OpenGLRenderer: Davey! duration=9223371751194ms; Flags=0, FrameTimelineVsyncId=-1, IntendedVsync=285658940774, Vsync=285658984628, InputEventId=115134883, HandleInputStart=285658998535, AnimationStart=285659002753, PerformTraversalsStart=285659004837, DrawStart=285659196191, FrameDeadline=9223372036854775807, FrameInterval=285658984628, FrameStartTime=16666666, SyncQueued=285659742597, SyncStart=285660588743, IssueDrawCommandsStart=285661994212, SwapBuffers=285671980149, FrameCompleted=9223372036854775807, DequeueBufferDuration=171302, QueueBufferDuration=2425521, GpuCompleted=9223372036854775807, SwapBuffersCompleted=285676712233, DisplayPresentTime=274102616664,
04-10 01:28:10.809 1002 1664 D DisplayPowerController[0]: requestPowerState: policy=BRIGHT, useProximitySensor=false, screenBrightnessOverride=NaN, useAutoBrightness=true, screenAutoBrightnessAdjustmentOverride=NaN, screenLowPowerBrightnessFactor=1.0, blockScreenOn=false, lowPowerMode=false, boostScreenBrightness=false, dozeScreenBrightness=NaN, dozeScreenState=UNKNOWN, waitForNegativeProximity=false
04-10 01:28:10.809 1002 1664 D PowerManagerNotifier: onScreenPolicyUpdate: newPolicy=3
04-10 01:28:10.812 1002 2438 I sysui_multi_action: [757,128,758,2,793,240389,794,1013,795,240389,796,32,798,5,806,android,857,USB,858,1,947,0,1395,6,1500,239574,1688,1]
04-10 01:28:10.813 1002 2438 I notification_visibility: [-1|android|32|null|1000,0,240389,240389,0,5]
04-10 01:28:10.814 1002 1763 D WindowManager: interceptKeyBeforeQueueing: ---> event=KeyEvent { action=ACTION_DOWN, keyCode=KEYCODE_POWER, scanCode=0, metaState=0, flags=0x0, repeatCount=0, eventTime=285699, downTime=285699, deviceId=-1, source=0x0, displayId=0 } ---stack--- java.lang.Throwable
04-10 01:28:10.814 1002 1763 D WindowManager: at com.android.server.policy.PhoneWindowManager.interceptKeyBeforeQueueing(PhoneWindowManager.java:3422)
04-10 01:28:10.814 1002 1763 D WindowManager: at com.android.server.wm.InputManagerCallback.interceptKeyBeforeQueueing(InputManagerCallback.java:149)
04-10 01:28:10.814 1002 1763 D WindowManager: at com.android.server.input.InputManagerService.interceptKeyBeforeQueueing(InputManagerService.java:2827)
04-10 01:28:10.814 1002 1763 D WindowManager: at com.android.server.input.InputManagerService.nativeInjectInputEvent(Native Method)
04-10 01:28:10.814 1002 1763 D WindowManager: at com.android.server.input.InputManagerService.injectInputEventInternal(InputManagerService.java:874)
04-10 01:28:10.814 1002 1763 D WindowManager: at com.android.server.input.InputManagerService.injectInputEvent(InputManagerService.java:834)
04-10 01:28:10.814 1002 1763 D WindowManager: at android.hardware.input.IInputManager$Stub.onTransact(IInputManager.java:588)
04-10 01:28:10.814 1002 1763 D WindowManager: at android.os.Binder.execTransactInternal(Binder.java:1179)
04-10 01:28:10.814 1002 1763 D WindowManager: at android.os.Binder.execTransact(Binder.java:1143)
04-10 01:28:10.815 1002 1763 I intercept_power: [ACTION_DOWN,0,0]
04-10 01:28:10.815 1002 1763 D DisplayPowerController[0]: requestPowerState: policy=BRIGHT, useProximitySensor=false, screenBrightnessOverride=NaN, useAutoBrightness=true, screenAutoBrightnessAdjustmentOverride=NaN, screenLowPowerBrightnessFactor=1.0, blockScreenOn=false, lowPowerMode=false, boostScreenBrightness=false, dozeScreenBrightness=NaN, dozeScreenState=UNKNOWN, waitForNegativeProximity=false
04-10 01:28:10.815 1002 1763 D PowerManagerNotifier: onScreenPolicyUpdate: newPolicy=3
04-10 01:28:10.816 1002 1763 D PowerManagerNotifier: onWakeLockAcquired: flags=1, tag="PhoneWindowManager.mPowerKeyWakeLock", packageName=android, ownerUid=1000, ownerPid=1002, workSource=null
04-10 01:28:10.872 1002 1763 D WindowManager: interceptKeyBeforeQueueing: ---> event=KeyEvent { action=ACTION_UP, keyCode=KEYCODE_POWER, scanCode=0, metaState=0, flags=0x0, repeatCount=0, eventTime=285699, downTime=285756, deviceId=-1, source=0x0, displayId=0 } ---stack--- java.lang.Throwable
04-10 01:28:10.872 1002 1763 D WindowManager: at com.android.server.policy.PhoneWindowManager.interceptKeyBeforeQueueing(PhoneWindowManager.java:3422)
04-10 01:28:10.872 1002 1763 D WindowManager: at com.android.server.wm.InputManagerCallback.interceptKeyBeforeQueueing(InputManagerCallback.java:149)
04-10 01:28:10.872 1002 1763 D WindowManager: at com.android.server.input.InputManagerService.interceptKeyBeforeQueueing(InputManagerService.java:2827)
04-10 01:28:10.872 1002 1763 D WindowManager: at com.android.server.input.InputManagerService.nativeInjectInputEvent(Native Method)
04-10 01:28:10.872 1002 1763 D WindowManager: at com.android.server.input.InputManagerService.injectInputEventInternal(InputManagerService.java:874)
04-10 01:28:10.872 1002 1763 D WindowManager: at com.android.server.input.InputManagerService.injectInputEvent(InputManagerService.java:834)
04-10 01:28:10.872 1002 1763 D WindowManager: at android.hardware.input.IInputManager$Stub.onTransact(IInputManager.java:588)
04-10 01:28:10.872 1002 1763 D WindowManager: at android.os.Binder.execTransactInternal(Binder.java:1179)
04-10 01:28:10.872 1002 1763 D WindowManager: at android.os.Binder.execTransact(Binder.java:1143)
04-10 01:28:10.872 1002 1763 I intercept_power: [ACTION_UP,0,0]
04-10 01:28:10.872 1002 1002 D WindowManager: powerPress: eventTime=285756 interactive=true count=0 beganFromNonInteractive=false mShortPressOnPowerBehavior=1
04-10 01:28:10.873 1002 1002 I PowerManagerService: Powering off display group due to power_button (groupId= 0, uid= 1000)...
04-10 01:28:10.873 1002 1002 I PowerManagerService: Going to sleep due to power_button (uid 1000)...
04-10 01:28:10.877 1002 1002 D PowerManagerNotifier: onWakefulnessChangeStarted: wakefulness=3, reason=4, interactive=false
04-10 01:28:10.878 1002 1002 I power_sleep_requested: 0
04-10 01:28:10.878 1002 1002 D DisplayPowerController[0]: requestPowerState: policy=BRIGHT, useProximitySensor=false, screenBrightnessOverride=NaN, useAutoBrightness=true, screenAutoBrightnessAdjustmentOverride=NaN, screenLowPowerBrightnessFactor=1.0, blockScreenOn=false, lowPowerMode=false, boostScreenBrightness=false, dozeScreenBrightness=NaN, dozeScreenState=UNKNOWN, waitForNegativeProximity=false
04-10 01:28:10.878 1002 1002 D PowerManagerNotifier: onScreenPolicyUpdate: newPolicy=3
04-10 01:28:10.879 1002 1763 D PowerManagerNotifier: onWakeLockReleased: flags=1, tag="PhoneWindowManager.mPowerKeyWakeLock", packageName=android, ownerUid=1000, ownerPid=1002, workSource=null
04-10 01:28:10.880 1002 1763 D DisplayPowerController[0]: requestPowerState: policy=BRIGHT, useProximitySensor=false, screenBrightnessOverride=NaN, useAutoBrightness=true, screenAutoBrightnessAdjustmentOverride=NaN, screenLowPowerBrightnessFactor=1.0, blockScreenOn=false, lowPowerMode=false, boostScreenBrightness=false, dozeScreenBrightness=NaN, dozeScreenState=UNKNOWN, waitForNegativeProximity=false
04-10 01:28:10.880 1002 1763 D PowerManagerNotifier: onScreenPolicyUpdate: newPolicy=3
04-10 01:28:10.881 1002 1211 I PowerManagerService: Sleeping display group (groupId=0, uid=1000)...
04-10 01:28:10.881 1002 1211 I PowerManagerService: Sleeping (uid 1000)...
04-10 01:28:10.886 1995 4419 D KeyguardViewMediator: onStartedGoingToSleep(2)
04-10 01:28:10.886 1002 1211 D PowerManagerNotifier: onWakefulnessChangeStarted: wakefulness=0, reason=2, interactive=false
04-10 01:28:10.887 1002 1211 D DisplayPowerController[0]: requestPowerState: policy=OFF, useProximitySensor=false, screenBrightnessOverride=NaN, useAutoBrightness=true, screenAutoBrightnessAdjustmentOverride=NaN, screenLowPowerBrightnessFactor=1.0, blockScreenOn=false, lowPowerMode=false, boostScreenBrightness=false, dozeScreenBrightness=NaN, dozeScreenState=UNKNOWN, waitForNegativeProximity=false
04-10 01:28:10.887 1002 1211 D PowerManagerNotifier: onScreenPolicyUpdate: newPolicy=0
04-10 01:28:10.890 961 961 I SDM : HWCDisplay::GetColorModeCount: Supported color mode count = 1
04-10 01:28:10.890 961 961 I SDM : HWCDisplay::GetColorModes: Color mode = 0 is supported
04-10 01:28:10.891 1041 2858 E HWComposer: getSupportedContentTypes: getSupportedContentTypes failed for display 4630946816427681409: Unsupported (8)
04-10 01:28:10.891 1995 4419 D KeyguardViewMediator: notifyStartedGoingToSleep
04-10 01:28:10.897 1995 1995 V KeyguardUpdateMonitor: startListeningForFingerprint()
04-10 01:28:10.899 1995 1995 V KeyguardUpdateMonitor: startListeningForFingerprint()
04-10 01:28:10.899 1995 1995 D KeyguardViewMediator: handleNotifyStartedGoingToSleep
04-10 01:28:10.945 1002 1211 D DisplayPowerController[0]: Unfinished business...
04-10 01:28:10.946 1002 1211 I sysui_multi_action: [757,1696,758,6,759,0]
04-10 01:28:11.002 1002 1211 D DisplayPowerState: setColorFadeLevel: level=0.25912303
04-10 01:28:11.005 3040 3973 W hpplay-java: [ServerTaskManager]:IPManager:getActiveNets invalid networkInfo:null
04-10 01:28:11.005 3040 3973 I hpplay-java: [ServerTaskManager]:IPManager:getActiveNets eth0:false wifi:false mobile:false ap:false
04-10 01:28:11.005 3040 3973 I hpplay-java: [ServerTaskManager]:ServerTaskManager:get local ip:null
04-10 01:28:11.020 1002 1211 D DisplayPowerState: Screen ready
04-10 01:28:11.021 1002 1211 D DisplayPowerState: setColorFadeLevel: level=0.0
04-10 01:28:11.032 1002 1211 D DisplayPowerState: Requesting new screen state: state=ON, backlight=-1.0
04-10 01:28:11.032 1002 1211 D DisplayPowerState: Screen ready
04-10 01:28:11.032 1002 1951 D DisplayPowerState: Updating screen state: id=0, state=ON, backlight=-1.0, sdrBacklight=-1.0
04-10 01:28:11.032 1002 1951 D LocalDisplayAdapter: setDisplayBrightness(id=4630946816427681409, brightnessState=-1.0, sdrBrightnessState=-1.0) ---start
04-10 01:28:11.033 1002 1211 I DisplayPowerController[0]: Blocking screen off
04-10 01:28:11.033 1002 1951 E DisplayDeviceConfig: requesting nits when no mapping exists.
04-10 01:28:11.033 1002 1211 I DisplayPowerController[0]: Unblocked screen off after 1 ms
04-10 01:28:11.035 1002 1951 E DisplayDeviceConfig: requesting nits when no mapping exists.
04-10 01:28:11.035 1002 1181 I am_wtf : [0,1002,system_server,-1,DisplayDeviceConfig,requesting nits when no mapping exists.]
04-10 01:28:11.036 1002 1211 D DisplayPowerState: setScreenState: state=1
04-10 01:28:11.037 1002 1211 D ActivityTaskManager: Top Process State changed to PROCESS_STATE_TOP_SLEEPING
04-10 01:28:11.037 1002 1211 D DisplayPowerController[0]: requestPowerState: policy=OFF, useProximitySensor=false, screenBrightnessOverride=NaN, useAutoBrightness=true, screenAutoBrightnessAdjustmentOverride=NaN, screenLowPowerBrightnessFactor=1.0, blockScreenOn=false, lowPowerMode=false, boostScreenBrightness=false, dozeScreenBrightness=NaN, dozeScreenState=UNKNOWN, waitForNegativeProximity=false
04-10 01:28:11.037 1002 1211 D PowerManagerNotifier: onScreenPolicyUpdate: newPolicy=0
04-10 01:28:11.038 1002 1211 D PowerManagerNotifier: onWakeLockAcquired: flags=1, tag="ActivityManager-Sleep", packageName=android, ownerUid=1000, ownerPid=1002, workSource=null
04-10 01:28:11.038 1002 1211 D ActivityTrigger: ActivityTrigger activityPauseTrigger
04-10 01:28:11.039 1002 1211 I wm_pause_activity: [0,247139416,com.android.launcher3/.uioverrides.QuickstepLauncher,userLeaving=false,sleep]
