04-10 01:27:58.688 1002 2415 I notification_visibility: [-1|android|32|null|1000,1,228264,228264,0,5]
04-10 01:27:58.688 1995 1995 I sysui_multi_action: [757,111,758,1]
04-10 01:27:58.688 1995 1995 I sysui_multi_action: [757,268,758,1,759,268,806,com.android.traceur,871,com.android.traceur.QsService,927,0,1593,0]
04-10 01:27:58.688 1995 1995 I sysui_multi_action: [757,126,758,1,759,126,927,1,928,1,1593,0]
04-10 01:27:58.688 1995 1995 I sysui_multi_action: [757,113,758,1,759,113,927,2,928,1,1593,0]
04-10 01:27:58.688 1995 1995 I sysui_multi_action: [757,0,758,1,759,0,927,3,928,0,1593,0]
04-10 01:27:58.705 1002 1664 I input_focus: [Focus leaving 73b612c com.android.launcher3/com.android.launcher3.uioverrides.QuickstepLauncher (server),reason=setFocusedWindow]
04-10 01:27:58.705 1002 1664 I input_focus: [Focus entering 10ef944 NotificationShade (server),reason=setFocusedWindow]
04-10 01:27:58.731 1002 1664 D PowerManagerNotifier: onUserActivity: event=2, uid=1000
04-10 01:27:58.731 1002 1664 D DisplayPowerController[0]: requestPowerState: policy=BRIGHT, useProximitySensor=false, screenBrightnessOverride=NaN, useAutoBrightness=true, screenAutoBrightnessAdjustmentOverride=NaN, screenLowPowerBrightnessFactor=1.0, blockScreenOn=false, lowPowerMode=false, boostScreenBrightness=false, dozeScreenBrightness=NaN, dozeScreenState=UNKNOWN, waitForNegativeProximity=false
04-10 01:27:58.731 1002 1664 D PowerManagerNotifier: onScreenPolicyUpdate: newPolicy=3
04-10 01:27:58.941 3040 3973 W hpplay-java: [ServerTaskManager]:IPManager:getActiveNets invalid networkInfo:null
04-10 01:27:58.941 3040 3973 I hpplay-java: [ServerTaskManager]:IPManager:getActiveNets eth0:false wifi:false mobile:false ap:false
04-10 01:27:58.942 3040 3973 I hpplay-java: [ServerTaskManager]:ServerTaskManager:get local ip:null
04-10 01:27:59.240 649 662 I mpu_uart: [MSG-P:RECV]:No message received in 1000 ms
04-10 01:27:59.490 1995 4457 W FrameTracker: Missed SF frame:66
04-10 01:27:59.490 1995 4457 W FrameTracker: Missed SF frame:66
04-10 01:27:59.490 1995 4457 W FrameTracker: Missed SF frame:66
04-10 01:27:59.490 1995 4457 W FrameTracker: Missed SF frame:66
04-10 01:27:59.490 1995 4457 W FrameTracker: Missed SF frame:66
04-10 01:27:59.490 1995 4457 W FrameTracker: Missed SF frame:66
04-10 01:27:59.490 1995 4457 W FrameTracker: Missed SF frame:66
04-10 01:27:59.490 1995 4457 W FrameTracker: Missed SF frame:66
04-10 01:27:59.491 1995 3033 V PerfettoTrigger: Not triggering com.android.telemetry.interaction-jank-monitor-0 - not enough time since last trigger
04-10 01:27:59.708 1002 1763 I sysui_multi_action: [757,128,758,2,793,229285,794,1021,795,229285,796,32,798,5,806,android,857,USB,858,1,947,0,1395,6,1500,228470,1688,1]
04-10 01:27:59.708 1002 1763 I notification_visibility: [-1|android|32|null|1000,0,229285,229285,0,5]
04-10 01:27:59.831 1002 1664 I input_interaction: Interaction with: 10ef944 NotificationShade (server), edge-swipe (server), swipe-up (server), PointerEventDispatcher0 (server),
04-10 01:27:59.838 1002 1664 D PowerManagerNotifier: onUserActivity: event=2, uid=1000
04-10 01:27:59.839 1002 1664 D DisplayPowerController[0]: requestPowerState: policy=BRIGHT, useProximitySensor=false, screenBrightnessOverride=NaN, useAutoBrightness=true, screenAutoBrightnessAdjustmentOverride=NaN, screenLowPowerBrightnessFactor=1.0, blockScreenOn=false, lowPowerMode=false, boostScreenBrightness=false, dozeScreenBrightness=NaN, dozeScreenState=UNKNOWN, waitForNegativeProximity=false
04-10 01:27:59.839 1002 1664 D PowerManagerNotifier: onScreenPolicyUpdate: newPolicy=3
04-10 01:27:59.947 3040 3973 W hpplay-java: [ServerTaskManager]:IPManager:getActiveNets invalid networkInfo:null
04-10 01:27:59.947 3040 3973 I hpplay-java: [ServerTaskManager]:IPManager:getActiveNets eth0:false wifi:false mobile:false ap:false
04-10 01:27:59.947 3040 3973 I hpplay-java: [ServerTaskManager]:ServerTaskManager:get local ip:null
04-10 01:27:59.973 1002 1664 D PowerManagerNotifier: onUserActivity: event=2, uid=1000
04-10 01:27:59.974 1002 1664 D DisplayPowerController[0]: requestPowerState: policy=BRIGHT, useProximitySensor=false, screenBrightnessOverride=NaN, useAutoBrightness=true, screenAutoBrightnessAdjustmentOverride=NaN, screenLowPowerBrightnessFactor=1.0, blockScreenOn=false, lowPowerMode=false, boostScreenBrightness=false, dozeScreenBrightness=NaN, dozeScreenState=UNKNOWN, waitForNegativeProximity=false
04-10 01:27:59.974 1002 1664 D PowerManagerNotifier: onScreenPolicyUpdate: newPolicy=3
04-10 01:27:59.979 1002 1763 D WindowManager: interceptKeyBeforeQueueing: ---> event=KeyEvent { action=ACTION_DOWN, keyCode=KEYCODE_POWER, scanCode=0, metaState=0, flags=0x0, repeatCount=0, eventTime=274864, downTime=274864, deviceId=-1, source=0x0, displayId=0 } ---stack--- java.lang.Throwable
04-10 01:27:59.979 1002 1763 D WindowManager: at com.android.server.policy.PhoneWindowManager.interceptKeyBeforeQueueing(PhoneWindowManager.java:3422)
04-10 01:27:59.979 1002 1763 D WindowManager: at com.android.server.wm.InputManagerCallback.interceptKeyBeforeQueueing(InputManagerCallback.java:149)
04-10 01:27:59.979 1002 1763 D WindowManager: at com.android.server.input.InputManagerService.interceptKeyBeforeQueueing(InputManagerService.java:2827)
04-10 01:27:59.979 1002 1763 D WindowManager: at com.android.server.input.InputManagerService.nativeInjectInputEvent(Native Method)
04-10 01:27:59.979 1002 1763 D WindowManager: at com.android.server.input.InputManagerService.injectInputEventInternal(InputManagerService.java:874)
04-10 01:27:59.979 1002 1763 D WindowManager: at com.android.server.input.InputManagerService.injectInputEvent(InputManagerService.java:834)
04-10 01:27:59.979 1002 1763 D WindowManager: at android.hardware.input.IInputManager$Stub.onTransact(IInputManager.java:588)
04-10 01:27:59.979 1002 1763 D WindowManager: at android.os.Binder.execTransactInternal(Binder.java:1179)
04-10 01:27:59.979 1002 1763 D WindowManager: at android.os.Binder.execTransact(Binder.java:1143)
04-10 01:27:59.980 1002 1763 I intercept_power: [ACTION_DOWN,0,0]
04-10 01:27:59.980 1002 1763 D DisplayPowerController[0]: requestPowerState: policy=BRIGHT, useProximitySensor=false, screenBrightnessOverride=NaN, useAutoBrightness=true, screenAutoBrightnessAdjustmentOverride=NaN, screenLowPowerBrightnessFactor=1.0, blockScreenOn=false, lowPowerMode=false, boostScreenBrightness=false, dozeScreenBrightness=NaN, dozeScreenState=UNKNOWN, waitForNegativeProximity=false
04-10 01:27:59.980 1002 1763 D PowerManagerNotifier: onScreenPolicyUpdate: newPolicy=3
04-10 01:27:59.981 1002 1763 D PowerManagerNotifier: onWakeLockAcquired: flags=1, tag="PhoneWindowManager.mPowerKeyWakeLock", packageName=android, ownerUid=1000, ownerPid=1002, workSource=null
04-10 01:27:59.989 1995 4457 I OpenGLRenderer: Davey! duration=9223371762029ms; Flags=0, FrameTimelineVsyncId=-1, IntendedVsync=274824808226, Vsync=274824871820, InputEventId=715424160, HandleInputStart=274824884424, AnimationStart=274824887758, PerformTraversalsStart=274824889528, DrawStart=274825041143, FrameDeadline=9223372036854775807, FrameInterval=274824871820, FrameStartTime=16666666, SyncQueued=274825632289, SyncStart=274826128851, IssueDrawCommandsStart=274827659216, SwapBuffers=274838868851, FrameCompleted=9223372036854775807, DequeueBufferDuration=229480, QueueBufferDuration=5288281, GpuCompleted=9223372036854775807, SwapBuffersCompleted=274845828122, DisplayPresentTime=175768193889,
04-10 01:28:00.001 1002 1649 D DisplayPowerController[0]: requestPowerState: policy=BRIGHT, useProximitySensor=false, screenBrightnessOverride=NaN, useAutoBrightness=true, screenAutoBrightnessAdjustmentOverride=NaN, screenLowPowerBrightnessFactor=1.0, blockScreenOn=false, lowPowerMode=false, boostScreenBrightness=false, dozeScreenBrightness=NaN, dozeScreenState=UNKNOWN, waitForNegativeProximity=false
04-10 01:28:00.002 1002 1649 D PowerManagerNotifier: onScreenPolicyUpdate: newPolicy=3
04-10 01:28:00.002 1002 1649 D PowerManagerNotifier: onWakeLockAcquired: flags=1, tag="*alarm*", packageName=android, ownerUid=1000, ownerPid=1002, workSource=WorkSource{1000}
04-10 01:28:00.003 1995 1995 D KeyguardUpdateMonitor: received broadcast android.intent.action.TIME_TICK
04-10 01:28:00.006 1995 1995 D KeyguardUpdateMonitor: handleTimeUpdate
04-10 01:28:00.006 1002 1002 D PowerManagerNotifier: onWakeLockReleased: flags=1, tag="*alarm*", packageName=android, ownerUid=1000, ownerPid=1002, workSource=WorkSource{1000}
04-10 01:28:00.007 1002 1002 D DisplayPowerController[0]: requestPowerState: policy=BRIGHT, useProximitySensor=false, screenBrightnessOverride=NaN, useAutoBrightness=true, screenAutoBrightnessAdjustmentOverride=NaN, screenLowPowerBrightnessFactor=1.0, blockScreenOn=false, lowPowerMode=false, boostScreenBrightness=false, dozeScreenBrightness=NaN, dozeScreenState=UNKNOWN, waitForNegativeProximity=false
04-10 01:28:00.007 1002 1002 D PowerManagerNotifier: onScreenPolicyUpdate: newPolicy=3
04-10 01:28:00.026 3040 3998 I hpplay-java: [NetworkReceiver]:IM_PublicCastClient:disconnect
04-10 01:28:00.026 3040 3998 I hpplay-java: [NetworkReceiver]:IM_IMEntrance:disconnect
04-10 01:28:00.027 3040 3998 W hpplay-java: [NetworkReceiver]:IM_PublicCastClient:reconnect ignore com.hpplay.sdk.sink.cloud.PublicCastClient@5543886
04-10 01:28:00.042 3040 4610 W hpplay-java: [AsyncTask #37]:MagicalCacheFile:serverDir is not exits
04-10 01:28:00.042 1002 2415 D WindowManager: interceptKeyBeforeQueueing: ---> event=KeyEvent { action=ACTION_UP, keyCode=KEYCODE_POWER, scanCode=0, metaState=0, flags=0x0, repeatCount=0, eventTime=274864, downTime=274927, deviceId=-1, source=0x0, displayId=0 } ---stack--- java.lang.Throwable
04-10 01:28:00.042 1002 2415 D WindowManager: at com.android.server.policy.PhoneWindowManager.interceptKeyBeforeQueueing(PhoneWindowManager.java:3422)
04-10 01:28:00.042 1002 2415 D WindowManager: at com.android.server.wm.InputManagerCallback.interceptKeyBeforeQueueing(InputManagerCallback.java:149)
04-10 01:28:00.042 1002 2415 D WindowManager: at com.android.server.input.InputManagerService.interceptKeyBeforeQueueing(InputManagerService.java:2827)
04-10 01:28:00.042 1002 2415 D WindowManager: at com.android.server.input.InputManagerService.nativeInjectInputEvent(Native Method)
04-10 01:28:00.042 1002 2415 D WindowManager: at com.android.server.input.InputManagerService.injectInputEventInternal(InputManagerService.java:874)
04-10 01:28:00.042 1002 2415 D WindowManager: at com.android.server.input.InputManagerService.injectInputEvent(InputManagerService.java:834)
04-10 01:28:00.042 1002 2415 D WindowManager: at android.hardware.input.IInputManager$Stub.onTransact(IInputManager.java:588)
04-10 01:28:00.042 1002 2415 D WindowManager: at android.os.Binder.execTransactInternal(Binder.java:1179)
04-10 01:28:00.042 1002 2415 D WindowManager: at android.os.Binder.execTransact(Binder.java:1143)
04-10 01:28:00.042 3040 4610 I hpplay-java: [AsyncTask #37]:Session:no cached regTime
04-10 01:28:00.042 1002 2415 I intercept_power: [ACTION_UP,0,0]
04-10 01:28:00.043 1002 2415 D PowerManagerNotifier: onWakeLockReleased: flags=1, tag="PhoneWindowManager.mPowerKeyWakeLock", packageName=android, ownerUid=1000, ownerPid=1002, workSource=null
04-10 01:28:00.043 3040 4610 I hpplay-java: [AsyncTask #37]:AuthSDK:authSDK connectTimeout = 6000
04-10 01:28:00.044 1002 2415 D DisplayPowerController[0]: requestPowerState: policy=BRIGHT, useProximitySensor=false, screenBrightnessOverride=NaN, useAutoBrightness=true, screenAutoBrightnessAdjustmentOverride=NaN, screenLowPowerBrightnessFactor=1.0, blockScreenOn=false, lowPowerMode=false, boostScreenBrightness=false, dozeScreenBrightness=NaN, dozeScreenState=UNKNOWN, waitForNegativeProximity=false
04-10 01:28:00.044 1002 2415 D PowerManagerNotifier: onScreenPolicyUpdate: newPolicy=3
04-10 01:28:00.044 1002 1002 D WindowManager: powerPress: eventTime=274927 interactive=true count=0 beganFromNonInteractive=false mShortPressOnPowerBehavior=1
04-10 01:28:00.047 1002 1002 I PowerManagerService: Powering off display group due to power_button (groupId= 0, uid= 1000)...
04-10 01:28:00.047 1002 1002 I PowerManagerService: Going to sleep due to power_button (uid 1000)...
04-10 01:28:00.050 1002 1002 D PowerManagerNotifier: onWakefulnessChangeStarted: wakefulness=3, reason=4, interactive=false
04-10 01:28:00.051 1002 1002 I power_sleep_requested: 0
04-10 01:28:00.051 1002 1002 D DisplayPowerController[0]: requestPowerState: policy=BRIGHT, useProximitySensor=false, screenBrightnessOverride=NaN, useAutoBrightness=true, screenAutoBrightnessAdjustmentOverride=NaN, screenLowPowerBrightnessFactor=1.0, blockScreenOn=false, lowPowerMode=false, boostScreenBrightness=false, dozeScreenBrightness=NaN, dozeScreenState=UNKNOWN, waitForNegativeProximity=false
04-10 01:28:00.051 1002 1002 D PowerManagerNotifier: onScreenPolicyUpdate: newPolicy=3
04-10 01:28:00.052 1002 1211 I PowerManagerService: Sleeping display group (groupId=0, uid=1000)...
04-10 01:28:00.053 1002 1211 I PowerManagerService: Sleeping (uid 1000)...
04-10 01:28:00.054 1995 3044 D KeyguardViewMediator: onStartedGoingToSleep(2)
04-10 01:28:00.058 1995 3044 D KeyguardViewMediator: notifyStartedGoingToSleep
04-10 01:28:00.059 1002 1211 D PowerManagerNotifier: onWakefulnessChangeStarted: wakefulness=0, reason=2, interactive=false
04-10 01:28:00.059 1002 1211 D DisplayPowerController[0]: requestPowerState: policy=OFF, useProximitySensor=false, screenBrightnessOverride=NaN, useAutoBrightness=true, screenAutoBrightnessAdjustmentOverride=NaN, screenLowPowerBrightnessFactor=1.0, blockScreenOn=false, lowPowerMode=false, boostScreenBrightness=false, dozeScreenBrightness=NaN, dozeScreenState=UNKNOWN, waitForNegativeProximity=false
04-10 01:28:00.060 1002 1211 D PowerManagerNotifier: onScreenPolicyUpdate: newPolicy=0
04-10 01:28:00.062 1995 1995 V KeyguardUpdateMonitor: startListeningForFingerprint()
04-10 01:28:00.065 1995 1995 V KeyguardUpdateMonitor: startListeningForFingerprint()
04-10 01:28:00.065 1995 1995 D KeyguardViewMediator: handleNotifyStartedGoingToSleep
04-10 01:28:00.067 961 1109 I SDM : HWCDisplay::GetColorModeCount: Supported color mode count = 1
04-10 01:28:00.068 961 1109 I SDM : HWCDisplay::GetColorModes: Color mode = 0 is supported
04-10 01:28:00.068 3040 4612 I hpplay-java: [AsyncTask #39]:HttpRequest:http://sdkauth.hpplay.cn/Author/TVAuthor/?uid=-6190987048206693284&appid=21409&prot_ver=4.1&version=60055-27705 path post
04-10 01:28:00.068 1041 2858 E HWComposer: getSupportedContentTypes: getSupportedContentTypes failed for display 4630946816427681409: Unsupported (8)
04-10 01:28:00.071 673 4614 D resolv : GetAddrInfoHandler::run: {0 262144 0 983040 10091 0}
04-10 01:28:00.071 673 4614 D resolv : resolv_getaddrinfo: explore_fqdn(): ai_family=0 ai_socktype=1 ai_protocol=6
04-10 01:28:00.078 3040 4612 I hpplay-java: [AsyncTask #39]:AsyncManager:nextDomain next2: https://sdkauth.lebo.com.cn:82/Author/TVAuthor/?uid=-6190987048206693284&appid=21409&prot_ver=4.1&version=60055-27705
04-10 01:28:00.079 3040 4612 W hpplay-java: [AsyncTask #39]:HttpRequest:
04-10 01:28:00.079 3040 4612 I hpplay-java: [AsyncTask #39]:HttpRequest:https://sdkauth.lebo.com.cn:82/Author/TVAuthor/?uid=-6190987048206693284&appid=21409&prot_ver=4.1&version=60055-27705 path post
04-10 01:28:00.080 673 4616 D resolv : GetAddrInfoHandler::run: {0 262144 0 983040 10091 0}
04-10 01:28:00.080 673 4616 D resolv : resolv_getaddrinfo: explore_fqdn(): ai_family=0 ai_socktype=1 ai_protocol=6
04-10 01:28:00.082 3040 4612 I hpplay-java: [AsyncTask #39]:AsyncManager:nextDomain next3: http://120.25.130.190:80/Author/TVAuthor/?uid=-6190987048206693284&appid=21409&prot_ver=4.1&version=60055-27705
04-10 01:28:00.082 3040 4612 W hpplay-java: [AsyncTask #39]:HttpRequest:
04-10 01:28:00.082 3040 4612 I hpplay-java: [AsyncTask #39]:HttpRequest:http://120.25.130.190:80/Author/TVAuthor/?uid=-6190987048206693284&appid=21409&prot_ver=4.1&version=60055-27705 path post
04-10 01:28:00.087 3040 4612 W hpplay-java: [AsyncTask #39]:HttpRequest:java.net.ConnectException: Failed to connect to /120.25.130.190:80
04-10 01:28:00.087 3040 4612 W hpplay-java: at com.android.okhttp.internal.io.RealConnection.connectSocket(RealConnection.java:147)
04-10 01:28:00.087 3040 4612 W hpplay-java: at com.android.okhttp.internal.io.RealConnection.connect(RealConnection.java:116)
04-10 01:28:00.087 3040 4612 W hpplay-java: at com.android.okhttp.internal.http.StreamAllocation.findConnection(StreamAllocation.java:186)
04-10 01:28:00.087 3040 4612 W hpplay-java: at com.android.okhttp.internal.http.StreamAllocation.findHealthyConnection(StreamAllocation.java:128)
04-10 01:28:00.087 3040 4612 W hpplay-java: at com.android.okhttp.internal.http.StreamAllocation.newStream(StreamAllocation.java:97)
04-10 01:28:00.087 3040 4612 W hpplay-java: at com.android.okhttp.internal.http.HttpEngine.connect(HttpEngine.java:289)
04-10 01:28:00.087 3040 4612 W hpplay-java: at com.android.okhttp.internal.http.HttpEngine.sendRequest(HttpEngine.java:232)
04-10 01:28:00.087 3040 4612 W hpplay-java: at com.android.okhttp.internal.huc.HttpURLConnectionImpl.execute(HttpURLConnectionImpl.java:465)
04-10 01:28:00.087 3040 4612 W hpplay-java: at com.android.okhttp.internal.huc.HttpURLConnectionImpl.connect(HttpURLConnectionImpl.java:131)
04-10 01:28:00.087 3040 4612 W hpplay-java: at com.hpplay.common.asyncmanager.HttpRequest.doPost(SourceFile:17)
04-10 01:28:00.087 3040 4612 W hpplay-java: at com.hpplay.common.asyncmanager.AsyncHttpJob.doInBackground(SourceFile:4)
04-10 01:28:00.087 3040 4612 W hpplay-java: at android.os.AsyncTask$3.call(AsyncTask.java:394)
04-10 01:28:00.087 3040 4612 W hpplay-java: at java.util.concurrent.FutureTask.run(FutureTask.java:266)
04-10 01:28:00.087 3040 4612 W hpplay-java: at java.util.concurrent.ThreadPoolExecutor.runWorker(ThreadPoolExecutor.java:1167)
04-10 01:28:00.087 3040 4612 W hpplay-java: at java.util.concurrent.ThreadPoolExecutor$Worker.run(ThreadPoolExecutor.java:641)
04-10 01:28:00.087 3040 4612 W hpplay-java: at java.lang.Thread.run(Thread.java:920)
04-10 01:28:00.089 3040 4617 I hpplay-java: [AsyncTask #40]:AuthSDK:authSDK auth failed
04-10 01:28:00.089 3040 4617 I hpplay : [AsyncTask #40]:LelinkHelper:onAuthSDK status: 3
04-10 01:28:00.090 3040 3040 D hpplay : [main]:LelinkHelper:认证成功
04-10 01:28:00.090 3040 4617 I hpplay-java: [AsyncTask #40]:VipAuthSDK:vipAuth
04-10 01:28:00.097 3040 4617 I hpplay-java: [AsyncTask #40]:EnterpriseAuthManager:getNewCompanyAuthSavePath
04-10 01:28:00.097 3040 4617 I hpplay-java: [AsyncTask #40]:EnterpriseAuthManager:getNewCompanyAuthSavePath,get app cache path
04-10 01:28:00.099 3040 4617 I hpplay-java: [AsyncTask #40]:AuthSDK:checkHandler
04-10 01:28:00.099 3040 4617 I hpplay-java: [AsyncTask #40]:IMTask:getIMRoot
04-10 01:28:00.101 3040 4617 I hpplay-java: [AsyncTask #40]:AuthTask:release
04-10 01:28:00.102 3040 4619 W hpplay-java: [AsyncTask #42]:CreateUtils:notifyQRReady server not start,ignore
04-10 01:28:00.102 3040 4619 W hpplay-java: [AsyncTask #42]:CreateUtils:isServerStartAndAuth token is null
04-10 01:28:00.102 3040 4619 W hpplay-java: [AsyncTask #42]:CreateUtils:isServerStartAndAuth token is null
04-10 01:28:00.103 3040 4619 I hpplay-java: [AsyncTask #42]:ServerBusiness:createPinCode ignore
04-10 01:28:00.107 3040 4618 I hpplay-java: [AsyncTask #41]:HttpRequest:https://vipauth.hpplay.cn/VipAuth path post
04-10 01:28:00.107 3040 4617 I hpplay-java: [AsyncTask #40]:LBHandler:create name: AuthTask looper:Looper (AuthTask, tid 102) {1fe727e}
04-10 01:28:00.107 3040 4617 I hpplay-java: [AsyncTask #40]:AuthTask:reAuth 600000
04-10 01:28:00.108 673 4622 D resolv : GetAddrInfoHandler::run: {0 262144 0 983040 10091 0}
04-10 01:28:00.108 673 4622 D resolv : resolv_getaddrinfo: explore_fqdn(): ai_family=0 ai_socktype=1 ai_protocol=6
04-10 01:28:00.108 3040 4617 I hpplay-java: [AsyncTask #40]:AuthSDK:controlStartServer
04-10 01:28:00.109 3040 4617 I hpplay-java: [AsyncTask #40]:ServiceUpdater:upLoadDeviceInfo url = http://gslb.hpplay.cn/lebo-flux-sdk/sdk/info/upload
04-10 01:28:00.111 673 4625 D resolv : GetAddrInfoHandler::run: {0 262144 0 983040 10091 0}
04-10 01:28:00.111 673 4625 D resolv : resolv_getaddrinfo: explore_fqdn(): ai_family=0 ai_socktype=1 ai_protocol=6
04-10 01:28:00.114 1002 1211 D DisplayPowerController[0]: Unfinished business...
04-10 01:28:00.114 1002 1211 I sysui_multi_action: [757,1696,758,6,759,0]
04-10 01:28:00.115 3040 4620 W hpplay-java: [AsyncTask #43]:HttpRequest:
04-10 01:28:00.116 3040 4618 W hpplay-java: [AsyncTask #41]:HttpRequest:
04-10 01:28:00.116 3040 4618 I hpplay-java: [AsyncTask #41]:HttpRequest:https://vipauth.hpplay.cn/VipAuth path post
04-10 01:28:00.117 3040 4620 W hpplay-java: [AsyncTask #43]:HttpRequest:
04-10 01:28:00.117 3040 4618 W hpplay-java: [AsyncTask #41]:HttpRequest:
04-10 01:28:00.117 3040 4618 I hpplay-java: [AsyncTask #41]:HttpRequest:https://vipauth.hpplay.cn/VipAuth path post
04-10 01:28:00.118 3040 4617 I hpplay-java: [AsyncTask #40]:BusinessConfig:requestConfig
04-10 01:28:00.118 3040 4618 W hpplay-java: [AsyncTask #41]:HttpRequest:
04-10 01:28:00.119 673 4627 D resolv : GetAddrInfoHandler::run: {0 262144 0 983040 10091 0}
04-10 01:28:00.119 673 4627 D resolv : resolv_getaddrinfo: explore_fqdn(): ai_family=0 ai_socktype=1 ai_protocol=6
04-10 01:28:00.119 3040 4620 W hpplay-java: [AsyncTask #43]:HttpRequest:
04-10 01:28:00.119 1002 2415 W ActivityManager: Unable to start service Intent { act=android.intent.action.START_LEBO_SERVICE pkg=com.hpplay.happyplay.aw } U=0: not found
04-10 01:28:00.120 3040 3040 E hpplay-java: [main]:IMTask:getIMRoot failed
04-10 01:28:00.120 3040 4617 I hpplay-java: [AsyncTask #40]:LeboUtil:wu r:false
04-10 01:28:00.122 3040 4624 W hpplay-java: [AsyncTask #45]:HttpRequest:
04-10 01:28:00.124 3040 4624 W hpplay-java: [AsyncTask #45]:HttpRequest:
04-10 01:28:00.126 673 4630 D resolv : GetAddrInfoHandler::run: {0 262144 0 983040 10091 0}
04-10 01:28:00.126 673 4630 D resolv : resolv_getaddrinfo: explore_fqdn(): ai_family=0 ai_socktype=1 ai_protocol=6
04-10 01:28:00.127 3040 4629 I hpplay-java: [AsyncTask #47]:HttpRequest:http://gslb.hpplay.cn/lebo-flux-sdk/sdk/info/upload path post
04-10 01:28:00.129 3040 4624 W hpplay-java: [AsyncTask #45]:HttpRequest:
04-10 01:28:00.129 3040 4623 W hpplay-java: [AsyncTask #44]:HttpRequest:
04-10 01:28:00.130 3040 4629 W hpplay-java: [AsyncTask #47]:HttpRequest:
04-10 01:28:00.130 3040 4629 I hpplay-java: [AsyncTask #47]:HttpRequest:http://gslb.hpplay.cn/lebo-flux-sdk/sdk/info/upload path post
04-10 01:28:00.131 673 4632 D resolv : GetAddrInfoHandler::run: {0 262144 0 983040 10091 0}
04-10 01:28:00.131 673 4632 D resolv : resolv_getaddrinfo: explore_fqdn(): ai_family=0 ai_socktype=1 ai_protocol=6
04-10 01:28:00.131 3040 4623 W hpplay-java: [AsyncTask #44]:HttpRequest:
04-10 01:28:00.132 3040 4629 W hpplay-java: [AsyncTask #47]:HttpRequest:
04-10 01:28:00.132 3040 4629 I hpplay-java: [AsyncTask #47]:HttpRequest:http://gslb.hpplay.cn/lebo-flux-sdk/sdk/info/upload path post
04-10 01:28:00.132 3040 4629 W hpplay-java: [AsyncTask #47]:HttpRequest:
04-10 01:28:00.133 3040 4623 W hpplay-java: [AsyncTask #44]:HttpRequest:
04-10 01:28:00.133 3040 4631 W hpplay-java: [AsyncTask #48]:HttpRequest:
04-10 01:28:00.134 3040 4631 W hpplay-java: [AsyncTask #48]:HttpRequest:
04-10 01:28:00.135 3040 4631 W hpplay-java: [AsyncTask #48]:HttpRequest:
04-10 01:28:00.157 1002 1211 D DisplayPowerState: setColorFadeLevel: level=0.23208654
04-10 01:28:00.174 1002 1211 D DisplayPowerState: Screen ready
04-10 01:28:00.174 1002 1211 D DisplayPowerState: setColorFadeLevel: level=0.0
04-10 01:28:00.186 1002 1211 D DisplayPowerState: Requesting new screen state: state=ON, backlight=-1.0
04-10 01:28:00.186 1002 1211 D DisplayPowerState: Screen ready
04-10 01:28:00.186 1002 1211 I DisplayPowerController[0]: Blocking screen off
04-10 01:28:00.187 1002 1211 I DisplayPowerController[0]: Unblocked screen off after 1 ms
04-10 01:28:00.187 1002 1951 D DisplayPowerState: Updating screen state: id=0, state=ON, backlight=-1.0, sdrBacklight=-1.0
04-10 01:28:00.187 1002 1951 D LocalDisplayAdapter: setDisplayBrightness(id=4630946816427681409, brightnessState=-1.0, sdrBrightnessState=-1.0) ---start
04-10 01:28:00.188 1002 1951 E DisplayDeviceConfig: requesting nits when no mapping exists.
04-10 01:28:00.188 1002 1951 E DisplayDeviceConfig: requesting nits when no mapping exists.
04-10 01:28:00.188 1002 1181 I am_wtf : [0,1002,system_server,-1,DisplayDeviceConfig,requesting nits when no mapping exists.]
04-10 01:28:00.189 1002 1211 D DisplayPowerState: setScreenState: state=1
04-10 01:28:00.189 1002 1211 D ActivityTaskManager: Top Process State changed to PROCESS_STATE_TOP_SLEEPING
04-10 01:28:00.190 1002 1211 D DisplayPowerController[0]: requestPowerState: policy=OFF, useProximitySensor=false, screenBrightnessOverride=NaN, useAutoBrightness=true, screenAutoBrightnessAdjustmentOverride=NaN, screenLowPowerBrightnessFactor=1.0, blockScreenOn=false, lowPowerMode=false, boostScreenBrightness=false, dozeScreenBrightness=NaN, dozeScreenState=UNKNOWN, waitForNegativeProximity=false
04-10 01:28:00.190 1002 1211 D PowerManagerNotifier: onScreenPolicyUpdate: newPolicy=0
04-10 01:28:00.191 1002 1211 D PowerManagerNotifier: onWakeLockAcquired: flags=1, tag="ActivityManager-Sleep", packageName=android, ownerUid=1000, ownerPid=1002, workSource=null
04-10 01:28:00.191 1002 1211 D ActivityTrigger: ActivityTrigger activityPauseTrigger
04-10 01:28:00.192 1002 1211 I wm_pause_activity: [0,247139416,com.android.launcher3/.uioverrides.QuickstepLauncher,userLeaving=false,sleep]
04-10 01:28:00.192 2707 2707 I wm_on_top_resumed_lost_called: [247139416,com.android.launcher3.uioverrides.QuickstepLauncher,topStateChangedWhenResumed]
04-10 01:28:00.193 2707 2707 I wm_on_paused_called: [247139416,com.android.launcher3.uioverrides.QuickstepLauncher,performPause]
04-10 01:28:00.193 1002 1211 D DisplayPowerController[0]: Animating brightness: target=0.0, sdrTarget=0.0, rate=0.0
04-10 01:28:00.193 1002 1211 D DisplayPowerState: setScreenBrightness: brightness=0.0
04-10 01:28:00.193 1002 1211 D DisplayPowerState: setSdrScreenBrightness: brightness=0.0
04-10 01:28:00.193 1995 4457 D KeyguardViewMediator: notifyScreenTurnedOff
04-10 01:28:00.195 1995 1995 D KeyguardViewMediator: handleNotifyScreenTurnedOff
04-10 01:28:00.199 1002 1211 V DisplayPowerController[0]: Brightness [0.0] reason changing to: 'screen_off', previous reason: 'manual'.
04-10 01:28:00.199 1002 1211 D DisplayPowerState: Requesting new screen state: state=OFF, backlight=-1.0
04-10 01:28:00.199 1002 1211 D DisplayPowerState: Screen not ready
04-10 01:28:00.200 1002 1181 I service_manager_slow: [11,dropbox]
04-10 01:28:00.200 1002 2415 I wm_add_to_stopping: [0,247139416,com.android.launcher3/.uioverrides.QuickstepLauncher,completePauseLocked]
04-10 01:28:00.201 1002 1181 I DropBoxManagerService: add tag=system_server_wtf isTagEnabled=true flags=0x2
04-10 01:28:00.205 1002 2415 D PowerManagerNotifier: onWakeLockReleased: flags=1, tag="ActivityManager-Sleep", packageName=android, ownerUid=1000, ownerPid=1002, workSource=null
04-10 01:28:00.205 1995 1995 I sysui_multi_action: [757,111,758,2]
04-10 01:28:00.207 1995 1995 I sysui_multi_action: [757,111,758,2]
04-10 01:28:00.206 1002 2415 D DisplayPowerController[0]: requestPowerState: policy=OFF, useProximitySensor=false, screenBrightnessOverride=NaN, useAutoBrightness=true, screenAutoBrightnessAdjustmentOverride=NaN, screenLowPowerBrightnessFactor=1.0, blockScreenOn=false, lowPowerMode=false, boostScreenBrightness=false, dozeScreenBrightness=NaN, dozeScreenState=UNKNOWN, waitForNegativeProximity=false
04-10 01:28:00.207 1002 2415 D PowerManagerNotifier: onScreenPolicyUpdate: newPolicy=0
04-10 01:28:00.207 1002 1951 D LocalDisplayAdapter: setDisplayBrightness(id=4630946816427681409, brightnessState=-1.0, sdrBrightnessState=-1.0) ---end
04-10 01:28:00.208 1002 1951 D DisplayPowerState: Updating screen state: id=0, state=OFF, backlight=-1.0, sdrBacklight=-1.0
04-10 01:28:00.208 1002 1951 D LocalDisplayAdapter: setDisplayState(id=4630946816427681409, state=OFF) ---start
04-10 01:28:00.211 1002 1181 I am_wtf : [0,1002,system_server,-1,DisplayDeviceConfig,requesting nits when no mapping exists.]
04-10 01:28:00.212 1002 1161 I wm_stop_activity: [0,247139416,com.android.launcher3/.uioverrides.QuickstepLauncher]
04-10 01:28:00.212 1995 1995 D StatusBar: updateQsExpansionEnabled - QS Expand enabled: true
04-10 01:28:00.213 1002 1161 I sysui_multi_action: [757,803,799,window_time_0,802,5]
04-10 01:28:00.213 1002 1161 I DisplayDeviceRepository: Display device changed state: "内置屏幕", OFF
04-10 01:28:00.215 1002 1161 I InputManager-JNI: Viewport [0] to add: local:4630946816427681409, isActive: false
04-10 01:28:00.216 2707 2707 D StateManager: goToState: Normal
04-10 01:28:00.218 1002 1665 I InputReader: Reconfiguring input devices, changes=DISPLAY_INFO |
04-10 01:28:00.218 1002 1665 I InputReader: Disabling qbt_key_input (device 4) because the associated viewport is not active
04-10 01:28:00.218 1002 1665 I InputReader: Disabling qbt_key_input (device 4) because the associated viewport is not active
04-10 01:28:00.218 2707 2707 I wm_on_stop_called: [247139416,com.android.launcher3.uioverrides.QuickstepLauncher,STOP_ACTIVITY_ITEM]
04-10 01:28:00.218 1002 1665 I InputReader: Disabling Atmel maXTouch Touchscreen (device 3) because the associated viewport is not active
04-10 01:28:00.218 1993 2639 I BtGatt.ScanManager: msg.what = 8
04-10 01:28:00.220 2311 2512 E QmiAgentHwInterface: Failed to sendRequest: android.os.RemoteException: sendRequest failed with status: 2
04-10 01:28:00.220 1993 2639 I BtGatt.ScanManager: msg.what = 4
04-10 01:28:00.227 1041 1041 D SurfaceFlinger: Setting power mode 0 on display 4630946816427681409
04-10 01:28:00.232 961 961 I SDM : DisplayBase::SetDisplayState: Set state = 0, display 29-0, teardown = 0
04-10 01:28:00.242 649 662 I mpu_uart: [MSG-P:RECV]:No message received in 1000 ms
04-10 01:28:00.243 1002 1193 E KernelCpuSpeedReader: Failed to read cpu-freq: /sys/devices/system/cpu/cpu4/cpufreq/stats/time_in_state: open failed: ENOENT (No such file or directory)
04-10 01:28:00.243 1002 1193 E KernelCpuSpeedReader: Failed to read cpu-freq: /sys/devices/system/cpu/cpu0/cpufreq/stats/time_in_state: open failed: ENOENT (No such file or directory)
04-10 01:28:00.243 1002 1193 E system_server: Cannot read thread CPU times for PID 1002
04-10 01:28:00.250 1002 1763 I sysui_multi_action: [757,128,758,2,793,6587,794,1565,795,6241,796,1,798,1,806,com.android.traceur,857,trace-is-being-recorded,858,4,947,0,1395,6,1500,6241,1688,1]
04-10 01:28:00.251 1002 1763 I notification_visibility: [0|com.android.traceur|1|null|10035,0,6587,6241,0,1]
04-10 01:28:00.251 1002 1763 I sysui_multi_action: [757,128,758,2,793,225780,794,1565,795,225780,796,26,798,0,806,android,857,DEVELOPER_IMPORTANT,858,4,947,0,1395,6,1500,225188,1688,1]
04-10 01:28:00.251 1002 1763 I notification_visibility: [-1|android|26|null|1000,0,225780,225780,0,0]
04-10 01:28:00.252 1002 1763 I sysui_multi_action: [757,128,758,2,793,224693,794,1565,795,224693,796,17303299,797,com.android.wifi,798,3,806,android,857,NETWORK_AVAILABLE,858,2,947,0,1395,6,1500,224476,1688,1]
04-10 01:28:00.252 1002 1763 I notification_visibility: [0|android|17303299|com.android.wifi|1000,0,224693,224693,0,3]
04-10 01:28:00.252 1002 1763 I sysui_multi_action: [757,128,758,2,793,99932,794,1565,795,99932,796,0,797,trace-kona-SKQ1.220201.001-2023-04-10-01-26-18.perfetto-trace,798,2,806,com.android.traceur,857,system-tracing,858,4,947,0,1395,6,1500,99725,1688,1]
04-10 01:28:00.252 1002 1763 I notification_visibility: [0|com.android.traceur|0|trace-kona-SKQ1.220201.001-2023-04-10-01-26-18.perfetto-trace|10035,0,99932,99932,0,2]
04-10 01:28:00.252 1002 1763 I sysui_multi_action: [757,128,758,2,793,225617,794,1565,795,225617,796,55,798,4,806,android,857,DEVELOPER,858,2,947,0,1395,6,1500,224680,1688,1]
04-10 01:28:00.252 1002 1763 I notification_visibility: [-1|android|55|null|1000,0,225617,225617,0,4]
04-10 01:28:00.252 1995 1995 D StatusBar: disable disable2
04-10 01:28:00.253 1002 2438 I sysui_multi_action: [757,127,758,2]
04-10 01:28:00.253 1002 2438 I notification_panel_hidden:
01-06 09:03:14.202 0 0 I : [MAX975X:max96755x_drm_notifier_callback] *INFO* receives EARLY_BLANK:POWERDOWN
01-06 09:03:14.203 0 0 I atmel_mxt_ts 0-004a: FB event:2,blank:1
01-06 09:03:14.203 0 0 I atmel_mxt_ts 0-004a: drm_notifier_callback: POWERDOWN! Suspend by drm notifier.
01-06 09:03:14.220 0 0 I : [MAX975X:max96755x_drm_notifier_callback] *INFO* receives BLANK:POWERDOWN
01-06 09:03:14.220 0 0 I atmel_mxt_ts 0-004a: FB event:1,blank:1
01-06 09:03:14.220 0 0 I atmel_mxt_ts 0-004a: resume: event = 1 blank = 1, not care
04-10 01:28:00.277 1041 1041 D SurfaceFlinger: Finished setting power mode 0 on display 4630946816427681409
01-06 09:03:14.235 0 0 I ALERT : changing window size from 16000000 to 20000000 at 275172082237
04-10 01:28:00.278 1002 1951 D LocalDisplayAdapter: setDisplayState(id=4630946816427681409, state=OFF) ---end
04-10 01:28:00.278 943 943 I QTI PowerHAL: Power setMode: 7 to: 0
04-10 01:28:00.279 943 943 I QTI PowerHAL: Got set_interactive hint
04-10 01:28:00.279 1002 1211 D DisplayPowerState: Screen ready
04-10 01:28:00.279 1002 1211 D DisplayPowerController[0]: Display ready!
04-10 01:28:00.279 1002 1211 D DisplayPowerController[0]: Finished business...
04-10 01:28:00.279 1002 1211 D DisplayPowerController[0]: requestPowerState: policy=OFF, useProximitySensor=false, screenBrightnessOverride=NaN, useAutoBrightness=true, screenAutoBrightnessAdjustmentOverride=NaN, screenLowPowerBrightnessFactor=1.0, blockScreenOn=false, lowPowerMode=false, boostScreenBrightness=false, dozeScreenBrightness=NaN, dozeScreenState=UNKNOWN, waitForNegativeProximity=false
04-10 01:28:00.279 1002 1211 D PowerManagerNotifier: onScreenPolicyUpdate: newPolicy=0
04-10 01:28:00.279 1002 1211 D PowerManagerNotifier: onWakefulnessChangeFinished
04-10 01:28:00.280 1002 1002 I sysui_multi_action: [757,198,758,2,759,2,1359,238,1695,4]
04-10 01:28:00.280 1002 1002 I power_screen_state: [0,2,0,0,238]
04-10 01:28:00.280 1002 1002 I screen_toggled: 0
04-10 01:28:00.280 972 4633 E ANDR-PERF-LM: Core: detectAndRunIdle() 174: Not able to open /sys/class/power_supply/battery/status, Error: No such file or directory
04-10 01:28:00.280 1002 1002 I sysui_multi_action: [757,804,799,screen_timeout,801,60,802,1]
04-10 01:28:00.281 1002 1002 I sysui_multi_action: [757,1594,758,4,759,-2147483648,1359,3244]
04-10 01:28:00.281 1995 2017 D KeyguardViewMediator: onFinishedGoingToSleep(2)
04-10 01:28:00.281 1995 2017 D KeyguardViewMediator: notifyFinishedGoingToSleep
04-10 01:28:00.281 1002 1002 I power_screen_broadcast_send: 1
04-10 01:28:00.282 1002 1002 D PowerManagerNotifier: Sending go to sleep broadcast.
04-10 01:28:00.282 1995 1995 D KeyguardViewMediator: handleNotifyFinishedGoingToSleep
04-10 01:28:00.284 1995 1995 V KeyguardUpdateMonitor: startListeningForFingerprint()
04-10 01:28:00.288 1002 1664 I input_focus: [Focus leaving 10ef944 NotificationShade (server),reason=NO_WINDOW]
04-10 01:28:00.291 1995 1995 D StatusBar: updateQsExpansionEnabled - QS Expand enabled: true
04-10 01:28:00.303 816 1783 D audio_hw_primary: adev_set_parameters: enter: screen_state=off
04-10 01:28:00.303 816 1783 D audio_hw_hfp: hfp_set_parameters: enter
04-10 01:28:00.303 816 1783 D sound_trigger_hw: handle_screen_status_change: screen off
04-10 01:28:00.303 816 1783 D audio_hw_extn: audio_extn_fm_set_parameters: Enter
04-10 01:28:00.308 1002 1002 I battery_saving_stats: [0,1,0,3309,0,0,217821,0,0]
04-10 01:28:00.309 1002 3323 W FreeFormWindowHelper: Current Display FreeFormTask is null
04-10 01:28:00.323 2707 2707 D StateManager: goToState: Normal
04-10 01:28:00.323 1041 1216 I BpBinder: onLastStrongRef automatically unlinking death recipients:
04-10 01:28:00.332 3068 3068 D SYS_EVENT: send event 8 notification to client
04-10 01:28:00.336 3040 3040 I hpplay-java: [main]:IPManager:updateAPState time : 1 isAPOpen :false
04-10 01:28:00.336 3040 3040 I hpplay-java: [main]:NetworkReceiver:onReceive action: android.intent.action.SCREEN_OFF
04-10 01:28:00.336 3040 3040 I hpplay-java: [main]:NetworkReceiver:processReceive time : 2
04-10 01:28:00.339 3066 3066 D PASRDozeReceiver: Received Intent Intent { act=android.intent.action.SCREEN_OFF flg=0x50200010 }
04-10 01:28:00.341 3066 3066 D PASRDozeReceiver: Sent intent Successfully
04-10 01:28:00.342 3066 3066 D PASRService: PASRService started
04-10 01:28:00.342 3066 3066 D PASRService: OnStart, Intent: android.intent.action.SCREEN_OFF
04-10 01:28:00.342 3066 3066 D PASRService: Screen Off
04-10 01:28:00.342 1002 1002 I power_screen_broadcast_done: [0,61,1]
01-06 09:03:14.841 0 0 D cnss : Runtime suspend start
01-06 09:03:14.843 0 0 I [kworke][0x142ac3a15][01:28:00.893499] wlan: [440:I:PMO] pmo_core_is_wow_applicable: 319: lpass enabled, enabling wow
01-06 09:03:14.843 0 0 I [kworke][0x142ac589b][01:28:00.893906] wlan: [440:I:PMO] pmo_core_enable_wow_in_fw: 807: drv wow is enabled
01-06 09:03:14.843 0 0 I [kworke][0x142ac5d9f][01:28:00.893973] wlan: [440:I:PMO] pmo_core_enable_wow_in_fw: 820: RTPM wow
01-06 09:03:14.844 0 0 I [kworke][0x142ac8720][01:28:00.894527] wlan: [440:I:WMI] send_wow_enable_cmd_tlv: 1831: suspend type: WOW_IFACE_PAUSE_ENABLED flag is 0x10
01-06 09:03:14.889 0 0 D cnss : Setting MHI state: SUSPEND(6)
01-06 09:03:14.889 0 0 D cnss : Suspending PCI link
01-06 09:03:14.889 0 0 D cnss : Use PCIe DRV suspend
01-06 09:03:14.893 0 0 D cnss : Runtime suspend status: 0
04-10 01:28:00.953 3040 3973 W hpplay-java: [ServerTaskManager]:IPManager:getActiveNets invalid networkInfo:null
04-10 01:28:00.954 3040 3973 I hpplay-java: [ServerTaskManager]:IPManager:getActiveNets eth0:false wifi:false mobile:false ap:false
04-10 01:28:00.954 3040 3973 I hpplay-java: [ServerTaskManager]:ServerTaskManager:get local ip:null
01-06 09:03:15.000 0 0 E DTC_ETH,link_delay_work_func: 3003, SQI=0, link=0
04-10 01:28:01.243 649 662 I mpu_uart: [MSG-P:RECV]:No message received in 1000 ms
04-10 01:28:01.246 1002 1665 D WindowManager: interceptKeyBeforeQueueing: ---> event=KeyEvent { action=ACTION_DOWN, keyCode=KEYCODE_POWER, scanCode=116, metaState=0, flags=0x8, repeatCount=0, eventTime=276130, downTime=276130, deviceId=3, source=0x101, displayId=-1 } ---stack--- java.lang.Throwable
04-10 01:28:01.246 1002 1665 D WindowManager: at com.android.server.policy.PhoneWindowManager.interceptKeyBeforeQueueing(PhoneWindowManager.java:3422)
04-10 01:28:01.246 1002 1665 D WindowManager: at com.android.server.wm.InputManagerCallback.interceptKeyBeforeQueueing(InputManagerCallback.java:149)
04-10 01:28:01.246 1002 1665 D WindowManager: at com.android.server.input.InputManagerService.interceptKeyBeforeQueueing(InputManagerService.java:2827)
04-10 01:28:01.247 1002 1665 I intercept_power: [ACTION_DOWN,0,0]
04-10 01:28:01.248 1002 1665 D DisplayPowerController[0]: requestPowerState: policy=OFF, useProximitySensor=false, screenBrightnessOverride=NaN, useAutoBrightness=true, screenAutoBrightnessAdjustmentOverride=NaN, screenLowPowerBrightnessFactor=1.0, blockScreenOn=false, lowPowerMode=false, boostScreenBrightness=false, dozeScreenBrightness=NaN, dozeScreenState=UNKNOWN, waitForNegativeProximity=false
04-10 01:28:01.248 1002 1665 D PowerManagerNotifier: onScreenPolicyUpdate: newPolicy=0
04-10 01:28:01.251 1002 1665 D PowerManagerNotifier: onWakeLockAcquired: flags=1, tag="PhoneWindowManager.mPowerKeyWakeLock", packageName=android, ownerUid=1000, ownerPid=1002, workSource=null
04-10 01:28:01.254 1002 1665 I PowerManagerService: Powering on display group fromAsleep (groupId=0, uid=1000, reason=WAKE_REASON_POWER_BUTTON, details=android.policy:POWER)...
04-10 01:28:01.254 1002 1665 I PowerManagerService: Waking up from Asleep (uid=1000, reason=WAKE_REASON_POWER_BUTTON, details=android.policy:POWER)...
04-10 01:28:01.259 1002 1665 D PowerManagerNotifier: onWakefulnessChangeStarted: wakefulness=1, reason=1, interactive=true
04-10 01:28:01.260 1002 1665 D PowerManagerNotifier: onWakeUp: reason=WAKE_REASON_POWER_BUTTON, details=android.policy:POWER, reasonUid=1000 opPackageName=android opUid=1000
04-10 01:28:01.261 1002 1665 D PowerManagerNotifier: onUserActivity: event=0, uid=1000
04-10 01:28:01.262 1002 1665 D DisplayPowerController[0]: requestPowerState: policy=BRIGHT, useProximitySensor=false, screenBrightnessOverride=NaN, useAutoBrightness=true, screenAutoBrightnessAdjustmentOverride=NaN, screenLowPowerBrightnessFactor=1.0, blockScreenOn=false, lowPowerMode=false, boostScreenBrightness=false, dozeScreenBrightness=NaN, dozeScreenState=UNKNOWN, waitForNegativeProximity=false
04-10 01:28:01.269 1002 1665 D PowerManagerNotifier: onScreenPolicyUpdate: newPolicy=3
04-10 01:28:01.271 1002 1002 I screen_toggled: 1
04-10 01:28:01.271 1002 1002 I power_screen_broadcast_send: 1
04-10 01:28:01.271 1002 1002 D PowerManagerNotifier: Sending wake up broadcast.
04-10 01:28:01.271 1002 1665 D WindowManager: interceptKeyBeforeQueueing: ---> event=KeyEvent { action=ACTION_UP, keyCode=KEYCODE_POWER, scanCode=116, metaState=0, flags=0x8, repeatCount=0, eventTime=276131, downTime=276130, deviceId=3, source=0x101, displayId=-1 } ---stack--- java.lang.Throwable
04-10 01:28:01.271 1002 1665 D WindowManager: at com.android.server.policy.PhoneWindowManager.interceptKeyBeforeQueueing(PhoneWindowManager.java:3422)
04-10 01:28:01.271 1002 1665 D WindowManager: at com.android.server.wm.InputManagerCallback.interceptKeyBeforeQueueing(InputManagerCallback.java:149)
04-10 01:28:01.271 1002 1665 D WindowManager: at com.android.server.input.InputManagerService.interceptKeyBeforeQueueing(InputManagerService.java:2827)
04-10 01:28:01.272 1002 1665 I intercept_power: [ACTION_UP,0,0]
04-10 01:28:01.272 1002 1211 D DisplayPowerState: setScreenState: state=2
04-10 01:28:01.272 1002 1665 D PowerManagerNotifier: onWakeLockReleased: flags=1, tag="PhoneWindowManager.mPowerKeyWakeLock", packageName=android, ownerUid=1000, ownerPid=1002, workSource=null
04-10 01:28:01.272 1002 1211 I DisplayPowerController[0]: Blocking screen on until initial contents have been drawn.
04-10 01:28:01.272 1002 1665 D DisplayPowerController[0]: requestPowerState: policy=BRIGHT, useProximitySensor=false, screenBrightnessOverride=NaN, useAutoBrightness=true, screenAutoBrightnessAdjustmentOverride=NaN, screenLowPowerBrightnessFactor=1.0, blockScreenOn=false, lowPowerMode=false, boostScreenBrightness=false, dozeScreenBrightness=NaN, dozeScreenState=UNKNOWN, waitForNegativeProximity=false
04-10 01:28:01.272 1002 1665 D PowerManagerNotifier: onScreenPolicyUpdate: newPolicy=3
04-10 01:28:01.274 1002 1211 D ActivityTaskManager: Top Process State changed to PROCESS_STATE_TOP
04-10 01:28:01.276 1002 1002 D WindowManager: powerPress: eventTime=276130 interactive=false count=0 beganFromNonInteractive=true mShortPressOnPowerBehavior=1
04-10 01:28:01.282 1002 1193 E KernelCpuSpeedReader: Failed to read cpu-freq: /sys/devices/system/cpu/cpu4/cpufreq/stats/time_in_state: open failed: ENOENT (No such file or directory)
04-10 01:28:01.282 1002 1193 E KernelCpuSpeedReader: Failed to read cpu-freq: /sys/devices/system/cpu/cpu0/cpufreq/stats/time_in_state: open failed: ENOENT (No such file or directory)
04-10 01:28:01.282 1002 1193 E system_server: Cannot read thread CPU times for PID 1002
04-10 01:28:01.282 1002 1002 E SensorManager: sensor or listener is null
04-10 01:28:01.283 1995 1995 D KeyguardUpdateMonitor: received broadcast android.intent.action.TIME_TICK
04-10 01:28:01.286 1995 4457 D KeyguardViewMediator: onStartedWakingUp, seq = 13
04-10 01:28:01.286 1995 4457 D KeyguardViewMediator: notifyStartedWakingUp
04-10 01:28:01.286 649 661 I mpu_uart: [MSG-P:R]:recv sync frame timeout
04-10 01:28:01.289 1995 1995 D KeyguardUpdateMonitor: handleTimeUpdate
04-10 01:28:01.290 1002 1211 I wm_set_resumed_activity: [0,com.android.launcher3/.uioverrides.QuickstepLauncher,resumeTopActivityInnerLocked]
04-10 01:28:01.291 1002 1211 I wm_resume_activity: [0,247139416,12,com.android.launcher3/.uioverrides.QuickstepLauncher]
04-10 01:28:01.292 1995 1995 D KeyguardViewMediator: handleNotifyWakingUp
04-10 01:28:01.293 1995 4457 D KeyguardViewMediator: notifyScreenOn
04-10 01:28:01.297 1995 1995 D KeyguardViewMediator: handleNotifyScreenTurningOn
04-10 01:28:01.297 1002 1211 E SensorManager: sensor or listener is null
04-10 01:28:01.297 1002 1211 D DisplayPowerController[0]: Animating brightness: target=1.0, sdrTarget=1.0, rate=0.0
04-10 01:28:01.297 1002 1211 D DisplayPowerState: setScreenBrightness: brightness=1.0
04-10 01:28:01.298 1002 1211 D DisplayPowerState: setSdrScreenBrightness: brightness=1.0
04-10 01:28:01.298 1002 1181 W BroadcastQueue: Background execution not allowed: receiving Intent { act=android.intent.action.USER_PRESENT flg=0x24200010 } to com.microsoft.emmx/org.chromium.chrome.browser.sharing.click_to_call.ClickToCallMessageHandler$PhoneUnlockedReceiver
04-10 01:28:01.299 3068 3068 D SYS_EVENT: send event 64 notification to client
04-10 01:28:01.299 1002 1211 V DisplayPowerController[0]: Brightness [1.0] reason changing to: 'manual', previous reason: 'screen_off'.
04-10 01:28:01.299 1002 1211 D DisplayPowerController[0]: Unfinished business...
04-10 01:28:01.299 1002 1211 I sysui_multi_action: [757,1696,758,6,759,3]
04-10 01:28:01.299 1002 1211 D DisplayPowerState: Requesting new screen state: state=ON, backlight=-1.0
04-10 01:28:01.300 1002 1211 D DisplayPowerState: Screen not ready
04-10 01:28:01.300 1002 1951 D DisplayPowerState: Updating screen state: id=0, state=ON, backlight=-1.0, sdrBacklight=-1.0
04-10 01:28:01.300 816 1783 D audio_hw_primary: adev_set_parameters: enter: screen_state=on
04-10 01:28:01.300 816 1783 D audio_hw_hfp: hfp_set_parameters: enter
04-10 01:28:01.300 816 1783 D sound_trigger_hw: handle_screen_status_change: screen on
04-10 01:28:01.300 816 1783 D audio_hw_extn: audio_extn_fm_set_parameters: Enter
04-10 01:28:01.300 1002 1211 I DisplayPowerController[0]: Unblocked screen on after 28 ms
04-10 01:28:01.300 1002 1211 D DisplayPowerState: setColorFadeLevel: level=1.0
04-10 01:28:01.301 943 943 I QTI PowerHAL: Power setMode: 7 to: 1
04-10 01:28:01.301 1002 1161 I DisplayDeviceRepository: Display device changed state: "内置屏幕", ON
04-10 01:28:01.301 943 943 I QTI PowerHAL: Got set_interactive hint
04-10 01:28:01.301 1002 1951 D LocalDisplayAdapter: setDisplayState(id=4630946816427681409, state=ON) ---start
04-10 01:28:01.302 1041 1041 D SurfaceFlinger: Setting power mode 2 on display 4630946816427681409
04-10 01:28:01.303 1002 1002 I battery_saving_stats: [0,0,0,995,0,0,12529,0,0]
04-10 01:28:01.304 1002 1161 I InputManager-JNI: Viewport [0] to add: local:4630946816427681409, isActive: true
04-10 01:28:01.304 1002 1211 D DisplayPowerState: Requesting new screen state: state=ON, backlight=1.0
04-10 01:28:01.304 1002 1211 D DisplayPowerState: Screen not ready
01-06 09:03:15.255 0 0 I ALERT : changing window size from 20000000 to 16000000 at 276192075986
04-10 01:28:01.306 961 961 I SDM : DisplayBase::SetDisplayState: Set state = 1, display 29-0, teardown = 0
04-10 01:28:01.306 1002 1665 I InputReader: Reconfiguring input devices, changes=DISPLAY_INFO |
04-10 01:28:01.307 1002 1665 I InputReader: Device reconfigured: id=4, name='qbt_key_input', size 2560x1080, orientation 0, mode 4, display id 0
04-10 01:28:01.307 1002 1665 I InputReader: Device reconfigured: id=3, name='Atmel maXTouch Touchscreen', size 2560x1080, orientation 0, mode 1, display id 0
01-06 09:03:15.258 0 0 D cnss : Starting to handle get info prepare
01-06 09:03:15.258 0 0 D cnss : Resuming PCI link
01-06 09:03:15.260 0 0 I : [MAX975X:max96755x_drm_notifier_callback] *INFO* receives EARLY_BLANK:UNBLANK
01-06 09:03:15.260 0 0 I atmel_mxt_ts 0-004a: FB event:2,blank:0
01-06 09:03:15.260 0 0 I atmel_mxt_ts 0-004a: suspend: event = 2, blank = 0, not care
01-06 09:03:15.260 0 0 I [drm:dsi_display_set_mode] [msm-dsi-info]: mdp_transfer_time_us=0 us
01-06 09:03:15.260 0 0 I [drm:dsi_display_set_mode] [msm-dsi-info]: hactive= 2560,vactive= 1080,fps=60
01-06 09:03:15.260 0 0 I [drm:dsi_ctrl_isr_configure] [msm-dsi-info]: dsi-ctrl-0: IRQ 403 registered
01-06 09:03:15.262 0 0 D cnss : Set PCI link status to: 2
01-06 09:03:15.262 0 0 D cnss : Setting MHI state: RESUME(7)
04-10 01:28:01.312 2707 2707 I wm_on_restart_called: [247139416,com.android.launcher3.uioverrides.QuickstepLauncher,performRestartActivity]
04-10 01:28:01.312 1993 2639 I BtGatt.ScanManager: msg.what = 8
04-10 01:28:01.313 2707 2707 I wm_on_start_called: [247139416,com.android.launcher3.uioverrides.QuickstepLauncher,handleStartActivity]
04-10 01:28:01.313 1993 2639 I BtGatt.ScanManager: msg.what = 5
04-10 01:28:01.313 2707 2707 I wm_on_resume_called: [247139416,com.android.launcher3.uioverrides.QuickstepLauncher,RESUME_ACTIVITY]
04-10 01:28:01.313 2707 2707 I wm_on_top_resumed_gained_called: [247139416,com.android.launcher3.uioverrides.QuickstepLauncher,topWhenResuming]
01-06 09:03:15.271 0 0 D cnss : Sending get info message, type: 0, cmd length: 28, state: 0x107
04-10 01:28:01.322 2311 2512 E QmiAgentHwInterface: Failed to sendRequest: android.os.RemoteException: sendRequest failed with status: 2
04-10 01:28:01.325 3068 3068 D SYS_EVENT: send event 16 notification to client
04-10 01:28:01.326 1995 1995 D StatusBar: updateQsExpansionEnabled - QS Expand enabled: true
04-10 01:28:01.328 3040 3040 I hpplay-java: [main]:IPManager:updateAPState time : 1 isAPOpen :false
04-10 01:28:01.328 3040 3040 I hpplay-java: [main]:NetworkReceiver:onReceive action: android.intent.action.SCREEN_ON
04-10 01:28:01.330 3040 3040 I hpplay-java: [main]:NetworkReceiver:processReceive time : 2
01-06 09:03:15.280 0 0 D cnss : Received QMI WLFW respond get info indication
