04-10 01:28:18.259 1426 2907 D LOWI-9.0.0.87.a: [LOWI-Scan] BSS 18:6f:2d:81:16:55 LOWI_PHY_MODE_11AC_VHT20(8), Beacon Interval: 100, LOWI_ENCRYPTION_TYPE_WPA_PSK 11mcRanging: No, ANQP: No, LCI: No, Civic: No, capability(0x0111): ESS Privacy SpectrumMgmt
04-10 01:28:18.259 1426 2907 D LOWI-9.0.0.87.a: [LOWI-Scan] BSS 18:6f:2d:81:16:55 FREQ: 5280, cFreq1[40:80:160] = [5280:0:0] cFreq2 = 0 Country Code = CN
04-10 01:28:18.259 1426 2907 D LOWI-9.0.0.87.a: [LOWI-Scan] BSS 18:6f:2d:81:16:55 (wlan0) ASSO: NO AddInfo: 0x0, TSF 0, 00:04:52.587, RSSI: -142, CPL: 127, AGE: 540, SSID GM, TSFDelta: 0xf9583d7e, TXRate: 0
04-10 01:28:18.259 1426 2907 D LOWI-9.0.0.87.a: [LOWI-Scan]
04-10 01:28:18.259 1426 2907 D LOWI-9.0.0.87.a: [LOWI-Scan] print_bss_handler: Report Probe TSF 292588648 as it greater than Beacon TSF 272544647
04-10 01:28:18.259 1426 2907 D LOWI-9.0.0.87.a: [LOWI-Scan] decode_rsn_wpa_ie: LOWI_ENCRYPTION_TYPE_WPA_PSK
04-10 01:28:18.259 1426 2907 D LOWI-9.0.0.87.a: [LOWI-Scan] is_qcom_ie, bss_age: 0
04-10 01:28:18.259 1426 2907 D LOWI-9.0.0.87.a: [LOWI-Scan] BSS 18:6f:2d:81:1f:d5 LOWI_PHY_MODE_11AC_VHT20(8), Beacon Interval: 100, LOWI_ENCRYPTION_TYPE_WPA_PSK 11mcRanging: No, ANQP: No, LCI: No, Civic: No, capability(0x0111): ESS Privacy SpectrumMgmt
04-10 01:28:18.259 1426 2907 D LOWI-9.0.0.87.a: [LOWI-Scan] BSS 18:6f:2d:81:1f:d5 FREQ: 5280, cFreq1[40:80:160] = [5280:0:0] cFreq2 = 0 Country Code = CN
04-10 01:28:18.259 1426 2907 D LOWI-9.0.0.87.a: [LOWI-Scan] BSS 18:6f:2d:81:1f:d5 (wlan0) ASSO: NO AddInfo: 0x0, TSF 0, 00:04:52.588, RSSI: -160, CPL: 127, AGE: 536, SSID GM, TSFDelta: 0xf72a8aee, TXRate: 0
04-10 01:28:18.260 1426 2907 D LOWI-9.0.0.87.a: [LOWI-Scan]
04-10 01:28:18.260 1426 2907 D LOWI-9.0.0.87.a: [LOWI-Scan] print_bss_handler: Report beacon TSF 272602561 as it greater than probe TSF 272559165
04-10 01:28:18.260 1426 2907 D LOWI-9.0.0.87.a: [LOWI-Scan] is_qcom_ie, bss_age: 0
04-10 01:28:18.260 1426 2907 D LOWI-9.0.0.87.a: [LOWI-Scan] adjust_age:AP AGE upper limit reached. Dont store
04-10 01:28:18.260 1426 2907 D LOWI-9.0.0.87.a: [LOWI-Scan] BSS 18:6f:2d:81:1e:71 LOWI_PHY_MODE_11AC_VHT20(8), Beacon Interval: 100, LOWI_ENCRYPTION_TYPE_OPEN 11mcRanging: No, ANQP: No, LCI: No, Civic: No, capability(0x0101): ESS SpectrumMgmt
04-10 01:28:18.260 1426 2907 D LOWI-9.0.0.87.a: [LOWI-Scan] BSS 18:6f:2d:81:1e:71 FREQ: 5280, cFreq1[40:80:160] = [5280:0:0] cFreq2 = 0 Country Code = CN
04-10 01:28:18.260 1426 2907 D LOWI-9.0.0.87.a: [LOWI-Scan] BSS 18:6f:2d:81:1e:71 (wlan0) ASSO: NO AddInfo: 0x1, TSF 0, 00:04:32.602, RSSI: -152, CPL: 127, AGE: 20524, SSID Guest, TSFDelta: 0xa4a4db5d, TXRate: 0
04-10 01:28:18.260 1426 2907 D LOWI-9.0.0.87.a: [LOWI-Scan]
04-10 01:28:18.260 1426 2907 D LOWI-9.0.0.87.a: [LOWI-Scan] print_bss_handler: Report Probe TSF 292550314 as it greater than Beacon TSF 272534455
04-10 01:28:18.260 1426 2907 D LOWI-9.0.0.87.a: [LOWI-Scan] decode_rsn_wpa_ie: LOWI_ENCRYPTION_TYPE_WPA_PSK
04-10 01:28:18.260 1426 2907 D LOWI-9.0.0.87.a: [LOWI-Scan] is_qcom_ie, bss_age: 0
04-10 01:28:18.260 1426 2907 D LOWI-9.0.0.87.a: [LOWI-Scan] BSS 32:6d:53:34:ec:b5 LOWI_PHY_MODE_11AC_VHT20_2G(11), Beacon Interval: 100, LOWI_ENCRYPTION_TYPE_WPA_PSK 11mcRanging: No, ANQP: No, LCI: No, Civic: No, capability(0x0431): ESS Privacy ShortPreamble ShortSlotTime
04-10 01:28:18.260 1426 2907 D LOWI-9.0.0.87.a: [LOWI-Scan] BSS 32:6d:53:34:ec:b5 FREQ: 2442, cFreq1[40:80:160] = [0:0:0] cFreq2 = 0 Country Code = CN
04-10 01:28:18.260 1426 2907 D LOWI-9.0.0.87.a: [LOWI-Scan] BSS 32:6d:53:34:ec:b5 (wlan0) ASSO: NO AddInfo: 0x0, TSF 0, 00:04:52.550, RSSI: -100, CPL: 127, AGE: 576, SSID Day Phone, TSFDelta: 0x759418ab, TXRate: 0
04-10 01:28:18.261 1426 2907 D LOWI-9.0.0.87.a: [LOWI-Scan]
04-10 01:28:18.261 1426 2907 D LOWI-9.0.0.87.a: [LOWI-Scan] print_bss_handler: Report Probe TSF 292654254 as it greater than Beacon TSF 292593333
04-10 01:28:18.261 1426 2907 D LOWI-9.0.0.87.a: [LOWI-Scan] decode_rsn_wpa_ie: LOWI_ENCRYPTION_TYPE_WPA_PSK
04-10 01:28:18.261 1426 2907 D LOWI-9.0.0.87.a: [LOWI-Scan] is_qcom_ie, bss_age: 0
04-10 01:28:18.261 1426 2907 D LOWI-9.0.0.87.a: [LOWI-Scan] BSS 5c:02:14:f9:4f:d2 LOWI_PHY_MODE_11AC_VHT20_2G(11), Beacon Interval: 100, LOWI_ENCRYPTION_TYPE_WPA_PSK 11mcRanging: No, ANQP: Yes, LCI: No, Civic: No, capability(0x1431): ESS Privacy ShortPreamble ShortSlotTime
04-10 01:28:18.261 1426 2907 D LOWI-9.0.0.87.a: [LOWI-Scan] BSS 5c:02:14:f9:4f:d2 FREQ: 2447, cFreq1[40:80:160] = [0:0:0] cFreq2 = 0 Country Code = CN
04-10 01:28:18.261 1426 2907 D LOWI-9.0.0.87.a: [LOWI-Scan] BSS 5c:02:14:f9:4f:d2 (wlan0) ASSO: NO AddInfo: 0x0, TSF 0, 00:04:52.654, RSSI: -96, CPL: 127, AGE: 472, SSID ThunderSoft_XTS_2.4G, TSFDelta: 0x8706ff4c, TXRate: 0
04-10 01:28:18.261 1426 2907 D LOWI-9.0.0.87.a: [LOWI-Scan]
04-10 01:28:18.261 1426 2907 D LOWI-9.0.0.87.a: [LOWI-Scan] print_bss_handler: Report beacon TSF 292733517 as it greater than probe TSF 272726418
04-10 01:28:18.261 1426 2907 D LOWI-9.0.0.87.a: [LOWI-Scan] decode_rsn_wpa_ie: LOWI_ENCRYPTION_TYPE_WPA_PSK
04-10 01:28:18.261 1426 2907 D LOWI-9.0.0.87.a: [LOWI-Scan] is_qcom_ie, bss_age: 0
04-10 01:28:18.261 1426 2907 D LOWI-9.0.0.87.a: [LOWI-Scan] BSS 8c:ab:8e:c1:d4:20 LOWI_PHY_MODE_11AC_VHT40(9), Beacon Interval: 100, LOWI_ENCRYPTION_TYPE_WPA_PSK 11mcRanging: No, ANQP: No, LCI: No, Civic: No, capability(0x0031): ESS Privacy ShortPreamble
04-10 01:28:18.261 1426 2907 D LOWI-9.0.0.87.a: [LOWI-Scan] BSS 8c:ab:8e:c1:d4:20 FREQ: 5300, cFreq1[40:80:160] = [5310:0:0] cFreq2 = 0 Country Code = CN
04-10 01:28:18.261 1426 2907 D LOWI-9.0.0.87.a: [LOWI-Scan] BSS 8c:ab:8e:c1:d4:20 (wlan0) ASSO: NO AddInfo: 0x1, TSF 0, 00:04:52.733, RSSI: -150, CPL: 127, AGE: 392, SSID PHICOMM_D410, TSFDelta: 0x2ae65b8f, TXRate: 0
04-10 01:28:18.261 1426 2907 D LOWI-9.0.0.87.a: [LOWI-Scan]
04-10 01:28:18.261 1426 2907 D LOWI-9.0.0.87.a: [LOWI-Scan] print_bss_handler: Report Probe TSF 292805569 as it greater than Beacon TSF 292778546
04-10 01:28:18.261 1426 2907 D LOWI-9.0.0.87.a: [LOWI-Scan] decode_rsn_wpa_ie: LOWI_ENCRYPTION_TYPE_WPA_PSK
04-10 01:28:18.261 1426 2907 D LOWI-9.0.0.87.a: [LOWI-Scan] is_qcom_ie, bss_age: 0
04-10 01:28:18.261 1426 2907 D LOWI-9.0.0.87.a: [LOWI-Scan] BSS 18:6f:2d:80:da:70 LOWI_PHY_MODE_11AC_VHT20(8), Beacon Interval: 100, LOWI_ENCRYPTION_TYPE_WPA_PSK 11mcRanging: No, ANQP: No, LCI: No, Civic: No, capability(0x0111): ESS Privacy SpectrumMgmt
04-10 01:28:18.261 1426 2907 D LOWI-9.0.0.87.a: [LOWI-Scan] BSS 18:6f:2d:80:da:70 FREQ: 5320, cFreq1[40:80:160] = [5320:0:0] cFreq2 = 0 Country Code = CN
04-10 01:28:18.261 1426 2907 D LOWI-9.0.0.87.a: [LOWI-Scan] BSS 18:6f:2d:80:da:70 (wlan0) ASSO: NO AddInfo: 0x0, TSF 0, 00:04:52.805, RSSI: -164, CPL: 127, AGE: 320, SSID Testing , TSFDelta: 0xa68178, TXRate: 0
04-10 01:28:18.262 1426 2907 D LOWI-9.0.0.87.a: [LOWI-Scan]
04-10 01:28:18.262 1426 2907 D LOWI-9.0.0.87.a: [LOWI-Scan] print_bss_handler: Report Probe TSF 292806008 as it greater than Beacon TSF 292779546
04-10 01:28:18.262 1426 2907 D LOWI-9.0.0.87.a: [LOWI-Scan] is_qcom_ie, bss_age: 0
04-10 01:28:18.262 1426 2907 D LOWI-9.0.0.87.a: [LOWI-Scan] BSS 18:6f:2d:80:da:71 LOWI_PHY_MODE_11AC_VHT20(8), Beacon Interval: 100, LOWI_ENCRYPTION_TYPE_OPEN 11mcRanging: No, ANQP: No, LCI: No, Civic: No, capability(0x0101): ESS SpectrumMgmt
04-10 01:28:18.262 1426 2907 D LOWI-9.0.0.87.a: [LOWI-Scan] BSS 18:6f:2d:80:da:71 FREQ: 5320, cFreq1[40:80:160] = [5320:0:0] cFreq2 = 0 Country Code = CN
04-10 01:28:18.262 1426 2907 D LOWI-9.0.0.87.a: [LOWI-Scan] BSS 18:6f:2d:80:da:71 (wlan0) ASSO: NO AddInfo: 0x0, TSF 0, 00:04:52.806, RSSI: -162, CPL: 127, AGE: 320, SSID Guest, TSFDelta: 0xac6dd5, TXRate: 0
01-06 09:03:32.283 0 0 I : [MAX975X:max96755x_drm_notifier_callback] *INFO* receives EARLY_BLANK:POWERDOWN
01-06 09:03:32.284 0 0 I atmel_mxt_ts 0-004a: FB event:2,blank:1
01-06 09:03:32.284 0 0 I atmel_mxt_ts 0-004a: drm_notifier_callback: POWERDOWN! Suspend by drm notifier.
04-10 01:28:18.262 1426 2907 D LOWI-9.0.0.87.a: [LOWI-Scan]
04-10 01:28:18.262 1426 2907 D LOWI-9.0.0.87.a: [LOWI-Scan] print_bss_handler: Report Probe TSF 292806412 as it greater than Beacon TSF 292779964
04-10 01:28:18.262 1426 2907 D LOWI-9.0.0.87.a: [LOWI-Scan] decode_rsn_wpa_ie: LOWI_ENCRYPTION_TYPE_WPA_PSK
04-10 01:28:18.262 1426 2907 D LOWI-9.0.0.87.a: [LOWI-Scan] is_qcom_ie, bss_age: 0
04-10 01:28:18.262 1426 2907 D LOWI-9.0.0.87.a: [LOWI-Scan] BSS 18:6f:2d:80:da:72 LOWI_PHY_MODE_11AC_VHT20(8), Beacon Interval: 100, LOWI_ENCRYPTION_TYPE_WPA_PSK 11mcRanging: No, ANQP: No, LCI: No, Civic: No, capability(0x0111): ESS Privacy SpectrumMgmt
04-10 01:28:18.262 1426 2907 D LOWI-9.0.0.87.a: [LOWI-Scan] BSS 18:6f:2d:80:da:72 FREQ: 5320, cFreq1[40:80:160] = [5320:0:0] cFreq2 = 0 Country Code = CN
04-10 01:28:18.262 1426 2907 D LOWI-9.0.0.87.a: [LOWI-Scan] BSS 18:6f:2d:80:da:72 (wlan0) ASSO: NO AddInfo: 0x0, TSF 0, 00:04:52.806, RSSI: -166, CPL: 127, AGE: 320, SSID ZXHY, TSFDelta: 0xb176fd, TXRate: 0
04-10 01:28:18.262 1426 2907 D LOWI-9.0.0.87.a: [LOWI-Scan]
04-10 01:28:18.263 1426 2907 D LOWI-9.0.0.87.a: [LOWI-Scan] print_bss_handler: Report Probe TSF 292807876 as it greater than Beacon TSF 292781043
04-10 01:28:18.263 1426 2907 D LOWI-9.0.0.87.a: [LOWI-Scan] decode_rsn_wpa_ie: LOWI_ENCRYPTION_TYPE_WPA_PSK
04-10 01:28:18.263 1002 1211 D DisplayPowerState: Screen ready
04-10 01:28:18.263 1426 2907 D LOWI-9.0.0.87.a: [LOWI-Scan] is_qcom_ie, bss_age: 0
04-10 01:28:18.263 1426 2907 D LOWI-9.0.0.87.a: [LOWI-Scan] BSS 18:6f:2d:80:da:73 LOWI_PHY_MODE_11AC_VHT20(8), Beacon Interval: 100, LOWI_ENCRYPTION_TYPE_WPA_PSK 11mcRanging: No, ANQP: No, LCI: No, Civic: No, capability(0x0111): ESS Privacy SpectrumMgmt
04-10 01:28:18.263 1426 2907 D LOWI-9.0.0.87.a: [LOWI-Scan] BSS 18:6f:2d:80:da:73 FREQ: 5320, cFreq1[40:80:160] = [5320:0:0] cFreq2 = 0 Country Code = CN
04-10 01:28:18.263 1426 2907 D LOWI-9.0.0.87.a: [LOWI-Scan] BSS 18:6f:2d:80:da:73 (wlan0) ASSO: NO AddInfo: 0x0, TSF 0, 00:04:52.807, RSSI: -164, CPL: 127, AGE: 320, SSID Fanya, TSFDelta: 0xb69700, TXRate: 0
04-10 01:28:18.263 1002 1211 D DisplayPowerState: setColorFadeLevel: level=0.0
04-10 01:28:18.263 1426 2907 D LOWI-9.0.0.87.a: [LOWI-Scan]
04-10 01:28:18.263 1426 2907 D LOWI-9.0.0.87.a: [LOWI-Scan] print_bss_handler: Report Probe TSF 292809063 as it greater than Beacon TSF 292781447
04-10 01:28:18.263 1426 2907 D LOWI-9.0.0.87.a: [LOWI-Scan] decode_rsn_wpa_ie: LOWI_ENCRYPTION_TYPE_WPA_PSK
04-10 01:28:18.263 1426 2907 D LOWI-9.0.0.87.a: [LOWI-Scan] is_qcom_ie, bss_age: 0
04-10 01:28:18.263 1426 2907 D LOWI-9.0.0.87.a: [LOWI-Scan] BSS 18:6f:2d:80:da:74 LOWI_PHY_MODE_11AC_VHT20(8), Beacon Interval: 100, LOWI_ENCRYPTION_TYPE_WPA_PSK 11mcRanging: No, ANQP: No, LCI: No, Civic: No, capability(0x0111): ESS Privacy SpectrumMgmt
04-10 01:28:18.263 1426 2907 D LOWI-9.0.0.87.a: [LOWI-Scan] BSS 18:6f:2d:80:da:74 FREQ: 5320, cFreq1[40:80:160] = [5320:0:0] cFreq2 = 0 Country Code = CN
04-10 01:28:18.263 1426 2907 D LOWI-9.0.0.87.a: [LOWI-Scan] BSS 18:6f:2d:80:da:74 (wlan0) ASSO: NO AddInfo: 0x0, TSF 0, 00:04:52.809, RSSI: -164, CPL: 127, AGE: 332, SSID ThunderSoft, TSFDelta: 0xbe6eae, TXRate: 0
04-10 01:28:18.263 1426 2907 D LOWI-9.0.0.87.a: [LOWI-Scan]
04-10 01:28:18.263 1426 2907 D LOWI-9.0.0.87.a: [LOWI-Scan] print_bss_handler: Report Probe TSF 292809499 as it greater than Beacon TSF 292781840
04-10 01:28:18.263 1426 2907 D LOWI-9.0.0.87.a: [LOWI-Scan] decode_rsn_wpa_ie: LOWI_ENCRYPTION_TYPE_WPA_PSK
04-10 01:28:18.263 1426 2907 D LOWI-9.0.0.87.a: [LOWI-Scan] is_qcom_ie, bss_age: 0
04-10 01:28:18.263 1426 2907 D LOWI-9.0.0.87.a: [LOWI-Scan] BSS 18:6f:2d:80:da:75 LOWI_PHY_MODE_11AC_VHT20(8), Beacon Interval: 100, LOWI_ENCRYPTION_TYPE_WPA_PSK 11mcRanging: No, ANQP: No, LCI: No, Civic: No, capability(0x0111): ESS Privacy SpectrumMgmt
04-10 01:28:18.263 1426 2907 D LOWI-9.0.0.87.a: [LOWI-Scan] BSS 18:6f:2d:80:da:75 FREQ: 5320, cFreq1[40:80:160] = [5320:0:0] cFreq2 = 0 Country Code = CN
04-10 01:28:18.263 1426 2907 D LOWI-9.0.0.87.a: [LOWI-Scan] BSS 18:6f:2d:80:da:75 (wlan0) ASSO: NO AddInfo: 0x0, TSF 0, 00:04:52.809, RSSI: -162, CPL: 127, AGE: 332, SSID GM, TSFDelta: 0xc1277b, TXRate: 0
04-10 01:28:18.264 1426 2907 D LOWI-9.0.0.87.a: [LOWI-Scan]
04-10 01:28:18.264 1426 2907 D LOWI-9.0.0.87.a: [LOWI-Scan] print_bss_handler: Report Probe TSF 293097698 as it greater than Beacon TSF 293079795
04-10 01:28:18.264 1426 2907 D LOWI-9.0.0.87.a: [LOWI-Scan] decode_rsn_wpa_ie: LOWI_ENCRYPTION_TYPE_WPA_PSK
04-10 01:28:18.264 1426 2907 D LOWI-9.0.0.87.a: [LOWI-Scan] is_qcom_ie, bss_age: 0
04-10 01:28:18.264 1426 2907 D LOWI-9.0.0.87.a: [LOWI-Scan] BSS 18:6f:2d:80:dd:60 LOWI_PHY_MODE_11NG_HT20(5), Beacon Interval: 100, LOWI_ENCRYPTION_TYPE_WPA_PSK 11mcRanging: No, ANQP: No, LCI: No, Civic: No, capability(0x0531): ESS Privacy ShortPreamble SpectrumMgmt ShortSlotTime
04-10 01:28:18.264 1426 2907 D LOWI-9.0.0.87.a: [LOWI-Scan] BSS 18:6f:2d:80:dd:60 FREQ: 2472, cFreq1[40:80:160] = [2472:0:0] cFreq2 = 0 Country Code = CN
04-10 01:28:18.264 1426 2907 D LOWI-9.0.0.87.a: [LOWI-Scan] BSS 18:6f:2d:80:dd:60 (wlan0) ASSO: NO AddInfo: 0x0, TSF 0, 00:04:53.097, RSSI: -98, CPL: 127, AGE: 44, SSID Testing , TSFDelta: 0xf83c8f66, TXRate: 0
04-10 01:28:18.264 1426 2907 D LOWI-9.0.0.87.a: [LOWI-Scan]
04-10 01:28:18.264 1426 2907 D LOWI-9.0.0.87.a: [LOWI-Scan] print_bss_handler: Report Probe TSF 293098397 as it greater than Beacon TSF 273116836
04-10 01:28:18.264 1426 2907 D LOWI-9.0.0.87.a: [LOWI-Scan] is_qcom_ie, bss_age: 0
04-10 01:28:18.264 1426 2907 D LOWI-9.0.0.87.a: [LOWI-Scan] BSS 18:6f:2d:80:dd:61 LOWI_PHY_MODE_11NG_HT20(5), Beacon Interval: 100, LOWI_ENCRYPTION_TYPE_OPEN 11mcRanging: No, ANQP: No, LCI: No, Civic: No, capability(0x0521): ESS ShortPreamble SpectrumMgmt ShortSlotTime
04-10 01:28:18.264 1426 2907 D LOWI-9.0.0.87.a: [LOWI-Scan] BSS 18:6f:2d:80:dd:61 FREQ: 2472, cFreq1[40:80:160] = [2472:0:0] cFreq2 = 0 Country Code = CN
04-10 01:28:18.264 1426 2907 D LOWI-9.0.0.87.a: [LOWI-Scan] BSS 18:6f:2d:80:dd:61 (wlan0) ASSO: NO AddInfo: 0x0, TSF 0, 00:04:53.098, RSSI: -100, CPL: 127, AGE: 44, SSID Guest, TSFDelta: 0xf8484ec9, TXRate: 0
04-10 01:28:18.264 1426 2907 D LOWI-9.0.0.87.a: [LOWI-Scan]
04-10 01:28:18.264 1426 2907 D LOWI-9.0.0.87.a: [LOWI-Scan] print_bss_handler: Report Probe TSF 293101515 as it greater than Beacon TSF 273117488
04-10 01:28:18.264 1426 2907 D LOWI-9.0.0.87.a: [LOWI-Scan] decode_rsn_wpa_ie: LOWI_ENCRYPTION_TYPE_WPA_PSK
04-10 01:28:18.264 1426 2907 D LOWI-9.0.0.87.a: [LOWI-Scan] is_qcom_ie, bss_age: 0
04-10 01:28:18.265 1426 2907 D LOWI-9.0.0.87.a: [LOWI-Scan] BSS 18:6f:2d:80:dd:62 LOWI_PHY_MODE_11NG_HT20(5), Beacon Interval: 100, LOWI_ENCRYPTION_TYPE_WPA_PSK 11mcRanging: No, ANQP: No, LCI: No, Civic: No, capability(0x0531): ESS Privacy ShortPreamble SpectrumMgmt ShortSlotTime
04-10 01:28:18.265 1426 2907 D LOWI-9.0.0.87.a: [LOWI-Scan] BSS 18:6f:2d:80:dd:62 FREQ: 2472, cFreq1[40:80:160] = [2472:0:0] cFreq2 = 0 Country Code = CN
04-10 01:28:18.265 1426 2907 D LOWI-9.0.0.87.a: [LOWI-Scan] BSS 18:6f:2d:80:dd:62 (wlan0) ASSO: NO AddInfo: 0x0, TSF 0, 00:04:53.101, RSSI: -100, CPL: 127, AGE: 40, SSID ThunderSoft_2.4G, TSFDelta: 0xf85fad73, TXRate: 0
04-10 01:28:18.265 1426 2907 D LOWI-9.0.0.87.a: [LOWI-Scan]
04-10 01:28:18.265 1426 2907 D LOWI-9.0.0.87.a: [LOWI-Scan] print_bss_handler: Report Probe TSF 293102279 as it greater than Beacon TSF 293081372
04-10 01:28:18.265 1426 2907 D LOWI-9.0.0.87.a: [LOWI-Scan] decode_rsn_wpa_ie: LOWI_ENCRYPTION_TYPE_WPA_PSK
04-10 01:28:18.265 1426 2907 D LOWI-9.0.0.87.a: [LOWI-Scan] is_qcom_ie, bss_age: 0
04-10 01:28:18.265 1426 2907 D LOWI-9.0.0.87.a: [LOWI-Scan] BSS 18:6f:2d:80:dd:63 LOWI_PHY_MODE_11NG_HT20(5), Beacon Interval: 100, LOWI_ENCRYPTION_TYPE_WPA_PSK 11mcRanging: No, ANQP: No, LCI: No, Civic: No, capability(0x0531): ESS Privacy ShortPreamble SpectrumMgmt ShortSlotTime
04-10 01:28:18.265 1426 2907 D LOWI-9.0.0.87.a: [LOWI-Scan] BSS 18:6f:2d:80:dd:63 FREQ: 2472, cFreq1[40:80:160] = [2472:0:0] cFreq2 = 0 Country Code = CN
04-10 01:28:18.265 1426 2907 D LOWI-9.0.0.87.a: [LOWI-Scan] BSS 18:6f:2d:80:dd:63 (wlan0) ASSO: NO AddInfo: 0x0, TSF 0, 00:04:53.102, RSSI: -96, CPL: 127, AGE: 40, SSID ZXHY, TSFDelta: 0xf864fed5, TXRate: 0
04-10 01:28:18.265 1426 2907 D LOWI-9.0.0.87.a: [LOWI-Scan]
04-10 01:28:18.265 1426 2907 D LOWI-9.0.0.87.a: [LOWI-Scan] print_bss_handler: Report Probe TSF 293103589 as it greater than Beacon TSF 293081799
04-10 01:28:18.265 1426 2907 D LOWI-9.0.0.87.a: [LOWI-Scan] decode_rsn_wpa_ie: LOWI_ENCRYPTION_TYPE_WPA_PSK
04-10 01:28:18.265 1426 2907 D LOWI-9.0.0.87.a: [LOWI-Scan] is_qcom_ie, bss_age: 0
04-10 01:28:18.265 1426 2907 D LOWI-9.0.0.87.a: [LOWI-Scan] BSS 18:6f:2d:80:dd:64 LOWI_PHY_MODE_11NG_HT20(5), Beacon Interval: 100, LOWI_ENCRYPTION_TYPE_WPA_PSK 11mcRanging: No, ANQP: No, LCI: No, Civic: No, capability(0x0531): ESS Privacy ShortPreamble SpectrumMgmt ShortSlotTime
04-10 01:28:18.265 1002 1734 D WificondScannerImpl: Filtering out 19 scan results.
04-10 01:28:18.273 1002 1211 D DisplayPowerState: Requesting new screen state: state=ON, backlight=-1.0
04-10 01:28:18.273 1002 1211 D DisplayPowerState: Screen ready
04-10 01:28:18.273 1002 1211 I DisplayPowerController[0]: Blocking screen off
04-10 01:28:18.273 1002 1211 I DisplayPowerController[0]: Unblocked screen off after 0 ms
04-10 01:28:18.274 1002 1951 D DisplayPowerState: Updating screen state: id=0, state=ON, backlight=-1.0, sdrBacklight=-1.0
04-10 01:28:18.274 1002 1951 D LocalDisplayAdapter: setDisplayBrightness(id=4630946816427681409, brightnessState=-1.0, sdrBrightnessState=-1.0) ---start
04-10 01:28:18.274 1002 1951 E DisplayDeviceConfig: requesting nits when no mapping exists.
04-10 01:28:18.274 1002 1951 E DisplayDeviceConfig: requesting nits when no mapping exists.
04-10 01:28:18.274 1002 1181 I am_wtf : [0,1002,system_server,-1,DisplayDeviceConfig,requesting nits when no mapping exists.]
04-10 01:28:18.274 1002 1211 D DisplayPowerState: setScreenState: state=1
04-10 01:28:18.275 1002 1211 D ActivityTaskManager: Top Process State changed to PROCESS_STATE_TOP_SLEEPING
04-10 01:28:18.275 1002 1211 D DisplayPowerController[0]: requestPowerState: policy=OFF, useProximitySensor=false, screenBrightnessOverride=NaN, useAutoBrightness=true, screenAutoBrightnessAdjustmentOverride=NaN, screenLowPowerBrightnessFactor=1.0, blockScreenOn=false, lowPowerMode=false, boostScreenBrightness=false, dozeScreenBrightness=NaN, dozeScreenState=UNKNOWN, waitForNegativeProximity=false
04-10 01:28:18.275 1002 1211 D PowerManagerNotifier: onScreenPolicyUpdate: newPolicy=0
04-10 01:28:18.275 1426 2907 I liblog : 186
04-10 01:28:18.275 1426 2907 D LOWI-9.0.0.87.a: [LOWI-Scan]
04-10 01:28:18.275 1426 2907 D LOWI-9.0.0.87.a: [LOWI-Scan] print_bss_handler: Report beacon TSF 272434740 as it greater than probe TSF 272434740
04-10 01:28:18.275 1426 2907 D LOWI-9.0.0.87.a: [LOWI-Scan] decode_rsn_wpa_ie: LOWI_ENCRYPTION_TYPE_WPA_PSK
04-10 01:28:18.275 1426 2907 D LOWI-9.0.0.87.a: [LOWI-Scan] is_qcom_ie, bss_age: 0
04-10 01:28:18.275 1426 2907 D LOWI-9.0.0.87.a: [LOWI-Scan] adjust_age:AP AGE upper limit reached. Dont store
04-10 01:28:18.275 1426 2907 D LOWI-9.0.0.87.a: [LOWI-Scan] BSS ee:60:73:e9:af:fe LOWI_PHY_MODE_11NG_HT40(7), Beacon Interval: 100, LOWI_ENCRYPTION_TYPE_WPA_PSK 11mcRanging: No, ANQP: No, LCI: No, Civic: No, capability(0x0411): ESS Privacy ShortSlotTime
04-10 01:28:18.275 1426 2907 D LOWI-9.0.0.87.a: [LOWI-Scan] BSS ee:60:73:e9:af:fe FREQ: 2437, cFreq1[40:80:160] = [2427:0:0] cFreq2 = 0 Country Code = CN
04-10 01:28:18.275 1426 2907 D LOWI-9.0.0.87.a: [LOWI-Scan] BSS ee:60:73:e9:af:fe (wlan0) ASSO: NO AddInfo: 0x1, TSF 0, 00:04:32.434, RSSI: -132, CPL: 127, AGE: 20716, SSID , TSFDelta: 0x5cac7fbc, TXRate: 0
04-10 01:28:18.275 1002 1211 D PowerManagerNotifier: onWakeLockAcquired: flags=1, tag="ActivityManager-Sleep", packageName=android, ownerUid=1000, ownerPid=1002, workSource=null
04-10 01:28:18.276 1002 1211 D ActivityTrigger: ActivityTrigger activityPauseTrigger
04-10 01:28:18.276 1426 2907 D LOWI-9.0.0.87.a: [LOWI-Scan]
04-10 01:28:18.276 1426 2907 D LOWI-9.0.0.87.a: [LOWI-Scan] print_bss_handler: Report Probe TSF 292453400 as it greater than Beacon TSF 272469883
04-10 01:28:18.276 1426 2907 D LOWI-9.0.0.87.a: [LOWI-Scan] decode_rsn_wpa_ie: LOWI_ENCRYPTION_TYPE_WPA_PSK
04-10 01:28:18.276 1426 2907 D LOWI-9.0.0.87.a: [LOWI-Scan] is_qcom_ie, bss_age: 0
04-10 01:28:18.276 1426 2907 D LOWI-9.0.0.87.a: [LOWI-Scan] BSS 18:6f:2d:81:25:43 LOWI_PHY_MODE_11NG_HT20(5), Beacon Interval: 100, LOWI_ENCRYPTION_TYPE_WPA_PSK 11mcRanging: No, ANQP: No, LCI: No, Civic: No, capability(0x0531): ESS Privacy ShortPreamble SpectrumMgmt ShortSlotTime
04-10 01:28:18.276 1426 2907 D LOWI-9.0.0.87.a: [LOWI-Scan] BSS 18:6f:2d:81:25:43 FREQ: 2437, cFreq1[40:80:160] = [2437:0:0] cFreq2 = 0 Country Code = CN
04-10 01:28:18.276 1426 2907 D LOWI-9.0.0.87.a: [LOWI-Scan] BSS 18:6f:2d:81:25:43 (wlan0) ASSO: NO AddInfo: 0x0, TSF 0, 00:04:52.453, RSSI: -128, CPL: 127, AGE: 696, SSID ZXHY, TSFDelta: 0xe30998e9, TXRate: 0
04-10 01:28:18.276 1426 2907 D LOWI-9.0.0.87.a: [LOWI-Scan]
04-10 01:28:18.276 1426 2907 D LOWI-9.0.0.87.a: [LOWI-Scan] print_bss_handler: Report beacon TSF 292439547 as it greater than probe TSF 272491448
04-10 01:28:18.276 1426 2907 D LOWI-9.0.0.87.a: [LOWI-Scan] decode_rsn_wpa_ie: LOWI_ENCRYPTION_TYPE_WPA_PSK
04-10 01:28:18.276 1426 2907 D LOWI-9.0.0.87.a: [LOWI-Scan] is_qcom_ie, bss_age: 0
04-10 01:28:18.276 1426 2907 D LOWI-9.0.0.87.a: [LOWI-Scan] BSS 18:6f:2d:81:25:44 LOWI_PHY_MODE_11NG_HT20(5), Beacon Interval: 100, LOWI_ENCRYPTION_TYPE_WPA_PSK 11mcRanging: No, ANQP: No, LCI: No, Civic: No, capability(0x0531): ESS Privacy ShortPreamble SpectrumMgmt ShortSlotTime
04-10 01:28:18.276 1426 2907 D LOWI-9.0.0.87.a: [LOWI-Scan] BSS 18:6f:2d:81:25:44 FREQ: 2437, cFreq1[40:80:160] = [2437:0:0] cFreq2 = 0 Country Code = CN
04-10 01:28:18.276 1426 2907 D LOWI-9.0.0.87.a: [LOWI-Scan] BSS 18:6f:2d:81:25:44 (wlan0) ASSO: NO AddInfo: 0x1, TSF 0, 00:04:52.439, RSSI: -126, CPL: 127, AGE: 712, SSID Fanya, TSFDelta: 0xe4beaaa7, TXRate: 0
04-10 01:28:18.276 1426 2907 D LOWI-9.0.0.87.a: [LOWI-Scan]
04-10 01:28:18.277 1426 2907 D LOWI-9.0.0.87.a: [LOWI-Scan] print_bss_handler: Report Probe TSF 292567824 as it greater than Beacon TSF 292540811
04-10 01:28:18.277 1002 1211 I wm_pause_activity: [0,247139416,com.android.launcher3/.uioverrides.QuickstepLauncher,userLeaving=false,sleep]
04-10 01:28:18.277 1426 2907 D LOWI-9.0.0.87.a: [LOWI-Scan] is_qcom_ie, bss_age: 0
04-10 01:28:18.277 1426 2907 D LOWI-9.0.0.87.a: [LOWI-Scan] BSS 18:6f:2d:0a:ae:11 LOWI_PHY_MODE_11AC_VHT20(8), Beacon Interval: 100, LOWI_ENCRYPTION_TYPE_OPEN 11mcRanging: No, ANQP: No, LCI: No, Civic: No, capability(0x0101): ESS SpectrumMgmt
04-10 01:28:18.277 1426 2907 D LOWI-9.0.0.87.a: [LOWI-Scan] BSS 18:6f:2d:0a:ae:11 FREQ: 5280, cFreq1[40:80:160] = [5280:0:0] cFreq2 = 0 Country Code = CN
04-10 01:28:18.277 1426 2907 D LOWI-9.0.0.87.a: [LOWI-Scan] BSS 18:6f:2d:0a:ae:11 (wlan0) ASSO: NO AddInfo: 0x0, TSF 0, 00:04:52.567, RSSI: -124, CPL: 127, AGE: 584, SSID Guest, TSFDelta: 0x8422691b, TXRate: 0
04-10 01:28:18.277 1426 2907 D LOWI-9.0.0.87.a: [LOWI-Scan]
04-10 01:28:18.277 1426 2907 D LOWI-9.0.0.87.a: [LOWI-Scan] print_bss_handler: Report Probe TSF 292578736 as it greater than Beacon TSF 292542550
04-10 01:28:18.277 1426 2907 D LOWI-9.0.0.87.a: [LOWI-Scan] decode_rsn_wpa_ie: LOWI_ENCRYPTION_TYPE_WPA_PSK
04-10 01:28:18.277 1426 2907 D LOWI-9.0.0.87.a: [LOWI-Scan] is_qcom_ie, bss_age: 0
04-10 01:28:18.277 1426 2907 D LOWI-9.0.0.87.a: [LOWI-Scan] BSS 18:6f:2d:0a:ae:13 LOWI_PHY_MODE_11AC_VHT20(8), Beacon Interval: 100, LOWI_ENCRYPTION_TYPE_WPA_PSK 11mcRanging: No, ANQP: No, LCI: No, Civic: No, capability(0x0111): ESS Privacy SpectrumMgmt
04-10 01:28:18.277 1426 2907 D LOWI-9.0.0.87.a: [LOWI-Scan] BSS 18:6f:2d:0a:ae:13 FREQ: 5280, cFreq1[40:80:160] = [5280:0:0] cFreq2 = 0 Country Code = CN
04-10 01:28:18.277 1426 2907 D LOWI-9.0.0.87.a: [LOWI-Scan] BSS 18:6f:2d:0a:ae:13 (wlan0) ASSO: NO AddInfo: 0x0, TSF 0, 00:04:52.578, RSSI: -124, CPL: 127, AGE: 572, SSID Fanya, TSFDelta: 0x842df2fa, TXRate: 0
04-10 01:28:18.277 1426 2907 D LOWI-9.0.0.87.a: [LOWI-Scan]
04-10 01:28:18.277 1426 2907 D LOWI-9.0.0.87.a: [LOWI-Scan] print_bss_handler: Report Probe TSF 272591122 as it greater than Beacon TSF 0
04-10 01:28:18.277 1426 2907 D LOWI-9.0.0.87.a: [LOWI-Scan] decode_rsn_wpa_ie: LOWI_ENCRYPTION_TYPE_WPA_PSK
04-10 01:28:18.277 1426 2907 D LOWI-9.0.0.87.a: [LOWI-Scan] is_qcom_ie, bss_age: 0
04-10 01:28:18.277 1426 2907 D LOWI-9.0.0.87.a: [LOWI-Scan] adjust_age:AP AGE upper limit reached. Dont store
04-10 01:28:18.277 1426 2907 D LOWI-9.0.0.87.a: [LOWI-Scan] BSS 18:6f:2d:81:16:43 LOWI_PHY_MODE_11NG_HT20(5), Beacon Interval: 100, LOWI_ENCRYPTION_TYPE_WPA_PSK 11mcRanging: No, ANQP: No, LCI: No, Civic: No, capability(0x0531): ESS Privacy ShortPreamble SpectrumMgmt ShortSlotTime
04-10 01:28:18.277 1426 2907 D LOWI-9.0.0.87.a: [LOWI-Scan] BSS 18:6f:2d:81:16:43 FREQ: 2442, cFreq1[40:80:160] = [2442:0:0] cFreq2 = 0 Country Code = CN
04-10 01:28:18.277 1426 2907 D LOWI-9.0.0.87.a: [LOWI-Scan] BSS 18:6f:2d:81:16:43 (wlan0) ASSO: NO AddInfo: 0x0, TSF 0, 00:04:32.591, RSSI: -132, CPL: 127, AGE: 20560, SSID ZXHY, TSFDelta: 0xe9b73994, TXRate: 0
04-10 01:28:18.278 1002 1211 D DisplayPowerController[0]: Animating brightness: target=0.0, sdrTarget=0.0, rate=0.0
04-10 01:28:18.278 1002 1211 D DisplayPowerState: setScreenBrightness: brightness=0.0
04-10 01:28:18.278 1002 1211 D DisplayPowerState: setSdrScreenBrightness: brightness=0.0
04-10 01:28:18.278 1426 2907 D LOWI-9.0.0.87.a: [LOWI-Scan]
04-10 01:28:18.278 1426 2907 D LOWI-9.0.0.87.a: [LOWI-Scan] print_bss_handler: Report Probe TSF 272601718 as it greater than Beacon TSF 0
04-10 01:28:18.278 1426 2907 D LOWI-9.0.0.87.a: [LOWI-Scan] decode_rsn_wpa_ie: LOWI_ENCRYPTION_TYPE_WPA_PSK
04-10 01:28:18.278 1426 2907 D LOWI-9.0.0.87.a: [LOWI-Scan] is_qcom_ie, bss_age: 0
04-10 01:28:18.278 1426 2907 D LOWI-9.0.0.87.a: [LOWI-Scan] adjust_age:AP AGE upper limit reached. Dont store
04-10 01:28:18.278 1426 2907 D LOWI-9.0.0.87.a: [LOWI-Scan] BSS 18:6f:2d:81:16:44 LOWI_PHY_MODE_11NG_HT20(5), Beacon Interval: 100, LOWI_ENCRYPTION_TYPE_WPA_PSK 11mcRanging: No, ANQP: No, LCI: No, Civic: No, capability(0x0531): ESS Privacy ShortPreamble SpectrumMgmt ShortSlotTime
04-10 01:28:18.278 1426 2907 D LOWI-9.0.0.87.a: [LOWI-Scan] BSS 18:6f:2d:81:16:44 FREQ: 2442, cFreq1[40:80:160] = [2442:0:0] cFreq2 = 0 Country Code = CN
04-10 01:28:18.278 1426 2907 D LOWI-9.0.0.87.a: [LOWI-Scan] BSS 18:6f:2d:81:16:44 (wlan0) ASSO: NO AddInfo: 0x0, TSF 0, 00:04:32.601, RSSI: -130, CPL: 127, AGE: 20548, SSID Fanya, TSFDelta: 0xe9c755d8, TXRate: 0
04-10 01:28:18.278 1426 2907 D LOWI-9.0.0.87.a: [LOWI-Scan]
04-10 01:28:18.278 1426 2907 D LOWI-9.0.0.87.a: [LOWI-Scan] print_bss_handler: Report beacon TSF 272602126 as it greater than probe TSF 272602126
04-10 01:28:18.278 1426 2907 D LOWI-9.0.0.87.a: [LOWI-Scan] decode_rsn_wpa_ie: LOWI_ENCRYPTION_TYPE_WPA_PSK
04-10 01:28:18.278 1426 2907 D LOWI-9.0.0.87.a: [LOWI-Scan] is_qcom_ie, bss_age: 0
04-10 01:28:18.278 1426 2907 D LOWI-9.0.0.87.a: [LOWI-Scan] adjust_age:AP AGE upper limit reached. Dont store
04-10 01:28:18.278 1426 2907 D LOWI-9.0.0.87.a: [LOWI-Scan] BSS 18:6f:2d:81:1e:70 LOWI_PHY_MODE_11AC_VHT20(8), Beacon Interval: 100, LOWI_ENCRYPTION_TYPE_WPA_PSK 11mcRanging: No, ANQP: No, LCI: No, Civic: No, capability(0x0111): ESS Privacy SpectrumMgmt
04-10 01:28:18.278 1426 2907 D LOWI-9.0.0.87.a: [LOWI-Scan] BSS 18:6f:2d:81:1e:70 FREQ: 5280, cFreq1[40:80:160] = [5280:0:0] cFreq2 = 0 Country Code = CN
04-10 01:28:18.279 1426 2907 D LOWI-9.0.0.87.a: [LOWI-Scan] BSS 18:6f:2d:81:1e:70 (wlan0) ASSO: NO AddInfo: 0x1, TSF 0, 00:04:32.602, RSSI: -154, CPL: 127, AGE: 20556, SSID Testing , TSFDelta: 0xa5fc9fb2, TXRate: 0
04-10 01:28:18.279 1995 4362 D KeyguardViewMediator: notifyScreenTurnedOff
04-10 01:28:18.279 2707 2707 I wm_on_top_resumed_lost_called: [247139416,com.android.launcher3.uioverrides.QuickstepLauncher,topStateChangedWhenResumed]
04-10 01:28:18.279 1426 2907 D LOWI-9.0.0.87.a: [LOWI-Scan]
04-10 01:28:18.279 1426 2907 D LOWI-9.0.0.87.a: [LOWI-Scan] print_bss_handler: Report beacon TSF 272653575 as it greater than probe TSF 272653575
04-10 01:28:18.279 1426 2907 D LOWI-9.0.0.87.a: [LOWI-Scan] decode_rsn_wpa_ie: LOWI_ENCRYPTION_TYPE_WPA_PSK
04-10 01:28:18.279 1426 2907 D LOWI-9.0.0.87.a: [LOWI-Scan] is_qcom_ie, bss_age: 0
04-10 01:28:18.279 1426 2907 D LOWI-9.0.0.87.a: [LOWI-Scan] adjust_age:AP AGE upper limit reached. Dont store
04-10 01:28:18.279 1426 2907 D LOWI-9.0.0.87.a: [LOWI-Scan] BSS d4:ee:07:50:44:8a LOWI_PHY_MODE_11NG_HT20(5), Beacon Interval: 100, LOWI_ENCRYPTION_TYPE_WPA_PSK 11mcRanging: No, ANQP: No, LCI: No, Civic: No, capability(0x0411): ESS Privacy ShortSlotTime
04-10 01:28:18.279 1426 2907 D LOWI-9.0.0.87.a: [LOWI-Scan] BSS d4:ee:07:50:44:8a FREQ: 2447, cFreq1[40:80:160] = [0:0:0] cFreq2 = 0 Country Code = CN
04-10 01:28:18.279 1426 2907 D LOWI-9.0.0.87.a: [LOWI-Scan] BSS d4:ee:07:50:44:8a (wlan0) ASSO: NO AddInfo: 0x1, TSF 0, 00:04:32.653, RSSI: -130, CPL: 127, AGE: 20504, SSID HiWiFi_50448A, TSFDelta: 0xc18532fc, TXRate: 0
04-10 01:28:18.281 2707 2707 I wm_on_paused_called: [247139416,com.android.launcher3.uioverrides.QuickstepLauncher,performPause]
04-10 01:28:18.281 1002 1181 I DropBoxManagerService: add tag=system_server_wtf isTagEnabled=true flags=0x2
04-10 01:28:18.283 1002 2415 I wm_add_to_stopping: [0,247139416,com.android.launcher3/.uioverrides.QuickstepLauncher,completePauseLocked]
04-10 01:28:18.285 1002 1211 V DisplayPowerController[0]: Brightness [0.0] reason changing to: 'screen_off', previous reason: 'manual'.
04-10 01:28:18.285 1002 1211 D DisplayPowerState: Requesting new screen state: state=OFF, backlight=-1.0
04-10 01:28:18.285 1002 1211 D DisplayPowerState: Screen not ready
04-10 01:28:18.285 1002 2415 D PowerManagerNotifier: onWakeLockReleased: flags=1, tag="ActivityManager-Sleep", packageName=android, ownerUid=1000, ownerPid=1002, workSource=null
04-10 01:28:18.286 1002 2415 D DisplayPowerController[0]: requestPowerState: policy=OFF, useProximitySensor=false, screenBrightnessOverride=NaN, useAutoBrightness=true, screenAutoBrightnessAdjustmentOverride=NaN, screenLowPowerBrightnessFactor=1.0, blockScreenOn=false, lowPowerMode=false, boostScreenBrightness=false, dozeScreenBrightness=NaN, dozeScreenState=UNKNOWN, waitForNegativeProximity=false
04-10 01:28:18.286 1002 2415 D PowerManagerNotifier: onScreenPolicyUpdate: newPolicy=0
04-10 01:28:18.290 1002 1951 D LocalDisplayAdapter: setDisplayBrightness(id=4630946816427681409, brightnessState=-1.0, sdrBrightnessState=-1.0) ---end
04-10 01:28:18.290 1002 1951 D DisplayPowerState: Updating screen state: id=0, state=OFF, backlight=-1.0, sdrBacklight=-1.0
04-10 01:28:18.290 1002 1951 D LocalDisplayAdapter: setDisplayState(id=4630946816427681409, state=OFF) ---start
04-10 01:28:18.290 1002 1161 I wm_stop_activity: [0,247139416,com.android.launcher3/.uioverrides.QuickstepLauncher]
04-10 01:28:18.291 1995 1995 D KeyguardViewMediator: handleNotifyScreenTurnedOff
04-10 01:28:18.293 1002 1161 I sysui_multi_action: [757,803,799,window_time_0,802,4]
04-10 01:28:18.293 1002 1161 I DisplayDeviceRepository: Display device changed state: "内置屏幕", OFF
04-10 01:28:18.295 1002 1181 I am_wtf : [0,1002,system_server,-1,DisplayDeviceConfig,requesting nits when no mapping exists.]
04-10 01:28:18.296 1002 1161 I InputManager-JNI: Viewport [0] to add: local:4630946816427681409, isActive: false
04-10 01:28:18.297 1002 1665 I InputReader: Reconfiguring input devices, changes=DISPLAY_INFO |
04-10 01:28:18.297 1002 1665 I InputReader: Disabling qbt_key_input (device 4) because the associated viewport is not active
04-10 01:28:18.297 1002 1665 I InputReader: Disabling qbt_key_input (device 4) because the associated viewport is not active
04-10 01:28:18.297 1002 1665 I InputReader: Disabling Atmel maXTouch Touchscreen (device 3) because the associated viewport is not active
04-10 01:28:18.297 1002 1181 I DropBoxManagerService: add tag=system_server_wtf isTagEnabled=true flags=0x2
04-10 01:28:18.300 1995 1995 I sysui_multi_action: [757,111,758,2]
04-10 01:28:18.300 1995 1995 I sysui_multi_action: [757,111,758,2]
04-10 01:28:18.301 1993 2639 I BtGatt.ScanManager: msg.what = 8
04-10 01:28:18.302 1993 2639 I BtGatt.ScanManager: msg.what = 4
04-10 01:28:18.305 1002 1728 D PasspointManager: ANQP entry not found for: 7c:b5:9b:6b:a4:31:
04-10 01:28:18.307 1041 1041 D SurfaceFlinger: Setting power mode 0 on display 4630946816427681409
04-10 01:28:18.311 961 1109 I SDM : DisplayBase::SetDisplayState: Set state = 0, display 29-0, teardown = 0
04-10 01:28:18.311 2311 2512 E QmiAgentHwInterface: Failed to sendRequest: android.os.RemoteException: sendRequest failed with status: 2
04-10 01:28:18.313 1995 1995 D StatusBar: updateQsExpansionEnabled - QS Expand enabled: true
04-10 01:28:18.321 2707 2707 D StateManager: goToState: Normal
04-10 01:28:18.322 2707 2707 I wm_on_stop_called: [247139416,com.android.launcher3.uioverrides.QuickstepLauncher,STOP_ACTIVITY_ITEM]
04-10 01:28:18.338 2576 2576 W WifiDebugService: Can not find target wifi network : hht_test_wifi_fc4318c9
04-10 01:28:18.347 1002 3060 I sysui_multi_action: [757,128,758,2,793,24684,794,1342,795,24338,796,1,798,2,806,com.android.traceur,857,trace-is-being-recorded,858,4,947,0,1395,6,1500,24338,1688,1]
04-10 01:28:18.348 1002 3060 I notification_visibility: [0|com.android.traceur|1|null|10035,0,24684,24338,0,2]
04-10 01:28:18.348 1002 3060 I sysui_multi_action: [757,128,758,2,793,243877,794,1343,795,243877,796,26,798,0,806,android,857,DEVELOPER_IMPORTANT,858,4,947,0,1395,6,1500,243285,1688,1]
04-10 01:28:18.348 1002 3060 I notification_visibility: [-1|android|26|null|1000,0,243877,243877,0,0]
04-10 01:28:18.348 1002 3060 I sysui_multi_action: [757,128,758,2,793,242790,794,1342,795,242790,796,17303299,797,com.android.wifi,798,3,806,android,857,NETWORK_AVAILABLE,858,2,947,0,1395,6,1500,242573,1688,1]
04-10 01:28:18.348 1002 3060 I notification_visibility: [0|android|17303299|com.android.wifi|1000,0,242790,242790,0,3]
04-10 01:28:18.349 1002 3060 I sysui_multi_action: [757,128,758,2,793,118029,794,1342,795,118029,796,0,797,trace-kona-SKQ1.220201.001-2023-04-10-01-26-18.perfetto-trace,798,1,806,com.android.traceur,857,system-tracing,858,4,947,0,1395,6,1500,117822,1688,1]
04-10 01:28:18.349 1002 3060 I notification_visibility: [0|com.android.traceur|0|trace-kona-SKQ1.220201.001-2023-04-10-01-26-18.perfetto-trace|10035,0,118029,118029,0,1]
04-10 01:28:18.349 1002 3060 I sysui_multi_action: [757,128,758,2,793,243714,794,1341,795,243714,796,55,798,4,806,android,857,DEVELOPER,858,2,947,0,1395,6,1500,242777,1688,1]
04-10 01:28:18.349 1002 3060 I notification_visibility: [-1|android|55|null|1000,0,243714,243714,0,4]
04-10 01:28:18.350 1002 3060 I sysui_multi_action: [757,127,758,2]
04-10 01:28:18.350 1002 3060 I notification_panel_hidden:
01-06 09:03:32.300 0 0 I : [MAX975X:max96755x_drm_notifier_callback] *INFO* receives BLANK:POWERDOWN
01-06 09:03:32.300 0 0 I atmel_mxt_ts 0-004a: FB event:1,blank:1
01-06 09:03:32.300 0 0 I atmel_mxt_ts 0-004a: resume: event = 1 blank = 1, not care
04-10 01:28:18.351 1995 1995 D StatusBar: disable disable2
04-10 01:28:18.353 1002 1193 E KernelCpuSpeedReader: Failed to read cpu-freq: /sys/devices/system/cpu/cpu4/cpufreq/stats/time_in_state: open failed: ENOENT (No such file or directory)
04-10 01:28:18.353 1002 1193 E KernelCpuSpeedReader: Failed to read cpu-freq: /sys/devices/system/cpu/cpu0/cpufreq/stats/time_in_state: open failed: ENOENT (No such file or directory)
04-10 01:28:18.353 1002 1193 E system_server: Cannot read thread CPU times for PID 1002
04-10 01:28:18.353 1002 1190 I dvm_lock_sample: [system_server,0,batterystats-handler,65,BatteryStatsService.java,2745,void com.android.server.am.BatteryStatsService.lambda$updateBatteryStatsOnActivityUsage$99$BatteryStatsService(boolean, int, long, long),BatteryExternalStatsWorker.java,696,void com.android.server.am.BatteryExternalStatsWorker.updateExternalStatsLocked(java.lang.String, int, boolean, boolean, int, boolean),13]
04-10 01:28:18.356 1041 1041 D SurfaceFlinger: Finished setting power mode 0 on display 4630946816427681409
04-10 01:28:18.356 1002 1951 D LocalDisplayAdapter: setDisplayState(id=4630946816427681409, state=OFF) ---end
04-10 01:28:18.357 1002 1211 D DisplayPowerState: Screen ready
04-10 01:28:18.357 1002 1211 D DisplayPowerController[0]: Display ready!
04-10 01:28:18.357 1002 1211 D DisplayPowerController[0]: Finished business...
04-10 01:28:18.357 943 943 I QTI PowerHAL: Power setMode: 7 to: 0
04-10 01:28:18.357 1002 1211 D DisplayPowerController[0]: requestPowerState: policy=OFF, useProximitySensor=false, screenBrightnessOverride=NaN, useAutoBrightness=true, screenAutoBrightnessAdjustmentOverride=NaN, screenLowPowerBrightnessFactor=1.0, blockScreenOn=false, lowPowerMode=false, boostScreenBrightness=false, dozeScreenBrightness=NaN, dozeScreenState=UNKNOWN, waitForNegativeProximity=false
04-10 01:28:18.357 1002 1211 D PowerManagerNotifier: onScreenPolicyUpdate: newPolicy=0
04-10 01:28:18.357 1002 1211 D PowerManagerNotifier: onWakefulnessChangeFinished
04-10 01:28:18.357 1002 1002 I sysui_multi_action: [757,198,758,2,759,2,1359,241,1695,4]
04-10 01:28:18.357 943 943 I QTI PowerHAL: Got set_interactive hint
04-10 01:28:18.359 1002 1002 I power_screen_state: [0,2,0,0,241]
04-10 01:28:18.359 1002 1002 I screen_toggled: 0
04-10 01:28:18.359 1002 1002 I sysui_multi_action: [757,804,799,screen_timeout,801,60,802,1]
04-10 01:28:18.359 972 4730 E ANDR-PERF-LM: Core: detectAndRunIdle() 174: Not able to open /sys/class/power_supply/battery/status, Error: No such file or directory
04-10 01:28:18.360 1002 1002 I sysui_multi_action: [757,1594,758,4,759,-2147483648,1359,2507]
04-10 01:28:18.361 1002 1002 I power_screen_broadcast_send: 1
04-10 01:28:18.361 1002 1002 D PowerManagerNotifier: Sending go to sleep broadcast.
04-10 01:28:18.362 1995 2871 D KeyguardViewMediator: onFinishedGoingToSleep(2)
04-10 01:28:18.362 1995 2871 D KeyguardViewMediator: notifyFinishedGoingToSleep
01-06 09:03:32.315 0 0 I ALERT : changing window size from 16000000 to 20000000 at 293252086969
04-10 01:28:18.370 1002 1664 I input_focus: [Focus leaving 10ef944 NotificationShade (server),reason=NOT_FOCUSABLE]
04-10 01:28:18.373 816 1783 D audio_hw_primary: adev_set_parameters: enter: screen_state=off
04-10 01:28:18.373 816 1783 D audio_hw_hfp: hfp_set_parameters: enter
04-10 01:28:18.373 816 1783 D sound_trigger_hw: handle_screen_status_change: screen off
04-10 01:28:18.373 816 1783 D audio_hw_extn: audio_extn_fm_set_parameters: Enter
04-10 01:28:18.376 1002 1002 I battery_saving_stats: [0,1,0,2592,0,0,230967,0,0]
04-10 01:28:18.386 2707 2707 D StateManager: goToState: Normal
04-10 01:28:18.392 1002 2415 W FreeFormWindowHelper: Current Display FreeFormTask is null
04-10 01:28:18.393 3068 3068 D SYS_EVENT: send event 8 notification to client
04-10 01:28:18.397 1995 1995 D KeyguardViewMediator: handleNotifyFinishedGoingToSleep
04-10 01:28:18.400 3040 3040 I hpplay-java: [main]:IPManager:updateAPState time : 1 isAPOpen :false
04-10 01:28:18.400 3040 3040 I hpplay-java: [main]:NetworkReceiver:onReceive action: android.intent.action.SCREEN_OFF
04-10 01:28:18.400 3040 3040 I hpplay-java: [main]:NetworkReceiver:processReceive time : 1
04-10 01:28:18.402 3066 3066 D PASRDozeReceiver: Received Intent Intent { act=android.intent.action.SCREEN_OFF flg=0x50200010 }
04-10 01:28:18.403 3066 3066 D PASRDozeReceiver: Sent intent Successfully
04-10 01:28:18.404 3066 3066 D PASRService: PASRService started
04-10 01:28:18.404 3066 3066 D PASRService: OnStart, Intent: android.intent.action.SCREEN_OFF
04-10 01:28:18.404 3066 3066 D PASRService: Screen Off
04-10 01:28:18.404 1002 1002 I power_screen_broadcast_done: [0,43,1]
04-10 01:28:18.405 1995 1995 V KeyguardUpdateMonitor: startListeningForFingerprint()
04-10 01:28:18.410 1995 1995 D StatusBar: updateQsExpansionEnabled - QS Expand enabled: true
04-10 01:28:18.416 1041 1216 I BpBinder: onLastStrongRef automatically unlinking death recipients:
04-10 01:28:18.821 3040 3998 I hpplay-java: [NetworkReceiver]:IM_PublicCastClient:disconnect
04-10 01:28:18.822 3040 3998 I hpplay-java: [NetworkReceiver]:IM_IMEntrance:disconnect
04-10 01:28:18.822 3040 3998 W hpplay-java: [NetworkReceiver]:IM_PublicCastClient:reconnect ignore com.hpplay.sdk.sink.cloud.PublicCastClient@5543886
04-10 01:28:18.839 3040 4501 W hpplay-java: [AsyncTask #35]:MagicalCacheFile:serverDir is not exits
04-10 01:28:18.839 3040 4501 I hpplay-java: [AsyncTask #35]:Session:no cached regTime
04-10 01:28:18.841 3040 4501 I hpplay-java: [AsyncTask #35]:AuthSDK:authSDK connectTimeout = 6000
04-10 01:28:18.844 3040 4620 I hpplay-java: [AsyncTask #43]:HttpRequest:http://sdkauth.hpplay.cn/Author/TVAuthor/?uid=-6190987048206693284&appid=21409&prot_ver=4.1&version=60055-27705 path post
04-10 01:28:18.848 673 4732 D resolv : GetAddrInfoHandler::run: {0 262144 0 983040 10091 0}
04-10 01:28:18.848 673 4732 D resolv : resolv_getaddrinfo: explore_fqdn(): ai_family=0 ai_socktype=1 ai_protocol=6
04-10 01:28:18.852 3040 4620 I hpplay-java: [AsyncTask #43]:AsyncManager:nextDomain next2: https://sdkauth.lebo.com.cn:82/Author/TVAuthor/?uid=-6190987048206693284&appid=21409&prot_ver=4.1&version=60055-27705
04-10 01:28:18.852 3040 4620 W hpplay-java: [AsyncTask #43]:HttpRequest:
04-10 01:28:18.852 3040 4620 I hpplay-java: [AsyncTask #43]:HttpRequest:https://sdkauth.lebo.com.cn:82/Author/TVAuthor/?uid=-6190987048206693284&appid=21409&prot_ver=4.1&version=60055-27705 path post
04-10 01:28:18.856 673 4733 D resolv : GetAddrInfoHandler::run: {0 262144 0 983040 10091 0}
04-10 01:28:18.857 673 4733 D resolv : resolv_getaddrinfo: explore_fqdn(): ai_family=0 ai_socktype=1 ai_protocol=6
04-10 01:28:18.861 3040 4620 I hpplay-java: [AsyncTask #43]:AsyncManager:nextDomain next3: http://120.25.130.190:80/Author/TVAuthor/?uid=-6190987048206693284&appid=21409&prot_ver=4.1&version=60055-27705
04-10 01:28:18.862 3040 4620 W hpplay-java: [AsyncTask #43]:HttpRequest:
04-10 01:28:18.863 3040 4620 I hpplay-java: [AsyncTask #43]:HttpRequest:http://120.25.130.190:80/Author/TVAuthor/?uid=-6190987048206693284&appid=21409&prot_ver=4.1&version=60055-27705 path post
04-10 01:28:18.873 3040 4620 W hpplay-java: [AsyncTask #43]:HttpRequest:java.net.ConnectException: Failed to connect to /120.25.130.190:80
04-10 01:28:18.873 3040 4620 W hpplay-java: at com.android.okhttp.internal.io.RealConnection.connectSocket(RealConnection.java:147)
04-10 01:28:18.873 3040 4620 W hpplay-java: at com.android.okhttp.internal.io.RealConnection.connect(RealConnection.java:116)
04-10 01:28:18.873 3040 4620 W hpplay-java: at com.android.okhttp.internal.http.StreamAllocation.findConnection(StreamAllocation.java:186)
04-10 01:28:18.873 3040 4620 W hpplay-java: at com.android.okhttp.internal.http.StreamAllocation.findHealthyConnection(StreamAllocation.java:128)
04-10 01:28:18.873 3040 4620 W hpplay-java: at com.android.okhttp.internal.http.StreamAllocation.newStream(StreamAllocation.java:97)
04-10 01:28:18.873 3040 4620 W hpplay-java: at com.android.okhttp.internal.http.HttpEngine.connect(HttpEngine.java:289)
04-10 01:28:18.873 3040 4620 W hpplay-java: at com.android.okhttp.internal.http.HttpEngine.sendRequest(HttpEngine.java:232)
04-10 01:28:18.873 3040 4620 W hpplay-java: at com.android.okhttp.internal.huc.HttpURLConnectionImpl.execute(HttpURLConnectionImpl.java:465)
04-10 01:28:18.873 3040 4620 W hpplay-java: at com.android.okhttp.internal.huc.HttpURLConnectionImpl.connect(HttpURLConnectionImpl.java:131)
04-10 01:28:18.873 3040 4620 W hpplay-java: at com.hpplay.common.asyncmanager.HttpRequest.doPost(SourceFile:17)
04-10 01:28:18.873 3040 4620 W hpplay-java: at com.hpplay.common.asyncmanager.AsyncHttpJob.doInBackground(SourceFile:4)
04-10 01:28:18.873 3040 4620 W hpplay-java: at android.os.AsyncTask$3.call(AsyncTask.java:394)
04-10 01:28:18.873 3040 4620 W hpplay-java: at java.util.concurrent.FutureTask.run(FutureTask.java:266)
04-10 01:28:18.873 3040 4620 W hpplay-java: at java.util.concurrent.ThreadPoolExecutor.runWorker(ThreadPoolExecutor.java:1167)
04-10 01:28:18.873 3040 4620 W hpplay-java: at java.util.concurrent.ThreadPoolExecutor$Worker.run(ThreadPoolExecutor.java:641)
04-10 01:28:18.873 3040 4620 W hpplay-java: at java.lang.Thread.run(Thread.java:920)
04-10 01:28:18.874 3040 4611 I hpplay-java: [AsyncTask #38]:AuthSDK:authSDK auth failed
04-10 01:28:18.874 3040 4611 I hpplay : [AsyncTask #38]:LelinkHelper:onAuthSDK status: 3
04-10 01:28:18.875 3040 4611 I hpplay-java: [AsyncTask #38]:VipAuthSDK:vipAuth
04-10 01:28:18.875 3040 3040 D hpplay : [main]:LelinkHelper:认证成功
04-10 01:28:18.875 3040 4611 I hpplay-java: [AsyncTask #38]:EnterpriseAuthManager:getNewCompanyAuthSavePath
04-10 01:28:18.876 3040 4611 I hpplay-java: [AsyncTask #38]:EnterpriseAuthManager:getNewCompanyAuthSavePath,get app cache path
04-10 01:28:18.877 3040 4611 I hpplay-java: [AsyncTask #38]:AuthSDK:checkHandler
04-10 01:28:18.878 3040 4619 W hpplay-java: [AsyncTask #42]:CreateUtils:notifyQRReady server not start,ignore
04-10 01:28:18.878 3040 4619 W hpplay-java: [AsyncTask #42]:CreateUtils:isServerStartAndAuth token is null
04-10 01:28:18.878 3040 4618 I hpplay-java: [AsyncTask #41]:HttpRequest:https://vipauth.hpplay.cn/VipAuth path post
04-10 01:28:18.878 3040 4619 W hpplay-java: [AsyncTask #42]:CreateUtils:isServerStartAndAuth token is null
04-10 01:28:18.879 3040 4619 I hpplay-java: [AsyncTask #42]:ServerBusiness:createPinCode ignore
04-10 01:28:18.879 3040 4611 I hpplay-java: [AsyncTask #38]:IMTask:getIMRoot
04-10 01:28:18.879 3040 4611 I hpplay-java: [AsyncTask #38]:AuthTask:release
04-10 01:28:18.883 3040 4611 I hpplay-java: [AsyncTask #38]:LBHandler:create name: AuthTask looper:Looper (AuthTask, tid 128) {3b490ec}
04-10 01:28:18.883 3040 4611 I hpplay-java: [AsyncTask #38]:AuthTask:reAuth 600000
04-10 01:28:18.884 3040 4611 I hpplay-java: [AsyncTask #38]:AuthSDK:controlStartServer
04-10 01:28:18.884 3040 4611 I hpplay-java: [AsyncTask #38]:ServiceUpdater:upLoadDeviceInfo url = http://gslb.hpplay.cn/lebo-flux-sdk/sdk/info/upload
04-10 01:28:18.888 673 4737 D resolv : GetAddrInfoHandler::run: {0 262144 0 983040 10091 0}
04-10 01:28:18.888 673 4737 D resolv : resolv_getaddrinfo: explore_fqdn(): ai_family=0 ai_socktype=1 ai_protocol=6
04-10 01:28:18.889 673 4735 D resolv : GetAddrInfoHandler::run: {0 262144 0 983040 10091 0}
04-10 01:28:18.889 673 4735 D resolv : resolv_getaddrinfo: explore_fqdn(): ai_family=0 ai_socktype=1 ai_protocol=6
04-10 01:28:18.891 3040 4617 W hpplay-java: [AsyncTask #40]:HttpRequest:
04-10 01:28:18.891 673 4738 D resolv : GetAddrInfoHandler::run: {0 262144 0 983040 10091 0}
04-10 01:28:18.892 3040 4617 W hpplay-java: [AsyncTask #40]:HttpRequest:
04-10 01:28:18.892 673 4738 D resolv : resolv_getaddrinfo: explore_fqdn(): ai_family=0 ai_socktype=1 ai_protocol=6
04-10 01:28:18.893 3040 4617 W hpplay-java: [AsyncTask #40]:HttpRequest:
04-10 01:28:18.894 3040 4629 W hpplay-java: [AsyncTask #47]:HttpRequest:
04-10 01:28:18.896 3040 4611 I hpplay-java: [AsyncTask #38]:BusinessConfig:requestConfig
04-10 01:28:18.897 3040 4629 W hpplay-java: [AsyncTask #47]:HttpRequest:
04-10 01:28:18.897 3040 4678 I hpplay-java: [AsyncTask #64]:HttpRequest:http://gslb.hpplay.cn/lebo-flux-sdk/sdk/info/upload path post
04-10 01:28:18.898 1002 2438 W ActivityManager: Unable to start service Intent { act=android.intent.action.START_LEBO_SERVICE pkg=com.hpplay.happyplay.aw } U=0: not found
04-10 01:28:18.899 3040 4611 I hpplay-java: [AsyncTask #38]:LeboUtil:wu r:false
04-10 01:28:18.899 3040 4629 W hpplay-java: [AsyncTask #47]:HttpRequest:
04-10 01:28:18.900 673 4740 D resolv : GetAddrInfoHandler::run: {0 262144 0 983040 10091 0}
04-10 01:28:18.900 673 4740 D resolv : resolv_getaddrinfo: explore_fqdn(): ai_family=0 ai_socktype=1 ai_protocol=6
04-10 01:28:18.900 3040 3040 E hpplay-java: [main]:IMTask:getIMRoot failed
04-10 01:28:18.900 673 4741 D resolv : GetAddrInfoHandler::run: {0 262144 0 983040 10091 0}
04-10 01:28:18.900 673 4741 D resolv : resolv_getaddrinfo: explore_fqdn(): ai_family=0 ai_socktype=1 ai_protocol=6
04-10 01:28:18.900 3040 4626 W hpplay-java: [AsyncTask #46]:HttpRequest:
04-10 01:28:18.901 3040 4626 W hpplay-java: [AsyncTask #46]:HttpRequest:
04-10 01:28:18.901 673 4742 D resolv : GetAddrInfoHandler::run: {0 262144 0 983040 10091 0}
04-10 01:28:18.901 673 4742 D resolv : resolv_getaddrinfo: explore_fqdn(): ai_family=0 ai_socktype=1 ai_protocol=6
04-10 01:28:18.901 3040 4626 W hpplay-java: [AsyncTask #46]:HttpRequest:
04-10 01:28:18.902 3040 4648 W hpplay-java: [AsyncTask #52]:HttpRequest:
04-10 01:28:18.903 3040 4648 W hpplay-java: [AsyncTask #52]:HttpRequest:
04-10 01:28:18.903 3040 4618 W hpplay-java: [AsyncTask #41]:HttpRequest:
04-10 01:28:18.903 3040 4618 I hpplay-java: [AsyncTask #41]:HttpRequest:https://vipauth.hpplay.cn/VipAuth path post
04-10 01:28:18.904 3040 4618 W hpplay-java: [AsyncTask #41]:HttpRequest:
04-10 01:28:18.904 3040 4618 I hpplay-java: [AsyncTask #41]:HttpRequest:https://vipauth.hpplay.cn/VipAuth path post
04-10 01:28:18.905 3040 4648 W hpplay-java: [AsyncTask #52]:HttpRequest:
04-10 01:28:18.906 3040 4618 W hpplay-java: [AsyncTask #41]:HttpRequest:
04-10 01:28:18.906 3040 4678 W hpplay-java: [AsyncTask #64]:HttpRequest:
04-10 01:28:18.906 3040 4678 I hpplay-java: [AsyncTask #64]:HttpRequest:http://gslb.hpplay.cn/lebo-flux-sdk/sdk/info/upload path post
04-10 01:28:18.908 3040 4678 W hpplay-java: [AsyncTask #64]:HttpRequest:
04-10 01:28:18.908 3040 4678 I hpplay-java: [AsyncTask #64]:HttpRequest:http://gslb.hpplay.cn/lebo-flux-sdk/sdk/info/upload path post
04-10 01:28:18.919 3040 4678 W hpplay-java: [AsyncTask #64]:HttpRequest:
01-06 09:03:32.920 0 0 D cnss : Runtime suspend start
