04-10 01:28:48.402 1002 1211 D DisplayPowerController[0]: requestPowerState: policy=OFF, useProximitySensor=false, screenBrightnessOverride=NaN, useAutoBrightness=true, screenAutoBrightnessAdjustmentOverride=NaN, screenLowPowerBrightnessFactor=1.0, blockScreenOn=false, lowPowerMode=false, boostScreenBrightness=false, dozeScreenBrightness=NaN, dozeScreenState=UNKNOWN, waitForNegativeProximity=false
04-10 01:28:48.402 1002 1211 D PowerManagerNotifier: onScreenPolicyUpdate: newPolicy=0
04-10 01:28:48.403 1002 1211 D PowerManagerNotifier: onWakeLockAcquired: flags=1, tag="ActivityManager-Sleep", packageName=android, ownerUid=1000, ownerPid=1002, workSource=null
04-10 01:28:48.403 1002 1211 D ActivityTrigger: ActivityTrigger activityPauseTrigger
04-10 01:28:48.403 1002 1181 I am_wtf : [0,1002,system_server,-1,DisplayDeviceConfig,requesting nits when no mapping exists.]
04-10 01:28:48.405 1002 1211 I wm_pause_activity: [0,247139416,com.android.launcher3/.uioverrides.QuickstepLauncher,userLeaving=false,sleep]
04-10 01:28:48.406 1002 1951 D LocalDisplayAdapter: setDisplayBrightness(id=4630946816427681409, brightnessState=-1.0, sdrBrightnessState=-1.0) ---end
04-10 01:28:48.408 2707 2707 I wm_on_top_resumed_lost_called: [247139416,com.android.launcher3.uioverrides.QuickstepLauncher,topStateChangedWhenResumed]
04-10 01:28:48.409 1002 1211 D DisplayPowerController[0]: Animating brightness: target=0.0, sdrTarget=0.0, rate=0.0
04-10 01:28:48.409 1002 1211 D DisplayPowerState: setScreenBrightness: brightness=0.0
04-10 01:28:48.409 1002 1211 D DisplayPowerState: setSdrScreenBrightness: brightness=0.0
04-10 01:28:48.411 2707 2707 I wm_on_paused_called: [247139416,com.android.launcher3.uioverrides.QuickstepLauncher,performPause]
04-10 01:28:48.411 1002 1211 V DisplayPowerController[0]: Brightness [0.0] reason changing to: 'screen_off', previous reason: 'manual'.
04-10 01:28:48.411 1002 1211 D DisplayPowerState: Requesting new screen state: state=OFF, backlight=-1.0
04-10 01:28:48.412 1002 1211 D DisplayPowerState: Screen not ready
04-10 01:28:48.412 1002 1070 I wm_add_to_stopping: [0,247139416,com.android.launcher3/.uioverrides.QuickstepLauncher,completePauseLocked]
04-10 01:28:48.412 1002 1951 D DisplayPowerState: Updating screen state: id=0, state=OFF, backlight=-1.0, sdrBacklight=-1.0
04-10 01:28:48.413 1002 1951 D LocalDisplayAdapter: setDisplayState(id=4630946816427681409, state=OFF) ---start
04-10 01:28:48.414 1995 4634 D KeyguardViewMediator: notifyScreenTurnedOff
04-10 01:28:48.415 1002 1070 D PowerManagerNotifier: onWakeLockReleased: flags=1, tag="ActivityManager-Sleep", packageName=android, ownerUid=1000, ownerPid=1002, workSource=null
04-10 01:28:48.416 1002 1070 D DisplayPowerController[0]: requestPowerState: policy=OFF, useProximitySensor=false, screenBrightnessOverride=NaN, useAutoBrightness=true, screenAutoBrightnessAdjustmentOverride=NaN, screenLowPowerBrightnessFactor=1.0, blockScreenOn=false, lowPowerMode=false, boostScreenBrightness=false, dozeScreenBrightness=NaN, dozeScreenState=UNKNOWN, waitForNegativeProximity=false
04-10 01:28:48.416 1002 1070 D PowerManagerNotifier: onScreenPolicyUpdate: newPolicy=0
04-10 01:28:48.420 1041 1041 D SurfaceFlinger: Setting power mode 0 on display 4630946816427681409
04-10 01:28:48.424 1002 1193 E KernelCpuSpeedReader: Failed to read cpu-freq: /sys/devices/system/cpu/cpu4/cpufreq/stats/time_in_state: open failed: ENOENT (No such file or directory)
04-10 01:28:48.425 1002 1161 I wm_stop_activity: [0,247139416,com.android.launcher3/.uioverrides.QuickstepLauncher]
04-10 01:28:48.425 1995 1995 D KeyguardViewMediator: handleNotifyScreenTurnedOff
04-10 01:28:48.426 1002 1161 I DisplayDeviceRepository: Display device changed state: "内置屏幕", OFF
04-10 01:28:48.426 961 961 I SDM : DisplayBase::SetDisplayState: Set state = 0, display 29-0, teardown = 0
04-10 01:28:48.426 1002 1193 E KernelCpuSpeedReader: Failed to read cpu-freq: /sys/devices/system/cpu/cpu0/cpufreq/stats/time_in_state: open failed: ENOENT (No such file or directory)
04-10 01:28:48.426 1002 1193 E system_server: Cannot read thread CPU times for PID 1002
04-10 01:28:48.428 2707 2707 D StateManager: goToState: Normal
04-10 01:28:48.429 2707 2707 I wm_on_stop_called: [247139416,com.android.launcher3.uioverrides.QuickstepLauncher,STOP_ACTIVITY_ITEM]
04-10 01:28:48.429 1002 1161 I sysui_multi_action: [757,803,799,window_time_0,802,3]
04-10 01:28:48.430 1002 1161 I InputManager-JNI: Viewport [0] to add: local:4630946816427681409, isActive: false
04-10 01:28:48.431 1002 1665 I InputReader: Reconfiguring input devices, changes=DISPLAY_INFO |
04-10 01:28:48.431 1002 1665 I InputReader: Disabling qbt_key_input (device 4) because the associated viewport is not active
04-10 01:28:48.432 1002 1665 I InputReader: Disabling qbt_key_input (device 4) because the associated viewport is not active
04-10 01:28:48.432 1002 1665 I InputReader: Disabling Atmel maXTouch Touchscreen (device 3) because the associated viewport is not active
04-10 01:28:48.433 1995 1995 I sysui_multi_action: [757,111,758,2]
04-10 01:28:48.433 1995 1995 I sysui_multi_action: [757,111,758,2]
04-10 01:28:48.436 1993 2639 I BtGatt.ScanManager: msg.what = 8
01-06 09:04:02.385 0 0 I : [MAX975X:max96755x_drm_notifier_callback] *INFO* receives EARLY_BLANK:POWERDOWN
04-10 01:28:48.436 1993 2639 I BtGatt.ScanManager: msg.what = 4
04-10 01:28:48.436 2311 2512 E QmiAgentHwInterface: Failed to sendRequest: android.os.RemoteException: sendRequest failed with status: 2
01-06 09:04:02.386 0 0 I atmel_mxt_ts 0-004a: FB event:2,blank:1
01-06 09:04:02.386 0 0 I atmel_mxt_ts 0-004a: drm_notifier_callback: POWERDOWN! Suspend by drm notifier.
04-10 01:28:48.438 1995 1995 D StatusBar: updateQsExpansionEnabled - QS Expand enabled: true
01-06 09:04:02.403 0 0 I : [MAX975X:max96755x_drm_notifier_callback] *INFO* receives BLANK:POWERDOWN
01-06 09:04:02.403 0 0 I atmel_mxt_ts 0-004a: FB event:1,blank:1
01-06 09:04:02.403 0 0 I atmel_mxt_ts 0-004a: resume: event = 1 blank = 1, not care
04-10 01:28:48.461 1041 1041 D SurfaceFlinger: Finished setting power mode 0 on display 4630946816427681409
04-10 01:28:48.462 1002 1951 D LocalDisplayAdapter: setDisplayState(id=4630946816427681409, state=OFF) ---end
04-10 01:28:48.463 943 943 I QTI PowerHAL: Power setMode: 7 to: 0
04-10 01:28:48.463 1002 1211 D DisplayPowerState: Screen ready
04-10 01:28:48.463 1002 1211 D DisplayPowerController[0]: Display ready!
04-10 01:28:48.463 1002 1211 D DisplayPowerController[0]: Finished business...
04-10 01:28:48.464 1002 1211 D DisplayPowerController[0]: requestPowerState: policy=OFF, useProximitySensor=false, screenBrightnessOverride=NaN, useAutoBrightness=true, screenAutoBrightnessAdjustmentOverride=NaN, screenLowPowerBrightnessFactor=1.0, blockScreenOn=false, lowPowerMode=false, boostScreenBrightness=false, dozeScreenBrightness=NaN, dozeScreenState=UNKNOWN, waitForNegativeProximity=false
04-10 01:28:48.464 1002 1211 D PowerManagerNotifier: onScreenPolicyUpdate: newPolicy=0
04-10 01:28:48.464 1002 1211 D PowerManagerNotifier: onWakefulnessChangeFinished
04-10 01:28:48.464 943 943 I QTI PowerHAL: Got set_interactive hint
04-10 01:28:48.464 972 4860 E ANDR-PERF-LM: Core: detectAndRunIdle() 174: Not able to open /sys/class/power_supply/battery/status, Error: No such file or directory
04-10 01:28:48.465 1002 1002 I sysui_multi_action: [757,198,758,2,759,2,1359,228,1695,4]
04-10 01:28:48.465 1002 1002 I power_screen_state: [0,2,0,0,228]
04-10 01:28:48.465 1002 1002 I screen_toggled: 0
04-10 01:28:48.465 1002 1002 I sysui_multi_action: [757,804,799,screen_timeout,801,60,802,1]
04-10 01:28:48.466 1002 1002 I sysui_multi_action: [757,1594,758,4,759,-2147483648,1359,2008]
04-10 01:28:48.466 1995 4419 D KeyguardViewMediator: onFinishedGoingToSleep(2)
04-10 01:28:48.467 1995 4419 D KeyguardViewMediator: notifyFinishedGoingToSleep
04-10 01:28:48.467 1002 1002 I power_screen_broadcast_send: 1
04-10 01:28:48.467 1002 1002 D PowerManagerNotifier: Sending go to sleep broadcast.
01-06 09:04:02.419 0 0 I ALERT : changing window size from 16000000 to 20000000 at 323356048833
04-10 01:28:48.486 816 1839 D audio_hw_primary: adev_set_parameters: enter: screen_state=off
04-10 01:28:48.486 816 1839 D audio_hw_hfp: hfp_set_parameters: enter
04-10 01:28:48.487 816 1839 D sound_trigger_hw: handle_screen_status_change: screen off
04-10 01:28:48.487 816 1839 D audio_hw_extn: audio_extn_fm_set_parameters: Enter
04-10 01:28:48.493 1002 1002 I battery_saving_stats: [0,1,0,2124,0,0,253515,0,0]
04-10 01:28:48.498 1002 1070 I sysui_multi_action: [757,128,758,2,793,54835,794,1274,795,54489,796,1,798,2,806,com.android.traceur,857,trace-is-being-recorded,858,4,947,0,1395,6,1500,54489,1688,1]
04-10 01:28:48.498 1002 1070 I notification_visibility: [0|com.android.traceur|1|null|10035,0,54835,54489,0,2]
04-10 01:28:48.500 2707 2707 D StateManager: goToState: Normal
04-10 01:28:48.501 1002 1070 I sysui_multi_action: [757,128,758,2,793,274030,794,1277,795,274030,796,26,798,0,806,android,857,DEVELOPER_IMPORTANT,858,4,947,0,1395,6,1500,273438,1688,1]
04-10 01:28:48.501 1995 1995 D StatusBar: disable disable2
04-10 01:28:48.501 1002 1070 I notification_visibility: [-1|android|26|null|1000,0,274030,274030,0,0]
04-10 01:28:48.503 1002 1070 I sysui_multi_action: [757,128,758,2,793,272945,794,1278,795,272945,796,17303299,797,com.android.wifi,798,3,806,android,857,NETWORK_AVAILABLE,858,2,947,0,1395,6,1500,272728,1688,1]
04-10 01:28:48.503 1002 1070 I notification_visibility: [0|android|17303299|com.android.wifi|1000,0,272945,272945,0,3]
04-10 01:28:48.504 1002 1070 I sysui_multi_action: [757,128,758,2,793,148183,794,1278,795,148183,796,0,797,trace-kona-SKQ1.220201.001-2023-04-10-01-26-18.perfetto-trace,798,1,806,com.android.traceur,857,system-tracing,858,4,947,0,1395,6,1500,147976,1688,1]
04-10 01:28:48.504 1002 1070 I notification_visibility: [0|com.android.traceur|0|trace-kona-SKQ1.220201.001-2023-04-10-01-26-18.perfetto-trace|10035,0,148183,148183,0,1]
04-10 01:28:48.504 1002 1070 I sysui_multi_action: [757,128,758,2,793,273869,794,1278,795,273869,796,55,798,4,806,android,857,DEVELOPER,858,2,947,0,1395,6,1500,272932,1688,1]
04-10 01:28:48.504 1002 1070 I notification_visibility: [-1|android|55|null|1000,0,273869,273869,0,4]
04-10 01:28:48.506 1002 3323 I sysui_multi_action: [757,127,758,2]
04-10 01:28:48.506 1002 3323 I notification_panel_hidden:
04-10 01:28:48.508 1002 1664 I input_focus: [Focus leaving 10ef944 NotificationShade (server),reason=NOT_FOCUSABLE]
04-10 01:28:48.518 1002 1070 W FreeFormWindowHelper: Current Display FreeFormTask is null
04-10 01:28:48.520 3068 3068 D SYS_EVENT: send event 8 notification to client
04-10 01:28:48.524 1995 1995 D KeyguardViewMediator: handleNotifyFinishedGoingToSleep
04-10 01:28:48.525 3040 3040 I hpplay-java: [main]:IPManager:updateAPState time : 0 isAPOpen :false
04-10 01:28:48.525 3040 3040 I hpplay-java: [main]:NetworkReceiver:onReceive action: android.intent.action.SCREEN_OFF
04-10 01:28:48.525 3040 3040 I hpplay-java: [main]:NetworkReceiver:processReceive time : 1
04-10 01:28:48.526 1995 1995 V KeyguardUpdateMonitor: startListeningForFingerprint()
04-10 01:28:48.527 3066 3066 D PASRDozeReceiver: Received Intent Intent { act=android.intent.action.SCREEN_OFF flg=0x50200010 }
04-10 01:28:48.528 3066 3066 D PASRDozeReceiver: Sent intent Successfully
04-10 01:28:48.528 3066 3066 D PASRService: PASRService started
04-10 01:28:48.528 3066 3066 D PASRService: OnStart, Intent: android.intent.action.SCREEN_OFF
04-10 01:28:48.528 3066 3066 D PASRService: Screen Off
04-10 01:28:48.529 1002 1002 I power_screen_broadcast_done: [0,62,1]
04-10 01:28:48.531 1995 1995 D StatusBar: updateQsExpansionEnabled - QS Expand enabled: true
04-10 01:28:48.534 1041 1684 I BpBinder: onLastStrongRef automatically unlinking death recipients:
01-06 09:04:03.064 0 0 D cnss : Runtime suspend start
01-06 09:04:03.069 0 0 I [kworke][0x179dd07f0][01:28:49.119814] wlan: [751:I:PMO] pmo_core_is_wow_applicable: 319: lpass enabled, enabling wow
01-06 09:04:03.069 0 0 I [kworke][0x179dd16d9][01:28:49.120013] wlan: [751:I:PMO] pmo_core_enable_wow_in_fw: 807: drv wow is enabled
01-06 09:04:03.069 0 0 I [kworke][0x179dd1943][01:28:49.120045] wlan: [751:I:PMO] pmo_core_enable_wow_in_fw: 820: RTPM wow
01-06 09:04:03.069 0 0 I [kworke][0x179dd1f1a][01:28:49.120123] wlan: [751:I:WMI] send_wow_enable_cmd_tlv: 1831: suspend type: WOW_IFACE_PAUSE_ENABLED flag is 0x10
01-06 09:04:03.108 0 0 D cnss : Setting MHI state: SUSPEND(6)
01-06 09:04:03.108 0 0 D cnss : Suspending PCI link
01-06 09:04:03.108 0 0 D cnss : Use PCIe DRV suspend
01-06 09:04:03.110 0 0 D cnss : Runtime suspend status: 0
04-10 01:28:49.183 3040 3973 W hpplay-java: [ServerTaskManager]:IPManager:getActiveNets invalid networkInfo:null
04-10 01:28:49.184 3040 3973 I hpplay-java: [ServerTaskManager]:IPManager:getActiveNets eth0:false wifi:false mobile:false ap:false
04-10 01:28:49.184 3040 3973 I hpplay-java: [ServerTaskManager]:ServerTaskManager:get local ip:null
04-10 01:28:49.285 649 662 I mpu_uart: [MSG-P:RECV]:No message received in 1000 ms
04-10 01:28:49.339 649 661 I mpu_uart: [MSG-P:R]:recv sync frame timeout
04-10 01:28:49.407 3040 3998 I hpplay-java: [NetworkReceiver]:IM_PublicCastClient:disconnect
04-10 01:28:49.408 3040 3998 I hpplay-java: [NetworkReceiver]:IM_IMEntrance:disconnect
04-10 01:28:49.408 3040 3998 W hpplay-java: [NetworkReceiver]:IM_PublicCastClient:reconnect ignore com.hpplay.sdk.sink.cloud.PublicCastClient@5543886
04-10 01:28:49.413 3040 4678 W hpplay-java: [AsyncTask #64]:MagicalCacheFile:serverDir is not exits
04-10 01:28:49.413 3040 4678 I hpplay-java: [AsyncTask #64]:Session:no cached regTime
04-10 01:28:49.413 3040 4678 I hpplay-java: [AsyncTask #64]:AuthSDK:authSDK connectTimeout = 6000
04-10 01:28:49.414 3040 4678 I hpplay-java: [AsyncTask #64]:HttpRequest:http://sdkauth.hpplay.cn/Author/TVAuthor/?uid=-6190987048206693284&appid=21409&prot_ver=4.1&version=60055-27705 path post
04-10 01:28:49.417 673 4861 D resolv : GetAddrInfoHandler::run: {0 262144 0 983040 10091 0}
04-10 01:28:49.417 673 4861 D resolv : resolv_getaddrinfo: explore_fqdn(): ai_family=0 ai_socktype=1 ai_protocol=6
04-10 01:28:49.420 3040 4678 I hpplay-java: [AsyncTask #64]:AsyncManager:nextDomain next2: https://sdkauth.lebo.com.cn:82/Author/TVAuthor/?uid=-6190987048206693284&appid=21409&prot_ver=4.1&version=60055-27705
04-10 01:28:49.420 3040 4678 W hpplay-java: [AsyncTask #64]:HttpRequest:
04-10 01:28:49.420 3040 4678 I hpplay-java: [AsyncTask #64]:HttpRequest:https://sdkauth.lebo.com.cn:82/Author/TVAuthor/?uid=-6190987048206693284&appid=21409&prot_ver=4.1&version=60055-27705 path post
04-10 01:28:49.422 673 4863 D resolv : GetAddrInfoHandler::run: {0 262144 0 983040 10091 0}
04-10 01:28:49.422 673 4863 D resolv : resolv_getaddrinfo: explore_fqdn(): ai_family=0 ai_socktype=1 ai_protocol=6
04-10 01:28:49.424 3040 4678 I hpplay-java: [AsyncTask #64]:AsyncManager:nextDomain next3: http://120.25.130.190:80/Author/TVAuthor/?uid=-6190987048206693284&appid=21409&prot_ver=4.1&version=60055-27705
04-10 01:28:49.424 3040 4678 W hpplay-java: [AsyncTask #64]:HttpRequest:
04-10 01:28:49.424 3040 4678 I hpplay-java: [AsyncTask #64]:HttpRequest:http://120.25.130.190:80/Author/TVAuthor/?uid=-6190987048206693284&appid=21409&prot_ver=4.1&version=60055-27705 path post
04-10 01:28:49.429 3040 4678 W hpplay-java: [AsyncTask #64]:HttpRequest:java.net.ConnectException: Failed to connect to /120.25.130.190:80
04-10 01:28:49.429 3040 4678 W hpplay-java: at com.android.okhttp.internal.io.RealConnection.connectSocket(RealConnection.java:147)
04-10 01:28:49.429 3040 4678 W hpplay-java: at com.android.okhttp.internal.io.RealConnection.connect(RealConnection.java:116)
04-10 01:28:49.429 3040 4678 W hpplay-java: at com.android.okhttp.internal.http.StreamAllocation.findConnection(StreamAllocation.java:186)
04-10 01:28:49.429 3040 4678 W hpplay-java: at com.android.okhttp.internal.http.StreamAllocation.findHealthyConnection(StreamAllocation.java:128)
04-10 01:28:49.429 3040 4678 W hpplay-java: at com.android.okhttp.internal.http.StreamAllocation.newStream(StreamAllocation.java:97)
04-10 01:28:49.429 3040 4678 W hpplay-java: at com.android.okhttp.internal.http.HttpEngine.connect(HttpEngine.java:289)
04-10 01:28:49.429 3040 4678 W hpplay-java: at com.android.okhttp.internal.http.HttpEngine.sendRequest(HttpEngine.java:232)
04-10 01:28:49.429 3040 4678 W hpplay-java: at com.android.okhttp.internal.huc.HttpURLConnectionImpl.execute(HttpURLConnectionImpl.java:465)
04-10 01:28:49.429 3040 4678 W hpplay-java: at com.android.okhttp.internal.huc.HttpURLConnectionImpl.connect(HttpURLConnectionImpl.java:131)
04-10 01:28:49.429 3040 4678 W hpplay-java: at com.hpplay.common.asyncmanager.HttpRequest.doPost(SourceFile:17)
04-10 01:28:49.429 3040 4678 W hpplay-java: at com.hpplay.common.asyncmanager.AsyncHttpJob.doInBackground(SourceFile:4)
04-10 01:28:49.429 3040 4678 W hpplay-java: at android.os.AsyncTask$3.call(AsyncTask.java:394)
04-10 01:28:49.429 3040 4678 W hpplay-java: at java.util.concurrent.FutureTask.run(FutureTask.java:266)
04-10 01:28:49.429 3040 4678 W hpplay-java: at java.util.concurrent.ThreadPoolExecutor.runWorker(ThreadPoolExecutor.java:1167)
04-10 01:28:49.429 3040 4678 W hpplay-java: at java.util.concurrent.ThreadPoolExecutor$Worker.run(ThreadPoolExecutor.java:641)
04-10 01:28:49.429 3040 4678 W hpplay-java: at java.lang.Thread.run(Thread.java:920)
04-10 01:28:49.432 3040 4643 I hpplay-java: [AsyncTask #50]:AuthSDK:authSDK auth failed
04-10 01:28:49.432 3040 4643 I hpplay : [AsyncTask #50]:LelinkHelper:onAuthSDK status: 3
04-10 01:28:49.432 3040 4643 I hpplay-java: [AsyncTask #50]:VipAuthSDK:vipAuth
04-10 01:28:49.433 3040 3040 D hpplay : [main]:LelinkHelper:认证成功
04-10 01:28:49.433 3040 4643 I hpplay-java: [AsyncTask #50]:EnterpriseAuthManager:getNewCompanyAuthSavePath
04-10 01:28:49.434 3040 4643 I hpplay-java: [AsyncTask #50]:EnterpriseAuthManager:getNewCompanyAuthSavePath,get app cache path
04-10 01:28:49.435 3040 4631 I hpplay-java: [AsyncTask #48]:HttpRequest:https://vipauth.hpplay.cn/VipAuth path post
04-10 01:28:49.435 3040 4643 I hpplay-java: [AsyncTask #50]:AuthSDK:checkHandler
04-10 01:28:49.436 3040 4643 I hpplay-java: [AsyncTask #50]:IMTask:getIMRoot
04-10 01:28:49.436 3040 4643 I hpplay-java: [AsyncTask #50]:AuthTask:release
04-10 01:28:49.437 3040 4648 W hpplay-java: [AsyncTask #52]:CreateUtils:notifyQRReady server not start,ignore
04-10 01:28:49.437 3040 4648 W hpplay-java: [AsyncTask #52]:CreateUtils:isServerStartAndAuth token is null
04-10 01:28:49.437 3040 4648 W hpplay-java: [AsyncTask #52]:CreateUtils:isServerStartAndAuth token is null
04-10 01:28:49.437 3040 4648 I hpplay-java: [AsyncTask #52]:ServerBusiness:createPinCode ignore
04-10 01:28:49.438 673 4865 D resolv : GetAddrInfoHandler::run: {0 262144 0 983040 10091 0}
04-10 01:28:49.438 673 4865 D resolv : resolv_getaddrinfo: explore_fqdn(): ai_family=0 ai_socktype=1 ai_protocol=6
04-10 01:28:49.439 3040 4643 I hpplay-java: [AsyncTask #50]:LBHandler:create name: AuthTask looper:Looper (AuthTask, tid 135) {c46f981}
04-10 01:28:49.439 3040 4643 I hpplay-java: [AsyncTask #50]:AuthTask:reAuth 600000
04-10 01:28:49.440 673 4866 D resolv : GetAddrInfoHandler::run: {0 262144 0 983040 10091 0}
04-10 01:28:49.440 673 4866 D resolv : resolv_getaddrinfo: explore_fqdn(): ai_family=0 ai_socktype=1 ai_protocol=6
04-10 01:28:49.441 3040 4631 W hpplay-java: [AsyncTask #48]:HttpRequest:
04-10 01:28:49.441 3040 4631 I hpplay-java: [AsyncTask #48]:HttpRequest:https://vipauth.hpplay.cn/VipAuth path post
04-10 01:28:49.442 3040 4631 W hpplay-java: [AsyncTask #48]:HttpRequest:
04-10 01:28:49.442 3040 4631 I hpplay-java: [AsyncTask #48]:HttpRequest:https://vipauth.hpplay.cn/VipAuth path post
04-10 01:28:49.443 3040 4631 W hpplay-java: [AsyncTask #48]:HttpRequest:
04-10 01:28:49.443 3040 4659 W hpplay-java: [AsyncTask #59]:HttpRequest:
04-10 01:28:49.443 3040 4643 I hpplay-java: [AsyncTask #50]:AuthSDK:controlStartServer
04-10 01:28:49.444 3040 4643 I hpplay-java: [AsyncTask #50]:ServiceUpdater:upLoadDeviceInfo url = http://gslb.hpplay.cn/lebo-flux-sdk/sdk/info/upload
04-10 01:28:49.445 3040 4659 W hpplay-java: [AsyncTask #59]:HttpRequest:
04-10 01:28:49.446 3040 4659 W hpplay-java: [AsyncTask #59]:HttpRequest:
04-10 01:28:49.446 3040 3040 E hpplay-java: [main]:IMTask:getIMRoot failed
04-10 01:28:49.449 673 4867 D resolv : GetAddrInfoHandler::run: {0 262144 0 983040 10091 0}
04-10 01:28:49.449 673 4868 D resolv : GetAddrInfoHandler::run: {0 262144 0 983040 10091 0}
04-10 01:28:49.450 673 4867 D resolv : resolv_getaddrinfo: explore_fqdn(): ai_family=0 ai_socktype=1 ai_protocol=6
04-10 01:28:49.450 673 4868 D resolv : resolv_getaddrinfo: explore_fqdn(): ai_family=0 ai_socktype=1 ai_protocol=6
04-10 01:28:49.451 3040 4643 I hpplay-java: [AsyncTask #50]:BusinessConfig:requestConfig
04-10 01:28:49.451 3040 4672 I hpplay-java: [AsyncTask #61]:HttpRequest:http://gslb.hpplay.cn/lebo-flux-sdk/sdk/info/upload path post
04-10 01:28:49.453 1002 1070 W ActivityManager: Unable to start service Intent { act=android.intent.action.START_LEBO_SERVICE pkg=com.hpplay.happyplay.aw } U=0: not found
04-10 01:28:49.453 673 4870 D resolv : GetAddrInfoHandler::run: {0 262144 0 983040 10091 0}
04-10 01:28:49.453 673 4870 D resolv : resolv_getaddrinfo: explore_fqdn(): ai_family=0 ai_socktype=1 ai_protocol=6
04-10 01:28:49.453 3040 4659 W hpplay-java: [AsyncTask #59]:HttpRequest:
04-10 01:28:49.453 3040 4643 I hpplay-java: [AsyncTask #50]:LeboUtil:wu r:false
04-10 01:28:49.454 3040 4659 W hpplay-java: [AsyncTask #59]:HttpRequest:
04-10 01:28:49.455 3040 4659 W hpplay-java: [AsyncTask #59]:HttpRequest:
04-10 01:28:49.455 3040 4651 W hpplay-java: [AsyncTask #55]:HttpRequest:
04-10 01:28:49.455 3040 4612 W hpplay-java: [AsyncTask #39]:HttpRequest:
04-10 01:28:49.457 3040 4612 W hpplay-java: [AsyncTask #39]:HttpRequest:
04-10 01:28:49.457 673 4871 D resolv : GetAddrInfoHandler::run: {0 262144 0 983040 10091 0}
04-10 01:28:49.457 673 4871 D resolv : resolv_getaddrinfo: explore_fqdn(): ai_family=0 ai_socktype=1 ai_protocol=6
04-10 01:28:49.458 3040 4612 W hpplay-java: [AsyncTask #39]:HttpRequest:
04-10 01:28:49.460 3040 4651 W hpplay-java: [AsyncTask #55]:HttpRequest:
04-10 01:28:49.464 3040 4651 W hpplay-java: [AsyncTask #55]:HttpRequest:
04-10 01:28:49.467 3040 4672 W hpplay-java: [AsyncTask #61]:HttpRequest:
04-10 01:28:49.467 3040 4672 I hpplay-java: [AsyncTask #61]:HttpRequest:http://gslb.hpplay.cn/lebo-flux-sdk/sdk/info/upload path post
04-10 01:28:49.470 3040 4672 W hpplay-java: [AsyncTask #61]:HttpRequest:
04-10 01:28:49.470 3040 4672 I hpplay-java: [AsyncTask #61]:HttpRequest:http://gslb.hpplay.cn/lebo-flux-sdk/sdk/info/upload path post
04-10 01:28:49.474 3040 4672 W hpplay-java: [AsyncTask #61]:HttpRequest:
04-10 01:28:49.483 1002 1665 D WindowManager: interceptKeyBeforeQueueing: ---> event=KeyEvent { action=ACTION_DOWN, keyCode=KEYCODE_POWER, scanCode=116, metaState=0, flags=0x8, repeatCount=0, eventTime=324368, downTime=324368, deviceId=3, source=0x101, displayId=-1 } ---stack--- java.lang.Throwable
04-10 01:28:49.483 1002 1665 D WindowManager: at com.android.server.policy.PhoneWindowManager.interceptKeyBeforeQueueing(PhoneWindowManager.java:3422)
04-10 01:28:49.483 1002 1665 D WindowManager: at com.android.server.wm.InputManagerCallback.interceptKeyBeforeQueueing(InputManagerCallback.java:149)
04-10 01:28:49.483 1002 1665 D WindowManager: at com.android.server.input.InputManagerService.interceptKeyBeforeQueueing(InputManagerService.java:2827)
04-10 01:28:49.483 1002 1665 I intercept_power: [ACTION_DOWN,0,0]
04-10 01:28:49.483 1002 1665 D DisplayPowerController[0]: requestPowerState: policy=OFF, useProximitySensor=false, screenBrightnessOverride=NaN, useAutoBrightness=true, screenAutoBrightnessAdjustmentOverride=NaN, screenLowPowerBrightnessFactor=1.0, blockScreenOn=false, lowPowerMode=false, boostScreenBrightness=false, dozeScreenBrightness=NaN, dozeScreenState=UNKNOWN, waitForNegativeProximity=false
04-10 01:28:49.483 1002 1665 D PowerManagerNotifier: onScreenPolicyUpdate: newPolicy=0
04-10 01:28:49.484 1002 1665 D PowerManagerNotifier: onWakeLockAcquired: flags=1, tag="PhoneWindowManager.mPowerKeyWakeLock", packageName=android, ownerUid=1000, ownerPid=1002, workSource=null
04-10 01:28:49.486 1002 1665 I PowerManagerService: Powering on display group fromAsleep (groupId=0, uid=1000, reason=WAKE_REASON_POWER_BUTTON, details=android.policy:POWER)...
04-10 01:28:49.486 1002 1665 I PowerManagerService: Waking up from Asleep (uid=1000, reason=WAKE_REASON_POWER_BUTTON, details=android.policy:POWER)...
04-10 01:28:49.488 1002 1665 D PowerManagerNotifier: onWakefulnessChangeStarted: wakefulness=1, reason=1, interactive=true
04-10 01:28:49.488 1002 1665 D PowerManagerNotifier: onWakeUp: reason=WAKE_REASON_POWER_BUTTON, details=android.policy:POWER, reasonUid=1000 opPackageName=android opUid=1000
04-10 01:28:49.489 1002 1665 D PowerManagerNotifier: onUserActivity: event=0, uid=1000
04-10 01:28:49.489 1002 1665 D DisplayPowerController[0]: requestPowerState: policy=BRIGHT, useProximitySensor=false, screenBrightnessOverride=NaN, useAutoBrightness=true, screenAutoBrightnessAdjustmentOverride=NaN, screenLowPowerBrightnessFactor=1.0, blockScreenOn=false, lowPowerMode=false, boostScreenBrightness=false, dozeScreenBrightness=NaN, dozeScreenState=UNKNOWN, waitForNegativeProximity=false
04-10 01:28:49.490 1002 1665 D PowerManagerNotifier: onScreenPolicyUpdate: newPolicy=3
04-10 01:28:49.492 1002 1002 I screen_toggled: 1
04-10 01:28:49.493 1002 1002 I power_screen_broadcast_send: 1
04-10 01:28:49.493 1002 1002 D PowerManagerNotifier: Sending wake up broadcast.
04-10 01:28:49.493 1995 4634 D KeyguardViewMediator: onStartedWakingUp, seq = 27
04-10 01:28:49.493 1995 4634 D KeyguardViewMediator: notifyStartedWakingUp
04-10 01:28:49.494 1002 1211 D DisplayPowerState: setScreenState: state=2
04-10 01:28:49.494 1002 1211 I DisplayPowerController[0]: Blocking screen on until initial contents have been drawn.
04-10 01:28:49.494 1002 1211 D ActivityTaskManager: Top Process State changed to PROCESS_STATE_TOP
04-10 01:28:49.498 1995 1995 D KeyguardViewMediator: handleNotifyWakingUp
04-10 01:28:49.499 1002 1181 W BroadcastQueue: Background execution not allowed: receiving Intent { act=android.intent.action.USER_PRESENT flg=0x24200010 } to com.microsoft.emmx/org.chromium.chrome.browser.sharing.click_to_call.ClickToCallMessageHandler$PhoneUnlockedReceiver
04-10 01:28:49.500 1002 1665 D WindowManager: interceptKeyBeforeQueueing: ---> event=KeyEvent { action=ACTION_UP, keyCode=KEYCODE_POWER, scanCode=116, metaState=0, flags=0x8, repeatCount=0, eventTime=324368, downTime=324368, deviceId=3, source=0x101, displayId=-1 } ---stack--- java.lang.Throwable
04-10 01:28:49.500 1002 1665 D WindowManager: at com.android.server.policy.PhoneWindowManager.interceptKeyBeforeQueueing(PhoneWindowManager.java:3422)
04-10 01:28:49.500 1002 1665 D WindowManager: at com.android.server.wm.InputManagerCallback.interceptKeyBeforeQueueing(InputManagerCallback.java:149)
04-10 01:28:49.500 1002 1665 D WindowManager: at com.android.server.input.InputManagerService.interceptKeyBeforeQueueing(InputManagerService.java:2827)
04-10 01:28:49.500 1002 1665 I intercept_power: [ACTION_UP,0,0]
04-10 01:28:49.500 1002 1665 D PowerManagerNotifier: onWakeLockReleased: flags=1, tag="PhoneWindowManager.mPowerKeyWakeLock", packageName=android, ownerUid=1000, ownerPid=1002, workSource=null
04-10 01:28:49.500 1002 1665 D DisplayPowerController[0]: requestPowerState: policy=BRIGHT, useProximitySensor=false, screenBrightnessOverride=NaN, useAutoBrightness=true, screenAutoBrightnessAdjustmentOverride=NaN, screenLowPowerBrightnessFactor=1.0, blockScreenOn=false, lowPowerMode=false, boostScreenBrightness=false, dozeScreenBrightness=NaN, dozeScreenState=UNKNOWN, waitForNegativeProximity=false
04-10 01:28:49.500 1002 1665 D PowerManagerNotifier: onScreenPolicyUpdate: newPolicy=3
04-10 01:28:49.505 1002 1002 D WindowManager: powerPress: eventTime=324368 interactive=false count=0 beganFromNonInteractive=true mShortPressOnPowerBehavior=1
04-10 01:28:49.510 1995 1995 D StatusBar: updateQsExpansionEnabled - QS Expand enabled: true
04-10 01:28:49.510 1002 1211 I wm_set_resumed_activity: [0,com.android.launcher3/.uioverrides.QuickstepLauncher,resumeTopActivityInnerLocked]
04-10 01:28:49.510 1002 1002 E SensorManager: sensor or listener is null
04-10 01:28:49.512 3068 3068 D SYS_EVENT: send event 64 notification to client
04-10 01:28:49.512 1002 1211 I wm_resume_activity: [0,247139416,12,com.android.launcher3/.uioverrides.QuickstepLauncher]
04-10 01:28:49.514 1995 4457 D KeyguardViewMediator: notifyScreenOn
04-10 01:28:49.514 1995 1995 D KeyguardViewMediator: handleNotifyScreenTurningOn
04-10 01:28:49.521 1995 1995 D KeyguardUpdateMonitor: received broadcast android.intent.action.TIME_TICK
04-10 01:28:49.521 1002 1211 E SensorManager: sensor or listener is null
04-10 01:28:49.521 1002 1211 D DisplayPowerController[0]: Animating brightness: target=1.0, sdrTarget=1.0, rate=0.0
04-10 01:28:49.522 1002 1211 D DisplayPowerState: setScreenBrightness: brightness=1.0
04-10 01:28:49.522 1002 1211 D DisplayPowerState: setSdrScreenBrightness: brightness=1.0
04-10 01:28:49.523 1002 1211 V DisplayPowerController[0]: Brightness [1.0] reason changing to: 'manual', previous reason: 'screen_off'.
04-10 01:28:49.523 1002 1211 D DisplayPowerController[0]: Unfinished business...
04-10 01:28:49.523 1002 1211 I sysui_multi_action: [757,1696,758,6,759,3]
04-10 01:28:49.523 1002 1211 D DisplayPowerState: Requesting new screen state: state=ON, backlight=-1.0
04-10 01:28:49.523 1002 1211 D DisplayPowerState: Screen not ready
04-10 01:28:49.523 1002 1951 D DisplayPowerState: Updating screen state: id=0, state=ON, backlight=-1.0, sdrBacklight=-1.0
04-10 01:28:49.525 1002 1951 D LocalDisplayAdapter: setDisplayState(id=4630946816427681409, state=ON) ---start
04-10 01:28:49.525 1002 1161 I DisplayDeviceRepository: Display device changed state: "内置屏幕", ON
04-10 01:28:49.525 943 943 I QTI PowerHAL: Power setMode: 7 to: 1
04-10 01:28:49.526 943 943 I QTI PowerHAL: Got set_interactive hint
04-10 01:28:49.526 1002 1211 I DisplayPowerController[0]: Unblocked screen on after 32 ms
04-10 01:28:49.526 1002 1211 D DisplayPowerState: setColorFadeLevel: level=1.0
04-10 01:28:49.526 1041 1041 D SurfaceFlinger: Setting power mode 2 on display 4630946816427681409
01-06 09:04:03.479 0 0 I ALERT : changing window size from 20000000 to 16000000 at 324416166489
04-10 01:28:49.529 1002 1211 D DisplayPowerState: Requesting new screen state: state=ON, backlight=1.0
04-10 01:28:49.530 1002 1211 D DisplayPowerState: Screen not ready
04-10 01:28:49.530 961 961 I SDM : DisplayBase::SetDisplayState: Set state = 1, display 29-0, teardown = 0
04-10 01:28:49.531 2707 2707 I wm_on_restart_called: [247139416,com.android.launcher3.uioverrides.QuickstepLauncher,performRestartActivity]
04-10 01:28:49.532 2707 2707 I wm_on_start_called: [247139416,com.android.launcher3.uioverrides.QuickstepLauncher,handleStartActivity]
04-10 01:28:49.532 2707 2707 I wm_on_resume_called: [247139416,com.android.launcher3.uioverrides.QuickstepLauncher,RESUME_ACTIVITY]
04-10 01:28:49.532 2707 2707 I wm_on_top_resumed_gained_called: [247139416,com.android.launcher3.uioverrides.QuickstepLauncher,topWhenResuming]
04-10 01:28:49.534 1002 1161 I InputManager-JNI: Viewport [0] to add: local:4630946816427681409, isActive: true
01-06 09:04:03.485 0 0 I : [MAX975X:max96755x_drm_notifier_callback] *INFO* receives EARLY_BLANK:UNBLANK
04-10 01:28:49.535 1002 1665 I InputReader: Reconfiguring input devices, changes=DISPLAY_INFO |
04-10 01:28:49.535 1002 1665 I InputReader: Device reconfigured: id=4, name='qbt_key_input', size 2560x1080, orientation 0, mode 4, display id 0
01-06 09:04:03.485 0 0 I atmel_mxt_ts 0-004a: FB event:2,blank:0
04-10 01:28:49.535 1002 1665 I InputReader: Device reconfigured: id=3, name='Atmel maXTouch Touchscreen', size 2560x1080, orientation 0, mode 1, display id 0
01-06 09:04:03.485 0 0 I atmel_mxt_ts 0-004a: suspend: event = 2, blank = 0, not care
01-06 09:04:03.485 0 0 I [drm:dsi_display_set_mode] [msm-dsi-info]: mdp_transfer_time_us=0 us
04-10 01:28:49.537 1993 2639 I BtGatt.ScanManager: msg.what = 8
01-06 09:04:03.485 0 0 I [drm:dsi_display_set_mode] [msm-dsi-info]: hactive= 2560,vactive= 1080,fps=60
01-06 09:04:03.485 0 0 I [drm:dsi_ctrl_isr_configure] [msm-dsi-info]: dsi-ctrl-0: IRQ 403 registered
04-10 01:28:49.538 1993 2639 I BtGatt.ScanManager: msg.what = 5
04-10 01:28:49.539 2311 2512 E QmiAgentHwInterface: Failed to sendRequest: android.os.RemoteException: sendRequest failed with status: 2
04-10 01:28:49.541 816 1839 D audio_hw_primary: adev_set_parameters: enter: screen_state=on
04-10 01:28:49.541 816 1839 D audio_hw_hfp: hfp_set_parameters: enter
04-10 01:28:49.541 816 1839 D sound_trigger_hw: handle_screen_status_change: screen on
04-10 01:28:49.541 816 1839 D audio_hw_extn: audio_extn_fm_set_parameters: Enter
04-10 01:28:49.544 1002 1002 I battery_saving_stats: [0,0,0,1052,0,0,25076,0,0]
04-10 01:28:49.547 1002 1193 E KernelCpuSpeedReader: Failed to read cpu-freq: /sys/devices/system/cpu/cpu4/cpufreq/stats/time_in_state: open failed: ENOENT (No such file or directory)
04-10 01:28:49.547 1002 1193 E KernelCpuSpeedReader: Failed to read cpu-freq: /sys/devices/system/cpu/cpu0/cpufreq/stats/time_in_state: open failed: ENOENT (No such file or directory)
04-10 01:28:49.547 1002 1193 E system_server: Cannot read thread CPU times for PID 1002
01-06 09:04:03.498 0 0 D cnss : Starting to handle get info prepare
01-06 09:04:03.498 0 0 D cnss : Resuming PCI link
01-06 09:04:03.500 0 0 D cnss : Set PCI link status to: 2
01-06 09:04:03.500 0 0 D cnss : Setting MHI state: RESUME(7)
04-10 01:28:49.557 3068 3068 D SYS_EVENT: send event 16 notification to client
04-10 01:28:49.559 3040 3040 I hpplay-java: [main]:IPManager:updateAPState time : 1 isAPOpen :false
04-10 01:28:49.559 3040 3040 I hpplay-java: [main]:NetworkReceiver:onReceive action: android.intent.action.SCREEN_ON
01-06 09:04:03.508 0 0 D cnss : Sending get info message, type: 0, cmd length: 28, state: 0x107
04-10 01:28:49.560 3040 3040 I hpplay-java: [main]:NetworkReceiver:processReceive time : 2
04-10 01:28:49.561 3066 3066 D PASRDozeReceiver: Received Intent Intent { act=android.intent.action.SCREEN_ON flg=0x50200010 }
04-10 01:28:49.564 3066 3066 D PASRDozeReceiver: Sent intent Successfully
04-10 01:28:49.564 3066 3066 D PASRService: PASRService started
04-10 01:28:49.564 3066 3066 D PASRService: OnStart, Intent: android.intent.action.SCREEN_ON
04-10 01:28:49.565 3066 3066 D PASRService: State is now: -1
04-10 01:28:49.565 1002 1163 I input_focus: [Focus request 73b612c com.android.launcher3/com.android.launcher3.uioverrides.QuickstepLauncher,reason=UpdateInputWindows]
04-10 01:28:49.566 1002 1002 I power_screen_broadcast_done: [1,73,1]
01-06 09:04:03.522 0 0 D cnss : Received QMI WLFW respond get info indication
01-06 09:04:03.522 0 0 D cnss : Extract message with event length: 812, type: 0, is last: 0, seq no: 0
01-06 09:04:03.524 0 0 D cnss : Received QMI WLFW respond get info indication
01-06 09:04:03.524 0 0 D cnss : Extract message with event length: 576, type: 0, is last: 0, seq no: 0
01-06 09:04:03.524 0 0 D cnss : Received QMI WLFW respond get info indication
01-06 09:04:03.524 0 0 D cnss : Extract message with event length: 748, type: 0, is last: 0, seq no: 0
01-06 09:04:03.528 0 0 D cnss : Received QMI WLFW respond get info indication
01-06 09:04:03.528 0 0 D cnss : Extract message with event length: 812, type: 0, is last: 0, seq no: 0
01-06 09:04:03.528 0 0 D cnss : Received QMI WLFW respond get info indication
01-06 09:04:03.528 0 0 D cnss : Extract message with event length: 748, type: 0, is last: 0, seq no: 0
01-06 09:04:03.530 0 0 D cnss : Starting to handle get info done
01-06 09:04:03.530 0 0 D cnss : Setting MHI state: SUSPEND(6)
01-06 09:04:03.534 0 0 D cnss : Suspending PCI link
01-06 09:04:03.534 0 0 D cnss : Use PCIe DRV suspend
01-06 09:04:03.538 0 0 D cnss : Runtime resume start
01-06 09:04:03.538 0 0 D cnss : Resuming PCI link
01-06 09:04:03.540 0 0 D cnss : Set PCI link status to: 2
01-06 09:04:03.540 0 0 D cnss : Setting MHI state: RESUME(7)
01-06 09:04:03.545 0 0 I [kworke][0x17a6864f3][01:28:49.595505] wlan: [77:I:PMO] pmo_core_psoc_send_host_wakeup_ind_to_fw: 1225: Host wakeup indication sent to fw
04-10 01:28:49.597 1002 1060 I system_server: JIT allocated 120KB for compiled code of boolean android.app.admin.IDevicePolicyManager$Stub.onTransact(int, android.os.Parcel, android.os.Parcel, int)
01-06 09:04:03.545 0 0 I : [MAX975X:max96755x_drm_notifier_callback] *INFO* receives BLANK:UNBLANK
04-10 01:28:49.597 1002 1060 I system_server: Compiler allocated 5069KB to compile boolean android.app.admin.IDevicePolicyManager$Stub.onTransact(int, android.os.Parcel, android.os.Parcel, int)
04-10 01:28:49.598 1995 1995 D KeyguardUpdateMonitor: handleTimeUpdate
04-10 01:28:49.600 1041 1041 D SurfaceFlinger: Finished setting power mode 2 on display 4630946816427681409
04-10 01:28:49.601 1002 1951 D LocalDisplayAdapter: setDisplayState(id=4630946816427681409, state=ON) ---end
04-10 01:28:49.601 1002 1951 D DisplayPowerState: Updating screen state: id=0, state=ON, backlight=1.0, sdrBacklight=1.0
04-10 01:28:49.601 1002 1211 D DisplayPowerState: Screen ready
04-10 01:28:49.602 1002 1211 D DisplayPowerController[0]: Display ready!
04-10 01:28:49.602 1995 4419 D KeyguardViewMediator: notifyScreenTurnedOn
04-10 01:28:49.603 1002 1211 D DisplayPowerController[0]: Finished business...
04-10 01:28:49.603 1002 1951 D LocalDisplayAdapter: setDisplayBrightness(id=4630946816427681409, brightnessState=1.0, sdrBrightnessState=1.0) ---start
04-10 01:28:49.603 1002 1951 E DisplayDeviceConfig: requesting nits when no mapping exists.
04-10 01:28:49.603 1002 1211 D DisplayPowerController[0]: requestPowerState: policy=BRIGHT, useProximitySensor=false, screenBrightnessOverride=NaN, useAutoBrightness=true, screenAutoBrightnessAdjustmentOverride=NaN, screenLowPowerBrightnessFactor=1.0, blockScreenOn=false, lowPowerMode=false, boostScreenBrightness=false, dozeScreenBrightness=NaN, dozeScreenState=UNKNOWN, waitForNegativeProximity=false
04-10 01:28:49.603 1002 1211 D PowerManagerNotifier: onScreenPolicyUpdate: newPolicy=3
04-10 01:28:49.603 1002 1181 I am_wtf : [0,1002,system_server,-1,DisplayDeviceConfig,requesting nits when no mapping exists.]
04-10 01:28:49.603 1002 1951 E DisplayDeviceConfig: requesting nits when no mapping exists.
04-10 01:28:49.603 1002 1211 D PowerManagerNotifier: onWakefulnessChangeFinished
04-10 01:28:49.604 1002 1002 I sysui_multi_action: [757,198,758,1,759,1,1359,121,1694,1]
04-10 01:28:49.604 1002 1002 I power_screen_state: [1,0,0,0,121]
04-10 01:28:49.605 1002 1181 I am_wtf : [0,1002,system_server,-1,DisplayDeviceConfig,requesting nits when no mapping exists.]
01-06 09:04:03.558 0 0 D cnss : Runtime resume status: 0
04-10 01:28:49.612 1995 1995 D KeyguardViewMediator: handleNotifyScreenTurnedOn
04-10 01:28:49.615 1002 1664 I input_focus: [Focus entering 73b612c com.android.launcher3/com.android.launcher3.uioverrides.QuickstepLauncher (server),reason=setFocusedWindow]
04-10 01:28:49.626 1002 1664 I input_interaction: Interaction with: 73b612c com.android.launcher3/com.android.launcher3.uioverrides.QuickstepLauncher (server), PointerEventDispatcher0 (server),
04-10 01:28:49.628 1002 1664 D PowerManagerNotifier: onUserActivity: event=0, uid=1000
04-10 01:28:49.636 1002 1664 I input_interaction: Interaction with: 73b612c com.android.launcher3/com.android.launcher3.uioverrides.QuickstepLauncher (server), 58d616e com.android.systemui.ImageWallpaper (server), edge-swipe (server), swipe-up (server), PointerEventDispatcher0 (server),
04-10 01:28:49.640 1002 1664 D PowerManagerNotifier: onUserActivity: event=2, uid=1000
04-10 01:28:49.643 1002 1664 D PowerManagerNotifier: onUserActivity: event=2, uid=1000
04-10 01:28:49.643 1002 1664 D DisplayPowerController[0]: requestPowerState: policy=BRIGHT, useProximitySensor=false, screenBrightnessOverride=NaN, useAutoBrightness=true, screenAutoBrightnessAdjustmentOverride=NaN, screenLowPowerBrightnessFactor=1.0, blockScreenOn=false, lowPowerMode=false, boostScreenBrightness=false, dozeScreenBrightness=NaN, dozeScreenState=UNKNOWN, waitForNegativeProximity=false
04-10 01:28:49.643 1002 1664 D PowerManagerNotifier: onScreenPolicyUpdate: newPolicy=3
04-10 01:28:50.188 3040 3973 W hpplay-java: [ServerTaskManager]:IPManager:getActiveNets invalid networkInfo:null
04-10 01:28:50.188 3040 3973 I hpplay-java: [ServerTaskManager]:IPManager:getActiveNets eth0:false wifi:false mobile:false ap:false
04-10 01:28:50.188 3040 3973 I hpplay-java: [ServerTaskManager]:ServerTaskManager:get local ip:null
04-10 01:28:50.286 649 662 I mpu_uart: [MSG-P:RECV]:No message received in 1000 ms
01-06 09:04:04.606 0 0 E DTC_Display: Backlight not on(0)
01-06 09:04:04.612 0 0 I atmel_mxt_ts 0-004a: FB event:1,blank:0
01-06 09:04:04.612 0 0 I atmel_mxt_ts 0-004a: drm_notifier_callback: UNBLANK! Resume by drm notifier.
04-10 01:28:50.678 2707 4311 I OpenGLRenderer: Davey! duration=8641ms; Flags=1, FrameTimelineVsyncId=9994, IntendedVsync=315814311179, Vsync=315814311179, InputEventId=0, HandleInputStart=315815263159, AnimationStart=315815263888, PerformTraversalsStart=315815264461, DrawStart=315832729773, FrameDeadline=315846977845, FrameInterval=315815259513, FrameStartTime=16666666, SyncQueued=315833617273, SyncStart=315837636232, IssueDrawCommandsStart=315837757586, SwapBuffers=315840671909, FrameCompleted=324459937530, DequeueBufferDuration=1749636, QueueBufferDuration=1779895, GpuCompleted=324459937530, SwapBuffersCompleted=315842892742, DisplayPresentTime=45037327713566784,
04-10 01:28:50.694 1995 1995 I Choreographer: Skipped 62 frames! The application may be doing too much work on its main thread.
04-10 01:28:50.707 1002 1951 D LocalDisplayAdapter: setDisplayBrightness(id=4630946816427681409, brightnessState=1.0, sdrBrightnessState=1.0) ---end
04-10 01:28:50.707 1002 1211 D DisplayPowerState: Screen ready
04-10 01:28:50.728 1995 4419 I OpenGLRenderer: Davey! duration=1074ms; Flags=0, FrameTimelineVsyncId=10614, IntendedVsync=324505762482, Vsync=324505762482, InputEventId=0, HandleInputStart=324507025812, AnimationStart=324507026645, PerformTraversalsStart=324507322478, DrawStart=324507412062, FrameDeadline=324539095814, FrameInterval=324507021645, FrameStartTime=16666666, SyncQueued=324507441593, SyncStart=324507567478, IssueDrawCommandsStart=324507640239, SwapBuffers=325570403676, FrameCompleted=325580856697, DequeueBufferDuration=1061311354, QueueBufferDuration=3206667, GpuCompleted=325580856697, SwapBuffersCompleted=325575352999, DisplayPresentTime=1388161562423319898,
04-10 01:28:50.759 1995 4419 I OpenGLRenderer: Davey! duration=1068ms; Flags=0, FrameTimelineVsyncId=10618, IntendedVsync=324539095814, Vsync=325572429106, InputEventId=0, HandleInputStart=325580714926, AnimationStart=325580716644, PerformTraversalsStart=325581850134, DrawStart=325582092374, FrameDeadline=324572429146, FrameInterval=325580502426, FrameStartTime=16666666, SyncQueued=325582161801, SyncStart=325594328415, IssueDrawCommandsStart=325594767217, SwapBuffers=325615264144, FrameCompleted=325619474353, DequeueBufferDuration=18920678, QueueBufferDuration=2538073, GpuCompleted=325616743624, SwapBuffersCompleted=325619474353, DisplayPresentTime=8068233131144329798,
04-10 01:28:51.193 3040 3973 W hpplay-java: [ServerTaskManager]:IPManager:getActiveNets invalid networkInfo:null
04-10 01:28:51.194 3040 3973 I hpplay-java: [ServerTaskManager]:IPManager:getActiveNets eth0:false wifi:false mobile:false ap:false
04-10 01:28:51.194 3040 3973 I hpplay-java: [ServerTaskManager]:ServerTaskManager:get local ip:null
04-10 01:28:51.287 649 662 I mpu_uart: [MSG-P:RECV]:No message received in 1000 ms
04-10 01:28:51.572 1002 1181 I am_uid_idle: 10052
04-10 01:28:52.204 3040 3973 W hpplay-java: [ServerTaskManager]:IPManager:getActiveNets invalid networkInfo:null
04-10 01:28:52.204 3040 3973 I hpplay-java: [ServerTaskManager]:IPManager:getActiveNets eth0:false wifi:false mobile:false ap:false
04-10 01:28:52.204 3040 3973 I hpplay-java: [ServerTaskManager]:ServerTaskManager:get local ip:null
01-06 09:04:06.201 0 0 E DTC_ETH,link_delay_work_func: 3003, SQI=0, link=0
04-10 01:28:52.288 649 662 I mpu_uart: [MSG-P:RECV]:No message received in 1000 ms
04-10 01:28:52.343 649 661 I mpu_uart: [MSG-P:R]:recv sync frame timeout
04-10 01:28:52.437 1002 1664 D PowerManagerNotifier: onUserActivity: event=2, uid=1000
04-10 01:28:52.438 1002 1664 D DisplayPowerController[0]: requestPowerState: policy=BRIGHT, useProximitySensor=false, screenBrightnessOverride=NaN, useAutoBrightness=true, screenAutoBrightnessAdjustmentOverride=NaN, screenLowPowerBrightnessFactor=1.0, blockScreenOn=false, lowPowerMode=false, boostScreenBrightness=false, dozeScreenBrightness=NaN, dozeScreenState=UNKNOWN, waitForNegativeProximity=false
04-10 01:28:52.438 1002 1664 D PowerManagerNotifier: onScreenPolicyUpdate: newPolicy=3
04-10 01:28:52.462 1995 1995 D StatusBar: disable disable2
04-10 01:28:52.462 1002 2415 I sysui_multi_action: [757,127,758,1]
04-10 01:28:52.463 1002 2415 I sysui_multi_action: [757,804,799,note_load,801,6,802,1]
04-10 01:28:52.464 1002 2415 I notification_panel_revealed: 6
04-10 01:28:52.478 1002 1163 I input_focus: [Focus request 10ef944 NotificationShade,reason=UpdateInputWindows]
04-10 01:28:52.499 1002 2415 I sysui_multi_action: [757,128,758,1,793,58836,794,0,795,58490,796,1,798,2,806,com.android.traceur,857,trace-is-being-recorded,858,4,947,0,1395,6,1500,58490,1688,1]
04-10 01:28:52.499 1002 2415 I sysui_multi_action: [757,804,799,note_freshness,801,58490,802,1]
04-10 01:28:52.499 1002 2415 I notification_visibility: [0|com.android.traceur|1|null|10035,1,58836,58490,0,2]
04-10 01:28:52.500 1002 2415 I sysui_multi_action: [757,128,758,1,793,278029,794,0,795,278029,796,26,798,0,806,android,857,DEVELOPER_IMPORTANT,858,4,947,0,1395,6,1500,277437,1688,1]
04-10 01:28:52.500 1002 2415 I sysui_multi_action: [757,804,799,note_freshness,801,278029,802,1]
04-10 01:28:52.501 1002 2415 I notification_visibility: [-1|android|26|null|1000,1,278029,278029,0,0]
04-10 01:28:52.501 1002 2415 I sysui_multi_action: [757,128,758,1,793,276943,794,0,795,276943,796,17303299,797,com.android.wifi,798,3,806,android,857,NETWORK_AVAILABLE,858,2,947,0,1395,6,1500,276726,1688,1]
04-10 01:28:52.502 1002 2415 I sysui_multi_action: [757,804,799,note_freshness,801,276943,802,1]
04-10 01:28:52.502 1002 2415 I notification_visibility: [0|android|17303299|com.android.wifi|1000,1,276943,276943,0,3]
04-10 01:28:52.502 1002 2415 I sysui_multi_action: [757,128,758,1,793,152182,794,0,795,152182,796,0,797,trace-kona-SKQ1.220201.001-2023-04-10-01-26-18.perfetto-trace,798,1,806,com.android.traceur,857,system-tracing,858,4,947,0,1395,6,1500,151975,1688,1]
04-10 01:28:52.503 1002 2415 I sysui_multi_action: [757,804,799,note_freshness,801,152182,802,1]
04-10 01:28:52.503 1002 2415 I notification_visibility: [0|com.android.traceur|0|trace-kona-SKQ1.220201.001-2023-04-10-01-26-18.perfetto-trace|10035,1,152182,152182,0,1]
04-10 01:28:52.504 1002 2415 I sysui_multi_action: [757,128,758,1,793,277869,794,0,795,277869,796,55,798,4,806,android,857,DEVELOPER,858,2,947,0,1395,6,1500,276932,1688,1]
04-10 01:28:52.504 1002 2415 I sysui_multi_action: [757,804,799,note_freshness,801,277869,802,1]
04-10 01:28:52.505 1002 2415 I notification_visibility: [-1|android|55|null|1000,1,277869,277869,0,4]
04-10 01:28:52.505 1002 2415 I sysui_multi_action: [757,128,758,1,793,282082,794,0,795,282082,796,32,798,5,806,android,857,USB,858,1,947,0,1395,6,1500,281267,1688,1]
04-10 01:28:52.506 1002 2415 I sysui_multi_action: [757,804,799,note_freshness,801,282082,802,1]
04-10 01:28:52.506 1002 2415 I notification_visibility: [-1|android|32|null|1000,1,282082,282082,0,5]
04-10 01:28:52.511 1002 1664 I input_focus: [Focus leaving 73b612c com.android.launcher3/com.android.launcher3.uioverrides.QuickstepLauncher (server),reason=setFocusedWindow]
04-10 01:28:52.511 1002 1664 I input_focus: [Focus entering 10ef944 NotificationShade (server),reason=setFocusedWindow]
04-10 01:28:52.514 1002 1664 I input_interaction: Interaction with: 73b612c com.android.launcher3/com.android.launcher3.uioverrides.QuickstepLauncher (server), 58d616e com.android.systemui.ImageWallpaper (server), 10ef944 NotificationShade (server), edge-swipe (server), swipe-up (server), PointerEventDispatcher0 (server),
04-10 01:28:52.514 2707 2707 I view_enqueue_input_event: [Motion - Cancel,com.android.launcher3/com.android.launcher3.uioverrides.QuickstepLauncher]
04-10 01:28:52.516 1995 1995 V ShadeControllerImpl: NotificationShadeWindow: com.android.systemui.statusbar.phone.NotificationShadeWindowView{95102f6 V.E...... ......ID 0,0-2560,1080} canPanelBeCollapsed(): false
04-10 01:28:52.521 1002 1664 I input_interaction: Interaction with: 58d616e com.android.systemui.ImageWallpaper (server), 10ef944 NotificationShade (server), edge-swipe (server), swipe-up (server), PointerEventDispatcher0 (server),
04-10 01:28:52.528 1002 2415 I sysui_multi_action: [757,128,758,2,793,58865,794,29,795,58519,796,1,798,2,806,com.android.traceur,857,trace-is-being-recorded,858,4,947,0,1395,6,1500,58519,1688,1]
04-10 01:28:52.528 1002 2415 I notification_visibility: [0|com.android.traceur|1|null|10035,0,58865,58519,0,2]
04-10 01:28:52.529 1002 2415 I sysui_multi_action: [757,128,758,2,793,278057,794,28,795,278057,796,26,798,0,806,android,857,DEVELOPER_IMPORTANT,858,4,947,0,1395,6,1500,277465,1688,1]
04-10 01:28:52.529 1002 2415 I notification_visibility: [-1|android|26|null|1000,0,278057,278057,0,0]
04-10 01:28:52.529 1995 1995 D StatusBar: disable disable2
