04-10 01:24:40.533 1002 1182 I am_proc_start: [0,4175,10076,com.qti.ltebc,broadcast,{com.qti.ltebc/com.qualcomm.ltebc.LTEBroadcastAlarmReceiver}]
04-10 01:24:40.606 1002 1070 I am_proc_bound: [0,4175,com.qti.ltebc]
04-10 01:24:40.608 1002 1070 I am_uid_active: 10076
04-10 01:24:41.120 1002 1177 I am_pss : [3776,10086,com.android.music,7342080,5390336,0,93732864,0,19,13]
04-10 01:24:41.467 1002 1177 I am_pss : [3803,10062,com.android.onetimeinitializer,5172224,3575808,0,90443776,0,19,14]
04-10 01:24:42.284 1002 1177 I am_pss : [3857,10096,com.android.permissioncontroller,11740160,10027008,0,99110912,0,19,14]
04-10 01:24:42.300 1002 1177 I am_pss : [3832,10025,com.android.packageinstaller,7235584,5677056,0,91127808,0,19,12]
04-10 01:24:43.182 1002 1177 I am_pss : [3920,2000,com.android.shell,6014976,4390912,0,92139520,0,19,13]
04-10 01:24:46.147 1002 1070 I am_uid_running: 10056
04-10 01:24:46.194 1002 1182 I am_proc_start: [0,4203,10056,com.qualcomm.qti.qms.service.trustzoneaccess,service,{com.qualcomm.qti.qms.service.trustzoneaccess/com.qualcomm.qti.qms.service.trustzoneaccess.TZAccessService}]
04-10 01:24:46.274 1002 1070 I am_proc_bound: [0,4203,com.qualcomm.qti.qms.service.trustzoneaccess]
04-10 01:24:46.467 1430 1430 I auditd : type=1400 audit(0.0:188): avc: denied { read } for comm="tzlog" name="log" dev="debugfs" ino=21522 scontext=u:r:np_thundercomm_tlog:s0 tcontext=u:object_r:debugfs:s0 tclass=file permissive=1
04-10 01:24:46.467 1430 1430 I auditd : type=1400 audit(0.0:189): avc: denied { open } for comm="tzlog" path="/sys/kernel/debug/tzdbg/log" dev="debugfs" ino=21522 scontext=u:r:np_thundercomm_tlog:s0 tcontext=u:object_r:debugfs:s0 tclass=file permissive=1
04-10 01:24:46.630 1002 2914 I am_proc_died: [0,4175,com.qti.ltebc,905,19]
04-10 01:24:46.632 1002 2914 I am_uid_stopped: 10076
04-10 01:24:46.667 1002 1177 I am_pss : [3460,10021,android.process.media,9656320,7688192,0,100499456,0,19,14]
04-10 01:24:46.685 1002 1177 I am_pss : [3404,10020,android.process.acore,13662208,10125312,0,116826112,0,19,13]
04-10 01:24:46.700 1002 1177 I am_pss : [3066,10055,.pasr,5253120,3694592,0,89292800,0,0,12]
04-10 01:24:46.718 1002 1177 I am_pss : [3040,10091,com.hht.lebocast,35358720,16363520,0,111788032,0,0,14]
04-10 01:24:46.734 1002 1177 I am_pss : [3056,10061,ts.car.uart,6091776,4538368,0,90398720,0,0,12]
04-10 01:24:46.749 1002 1177 I am_pss : [3068,10082,com.qualcomm.qti.services.systemhelper:systemhelper_service,6322176,4608000,0,93704192,0,0,12]
04-10 01:24:46.766 1002 1177 I am_pss : [3058,1000,com.hryt.hiphishowfsecontrol,14338048,12263424,0,106131456,0,0,13]
04-10 01:24:48.454 1002 1177 I am_pss : [3248,10097,com.android.providers.media.module,20447232,16752640,0,124641280,0,0,15]
04-10 01:24:48.470 1002 1177 I am_pss : [3156,10090,com.qualcomm.qti.workloadclassifier,8250368,6639616,0,93495296,0,0,12]
04-10 01:24:48.486 1002 1177 I am_pss : [3069,10088,com.qualcomm.qti.qccnetstat,6039552,4407296,0,91770880,0,0,12]
04-10 01:24:48.504 1002 1177 I am_pss : [2946,10075,com.qualcomm.location,9790464,7450624,0,101998592,0,0,12]
04-10 01:24:48.523 1002 1177 I am_pss : [1993,1002,com.android.bluetooth,29197312,23429120,0,139108352,0,0,15]
04-10 01:24:48.540 1002 1177 I am_pss : [2602,1000,com.qualcomm.qti.qdma,10019840,7086080,0,106434560,0,0,13]
04-10 01:24:48.555 1002 1177 I am_pss : [2576,1000,com.thundercomm.tcservice,8511488,6701056,0,97144832,0,0,12]
04-10 01:24:48.569 1002 1177 I am_pss : [2544,1000,com.thundercomm.remotecontrolservice,9431040,7168000,0,101380096,0,0,12]
04-10 01:24:48.584 1002 1177 I am_pss : [2488,10087,com.qti.qualcomm.mstatssystemservice,5387264,3829760,0,89907200,0,0,11]
04-10 01:24:48.599 1002 1177 I am_pss : [2496,1068,com.android.se,6041600,4304896,0,93679616,0,0,12]
04-10 01:24:48.613 1002 1177 I am_pss : [2450,1000,vendor.qti.qesdk.sysservice,5466112,3837952,0,91594752,0,0,11]
04-10 01:24:48.628 1002 1177 I am_pss : [2437,1000,com.thundercomm.tcsetupwizard,6810624,5263360,0,91312128,0,0,11]
04-10 01:24:48.643 1002 1177 I am_pss : [2404,1000,com.tc.logclient,7604224,5632000,0,99078144,0,0,11]
04-10 01:24:48.658 1002 1177 I am_pss : [2327,10053,.qtidataservices,5818368,4218880,0,91418624,0,0,11]
04-10 01:24:48.672 1002 1177 I am_pss : [2371,1000,com.thundercomm.tchttpserver,7853056,6164480,0,94457856,0,0,10]
04-10 01:24:48.688 1002 1177 I am_pss : [2291,1000,com.thundercomm.microsettings,26356736,23629824,0,115843072,0,0,12]
04-10 01:24:48.703 1002 1177 I am_pss : [2311,1001,.dataservices,7977984,6221824,0,94801920,0,0,12]
04-10 01:24:48.718 1002 1177 I am_pss : [2283,1000,com.thundercomm.microservice,8886272,7225344,0,95715328,0,0,11]
04-10 01:24:48.736 1002 1177 I am_pss : [2221,1000,com.thundercomm.gamemode,25498624,19410944,0,133664768,0,0,13]
04-10 01:24:48.752 1002 1177 I am_pss : [2157,1073,com.android.networkstack.process,11536384,9166848,0,105226240,0,0,12]
04-10 01:24:48.779 1002 1177 I am_pss : [1995,10084,com.android.systemui,177427456,154259456,0,336678912,0,0,21]
04-10 01:24:48.814 1002 1177 I am_pss : [1002,1000,system,199888896,101433344,0,520126464,0,0,29]
04-10 01:24:48.831 1002 1177 I am_pss : [4035,10060,com.qualcomm.qti.qms.service.connectionsecurity,18821120,4440064,0,77578240,0,19,13]
04-10 01:24:48.847 1002 1177 I am_pss : [3515,10070,com.qualcomm.qti.devicestatisticsservice,5165056,3612672,0,88899584,0,0,12]
04-10 01:24:49.690 1002 1719 I netstats_mobile_sample: [0,0,0,0,0,0,0,0,0,0,0,0,1681061089690]
04-10 01:24:49.690 1002 1719 I netstats_wifi_sample: [0,0,0,0,0,0,0,0,0,0,0,0,1681061089690]
04-10 01:25:02.177 1002 1664 I input_interaction: Interaction with: 2d5abae StatusBar (server), edge-swipe (server), swipe-up (server), PointerEventDispatcher0 (server),
04-10 01:25:02.199 1995 1995 I sysui_multi_action: [757,803,799,panel_open,802,1]
04-10 01:25:02.210 1995 1995 I sysui_multi_action: [757,1328,758,4,1326,50,1327,2,1329,0]
04-10 01:25:02.227 1002 2914 I sysui_multi_action: [757,127,758,1]
04-10 01:25:02.227 1002 2914 I sysui_multi_action: [757,804,799,note_load,801,4,802,1]
04-10 01:25:02.227 1002 2914 I notification_panel_revealed: 4
04-10 01:25:02.229 1995 1995 I sysui_multi_action: [757,111,758,1]
04-10 01:25:02.229 1995 1995 I sysui_multi_action: [757,268,758,1,759,268,806,com.android.traceur,871,com.android.traceur.QsService,927,0,1593,0]
04-10 01:25:02.229 1995 1995 I sysui_multi_action: [757,126,758,1,759,126,927,1,928,1,1593,0]
04-10 01:25:02.229 1995 1995 I sysui_multi_action: [757,113,758,1,759,113,927,2,928,1,1593,0]
04-10 01:25:02.229 1995 1995 I sysui_multi_action: [757,0,758,1,759,0,927,3,928,0,1593,0]
04-10 01:25:02.229 1995 1995 I sysui_multi_action: [757,0,758,1,759,0,927,4,928,0,1593,0]
04-10 01:25:02.230 1995 1995 I sysui_multi_action: [757,491,758,1,759,491,927,5,928,0,1311,-1,1593,0]
04-10 01:25:02.230 1995 1995 I sysui_multi_action: [757,0,758,1,759,0,927,6,928,0,1593,0]
04-10 01:25:02.230 1995 1995 I sysui_multi_action: [757,0,758,1,759,0,927,7,1593,0]
04-10 01:25:02.231 1995 1995 I sysui_multi_action: [757,111,758,1]
04-10 01:25:02.231 1995 1995 I sysui_multi_action: [757,268,758,1,759,268,806,com.android.traceur,871,com.android.traceur.QsService,927,0,1593,0]
04-10 01:25:02.231 1995 1995 I sysui_multi_action: [757,126,758,1,759,126,927,1,928,1,1593,0]
04-10 01:25:02.231 1995 1995 I sysui_multi_action: [757,113,758,1,759,113,927,2,928,1,1593,0]
04-10 01:25:02.231 1995 1995 I sysui_multi_action: [757,0,758,1,759,0,927,3,928,0,1593,0]
04-10 01:25:02.262 1002 1163 I input_focus: [Focus request 10ef944 NotificationShade,reason=UpdateInputWindows]
04-10 01:25:02.272 1002 1177 I am_pss : [3240,10077,com.qualcomm.location.XT,6481920,4759552,0,94064640,0,6,12]
04-10 01:25:02.289 1002 1664 I input_focus: [Focus leaving 73b612c com.android.launcher3/com.android.launcher3.uioverrides.QuickstepLauncher (server),reason=Waiting for window because NOT_VISIBLE]
04-10 01:25:02.291 1002 1177 I am_pss : [3435,10030,com.baidu.input,67510272,60526592,0,178937856,0,7,15]
04-10 01:25:02.339 1002 1070 I sysui_multi_action: [757,128,758,1,793,47867,794,0,795,47867,796,26,798,0,806,android,857,DEVELOPER_IMPORTANT,858,4,947,0,1395,4,1500,47275,1688,1]
04-10 01:25:02.339 1002 1070 I sysui_multi_action: [757,804,799,note_freshness,801,47867,802,1]
04-10 01:25:02.339 1002 1070 I notification_visibility: [-1|android|26|null|1000,1,47867,47867,0,0]
04-10 01:25:02.339 1002 1070 I sysui_multi_action: [757,128,758,1,793,46781,794,0,795,46781,796,17303299,797,com.android.wifi,798,1,806,android,857,NETWORK_AVAILABLE,858,2,947,0,1395,4,1500,46564,1688,1]
04-10 01:25:02.339 1002 1070 I sysui_multi_action: [757,804,799,note_freshness,801,46781,802,1]
04-10 01:25:02.339 1002 1070 I notification_visibility: [0|android|17303299|com.android.wifi|1000,1,46781,46781,0,1]
04-10 01:25:02.340 1002 1070 I sysui_multi_action: [757,128,758,1,793,47705,794,0,795,47705,796,55,798,2,806,android,857,DEVELOPER,858,2,947,0,1395,4,1500,46768,1688,1]
04-10 01:25:02.340 1002 1070 I sysui_multi_action: [757,804,799,note_freshness,801,47705,802,1]
04-10 01:25:02.340 1002 1070 I notification_visibility: [-1|android|55|null|1000,1,47705,47705,0,2]
04-10 01:25:02.340 1002 1070 I sysui_multi_action: [757,128,758,1,793,51917,794,0,795,51917,796,32,798,3,806,android,857,USB,858,1,947,0,1395,4,1500,51102,1688,1]
04-10 01:25:02.340 1002 1070 I sysui_multi_action: [757,804,799,note_freshness,801,51917,802,1]
04-10 01:25:02.340 1002 1070 I notification_visibility: [-1|android|32|null|1000,1,51917,51917,0,3]
04-10 01:25:02.355 1002 1664 I input_focus: [Focus entering 10ef944 NotificationShade (server),reason=Window became focusable. Previous reason: NOT_VISIBLE]
04-10 01:25:03.152 1002 1664 I input_interaction: Interaction with: 10ef944 NotificationShade (server), edge-swipe (server), swipe-up (server), PointerEventDispatcher0 (server),
04-10 01:25:03.292 1995 1995 I sysui_multi_action: [757,925,758,4,759,268,806,com.android.traceur,871,com.android.traceur.QsService,927,0,1592,0,1593,1]
04-10 01:25:03.999 1002 1002 I notification_enqueue: [10035,3181,com.android.traceur,1,NULL,0,Notification(channel=trace-is-being-recorded shortcut=null contentView=null vibrate=null sound=null tick defaults=0x0 flags=0x142 color=0x00000000 vis=PRIVATE),0]
04-10 01:25:04.200 1002 1002 I sysui_multi_action: [757,1501,758,1,793,203,794,0,795,203,796,1,806,com.android.traceur,857,trace-is-being-recorded,858,4,947,0,1500,0,1688,1]
04-10 01:25:04.201 1002 1002 I sysui_multi_action: [757,804,799,note_interruptive,801,0,802,1]
04-10 01:25:04.205 1002 1002 I sysui_multi_action: [757,1501,758,1,793,208,794,0,795,208,796,1,806,com.android.traceur,857,trace-is-being-recorded,858,4,947,0,1500,0,1688,1]
04-10 01:25:04.207 1002 1002 I sysui_multi_action: [757,804,799,note_interruptive,801,0,802,1]
04-10 01:25:04.212 1002 1002 I sysui_multi_action: [757,199,758,1,759,1,793,215,794,0,795,215,796,1,806,com.android.traceur,857,trace-is-being-recorded,858,4,947,0,1500,7,1688,1]
04-10 01:25:04.213 1002 1002 I notification_alert: [0|com.android.traceur|1|null|10035,1,0,0]
04-10 01:25:04.281 1995 1995 I sysui_heads_up_status: [0|com.android.traceur|1|null|10035,1]
04-10 01:25:04.358 1002 1181 I dvm_lock_sample: [system_server,1,ActivityManager,5,ActivityManagerService.java,16283,android.app.ActivityManagerInternal$ServiceNotificationPolicy com.android.server.am.ActivityManagerService$LocalService.applyForegroundServiceNotification(android.app.Notification, java.lang.String, int, java.lang.String, int),-,12036,void com.android.server.am.ActivityManagerService.setServiceForeground(android.content.ComponentName, android.os.IBinder, int, android.app.Notification, int, int),1]
04-10 01:25:04.363 1002 1002 I notification_enqueue: [10035,3181,com.android.traceur,1,NULL,0,Notification(channel=trace-is-being-recorded shortcut=null contentView=null vibrate=null sound=null tick defaults=0x0 flags=0x162 color=0x00000000 vis=PRIVATE),1]
04-10 01:25:04.938 1002 1510 I sysui_multi_action: [757,128,758,1,793,940,794,0,795,578,796,1,798,0,806,com.android.traceur,857,trace-is-being-recorded,858,4,947,0,1395,5,1500,578,1688,1]
04-10 01:25:04.938 1002 1510 I sysui_multi_action: [757,804,799,note_freshness,801,578,802,1]
04-10 01:25:04.939 1002 1510 I notification_visibility: [0|com.android.traceur|1|null|10035,1,940,578,0,0]
04-10 01:25:06.002 1002 1070 I intercept_power: [ACTION_DOWN,0,0]
04-10 01:25:06.061 1002 1070 I intercept_power: [ACTION_UP,0,0]
04-10 01:25:06.068 1002 1002 I power_sleep_requested: 0
04-10 01:25:06.104 1995 1995 I sysui_heads_up_status: [0|com.android.traceur|1|null|10035,0]
04-10 01:25:06.109 1002 1177 I am_pss : [3886,10029,com.android.providers.calendar,7303168,5365760,0,97972224,0,19,12]
04-10 01:25:06.127 1002 1177 I am_pss : [4068,10019,com.android.externalstorage,5607424,3960832,0,92106752,0,19,11]
04-10 01:25:06.183 1002 1177 I am_pss : [2699,10068,com.thundercomm.gamemode.provider,7728128,5931008,0,95621120,0,19,12]
04-10 01:25:06.184 1002 1211 I sysui_multi_action: [757,1696,758,6,759,0]
04-10 01:25:06.213 1002 1177 I am_pss : [3008,10092,com.qualcomm.qtil.aptxui,7376896,5844992,0,91504640,0,19,12]
04-10 01:25:06.243 1002 1177 I am_pss : [2813,10089,com.qualcomm.qti.qccauthmgr,6318080,4472832,0,95244288,0,19,12]
04-10 01:25:06.262 1002 1177 I am_pss : [3920,2000,com.android.shell,6014976,4390912,0,92139520,0,19,12]
04-10 01:25:06.268 1002 1181 I am_wtf : [0,1002,system_server,-1,DisplayDeviceConfig,requesting nits when no mapping exists.]
04-10 01:25:06.276 1002 1181 I am_wtf : [0,1002,system_server,-1,DisplayDeviceConfig,requesting nits when no mapping exists.]
04-10 01:25:06.282 2707 2707 I wm_on_top_resumed_lost_called: [247139416,com.android.launcher3.uioverrides.QuickstepLauncher,topStateChangedWhenResumed]
04-10 01:25:06.283 1002 1211 I wm_pause_activity: [0,247139416,com.android.launcher3/.uioverrides.QuickstepLauncher,userLeaving=false,sleep]
04-10 01:25:06.289 2707 2707 I wm_on_paused_called: [247139416,com.android.launcher3.uioverrides.QuickstepLauncher,performPause]
04-10 01:25:06.295 1002 1510 I wm_add_to_stopping: [0,247139416,com.android.launcher3/.uioverrides.QuickstepLauncher,completePauseLocked]
04-10 01:25:06.301 1995 1995 I sysui_multi_action: [757,111,758,2]
04-10 01:25:06.301 1995 1995 I sysui_multi_action: [757,111,758,2]
04-10 01:25:06.309 1002 1161 I wm_stop_activity: [0,247139416,com.android.launcher3/.uioverrides.QuickstepLauncher]
04-10 01:25:06.310 1002 1161 I sysui_multi_action: [757,803,799,window_time_0,802,51]
04-10 01:25:06.323 1002 1177 I am_pss : [2647,1000,com.android.settings,31981568,18116608,0,147668992,0,19,14]
04-10 01:25:06.335 2707 2707 I wm_on_stop_called: [247139416,com.android.launcher3.uioverrides.QuickstepLauncher,STOP_ACTIVITY_ITEM]
04-10 01:25:06.347 1002 1177 I am_pss : [3857,10096,com.android.permissioncontroller,11739136,10027008,0,99110912,0,19,13]
04-10 01:25:06.355 1002 2415 I sysui_multi_action: [757,128,758,2,793,2358,794,1418,795,1996,796,1,798,0,806,com.android.traceur,857,trace-is-being-recorded,858,4,947,0,1395,5,1500,1996,1688,1]
04-10 01:25:06.355 1002 2415 I notification_visibility: [0|com.android.traceur|1|null|10035,0,2358,1996,0,0]
04-10 01:25:06.356 1002 2415 I sysui_multi_action: [757,128,758,2,793,51885,794,4018,795,51885,796,26,798,1,806,android,857,DEVELOPER_IMPORTANT,858,4,947,0,1395,5,1500,51293,1688,1]
04-10 01:25:06.356 1002 2415 I notification_visibility: [-1|android|26|null|1000,0,51885,51885,0,1]
04-10 01:25:06.356 1002 2415 I sysui_multi_action: [757,128,758,2,793,50798,794,4017,795,50798,796,17303299,797,com.android.wifi,798,2,806,android,857,NETWORK_AVAILABLE,858,2,947,0,1395,5,1500,50581,1688,1]
04-10 01:25:06.356 1002 2415 I notification_visibility: [0|android|17303299|com.android.wifi|1000,0,50798,50798,0,2]
04-10 01:25:06.357 1002 2415 I sysui_multi_action: [757,128,758,2,793,51721,794,4016,795,51721,796,55,798,3,806,android,857,DEVELOPER,858,2,947,0,1395,5,1500,50784,1688,1]
04-10 01:25:06.357 1002 2415 I notification_visibility: [-1|android|55|null|1000,0,51721,51721,0,3]
04-10 01:25:06.357 1002 2415 I sysui_multi_action: [757,128,758,2,793,55934,794,4017,795,55934,796,32,798,4,806,android,857,USB,858,1,947,0,1395,5,1500,55119,1688,1]
04-10 01:25:06.357 1002 2415 I notification_visibility: [-1|android|32|null|1000,0,55934,55934,0,4]
04-10 01:25:06.358 1002 1510 I sysui_multi_action: [757,127,758,2]
04-10 01:25:06.358 1002 1510 I notification_panel_hidden:
04-10 01:25:06.365 1002 1177 I am_pss : [3832,10025,com.android.packageinstaller,7235584,5677056,0,91127808,0,19,11]
04-10 01:25:06.386 1002 1177 I am_pss : [3803,10062,com.android.onetimeinitializer,5170176,3575808,0,90443776,0,19,12]
04-10 01:25:06.392 1002 1002 I sysui_multi_action: [757,198,758,2,759,2,1359,333,1695,4]
04-10 01:25:06.392 1002 1002 I power_screen_state: [0,2,0,0,333]
04-10 01:25:06.392 1002 1002 I screen_toggled: 0
04-10 01:25:06.392 1002 1002 I sysui_multi_action: [757,804,799,screen_timeout,801,60,802,1]
04-10 01:25:06.393 1002 1002 I sysui_multi_action: [757,1594,758,4,759,-2147483648,1359,54099]
04-10 01:25:06.393 1002 1002 I power_screen_broadcast_send: 1
04-10 01:25:06.397 1002 1664 I input_focus: [Focus leaving 10ef944 NotificationShade (server),reason=NO_WINDOW]
04-10 01:25:06.405 1002 1177 I am_pss : [3776,10086,com.android.music,7342080,5390336,0,93732864,0,19,12]
04-10 01:25:06.413 1002 1002 I battery_saving_stats: [0,1,0,55460,0,0,55460,0,0]
04-10 01:25:06.423 1002 1177 I am_pss : [3744,10036,com.android.managedprovisioning,8975360,7331840,0,94552064,0,19,12]
04-10 01:25:06.442 1002 1177 I am_pss : [3643,1000,com.android.dynsystem:dynsystem,5750784,3993600,0,91246592,0,19,13]
04-10 01:25:06.445 1002 1002 I power_screen_broadcast_done: [0,52,1]
04-10 01:25:06.460 1002 1177 I am_pss : [3618,1000,com.android.localtransport,5460992,3854336,0,91197440,0,19,12]
04-10 01:25:06.477 1002 1177 I am_pss : [3571,1000,com.android.dynsystem,5471232,3837952,0,90329088,0,19,12]
04-10 01:25:06.495 1002 1177 I am_pss : [3512,1000,com.qti.diagservices,6191104,4173824,0,95522816,0,10,13]
04-10 01:25:06.513 1002 1177 I am_pss : [3230,1000,com.android.keychain,8062976,6447104,0,93720576,0,19,12]
04-10 01:25:06.529 1002 1177 I am_pss : [3308,1000,com.qualcomm.qti.qmmi,6999040,5382144,0,92553216,0,19,12]
04-10 01:25:07.316 1002 1665 I intercept_power: [ACTION_DOWN,0,0]
04-10 01:25:07.336 1002 1665 I intercept_power: [ACTION_UP,0,0]
04-10 01:25:07.342 1002 1002 I screen_toggled: 1
04-10 01:25:07.354 1002 1211 I wm_set_resumed_activity: [0,com.android.launcher3/.uioverrides.QuickstepLauncher,resumeTopActivityInnerLocked]
04-10 01:25:07.361 1002 1177 I am_pss : [4203,10056,com.qualcomm.qti.qms.service.trustzoneaccess,5613568,3870720,0,91471872,0,19,13]
04-10 01:25:07.362 1002 1211 I wm_resume_activity: [0,247139416,12,com.android.launcher3/.uioverrides.QuickstepLauncher]
04-10 01:25:07.370 1002 1002 I power_screen_broadcast_send: 1
04-10 01:25:07.376 1002 1211 I sysui_multi_action: [757,1696,758,6,759,3]
04-10 01:25:07.379 1002 1177 I am_pss : [3460,10021,android.process.media,9654272,7688192,0,100499456,0,19,13]
04-10 01:25:07.380 2707 2707 I wm_on_restart_called: [247139416,com.android.launcher3.uioverrides.QuickstepLauncher,performRestartActivity]
04-10 01:25:07.380 2707 2707 I wm_on_start_called: [247139416,com.android.launcher3.uioverrides.QuickstepLauncher,handleStartActivity]
04-10 01:25:07.381 2707 2707 I wm_on_resume_called: [247139416,com.android.launcher3.uioverrides.QuickstepLauncher,RESUME_ACTIVITY]
04-10 01:25:07.381 2707 2707 I wm_on_top_resumed_gained_called: [247139416,com.android.launcher3.uioverrides.QuickstepLauncher,topWhenResuming]
04-10 01:25:07.401 1002 1002 I battery_saving_stats: [0,0,0,988,0,0,988,0,0]
04-10 01:25:07.419 1002 1163 I input_focus: [Focus request 73b612c com.android.launcher3/com.android.launcher3.uioverrides.QuickstepLauncher,reason=UpdateInputWindows]
04-10 01:25:07.431 1002 1177 I am_pss : [3404,10020,android.process.acore,13533184,10076160,0,116756480,0,19,14]
04-10 01:25:07.436 1002 1664 I input_interaction: Interaction with: edge-swipe (server), swipe-up (server), PointerEventDispatcher0 (server),
04-10 01:25:07.441 1002 1002 I power_screen_broadcast_done: [1,71,1]
04-10 01:25:07.459 1002 1181 I am_wtf : [0,1002,system_server,-1,DisplayDeviceConfig,requesting nits when no mapping exists.]
04-10 01:25:07.459 1002 1002 I sysui_multi_action: [757,198,758,1,759,1,1359,148,1694,1]
04-10 01:25:07.459 1002 1002 I power_screen_state: [1,0,0,0,148]
04-10 01:25:07.467 1002 1181 I am_wtf : [0,1002,system_server,-1,DisplayDeviceConfig,requesting nits when no mapping exists.]
04-10 01:25:07.515 1002 1664 I input_focus: [Focus entering 73b612c com.android.launcher3/com.android.launcher3.uioverrides.QuickstepLauncher (server),reason=Window became focusable. Previous reason: NOT_VISIBLE]
04-10 01:25:08.489 1002 1664 I input_interaction: Interaction with: 2d5abae StatusBar (server), edge-swipe (server), swipe-up (server), PointerEventDispatcher0 (server),
04-10 01:25:08.512 1995 1995 I sysui_multi_action: [757,803,799,panel_open,802,1]
04-10 01:25:08.517 1995 1995 I sysui_multi_action: [757,1328,758,4,1326,54,1327,1,1329,0]
04-10 01:25:08.526 1002 1509 I sysui_multi_action: [757,127,758,1]
04-10 01:25:08.526 1002 1509 I sysui_multi_action: [757,804,799,note_load,801,5,802,1]
04-10 01:25:08.527 1002 1509 I notification_panel_revealed: 5
04-10 01:25:08.542 1002 1163 I input_focus: [Focus request 10ef944 NotificationShade,reason=UpdateInputWindows]
04-10 01:25:08.559 1002 1510 I sysui_multi_action: [757,128,758,1,793,4562,794,0,795,4200,796,1,798,1,806,com.android.traceur,857,trace-is-being-recorded,858,4,947,0,1395,5,1500,4200,1688,1]
04-10 01:25:08.559 1002 1510 I sysui_multi_action: [757,804,799,note_freshness,801,4200,802,1]
04-10 01:25:08.559 1002 1510 I notification_visibility: [0|com.android.traceur|1|null|10035,1,4562,4200,0,1]
04-10 01:25:08.559 1995 1995 I sysui_multi_action: [757,111,758,1]
04-10 01:25:08.560 1995 1995 I sysui_multi_action: [757,268,758,1,759,268,806,com.android.traceur,871,com.android.traceur.QsService,927,0,1593,0]
04-10 01:25:08.560 1002 1510 I sysui_multi_action: [757,128,758,1,793,54089,794,0,795,54089,796,26,798,0,806,android,857,DEVELOPER_IMPORTANT,858,4,947,0,1395,5,1500,53497,1688,1]
04-10 01:25:08.560 1002 1510 I sysui_multi_action: [757,804,799,note_freshness,801,54089,802,1]
04-10 01:25:08.560 1995 1995 I sysui_multi_action: [757,126,758,1,759,126,927,1,928,1,1593,0]
04-10 01:25:08.560 1002 1510 I notification_visibility: [-1|android|26|null|1000,1,54089,54089,0,0]
04-10 01:25:08.560 1995 1995 I sysui_multi_action: [757,113,758,1,759,113,927,2,928,1,1593,1]
04-10 01:25:08.560 1995 1995 I sysui_multi_action: [757,0,758,1,759,0,927,3,928,0,1593,1]
04-10 01:25:08.560 1995 1995 I sysui_multi_action: [757,0,758,1,759,0,927,4,928,0,1593,1]
04-10 01:25:08.561 1995 1995 I sysui_multi_action: [757,491,758,1,759,491,927,5,928,0,1311,-1,1593,1]
04-10 01:25:08.561 1995 1995 I sysui_multi_action: [757,0,758,1,759,0,927,6,928,0,1593,1]
04-10 01:25:08.561 1995 1995 I sysui_multi_action: [757,0,758,1,759,0,927,7,1593,0]
04-10 01:25:08.561 1995 1995 I sysui_multi_action: [757,111,758,1]
04-10 01:25:08.561 1995 1995 I sysui_multi_action: [757,268,758,1,759,268,806,com.android.traceur,871,com.android.traceur.QsService,927,0,1593,1]
04-10 01:25:08.561 1995 1995 I sysui_multi_action: [757,126,758,1,759,126,927,1,928,1,1593,1]
04-10 01:25:08.561 1995 1995 I sysui_multi_action: [757,113,758,1,759,113,927,2,928,1,1593,1]
04-10 01:25:08.562 1995 1995 I sysui_multi_action: [757,0,758,1,759,0,927,3,928,0,1593,1]
04-10 01:25:08.562 1002 1510 I sysui_multi_action: [757,128,758,1,793,53004,794,0,795,53004,796,17303299,797,com.android.wifi,798,2,806,android,857,NETWORK_AVAILABLE,858,2,947,0,1395,5,1500,52787,1688,1]
04-10 01:25:08.562 1002 1510 I sysui_multi_action: [757,804,799,note_freshness,801,53004,802,1]
04-10 01:25:08.564 1002 1510 I notification_visibility: [0|android|17303299|com.android.wifi|1000,1,53004,53004,0,2]
04-10 01:25:08.564 1002 1510 I sysui_multi_action: [757,128,758,1,793,53929,794,0,795,53929,796,55,798,3,806,android,857,DEVELOPER,858,2,947,0,1395,5,1500,52992,1688,1]
04-10 01:25:08.564 1002 1510 I sysui_multi_action: [757,804,799,note_freshness,801,53929,802,1]
04-10 01:25:08.565 1002 1510 I notification_visibility: [-1|android|55|null|1000,1,53929,53929,0,3]
04-10 01:25:08.565 1002 1510 I sysui_multi_action: [757,128,758,1,793,58142,794,0,795,58142,796,32,798,4,806,android,857,USB,858,1,947,0,1395,5,1500,57327,1688,1]
04-10 01:25:08.566 1002 1510 I sysui_multi_action: [757,804,799,note_freshness,801,58142,802,1]
04-10 01:25:08.566 1002 1510 I notification_visibility: [-1|android|32|null|1000,1,58142,58142,0,4]
04-10 01:25:08.577 1002 1664 I input_focus: [Focus leaving 73b612c com.android.launcher3/com.android.launcher3.uioverrides.QuickstepLauncher (server),reason=setFocusedWindow]
04-10 01:25:08.578 1002 1664 I input_focus: [Focus entering 10ef944 NotificationShade (server),reason=setFocusedWindow]
04-10 01:25:09.311 1002 1664 I input_interaction: Interaction with: 10ef944 NotificationShade (server), edge-swipe (server), swipe-up (server), PointerEventDispatcher0 (server),
04-10 01:25:09.434 1002 1510 I intercept_power: [ACTION_DOWN,0,0]
04-10 01:25:09.495 1002 1510 I intercept_power: [ACTION_UP,0,0]
04-10 01:25:09.503 1002 1002 I power_sleep_requested: 0
04-10 01:25:09.539 1002 1177 I am_pss : [4035,10060,com.qualcomm.qti.qms.service.connectionsecurity,18820096,4440064,0,77578240,0,19,11]
04-10 01:25:09.580 1002 1211 I sysui_multi_action: [757,1696,758,6,759,0]
04-10 01:25:09.672 1002 1181 I am_wtf : [0,1002,system_server,-1,DisplayDeviceConfig,requesting nits when no mapping exists.]
04-10 01:25:09.677 1002 1211 I wm_pause_activity: [0,247139416,com.android.launcher3/.uioverrides.QuickstepLauncher,userLeaving=false,sleep]
04-10 01:25:09.679 2707 2707 I wm_on_top_resumed_lost_called: [247139416,com.android.launcher3.uioverrides.QuickstepLauncher,topStateChangedWhenResumed]
04-10 01:25:09.684 2707 2707 I wm_on_paused_called: [247139416,com.android.launcher3.uioverrides.QuickstepLauncher,performPause]
04-10 01:25:09.685 1002 2415 I wm_add_to_stopping: [0,247139416,com.android.launcher3/.uioverrides.QuickstepLauncher,completePauseLocked]
04-10 01:25:09.690 1002 1181 I service_manager_slow: [18,dropbox]
04-10 01:25:09.694 1002 1181 I am_wtf : [0,1002,system_server,-1,DisplayDeviceConfig,requesting nits when no mapping exists.]
04-10 01:25:09.697 1002 1161 I wm_stop_activity: [0,247139416,com.android.launcher3/.uioverrides.QuickstepLauncher]
04-10 01:25:09.706 1002 1161 I sysui_multi_action: [757,803,799,window_time_0,802,3]
04-10 01:25:09.707 1995 1995 I sysui_multi_action: [757,111,758,2]
04-10 01:25:09.708 1995 1995 I sysui_multi_action: [757,111,758,2]
04-10 01:25:09.716 2707 2707 I wm_on_stop_called: [247139416,com.android.launcher3.uioverrides.QuickstepLauncher,STOP_ACTIVITY_ITEM]
04-10 01:25:10.240 1002 1002 I sysui_multi_action: [757,198,758,2,759,2,1359,748,1695,4]
04-10 01:25:10.240 1002 1002 I power_screen_state: [0,2,0,0,748]
04-10 01:25:10.240 1002 1002 I screen_toggled: 0
04-10 01:25:10.240 1002 1002 I sysui_multi_action: [757,804,799,screen_timeout,801,60,802,1]
04-10 01:25:10.241 1002 1002 I sysui_multi_action: [757,1594,758,4,759,-2147483648,1359,2782]
04-10 01:25:10.242 1002 1002 I power_screen_broadcast_send: 1
04-10 01:25:10.275 1002 1002 I battery_saving_stats: [0,1,0,2874,0,0,58334,0,0]
04-10 01:25:10.286 1002 1510 I sysui_multi_action: [757,128,758,2,793,6289,794,1727,795,5927,796,1,798,1,806,com.android.traceur,857,trace-is-being-recorded,858,4,947,0,1395,5,1500,5927,1688,1]
04-10 01:25:10.287 1002 1510 I notification_visibility: [0|com.android.traceur|1|null|10035,0,6289,5927,0,1]
04-10 01:25:10.287 1002 1510 I sysui_multi_action: [757,128,758,2,793,55816,794,1727,795,55816,796,26,798,0,806,android,857,DEVELOPER_IMPORTANT,858,4,947,0,1395,5,1500,55224,1688,1]
04-10 01:25:10.287 1002 1510 I notification_visibility: [-1|android|26|null|1000,0,55816,55816,0,0]
04-10 01:25:10.287 1002 1510 I sysui_multi_action: [757,128,758,2,793,54729,794,1725,795,54729,796,17303299,797,com.android.wifi,798,2,806,android,857,NETWORK_AVAILABLE,858,2,947,0,1395,5,1500,54512,1688,1]
04-10 01:25:10.287 1002 1510 I notification_visibility: [0|android|17303299|com.android.wifi|1000,0,54729,54729,0,2]
04-10 01:25:10.288 1002 1510 I sysui_multi_action: [757,128,758,2,793,55653,794,1724,795,55653,796,55,798,3,806,android,857,DEVELOPER,858,2,947,0,1395,5,1500,54716,1688,1]
04-10 01:25:10.288 1002 1510 I notification_visibility: [-1|android|55|null|1000,0,55653,55653,0,3]
04-10 01:25:10.288 1002 1510 I sysui_multi_action: [757,128,758,2,793,59865,794,1723,795,59865,796,32,798,4,806,android,857,USB,858,1,947,0,1395,5,1500,59050,1688,1]
04-10 01:25:10.288 1002 1510 I notification_visibility: [-1|android|32|null|1000,0,59865,59865,0,4]
04-10 01:25:10.289 1002 2415 I sysui_multi_action: [757,127,758,2]
04-10 01:25:10.289 1002 2415 I notification_panel_hidden:
04-10 01:25:10.298 1002 1664 I input_focus: [Focus leaving 10ef944 NotificationShade (server),reason=NOT_FOCUSABLE]
04-10 01:25:10.309 1002 1002 I power_screen_broadcast_done: [0,67,1]
04-10 01:25:10.887 1002 1665 I intercept_power: [ACTION_DOWN,0,0]
04-10 01:25:10.912 1002 1002 I screen_toggled: 1
04-10 01:25:10.913 1002 1665 I intercept_power: [ACTION_UP,0,0]
04-10 01:25:10.917 1002 1211 I wm_set_resumed_activity: [0,com.android.launcher3/.uioverrides.QuickstepLauncher,resumeTopActivityInnerLocked]
04-10 01:25:10.919 1002 1211 I wm_resume_activity: [0,247139416,12,com.android.launcher3/.uioverrides.QuickstepLauncher]
04-10 01:25:10.930 1002 1002 I power_screen_broadcast_send: 1
04-10 01:25:10.934 1002 1211 I sysui_multi_action: [757,1696,758,6,759,3]
04-10 01:25:10.952 2707 2707 I wm_on_restart_called: [247139416,com.android.launcher3.uioverrides.QuickstepLauncher,performRestartActivity]
04-10 01:25:10.953 2707 2707 I wm_on_start_called: [247139416,com.android.launcher3.uioverrides.QuickstepLauncher,handleStartActivity]
04-10 01:25:10.953 2707 2707 I wm_on_resume_called: [247139416,com.android.launcher3.uioverrides.QuickstepLauncher,RESUME_ACTIVITY]
04-10 01:25:10.953 2707 2707 I wm_on_top_resumed_gained_called: [247139416,com.android.launcher3.uioverrides.QuickstepLauncher,topWhenResuming]
04-10 01:25:10.959 1426 2907 I liblog : 47
04-10 01:25:10.960 1426 2907 I liblog : 3
04-10 01:25:10.963 1002 1163 I input_focus: [Focus request 73b612c com.android.launcher3/com.android.launcher3.uioverrides.QuickstepLauncher,reason=UpdateInputWindows]
04-10 01:25:10.965 1426 2907 I liblog : 68
04-10 01:25:10.965 1426 2907 I liblog : 6
04-10 01:25:10.965 1426 2907 I liblog : 3
04-10 01:25:10.967 1002 1664 I input_interaction: Interaction with: edge-swipe (server), swipe-up (server), PointerEventDispatcher0 (server),
04-10 01:25:10.969 1426 2907 I liblog : 56
04-10 01:25:10.969 1426 2907 I liblog : 3
04-10 01:25:10.969 1426 2907 I liblog : 2
04-10 01:25:10.975 1426 1459 I liblog : 33
04-10 01:25:10.986 1002 1002 I battery_saving_stats: [0,0,0,711,0,0,1699,0,0]
04-10 01:25:11.020 1002 1002 I sysui_multi_action: [757,198,758,1,759,1,1359,135,1694,1]
04-10 01:25:11.020 1002 1002 I power_screen_state: [1,0,0,0,135]
04-10 01:25:11.021 1002 1181 I am_wtf : [0,1002,system_server,-1,DisplayDeviceConfig,requesting nits when no mapping exists.]
04-10 01:25:11.022 1002 1181 I am_wtf : [0,1002,system_server,-1,DisplayDeviceConfig,requesting nits when no mapping exists.]
04-10 01:25:11.032 1002 1664 I input_focus: [Focus entering 73b612c com.android.launcher3/com.android.launcher3.uioverrides.QuickstepLauncher (server),reason=setFocusedWindow]
04-10 01:25:11.035 1002 1002 I power_screen_broadcast_done: [1,105,1]
04-10 01:25:12.804 1002 1664 I input_interaction: Interaction with: 2d5abae StatusBar (server), edge-swipe (server), swipe-up (server), PointerEventDispatcher0 (server),
04-10 01:25:12.835 1995 1995 I sysui_multi_action: [757,803,799,panel_open,802,1]
04-10 01:25:12.836 1995 1995 I sysui_multi_action: [757,1328,758,4,1326,61,1327,0,1329,0]
04-10 01:25:12.840 1002 2415 I sysui_multi_action: [757,127,758,1]
04-10 01:25:12.841 1002 2415 I sysui_multi_action: [757,804,799,note_load,801,5,802,1]
04-10 01:25:12.841 1002 2415 I notification_panel_revealed: 5
04-10 01:25:12.855 1002 1163 I input_focus: [Focus request 10ef944 NotificationShade,reason=UpdateInputWindows]
04-10 01:25:12.872 1002 1510 I sysui_multi_action: [757,128,758,1,793,8875,794,0,795,8513,796,1,798,1,806,com.android.traceur,857,trace-is-being-recorded,858,4,947,0,1395,5,1500,8513,1688,1]
04-10 01:25:12.872 1002 1510 I sysui_multi_action: [757,804,799,note_freshness,801,8513,802,1]
04-10 01:25:12.873 1002 1510 I notification_visibility: [0|com.android.traceur|1|null|10035,1,8875,8513,0,1]
04-10 01:25:12.873 1002 1510 I sysui_multi_action: [757,128,758,1,793,58402,794,0,795,58402,796,26,798,0,806,android,857,DEVELOPER_IMPORTANT,858,4,947,0,1395,5,1500,57810,1688,1]
04-10 01:25:12.873 1995 1995 I sysui_multi_action: [757,111,758,1]
04-10 01:25:12.873 1002 1510 I sysui_multi_action: [757,804,799,note_freshness,801,58402,802,1]
04-10 01:25:12.873 1002 1510 I notification_visibility: [-1|android|26|null|1000,1,58402,58402,0,0]
04-10 01:25:12.873 1995 1995 I sysui_multi_action: [757,268,758,1,759,268,806,com.android.traceur,871,com.android.traceur.QsService,927,0,1593,0]
04-10 01:25:12.873 1995 1995 I sysui_multi_action: [757,126,758,1,759,126,927,1,928,1,1593,0]
04-10 01:25:12.873 1002 1510 I sysui_multi_action: [757,128,758,1,793,57315,794,0,795,57315,796,17303299,797,com.android.wifi,798,2,806,android,857,NETWORK_AVAILABLE,858,2,947,0,1395,5,1500,57098,1688,1]
04-10 01:25:12.874 1995 1995 I sysui_multi_action: [757,113,758,1,759,113,927,2,928,1,1593,0]
04-10 01:25:12.874 1002 1510 I sysui_multi_action: [757,804,799,note_freshness,801,57315,802,1]
04-10 01:25:12.874 1995 1995 I sysui_multi_action: [757,0,758,1,759,0,927,3,928,0,1593,0]
04-10 01:25:12.874 1002 1510 I notification_visibility: [0|android|17303299|com.android.wifi|1000,1,57315,57315,0,2]
04-10 01:25:12.874 1995 1995 I sysui_multi_action: [757,0,758,1,759,0,927,4,928,0,1593,0]
04-10 01:25:12.874 1002 1510 I sysui_multi_action: [757,128,758,1,793,58239,794,0,795,58239,796,55,798,3,806,android,857,DEVELOPER,858,2,947,0,1395,5,1500,57302,1688,1]
04-10 01:25:12.874 1002 1510 I sysui_multi_action: [757,804,799,note_freshness,801,58239,802,1]
04-10 01:25:12.874 1002 1510 I notification_visibility: [-1|android|55|null|1000,1,58239,58239,0,3]
04-10 01:25:12.875 1002 1510 I sysui_multi_action: [757,128,758,1,793,62451,794,0,795,62451,796,32,798,4,806,android,857,USB,858,1,947,0,1395,5,1500,61636,1688,1]
04-10 01:25:12.875 1995 1995 I sysui_multi_action: [757,491,758,1,759,491,927,5,928,0,1311,-1,1593,0]
04-10 01:25:12.875 1002 1510 I sysui_multi_action: [757,804,799,note_freshness,801,62451,802,1]
04-10 01:25:12.875 1995 1995 I sysui_multi_action: [757,0,758,1,759,0,927,6,928,0,1593,0]
04-10 01:25:12.875 1002 1510 I notification_visibility: [-1|android|32|null|1000,1,62451,62451,0,4]
04-10 01:25:12.875 1995 1995 I sysui_multi_action: [757,0,758,1,759,0,927,7,1593,0]
04-10 01:25:12.875 1995 1995 I sysui_multi_action: [757,111,758,1]
04-10 01:25:12.875 1995 1995 I sysui_multi_action: [757,268,758,1,759,268,806,com.android.traceur,871,com.android.traceur.QsService,927,0,1593,0]
04-10 01:25:12.875 1995 1995 I sysui_multi_action: [757,126,758,1,759,126,927,1,928,1,1593,0]
04-10 01:25:12.875 1995 1995 I sysui_multi_action: [757,113,758,1,759,113,927,2,928,1,1593,0]
04-10 01:25:12.876 1995 1995 I sysui_multi_action: [757,0,758,1,759,0,927,3,928,0,1593,1]
04-10 01:25:12.907 1002 1664 I input_focus: [Focus leaving 73b612c com.android.launcher3/com.android.launcher3.uioverrides.QuickstepLauncher (server),reason=setFocusedWindow]
04-10 01:25:12.907 1002 1664 I input_focus: [Focus entering 10ef944 NotificationShade (server),reason=setFocusedWindow]
04-10 01:25:13.709 1002 1664 I input_interaction: Interaction with: 10ef944 NotificationShade (server), edge-swipe (server), swipe-up (server), PointerEventDispatcher0 (server),
04-10 01:25:13.807 1002 2415 I intercept_power: [ACTION_DOWN,0,0]
04-10 01:25:13.874 1002 2415 I intercept_power: [ACTION_UP,0,0]
04-10 01:25:13.882 1002 1002 I power_sleep_requested: 0
04-10 01:25:13.953 1002 1211 I sysui_multi_action: [757,1696,758,6,759,0]
04-10 01:25:14.068 1002 1181 I am_wtf : [0,1002,system_server,-1,DisplayDeviceConfig,requesting nits when no mapping exists.]
04-10 01:25:14.070 1002 1181 I am_wtf : [0,1002,system_server,-1,DisplayDeviceConfig,requesting nits when no mapping exists.]
04-10 01:25:14.078 1002 1211 I wm_pause_activity: [0,247139416,com.android.launcher3/.uioverrides.QuickstepLauncher,userLeaving=false,sleep]
04-10 01:25:14.078 2707 2707 I wm_on_top_resumed_lost_called: [247139416,com.android.launcher3.uioverrides.QuickstepLauncher,topStateChangedWhenResumed]
04-10 01:25:14.090 1995 1995 I sysui_multi_action: [757,111,758,2]
04-10 01:25:14.090 1995 1995 I sysui_multi_action: [757,111,758,2]
04-10 01:25:14.108 2707 2707 I wm_on_paused_called: [247139416,com.android.launcher3.uioverrides.QuickstepLauncher,performPause]
04-10 01:25:14.110 1002 2854 I wm_add_to_stopping: [0,247139416,com.android.launcher3/.uioverrides.QuickstepLauncher,completePauseLocked]
04-10 01:25:14.124 1002 1161 I wm_stop_activity: [0,247139416,com.android.launcher3/.uioverrides.QuickstepLauncher]
04-10 01:25:14.129 1002 1161 I sysui_multi_action: [757,803,799,window_time_0,802,5]
04-10 01:25:14.143 1002 1070 I sysui_multi_action: [757,128,758,2,793,10146,794,1271,795,9784,796,1,798,1,806,com.android.traceur,857,trace-is-being-recorded,858,4,947,0,1395,5,1500,9784,1688,1]
04-10 01:25:14.144 1002 1070 I notification_visibility: [0|com.android.traceur|1|null|10035,0,10146,9784,0,1]
04-10 01:25:14.147 1002 1070 I sysui_multi_action: [757,128,758,2,793,59676,794,1274,795,59676,796,26,798,0,806,android,857,DEVELOPER_IMPORTANT,858,4,947,0,1395,5,1500,59084,1688,1]
04-10 01:25:14.147 1002 1070 I notification_visibility: [-1|android|26|null|1000,0,59676,59676,0,0]
04-10 01:25:14.147 1002 1070 I sysui_multi_action: [757,128,758,2,793,58589,794,1274,795,58589,796,17303299,797,com.android.wifi,798,2,806,android,857,NETWORK_AVAILABLE,858,2,947,0,1395,5,1500,58372,1688,1]
04-10 01:25:14.148 1002 1070 I notification_visibility: [0|android|17303299|com.android.wifi|1000,0,58589,58589,0,2]
04-10 01:25:14.148 1002 1070 I sysui_multi_action: [757,128,758,2,793,59513,794,1274,795,59513,796,55,798,3,806,android,857,DEVELOPER,858,2,947,0,1395,5,1500,58576,1688,1]
04-10 01:25:14.148 1002 1070 I notification_visibility: [-1|android|55|null|1000,0,59513,59513,0,3]
04-10 01:25:14.148 1002 1070 I sysui_multi_action: [757,128,758,2,793,63725,794,1274,795,63725,796,32,798,4,806,android,857,USB,858,1,947,0,1395,5,1500,62910,1688,1]
04-10 01:25:14.148 1002 1070 I notification_visibility: [-1|android|32|null|1000,0,63725,63725,0,4]
04-10 01:25:14.149 1002 1509 I sysui_multi_action: [757,127,758,2]
04-10 01:25:14.149 1002 1509 I notification_panel_hidden:
04-10 01:25:14.162 1002 1002 I sysui_multi_action: [757,198,758,2,759,2,1359,289,1695,4]
04-10 01:25:14.163 1002 1002 I power_screen_state: [0,2,0,0,289]
04-10 01:25:14.163 1002 1002 I screen_toggled: 0
04-10 01:25:14.163 1002 1002 I sysui_multi_action: [757,804,799,screen_timeout,801,60,802,1]
04-10 01:25:14.164 2707 2707 I wm_on_stop_called: [247139416,com.android.launcher3.uioverrides.QuickstepLauncher,STOP_ACTIVITY_ITEM]
04-10 01:25:14.168 1002 1664 I input_focus: [Focus leaving 10ef944 NotificationShade (server),reason=NOT_FOCUSABLE]
04-10 01:25:14.168 1002 1002 I sysui_multi_action: [757,1594,758,4,759,-2147483648,1359,3148]
04-10 01:25:14.168 1002 1002 I power_screen_broadcast_send: 1
04-10 01:25:14.183 1002 1002 I battery_saving_stats: [0,1,0,3197,0,0,61531,0,0]
04-10 01:25:14.200 1002 1002 I power_screen_broadcast_done: [0,32,1]
04-10 01:25:14.683 1002 1665 I intercept_power: [ACTION_DOWN,0,0]
04-10 01:25:14.700 1002 1002 I screen_toggled: 1
04-10 01:25:14.700 1002 1665 I intercept_power: [ACTION_UP,0,0]
04-10 01:25:14.701 1002 1002 I power_screen_broadcast_send: 1
04-10 01:25:14.712 1002 1211 I wm_set_resumed_activity: [0,com.android.launcher3/.uioverrides.QuickstepLauncher,resumeTopActivityInnerLocked]
04-10 01:25:14.714 1002 1211 I wm_resume_activity: [0,247139416,12,com.android.launcher3/.uioverrides.QuickstepLauncher]
04-10 01:25:14.726 1002 1211 I sysui_multi_action: [757,1696,758,6,759,3]
04-10 01:25:14.738 1002 1002 I battery_saving_stats: [0,0,0,555,0,0,2254,0,0]
04-10 01:25:14.746 2707 2707 I wm_on_restart_called: [247139416,com.android.launcher3.uioverrides.QuickstepLauncher,performRestartActivity]
04-10 01:25:14.747 2707 2707 I wm_on_start_called: [247139416,com.android.launcher3.uioverrides.QuickstepLauncher,handleStartActivity]
04-10 01:25:14.749 2707 2707 I wm_on_resume_called: [247139416,com.android.launcher3.uioverrides.QuickstepLauncher,RESUME_ACTIVITY]
04-10 01:25:14.749 2707 2707 I wm_on_top_resumed_gained_called: [247139416,com.android.launcher3.uioverrides.QuickstepLauncher,topWhenResuming]
04-10 01:25:14.773 1002 1163 I input_focus: [Focus request 73b612c com.android.launcher3/com.android.launcher3.uioverrides.QuickstepLauncher,reason=UpdateInputWindows]
04-10 01:25:14.781 1002 1002 I power_screen_broadcast_done: [1,80,1]
04-10 01:25:14.805 1002 1181 I am_wtf : [0,1002,system_server,-1,DisplayDeviceConfig,requesting nits when no mapping exists.]
04-10 01:25:14.805 1002 1002 I sysui_multi_action: [757,198,758,1,759,1,1359,126,1694,1]
04-10 01:25:14.805 1002 1002 I power_screen_state: [1,0,0,0,126]
04-10 01:25:14.814 1002 1181 I am_wtf : [0,1002,system_server,-1,DisplayDeviceConfig,requesting nits when no mapping exists.]
04-10 01:25:14.815 1002 1664 I input_interaction: Interaction with: edge-swipe (server), swipe-up (server), PointerEventDispatcher0 (server),
04-10 01:25:14.820 1002 1664 I input_focus: [Focus entering 73b612c com.android.launcher3/com.android.launcher3.uioverrides.QuickstepLauncher (server),reason=setFocusedWindow]
04-10 01:25:19.807 1002 1664 I input_interaction: Interaction with: 73b612c com.android.launcher3/com.android.launcher3.uioverrides.QuickstepLauncher (server), 58d616e com.android.systemui.ImageWallpaper (server), edge-swipe (server), swipe-up (server), PointerEventDispatcher0 (server),
04-10 01:25:23.759 3040 3040 I auditd : type=1400 audit(0.0:190): avc: granted { read } for comm=4173796E635461736B20233137 name="arp" dev="proc" ino=4026532256 scontext=u:r:platform_app:s0:c512,c768 tcontext=u:object_r:proc_net:s0 tclass=file app=com.hht.lebocast
04-10 01:25:23.759 3040 3040 I auditd : type=1400 audit(0.0:191): avc: granted { read open } for comm=4173796E635461736B20233137 path="/proc/3040/net/arp" dev="proc" ino=4026532256 scontext=u:r:platform_app:s0:c512,c768 tcontext=u:object_r:proc_net:s0 tclass=file app=com.hht.lebocast
04-10 01:25:23.759 3040 3040 I auditd : type=1400 audit(0.0:192): avc: granted { getattr } for comm=4173796E635461736B20233137 path="/proc/3040/net/arp" dev="proc" ino=4026532256 scontext=u:r:platform_app:s0:c512,c768 tcontext=u:object_r:proc_net:s0 tclass=file app=com.hht.lebocast
04-10 01:25:23.759 3040 3040 I auditd : type=1400 audit(0.0:193): avc: granted { getattr } for comm=4173796E635461736B20233137 path="/proc/3040/net/arp" dev="proc" ino=4026532256 scontext=u:r:platform_app:s0:c512,c768 tcontext=u:object_r:proc_net:s0 tclass=file app=com.hht.lebocast
04-10 01:25:24.836 1002 1181 I am_uid_idle: 10020
04-10 01:25:31.964 1002 1636 I commit_sys_config_file: [settings-1-0,11]
04-10 01:25:35.394 1002 1181 I am_uid_idle: 10068
04-10 01:25:36.567 1002 2854 I sysui_multi_action: [757,127,758,1]
04-10 01:25:36.568 1002 2854 I sysui_multi_action: [757,804,799,note_load,801,5,802,1]
04-10 01:25:36.569 1002 2854 I notification_panel_revealed: 5
04-10 01:25:36.598 1002 1163 I input_focus: [Focus request 10ef944 NotificationShade,reason=UpdateInputWindows]
04-10 01:25:36.620 1002 2854 I sysui_multi_action: [757,128,758,1,793,32622,794,0,795,32260,796,1,798,1,806,com.android.traceur,857,trace-is-being-recorded,858,4,947,0,1395,5,1500,32260,1688,1]
04-10 01:25:36.620 1002 2854 I sysui_multi_action: [757,804,799,note_freshness,801,32260,802,1]
04-10 01:25:36.620 1002 2854 I notification_visibility: [0|com.android.traceur|1|null|10035,1,32622,32260,0,1]
04-10 01:25:36.620 1002 2854 I sysui_multi_action: [757,128,758,1,793,82149,794,0,795,82149,796,26,798,0,806,android,857,DEVELOPER_IMPORTANT,858,4,947,0,1395,5,1500,81557,1688,1]
04-10 01:25:36.621 1002 2854 I sysui_multi_action: [757,804,799,note_freshness,801,82149,802,1]
04-10 01:25:36.621 1002 2854 I notification_visibility: [-1|android|26|null|1000,1,82149,82149,0,0]
04-10 01:25:36.621 1002 2854 I sysui_multi_action: [757,128,758,1,793,81063,794,0,795,81063,796,17303299,797,com.android.wifi,798,2,806,android,857,NETWORK_AVAILABLE,858,2,947,0,1395,5,1500,80846,1688,1]
04-10 01:25:36.621 1002 2854 I sysui_multi_action: [757,804,799,note_freshness,801,81063,802,1]
04-10 01:25:36.621 1002 2854 I notification_visibility: [0|android|17303299|com.android.wifi|1000,1,81063,81063,0,2]
04-10 01:25:36.621 1002 2854 I sysui_multi_action: [757,128,758,1,793,81986,794,0,795,81986,796,55,798,3,806,android,857,DEVELOPER,858,2,947,0,1395,5,1500,81049,1688,1]
04-10 01:25:36.622 1002 2854 I sysui_multi_action: [757,804,799,note_freshness,801,81986,802,1]
04-10 01:25:36.622 1002 2854 I notification_visibility: [-1|android|55|null|1000,1,81986,81986,0,3]
04-10 01:25:36.623 1002 2854 I sysui_multi_action: [757,128,758,1,793,86200,794,0,795,86200,796,32,798,4,806,android,857,USB,858,1,947,0,1395,5,1500,85385,1688,1]
04-10 01:25:36.623 1002 2854 I sysui_multi_action: [757,804,799,note_freshness,801,86200,802,1]
04-10 01:25:36.624 1002 2854 I notification_visibility: [-1|android|32|null|1000,1,86200,86200,0,4]
04-10 01:25:36.627 1002 1664 I input_focus: [Focus leaving 73b612c com.android.launcher3/com.android.launcher3.uioverrides.QuickstepLauncher (server),reason=Waiting for window because NOT_VISIBLE]
04-10 01:25:36.639 1002 1664 I input_focus: [Focus entering 10ef944 NotificationShade (server),reason=Window became focusable. Previous reason: NOT_VISIBLE]
04-10 01:25:36.643 1002 1664 I input_interaction: Interaction with: 73b612c com.android.launcher3/com.android.launcher3.uioverrides.QuickstepLauncher (server), 58d616e com.android.systemui.ImageWallpaper (server), 10ef944 NotificationShade (server), edge-swipe (server), swipe-up (server), PointerEventDispatcher0 (server),
04-10 01:25:36.644 2707 2707 I view_enqueue_input_event: [Motion - Cancel,com.android.launcher3/com.android.launcher3.uioverrides.QuickstepLauncher]
04-10 01:25:36.649 1995 1995 I sysui_multi_action: [757,803,799,panel_open,802,1]
04-10 01:25:36.650 1995 1995 I sysui_multi_action: [757,1328,758,4,1326,44,1327,44,1329,0]
04-10 01:25:36.653 1002 1664 I input_interaction: Interaction with: 58d616e com.android.systemui.ImageWallpaper (server), 10ef944 NotificationShade (server), edge-swipe (server), swipe-up (server), PointerEventDispatcher0 (server),
04-10 01:25:36.679 1995 1995 I sysui_latency: [0,126]
04-10 01:25:36.973 1995 1995 I sysui_multi_action: [757,111,758,1]
04-10 01:25:36.974 1995 1995 I sysui_multi_action: [757,268,758,1,759,268,806,com.android.traceur,871,com.android.traceur.QsService,927,0,1593,1]
04-10 01:25:36.974 1995 1995 I sysui_multi_action: [757,126,758,1,759,126,927,1,928,1,1593,1]
04-10 01:25:36.975 1995 1995 I sysui_multi_action: [757,113,758,1,759,113,927,2,928,1,1593,1]
04-10 01:25:36.975 1995 1995 I sysui_multi_action: [757,0,758,1,759,0,927,3,928,0,1593,1]
04-10 01:25:36.975 1995 1995 I sysui_multi_action: [757,0,758,1,759,0,927,4,928,0,1593,1]
04-10 01:25:36.976 1995 1995 I sysui_multi_action: [757,491,758,1,759,491,927,5,928,0,1311,-1,1593,1]
04-10 01:25:36.976 1995 1995 I sysui_multi_action: [757,0,758,1,759,0,927,6,928,0,1593,1]
04-10 01:25:36.977 1995 1995 I sysui_multi_action: [757,0,758,1,759,0,927,7,1593,1]
04-10 01:25:36.977 1995 1995 I sysui_multi_action: [757,111,758,1]
04-10 01:25:36.977 1995 1995 I sysui_multi_action: [757,268,758,1,759,268,806,com.android.traceur,871,com.android.traceur.QsService,927,0,1593,1]
04-10 01:25:36.977 1995 1995 I sysui_multi_action: [757,126,758,1,759,126,927,1,928,1,1593,1]
04-10 01:25:36.978 1995 1995 I sysui_multi_action: [757,113,758,1,759,113,927,2,928,1,1593,1]
04-10 01:25:36.978 1995 1995 I sysui_multi_action: [757,0,758,1,759,0,927,3,928,0,1593,1]
04-10 01:25:37.598 1995 1995 I sysui_multi_action: [757,111,758,2]
04-10 01:25:37.598 1995 1995 I sysui_multi_action: [757,111,758,2]
04-10 01:25:38.483 1002 1163 I input_focus: [Focus request 73b612c com.android.launcher3/com.android.launcher3.uioverrides.QuickstepLauncher,reason=UpdateInputWindows]
04-10 01:25:38.496 1002 2439 I sysui_multi_action: [757,128,758,2,793,34498,794,1876,795,34136,796,1,798,1,806,com.android.traceur,857,trace-is-being-recorded,858,4,947,0,1395,5,1500,34136,1688,1]
04-10 01:25:38.496 1002 2439 I notification_visibility: [0|com.android.traceur|1|null|10035,0,34498,34136,0,1]
04-10 01:25:38.497 1002 2439 I sysui_multi_action: [757,128,758,2,793,84026,794,1877,795,84026,796,26,798,0,806,android,857,DEVELOPER_IMPORTANT,858,4,947,0,1395,5,1500,83434,1688,1]
04-10 01:25:38.497 1002 2439 I notification_visibility: [-1|android|26|null|1000,0,84026,84026,0,0]
04-10 01:25:38.497 1002 2439 I sysui_multi_action: [757,128,758,2,793,82939,794,1876,795,82939,796,17303299,797,com.android.wifi,798,2,806,android,857,NETWORK_AVAILABLE,858,2,947,0,1395,5,1500,82722,1688,1]
04-10 01:25:38.498 1002 2439 I notification_visibility: [0|android|17303299|com.android.wifi|1000,0,82939,82939,0,2]
