04-10 01:29:03.673 1002 1664 I input_interaction: Interaction with: 2d5abae StatusBar (server), edge-swipe (server), swipe-up (server), PointerEventDispatcher0 (server),
04-10 01:29:03.679 1002 1664 D PowerManagerNotifier: onUserActivity: event=2, uid=1000
04-10 01:29:03.680 1002 1664 D DisplayPowerController[0]: requestPowerState: policy=BRIGHT, useProximitySensor=false, screenBrightnessOverride=NaN, useAutoBrightness=true, screenAutoBrightnessAdjustmentOverride=NaN, screenLowPowerBrightnessFactor=1.0, blockScreenOn=false, lowPowerMode=false, boostScreenBrightness=false, dozeScreenBrightness=NaN, dozeScreenState=UNKNOWN, waitForNegativeProximity=false
04-10 01:29:03.680 1002 1664 D PowerManagerNotifier: onScreenPolicyUpdate: newPolicy=3
04-10 01:29:03.683 1002 1002 I service_manager_stats: [100,233,35861]
04-10 01:29:03.693 1995 1995 I sysui_multi_action: [757,803,799,panel_open,802,1]
04-10 01:29:03.697 1995 1995 I sysui_multi_action: [757,1328,758,4,1326,52,1327,1,1329,0]
04-10 01:29:03.705 1995 1995 D StatusBar: disable disable2
04-10 01:29:03.706 1002 2415 I sysui_multi_action: [757,127,758,1]
04-10 01:29:03.706 1002 2415 I sysui_multi_action: [757,804,799,note_load,801,6,802,1]
04-10 01:29:03.707 1002 2415 I notification_panel_revealed: 6
04-10 01:29:03.722 1002 1163 I input_focus: [Focus request 10ef944 NotificationShade,reason=UpdateInputWindows]
04-10 01:29:03.747 1995 1995 I sysui_multi_action: [757,111,758,1]
04-10 01:29:03.747 1995 1995 I sysui_multi_action: [757,268,758,1,759,268,806,com.android.traceur,871,com.android.traceur.QsService,927,0,1593,1]
04-10 01:29:03.747 1995 1995 I sysui_multi_action: [757,126,758,1,759,126,927,1,928,1,1593,1]
04-10 01:29:03.748 1995 1995 I sysui_multi_action: [757,113,758,1,759,113,927,2,928,1,1593,1]
04-10 01:29:03.748 1995 1995 I sysui_multi_action: [757,0,758,1,759,0,927,3,928,0,1593,1]
04-10 01:29:03.748 1995 1995 I sysui_multi_action: [757,0,758,1,759,0,927,4,928,0,1593,1]
04-10 01:29:03.748 1002 1664 I input_focus: [Focus leaving 73b612c com.android.launcher3/com.android.launcher3.uioverrides.QuickstepLauncher (server),reason=Waiting for window because NOT_VISIBLE]
04-10 01:29:03.748 1995 1995 I sysui_multi_action: [757,491,758,1,759,491,927,5,928,0,1311,-1,1593,1]
04-10 01:29:03.748 1995 1995 I sysui_multi_action: [757,0,758,1,759,0,927,6,928,0,1593,1]
04-10 01:29:03.748 1995 1995 I sysui_multi_action: [757,0,758,1,759,0,927,7,1593,1]
04-10 01:29:03.749 1995 1995 I sysui_multi_action: [757,111,758,1]
04-10 01:29:03.749 1995 1995 I sysui_multi_action: [757,268,758,1,759,268,806,com.android.traceur,871,com.android.traceur.QsService,927,0,1593,1]
04-10 01:29:03.749 1995 1995 I sysui_multi_action: [757,126,758,1,759,126,927,1,928,1,1593,1]
04-10 01:29:03.749 1995 1995 I sysui_multi_action: [757,113,758,1,759,113,927,2,928,1,1593,1]
04-10 01:29:03.749 1995 1995 I sysui_multi_action: [757,0,758,1,759,0,927,3,928,0,1593,1]
04-10 01:29:03.755 1002 1070 I sysui_multi_action: [757,128,758,1,793,70092,794,0,795,69746,796,1,798,2,806,com.android.traceur,857,trace-is-being-recorded,858,4,947,0,1395,6,1500,69746,1688,1]
04-10 01:29:03.756 1002 1070 I sysui_multi_action: [757,804,799,note_freshness,801,69746,802,1]
04-10 01:29:03.756 1002 1070 I notification_visibility: [0|com.android.traceur|1|null|10035,1,70092,69746,0,2]
04-10 01:29:03.757 1002 1070 I sysui_multi_action: [757,128,758,1,793,289285,794,0,795,289285,796,26,798,0,806,android,857,DEVELOPER_IMPORTANT,858,4,947,0,1395,6,1500,288693,1688,1]
04-10 01:29:03.757 1002 1070 I sysui_multi_action: [757,804,799,note_freshness,801,289285,802,1]
04-10 01:29:03.757 1002 1070 I notification_visibility: [-1|android|26|null|1000,1,289285,289285,0,0]
04-10 01:29:03.757 1002 1070 I sysui_multi_action: [757,128,758,1,793,288199,794,0,795,288199,796,17303299,797,com.android.wifi,798,3,806,android,857,NETWORK_AVAILABLE,858,2,947,0,1395,6,1500,287982,1688,1]
04-10 01:29:03.758 1002 1070 I sysui_multi_action: [757,804,799,note_freshness,801,288199,802,1]
04-10 01:29:03.758 1002 1070 I notification_visibility: [0|android|17303299|com.android.wifi|1000,1,288199,288199,0,3]
04-10 01:29:03.759 1002 1070 I sysui_multi_action: [757,128,758,1,793,163439,794,0,795,163439,796,0,797,trace-kona-SKQ1.220201.001-2023-04-10-01-26-18.perfetto-trace,798,1,806,com.android.traceur,857,system-tracing,858,4,947,0,1395,6,1500,163232,1688,1]
04-10 01:29:03.759 1002 1070 I sysui_multi_action: [757,804,799,note_freshness,801,163439,802,1]
04-10 01:29:03.759 1002 1070 I notification_visibility: [0|com.android.traceur|0|trace-kona-SKQ1.220201.001-2023-04-10-01-26-18.perfetto-trace|10035,1,163439,163439,0,1]
04-10 01:29:03.760 1002 1070 I sysui_multi_action: [757,128,758,1,793,289125,794,0,795,289125,796,55,798,4,806,android,857,DEVELOPER,858,2,947,0,1395,6,1500,288188,1688,1]
04-10 01:29:03.760 1002 1070 I sysui_multi_action: [757,804,799,note_freshness,801,289125,802,1]
04-10 01:29:03.760 1002 1070 I notification_visibility: [-1|android|55|null|1000,1,289125,289125,0,4]
04-10 01:29:03.761 1995 4457 I OpenGLRenderer: Davey! duration=9223371698267ms; Flags=1, FrameTimelineVsyncId=-1, IntendedVsync=338586539817, Vsync=338586567212, InputEventId=0, HandleInputStart=338586573931, AnimationStart=338599290390, PerformTraversalsStart=338599941275, DrawStart=338618900702, FrameDeadline=9223372036854775807, FrameInterval=338586567212, FrameStartTime=16666666, SyncQueued=338620224973, SyncStart=338620557160, IssueDrawCommandsStart=338621212629, SwapBuffers=338624246692, FrameCompleted=9223372036854775807, DequeueBufferDuration=116771, QueueBufferDuration=3219271, GpuCompleted=9223372036854775807, SwapBuffersCompleted=338629414348, DisplayPresentTime=319647525345,
04-10 01:29:03.762 1002 1070 I sysui_multi_action: [757,128,758,1,793,293339,794,0,795,293339,796,32,798,5,806,android,857,USB,858,1,947,0,1395,6,1500,292524,1688,1]
04-10 01:29:03.762 1002 1070 I sysui_multi_action: [757,804,799,note_freshness,801,293339,802,1]
04-10 01:29:03.763 1002 1070 I notification_visibility: [-1|android|32|null|1000,1,293339,293339,0,5]
04-10 01:29:03.763 1002 1664 I input_focus: [Focus entering 10ef944 NotificationShade (server),reason=Window became focusable. Previous reason: NOT_VISIBLE]
04-10 01:29:04.258 3040 3973 W hpplay-java: [ServerTaskManager]:IPManager:getActiveNets invalid networkInfo:null
04-10 01:29:04.259 3040 3973 I hpplay-java: [ServerTaskManager]:IPManager:getActiveNets eth0:false wifi:false mobile:false ap:false
04-10 01:29:04.259 3040 3973 I hpplay-java: [ServerTaskManager]:ServerTaskManager:get local ip:null
04-10 01:29:04.268 2968 2968 W adbd : timeout expired while flushing socket, closing
01-06 09:04:18.227 0 0 W logd : SocketClient: write error (Broken pipe)
04-10 01:29:04.298 649 662 I mpu_uart: [MSG-P:RECV]:No message received in 1000 ms
04-10 01:29:04.354 649 661 I mpu_uart: [MSG-P:R]:recv sync frame timeout
04-10 01:29:04.523 1995 4634 W FrameTracker: Missed App frame:72
04-10 01:29:04.523 1995 4634 W FrameTracker: Missed SF frame:66
04-10 01:29:04.523 1995 4634 W FrameTracker: Missed SF frame:66
04-10 01:29:04.524 1995 4634 W FrameTracker: Missed SF frame:66
04-10 01:29:04.524 1995 4634 W FrameTracker: Missed SF frame:66
04-10 01:29:04.524 1995 4634 W FrameTracker: Missed SF frame:66
04-10 01:29:04.524 1995 4634 W FrameTracker: Missed SF frame:66
04-10 01:29:04.524 1995 4634 W FrameTracker: Missed SF frame:66
04-10 01:29:04.524 1995 4634 W FrameTracker: Missed SF frame:66
04-10 01:29:04.524 1995 4634 W FrameTracker: Missed SF frame:66
04-10 01:29:04.524 1995 4634 W FrameTracker: Missed SF frame:66
04-10 01:29:04.526 1995 3033 V PerfettoTrigger: Not triggering com.android.telemetry.interaction-jank-monitor-0 - not enough time since last trigger
04-10 01:29:04.613 1002 1664 I input_interaction: Interaction with: 10ef944 NotificationShade (server), edge-swipe (server), swipe-up (server), PointerEventDispatcher0 (server),
04-10 01:29:04.618 1002 1664 D PowerManagerNotifier: onUserActivity: event=2, uid=1000
04-10 01:29:04.620 1002 1664 D DisplayPowerController[0]: requestPowerState: policy=BRIGHT, useProximitySensor=false, screenBrightnessOverride=NaN, useAutoBrightness=true, screenAutoBrightnessAdjustmentOverride=NaN, screenLowPowerBrightnessFactor=1.0, blockScreenOn=false, lowPowerMode=false, boostScreenBrightness=false, dozeScreenBrightness=NaN, dozeScreenState=UNKNOWN, waitForNegativeProximity=false
04-10 01:29:04.620 1002 1664 D PowerManagerNotifier: onScreenPolicyUpdate: newPolicy=3
04-10 01:29:04.729 1002 1664 D PowerManagerNotifier: onUserActivity: event=2, uid=1000
04-10 01:29:04.730 1002 1664 D DisplayPowerController[0]: requestPowerState: policy=BRIGHT, useProximitySensor=false, screenBrightnessOverride=NaN, useAutoBrightness=true, screenAutoBrightnessAdjustmentOverride=NaN, screenLowPowerBrightnessFactor=1.0, blockScreenOn=false, lowPowerMode=false, boostScreenBrightness=false, dozeScreenBrightness=NaN, dozeScreenState=UNKNOWN, waitForNegativeProximity=false
04-10 01:29:04.730 1002 1664 D PowerManagerNotifier: onScreenPolicyUpdate: newPolicy=3
04-10 01:29:04.752 1995 1995 I sysui_multi_action: [757,925,758,4,759,268,806,com.android.traceur,871,com.android.traceur.QsService,927,0,1592,0,1593,1]
04-10 01:29:04.759 1002 1068 W WindowManager: addWindowToken: Attempted to add binder token: android.os.BinderProxy@cd1f039 for already created window token: WindowToken{1aad67e android.os.BinderProxy@cd1f039} displayId=0
04-10 01:29:04.783 3181 3181 V Traceur : exec: null [sh, -c, perfetto --is_detached=traceur]
04-10 01:29:04.800 1002 1068 I sysui_multi_action: [757,128,758,2,793,294376,794,1037,795,294376,796,32,798,5,806,android,857,USB,858,1,947,0,1395,6,1500,293561,1688,1]
04-10 01:29:04.800 1002 1068 I notification_visibility: [-1|android|32|null|1000,0,294376,294376,0,5]
04-10 01:29:04.966 1002 1068 I ActivityManager: Background started FGS: Allowed [callingPackage: com.android.traceur; callingUid: 10035; uidState: CEM ; intent: Intent { act=com.android.traceur.STOP_TRACING cmp=com.android.traceur/.TraceService }; code:ACTIVITY_STARTER; tempAllowListReason:; targetSdkVersion:31; callerTargetSdkVersion:31; startForegroundCount:0; bindFromPackage:null]
04-10 01:29:04.968 1002 1068 I am_uid_active: 10035
04-10 01:29:04.974 1002 1068 D CompatibilityInfo: mCompatibilityFlags - 4
04-10 01:29:04.974 1002 1068 D CompatibilityInfo: applicationDensity - 240
04-10 01:29:04.974 1002 1068 D CompatibilityInfo: applicationScale - 1.0
04-10 01:29:04.994 3181 4918 V Traceur : Stopping perfetto trace.
04-10 01:29:04.994 3181 4918 V Traceur : exec: null [sh, -c, perfetto --is_detached=traceur]
04-10 01:29:04.995 1002 1002 I sysui_multi_action: [757,128,758,5,759,8,793,71332,794,1240,795,70986,796,1,806,com.android.traceur,857,trace-is-being-recorded,858,4,947,0,1500,70986,1688,1]
04-10 01:29:04.999 1002 1002 I notification_canceled: [0|com.android.traceur|1|null|10035,8,71332,70986,1240,-1,-1,NULL]
04-10 01:29:04.999 1002 1002 I notification_enqueue: [10035,3181,com.android.traceur,2,NULL,0,Notification(channel=system-tracing shortcut=null contentView=null vibrate=null sound=null tick defaults=0x0 flags=0x140 color=0x00000000 vis=PRIVATE),0]
04-10 01:29:05.030 1995 2287 D PeopleSpaceWidgetMgr: Sbn doesn't contain valid PeopleTileKey: null/0/com.android.traceur
04-10 01:29:05.111 3181 4918 V Traceur : exec: null [sh, -c, perfetto --stop --attach=traceur]
04-10 01:29:05.194 1256 1256 I perfetto: probes_producer.cc:340 Producer stop (id=6)
04-10 01:29:05.202 1002 1002 I sysui_multi_action: [757,1501,758,1,793,207,794,0,795,207,796,2,806,com.android.traceur,857,system-tracing,858,4,947,0,1500,0,1688,1]
04-10 01:29:05.202 1002 1002 I sysui_multi_action: [757,804,799,note_interruptive,801,0,802,1]
04-10 01:29:05.203 1002 1002 I GameModeConfig: isGameModeOn = false
04-10 01:29:05.205 1002 1002 I sysui_multi_action: [757,1501,758,1,793,211,794,0,795,211,796,2,806,com.android.traceur,857,system-tracing,858,4,947,0,1500,0,1688,1]
04-10 01:29:05.207 1002 4927 D DisplayPowerController[0]: requestPowerState: policy=BRIGHT, useProximitySensor=false, screenBrightnessOverride=NaN, useAutoBrightness=true, screenAutoBrightnessAdjustmentOverride=NaN, screenLowPowerBrightnessFactor=1.0, blockScreenOn=false, lowPowerMode=false, boostScreenBrightness=false, dozeScreenBrightness=NaN, dozeScreenState=UNKNOWN, waitForNegativeProximity=false
04-10 01:29:05.207 1002 4927 D PowerManagerNotifier: onScreenPolicyUpdate: newPolicy=3
04-10 01:29:05.209 1002 4927 D PowerManagerNotifier: onWakeLockAcquired: flags=1, tag="*vibrator*", packageName=android, ownerUid=1000, ownerPid=1002, workSource=WorkSource{1000}
04-10 01:29:05.209 1002 1002 I sysui_multi_action: [757,804,799,note_interruptive,801,0,802,1]
04-10 01:29:05.210 1002 1002 I sysui_multi_action: [757,199,758,1,759,1,793,216,794,0,795,216,796,2,806,com.android.traceur,857,system-tracing,858,4,947,0,1500,5,1688,1]
04-10 01:29:05.210 1002 1002 I notification_alert: [0|com.android.traceur|2|null|10035,1,0,0]
04-10 01:29:05.211 990 990 D vendor.qti.vibrator: Vibrator on for timeoutMs: 350
04-10 01:29:05.213 990 4928 D vendor.qti.vibrator: Starting on on another thread
04-10 01:29:05.214 1002 1002 W NotificationHistory: Attempted to add notif for locked/gone/disabled user 0
04-10 01:29:05.230 1995 1995 D InterruptionStateProvider: No bubble up: not allowed to bubble: 0|com.android.traceur|2|null|10035
01-06 09:04:19.185 0 0 I perfetto: disabled ftrace
04-10 01:29:05.232 1995 1995 W NotifBindPipeline: Row is not set so pipeline will not run. notif = 0|com.android.traceur|2|null|10035
04-10 01:29:05.232 1995 2287 D PeopleSpaceWidgetMgr: Sbn doesn't contain valid PeopleTileKey: null/0/com.android.traceur
04-10 01:29:05.236 1256 1256 I perfetto: ftrace_procfs.cc:213 disabled ftrace in /sys/kernel/tracing/
04-10 01:29:05.262 3040 3973 W hpplay-java: [ServerTaskManager]:IPManager:getActiveNets invalid networkInfo:null
04-10 01:29:05.262 3040 3973 I hpplay-java: [ServerTaskManager]:IPManager:getActiveNets eth0:false wifi:false mobile:false ap:false
04-10 01:29:05.262 3040 3973 I hpplay-java: [ServerTaskManager]:ServerTaskManager:get local ip:null
04-10 01:29:05.277 1995 1995 I sysui_heads_up_status: [0|com.android.traceur|2|null|10035,1]
04-10 01:29:05.282 1995 1995 V NotificationMediaManager: DEBUG_MEDIA: updating album art for notification null metadata=null metaDataChanged=false state=0
04-10 01:29:05.299 649 662 I mpu_uart: [MSG-P:RECV]:No message received in 1000 ms
04-10 01:29:05.310 1002 1068 I sysui_multi_action: [757,128,758,1,793,316,794,0,795,316,796,2,798,0,806,com.android.traceur,857,system-tracing,858,4,947,0,1395,6,1500,105,1688,1]
04-10 01:29:05.310 1002 1068 I sysui_multi_action: [757,804,799,note_freshness,801,316,802,1]
04-10 01:29:05.310 1002 1068 I notification_visibility: [0|com.android.traceur|2|null|10035,1,316,316,0,0]
04-10 01:29:05.491 4929 4929 D hw-ProcessState: Binder ioctl to enable oneway spam detection failed: Invalid argument
01-06 09:04:19.441 0 0 I binder : 4929:4929 ioctl 40046210 7ffac50634 returned -22
04-10 01:29:05.515 1995 4634 I OpenGLRenderer: Davey! duration=9223371696521ms; Flags=0, FrameTimelineVsyncId=11149, IntendedVsync=340315825417, Vsync=340332492083, InputEventId=0, HandleInputStart=340342677368, AnimationStart=340342679087, PerformTraversalsStart=340343756431, DrawStart=340358744712, FrameDeadline=340349158749, FrameInterval=340342673201, FrameStartTime=16666666, SyncQueued=340358809920, SyncStart=340376385962, IssueDrawCommandsStart=340376529555, SwapBuffers=340377528878, FrameCompleted=9223372036854775807, DequeueBufferDuration=96563, QueueBufferDuration=1531250, GpuCompleted=9223372036854775807, SwapBuffersCompleted=340379876899, DisplayPresentTime=0,
04-10 01:29:05.533 1256 1256 I perfetto: probes_producer.cc:340 Producer stop (id=7)
04-10 01:29:05.536 1256 1256 I perfetto: probes_producer.cc:340 Producer stop (id=8)
04-10 01:29:05.561 990 990 D vendor.qti.vibrator: QTI Vibrator off
04-10 01:29:05.563 990 4928 D vendor.qti.vibrator: Notifying on complete
04-10 01:29:05.595 1995 4457 W FrameTracker: Missed SF frame:2
04-10 01:29:05.595 1995 4457 W FrameTracker: Missed SF frame:32
04-10 01:29:05.596 1995 4457 W FrameTracker: Missed SF frame:66
04-10 01:29:05.599 1995 3033 V PerfettoTrigger: Not triggering com.android.telemetry.interaction-jank-monitor-15 - not enough time since last trigger
04-10 01:29:05.812 990 990 D vendor.qti.vibrator: Vibrator on for timeoutMs: 350
04-10 01:29:05.816 990 4932 D vendor.qti.vibrator: Starting on on another thread
04-10 01:29:05.993 1995 4457 W FrameTracker: Missed App frame:72
04-10 01:29:06.167 990 4932 D vendor.qti.vibrator: Notifying on complete
04-10 01:29:06.168 990 990 D vendor.qti.vibrator: QTI Vibrator off
04-10 01:29:06.169 1002 4927 D PowerManagerNotifier: onWakeLockReleased: flags=1, tag="*vibrator*", packageName=android, ownerUid=1000, ownerPid=1002, workSource=WorkSource{1000}
04-10 01:29:06.169 1002 4927 D DisplayPowerController[0]: requestPowerState: policy=BRIGHT, useProximitySensor=false, screenBrightnessOverride=NaN, useAutoBrightness=true, screenAutoBrightnessAdjustmentOverride=NaN, screenLowPowerBrightnessFactor=1.0, blockScreenOn=false, lowPowerMode=false, boostScreenBrightness=false, dozeScreenBrightness=NaN, dozeScreenState=UNKNOWN, waitForNegativeProximity=false
04-10 01:29:06.169 1002 4927 D PowerManagerNotifier: onScreenPolicyUpdate: newPolicy=3
04-10 01:29:06.268 3040 3973 W hpplay-java: [ServerTaskManager]:IPManager:getActiveNets invalid networkInfo:null
04-10 01:29:06.268 3040 3973 I hpplay-java: [ServerTaskManager]:IPManager:getActiveNets eth0:false wifi:false mobile:false ap:false
04-10 01:29:06.268 3040 3973 I hpplay-java: [ServerTaskManager]:ServerTaskManager:get local ip:null
04-10 01:29:06.299 649 662 I mpu_uart: [MSG-P:RECV]:No message received in 1000 ms
04-10 01:29:07.280 3040 3973 W hpplay-java: [ServerTaskManager]:IPManager:getActiveNets invalid networkInfo:null
04-10 01:29:07.280 3040 3973 I hpplay-java: [ServerTaskManager]:IPManager:getActiveNets eth0:false wifi:false mobile:false ap:false
04-10 01:29:07.280 3040 3973 I hpplay-java: [ServerTaskManager]:ServerTaskManager:get local ip:null
04-10 01:29:07.300 649 662 I mpu_uart: [MSG-P:RECV]:No message received in 1000 ms
04-10 01:29:07.358 649 661 I mpu_uart: [MSG-P:R]:recv sync frame timeout
04-10 01:29:07.514 4926 4926 I perfetto: perfetto_cmd.cc:913 Trace written into the output file
04-10 01:29:07.516 3181 4924 E Traceur : traceService:stderr: [342.401] perfetto_cmd.cc:913 Trace written into the output file
04-10 01:29:07.558 3181 4918 V Traceur : Saving perfetto trace to /data/local/traces/trace-kona-SKQ1.220201.001-2023-04-10-01-29-04.perfetto-trace
04-10 01:29:07.567 1002 1002 I notification_enqueue: [10035,3181,com.android.traceur,0,trace-kona-SKQ1.220201.001-2023-04-10-01-29-04.perfetto-trace,0,Notification(channel=system-tracing shortcut=null contentView=null vibrate=null sound=null tick defaults=0x0 flags=0x110 color=0x00000000 vis=PRIVATE),0]
04-10 01:29:07.575 1002 1002 I sysui_multi_action: [757,128,758,5,759,8,793,2581,794,2265,795,2581,796,2,806,com.android.traceur,857,system-tracing,858,4,947,0,1500,2370,1688,1]
04-10 01:29:07.575 1002 1002 I notification_canceled: [0|com.android.traceur|2|null|10035,8,2581,2581,2265,-1,-1,NULL]
04-10 01:29:07.596 1995 1995 I sysui_heads_up_status: [0|com.android.traceur|2|null|10035,0]
04-10 01:29:07.606 1995 2287 D PeopleSpaceWidgetMgr: Sbn doesn't contain valid PeopleTileKey: null/0/com.android.traceur
01-06 09:04:21.560 0 0 E DTC_ETH,link_delay_work_func: 3003, SQI=0, link=0
04-10 01:29:07.625 1257 1257 I perfetto: ng_service_impl.cc:2293 Tracing session 3 ended, total sessions:0
04-10 01:29:07.683 1995 4457 I OpenGLRenderer: Davey! duration=9223371694316ms; Flags=0, FrameTimelineVsyncId=11414, IntendedVsync=342537647289, Vsync=342537647289, InputEventId=0, HandleInputStart=342538405700, AnimationStart=342538408253, PerformTraversalsStart=342542491221, DrawStart=342542675440, FrameDeadline=342554313955, FrameInterval=342538401169, FrameStartTime=16666666, SyncQueued=342543572055, SyncStart=342543747159, IssueDrawCommandsStart=342544272680, SwapBuffers=342549496846, FrameCompleted=9223372036854775807, DequeueBufferDuration=16459, QueueBufferDuration=3048125, GpuCompleted=9223372036854775807, SwapBuffersCompleted=342554057575, DisplayPresentTime=340548456378,
04-10 01:29:07.697 1002 1160 I DropBoxManagerService: add tag=system_server_strictmode isTagEnabled=true flags=0x2
04-10 01:29:07.714 1995 4457 I OpenGLRenderer: Davey! duration=9223371694283ms; Flags=0, FrameTimelineVsyncId=11418, IntendedVsync=342571053911, Vsync=342571053911, InputEventId=0, HandleInputStart=342571836794, AnimationStart=342571838669, PerformTraversalsStart=342574086013, DrawStart=342574181846, FrameDeadline=342604387243, FrameInterval=342571831898, FrameStartTime=16666666, SyncQueued=342574847419, SyncStart=342574861169, IssueDrawCommandsStart=342575339815, SwapBuffers=342583117003, FrameCompleted=9223372036854775807, DequeueBufferDuration=14948, QueueBufferDuration=2046250, GpuCompleted=9223372036854775807, SwapBuffersCompleted=342587635388, DisplayPresentTime=340581730493,
04-10 01:29:07.714 1002 1160 I DropBoxManagerService: add tag=system_server_strictmode isTagEnabled=true flags=0x2
04-10 01:29:07.716 1002 1160 I DropBoxManagerService: add tag=system_server_strictmode isTagEnabled=true flags=0x2
04-10 01:29:07.718 1002 1160 I DropBoxManagerService: add tag=system_server_strictmode isTagEnabled=true flags=0x2
04-10 01:29:07.719 1002 1160 I DropBoxManagerService: add tag=system_server_strictmode isTagEnabled=true flags=0x2
04-10 01:29:07.721 1002 1160 I DropBoxManagerService: add tag=system_server_strictmode isTagEnabled=true flags=0x2
04-10 01:29:07.722 1002 1160 I DropBoxManagerService: add tag=system_server_strictmode isTagEnabled=true flags=0x2
04-10 01:29:07.724 1002 1160 I DropBoxManagerService: add tag=system_server_strictmode isTagEnabled=true flags=0x2
04-10 01:29:07.725 1002 1160 I DropBoxManagerService: add tag=system_server_strictmode isTagEnabled=true flags=0x2
04-10 01:29:07.773 1002 1002 I sysui_multi_action: [757,1501,758,1,793,208,794,0,795,208,796,0,797,trace-kona-SKQ1.220201.001-2023-04-10-01-29-04.perfetto-trace,806,com.android.traceur,857,system-tracing,858,4,947,0,1500,0,1688,1]
04-10 01:29:07.774 1002 1002 I sysui_multi_action: [757,804,799,note_interruptive,801,0,802,1]
04-10 01:29:07.775 1002 1002 I GameModeConfig: isGameModeOn = false
04-10 01:29:07.778 1002 1002 I sysui_multi_action: [757,1501,758,1,793,212,794,0,795,212,796,0,797,trace-kona-SKQ1.220201.001-2023-04-10-01-29-04.perfetto-trace,806,com.android.traceur,857,system-tracing,858,4,947,0,1500,0,1688,1]
04-10 01:29:07.779 1002 1002 I sysui_multi_action: [757,804,799,note_interruptive,801,0,802,1]
04-10 01:29:07.782 1002 1002 I sysui_multi_action: [757,199,758,1,759,1,793,214,794,0,795,214,796,0,797,trace-kona-SKQ1.220201.001-2023-04-10-01-29-04.perfetto-trace,806,com.android.traceur,857,system-tracing,858,4,947,0,1500,2,1688,1]
04-10 01:29:07.783 1002 1002 I notification_alert: [0|com.android.traceur|0|trace-kona-SKQ1.220201.001-2023-04-10-01-29-04.perfetto-trace|10035,1,0,0]
04-10 01:29:07.784 1002 4933 D DisplayPowerController[0]: requestPowerState: policy=BRIGHT, useProximitySensor=false, screenBrightnessOverride=NaN, useAutoBrightness=true, screenAutoBrightnessAdjustmentOverride=NaN, screenLowPowerBrightnessFactor=1.0, blockScreenOn=false, lowPowerMode=false, boostScreenBrightness=false, dozeScreenBrightness=NaN, dozeScreenState=UNKNOWN, waitForNegativeProximity=false
04-10 01:29:07.785 1002 4933 D PowerManagerNotifier: onScreenPolicyUpdate: newPolicy=3
04-10 01:29:07.787 1002 1002 W NotificationHistory: Attempted to add notif for locked/gone/disabled user 0
04-10 01:29:07.788 1002 4933 D PowerManagerNotifier: onWakeLockAcquired: flags=1, tag="*vibrator*", packageName=android, ownerUid=1000, ownerPid=1002, workSource=WorkSource{1000}
04-10 01:29:07.792 990 990 D vendor.qti.vibrator: Vibrator on for timeoutMs: 350
04-10 01:29:07.795 990 4934 D vendor.qti.vibrator: Starting on on another thread
04-10 01:29:07.840 1995 1995 D InterruptionStateProvider: No bubble up: not allowed to bubble: 0|com.android.traceur|0|trace-kona-SKQ1.220201.001-2023-04-10-01-29-04.perfetto-trace|10035
04-10 01:29:07.842 1995 1995 W NotifBindPipeline: Row is not set so pipeline will not run. notif = 0|com.android.traceur|0|trace-kona-SKQ1.220201.001-2023-04-10-01-29-04.perfetto-trace|10035
04-10 01:29:07.843 1995 2287 D PeopleSpaceWidgetMgr: Sbn doesn't contain valid PeopleTileKey: null/0/com.android.traceur
04-10 01:29:07.915 1995 1995 V NotificationMediaManager: DEBUG_MEDIA: updating album art for notification null metadata=null metaDataChanged=false state=0
04-10 01:29:07.928 1995 1995 I sysui_heads_up_status: [0|com.android.traceur|0|trace-kona-SKQ1.220201.001-2023-04-10-01-29-04.perfetto-trace|10035,1]
04-10 01:29:08.105 1995 3033 W FrameTracker: Missed App frame:8
04-10 01:29:08.107 1995 3033 V PerfettoTrigger: Not triggering com.android.telemetry.interaction-jank-monitor-15 - not enough time since last trigger
04-10 01:29:08.141 990 990 D vendor.qti.vibrator: QTI Vibrator off
04-10 01:29:08.147 990 4934 D vendor.qti.vibrator: Notifying on complete
04-10 01:29:08.283 3040 3973 W hpplay-java: [ServerTaskManager]:IPManager:getActiveNets invalid networkInfo:null
04-10 01:29:08.284 3040 3973 I hpplay-java: [ServerTaskManager]:IPManager:getActiveNets eth0:false wifi:false mobile:false ap:false
04-10 01:29:08.284 3040 3973 I hpplay-java: [ServerTaskManager]:ServerTaskManager:get local ip:null
04-10 01:29:08.300 649 662 I mpu_uart: [MSG-P:RECV]:No message received in 1000 ms
04-10 01:29:08.392 990 990 D vendor.qti.vibrator: Vibrator on for timeoutMs: 350
04-10 01:29:08.394 990 4935 D vendor.qti.vibrator: Starting on on another thread
04-10 01:29:08.417 1002 1070 I sysui_multi_action: [757,128,758,1,793,852,794,0,795,852,796,0,797,trace-kona-SKQ1.220201.001-2023-04-10-01-29-04.perfetto-trace,798,0,806,com.android.traceur,857,system-tracing,858,4,947,0,1395,6,1500,640,1688,1]
04-10 01:29:08.418 1002 1070 I sysui_multi_action: [757,804,799,note_freshness,801,852,802,1]
04-10 01:29:08.418 1002 1070 I notification_visibility: [0|com.android.traceur|0|trace-kona-SKQ1.220201.001-2023-04-10-01-29-04.perfetto-trace|10035,1,852,852,0,0]
04-10 01:29:08.499 2544 2544 D RemoteControlService: startVlanDispatchThread
04-10 01:29:08.636 1995 4457 W FrameTracker: Missed App frame:8
04-10 01:29:08.744 990 4935 D vendor.qti.vibrator: Notifying on complete
04-10 01:29:08.747 990 990 D vendor.qti.vibrator: QTI Vibrator off
04-10 01:29:08.748 1002 4933 D PowerManagerNotifier: onWakeLockReleased: flags=1, tag="*vibrator*", packageName=android, ownerUid=1000, ownerPid=1002, workSource=WorkSource{1000}
04-10 01:29:08.749 1002 4933 D DisplayPowerController[0]: requestPowerState: policy=BRIGHT, useProximitySensor=false, screenBrightnessOverride=NaN, useAutoBrightness=true, screenAutoBrightnessAdjustmentOverride=NaN, screenLowPowerBrightnessFactor=1.0, blockScreenOn=false, lowPowerMode=false, boostScreenBrightness=false, dozeScreenBrightness=NaN, dozeScreenState=UNKNOWN, waitForNegativeProximity=false
04-10 01:29:08.749 1002 4933 D PowerManagerNotifier: onScreenPolicyUpdate: newPolicy=3