04-10 01:28:37.807 1002 1211 I sysui_multi_action: [757,1696,758,6,759,3]
04-10 01:28:37.807 1002 1211 D DisplayPowerState: Requesting new screen state: state=ON, backlight=-1.0
04-10 01:28:37.808 1002 1211 D DisplayPowerState: Screen not ready
04-10 01:28:37.808 1002 1951 D DisplayPowerState: Updating screen state: id=0, state=ON, backlight=-1.0, sdrBacklight=-1.0
04-10 01:28:37.809 1002 1951 D LocalDisplayAdapter: setDisplayState(id=4630946816427681409, state=ON) ---start
04-10 01:28:37.809 943 943 I QTI PowerHAL: Power setMode: 7 to: 1
04-10 01:28:37.811 1041 1041 D SurfaceFlinger: Setting power mode 2 on display 4630946816427681409
04-10 01:28:37.812 943 943 I QTI PowerHAL: Got set_interactive hint
04-10 01:28:37.812 1002 1509 W ActivityManager: Unable to start service Intent { act=android.intent.action.START_LEBO_SERVICE pkg=com.hpplay.happyplay.aw } U=0: not found
04-10 01:28:37.813 1002 1002 I WindowManager: Suppressed redundant power key press while already in the process of turning the screen on.
04-10 01:28:37.814 3040 4654 I hpplay-java: [AsyncTask #56]:LeboUtil:wu r:false
04-10 01:28:37.815 961 961 I SDM : DisplayBase::SetDisplayState: Set state = 1, display 29-0, teardown = 0
04-10 01:28:37.820 1002 1002 E SensorManager: sensor or listener is null
01-06 09:03:51.770 0 0 I : [MAX975X:max96755x_drm_notifier_callback] *INFO* receives EARLY_BLANK:UNBLANK
01-06 09:03:51.770 0 0 I atmel_mxt_ts 0-004a: FB event:2,blank:0
01-06 09:03:51.770 0 0 I atmel_mxt_ts 0-004a: suspend: event = 2, blank = 0, not care
01-06 09:03:51.770 0 0 I [drm:dsi_display_set_mode] [msm-dsi-info]: mdp_transfer_time_us=0 us
01-06 09:03:51.770 0 0 I [drm:dsi_display_set_mode] [msm-dsi-info]: hactive= 2560,vactive= 1080,fps=60
01-06 09:03:51.770 0 0 I [drm:dsi_ctrl_isr_configure] [msm-dsi-info]: dsi-ctrl-0: IRQ 403 registered
04-10 01:28:37.821 1002 1728 E WifiScoringParams: Invalid frequency(-1), using 5G as default rssi array
04-10 01:28:37.823 1002 1181 W BroadcastQueue: Background execution not allowed: receiving Intent { act=android.intent.action.USER_PRESENT flg=0x24200010 } to com.microsoft.emmx/org.chromium.chrome.browser.sharing.click_to_call.ClickToCallMessageHandler$PhoneUnlockedReceiver
04-10 01:28:37.824 3068 3068 D SYS_EVENT: send event 64 notification to client
01-06 09:03:51.775 0 0 I ALERT : changing window size from 20000000 to 16000000 at 312712072326
04-10 01:28:37.826 1002 1161 I DisplayDeviceRepository: Display device changed state: "内置屏幕", ON
04-10 01:28:37.828 1002 1161 I InputManager-JNI: Viewport [0] to add: local:4630946816427681409, isActive: true
04-10 01:28:37.832 1995 1995 D StatusBar: updateQsExpansionEnabled - QS Expand enabled: true
04-10 01:28:37.832 1995 1995 D KeyguardUpdateMonitor: received broadcast android.intent.action.TIME_TICK
04-10 01:28:37.834 1002 1665 I InputReader: Reconfiguring input devices, changes=DISPLAY_INFO |
04-10 01:28:37.834 1002 1665 I InputReader: Device reconfigured: id=4, name='qbt_key_input', size 2560x1080, orientation 0, mode 4, display id 0
04-10 01:28:37.834 1002 1665 I InputReader: Device reconfigured: id=3, name='Atmel maXTouch Touchscreen', size 2560x1080, orientation 0, mode 1, display id 0
04-10 01:28:37.835 1002 1211 I DisplayPowerController[0]: Unblocked screen on after 55 ms
04-10 01:28:37.835 1002 1211 D DisplayPowerState: setColorFadeLevel: level=1.0
04-10 01:28:37.836 816 1783 D audio_hw_primary: adev_set_parameters: enter: screen_state=on
04-10 01:28:37.836 816 1783 D audio_hw_hfp: hfp_set_parameters: enter
04-10 01:28:37.836 816 1783 D sound_trigger_hw: handle_screen_status_change: screen on
04-10 01:28:37.836 816 1783 D audio_hw_extn: audio_extn_fm_set_parameters: Enter
04-10 01:28:37.836 1002 1211 D DisplayPowerState: Requesting new screen state: state=ON, backlight=1.0
04-10 01:28:37.836 1002 1211 D DisplayPowerState: Screen not ready
04-10 01:28:37.836 2707 2707 I wm_on_restart_called: [247139416,com.android.launcher3.uioverrides.QuickstepLauncher,performRestartActivity]
04-10 01:28:37.837 2707 2707 I wm_on_start_called: [247139416,com.android.launcher3.uioverrides.QuickstepLauncher,handleStartActivity]
04-10 01:28:37.837 2707 2707 I wm_on_resume_called: [247139416,com.android.launcher3.uioverrides.QuickstepLauncher,RESUME_ACTIVITY]
04-10 01:28:37.837 2707 2707 I wm_on_top_resumed_gained_called: [247139416,com.android.launcher3.uioverrides.QuickstepLauncher,topWhenResuming]
04-10 01:28:37.839 1993 2639 I BtGatt.ScanManager: msg.what = 8
04-10 01:28:37.840 1995 1995 D KeyguardUpdateMonitor: handleTimeUpdate
04-10 01:28:37.841 1993 2639 I BtGatt.ScanManager: msg.what = 5
04-10 01:28:37.842 2311 2512 E QmiAgentHwInterface: Failed to sendRequest: android.os.RemoteException: sendRequest failed with status: 2
04-10 01:28:37.842 1002 1002 I battery_saving_stats: [0,0,0,994,0,0,21797,0,0]
04-10 01:28:37.845 1426 2907 I liblog : 131
04-10 01:28:37.845 1426 2907 D LOWI-9.0.0.87.a: [LOWI-Scan] wait_event:Wait done with Cmd 33
04-10 01:28:37.845 1426 2907 D LOWI-9.0.0.87.a: [LOWI-Scan] do_listen_events: Rcvd valid Netlink Cmd 0 Err 0
04-10 01:28:37.858 3068 3068 D SYS_EVENT: send event 16 notification to client
04-10 01:28:37.861 3040 3040 I hpplay-java: [main]:IPManager:updateAPState time : 1 isAPOpen :false
04-10 01:28:37.861 3040 3040 I hpplay-java: [main]:NetworkReceiver:onReceive action: android.intent.action.SCREEN_ON
04-10 01:28:37.862 3040 3040 I hpplay-java: [main]:NetworkReceiver:processReceive time : 2
04-10 01:28:37.865 3066 3066 D PASRDozeReceiver: Received Intent Intent { act=android.intent.action.SCREEN_ON flg=0x50200010 }
04-10 01:28:37.869 3066 3066 D PASRDozeReceiver: Sent intent Successfully
04-10 01:28:37.869 3066 3066 D PASRService: PASRService started
04-10 01:28:37.869 1002 1002 I power_screen_broadcast_done: [1,64,1]
04-10 01:28:37.869 3066 3066 D PASRService: OnStart, Intent: android.intent.action.SCREEN_ON
04-10 01:28:37.869 3066 3066 D PASRService: State is now: -1
04-10 01:28:37.873 1002 1163 I input_focus: [Focus request 73b612c com.android.launcher3/com.android.launcher3.uioverrides.QuickstepLauncher,reason=UpdateInputWindows]
01-06 09:03:51.826 0 0 I : [MAX975X:max96755x_drm_notifier_callback] *INFO* receives BLANK:UNBLANK
01-06 09:03:51.828 0 0 I atmel_mxt_ts 0-004a: FB event:1,blank:0
01-06 09:03:51.828 0 0 I atmel_mxt_ts 0-004a: drm_notifier_callback: UNBLANK! Resume by drm notifier.
04-10 01:28:37.882 1041 1041 D SurfaceFlinger: Finished setting power mode 2 on display 4630946816427681409
04-10 01:28:37.883 1002 1951 D LocalDisplayAdapter: setDisplayState(id=4630946816427681409, state=ON) ---end
04-10 01:28:37.883 1002 1951 D DisplayPowerState: Updating screen state: id=0, state=ON, backlight=1.0, sdrBacklight=1.0
04-10 01:28:37.883 1002 1951 D LocalDisplayAdapter: setDisplayBrightness(id=4630946816427681409, brightnessState=1.0, sdrBrightnessState=1.0) ---start
04-10 01:28:37.884 1002 1211 D DisplayPowerState: Screen ready
04-10 01:28:37.884 1002 1211 D DisplayPowerController[0]: Display ready!
04-10 01:28:37.884 1002 1211 D DisplayPowerController[0]: Finished business...
04-10 01:28:37.884 1002 1211 D DisplayPowerController[0]: requestPowerState: policy=BRIGHT, useProximitySensor=false, screenBrightnessOverride=NaN, useAutoBrightness=true, screenAutoBrightnessAdjustmentOverride=NaN, screenLowPowerBrightnessFactor=1.0, blockScreenOn=false, lowPowerMode=false, boostScreenBrightness=false, dozeScreenBrightness=NaN, dozeScreenState=UNKNOWN, waitForNegativeProximity=false
04-10 01:28:37.885 1002 1211 D PowerManagerNotifier: onScreenPolicyUpdate: newPolicy=3
04-10 01:28:37.885 1995 4362 D KeyguardViewMediator: notifyScreenTurnedOn
04-10 01:28:37.885 1002 1211 D PowerManagerNotifier: onWakefulnessChangeFinished
04-10 01:28:37.885 1002 1002 I sysui_multi_action: [757,198,758,1,759,1,1359,118,1694,1]
04-10 01:28:37.885 1002 1951 E DisplayDeviceConfig: requesting nits when no mapping exists.
04-10 01:28:37.885 1002 1002 I power_screen_state: [1,0,0,0,118]
04-10 01:28:37.886 1002 1181 I am_wtf : [0,1002,system_server,-1,DisplayDeviceConfig,requesting nits when no mapping exists.]
04-10 01:28:37.887 1002 1951 E DisplayDeviceConfig: requesting nits when no mapping exists.
04-10 01:28:37.890 1002 1664 I InputDispatcher: Dropping event because there is no touchable window or gesture monitor at (2339, 980) in display 0.
04-10 01:28:37.891 1002 1664 D PowerManagerNotifier: onUserActivity: event=0, uid=1000
04-10 01:28:37.891 1002 1664 I InputDispatcher: Dropping event because there is no touchable window or gesture monitor at (2339, 980) in display 0.
04-10 01:28:37.891 1002 1664 I InputDispatcher: Dropping event because there is no touchable window or gesture monitor at (2339, 980) in display 0.
04-10 01:28:37.891 1002 1664 I InputDispatcher: Dropping event because there is no touchable window or gesture monitor at (2339, 980) in display 0.
04-10 01:28:37.891 1002 1664 I input_interaction: Interaction with: edge-swipe (server), swipe-up (server), PointerEventDispatcher0 (server),
04-10 01:28:37.891 1002 1181 I am_wtf : [0,1002,system_server,-1,DisplayDeviceConfig,requesting nits when no mapping exists.]
04-10 01:28:37.892 1002 1664 D PowerManagerNotifier: onUserActivity: event=2, uid=1000
04-10 01:28:37.893 1002 1664 D PowerManagerNotifier: onUserActivity: event=2, uid=1000
04-10 01:28:37.893 1002 1664 D DisplayPowerController[0]: requestPowerState: policy=BRIGHT, useProximitySensor=false, screenBrightnessOverride=NaN, useAutoBrightness=true, screenAutoBrightnessAdjustmentOverride=NaN, screenLowPowerBrightnessFactor=1.0, blockScreenOn=false, lowPowerMode=false, boostScreenBrightness=false, dozeScreenBrightness=NaN, dozeScreenState=UNKNOWN, waitForNegativeProximity=false
04-10 01:28:37.893 1002 1664 D PowerManagerNotifier: onScreenPolicyUpdate: newPolicy=3
04-10 01:28:37.899 1995 1995 D KeyguardViewMediator: handleNotifyScreenTurnedOn
01-06 09:03:51.848 0 0 I [schedu][0x16d05cbb1][01:28:37.899383] wlan: [2493:I:OSIF] scan start scan id 40970
04-10 01:28:37.929 1002 1951 D LocalDisplayAdapter: setDisplayBrightness(id=4630946816427681409, brightnessState=1.0, sdrBrightnessState=1.0) ---end
04-10 01:28:37.930 1002 1211 D DisplayPowerState: Screen ready
04-10 01:28:37.931 1002 1664 I input_focus: [Focus entering 73b612c com.android.launcher3/com.android.launcher3.uioverrides.QuickstepLauncher (server),reason=Window became focusable. Previous reason: NOT_VISIBLE]
04-10 01:28:38.028 1041 1097 W HWComposer: Ignoring duplicate VSYNC event from HWC for display 4630946816427681409 (t=312912846000)
04-10 01:28:38.045 1041 1097 W HWComposer: Ignoring duplicate VSYNC event from HWC for display 4630946816427681409 (t=312929586000)
04-10 01:28:38.063 1041 1097 W HWComposer: Ignoring duplicate VSYNC event from HWC for display 4630946816427681409 (t=312946332000)
04-10 01:28:38.078 1041 1097 W HWComposer: Ignoring duplicate VSYNC event from HWC for display 4630946816427681409 (t=312962993000)
04-10 01:28:38.095 1041 1097 W HWComposer: Ignoring duplicate VSYNC event from HWC for display 4630946816427681409 (t=312979696000)
04-10 01:28:38.112 1041 1097 W HWComposer: Ignoring duplicate VSYNC event from HWC for display 4630946816427681409 (t=312996378000)
04-10 01:28:38.133 3040 3973 W hpplay-java: [ServerTaskManager]:IPManager:getActiveNets invalid networkInfo:null
04-10 01:28:38.133 3040 3973 I hpplay-java: [ServerTaskManager]:IPManager:getActiveNets eth0:false wifi:false mobile:false ap:false
04-10 01:28:38.133 3040 3973 I hpplay-java: [ServerTaskManager]:ServerTaskManager:get local ip:null
04-10 01:28:38.228 1280 1280 I CNSS : cnss_open_log_file: directory /data/vendor/wifi/wlan_logs/ created
04-10 01:28:38.276 649 662 I mpu_uart: [MSG-P:RECV]:No message received in 1000 ms
04-10 01:28:38.330 2544 2544 D RemoteControlService: startVlanDispatchThread
04-10 01:28:38.638 1002 1664 I input_interaction: Interaction with: 2d5abae StatusBar (server), edge-swipe (server), swipe-up (server), PointerEventDispatcher0 (server),
04-10 01:28:38.642 1002 1664 D PowerManagerNotifier: onUserActivity: event=2, uid=1000
04-10 01:28:38.643 1002 1664 D DisplayPowerController[0]: requestPowerState: policy=BRIGHT, useProximitySensor=false, screenBrightnessOverride=NaN, useAutoBrightness=true, screenAutoBrightnessAdjustmentOverride=NaN, screenLowPowerBrightnessFactor=1.0, blockScreenOn=false, lowPowerMode=false, boostScreenBrightness=false, dozeScreenBrightness=NaN, dozeScreenState=UNKNOWN, waitForNegativeProximity=false
04-10 01:28:38.643 1002 1664 D PowerManagerNotifier: onScreenPolicyUpdate: newPolicy=3
04-10 01:28:38.663 1995 1995 I sysui_multi_action: [757,803,799,panel_open,802,1]
04-10 01:28:38.664 1995 1995 I sysui_multi_action: [757,1328,758,4,1326,61,1327,1,1329,0]
04-10 01:28:38.671 1995 1995 D StatusBar: disable disable2
04-10 01:28:38.672 1002 1763 I sysui_multi_action: [757,127,758,1]
04-10 01:28:38.672 1002 1763 I sysui_multi_action: [757,804,799,note_load,801,6,802,1]
04-10 01:28:38.672 1002 1763 I notification_panel_revealed: 6
04-10 01:28:38.684 1002 1163 I input_focus: [Focus request 10ef944 NotificationShade,reason=UpdateInputWindows]
04-10 01:28:38.698 1995 1995 I sysui_multi_action: [757,111,758,1]
04-10 01:28:38.698 1002 1510 I sysui_multi_action: [757,128,758,1,793,45035,794,0,795,44689,796,1,798,2,806,com.android.traceur,857,trace-is-being-recorded,858,4,947,0,1395,6,1500,44689,1688,1]
04-10 01:28:38.698 1002 1510 I sysui_multi_action: [757,804,799,note_freshness,801,44689,802,1]
04-10 01:28:38.698 1995 1995 I sysui_multi_action: [757,268,758,1,759,268,806,com.android.traceur,871,com.android.traceur.QsService,927,0,1593,0]
04-10 01:28:38.698 1002 1510 I notification_visibility: [0|com.android.traceur|1|null|10035,1,45035,44689,0,2]
04-10 01:28:38.698 1995 1995 I sysui_multi_action: [757,126,758,1,759,126,927,1,928,1,1593,0]
04-10 01:28:38.698 1995 1995 I sysui_multi_action: [757,113,758,1,759,113,927,2,928,1,1593,0]
04-10 01:28:38.698 1002 1510 I sysui_multi_action: [757,128,758,1,793,264227,794,0,795,264227,796,26,798,0,806,android,857,DEVELOPER_IMPORTANT,858,4,947,0,1395,6,1500,263635,1688,1]
04-10 01:28:38.698 1995 1995 I sysui_multi_action: [757,0,758,1,759,0,927,3,928,0,1593,0]
04-10 01:28:38.698 1002 1510 I sysui_multi_action: [757,804,799,note_freshness,801,264227,802,1]
04-10 01:28:38.699 1995 1995 I sysui_multi_action: [757,0,758,1,759,0,927,4,928,0,1593,0]
04-10 01:28:38.699 1002 1510 I notification_visibility: [-1|android|26|null|1000,1,264227,264227,0,0]
04-10 01:28:38.699 1002 1510 I sysui_multi_action: [757,128,758,1,793,263141,794,0,795,263141,796,17303299,797,com.android.wifi,798,3,806,android,857,NETWORK_AVAILABLE,858,2,947,0,1395,6,1500,262924,1688,1]
04-10 01:28:38.699 1002 1510 I sysui_multi_action: [757,804,799,note_freshness,801,263141,802,1]
04-10 01:28:38.699 1002 1510 I notification_visibility: [0|android|17303299|com.android.wifi|1000,1,263141,263141,0,3]
04-10 01:28:38.699 1995 1995 I sysui_multi_action: [757,491,758,1,759,491,927,5,928,0,1311,-1,1593,0]
04-10 01:28:38.699 1995 1995 I sysui_multi_action: [757,0,758,1,759,0,927,6,928,0,1593,0]
04-10 01:28:38.699 1002 1510 I sysui_multi_action: [757,128,758,1,793,138379,794,0,795,138379,796,0,797,trace-kona-SKQ1.220201.001-2023-04-10-01-26-18.perfetto-trace,798,1,806,com.android.traceur,857,system-tracing,858,4,947,0,1395,6,1500,138172,1688,1]
04-10 01:28:38.699 1995 1995 I sysui_multi_action: [757,0,758,1,759,0,927,7,1593,0]
04-10 01:28:38.699 1002 1510 I sysui_multi_action: [757,804,799,note_freshness,801,138379,802,1]
04-10 01:28:38.699 1002 1510 I notification_visibility: [0|com.android.traceur|0|trace-kona-SKQ1.220201.001-2023-04-10-01-26-18.perfetto-trace|10035,1,138379,138379,0,1]
04-10 01:28:38.699 1995 1995 I sysui_multi_action: [757,111,758,1]
04-10 01:28:38.699 1002 1510 I sysui_multi_action: [757,128,758,1,793,264064,794,0,795,264064,796,55,798,4,806,android,857,DEVELOPER,858,2,947,0,1395,6,1500,263127,1688,1]
04-10 01:28:38.700 1002 1510 I sysui_multi_action: [757,804,799,note_freshness,801,264064,802,1]
04-10 01:28:38.700 1995 1995 I sysui_multi_action: [757,268,758,1,759,268,806,com.android.traceur,871,com.android.traceur.QsService,927,0,1593,0]
04-10 01:28:38.700 1002 1510 I notification_visibility: [-1|android|55|null|1000,1,264064,264064,0,4]
04-10 01:28:38.700 1995 1995 I sysui_multi_action: [757,126,758,1,759,126,927,1,928,1,1593,0]
04-10 01:28:38.700 1995 1995 I sysui_multi_action: [757,113,758,1,759,113,927,2,928,1,1593,0]
04-10 01:28:38.700 1002 1510 I sysui_multi_action: [757,128,758,1,793,268277,794,0,795,268277,796,32,798,5,806,android,857,USB,858,1,947,0,1395,6,1500,267462,1688,1]
04-10 01:28:38.700 1995 1995 I sysui_multi_action: [757,0,758,1,759,0,927,3,928,0,1593,0]
04-10 01:28:38.700 1002 1510 I sysui_multi_action: [757,804,799,note_freshness,801,268277,802,1]
04-10 01:28:38.700 1002 1510 I notification_visibility: [-1|android|32|null|1000,1,268277,268277,0,5]
04-10 01:28:38.719 1002 1664 I input_focus: [Focus leaving 73b612c com.android.launcher3/com.android.launcher3.uioverrides.QuickstepLauncher (server),reason=setFocusedWindow]
04-10 01:28:38.721 1002 1664 I input_focus: [Focus entering 10ef944 NotificationShade (server),reason=setFocusedWindow]
04-10 01:28:38.738 1002 1664 D PowerManagerNotifier: onUserActivity: event=2, uid=1000
04-10 01:28:38.738 1002 1664 D DisplayPowerController[0]: requestPowerState: policy=BRIGHT, useProximitySensor=false, screenBrightnessOverride=NaN, useAutoBrightness=true, screenAutoBrightnessAdjustmentOverride=NaN, screenLowPowerBrightnessFactor=1.0, blockScreenOn=false, lowPowerMode=false, boostScreenBrightness=false, dozeScreenBrightness=NaN, dozeScreenState=UNKNOWN, waitForNegativeProximity=false
04-10 01:28:38.738 1002 1664 D PowerManagerNotifier: onScreenPolicyUpdate: newPolicy=3
04-10 01:28:39.073 1426 2907 D LOWI-9.0.0.87.a: [LOWI-Scan] wait_event:Wait done with Cmd 34
04-10 01:28:39.073 1426 2907 D LOWI-9.0.0.87.a: [LOWI-Scan] do_listen_events: Rcvd valid Netlink Cmd 34 Err 0
04-10 01:28:39.077 1426 2907 D LOWI-9.0.0.87.a: [LOWI-Scan]
04-10 01:28:39.077 1426 2907 D LOWI-9.0.0.87.a: [LOWI-Scan] print_bss_handler: Report Probe TSF 312825338 as it greater than Beacon TSF 312824750
04-10 01:28:39.077 1426 2907 D LOWI-9.0.0.87.a: [LOWI-Scan] is_qcom_ie, bss_age: 0
04-10 01:28:39.077 1426 2907 D LOWI-9.0.0.87.a: [LOWI-Scan] BSS 38:a9:1c:35:03:0b LOWI_PHY_MODE_11AC_VHT80(10), Beacon Interval: 100, LOWI_ENCRYPTION_TYPE_OPEN 11mcRanging: No, ANQP: No, LCI: No, Civic: No, capability(0x0501): ESS SpectrumMgmt ShortSlotTime
04-10 01:28:39.077 1426 2907 D LOWI-9.0.0.87.a: [LOWI-Scan] BSS 38:a9:1c:35:03:0b FREQ: 5180, cFreq1[40:80:160] = [5190:5210:0] cFreq2 = 0 Country Code = US
04-10 01:28:39.077 1426 2907 D LOWI-9.0.0.87.a: [LOWI-Scan] BSS 38:a9:1c:35:03:0b (wlan0) ASSO: NO AddInfo: 0x0, TSF 0, 00:05:12.825, RSSI: -122, CPL: 127, AGE: 1136, SSID , TSFDelta: 0x7ad9fc9e, TXRate: 0
04-10 01:28:39.077 1426 2907 D LOWI-9.0.0.87.a: [LOWI-Scan]
04-10 01:28:39.077 1426 2907 D LOWI-9.0.0.87.a: [LOWI-Scan] print_bss_handler: Report Probe TSF 312875871 as it greater than Beacon TSF 292013848
04-10 01:28:39.077 1426 2907 D LOWI-9.0.0.87.a: [LOWI-Scan] decode_rsn_wpa_ie: LOWI_ENCRYPTION_TYPE_WPA_PSK
04-10 01:28:39.077 1426 2907 D LOWI-9.0.0.87.a: [LOWI-Scan] is_qcom_ie, bss_age: 0
04-10 01:28:39.077 1426 2907 D LOWI-9.0.0.87.a: [LOWI-Scan] BSS 18:6f:2d:81:16:e0 LOWI_PHY_MODE_11NG_HT20(5), Beacon Interval: 100, LOWI_ENCRYPTION_TYPE_WPA_PSK 11mcRanging: No, ANQP: No, LCI: No, Civic: No, capability(0x0531): ESS Privacy ShortPreamble SpectrumMgmt ShortSlotTime
04-10 01:28:39.077 1426 2907 D LOWI-9.0.0.87.a: [LOWI-Scan] BSS 18:6f:2d:81:16:e0 FREQ: 2412, cFreq1[40:80:160] = [2412:0:0] cFreq2 = 0 Country Code = CN
04-10 01:28:39.077 1426 2907 D LOWI-9.0.0.87.a: [LOWI-Scan] BSS 18:6f:2d:81:16:e0 (wlan0) ASSO: NO AddInfo: 0x0, TSF 0, 00:05:12.875, RSSI: -66, CPL: 127, AGE: 1088, SSID Testing , TSFDelta: 0x2d29f0ad, TXRate: 0
04-10 01:28:39.078 1426 2907 D LOWI-9.0.0.87.a: [LOWI-Scan]
04-10 01:28:39.078 1426 2907 D LOWI-9.0.0.87.a: [LOWI-Scan] print_bss_handler: Report Probe TSF 312870269 as it greater than Beacon TSF 272037062
04-10 01:28:39.078 1426 2907 D LOWI-9.0.0.87.a: [LOWI-Scan] decode_rsn_wpa_ie: LOWI_ENCRYPTION_TYPE_WPA_PSK
04-10 01:28:39.078 1426 2907 D LOWI-9.0.0.87.a: [LOWI-Scan] is_qcom_ie, bss_age: 0
04-10 01:28:39.078 1426 2907 D LOWI-9.0.0.87.a: [LOWI-Scan] BSS 7c:b5:9b:6b:a4:33 LOWI_PHY_MODE_11AC_VHT80(10), Beacon Interval: 100, LOWI_ENCRYPTION_TYPE_WPA_PSK 11mcRanging: No, ANQP: Yes, LCI: No, Civic: No, capability(0x1411): ESS Privacy ShortSlotTime
04-10 01:28:39.078 1426 2907 D LOWI-9.0.0.87.a: [LOWI-Scan] BSS 7c:b5:9b:6b:a4:33 FREQ: 5200, cFreq1[40:80:160] = [5190:5210:0] cFreq2 = 0 Country Code = CN
04-10 01:28:39.078 1426 2907 D LOWI-9.0.0.87.a: [LOWI-Scan] BSS 7c:b5:9b:6b:a4:33 (wlan0) ASSO: NO AddInfo: 0x0, TSF 0, 00:05:12.870, RSSI: -140, CPL: 127, AGE: 1092, SSID testzz5g, TSFDelta: 0x2fae1dfb, TXRate: 0
04-10 01:28:39.078 1426 2907 D LOWI-9.0.0.87.a: [LOWI-Scan]
04-10 01:28:39.078 1426 2907 D LOWI-9.0.0.87.a: [LOWI-Scan] print_bss_handler: Report Probe TSF 312873982 as it greater than Beacon TSF 292019801
04-10 01:28:39.078 1426 2907 D LOWI-9.0.0.87.a: [LOWI-Scan] decode_rsn_wpa_ie: LOWI_ENCRYPTION_TYPE_WPA_PSK
04-10 01:28:39.078 1426 2907 D LOWI-9.0.0.87.a: [LOWI-Scan] is_qcom_ie, bss_age: 0
04-10 01:28:39.078 1426 2907 D LOWI-9.0.0.87.a: [LOWI-Scan] BSS ec:88:8f:86:24:e0 LOWI_PHY_MODE_11NG_HT40(7), Beacon Interval: 100, LOWI_ENCRYPTION_TYPE_WPA_PSK 11mcRanging: No, ANQP: No, LCI: No, Civic: No, capability(0x0431): ESS Privacy ShortPreamble ShortSlotTime
04-10 01:28:39.078 1426 2907 D LOWI-9.0.0.87.a: [LOWI-Scan] BSS ec:88:8f:86:24:e0 FREQ: 2412, cFreq1[40:80:160] = [2422:0:0] cFreq2 = 0 Country Code = US
04-10 01:28:39.078 1426 2907 D LOWI-9.0.0.87.a: [LOWI-Scan] BSS ec:88:8f:86:24:e0 (wlan0) ASSO: NO AddInfo: 0x0, TSF 0, 00:05:12.873, RSSI: -102, CPL: 127, AGE: 1088, SSID FW_XTS, TSFDelta: 0xf0220723, TXRate: 0
04-10 01:28:39.078 1426 2907 D LOWI-9.0.0.87.a: [LOWI-Scan]
04-10 01:28:39.078 1426 2907 D LOWI-9.0.0.87.a: [LOWI-Scan] print_bss_handler: Report Probe TSF 312852939 as it greater than Beacon TSF 292014241
04-10 01:28:39.078 1426 2907 D LOWI-9.0.0.87.a: [LOWI-Scan] is_qcom_ie, bss_age: 0
04-10 01:28:39.078 1426 2907 D LOWI-9.0.0.87.a: [LOWI-Scan] BSS 18:6f:2d:81:16:e1 LOWI_PHY_MODE_11NG_HT20(5), Beacon Interval: 100, LOWI_ENCRYPTION_TYPE_OPEN 11mcRanging: No, ANQP: No, LCI: No, Civic: No, capability(0x0521): ESS ShortPreamble SpectrumMgmt ShortSlotTime
04-10 01:28:39.078 1426 2907 D LOWI-9.0.0.87.a: [LOWI-Scan] BSS 18:6f:2d:81:16:e1 FREQ: 2412, cFreq1[40:80:160] = [2412:0:0] cFreq2 = 0 Country Code = CN
04-10 01:28:39.078 1426 2907 D LOWI-9.0.0.87.a: [LOWI-Scan] BSS 18:6f:2d:81:16:e1 (wlan0) ASSO: NO AddInfo: 0x0, TSF 0, 00:05:12.852, RSSI: -68, CPL: 127, AGE: 1108, SSID Guest, TSFDelta: 0x2c101f06, TXRate: 0
04-10 01:28:39.078 1426 2907 D LOWI-9.0.0.87.a: [LOWI-Scan]
04-10 01:28:39.078 1426 2907 D LOWI-9.0.0.87.a: [LOWI-Scan] print_bss_handler: Report Probe TSF 312853767 as it greater than Beacon TSF 292015386
04-10 01:28:39.078 1426 2907 D LOWI-9.0.0.87.a: [LOWI-Scan] decode_rsn_wpa_ie: LOWI_ENCRYPTION_TYPE_WPA_PSK
04-10 01:28:39.078 1426 2907 D LOWI-9.0.0.87.a: [LOWI-Scan] is_qcom_ie, bss_age: 0
04-10 01:28:39.078 1426 2907 D LOWI-9.0.0.87.a: [LOWI-Scan] BSS 18:6f:2d:81:16:e2 LOWI_PHY_MODE_11NG_HT20(5), Beacon Interval: 100, LOWI_ENCRYPTION_TYPE_WPA_PSK 11mcRanging: No, ANQP: No, LCI: No, Civic: No, capability(0x0531): ESS Privacy ShortPreamble SpectrumMgmt ShortSlotTime
04-10 01:28:39.078 1426 2907 D LOWI-9.0.0.87.a: [LOWI-Scan] BSS 18:6f:2d:81:16:e2 FREQ: 2412, cFreq1[40:80:160] = [2412:0:0] cFreq2 = 0 Country Code = CN
04-10 01:28:39.078 1426 2907 D LOWI-9.0.0.87.a: [LOWI-Scan] BSS 18:6f:2d:81:16:e2 (wlan0) ASSO: NO AddInfo: 0x0, TSF 0, 00:05:12.853, RSSI: -76, CPL: 127, AGE: 1108, SSID ThunderSoft_2.4G, TSFDelta: 0x2c50078c, TXRate: 0
04-10 01:28:39.078 1426 2907 D LOWI-9.0.0.87.a: [LOWI-Scan]
04-10 01:28:39.078 1426 2907 D LOWI-9.0.0.87.a: [LOWI-Scan] print_bss_handler: Report Probe TSF 313039372 as it greater than Beacon TSF 176077269
04-10 01:28:39.078 1426 2907 D LOWI-9.0.0.87.a: [LOWI-Scan] decode_rsn_wpa_ie: LOWI_ENCRYPTION_TYPE_WPA_PSK
04-10 01:28:39.078 1002 3323 D WifiNl80211Manager: Scan result ready event
04-10 01:28:39.078 1426 2907 D LOWI-9.0.0.87.a: [LOWI-Scan] is_qcom_ie, bss_age: 0
04-10 01:28:39.078 1426 2907 D LOWI-9.0.0.87.a: [LOWI-Scan] BSS 5c:02:14:f9:4f:d3 LOWI_PHY_MODE_11AC_VHT80(10), Beacon Interval: 100, LOWI_ENCRYPTION_TYPE_WPA_PSK 11mcRanging: No, ANQP: Yes, LCI: No, Civic: No, capability(0x1931): ESS Privacy ShortPreamble SpectrumMgmt APSD
04-10 01:28:39.079 1426 2907 D LOWI-9.0.0.87.a: [LOWI-Scan] BSS 5c:02:14:f9:4f:d3 FREQ: 5745, cFreq1[40:80:160] = [5755:5775:0] cFreq2 = 0 Country Code = CN
04-10 01:28:39.079 1426 2907 D LOWI-9.0.0.87.a: [LOWI-Scan] BSS 5c:02:14:f9:4f:d3 (wlan0) ASSO: NO AddInfo: 0x0, TSF 0, 00:05:13.039, RSSI: -90, CPL: 127, AGE: 924, SSID ThunderSoft_XTS_5G, TSFDelta: 0x7b400b37, TXRate: 0
04-10 01:28:39.079 1426 2907 D LOWI-9.0.0.87.a: [LOWI-Scan]
04-10 01:28:39.079 1002 3323 D WifiNative: Scan result ready event
04-10 01:28:39.079 1426 2907 D LOWI-9.0.0.87.a: [LOWI-Scan] print_bss_handler: Report Probe TSF 313167705 as it greater than Beacon TSF 313131620
04-10 01:28:39.079 1426 2907 D LOWI-9.0.0.87.a: [LOWI-Scan] decode_rsn_wpa_ie: LOWI_ENCRYPTION_TYPE_WPA_PSK
04-10 01:28:39.079 1426 2907 D LOWI-9.0.0.87.a: [LOWI-Scan] is_qcom_ie, bss_age: 0
04-10 01:28:39.079 1426 2907 D LOWI-9.0.0.87.a: [LOWI-Scan] BSS 18:6f:2d:0a:ae:00 LOWI_PHY_MODE_11NG_HT20(5), Beacon Interval: 100, LOWI_ENCRYPTION_TYPE_WPA_PSK 11mcRanging: No, ANQP: No, LCI: No, Civic: No, capability(0x0531): ESS Privacy ShortPreamble SpectrumMgmt ShortSlotTime
04-10 01:28:39.079 1426 2907 D LOWI-9.0.0.87.a: [LOWI-Scan] BSS 18:6f:2d:0a:ae:00 FREQ: 2427, cFreq1[40:80:160] = [2427:0:0] cFreq2 = 0 Country Code = CN
04-10 01:28:39.079 1426 2907 D LOWI-9.0.0.87.a: [LOWI-Scan] BSS 18:6f:2d:0a:ae:00 (wlan0) ASSO: NO AddInfo: 0x0, TSF 0, 00:05:13.167, RSSI: -80, CPL: 127, AGE: 796, SSID Testing , TSFDelta: 0xbc4a7ccc, TXRate: 0
04-10 01:28:39.079 1426 2907 D LOWI-9.0.0.87.a: [LOWI-Scan]
04-10 01:28:39.079 1426 2907 D LOWI-9.0.0.87.a: [LOWI-Scan] print_bss_handler: Report Probe TSF 313168349 as it greater than Beacon TSF 313133206
04-10 01:28:39.079 1426 2907 D LOWI-9.0.0.87.a: [LOWI-Scan] is_qcom_ie, bss_age: 0
04-10 01:28:39.079 1426 2907 D LOWI-9.0.0.87.a: [LOWI-Scan] BSS 18:6f:2d:0a:ae:01 LOWI_PHY_MODE_11NG_HT20(5), Beacon Interval: 100, LOWI_ENCRYPTION_TYPE_OPEN 11mcRanging: No, ANQP: No, LCI: No, Civic: No, capability(0x0521): ESS ShortPreamble SpectrumMgmt ShortSlotTime
04-10 01:28:39.079 1426 2907 D LOWI-9.0.0.87.a: [LOWI-Scan] BSS 18:6f:2d:0a:ae:01 FREQ: 2427, cFreq1[40:80:160] = [2427:0:0] cFreq2 = 0 Country Code = CN
04-10 01:28:39.079 1426 2907 D LOWI-9.0.0.87.a: [LOWI-Scan] BSS 18:6f:2d:0a:ae:01 (wlan0) ASSO: NO AddInfo: 0x0, TSF 0, 00:05:13.168, RSSI: -80, CPL: 127, AGE: 792, SSID Guest, TSFDelta: 0xbc4ff4e5, TXRate: 0
04-10 01:28:39.080 1426 2907 D LOWI-9.0.0.87.a: [LOWI-Scan]
04-10 01:28:39.080 1426 2907 D LOWI-9.0.0.87.a: [LOWI-Scan] print_bss_handler: Report Probe TSF 313168811 as it greater than Beacon TSF 313133725
04-10 01:28:39.080 1426 2907 D LOWI-9.0.0.87.a: [LOWI-Scan] decode_rsn_wpa_ie: LOWI_ENCRYPTION_TYPE_WPA_PSK
04-10 01:28:39.080 1426 2907 D LOWI-9.0.0.87.a: [LOWI-Scan] is_qcom_ie, bss_age: 0
04-10 01:28:39.080 1426 2907 D LOWI-9.0.0.87.a: [LOWI-Scan] BSS 18:6f:2d:0a:ae:02 LOWI_PHY_MODE_11NG_HT20(5), Beacon Interval: 100, LOWI_ENCRYPTION_TYPE_WPA_PSK 11mcRanging: No, ANQP: No, LCI: No, Civic: No, capability(0x0531): ESS Privacy ShortPreamble SpectrumMgmt ShortSlotTime
04-10 01:28:39.080 1426 2907 D LOWI-9.0.0.87.a: [LOWI-Scan] BSS 18:6f:2d:0a:ae:02 FREQ: 2427, cFreq1[40:80:160] = [2427:0:0] cFreq2 = 0 Country Code = CN
04-10 01:28:39.080 1426 2907 D LOWI-9.0.0.87.a: [LOWI-Scan] BSS 18:6f:2d:0a:ae:02 (wlan0) ASSO: NO AddInfo: 0x0, TSF 0, 00:05:13.168, RSSI: -86, CPL: 127, AGE: 792, SSID ThunderSoft_2.4G, TSFDelta: 0xbc55715e, TXRate: 0
04-10 01:28:39.080 1426 2907 D LOWI-9.0.0.87.a: [LOWI-Scan]
04-10 01:28:39.080 1426 2907 D LOWI-9.0.0.87.a: [LOWI-Scan] print_bss_handler: Report Probe TSF 313169258 as it greater than Beacon TSF 313134140
04-10 01:28:39.080 1426 2907 D LOWI-9.0.0.87.a: [LOWI-Scan] decode_rsn_wpa_ie: LOWI_ENCRYPTION_TYPE_WPA_PSK
04-10 01:28:39.080 1426 2907 D LOWI-9.0.0.87.a: [LOWI-Scan] is_qcom_ie, bss_age: 0
04-10 01:28:39.080 1426 2907 D LOWI-9.0.0.87.a: [LOWI-Scan] BSS 18:6f:2d:0a:ae:03 LOWI_PHY_MODE_11NG_HT20(5), Beacon Interval: 100, LOWI_ENCRYPTION_TYPE_WPA_PSK 11mcRanging: No, ANQP: No, LCI: No, Civic: No, capability(0x0531): ESS Privacy ShortPreamble SpectrumMgmt ShortSlotTime
04-10 01:28:39.080 1426 2907 D LOWI-9.0.0.87.a: [LOWI-Scan] BSS 18:6f:2d:0a:ae:03 FREQ: 2427, cFreq1[40:80:160] = [2427:0:0] cFreq2 = 0 Country Code = CN
04-10 01:28:39.080 1426 2907 D LOWI-9.0.0.87.a: [LOWI-Scan] BSS 18:6f:2d:0a:ae:03 (wlan0) ASSO: NO AddInfo: 0x0, TSF 0, 00:05:13.169, RSSI: -84, CPL: 127, AGE: 792, SSID ZXHY, TSFDelta: 0xbc5af194, TXRate: 0
04-10 01:28:39.081 1426 2907 D LOWI-9.0.0.87.a: [LOWI-Scan]
04-10 01:28:39.081 1426 2907 D LOWI-9.0.0.87.a: [LOWI-Scan] print_bss_handler: Report Probe TSF 313169712 as it greater than Beacon TSF 313134550
04-10 01:28:39.081 1426 2907 D LOWI-9.0.0.87.a: [LOWI-Scan] decode_rsn_wpa_ie: LOWI_ENCRYPTION_TYPE_WPA_PSK
04-10 01:28:39.081 1426 2907 D LOWI-9.0.0.87.a: [LOWI-Scan] is_qcom_ie, bss_age: 0
04-10 01:28:39.081 1426 2907 D LOWI-9.0.0.87.a: [LOWI-Scan] BSS 18:6f:2d:0a:ae:04 LOWI_PHY_MODE_11NG_HT20(5), Beacon Interval: 100, LOWI_ENCRYPTION_TYPE_WPA_PSK 11mcRanging: No, ANQP: No, LCI: No, Civic: No, capability(0x0531): ESS Privacy ShortPreamble SpectrumMgmt ShortSlotTime
04-10 01:28:39.081 1426 2907 D LOWI-9.0.0.87.a: [LOWI-Scan] BSS 18:6f:2d:0a:ae:04 FREQ: 2427, cFreq1[40:80:160] = [2427:0:0] cFreq2 = 0 Country Code = CN
04-10 01:28:39.081 1426 2907 D LOWI-9.0.0.87.a: [LOWI-Scan] BSS 18:6f:2d:0a:ae:04 (wlan0) ASSO: NO AddInfo: 0x0, TSF 0, 00:05:13.169, RSSI: -86, CPL: 127, AGE: 792, SSID Fanya, TSFDelta: 0xbc60333c, TXRate: 0
04-10 01:28:39.081 1426 2907 D LOWI-9.0.0.87.a: [LOWI-Scan]
04-10 01:28:39.081 1426 2907 D LOWI-9.0.0.87.a: [LOWI-Scan] print_bss_handler: Report Probe TSF 313191527 as it greater than Beacon TSF 292317626
04-10 01:28:39.081 1426 2907 D LOWI-9.0.0.87.a: [LOWI-Scan] decode_rsn_wpa_ie: LOWI_ENCRYPTION_TYPE_WPA_PSK
04-10 01:28:39.081 1426 2907 D LOWI-9.0.0.87.a: [LOWI-Scan] is_qcom_ie, bss_age: 0
04-10 01:28:39.081 1426 2907 D LOWI-9.0.0.87.a: [LOWI-Scan] BSS f8:af:05:82:ca:5c LOWI_PHY_MODE_11AC_VHT80(10), Beacon Interval: 100, LOWI_ENCRYPTION_TYPE_WPA_PSK 11mcRanging: No, ANQP: No, LCI: No, Civic: No, capability(0x1531): ESS Privacy ShortPreamble SpectrumMgmt ShortSlotTime
04-10 01:28:39.081 1426 2907 D LOWI-9.0.0.87.a: [LOWI-Scan] BSS f8:af:05:82:ca:5c FREQ: 5805, cFreq1[40:80:160] = [5795:5775:0] cFreq2 = 0 Country Code =
01-06 09:03:53.044 0 0 I [schedu][0x16e63fc51][01:28:39.094697] wlan: [2493:I:OSIF] vdev 0, scan id 40970 type COMPLETED(1) reason COMPLETED(1) scan found 84 bss
04-10 01:28:39.081 1426 2907 D LOWI-9.0.0.87.a: [LOWI-Scan] BSS f8:af:05:82:ca:5c (wlan0) ASSO: NO AddInfo: 0x0, TSF 0, 00:05:13.191, RSSI: -136, CPL: 127, AGE: 772, SSID RIO-WIFI-5G, TSFDelta: 0x14db70cf, TXRate: 0
04-10 01:28:39.082 1426 2907 D LOWI-9.0.0.87.a: [LOWI-Scan]
04-10 01:28:39.082 1426 2907 D LOWI-9.0.0.87.a: [LOWI-Scan] print_bss_handler: Report beacon TSF 313184371 as it greater than probe TSF 313171626
04-10 01:28:39.082 1426 2907 D LOWI-9.0.0.87.a: [LOWI-Scan] decode_rsn_wpa_ie: LOWI_ENCRYPTION_TYPE_WPA_PSK
04-10 01:28:39.082 1426 2907 D LOWI-9.0.0.87.a: [LOWI-Scan] is_qcom_ie, bss_age: 0
04-10 01:28:39.082 1426 2907 D LOWI-9.0.0.87.a: [LOWI-Scan] BSS 64:6e:97:1c:71:47 LOWI_PHY_MODE_11AC_VHT80(10), Beacon Interval: 100, LOWI_ENCRYPTION_TYPE_WPA_PSK 11mcRanging: No, ANQP: No, LCI: No, Civic: No, capability(0x0011): ESS Privacy
04-10 01:28:39.083 1426 2907 D LOWI-9.0.0.87.a: [LOWI-Scan] BSS 64:6e:97:1c:71:47 FREQ: 5805, cFreq1[40:80:160] = [5795:5775:0] cFreq2 = 0 Country Code = CN
04-10 01:28:39.083 1426 2907 D LOWI-9.0.0.87.a: [LOWI-Scan] BSS 64:6e:97:1c:71:47 (wlan0) ASSO: NO AddInfo: 0x1, TSF 0, 00:05:13.184, RSSI: -154, CPL: 127, AGE: 776, SSID TP-LINK_5G_7145, TSFDelta: 0x77c4159c, TXRate: 0
04-10 01:28:39.083 1426 2907 D LOWI-9.0.0.87.a: [LOWI-Scan]
04-10 01:28:39.083 1426 2907 D LOWI-9.0.0.87.a: [LOWI-Scan] print_bss_handler: Report Probe TSF 313319137 as it greater than Beacon TSF 313278896
04-10 01:28:39.083 1426 2907 D LOWI-9.0.0.87.a: [LOWI-Scan] decode_rsn_wpa_ie: LOWI_ENCRYPTION_TYPE_WPA_PSK
04-10 01:28:39.083 1426 2907 D LOWI-9.0.0.87.a: [LOWI-Scan] is_qcom_ie, bss_age: 0
04-10 01:28:39.083 1426 2907 D LOWI-9.0.0.87.a: [LOWI-Scan] BSS 18:6f:2d:81:16:f0 LOWI_PHY_MODE_11AC_VHT20(8), Beacon Interval: 100, LOWI_ENCRYPTION_TYPE_WPA_PSK 11mcRanging: No, ANQP: No, LCI: No, Civic: No, capability(0x0111): ESS Privacy SpectrumMgmt
04-10 01:28:39.083 1426 2907 D LOWI-9.0.0.87.a: [LOWI-Scan] BSS 18:6f:2d:81:16:f0 FREQ: 5260, cFreq1[40:80:160] = [5260:0:0] cFreq2 = 0 Country Code = CN
04-10 01:28:39.083 1426 2907 D LOWI-9.0.0.87.a: [LOWI-Scan] BSS 18:6f:2d:81:16:f0 (wlan0) ASSO: NO AddInfo: 0x0, TSF 0, 00:05:13.319, RSSI: -88, CPL: 127, AGE: 644, SSID Testing , TSFDelta: 0xf681d095, TXRate: 0
04-10 01:28:39.083 1426 2907 D LOWI-9.0.0.87.a: [LOWI-Scan]
04-10 01:28:39.083 1426 2907 D LOWI-9.0.0.87.a: [LOWI-Scan] print_bss_handler: Report Probe TSF 313320828 as it greater than Beacon TSF 313281671
04-10 01:28:39.083 1426 2907 D LOWI-9.0.0.87.a: [LOWI-Scan] is_qcom_ie, bss_age: 0
04-10 01:28:39.083 1426 2907 D LOWI-9.0.0.87.a: [LOWI-Scan] BSS 18:6f:2d:81:16:f1 LOWI_PHY_MODE_11AC_VHT20(8), Beacon Interval: 100, LOWI_ENCRYPTION_TYPE_OPEN 11mcRanging: No, ANQP: No, LCI: No, Civic: No, capability(0x0101): ESS SpectrumMgmt
04-10 01:28:39.083 1426 2907 D LOWI-9.0.0.87.a: [LOWI-Scan] BSS 18:6f:2d:81:16:f1 FREQ: 5260, cFreq1[40:80:160] = [5260:0:0] cFreq2 = 0 Country Code = CN
04-10 01:28:39.083 1426 2907 D LOWI-9.0.0.87.a: [LOWI-Scan] BSS 18:6f:2d:81:16:f1 (wlan0) ASSO: NO AddInfo: 0x0, TSF 0, 00:05:13.320, RSSI: -88, CPL: 127, AGE: 640, SSID Guest, TSFDelta: 0xf686e744, TXRate: 0
04-10 01:28:39.084 1426 2907 D LOWI-9.0.0.87.a: [LOWI-Scan]
04-10 01:28:39.084 1426 2907 D LOWI-9.0.0.87.a: [LOWI-Scan] print_bss_handler: Report Probe TSF 313322260 as it greater than Beacon TSF 313282880
04-10 01:28:39.084 1426 2907 D LOWI-9.0.0.87.a: [LOWI-Scan] decode_rsn_wpa_ie: LOWI_ENCRYPTION_TYPE_WPA_PSK
04-10 01:28:39.084 1426 2907 D LOWI-9.0.0.87.a: [LOWI-Scan] is_qcom_ie, bss_age: 0
04-10 01:28:39.084 1426 2907 D LOWI-9.0.0.87.a: [LOWI-Scan] BSS 18:6f:2d:81:16:f2 LOWI_PHY_MODE_11AC_VHT20(8), Beacon Interval: 100, LOWI_ENCRYPTION_TYPE_WPA_PSK 11mcRanging: No, ANQP: No, LCI: No, Civic: No, capability(0x0111): ESS Privacy SpectrumMgmt
04-10 01:28:39.084 1426 2907 D LOWI-9.0.0.87.a: [LOWI-Scan] BSS 18:6f:2d:81:16:f2 FREQ: 5260, cFreq1[40:80:160] = [5260:0:0] cFreq2 = 0 Country Code = CN
04-10 01:28:39.084 1426 2907 D LOWI-9.0.0.87.a: [LOWI-Scan] BSS 18:6f:2d:81:16:f2 (wlan0) ASSO: NO AddInfo: 0x0, TSF 0, 00:05:13.322, RSSI: -88, CPL: 127, AGE: 640, SSID ZXHY, TSFDelta: 0xf68bfdfd, TXRate: 0
04-10 01:28:39.084 1426 2907 D LOWI-9.0.0.87.a: [LOWI-Scan]
04-10 01:28:39.084 1426 2907 D LOWI-9.0.0.87.a: [LOWI-Scan] print_bss_handler: Report Probe TSF 313326043 as it greater than Beacon TSF 313283907
04-10 01:28:39.084 1426 2907 D LOWI-9.0.0.87.a: [LOWI-Scan] decode_rsn_wpa_ie: LOWI_ENCRYPTION_TYPE_WPA_PSK
04-10 01:28:39.084 1426 2907 D LOWI-9.0.0.87.a: [LOWI-Scan] is_qcom_ie, bss_age: 0
04-10 01:28:39.084 1426 2907 D LOWI-9.0.0.87.a: [LOWI-Scan] BSS 18:6f:2d:81:16:f3 LOWI_PHY_MODE_11AC_VHT20(8), Beacon Interval: 100, LOWI_ENCRYPTION_TYPE_WPA_PSK 11mcRanging: No, ANQP: No, LCI: No, Civic: No, capability(0x0111): ESS Privacy SpectrumMgmt
04-10 01:28:39.084 1426 2907 D LOWI-9.0.0.87.a: [LOWI-Scan] BSS 18:6f:2d:81:16:f3 FREQ: 5260, cFreq1[40:80:160] = [5260:0:0] cFreq2 = 0 Country Code = CN
04-10 01:28:39.084 1426 2907 D LOWI-9.0.0.87.a: [LOWI-Scan] BSS 18:6f:2d:81:16:f3 (wlan0) ASSO: NO AddInfo: 0x0, TSF 0, 00:05:13.326, RSSI: -88, CPL: 127, AGE: 636, SSID Fanya, TSFDelta: 0xf69161bc, TXRate: 0
04-10 01:28:39.085 1426 2907 D LOWI-9.0.0.87.a: [LOWI-Scan]
04-10 01:28:39.085 1426 2907 D LOWI-9.0.0.87.a: [LOWI-Scan] print_bss_handler: Report Probe TSF 313327330 as it greater than Beacon TSF 313285887
04-10 01:28:39.085 1426 2907 D LOWI-9.0.0.87.a: [LOWI-Scan] decode_rsn_wpa_ie: LOWI_ENCRYPTION_TYPE_WPA_PSK
04-10 01:28:39.085 1426 2907 D LOWI-9.0.0.87.a: [LOWI-Scan] is_qcom_ie, bss_age: 0
04-10 01:28:39.085 1426 2907 D LOWI-9.0.0.87.a: [LOWI-Scan] BSS 18:6f:2d:81:16:f4 LOWI_PHY_MODE_11AC_VHT20(8), Beacon Interval: 100, LOWI_ENCRYPTION_TYPE_WPA_PSK 11mcRanging: No, ANQP: No, LCI: No, Civic: No, capability(0x0111): ESS Privacy SpectrumMgmt
04-10 01:28:39.085 1426 2907 D LOWI-9.0.0.87.a: [LOWI-Scan] BSS 18:6f:2d:81:16:f4 FREQ: 5260, cFreq1[40:80:160] = [5260:0:0] cFreq2 = 0 Country Code = CN
04-10 01:28:39.085 1426 2907 D LOWI-9.0.0.87.a: [LOWI-Scan] BSS 18:6f:2d:81:16:f4 (wlan0) ASSO: NO AddInfo: 0x0, TSF 0, 00:05:13.327, RSSI: -90, CPL: 127, AGE: 636, SSID ThunderSoft, TSFDelta: 0xf696bc06, TXRate: 0
04-10 01:28:39.086 1426 2907 D LOWI-9.0.0.87.a: [LOWI-Scan]
04-10 01:28:39.086 1426 2907 D LOWI-9.0.0.87.a: [LOWI-Scan] print_bss_handler: Report Probe TSF 313329341 as it greater than Beacon TSF 313287173
04-10 01:28:39.086 1426 2907 D LOWI-9.0.0.87.a: [LOWI-Scan] decode_rsn_wpa_ie: LOWI_ENCRYPTION_TYPE_WPA_PSK
04-10 01:28:39.086 1426 2907 D LOWI-9.0.0.87.a: [LOWI-Scan] is_qcom_ie, bss_age: 0
04-10 01:28:39.086 1426 2907 D LOWI-9.0.0.87.a: [LOWI-Scan] BSS 18:6f:2d:81:16:f5 LOWI_PHY_MODE_11AC_VHT20(8), Beacon Interval: 100, LOWI_ENCRYPTION_TYPE_WPA_PSK 11mcRanging: No, ANQP: No, LCI: No, Civic: No, capability(0x0111): ESS Privacy SpectrumMgmt
04-10 01:28:39.086 1426 2907 D LOWI-9.0.0.87.a: [LOWI-Scan] BSS 18:6f:2d:81:16:f5 FREQ: 5260, cFreq1[40:80:160] = [5260:0:0] cFreq2 = 0 Country Code = CN
04-10 01:28:39.086 1426 2907 D LOWI-9.0.0.87.a: [LOWI-Scan] BSS 18:6f:2d:81:16:f5 (wlan0) ASSO: NO AddInfo: 0x0, TSF 0, 00:05:13.329, RSSI: -88, CPL: 127, AGE: 632, SSID GM, TSFDelta: 0xf69f8afa, TXRate: 0
04-10 01:28:39.086 1426 2907 D LOWI-9.0.0.87.a: [LOWI-Scan]
04-10 01:28:39.086 1426 2907 D LOWI-9.0.0.87.a: [LOWI-Scan] print_bss_handler: Report Probe TSF 313494809 as it greater than Beacon TSF 292540268
04-10 01:28:39.086 1426 2907 D LOWI-9.0.0.87.a: [LOWI-Scan] decode_rsn_wpa_ie: LOWI_ENCRYPTION_TYPE_WPA_PSK
04-10 01:28:39.087 1426 2907 D LOWI-9.0.0.87.a: [LOWI-Scan] is_qcom_ie, bss_age: 0
04-10 01:28:39.087 1426 2907 D LOWI-9.0.0.87.a: [LOWI-Scan] BSS 18:6f:2d:0a:ae:10 LOWI_PHY_MODE_11AC_VHT20(8), Beacon Interval: 100, LOWI_ENCRYPTION_TYPE_WPA_PSK 11mcRanging: No, ANQP: No, LCI: No, Civic: No, capability(0x0111): ESS Privacy SpectrumMgmt
04-10 01:28:39.087 1426 2907 D LOWI-9.0.0.87.a: [LOWI-Scan] BSS 18:6f:2d:0a:ae:10 FREQ: 5280, cFreq1[40:80:160] = [5280:0:0] cFreq2 = 0 Country Code = CN
04-10 01:28:39.087 1426 2907 D LOWI-9.0.0.87.a: [LOWI-Scan] BSS 18:6f:2d:0a:ae:10 (wlan0) ASSO: NO AddInfo: 0x0, TSF 0, 00:05:13.494, RSSI: -120, CPL: 127, AGE: 468, SSID Testing , TSFDelta: 0x84be3c84, TXRate: 0
04-10 01:28:39.087 1426 2907 D LOWI-9.0.0.87.a: [LOWI-Scan]
04-10 01:28:39.087 1426 2907 D LOWI-9.0.0.87.a: [LOWI-Scan] print_bss_handler: Report Probe TSF 313496646 as it greater than Beacon TSF 313435477
04-10 01:28:39.087 1426 2907 D LOWI-9.0.0.87.a: [LOWI-Scan] decode_rsn_wpa_ie: LOWI_ENCRYPTION_TYPE_WPA_PSK
04-10 01:28:39.087 1426 2907 D LOWI-9.0.0.87.a: [LOWI-Scan] is_qcom_ie, bss_age: 0
04-10 01:28:39.087 1426 2907 D LOWI-9.0.0.87.a: [LOWI-Scan] BSS 18:6f:2d:0a:ae:12 LOWI_PHY_MODE_11AC_VHT20(8), Beacon Interval: 100, LOWI_ENCRYPTION_TYPE_WPA_PSK 11mcRanging: No, ANQP: No, LCI: No, Civic: No, capability(0x0111): ESS Privacy SpectrumMgmt
04-10 01:28:39.087 1426 2907 D LOWI-9.0.0.87.a: [LOWI-Scan] BSS 18:6f:2d:0a:ae:12 FREQ: 5280, cFreq1[40:80:160] = [5280:0:0] cFreq2 = 0 Country Code = CN
04-10 01:28:39.087 1426 2907 D LOWI-9.0.0.87.a: [LOWI-Scan] BSS 18:6f:2d:0a:ae:12 (wlan0) ASSO: NO AddInfo: 0x0, TSF 0, 00:05:13.496, RSSI: -122, CPL: 127, AGE: 464, SSID ZXHY, TSFDelta: 0x84c96e91, TXRate: 0
04-10 01:28:39.087 1426 2907 D LOWI-9.0.0.87.a: [LOWI-Scan]
04-10 01:28:39.087 1426 2907 D LOWI-9.0.0.87.a: [LOWI-Scan] print_bss_handler: Report Probe TSF 313497422 as it greater than Beacon TSF 313437624
04-10 01:28:39.087 1426 2907 D LOWI-9.0.0.87.a: [LOWI-Scan] decode_rsn_wpa_ie: LOWI_ENCRYPTION_TYPE_WPA_PSK
04-10 01:28:39.087 1426 2907 D LOWI-9.0.0.87.a: [LOWI-Scan] is_qcom_ie, bss_age: 0
04-10 01:28:39.087 1426 2907 D LOWI-9.0.0.87.a: [LOWI-Scan] BSS 18:6f:2d:0a:ae:14 LOWI_PHY_MODE_11AC_VHT20(8), Beacon Interval: 100, LOWI_ENCRYPTION_TYPE_WPA_PSK 11mcRanging: No, ANQP: No, LCI: No, Civic: No, capability(0x0111): ESS Privacy SpectrumMgmt
04-10 01:28:39.087 1426 2907 D LOWI-9.0.0.87.a: [LOWI-Scan] BSS 18:6f:2d:0a:ae:14 FREQ: 5280, cFreq1[40:80:160] = [5280:0:0] cFreq2 = 0 Country Code = CN
04-10 01:28:39.087 1426 2907 D LOWI-9.0.0.87.a: [LOWI-Scan] BSS 18:6f:2d:0a:ae:14 (wlan0) ASSO: NO AddInfo: 0x0, TSF 0, 00:05:13.497, RSSI: -120, CPL: 127, AGE: 464, SSID ThunderSoft, TSFDelta: 0x84d4b94f, TXRate: 0
04-10 01:28:39.088 1426 2907 D LOWI-9.0.0.87.a: [LOWI-Scan]
04-10 01:28:39.088 1426 2907 D LOWI-9.0.0.87.a: [LOWI-Scan] print_bss_handler: Report Probe TSF 313498631 as it greater than Beacon TSF 313438009
04-10 01:28:39.088 1426 2907 D LOWI-9.0.0.87.a: [LOWI-Scan] decode_rsn_wpa_ie: LOWI_ENCRYPTION_TYPE_WPA_PSK
04-10 01:28:39.088 1426 2907 D LOWI-9.0.0.87.a: [LOWI-Scan] is_qcom_ie, bss_age: 0
04-10 01:28:39.088 1426 2907 D LOWI-9.0.0.87.a: [LOWI-Scan] BSS 18:6f:2d:0a:ae:15 LOWI_PHY_MODE_11AC_VHT20(8), Beacon Interval: 100, LOWI_ENCRYPTION_TYPE_WPA_PSK 11mcRanging: No, ANQP: No, LCI: No, Civic: No, capability(0x0111): ESS Privacy SpectrumMgmt
04-10 01:28:39.088 1426 2907 D LOWI-9.0.0.87.a: [LOWI-Scan] BSS 18:6f:2d:0a:ae:15 FREQ: 5280, cFreq1[40:80:160] = [5280:0:0] cFreq2 = 0 Country Code = CN
04-10 01:28:39.088 1426 2907 D LOWI-9.0.0.87.a: [LOWI-Scan] BSS 18:6f:2d:0a:ae:15 (wlan0) ASSO: NO AddInfo: 0x0, TSF 0, 00:05:13.498, RSSI: -120, CPL: 127, AGE: 464, SSID GM, TSFDelta: 0x84dadfbf, TXRate: 0
04-10 01:28:39.088 1426 2907 D LOWI-9.0.0.87.a: [LOWI-Scan]
04-10 01:28:39.088 1426 2907 D LOWI-9.0.0.87.a: [LOWI-Scan] print_bss_handler: Report Probe TSF 313499829 as it greater than Beacon TSF 313441030
04-10 01:28:39.088 1426 2907 D LOWI-9.0.0.87.a: [LOWI-Scan] decode_rsn_wpa_ie: LOWI_ENCRYPTION_TYPE_WPA_PSK
04-10 01:28:39.088 1426 2907 D LOWI-9.0.0.87.a: [LOWI-Scan] is_qcom_ie, bss_age: 0
04-10 01:28:39.088 1426 2907 D LOWI-9.0.0.87.a: [LOWI-Scan] BSS 18:6f:2d:81:16:53 LOWI_PHY_MODE_11AC_VHT20(8), Beacon Interval: 100, LOWI_ENCRYPTION_TYPE_WPA_PSK 11mcRanging: No, ANQP: No, LCI: No, Civic: No, capability(0x0111): ESS Privacy SpectrumMgmt
04-10 01:28:39.088 1426 2907 D LOWI-9.0.0.87.a: [LOWI-Scan] BSS 18:6f:2d:81:16:53 FREQ: 5280, cFreq1[40:80:160] = [5280:0:0] cFreq2 = 0 Country Code = CN
04-10 01:28:39.088 1426 2907 D LOWI-9.0.0.87.a: [LOWI-Scan] BSS 18:6f:2d:81:16:53 (wlan0) ASSO: NO AddInfo: 0x0, TSF 0, 00:05:13.499, RSSI: -154, CPL: 127, AGE: 464, SSID Fanya, TSFDelta: 0xfa06e278, TXRate: 0
04-10 01:28:39.089 1426 2907 D LOWI-9.0.0.87.a: [LOWI-Scan]
04-10 01:28:39.089 1426 2907 D LOWI-9.0.0.87.a: [LOWI-Scan] print_bss_handler: Report Probe TSF 292551959 as it greater than Beacon TSF 272590113
04-10 01:28:39.089 1426 2907 D LOWI-9.0.0.87.a: [LOWI-Scan] decode_rsn_wpa_ie: LOWI_ENCRYPTION_TYPE_WPA_PSK
04-10 01:28:39.089 1426 2907 D LOWI-9.0.0.87.a: [LOWI-Scan] is_qcom_ie, bss_age: 0
04-10 01:28:39.089 1426 2907 D LOWI-9.0.0.87.a: [LOWI-Scan] adjust_age:AP AGE upper limit reached. Dont store
04-10 01:28:39.089 1426 2907 D LOWI-9.0.0.87.a: [LOWI-Scan] BSS 18:6f:2d:81:16:52 LOWI_PHY_MODE_11AC_VHT20(8), Beacon Interval: 100, LOWI_ENCRYPTION_TYPE_WPA_PSK 11mcRanging: No, ANQP: No, LCI: No, Civic: No, capability(0x0111): ESS Privacy SpectrumMgmt
04-10 01:28:39.089 1426 2907 D LOWI-9.0.0.87.a: [LOWI-Scan] BSS 18:6f:2d:81:16:52 FREQ: 5280, cFreq1[40:80:160] = [5280:0:0] cFreq2 = 0 Country Code = CN
04-10 01:28:39.089 1426 2907 D LOWI-9.0.0.87.a: [LOWI-Scan] BSS 18:6f:2d:81:16:52 (wlan0) ASSO: NO AddInfo: 0x0, TSF 0, 00:04:52.551, RSSI: -140, CPL: 127, AGE: 21412, SSID ZXHY, TSFDelta: 0xf8a8957f, TXRate: 0
04-10 01:28:39.089 1426 2907 D LOWI-9.0.0.87.a: [LOWI-Scan]
04-10 01:28:39.089 1426 2907 D LOWI-9.0.0.87.a: [LOWI-Scan] print_bss_handler: Report Probe TSF 313501667 as it greater than Beacon TSF 313462803
04-10 01:28:39.089 1426 2907 D LOWI-9.0.0.87.a: [LOWI-Scan] decode_rsn_wpa_ie: LOWI_ENCRYPTION_TYPE_WPA_PSK
04-10 01:28:39.089 1426 2907 D LOWI-9.0.0.87.a: [LOWI-Scan] is_qcom_ie, bss_age: 0
04-10 01:28:39.089 1426 2907 D LOWI-9.0.0.87.a: [LOWI-Scan] BSS 18:6f:2d:81:1e:72 LOWI_PHY_MODE_11AC_VHT20(8), Beacon Interval: 100, LOWI_ENCRYPTION_TYPE_WPA_PSK 11mcRanging: No, ANQP: No, LCI: No, Civic: No, capability(0x0111): ESS Privacy SpectrumMgmt
04-10 01:28:39.089 1426 2907 D LOWI-9.0.0.87.a: [LOWI-Scan] BSS 18:6f:2d:81:1e:72 FREQ: 5280, cFreq1[40:80:160] = [5280:0:0] cFreq2 = 0 Country Code = CN
04-10 01:28:39.089 1426 2907 D LOWI-9.0.0.87.a: [LOWI-Scan] BSS 18:6f:2d:81:1e:72 (wlan0) ASSO: NO AddInfo: 0x0, TSF 0, 00:05:13.501, RSSI: -150, CPL: 127, AGE: 460, SSID ZXHY, TSFDelta: 0xa54ed910, TXRate: 0
04-10 01:28:39.090 1426 2907 D LOWI-9.0.0.87.a: [LOWI-Scan]
04-10 01:28:39.090 1426 2907 D LOWI-9.0.0.87.a: [LOWI-Scan] print_bss_handler: Report Probe TSF 313501270 as it greater than Beacon TSF 211462543
04-10 01:28:39.090 1426 2907 D LOWI-9.0.0.87.a: [LOWI-Scan] decode_rsn_wpa_ie: LOWI_ENCRYPTION_TYPE_WPA_PSK
04-10 01:28:39.090 1426 2907 D LOWI-9.0.0.87.a: [LOWI-Scan] is_qcom_ie, bss_age: 0
04-10 01:28:39.090 1426 2907 D LOWI-9.0.0.87.a: [LOWI-Scan] BSS 18:6f:2d:81:16:54 LOWI_PHY_MODE_11AC_VHT20(8), Beacon Interval: 100, LOWI_ENCRYPTION_TYPE_WPA_PSK 11mcRanging: No, ANQP: No, LCI: No, Civic: No, capability(0x0111): ESS Privacy SpectrumMgmt
04-10 01:28:39.090 1426 2907 D LOWI-9.0.0.87.a: [LOWI-Scan] BSS 18:6f:2d:81:16:54 FREQ: 5280, cFreq1[40:80:160] = [5280:0:0] cFreq2 = 0 Country Code = CN
04-10 01:28:39.090 1426 2907 D LOWI-9.0.0.87.a: [LOWI-Scan] BSS 18:6f:2d:81:16:54 (wlan0) ASSO: NO AddInfo: 0x0, TSF 0, 00:05:13.501, RSSI: -156, CPL: 127, AGE: 460, SSID ThunderSoft, TSFDelta: 0xfa0961b9, TXRate: 0
04-10 01:28:39.090 1426 2907 D LOWI-9.0.0.87.a: [LOWI-Scan]
04-10 01:28:39.090 1426 2907 D LOWI-9.0.0.87.a: [LOWI-Scan] print_bss_handler: Report Probe TSF 313502268 as it greater than Beacon TSF 211463000
04-10 01:28:39.090 1426 2907 D LOWI-9.0.0.87.a: [LOWI-Scan] decode_rsn_wpa_ie: LOWI_ENCRYPTION_TYPE_WPA_PSK
04-10 01:28:39.090 1426 2907 D LOWI-9.0.0.87.a: [LOWI-Scan] is_qcom_ie, bss_age: 0
04-10 01:28:39.090 1426 2907 D LOWI-9.0.0.87.a: [LOWI-Scan] BSS 18:6f:2d:81:16:55 LOWI_PHY_MODE_11AC_VHT20(8), Beacon Interval: 100, LOWI_ENCRYPTION_TYPE_WPA_PSK 11mcRanging: No, ANQP: No, LCI: No, Civic: No, capability(0x0111): ESS Privacy SpectrumMgmt
04-10 01:28:39.090 1426 2907 D LOWI-9.0.0.87.a: [LOWI-Scan] BSS 18:6f:2d:81:16:55 FREQ: 5280, cFreq1[40:80:160] = [5280:0:0] cFreq2 = 0 Country Code = CN
04-10 01:28:39.090 1426 2907 D LOWI-9.0.0.87.a: [LOWI-Scan] BSS 18:6f:2d:81:16:55 (wlan0) ASSO: NO AddInfo: 0x0, TSF 0, 00:05:13.502, RSSI: -156, CPL: 127, AGE: 460, SSID GM, TSFDelta: 0xfa116b76, TXRate: 0
04-10 01:28:39.091 1426 2907 D LOWI-9.0.0.87.a: [LOWI-Scan]
04-10 01:28:39.091 1426 2907 D LOWI-9.0.0.87.a: [LOWI-Scan] print_bss_handler: Report Probe TSF 292588648 as it greater than Beacon TSF 272544647
04-10 01:28:39.091 1426 2907 D LOWI-9.0.0.87.a: [LOWI-Scan] decode_rsn_wpa_ie: LOWI_ENCRYPTION_TYPE_WPA_PSK
04-10 01:28:39.091 1426 2907 D LOWI-9.0.0.87.a: [LOWI-Scan] is_qcom_ie, bss_age: 0
04-10 01:28:39.091 1426 2907 D LOWI-9.0.0.87.a: [LOWI-Scan] adjust_age:AP AGE upper limit reached. Dont store
04-10 01:28:39.091 1426 2907 D LOWI-9.0.0.87.a: [LOWI-Scan] BSS 18:6f:2d:81:1f:d5 LOWI_PHY_MODE_11AC_VHT20(8), Beacon Interval: 100, LOWI_ENCRYPTION_TYPE_WPA_PSK 11mcRanging: No, ANQP: No, LCI: No, Civic: No, capability(0x0111): ESS Privacy SpectrumMgmt
04-10 01:28:39.091 1426 2907 D LOWI-9.0.0.87.a: [LOWI-Scan] BSS 18:6f:2d:81:1f:d5 FREQ: 5280, cFreq1[40:80:160] = [5280:0:0] cFreq2 = 0 Country Code = CN
04-10 01:28:39.091 1426 2907 D LOWI-9.0.0.87.a: [LOWI-Scan] BSS 18:6f:2d:81:1f:d5 (wlan0) ASSO: NO AddInfo: 0x0, TSF 0, 00:04:52.588, RSSI: -160, CPL: 127, AGE: 21372, SSID GM, TSFDelta: 0xf72a8aee, TXRate: 0
04-10 01:28:39.091 1426 2907 D LOWI-9.0.0.87.a: [LOWI-Scan]
04-10 01:28:39.091 1426 2907 D LOWI-9.0.0.87.a: [LOWI-Scan] print_bss_handler: Report Probe TSF 313499446 as it greater than Beacon TSF 313462303
04-10 01:28:39.091 1426 2907 D LOWI-9.0.0.87.a: [LOWI-Scan] is_qcom_ie, bss_age: 0
04-10 01:28:39.091 1426 2907 D LOWI-9.0.0.87.a: [LOWI-Scan] BSS 18:6f:2d:81:1e:71 LOWI_PHY_MODE_11AC_VHT20(8), Beacon Interval: 100, LOWI_ENCRYPTION_TYPE_OPEN 11mcRanging: No, ANQP: No, LCI: No, Civic: No, capability(0x0101): ESS SpectrumMgmt
04-10 01:28:39.091 1426 2907 D LOWI-9.0.0.87.a: [LOWI-Scan] BSS 18:6f:2d:81:1e:71 FREQ: 5280, cFreq1[40:80:160] = [5280:0:0] cFreq2 = 0 Country Code = CN
04-10 01:28:39.091 1426 2907 D LOWI-9.0.0.87.a: [LOWI-Scan] BSS 18:6f:2d:81:1e:71 (wlan0) ASSO: NO AddInfo: 0x0, TSF 0, 00:05:13.499, RSSI: -150, CPL: 127, AGE: 464, SSID Guest, TSFDelta: 0xa5474d17, TXRate: 0
04-10 01:28:39.091 1426 2907 D LOWI-9.0.0.87.a: [LOWI-Scan]
04-10 01:28:39.092 1426 2907 D LOWI-9.0.0.87.a: [LOWI-Scan] print_bss_handler: Report Probe TSF 313415329 as it greater than Beacon TSF 272534455
