01-01 08:00:16.026 0 0 E [kworke][0x1257a805][08:49:27.015327] wlan: [343:E:QDF] htc_wait_target: 684: Target Ready! TX resource : 1 size:2176, MaxMsgsPerHTCBundle = 1
01-01 08:00:16.026 0 0 E [kworke][0x1257a912][08:49:27.015341] wlan: [343:E:QDF] htc_setup_target_buffer_assignments: 576: SVS Index : 1 TX : 0x100 : alloc:1
01-01 08:00:16.026 0 0 D cnss : Assign MSI to user: DP, num_vectors: 18, user_base_data: 814, base_vector: 14
01-01 08:00:16.027 0 0 I [kworke][0x1257b7db][08:49:27.015538] wlan: [343:I:HIF] +hif_update_pipe_callback pipeid 5
01-01 08:00:16.027 0 0 I [kworke][0x1257b858][08:49:27.015544] wlan: [343:I:HIF] -hif_update_pipe_callback
01-01 08:00:16.027 0 0 D cnss : Assign MSI to user: DP, num_vectors: 18, user_base_data: 814, base_vector: 14
01-01 08:00:16.028 0 0 E [kworke][0x12580de1][08:49:27.016685] wlan: [343:E:DP] dp_srng_get_str_from_hal_ring_type: 7726: Invalid ring type
01-01 08:00:16.028 0 0 D cnss : Assign MSI to user: DP, num_vectors: 18, user_base_data: 814, base_vector: 14
01-01 08:00:16.029 0 0 D cnss : Assign MSI to user: DP, num_vectors: 18, user_base_data: 814, base_vector: 14
01-01 08:00:16.029 0 0 D cnss : Assign MSI to user: DP, num_vectors: 18, user_base_data: 814, base_vector: 14
01-01 08:00:16.029 0 0 D cnss : Assign MSI to user: DP, num_vectors: 18, user_base_data: 814, base_vector: 14
01-01 08:00:16.029 0 0 D cnss : Assign MSI to user: DP, num_vectors: 18, user_base_data: 814, base_vector: 14
01-01 08:00:16.029 0 0 D cnss : Assign MSI to user: DP, num_vectors: 18, user_base_data: 814, base_vector: 14
01-01 08:00:16.029 0 0 D cnss : Assign MSI to user: DP, num_vectors: 18, user_base_data: 814, base_vector: 14
01-01 08:00:16.029 0 0 D cnss : Assign MSI to user: DP, num_vectors: 18, user_base_data: 814, base_vector: 14
01-01 08:00:16.029 0 0 I [kworke][0x12588321][08:49:27.018248] wlan: [343:I:DP] dp_tx_soc_attach Tx Desc Alloc num_pool = 4, descs = 4096
01-01 08:00:16.030 0 0 I [kworke][0x1258bc4c][08:49:27.019010] wlan: [343:I:DP] dp_tx_soc_attach MSDU Ext Desc Alloc 4, descs = 4096
01-01 08:00:16.031 0 0 I [kworke][0x12590b64][08:49:27.020065] wlan: [343:I:DP] dp_tx_soc_attach HAL Tx init Success
01-01 08:00:16.031 0 0 D cnss : Assign MSI to user: DP, num_vectors: 18, user_base_data: 814, base_vector: 14
01-01 08:00:16.031 0 0 D cnss : Assign MSI to user: DP, num_vectors: 18, user_base_data: 814, base_vector: 14
01-01 08:00:16.031 0 0 I [kworke][0x1259159a][08:49:27.020201] wlan: [343:I:DP] dp_soc_cmn_setup: 3274: num_reo_dest_rings 4
01-01 08:00:16.031 0 0 D cnss : Assign MSI to user: DP, num_vectors: 18, user_base_data: 814, base_vector: 14
01-01 08:00:16.031 0 0 D cnss : Assign MSI to user: DP, num_vectors: 18, user_base_data: 814, base_vector: 14
01-01 08:00:16.031 0 0 D cnss : Assign MSI to user: DP, num_vectors: 18, user_base_data: 814, base_vector: 14
01-01 08:00:16.032 0 0 D cnss : Assign MSI to user: DP, num_vectors: 18, user_base_data: 814, base_vector: 14
01-01 08:00:16.032 0 0 D cnss : Assign MSI to user: DP, num_vectors: 18, user_base_data: 814, base_vector: 14
01-01 08:00:16.032 0 0 D cnss : Assign MSI to user: DP, num_vectors: 18, user_base_data: 814, base_vector: 14
01-01 08:00:16.032 0 0 D cnss : Assign MSI to user: DP, num_vectors: 18, user_base_data: 814, base_vector: 14
01-01 08:00:16.032 0 0 D cnss : Assign MSI to user: DP, num_vectors: 18, user_base_data: 814, base_vector: 14
01-01 08:00:16.032 0 0 D cnss : Assign MSI to user: DP, num_vectors: 18, user_base_data: 814, base_vector: 14
01-01 08:00:16.032 0 0 D cnss : Assign MSI to user: DP, num_vectors: 18, user_base_data: 814, base_vector: 14
01-01 08:00:16.032 0 0 D cnss : Assign MSI to user: DP, num_vectors: 18, user_base_data: 814, base_vector: 14
01-01 08:00:16.032 0 0 I [kworke][0x12594a4c][08:49:27.020904] wlan: [343:I:HAL] hal_reo_set_err_dst_remap_6390: 1024: HWIO_REO_R0_ERROR_DESTINATION_MAPPING_IX_0 0x28005b6d
01-01 08:00:16.032 0 0 D cnss : Assign MSI to user: DP, num_vectors: 18, user_base_data: 814, base_vector: 14
01-01 08:00:16.032 0 0 D cnss : Assign MSI to user: DP, num_vectors: 18, user_base_data: 814, base_vector: 14
01-01 08:00:16.032 0 0 D cnss : Assign MSI to user: DP, num_vectors: 18, user_base_data: 814, base_vector: 14
01-01 08:00:16.032 0 0 D cnss : Assign MSI to user: DP, num_vectors: 18, user_base_data: 814, base_vector: 14
01-01 08:00:16.032 0 0 D cnss : Assign MSI to user: DP, num_vectors: 18, user_base_data: 814, base_vector: 14
01-01 08:00:16.032 0 0 D cnss : Assign MSI to user: DP, num_vectors: 18, user_base_data: 814, base_vector: 14
01-01 08:00:16.035 0 0 I [kworke][0x125a4b14][08:49:27.024327] wlan: [343:I:DP] Peer pool init
01-01 08:00:16.036 0 0 W [kworke][0x125a5250][08:49:27.024424] wlan: [343:W:DP] dp_rx_pdev_mon_attach: pdev attach id=0
01-01 08:00:16.037 0 0 D cnss : Assign MSI to user: DP, num_vectors: 18, user_base_data: 814, base_vector: 14
01-01 08:00:16.037 0 0 D cnss : Get IRQ number 364 for vector index 14
01-01 08:00:16.037 0 0 D cnss : Assign MSI to user: DP, num_vectors: 18, user_base_data: 814, base_vector: 14
01-01 08:00:16.037 0 0 D cnss : Get IRQ number 365 for vector index 15
01-01 08:00:16.037 0 0 D cnss : Assign MSI to user: DP, num_vectors: 18, user_base_data: 814, base_vector: 14
01-01 08:00:16.037 0 0 D cnss : Get IRQ number 366 for vector index 16
01-01 08:00:16.037 0 0 D cnss : Assign MSI to user: DP, num_vectors: 18, user_base_data: 814, base_vector: 14
01-01 08:00:16.037 0 0 D cnss : Get IRQ number 367 for vector index 17
01-01 08:00:16.037 0 0 D cnss : Assign MSI to user: DP, num_vectors: 18, user_base_data: 814, base_vector: 14
01-01 08:00:16.037 0 0 D cnss : Assign MSI to user: DP, num_vectors: 18, user_base_data: 814, base_vector: 14
01-01 08:00:16.037 0 0 D cnss : Get IRQ number 369 for vector index 19
01-01 08:00:16.037 0 0 D cnss : Assign MSI to user: DP, num_vectors: 18, user_base_data: 814, base_vector: 14
01-01 08:00:16.037 0 0 D cnss : Get IRQ number 370 for vector index 20
01-01 08:00:16.045 0 0 I [kworke][0x125cf579][08:49:27.033426] wlan: [839:I:WMA] wma_rx_service_ready_event: Firmware build version : 101a0521
01-01 08:00:16.045 0 0 I [kworke][0x125cf753][08:49:27.033451] wlan: [839:I:WMA] wma_rx_service_ready_event: Board id: 0, Board version: 8 0 0 0 6
01-01 08:00:16.047 0 0 I [kworke][0x125dcc3f][08:49:27.036290] wlan: [839:I:WMA] wma_is_dbs_mandatory: 5417: MAC0 does not support both bands 2 DBS is mandatory
01-01 08:00:16.048 0 0 E [kworke][0x125df0d4][08:49:27.036777] wlan: [839:E:QDF] copy_fw_abi_version_tlv: 6979: copy_fw_abi_version_tlv: INIT_CMD version: 1, 0, 0x5f414351, 0x4c4d, 0x0, 0x0
01-01 08:00:16.241 0 0 E [kworke][0x12968997][08:49:27.229961] wlan: [839:E:QDF] ready_extract_init_status_tlv: 8884: ready_extract_init_status_tlv:0
01-01 08:00:16.241 0 0 E [kworke][0x12969219][08:49:27.230074] wlan: [839:E:QDF] cds_get_context: 1486: Module ID 65 context is Null
01-01 08:00:16.241 0 0 F [kworke][0x129692f0][08:49:27.230085] wlan: [839:F:DP] cdp_ipa_set_uc_tx_partition_base invalid instance
01-01 08:00:16.241 0 0 I [kworke][0x129693fa][08:49:27.230099] wlan: [839:I:WMA] wma_he_update_tgt_services: 996: 11ax is enabled
01-01 08:00:16.243 0 0 I [kworke][0x129719b7][08:49:27.231883] wlan: [839:I:HIF] Initializing Runtime PM wakelock &mgmt_txrx_pdev_ctx->wakelock_tx_runtime_cmp
01-01 08:00:16.243 0 0 I [kworke][0x12973066][08:49:27.232185] wlan: [839:I:dfs] WLAN_DEBUG_DFS_ALWAYS : wlan_dfs_pdev_obj_create_notification: 421: dfs_offload 1
01-01 08:00:16.243 0 0 I [kworke][0x129731db][08:49:27.232204] wlan: [839:I:SPECTRAL] null_get_capability: 1715: SPECTRAL : get_capability not registered
01-01 08:00:16.243 0 0 I [kworke][0x12973265][08:49:27.232235] wlan: [839:I:SPECTRAL] target_if_pdev_spectral_init: 2249: HAL_CAP_PHYDIAG : Capable
01-01 08:00:16.243 0 0 I [kworke][0x12973664][08:49:27.232265] wlan: [839:I:SPECTRAL] null_get_capability: 1715: SPECTRAL : get_capability not registered
01-01 08:00:16.243 0 0 I [kworke][0x129736db][08:49:27.232271] wlan: [839:I:SPECTRAL] target_if_pdev_spectral_init: 2253: HAL_CAP_RADAR : Capable
01-01 08:00:16.243 0 0 I [kworke][0x1297374b][08:49:27.232277] wlan: [839:I:SPECTRAL] null_get_capability: 1715: SPECTRAL : get_capability not registered
01-01 08:00:16.243 0 0 I [kworke][0x129737bb][08:49:27.232283] wlan: [839:I:SPECTRAL] target_if_pdev_spectral_init: 2258: HAL_CAP_SPECTRAL_SCAN : Capable
01-01 08:00:16.243 0 0 I [kworke][0x1297382e][08:49:27.232289] wlan: [839:I:SPECTRAL] null_get_tsf64: 1703: SPECTRAL : get_tsf64 not registered
01-01 08:00:16.243 0 0 I [kworke][0x12973959][08:49:27.232304] wlan: [839:I:GREEN_AP] wlan_green_ap_pdev_obj_create_notification: 106: Green AP creation successful, green ap ctx: 0000000000000000, pdev: 0000000000000000
01-01 08:00:16.243 0 0 I [kworke][0x12973bc8][08:49:27.232337] wlan: [839:I:IPA] wlan_ipa_wdi_init: 540: ipa_over_gsi: 1, is_smmu_enabled: 1
01-01 08:00:16.244 0 0 I [kworke][0x12977382][08:49:27.233080] wlan: [839:I:REGULATORY] reg_set_band: 483: set band bitmap: 3
01-01 08:00:16.245 0 0 I [kworke][0x12979164][08:49:27.233478] wlan: [839:I:HIF] Initializing Runtime PM wakelock &ctx->dfs
01-01 08:00:16.245 0 0 I [kworke][0x129791fc][08:49:27.233486] wlan: [839:I:HIF] Initializing Runtime PM wakelock &ctx->connect
01-01 08:00:16.245 0 0 I [kworke][0x12979362][08:49:27.233505] wlan: [839:I:HIF] Initializing Runtime PM wakelock &ctx->user
01-01 08:00:16.245 0 0 I [kworke][0x129793e9][08:49:27.233512] wlan: [839:I:HIF] Initializing Runtime PM wakelock &scan_priv->runtime_pm_lock
01-01 08:00:16.245 0 0 I [kworke][0x129795f7][08:49:27.233539] wlan: [839:I:GREEN_AP] target_if_green_ap_register_egap_event_handler: 131: Set the Enhance Green AP event handler
01-01 08:00:16.245 0 0 E [kworke][0x129796ff][08:49:27.233553] wlan: [839:E:QDF] dp_peer_map_attach_wifi3: 10048: dp_peer_map_attach_wifi3 max_peers 55, max_ast_index: 144
01-01 08:00:16.245 0 0 I [kworke][0x129799c6][08:49:27.233590] wlan: [839:I:DP]
01-01 08:00:16.245 0 0 I : <=== cfg max peer id 55 ====>
01-01 08:00:16.245 0 0 I [kworke][0x12979a82][08:49:27.233600] wlan: [839:I:DP]
01-01 08:00:16.245 0 0 I : <=== cfg max ast idx 144 ====>
01-01 08:00:16.245 0 0 I [kworke][0x12979b18][08:49:27.233608] wlan: [839:I:DP] ast hash_elems: 512, max_ast_idx: 144
01-01 08:00:16.245 0 0 I [kworke][0x1297a163][08:49:27.233692] wlan: [343:I:WMA] wma_wait_for_ready_event: 6926: FW ready event received
01-01 08:00:16.246 0 0 E [kworke][0x1298055f][08:49:27.235025] wlan: [343:E:WMI] send_action_oui_cmd_tlv: 220: Invalid action id
01-01 08:00:16.246 0 0 E [kworke][0x12980701][08:49:27.235046] wlan: [343:E:action_oui] ucfg_action_oui_send: 160: Failed to send: 7
01-01 08:00:16.246 0 0 E [kworke][0x12980836][08:49:27.235062] wlan: [343:E:WMI] send_action_oui_cmd_tlv: 220: Invalid action id
01-01 08:00:16.246 0 0 E [kworke][0x1298093c][08:49:27.235076] wlan: [343:E:action_oui] ucfg_action_oui_send: 160: Failed to send: 9
01-01 08:00:16.246 0 0 E [kworke][0x12980a08][08:49:27.235087] wlan: [343:E:HDD] hdd_action_oui_send: 13281: Failed to send one or all action_ouis
01-01 08:00:16.248 0 0 D cnss : dma-coherent is enabled
01-01 08:00:16.248 0 0 D cnss : IOMMU map: iova b0000000, len 4096
01-01 08:00:16.248 0 0 D cnss : IOMMU map: iova_addr b0000040
01-01 08:00:16.248 0 0 D cnss : dma-coherent is enabled
01-01 08:00:16.248 0 0 D cnss : IOMMU map: iova b0001000, len 4096
01-01 08:00:16.248 0 0 D cnss : IOMMU map: iova_addr b0001018
01-01 08:00:16.249 0 0 I [kworke][0x1298ceb7][08:49:27.237709] wlan: [343:I:SYS] Creating periodic timer for OLBC UPDATE CACHE TIMEOUT
01-01 08:00:16.249 0 0 E [kworke][0x1298e23d][08:49:27.237970] wlan: [343:E:TXRX] dp_rxdma_ring_config: 5022: DBS enabled max_mac_rings 2
01-01 08:00:16.249 0 0 E [kworke][0x1298e34e][08:49:27.237984] wlan: [343:E:TXRX] dp_rxdma_ring_config: 5033: pdev_id 0 max_mac_rings 2
01-01 08:00:16.249 0 0 E [kworke][0x1298e406][08:49:27.237993] wlan: [343:E:TXRX] dp_rxdma_ring_config: 5050: mac_id 0
01-01 08:00:16.249 0 0 E [kworke][0x1298ecce][08:49:27.238110] wlan: [343:E:TXRX] dp_rxdma_ring_config: 5050: mac_id 1
01-01 08:00:16.250 0 0 I [kworke][0x1299081a][08:49:27.238474] wlan: [343:I:POLICY_MGR] policy_mgr_update_5g_scc_prefer: 398: overwrite pm_second_connection_pcl_dbs_2x2_table, index 2 mode 3 system prefer 0 new pcl 6
01-01 08:00:16.250 0 0 I [kworke][0x12990941][08:49:27.238490] wlan: [343:I:POLICY_MGR] policy_mgr_update_5g_scc_prefer: 404: overwrite pm_second_connection_pcl_dbs_2x2_table, index 3 mode 3 system prefer 0 new pcl 6
01-01 08:00:16.250 0 0 E [kworke][0x12993e36][08:49:27.239196] wlan: [343:E:REGULATORY] reg_freq_width_to_chan_op_class: 512: no op class for frequency 5745
01-01 08:00:16.251 0 0 I [kworke][0x12995f42][08:49:27.239636] wlan: [343:I:HIF] hif_pm_runtime_start: Enabling RUNTIME PM, Delay: 500 ms
01-01 08:00:16.252 0 0 E cnss_utils: WLAN MAC address is not set, type 0
01-01 08:00:16.252 0 0 W cnss_pci 0000: 01:00.0: Falling back to syfs fallback for: wlan/qca_cld/qca6390/wlan_mac.bin
01-01 08:00:16.259 0 0 I [kworke][0x129bd67a][08:49:27.248053] wlan: [343:I:HDD] hdd_initialize_mac_address: 12589: using default MAC address
01-13 08:49:27.269 834 834 I android.hardware.wifi@1.0-service: Wifi HAL started
01-01 08:00:16.280 0 0 D cnss : Host time = 16281160 us, device time = 2570850 us, offset = 13710310 us
01-01 08:00:16.280 0 0 D cnss : Updated time sync regs [0x984] = 0xd133e6, [0x988] = 0x0
01-01 08:00:16.280 0 0 D cnss : Removing vote for Regulator vdd-wlan-rfa2
01-01 08:00:16.280 0 0 D cnss : Removing vote for Regulator vdd-wlan-rfa1
01-01 08:00:16.280 0 0 D cnss : Removing vote for Regulator vdd-wlan-dig
01-01 08:00:16.280 0 0 D cnss : Removing vote for Regulator vdd-wlan-aon
01-01 08:00:16.280 0 0 D cnss : Removing vote for Regulator vdd-wlan-io
01-01 08:00:16.280 0 0 D cnss : PM relax, state: 0x107, count: 0
01-01 08:00:16.287 0 0 I : Wifi Turning On from UI
01-01 08:00:16.288 0 0 I [wifi@1][0x12a438d9][08:49:27.276671] wlan: [834:I:DP] dp_vdev_attach_wifi3: wlan_cfg_ap_bridge_enabled 0
01-01 08:00:16.288 0 0 I [wifi@1][0x12a44691][08:49:27.276854] wlan: [834:I:DP] 00000000: 67 b5 0c 1b 9b a4 cc 51 1b 0b f0 8a 47 ef 3c b1
01-01 08:00:16.288 0 0 I [wifi@1][0x12a446e4][08:49:27.276858] wlan: [834:I:DP] 00000010: 44 42 ff 0d
01-01 08:00:16.288 0 0 I [wifi@1][0x12a44763][08:49:27.276865] wlan: [834:I:DP] 00000000: 9b 47 6f 28 5f 34 f2 96 80 33 2c f9 18 28 34 74
01-01 08:00:16.288 0 0 I [wifi@1][0x12a447af][08:49:27.276869] wlan: [834:I:DP] 00000010: db 36 31 d8 73 ae 41 40 de 67 5c 7a df 46 92 ef
01-01 08:00:16.288 0 0 I [wifi@1][0x12a447f6][08:49:27.276872] wlan: [834:I:DP] 00000020: 17 81 c4 3c 5a 67 c8 a3 15 b5 22 50
01-01 08:00:16.289 0 0 I IPv6 : ADDRCONF(NETDEV_UP): wlan0: link is not ready
01-13 08:49:27.286 834 834 I android.hardware.wifi@1.0-service: Adding interface handle for wlan0
01-13 08:49:27.286 834 834 I android.hardware.wifi@1.0-service: Adding interface handle for wifi-aware0
01-13 08:49:27.286 834 834 I android.hardware.wifi@1.0-service: Adding interface handle for p2p0
01-13 08:49:27.286 834 834 W android.hardware.wifi@1.0-service: No active wlan interfaces in use! Using default
01-13 08:49:27.286 834 834 W android.hardware.wifi@1.0-service: No active wlan interfaces in use! Using default
01-01 08:00:16.297 0 0 I [lowi-s][0x12a6f1ba][08:49:27.285963] wlan: [1429:I:wifipos] wifi_pos_get_ch_info: 461: num channels: 26
01-13 08:49:27.289 834 834 I android.hardware.wifi@1.0-service: Configured chip in mode 3
01-13 08:49:27.289 834 834 W android.hardware.wifi@1.0-service: No active wlan interfaces in use! Using default
01-01 08:00:16.301 0 0 E [wifi@1][0x12a83a2f][08:49:27.290342] wlan: [3458:E:wifipos] wifi_pos_process_app_reg_req: 608: Received App Req Req pid(2134901570), len(16)
01-01 08:00:16.302 0 0 I [wifi@1][0x12a86258][08:49:27.290878] wlan: [3458:I:wifipos] wifi_pos_get_ch_info: 461: num channels: 26
01-01 08:00:16.302 0 0 I [wifi@1][0x12a87b1e][08:49:27.291208] wlan: [3458:I:wifipos] wifi_pos_get_ch_info: 461: num channels: 26
01-13 08:49:27.291 834 834 W android.hardware.wifi@1.0-service: No active wlan interfaces in use! Using default
01-13 08:49:27.301 1217 1217 I wificond: createClientInterface: wiphy_index 0 iface_name wlan0
01-13 08:49:27.301 1217 1217 I wificond: create scanner for interface with index: 17
01-13 08:49:27.301 1217 1217 I wificond: subscribe scan result for interface with index: 17
01-13 08:49:27.301 1217 1217 I wificond: add channel type 0 support at wiphy index: 0
01-13 08:49:27.302 1217 1217 I wificond: add channel type 1 support at wiphy index: 0
01-01 08:00:16.314 0 0 I [wifi@1][0x12abdc42][08:49:27.302743] wlan: [834:I:DP] dp_vdev_attach_wifi3: wlan_cfg_ap_bridge_enabled 1
01-01 08:00:16.314 0 0 E [wifi@1][0x12abe51e][08:49:27.302861] wlan: [834:E:PMO] pmo_register_wow_wakeup_events: 88: Skipping wake event configuration for vdev_opmode 16
01-01 08:00:16.314 0 0 E [wifi@1][0x12abe8ca][08:49:27.302910] wlan: [834:E:SME] sme_get_nss_chain_shift: 4045: Device mode 16 invalid
01-01 08:00:16.314 0 0 E [wifi@1][0x12abe910][08:49:27.302914] wlan: [834:E:SME] sme_get_nss_chain_shift: 4045: Device mode 16 invalid
01-01 08:00:16.315 0 0 I IPv6 : ADDRCONF(NETDEV_UP): wifi-aware0: link is not ready
01-13 08:49:27.310 1477 1976 D CompatibilityChangeReporter: Compat change id reported: 171306433; UID 1000; state: ENABLED
01-13 08:49:27.317 2177 2177 I MicroServiceManager: addCommonCallbackListener add listener
01-13 08:49:27.317 2177 2177 I MicroServiceManager: addConnectChangedListener add listener
01-13 08:49:27.322 2177 2177 W ContextImpl: Calling a method in the system process without a qualified user: android.app.ContextImpl.sendBroadcast:1173 android.content.ContextWrapper.sendBroadcast:479 com.thundercomm.microsettings.service.SettingsService.sendSystemUI:59 com.thundercomm.microsettings.service.SettingsService.onCreate:50 android.app.ActivityThread.handleCreateService:4488
01-13 08:49:27.323 2177 2177 W ContextImpl: Calling a method in the system process without a qualified user: android.app.ContextImpl.bindService:1895 android.content.ContextWrapper.bindService:810 com.thundercomm.microsettings.manager.SoundManager.bindService:206 com.thundercomm.microsettings.manager.SoundManager.connect:197 com.thundercomm.microsettings.service.SettingsService.onStartCommand:80
01-13 08:49:27.324 2177 2177 W ContextImpl: Calling a method in the system process without a qualified user: android.app.ContextImpl.bindService:1895 android.content.ContextWrapper.bindService:810 com.thundercomm.microsettings.manager.DisplayManager.bindService:188 com.thundercomm.microsettings.manager.DisplayManager.connect:179 com.thundercomm.microsettings.service.SettingsService.onStartCommand:81
01-01 08:00:16.671 0 0 I [schedu][0x13147532][08:49:27.659769] wlan: [3451:I:HIF] Deinitializing Runtime PM wakelock &vdev->vdev_set_key_runtime_wakelock
01-01 08:00:16.672 0 0 I [schedu][0x1314dafa][08:49:27.661126] wlan: [3451:I:HIF] Initializing Runtime PM wakelock &vdev->vdev_set_key_runtime_wakelock
01-01 08:00:16.764 0 0 I [schedu][0x132fa17f][08:49:27.752520] wlan: [3451:I:HIF] Deinitializing Runtime PM wakelock &vdev->vdev_set_key_runtime_wakelock
01-01 08:00:16.764 0 0 I [schedu][0x132fd227][08:49:27.753168] wlan: [3451:I:HIF] Initializing Runtime PM wakelock &vdev->vdev_set_key_runtime_wakelock
01-01 08:00:16.778 0 0 I [wifi@1][0x1333ef49][08:49:27.767210] wlan: [834:I:DP] dp_vdev_attach_wifi3: wlan_cfg_ap_bridge_enabled 0
01-01 08:00:16.791 0 0 E [wifi@1][0x1337b5ac][08:49:27.780095] wlan: [3458:E:wifipos] wifi_pos_process_app_reg_req: 608: Received App Req Req pid(2134901570), len(16)
01-01 08:00:16.792 0 0 I [wifi@1][0x1337d734][08:49:27.780542] wlan: [3458:I:wifipos] wifi_pos_get_ch_info: 461: num channels: 26
01-01 08:00:16.792 0 0 I [wifi@1][0x1337f61e][08:49:27.780955] wlan: [3458:I:wifipos] wifi_pos_get_ch_info: 461: num channels: 26
01-13 08:49:27.999 1477 1560 D ColorDisplayService: NightDisplayTintController Animation cancelled: false to matrix:
01-13 08:49:27.999 1477 1560 D ColorDisplayService: 1.000000 0.000000 0.000000 0.000000 0.000000 1.000000 0.000000 0.000000 0.000000 0.000000 1.000000 0.000000 0.000000 0.000000 0.000000 1.000000 min matrix coefficients:
01-13 08:49:27.999 1477 1560 D ColorDisplayService: 1.000000 0.000000 0.000000 0.000000 0.000000 1.000000 0.000000 0.000000 0.000000 0.000000 1.000000 0.000000 0.000000 0.000000 0.000000 1.000000 max matrix coefficients:
01-13 08:49:27.999 1477 1560 D ColorDisplayService: 1.000000 0.000000 0.000000 0.000000 0.000000 1.000000 0.000000 0.000000 0.000000 0.000000 1.000000 0.000000 0.000000 0.000000 0.000000 1.000000
01-01 08:00:17.011 0 0 I [schedu][0x137837cb][08:49:28.000284] wlan: [3451:I:OSIF] scan start scan id 40961
01-13 08:49:28.036 1477 1587 W BatteryExternalStatsWorker: error reading modem stats:ERROR_PHONE_NOT_AVAILABLE
01-13 08:49:28.042 1477 1477 W Looper : Slow dispatch took 363ms main h=android.app.ActivityThread$H c=android.app.LoadedApk$ReceiverDispatcher$Args$$ExternalSyntheticLambda0@aa52d6 m=0
01-13 08:49:28.042 1477 1477 W Looper : Slow delivery took 364ms main h=android.app.ActivityThread$H c=android.app.LoadedApk$ReceiverDispatcher$Args$$ExternalSyntheticLambda0@546a957 m=0
01-13 08:49:28.050 1477 1477 I Telecom : DefaultDialerCache: Refreshing default dialer for user 0: now null: DDC.oR@AA8
01-13 08:49:28.051 1477 1477 W Looper : Drained
01-13 08:49:28.051 1477 1477 I Telecom : MissedCallNotifierImpl: reloadAfterBootComplete: user=0: TSBCR.oR@ABA
01-13 08:49:28.054 1477 1477 I Telecom : MissedCallNotifierImpl: reloadAfterBootComplete: user=0: TSBCR.oR@ABA
01-13 08:49:28.057 1477 1477 D CompatibilityChangeReporter: Compat change id reported: 135634846; UID 10020; state: DISABLED
01-13 08:49:28.058 1477 1477 D CompatibilityChangeReporter: Compat change id reported: 177438394; UID 10020; state: DISABLED
01-13 08:49:28.058 1477 1477 D CompatibilityChangeReporter: Compat change id reported: 135772972; UID 10020; state: DISABLED
01-13 08:49:28.058 1477 1477 D CompatibilityChangeReporter: Compat change id reported: 135754954; UID 10020; state: ENABLED
01-13 08:49:28.059 1477 1576 D CompatibilityChangeReporter: Compat change id reported: 143937733; UID 10020; state: ENABLED
01-13 08:49:28.068 1477 1576 I ActivityManager: Start proc 3477:com.hryt.hiphishowfsecontrol/u0a20 for broadcast {com.hryt.hiphishowfsecontrol/com.hryt.hiphishowfsecontrol.receivers.HiPhiShowReceiver}
01-13 08:49:28.084 1477 1930 I GameModeConfig: isGameModeOn = true
01-13 08:49:28.085 1477 1930 I GameModeConfig: isGaming = false
01-13 08:49:28.087 1477 1477 I Telecom : BluetoothDeviceManager: Got BluetoothHeadset: com.android.server.telecom.BluetoothHeadsetProxy@1613e2f: BMSL.oSC@ABU
01-01 08:00:17.101 0 0 I binder : 3477:3477 ioctl 40046210 7fffcc94a4 returned -22
01-13 08:49:28.094 1477 2568 D CompatibilityChangeReporter: Compat change id reported: 168419799; UID 10020; state: DISABLED
01-13 08:49:28.097 1477 1587 E KernelCpuSpeedReader: Failed to read cpu-freq: /sys/devices/system/cpu/cpu4/cpufreq/stats/time_in_state: open failed: ENOENT (No such file or directory)
01-13 08:49:28.097 1477 1587 E KernelCpuSpeedReader: Failed to read cpu-freq: /sys/devices/system/cpu/cpu0/cpufreq/stats/time_in_state: open failed: ENOENT (No such file or directory)
01-13 08:49:28.097 1477 1587 W BatteryStatsImpl: Attempted to remove untracked isolated uid (1037)
01-13 08:49:28.100 1477 1995 W ActivityManager: Receiver with filter android.content.IntentFilter@33a9141 already registered for pid 2015, callerPackage is com.android.systemui
01-13 08:49:28.122 1477 2049 D CompatibilityChangeReporter: Compat change id reported: 168419799; UID 10081; state: DISABLED
01-13 08:49:28.130 1477 2739 D CompatibilityChangeReporter: Compat change id reported: 135634846; UID 1000; state: DISABLED
01-13 08:49:28.130 1477 2739 D CompatibilityChangeReporter: Compat change id reported: 177438394; UID 1000; state: DISABLED
01-13 08:49:28.130 1477 2739 D CompatibilityChangeReporter: Compat change id reported: 135772972; UID 1000; state: DISABLED
01-13 08:49:28.130 1477 2739 D CompatibilityChangeReporter: Compat change id reported: 135754954; UID 1000; state: ENABLED
01-13 08:49:28.135 1477 1576 I ActivityManager: Start proc 3500:com.android.localtransport/1000 for service {com.android.localtransport/com.android.localtransport.LocalTransportService}
01-01 08:00:17.164 0 0 I binder : 3500:3500 ioctl 40046210 7fffcc9b84 returned -22
01-13 08:49:28.153 1477 1995 D CompatibilityChangeReporter: Compat change id reported: 168419799; UID 1000; state: DISABLED
01-13 08:49:28.208 1477 1477 I TransportClient: LocalTransportService#0: Notifying [TransportManager.registerTransport()] transport = IBackupTransport
01-13 08:49:28.211 1477 2739 D BackupTransportManager: Transport com.android.localtransport/.LocalTransportService registered
01-13 08:49:28.211 1477 2739 D BackupManagerService: [UserID:0] Transport com.android.localtransport/.LocalTransport registered 3098ms after first request (delay = 3000ms)
01-01 08:00:17.264 0 0 I IRQ 5 : no longer affine to CPU7
01-13 08:49:28.260 1477 2739 I BackupManagerService: [UserID:0] Found 445 stale backup journal(s), scheduling.
01-13 08:49:28.262 1477 2739 V BackupManagerConstants: getKeyValueBackupIntervalMilliseconds(...) returns 14400000
01-13 08:49:28.262 1477 2739 V BackupManagerConstants: getKeyValueBackupFuzzMilliseconds(...) returns 600000
01-13 08:49:28.262 1477 2739 V BackupManagerConstants: getKeyValueBackupRequiredNetworkType(...) returns 1
01-13 08:49:28.262 1477 2739 V BackupManagerConstants: getKeyValueBackupRequireCharging(...) returns true
01-13 08:49:28.262 1477 2739 V KeyValueBackupJob: Scheduling k/v pass in 246 minutes
01-13 08:49:28.311 1477 2049 D CompatibilityChangeReporter: Compat change id reported: 135634846; UID 10066; state: DISABLED
01-13 08:49:28.311 1477 2049 D CompatibilityChangeReporter: Compat change id reported: 177438394; UID 10066; state: DISABLED
01-13 08:49:28.311 1477 2049 D CompatibilityChangeReporter: Compat change id reported: 135772972; UID 10066; state: DISABLED
01-13 08:49:28.311 1477 2049 D CompatibilityChangeReporter: Compat change id reported: 135754954; UID 10066; state: DISABLED
01-13 08:49:28.311 1477 1576 D CompatibilityChangeReporter: Compat change id reported: 143937733; UID 10066; state: DISABLED
01-13 08:49:28.321 1477 1576 I ActivityManager: Start proc 3520:com.android.calendar/u0a66 for broadcast {com.android.calendar/com.android.calendar.alerts.AlertReceiver}
01-01 08:00:17.353 0 0 I binder : 3520:3520 ioctl 40046210 7fffcc9b84 returned -22
01-13 08:49:28.354 1477 2049 D CompatibilityChangeReporter: Compat change id reported: 168419799; UID 10066; state: DISABLED
01-13 08:49:28.449 1477 2049 D CompatibilityChangeReporter: Compat change id reported: 135634846; UID 1000; state: DISABLED
01-13 08:49:28.449 1477 2049 D CompatibilityChangeReporter: Compat change id reported: 177438394; UID 1000; state: DISABLED
01-13 08:49:28.450 1477 2049 D CompatibilityChangeReporter: Compat change id reported: 135772972; UID 1000; state: DISABLED
01-13 08:49:28.450 1477 2049 D CompatibilityChangeReporter: Compat change id reported: 135754954; UID 1000; state: ENABLED
01-13 08:49:28.461 1477 1576 I ActivityManager: Start proc 3537:com.android.dynsystem/1000 for broadcast {com.android.dynsystem/com.android.dynsystem.BootCompletedReceiver}
01-01 08:00:17.494 0 0 I binder : 3537:3537 ioctl 40046210 7fffcc9b84 returned -22
01-13 08:49:28.494 1477 2049 D CompatibilityChangeReporter: Compat change id reported: 168419799; UID 1000; state: DISABLED
01-13 08:49:28.556 1477 2049 D CompatibilityChangeReporter: Compat change id reported: 135634846; UID 1000; state: DISABLED
01-13 08:49:28.556 1477 2049 D CompatibilityChangeReporter: Compat change id reported: 177438394; UID 1000; state: DISABLED
01-13 08:49:28.557 1477 2049 D CompatibilityChangeReporter: Compat change id reported: 135772972; UID 1000; state: DISABLED
01-13 08:49:28.557 1477 2049 D CompatibilityChangeReporter: Compat change id reported: 135754954; UID 1000; state: ENABLED
01-13 08:49:28.559 1477 2049 D CompatibilityChangeReporter: Compat change id reported: 135634846; UID 10070; state: DISABLED
01-13 08:49:28.559 1477 2049 D CompatibilityChangeReporter: Compat change id reported: 177438394; UID 10070; state: DISABLED
01-13 08:49:28.560 1477 2049 D CompatibilityChangeReporter: Compat change id reported: 135772972; UID 10070; state: DISABLED
01-13 08:49:28.560 1477 2049 D CompatibilityChangeReporter: Compat change id reported: 135754954; UID 10070; state: ENABLED
01-13 08:49:28.566 1477 1576 I ActivityManager: Start proc 3553:com.android.dynsystem:dynsystem/1000 for service {com.android.dynsystem/com.android.dynsystem.DynamicSystemInstallationService}
01-13 08:49:28.567 1477 1576 D CompatibilityChangeReporter: Compat change id reported: 143937733; UID 10070; state: ENABLED
01-13 08:49:28.576 1477 1576 I ActivityManager: Start proc 3554:com.android.inputmethod.latin/u0a70 for broadcast {com.android.inputmethod.latin/com.android.inputmethod.latin.SystemBroadcastReceiver}
01-01 08:00:17.595 0 0 I binder : 3553:3553 ioctl 40046210 7fffcc9b84 returned -22
01-01 08:00:17.609 0 0 I binder : 3554:3554 ioctl 40046210 7fffcc9b84 returned -22
01-13 08:49:28.607 1477 2049 D CompatibilityChangeReporter: Compat change id reported: 168419799; UID 10070; state: DISABLED
01-13 08:49:28.614 1477 2739 I BackupManagerService: [UserID:0] Stale backup journals: Scheduled 10 package(s) total
01-13 08:49:28.624 1477 1930 I GameModeConfig: isGameModeOn = true
01-13 08:49:28.624 1477 1930 I GameModeConfig: isGaming = false
01-13 08:49:28.626 1477 2049 I DynamicSystemService: isInstalled(): false
01-13 08:49:28.697 1477 2170 I ActivityManager: Process com.android.inputmethod.latin (pid 3554) has died: fg RCVR
01-13 08:49:28.704 1477 1575 I ActivityManager: com.android.managedprovisioning is exempt from freezer
01-13 08:49:28.705 1477 1575 D CompatibilityChangeReporter: Compat change id reported: 135634846; UID 10032; state: DISABLED
01-13 08:49:28.705 1477 1575 D CompatibilityChangeReporter: Compat change id reported: 177438394; UID 10032; state: DISABLED
01-13 08:49:28.705 1477 1575 D CompatibilityChangeReporter: Compat change id reported: 135772972; UID 10032; state: DISABLED
01-13 08:49:28.705 1477 1575 D CompatibilityChangeReporter: Compat change id reported: 135754954; UID 10032; state: ENABLED
01-13 08:49:28.706 1477 1576 D CompatibilityChangeReporter: Compat change id reported: 143937733; UID 10032; state: ENABLED
01-13 08:49:28.720 1477 1576 I ActivityManager: Start proc 3587:com.android.managedprovisioning/u0a32 for broadcast {com.android.managedprovisioning/com.android.managedprovisioning.BootReminder}
01-01 08:00:17.766 0 0 I binder : 3587:3587 ioctl 40046210 7fffcc9b84 returned -22
01-13 08:49:28.764 1477 2170 D CompatibilityChangeReporter: Compat change id reported: 168419799; UID 10032; state: DISABLED
01-13 08:49:28.857 1477 2170 D CompatibilityChangeReporter: Compat change id reported: 135634846; UID 10091; state: DISABLED
01-13 08:49:28.857 1477 2170 D CompatibilityChangeReporter: Compat change id reported: 177438394; UID 10091; state: DISABLED
01-13 08:49:28.858 1477 2170 D CompatibilityChangeReporter: Compat change id reported: 135772972; UID 10091; state: DISABLED
01-13 08:49:28.858 1477 2170 D CompatibilityChangeReporter: Compat change id reported: 135754954; UID 10091; state: ENABLED
01-13 08:49:28.859 1477 1576 D CompatibilityChangeReporter: Compat change id reported: 143937733; UID 10091; state: ENABLED
01-13 08:49:28.879 1477 1576 I ActivityManager: Start proc 3603:com.android.music/u0a91 for broadcast {com.android.music/com.android.music.MediaPlaybackReceiver}
01-01 08:00:17.909 0 0 I binder : 3603:3603 ioctl 40046210 7fffcc9b84 returned -22
01-13 08:49:28.909 1477 2170 D CompatibilityChangeReporter: Compat change id reported: 168419799; UID 10091; state: DISABLED
01-13 08:49:28.988 1477 2170 D CompatibilityChangeReporter: Compat change id reported: 135634846; UID 10060; state: DISABLED
01-13 08:49:28.988 1477 2170 D CompatibilityChangeReporter: Compat change id reported: 177438394; UID 10060; state: DISABLED
01-13 08:49:28.989 1477 2170 D CompatibilityChangeReporter: Compat change id reported: 135772972; UID 10060; state: DISABLED
01-13 08:49:28.989 1477 2170 D CompatibilityChangeReporter: Compat change id reported: 135754954; UID 10060; state: ENABLED
01-13 08:49:28.989 1477 1576 D CompatibilityChangeReporter: Compat change id reported: 143937733; UID 10060; state: ENABLED
01-13 08:49:29.001 1477 1576 I ActivityManager: Start proc 3619:com.android.onetimeinitializer/u0a60 for broadcast {com.android.onetimeinitializer/com.android.onetimeinitializer.OneTimeInitializerReceiver}
01-01 08:00:18.033 0 0 I binder : 3619:3619 ioctl 40046210 7fffcc9b84 returned -22
01-13 08:49:29.033 1477 2170 D CompatibilityChangeReporter: Compat change id reported: 168419799; UID 10060; state: DISABLED
01-13 08:49:29.084 1477 2170 I ActivityManager: com.android.packageinstaller is exempt from freezer
01-13 08:49:29.085 1477 2170 D CompatibilityChangeReporter: Compat change id reported: 135634846; UID 10022; state: DISABLED
01-13 08:49:29.085 1477 2170 D CompatibilityChangeReporter: Compat change id reported: 177438394; UID 10022; state: DISABLED
01-13 08:49:29.085 1477 2170 D CompatibilityChangeReporter: Compat change id reported: 135772972; UID 10022; state: DISABLED
01-13 08:49:29.085 1477 2170 D CompatibilityChangeReporter: Compat change id reported: 135754954; UID 10022; state: ENABLED
01-13 08:49:29.085 1477 1576 D CompatibilityChangeReporter: Compat change id reported: 143937733; UID 10022; state: ENABLED
01-13 08:49:29.097 1477 1576 I ActivityManager: Start proc 3637:com.android.packageinstaller/u0a22 for broadcast {com.android.packageinstaller/com.android.packageinstaller.TemporaryFileManager}
01-01 08:00:18.130 0 0 I binder : 3637:3637 ioctl 40046210 7fffcc9b84 returned -22
01-13 08:49:29.131 1477 2170 D CompatibilityChangeReporter: Compat change id reported: 168419799; UID 10022; state: DISABLED
01-01 08:00:18.201 0 0 I [schedu][0x14d4caa4][08:49:29.190082] wlan: [3451:I:OSIF] vdev 0, scan id 40961 type COMPLETED(1) reason COMPLETED(1) scan found 45 bss
01-13 08:49:29.211 1477 2170 D CompatibilityChangeReporter: Compat change id reported: 135634846; UID 10095; state: DISABLED
01-13 08:49:29.211 1477 2170 D CompatibilityChangeReporter: Compat change id reported: 177438394; UID 10095; state: DISABLED
01-13 08:49:29.211 1477 2170 D CompatibilityChangeReporter: Compat change id reported: 135772972; UID 10095; state: DISABLED
01-13 08:49:29.211 1477 2170 D CompatibilityChangeReporter: Compat change id reported: 135754954; UID 10095; state: DISABLED
01-13 08:49:29.212 1477 1576 D CompatibilityChangeReporter: Compat change id reported: 143937733; UID 10095; state: DISABLED
01-13 08:49:29.220 1477 1576 I ActivityManager: Start proc 3652:com.android.permissioncontroller/u0a95 for broadcast {com.android.permissioncontroller/com.android.permissioncontroller.permission.service.LocationAccessCheck$SetupPeriodicBackgroundLocationAccessCheck}
01-01 08:00:18.244 0 0 I binder : 3652:3652 ioctl 40046210 7fffcc9b84 returned -22
01-13 08:49:29.241 1477 2049 D CompatibilityChangeReporter: Compat change id reported: 168419799; UID 10095; state: DISABLED
01-13 08:49:29.386 1477 2376 D CompatibilityChangeReporter: Compat change id reported: 135634846; UID 10034; state: DISABLED
01-13 08:49:29.387 1477 2376 D CompatibilityChangeReporter: Compat change id reported: 177438394; UID 10034; state: DISABLED
01-13 08:49:29.387 1477 2376 D CompatibilityChangeReporter: Compat change id reported: 135772972; UID 10034; state: DISABLED
01-13 08:49:29.387 1477 2376 D CompatibilityChangeReporter: Compat change id reported: 135754954; UID 10034; state: ENABLED
01-13 08:49:29.387 1477 1576 D CompatibilityChangeReporter: Compat change id reported: 143937733; UID 10034; state: ENABLED
01-13 08:49:29.395 1477 1576 I ActivityManager: Start proc 3668:com.android.providers.calendar/u0a34 for broadcast {com.android.providers.calendar/com.android.providers.calendar.CalendarReceiver}
01-01 08:00:18.416 0 0 I binder : 3668:3668 ioctl 40046210 7fffcc9b84 returned -22
01-13 08:49:29.409 1477 2376 D CompatibilityChangeReporter: Compat change id reported: 168419799; UID 10034; state: DISABLED
01-13 08:49:29.488 1477 2376 D CompatibilityChangeReporter: Compat change id reported: 171306433; UID 10034; state: ENABLED
01-13 08:49:29.495 1477 2376 D CompatibilityChangeReporter: Compat change id reported: 143231523; UID 10034; state: DISABLED
01-13 08:49:29.508 1477 2376 D CompatibilityChangeReporter: Compat change id reported: 168419799; UID 1000; state: DISABLED
01-13 08:49:29.544 1477 2376 I ActivityManager: com.android.shell is exempt from freezer
01-13 08:49:29.544 1477 2376 D CompatibilityChangeReporter: Compat change id reported: 135634846; UID 2000; state: DISABLED
01-13 08:49:29.544 1477 2376 D CompatibilityChangeReporter: Compat change id reported: 177438394; UID 2000; state: DISABLED
01-13 08:49:29.544 1477 2376 D CompatibilityChangeReporter: Compat change id reported: 135772972; UID 2000; state: DISABLED
01-13 08:49:29.544 1477 2376 D CompatibilityChangeReporter: Compat change id reported: 135754954; UID 2000; state: ENABLED
01-13 08:49:29.555 1477 1576 I ActivityManager: Start proc 3690:com.android.shell/2000 for broadcast {com.android.shell/com.android.shell.HeapDumpReceiver}
01-01 08:00:18.584 0 0 I binder : 3690:3690 ioctl 40046210 7fffcc9b84 returned -22
01-13 08:49:29.583 1477 2376 D CompatibilityChangeReporter: Compat change id reported: 168419799; UID 2000; state: DISABLED
01-13 08:49:29.633 1477 2376 W BroadcastQueue: Permission Denial: receiving Intent { act=android.intent.action.BOOT_COMPLETED flg=0x89000010 (has extras) } to com.baidu.input/.directboot.DirectBootReceiver requires android.permission.RECEIVE_BOOT_COMPLETED due to sender null (uid 1000)
01-13 08:49:29.634 1477 1575 W BroadcastQueue: Permission Denial: receiving Intent { act=android.intent.action.BOOT_COMPLETED flg=0x89000010 (has extras) } to com.baidu.input/.switchguide.InputMethodChangedReceiver requires android.permission.RECEIVE_BOOT_COMPLETED due to sender null (uid 1000)
01-13 08:49:29.637 1477 1575 D CompatibilityChangeReporter: Compat change id reported: 168419799; UID 10090; state: DISABLED
01-13 08:49:29.645 1477 2376 D CompatibilityChangeReporter: Compat change id reported: 135634846; UID 10080; state: DISABLED
01-13 08:49:29.645 1477 2376 D CompatibilityChangeReporter: Compat change id reported: 177438394; UID 10080; state: DISABLED
01-13 08:49:29.645 1477 2376 D CompatibilityChangeReporter: Compat change id reported: 135772972; UID 10080; state: DISABLED
01-13 08:49:29.646 1477 2376 D CompatibilityChangeReporter: Compat change id reported: 135754954; UID 10080; state: ENABLED
01-13 08:49:29.646 1477 1576 D CompatibilityChangeReporter: Compat change id reported: 143937733; UID 10080; state: ENABLED
01-13 08:49:29.658 1477 1576 I ActivityManager: Start proc 3706:com.qti.ltebc/u0a80 for broadcast {com.qti.ltebc/com.qualcomm.ltebc.LTEBroadcastBootReceiver}
01-13 08:49:29.658 1477 2049 D CompatibilityChangeReporter: Compat change id reported: 149924527; UID 10090; state: ENABLED
01-13 08:49:29.658 1477 2049 D CompatibilityChangeReporter: Compat change id reported: 132649864; UID 10090; state: DISABLED
01-01 08:00:18.683 0 0 I binder : 3706:3706 ioctl 40046210 7fffcc9b84 returned -22
01-13 08:49:29.679 1477 2376 D CompatibilityChangeReporter: Compat change id reported: 168419799; UID 10080; state: DISABLED
01-01 08:00:18.783 0 0 I IRQ 5 : no longer affine to CPU4
01-13 08:49:29.910 2760 3726 E ActivityThread: Failed to find provider info for com.tcl.xian.StartandroidService.MyContentProvider
01-01 08:00:18.993 0 0 I logd : start watching /data/system/packages.list ...
01-01 08:00:18.995 0 0 I logd : ReadPackageList, total packages: 129
01-13 08:49:30.122 1477 2049 D CompatibilityChangeReporter: Compat change id reported: 171306433; UID 10080; state: ENABLED
01-13 08:49:30.123 1477 2376 D CompatibilityChangeReporter: Compat change id reported: 168419799; UID 10054; state: DISABLED
01-13 08:49:30.129 1477 2049 D CompatibilityChangeReporter: Compat change id reported: 168419799; UID 10073; state: DISABLED
01-13 08:49:30.133 1477 2376 D CompatibilityChangeReporter: Compat change id reported: 168419799; UID 10076; state: DISABLED
01-13 08:49:30.140 1477 2049 D CompatibilityChangeReporter: Compat change id reported: 168419799; UID 10084; state: DISABLED
01-13 08:49:30.144 1477 2049 D CompatibilityChangeReporter: Compat change id reported: 135634846; UID 10055; state: DISABLED
01-13 08:49:30.144 1477 1576 D CompatibilityChangeReporter: Compat change id reported: 143937733; UID 10055; state: DISABLED
01-13 08:49:30.151 1477 1576 I ActivityManager: Start proc 3749:com.qualcomm.qti.qms.service.connectionsecurity/u0a55 for broadcast {com.qualcomm.qti.qms.service.connectionsecurity/com.qualcomm.qti.qms.service.connectionsecurity.ConnSecBroadcastReceiver}
01-13 08:49:30.155 1477 2049 I ActivityManager: Process com.qti.ltebc (pid 3706) has died: cch+5 CEM
01-01 08:00:19.184 0 0 I binder : 3749:3749 ioctl 40046210 ff8d8988 returned -22
01-13 08:49:30.183 1477 2049 D CompatibilityChangeReporter: Compat change id reported: 168419799; UID 10055; state: DISABLED
01-13 08:49:30.248 1477 2049 D CompatibilityChangeReporter: Compat change id reported: 168419799; UID 10089; state: DISABLED
01-01 08:00:19.262 0 0 I binder : 2840:2840 ioctl 40046210 7fffcc9234 returned -22
01-13 08:49:30.256 1477 2376 D CompatibilityChangeReporter: Compat change id reported: 168419799; UID 10087; state: DISABLED
01-13 08:49:30.292 1477 2170 D CompatibilityChangeReporter: Compat change id reported: 135634846; UID 10119; state: DISABLED
01-13 08:49:30.293 1477 2170 D CompatibilityChangeReporter: Compat change id reported: 177438394; UID 10119; state: DISABLED
01-13 08:49:30.293 1477 2170 D CompatibilityChangeReporter: Compat change id reported: 135772972; UID 10119; state: DISABLED
01-13 08:49:30.293 1477 2170 D CompatibilityChangeReporter: Compat change id reported: 135754954; UID 10119; state: DISABLED
01-13 08:49:30.294 1477 1576 D CompatibilityChangeReporter: Compat change id reported: 143937733; UID 10119; state: DISABLED
01-13 08:49:30.300 1477 1576 I ActivityManager: Start proc 3773:com.cmcc.cmvideo/u0a119 for broadcast {com.cmcc.cmvideo/com.instacart.library.truetime.BootCompletedBroadcastReceiver}
01-13 08:49:30.313 2440 2440 W ContextImpl: Calling a method in the system process without a qualified user: android.app.ContextImpl.startService:1816 android.content.ContextWrapper.startService:774 com.thundercomm.gamemode.ingame.services.GameModeActionUtils.startGameModeService:111 com.thundercomm.gamemode.ingame.services.GameModeActionUtils.startGameModeEntry:22 com.thundercomm.gamemode.ingame.services.ActivityMonitoringService$1.onActivityLaunch:129
01-01 08:00:19.324 0 0 I binder : 3773:3773 ioctl 40046210 7fffcc9b84 returned -22
01-13 08:49:30.318 1477 1477 I GameModeConfig: Current uri is uri = content://com.thundercomm.gamemode.api/gamemode_settings/gamemode_isgaming
01-13 08:49:30.320 1477 1477 I GameModeConfig: isGameModeOn = true
01-13 08:49:30.320 1477 1477 I GameModeConfig: isGaming = false
01-13 08:49:30.320 1477 1477 I GameModeConfig: isGameModeOn = true
01-13 08:49:30.321 1477 1477 I GameModeConfig: isGaming = false
01-13 08:49:30.321 1477 1477 I GameModeConfig: isDisableVoice = true
01-13 08:49:30.323 1477 2170 D CompatibilityChangeReporter: Compat change id reported: 168419799; UID 10119; state: DISABLED
01-13 08:49:30.331 1477 1930 I GameModeConfig: isGameModeOn = true
01-13 08:49:30.331 1477 1930 I GameModeConfig: isGaming = false
01-01 08:00:19.704 0 0 I binder : 2440:3794 ioctl 40046210 75efb83124 returned -22
01-01 08:00:20.600 0 0 E DTC_eth,link_delay_work_func: 3002, SQI=0, link=0
01-13 08:49:31.594 1477 2049 W ActivityManager: Unable to start service Intent { act=android.intent.action.START_LEBO_SERVICE pkg=com.hpplay.happyplay.aw } U=0: not found
01-13 08:49:31.720 1477 2049 D CompatibilityChangeReporter: Compat change id reported: 149924527; UID 10119; state: ENABLED
01-13 08:49:31.720 1477 2049 D CompatibilityChangeReporter: Compat change id reported: 132649864; UID 10119; state: DISABLED
01-01 08:00:21.056 0 0 I logd : start watching /data/system/packages.list ...
01-01 08:00:21.059 0 0 I logd : ReadPackageList, total packages: 129
01-01 08:00:21.895 0 0 I init : Sending signal 9 to service 'idmap2d' (pid 1200) process group...
01-01 08:00:21.900 0 0 I libprocessgroup: Successfully killed process cgroup uid 1000 pid 1200 in 5ms
01-01 08:00:21.901 0 0 I init : Control message: Processed ctl.stop for 'idmap2d' from pid: 1477 (system_server)
01-13 08:49:32.888 1477 3213 W OverlayManager: service 'idmap' died
01-01 08:00:21.901 0 0 I init : Service 'idmap2d' (pid 1200) received signal 9
01-13 08:49:32.914 1477 2049 D CompatibilityChangeReporter: Compat change id reported: 135634846; UID 10119; state: DISABLED
01-13 08:49:32.914 1477 2049 D CompatibilityChangeReporter: Compat change id reported: 177438394; UID 10119; state: DISABLED
01-13 08:49:32.914 1477 2049 D CompatibilityChangeReporter: Compat change id reported: 135772972; UID 10119; state: DISABLED
01-13 08:49:32.914 1477 2049 D CompatibilityChangeReporter: Compat change id reported: 135754954; UID 10119; state: DISABLED
01-13 08:49:32.915 1477 1576 D CompatibilityChangeReporter: Compat change id reported: 143937733; UID 10119; state: DISABLED
01-13 08:49:32.926 1477 1576 I ActivityManager: Start proc 3926:com.cmcc.cmvideo:AgentService/u0a119 for service {com.cmcc.cmvideo/com.migu.uem.comm.AgentService}
01-01 08:00:21.953 0 0 I binder : 3926:3926 ioctl 40046210 7fffcc9b84 returned -22
01-13 08:49:32.948 1477 2049 D CompatibilityChangeReporter: Compat change id reported: 168419799; UID 10119; state: DISABLED
01-13 08:49:33.030 1477 1995 D CompatibilityChangeReporter: Compat change id reported: 135634846; UID 10109; state: DISABLED
01-13 08:49:33.030 1477 1995 D CompatibilityChangeReporter: Compat change id reported: 177438394; UID 10109; state: DISABLED
01-13 08:49:33.030 1477 1995 D CompatibilityChangeReporter: Compat change id reported: 135772972; UID 10109; state: DISABLED
01-13 08:49:33.030 1477 1995 D CompatibilityChangeReporter: Compat change id reported: 135754954; UID 10109; state: DISABLED
01-13 08:49:33.031 1477 1576 D CompatibilityChangeReporter: Compat change id reported: 143937733; UID 10109; state: DISABLED
01-13 08:49:33.042 1477 1576 I ActivityManager: Start proc 3953:com.kuaishou.nebula/u0a109 for broadcast {com.kuaishou.nebula/androidx.work.impl.background.systemalarm.RescheduleReceiver}
01-01 08:00:22.069 0 0 I binder : 3953:3953 ioctl 40046210 7fffcc9b84 returned -22
01-13 08:49:33.081 1477 1510 D CompatibilityChangeReporter: Compat change id reported: 168419799; UID 10109; state: DISABLED
01-13 08:49:34.087 3953 4061 W Looper : Loop again would have the queued messages be executed before this one completed.
01-13 08:49:34.481 1477 1510 D CompatibilityChangeReporter: Compat change id reported: 135634846; UID 10061; state: DISABLED
01-13 08:49:34.482 1477 1510 D CompatibilityChangeReporter: Compat change id reported: 177438394; UID 10061; state: DISABLED
01-13 08:49:34.482 1477 1510 D CompatibilityChangeReporter: Compat change id reported: 135772972; UID 10061; state: DISABLED
01-13 08:49:34.482 1477 1510 D CompatibilityChangeReporter: Compat change id reported: 135754954; UID 10061; state: ENABLED
01-13 08:49:34.482 1477 1576 D CompatibilityChangeReporter: Compat change id reported: 143937733; UID 10061; state: ENABLED
01-13 08:49:34.493 1477 1576 I ActivityManager: Start proc 4116:com.huawei.appmarket:query/u0a61 for content provider {com.huawei.appmarket/com.huawei.appmarket.service.provider.CommonDataProvider}
01-01 08:00:23.524 0 0 I binder : 4116:4116 ioctl 40046210 7fffcc9b84 returned -22
01-13 08:49:34.523 1477 1510 D CompatibilityChangeReporter: Compat change id reported: 168419799; UID 10061; state: DISABLED
01-13 08:49:34.640 1477 1930 I GameModeConfig: isGameModeOn = true
01-13 08:49:34.640 1477 1930 I GameModeConfig: isGaming = false
01-13 08:49:34.655 3953 3953 W Looper : Loop again would have the queued messages be executed before this one completed.
01-13 08:49:34.709 1477 2568 D CompatibilityChangeReporter: Compat change id reported: 171306433; UID 10109; state: DISABLED
01-13 08:49:34.758 1477 2568 W BroadcastQueue: Permission Denial: receiving Intent { act=android.intent.action.BOOT_COMPLETED flg=0x89000010 (has extras) } to com.qiyi.video.pad/androidx.work.impl.background.systemalarm.RescheduleReceiver requires android.permission.RECEIVE_BOOT_COMPLETED due to sender null (uid 1000)
01-13 08:49:34.760 1477 1575 D CompatibilityChangeReporter: Compat change id reported: 135634846; UID 10102; state: DISABLED
01-13 08:49:34.760 1477 1575 D CompatibilityChangeReporter: Compat change id reported: 177438394; UID 10102; state: DISABLED
01-13 08:49:34.760 1477 1575 D CompatibilityChangeReporter: Compat change id reported: 135772972; UID 10102; state: DISABLED
01-13 08:49:34.760 1477 1575 D CompatibilityChangeReporter: Compat change id reported: 135754954; UID 10102; state: DISABLED
01-13 08:49:34.761 1477 1576 D CompatibilityChangeReporter: Compat change id reported: 143937733; UID 10102; state: DISABLED
01-13 08:49:34.771 1477 1576 I ActivityManager: Start proc 4151:com.smile.gifmaker/u0a102 for broadcast {com.smile.gifmaker/androidx.work.impl.background.systemalarm.RescheduleReceiver}
01-01 08:00:23.804 0 0 I binder : 4151:4151 ioctl 40046210 7fffcc9b84 returned -22
01-13 08:49:34.800 1477 2568 D CompatibilityChangeReporter: Compat change id reported: 168419799; UID 10102; state: DISABLED
