01-13 09:01:00.125 573 581 E android.system.suspend@1.0-service: Error opening kernel wakelock stats for: wakeup28: Permission denied
01-13 09:01:00.125 573 581 E android.system.suspend@1.0-service: Error opening kernel wakelock stats for: wakeup56: Permission denied
01-13 09:01:00.126 573 581 E android.system.suspend@1.0-service: Error opening kernel wakelock stats for: wakeup2: Permission denied
01-13 09:01:00.126 573 581 E android.system.suspend@1.0-service: Error opening kernel wakelock stats for: wakeup36: Permission denied
01-13 09:01:00.126 573 581 E android.system.suspend@1.0-service: Error opening kernel wakelock stats for: wakeup54: Permission denied
01-13 09:01:00.127 573 581 E android.system.suspend@1.0-service: Error opening kernel wakelock stats for: wakeup44: Permission denied
01-13 09:01:00.127 573 581 E android.system.suspend@1.0-service: Error opening kernel wakelock stats for: wakeup0: Permission denied
01-13 09:01:00.127 573 581 E android.system.suspend@1.0-service: Error opening kernel wakelock stats for: wakeup104: Permission denied
01-13 09:01:00.127 573 581 E android.system.suspend@1.0-service: Error opening kernel wakelock stats for: wakeup62: Permission denied
01-13 09:01:00.127 573 581 E android.system.suspend@1.0-service: Error opening kernel wakelock stats for: wakeup52: Permission denied
01-13 09:01:00.127 573 581 E android.system.suspend@1.0-service: Error opening kernel wakelock stats for: wakeup9: Permission denied
01-01 08:11:49.137 0 0 W audit : audit_lost=3915 audit_rate_limit=5 audit_backlog_limit=64
01-01 08:11:49.137 0 0 E audit : rate limit exceeded
01-13 09:01:00.128 573 581 E android.system.suspend@1.0-service: Error opening kernel wakelock stats for: wakeup102: Permission denied
01-13 09:01:00.128 573 581 E android.system.suspend@1.0-service: Error opening kernel wakelock stats for: wakeup32: Permission denied
01-13 09:01:00.128 573 581 E android.system.suspend@1.0-service: Error opening kernel wakelock stats for: wakeup60: Permission denied
01-13 09:01:00.128 573 581 E android.system.suspend@1.0-service: Error opening kernel wakelock stats for: wakeup50: Permission denied
01-13 09:01:00.128 573 581 E android.system.suspend@1.0-service: Error opening kernel wakelock stats for: wakeup7: Permission denied
01-13 09:01:00.128 573 581 E android.system.suspend@1.0-service: Error opening kernel wakelock stats for: wakeup40: Permission denied
01-13 09:01:00.129 573 581 E android.system.suspend@1.0-service: Error opening kernel wakelock stats for: wakeup30: Permission denied
01-13 09:01:00.129 573 581 E android.system.suspend@1.0-service: Error opening kernel wakelock stats for: wakeup59: Permission denied
01-13 09:01:00.129 573 581 E android.system.suspend@1.0-service: Error opening kernel wakelock stats for: wakeup5: Permission denied
01-13 09:01:00.129 573 581 E android.system.suspend@1.0-service: Error opening kernel wakelock stats for: wakeup77: Permission denied
01-13 09:01:00.129 573 581 E android.system.suspend@1.0-service: Error opening kernel wakelock stats for: wakeup39: Permission denied
01-13 09:01:00.129 573 581 E android.system.suspend@1.0-service: Error opening kernel wakelock stats for: wakeup29: Permission denied
01-13 09:01:00.129 573 581 E android.system.suspend@1.0-service: Error opening kernel wakelock stats for: wakeup57: Permission denied
01-13 09:01:00.130 573 581 E android.system.suspend@1.0-service: Error opening kernel wakelock stats for: wakeup19: Permission denied
01-13 09:01:00.130 573 581 E android.system.suspend@1.0-service: Error opening kernel wakelock stats for: wakeup75: Permission denied
01-13 09:01:00.130 573 581 E android.system.suspend@1.0-service: Error opening kernel wakelock stats for: wakeup37: Permission denied
01-13 09:01:00.130 573 581 E android.system.suspend@1.0-service: Error opening kernel wakelock stats for: wakeup27: Permission denied
01-13 09:01:00.130 573 581 E android.system.suspend@1.0-service: Error opening kernel wakelock stats for: wakeup55: Permission denied
01-13 09:01:00.130 573 581 E android.system.suspend@1.0-service: Error opening kernel wakelock stats for: wakeup17: Permission denied
01-13 09:01:00.131 573 581 E android.system.suspend@1.0-service: Error opening kernel wakelock stats for: wakeup1: Permission denied
01-13 09:01:00.131 573 581 E android.system.suspend@1.0-service: Error opening kernel wakelock stats for: wakeup63: Permission denied
01-13 09:01:00.131 573 581 E android.system.suspend@1.0-service: Error opening kernel wakelock stats for: wakeup25: Permission denied
01-13 09:01:00.131 573 581 E android.system.suspend@1.0-service: Error opening kernel wakelock stats for: wakeup53: Permission denied
01-13 09:01:00.131 573 581 E android.system.suspend@1.0-service: Error opening kernel wakelock stats for: wakeup15: Permission denied
01-13 09:01:00.131 573 581 E android.system.suspend@1.0-service: Error opening kernel wakelock stats for: wakeup43: Permission denied
01-13 09:01:00.132 573 581 E android.system.suspend@1.0-service: Error opening kernel wakelock stats for: wakeup103: Permission denied
01-13 09:01:00.132 573 581 E android.system.suspend@1.0-service: Error opening kernel wakelock stats for: wakeup33: Permission denied
01-13 09:01:00.132 573 581 E android.system.suspend@1.0-service: Error opening kernel wakelock stats for: wakeup61: Permission denied
01-13 09:01:00.132 573 581 E android.system.suspend@1.0-service: Error opening kernel wakelock stats for: wakeup23: Permission denied
01-13 09:01:00.132 573 581 E android.system.suspend@1.0-service: Error opening kernel wakelock stats for: wakeup51: Permission denied
01-13 09:01:00.132 573 581 E android.system.suspend@1.0-service: Error opening kernel wakelock stats for: wakeup8: Permission denied
01-13 09:01:00.132 573 581 E android.system.suspend@1.0-service: Error opening kernel wakelock stats for: wakeup13: Permission denied
01-13 09:01:00.132 573 581 E android.system.suspend@1.0-service: Error opening kernel wakelock stats for: wakeup41: Permission denied
01-13 09:01:00.132 573 581 E android.system.suspend@1.0-service: Error opening kernel wakelock stats for: wakeup101: Permission denied
01-13 09:01:00.133 573 581 E android.system.suspend@1.0-service: Error opening kernel wakelock stats for: wakeup31: Permission denied
01-13 09:01:00.133 573 581 E android.system.suspend@1.0-service: Error opening kernel wakelock stats for: wakeup21: Permission denied
01-13 09:01:00.133 573 581 E android.system.suspend@1.0-service: Error opening kernel wakelock stats for: wakeup6: Permission denied
01-13 09:01:00.133 573 581 E android.system.suspend@1.0-service: Error opening kernel wakelock stats for: wakeup11: Permission denied
01-13 09:01:00.172 652 667 I mpu_uart: [MSG-P:RECV]:No message received in 1000 ms
01-13 09:01:00.181 822 2960 I vendor.qti.bluetooth@1.0-ibs_handler: ProcessIbsCmd: Received IBS_SLEEP_IND: 0xFE
01-13 09:01:00.185 1997 3200 D HeadsetService: isInbandRingingEnabled returning: false
01-13 09:01:00.186 1997 3200 I AudioManager: In isBluetoothScoOn(), calling application: com.android.bluetooth
01-13 09:01:00.186 1997 3200 V Avrcp_ext: for index 0
01-13 09:01:00.186 1997 3200 V Avrcp_ext: for index 1
01-13 09:01:00.186 1997 3200 V Avrcp_ext: for index 2
01-13 09:01:00.186 1997 3200 V Avrcp_ext: for index 3
01-13 09:01:00.186 1997 3200 V Avrcp_ext: for index 4
01-13 09:01:00.186 1997 3200 E bt_btif : bta_av_co_get_active_peer: peer index out of bounds: 5
01-13 09:01:00.188 1477 2568 D ActivityManager: freezer override set to true
01-01 08:11:49.349 0 0 E [soft_i][0x32bc95b07][09:01:00.337394] wlan: [0:E:DP] dp_tx_comp_process_tx_status: 3431: peer is null or deletion in progress
01-13 09:01:00.456 4407 4422 W System : A resource failed to call close.
01-13 09:01:00.567 652 666 I mpu_uart: [MSG-P:R]:recv sync frame timeout
01-13 09:01:00.856 1477 2568 D ActivityManager: freezer override set to false
01-13 09:01:00.918 1477 2568 D ActivityManager: freezer override set to true
01-13 09:01:00.999 1274 1400 E tlogd : [TzLogger](isPathReadable) file /sys/kernel/debug/tzdbg/qsee_log isn't exist or no permission, err: No such file or directory
01-13 09:01:00.999 1274 1400 E tlogd : [TzLogger](saveTzlogAsync) /sys/kernel/debug/tzdbg/qsee_log can not read.
01-13 09:01:00.999 1274 1400 E tlogd : [TzLogger](isPathReadable) file /sys/kernel/debug/tzdbg/log isn't exist or no permission, err: No such file or directory
01-13 09:01:00.999 1274 1400 E tlogd : [TzLogger](saveTzlogAsync) /sys/kernel/debug/tzdbg/log can not read.
01-13 09:01:01.100 822 2967 I vendor.qti.bluetooth@1.0-ibs_handler: DeviceSleep: TX Awake, Sending SLEEP_IND
01-13 09:01:01.100 822 2967 D vendor.qti.bluetooth@1.0-ibs_handler: SerialClockVote: vote for UART CLK OFF
01-13 09:01:01.172 652 667 I mpu_uart: [MSG-P:RECV]:No message received in 1000 ms
01-13 09:01:01.233 4407 8419 W Binder : Caught a RuntimeException from the binder stub implementation.
01-13 09:01:01.233 4407 8419 W Binder : java.lang.NullPointerException: rhs == null
01-13 09:01:01.233 4407 8419 W Binder : at java.lang.String.compareTo(Native Method)
01-13 09:01:01.233 4407 8419 W Binder : at java.lang.String.compareTo(String.java:113)
01-13 09:01:01.233 4407 8419 W Binder : at java.util.ComparableTimSort.countRunAndMakeAscending(ComparableTimSort.java:320)
01-13 09:01:01.233 4407 8419 W Binder : at java.util.ComparableTimSort.sort(ComparableTimSort.java:188)
01-13 09:01:01.233 4407 8419 W Binder : at java.util.Arrays.sort(Arrays.java:1239)
01-13 09:01:01.233 4407 8419 W Binder : at android.database.sqlite.SQLiteDatabase.dumpAll(SQLiteDatabase.java:2327)
01-13 09:01:01.233 4407 8419 W Binder : at android.database.sqlite.SQLiteDebug.dump(SQLiteDebug.java:218)
01-13 09:01:01.233 4407 8419 W Binder : at android.app.ActivityThread$ApplicationThread.dumpDatabaseInfo(ActivityThread.java:1631)
01-13 09:01:01.233 4407 8419 W Binder : at android.app.ActivityThread$ApplicationThread.dumpDbInfo(ActivityThread.java:1662)
01-13 09:01:01.233 4407 8419 W Binder : at android.app.IApplicationThread$Stub.onTransact(IApplicationThread.java:1123)
01-13 09:01:01.233 4407 8419 W Binder : at android.os.Binder.execTransactInternal(Binder.java:1184)
01-13 09:01:01.233 4407 8419 W Binder : at android.os.Binder.execTransact(Binder.java:1143)
01-13 09:01:01.250 822 2367 D vendor.qti.bluetooth@1.0-wake_lock: Release wakelock is released
01-13 09:01:01.319 0 0 W swapper/2: type=1400 audit(0.0:5065): avc: denied { kill } for capability=5 scontext=u:r:kernel:s0 tcontext=u:r:kernel:s0 tclass=capability permissive=0
01-13 09:01:02.172 652 667 I mpu_uart: [MSG-P:RECV]:No message received in 1000 ms
01-13 09:01:02.319 0 0 W swapper/2: type=1400 audit(0.0:5066): avc: denied { kill } for capability=5 scontext=u:r:kernel:s0 tcontext=u:r:kernel:s0 tclass=capability permissive=0
01-01 08:11:51.801 0 0 E DTC_eth,link_delay_work_func: 3002, SQI=15, link=1
01-13 09:01:03.172 652 667 I mpu_uart: [MSG-P:RECV]:No message received in 1000 ms
01-13 09:01:03.319 0 0 W swapper/2: type=1400 audit(0.0:5067): avc: denied { kill } for capability=5 scontext=u:r:kernel:s0 tcontext=u:r:kernel:s0 tclass=capability permissive=0
01-13 09:01:03.458 2133 2247 D MicroService: getEvent: clientSocket = Socket[address=/192.168.4.4,port=59952,localPort=9999]
01-13 09:01:03.459 2133 2247 D MicroService: run: called
01-13 09:01:03.459 2133 2247 D MicroService: getEvent: start waiting...
01-13 09:01:03.460 2133 9223 I MicroService: getStringByData(noZero): IDCM_TBoxService
01-13 09:01:03.460 2133 9223 I MicroService: getStringByData(noZero): FSEM_SettingService
01-13 09:01:03.460 2133 9223 I MicroService: getStringByData: {"dstService":"FSEM_SettingService","messageType":0,"methodName":"netstatus","parameters":{"functionInfo":{"IDCM_celltype":40,"IDCM_netstatus":43,"IDCM_signalstrength":41}},"srcService":"IDCM_TBoxService","uuid":1680146895994535000}
01-13 09:01:03.460 2133 9223 I MicroService: Receive message: SocketMessageBean{businessData='21930', srcService='IDCM_TBoxService', destService='FSEM_SettingService', messageType='0', uuid='1680146895994535000', payloadData={"dstService":"FSEM_SettingService","messageType":0,"methodName":"netstatus","parameters":{"functionInfo":{"IDCM_celltype":40,"IDCM_netstatus":43,"IDCM_signalstrength":41}},"srcService":"IDCM_TBoxService","uuid":1680146895994535000}
01-13 09:01:03.460 2133 9223 I MicroService: }
01-13 09:01:03.460 2133 9223 I MicroService: dealMessage: 0
01-13 09:01:03.460 2133 9223 I MicroService: onRequest(netstatus): {"functionInfo":{"IDCM_celltype":40,"IDCM_netstatus":43,"IDCM_signalstrength":41}}
01-13 09:01:03.461 2177 2232 D MicroSettings: SettingMicroservices: get request method = netstatus parameters = {"functionInfo":{"IDCM_celltype":40,"IDCM_netstatus":43,"IDCM_signalstrength":41}}
01-13 09:01:03.461 2177 2232 D MicroSettings: SettingMicroservices: functionInfo.class = class org.json.JSONObject functionInfo = {"IDCM_celltype":40,"IDCM_netstatus":43,"IDCM_signalstrength":41}
01-13 09:01:03.461 2177 2232 D MicroSettings: SettingMicroservices: setNetStatus: 43
01-13 09:01:03.571 652 666 I mpu_uart: [MSG-P:R]:recv sync frame timeout
01-13 09:01:04.177 652 667 I mpu_uart: [MSG-P:RECV]:No message received in 1000 ms
01-01 08:11:53.234 0 0 I init : Sending signal 9 to service 'idmap2d' (pid 8786) process group...
01-13 09:01:04.231 1477 4903 W OverlayManager: service 'idmap' died
01-01 08:11:53.246 0 0 I libprocessgroup: Successfully killed process cgroup uid 1000 pid 8786 in 11ms
01-01 08:11:53.247 0 0 I init : Control message: Processed ctl.stop for 'idmap2d' from pid: 1477 (system_server)
01-01 08:11:53.249 0 0 I init : Service 'idmap2d' (pid 8786) received signal 9
01-13 09:01:04.253 574 8753 I keystore2: keystore2::watchdog: Watchdog thread idle -> terminating. Have a great day.
01-01 08:11:53.345 0 0 E [soft_i][0x3305c2b68][09:01:04.333772] wlan: [0:E:DP] dp_tx_comp_process_tx_status: 3431: peer is null or deletion in progress
01-13 09:01:05.178 652 667 I mpu_uart: [MSG-P:RECV]:No message received in 1000 ms
01-13 09:01:05.319 0 0 W swapper/2: type=1400 audit(0.0:5068): avc: denied { kill } for capability=5 scontext=u:r:kernel:s0 tcontext=u:r:kernel:s0 tclass=capability permissive=0
01-13 09:01:06.000 1274 1400 E tlogd : [TzLogger](isPathReadable) file /sys/kernel/debug/tzdbg/qsee_log isn't exist or no permission, err: No such file or directory
01-13 09:01:06.000 1274 1400 E tlogd : [TzLogger](saveTzlogAsync) /sys/kernel/debug/tzdbg/qsee_log can not read.
01-13 09:01:06.000 1274 1400 E tlogd : [TzLogger](isPathReadable) file /sys/kernel/debug/tzdbg/log isn't exist or no permission, err: No such file or directory
01-13 09:01:06.000 1274 1400 E tlogd : [TzLogger](saveTzlogAsync) /sys/kernel/debug/tzdbg/log can not read.
01-13 09:01:06.178 652 667 I mpu_uart: [MSG-P:RECV]:No message received in 1000 ms
01-13 09:01:06.475 1477 2568 D ActivityManager: freezer override set to false
01-13 09:01:06.498 1477 2568 I DevicePolicyManager: Packages subject to suspension: com.sohu.inputmethod.sogou.car,com.hht.lebocast,com.tencent.tmgp.sgame,com.yiche.autoeasy,com.youku.phone,com.ss.android.ugc.live,com.huawei.appmarket,com.tencent.qqmusic,com.qiyi.video.pad,com.android.documentsui,com.xingin.xhs,com.hryt.hiphishowfsecontrol,com.microsoft.emmx,com.android.calendar,com.tencent.qqlive,tv.danmaku.bilibilihd,com.ss.android.article.news,com.hunantv.imgo.activity,com.android.gallery3d,com.ss.android.lark,com.netease.newsreader.activity,com.kugou.android,com.kuaishou.nebula,com.ximalaya.ting.android,com.coolapk.market,com.miHoYo.Yuanshen,com.cmcc.cmvideo,ctrip.android.view,com.tencent.wemeet.app,com.android.music,com.smile.gifmaker,com.android.deskclock,com.ss.android.article.video,com.achievo.vipshop
01-13 09:01:06.574 652 666 I mpu_uart: [MSG-P:R]:recv sync frame timeout
01-13 09:01:06.679 1477 2568 D ActivityManager: freezer override set to true
01-13 09:01:06.876 1477 2568 D ActivityManager: freezer override set to false
01-13 09:01:06.871 9098 9098 W dumpsys : type=1400 audit(0.0:5069): avc: denied { use } for path="pipe:[315022]" dev="pipefs" ino=315022 scontext=u:r:gpuservice:s0 tcontext=u:r:system_app:s0 tclass=fd permissive=0
01-01 08:11:55.889 0 0 I binder : 9098:9337 transaction failed 29201/-1, size 40-8 line 3383
01-13 09:01:06.925 832 832 I android.hardware.thermal@2.0-service.qti: Returning Dummy Value
01-13 09:01:06.925 832 832 I android.hardware.thermal@2.0-service.qti: Returning Dummy Value
01-13 09:01:06.925 832 832 I android.hardware.thermal@2.0-service.qti: Returning Dummy Value
01-13 09:01:06.925 832 832 I android.hardware.thermal@2.0-service.qti: Returning Dummy Value
01-13 09:01:06.926 832 832 I android.hardware.thermal@2.0-service.qti: Returning Dummy Value
01-13 09:01:06.926 832 832 I android.hardware.thermal@2.0-service.qti: Returning Dummy Value
01-13 09:01:06.926 832 832 I android.hardware.thermal@2.0-service.qti: Returning Dummy Value
01-13 09:01:06.926 832 832 I android.hardware.thermal@2.0-service.qti: Returning Dummy Value
01-13 09:01:06.926 832 832 I android.hardware.thermal@2.0-service.qti: Returning Dummy Value
01-13 09:01:06.926 832 832 I android.hardware.thermal@2.0-service.qti: Returning Dummy Value
01-13 09:01:06.926 832 832 I android.hardware.thermal@2.0-service.qti: Returning Dummy Value
01-13 09:01:06.927 832 832 I android.hardware.thermal@2.0-service.qti: Returning Dummy Value
01-13 09:01:06.927 832 832 I android.hardware.thermal@2.0-service.qti: Returning Dummy Value
01-13 09:01:06.927 832 832 I android.hardware.thermal@2.0-service.qti: Returning Dummy Value
01-13 09:01:06.927 832 832 I android.hardware.thermal@2.0-service.qti: Returning Dummy Value
01-13 09:01:06.927 832 832 I android.hardware.thermal@2.0-service.qti: Returning Dummy Value
01-01 08:11:55.942 0 0 I binder : 9098:9341 transaction failed 29201/-1, size 40-8 line 3383
01-13 09:01:06.923 9098 9098 W dumpsys : type=1400 audit(0.0:5070): avc: denied { write } for path="pipe:[295933]" dev="pipefs" ino=295933 scontext=u:r:incidentd:s0 tcontext=u:r:system_app:s0 tclass=fifo_file permissive=0
01-13 09:01:06.932 1477 2568 D PermissionCache: checking android.permission.DUMP for uid=1000 => granted (57 us)
01-13 09:01:06.959 9098 9098 W dumpsys : type=1400 audit(0.0:5071): avc: denied { use } for path="pipe:[316427]" dev="pipefs" ino=316427 scontext=u:r:servicemanager:s0 tcontext=u:r:system_app:s0 tclass=fd permissive=0
01-01 08:11:55.975 0 0 I binder : 9098:9359 transaction failed 29201/-1, size 40-8 line 3383
01-13 09:01:06.964 902 1944 D PermissionCache: checking android.permission.DUMP for uid=1000 => granted (111 us)
01-01 08:11:55.977 0 0 I binder : 902:1944 transaction failed 29201/-1, size 192-24 line 3431
01-13 09:01:06.965 902 1944 E HalHidl : EffectsFactory 0xb4000078db87bc20 dumpEffects: Status(EX_TRANSACTION_FAILED): 'FAILED_TRANSACTION: ' (from rpc)
01-01 08:11:55.977 0 0 I binder : 902:1944 transaction failed 29201/-1, size 192-24 line 3431
01-01 08:11:55.978 0 0 I binder : 902:1944 transaction failed 29201/-1, size 192-24 line 3431
01-13 09:01:06.966 902 1944 E HalHidl : Stream 0xb40000795b87b280 dump: Status(EX_TRANSACTION_FAILED): 'FAILED_TRANSACTION: ' (from rpc)
01-13 09:01:06.966 902 1944 E HalHidl : Stream 0xb40000795b87eac0 dump: Status(EX_TRANSACTION_FAILED): 'FAILED_TRANSACTION: ' (from rpc)
01-13 09:01:06.959 902 902 W Binder:902_3: type=1400 audit(0.0:5072): avc: denied { write } for path="pipe:[316429]" dev="pipefs" ino=316429 scontext=u:r:hal_audio_default:s0 tcontext=u:r:system_app:s0 tclass=fifo_file permissive=0
01-13 09:01:06.959 902 902 W Binder:902_3: type=1400 audit(0.0:5073): avc: denied { write } for path="pipe:[316429]" dev="pipefs" ino=316429 scontext=u:r:hal_audio_default:s0 tcontext=u:r:system_app:s0 tclass=fifo_file permissive=0
01-13 09:01:06.966 902 1944 E HalHidl : Stream 0xb40000795b880fe0 dump: Status(EX_TRANSACTION_FAILED): 'FAILED_TRANSACTION: ' (from rpc)
01-13 09:01:06.959 902 902 W Binder:902_3: type=1400 audit(0.0:5074): avc: denied { write } for path="pipe:[316429]" dev="pipefs" ino=316429 scontext=u:r:hal_audio_default:s0 tcontext=u:r:system_app:s0 tclass=fifo_file permissive=0
01-13 09:01:06.966 902 1944 E HalHidl : Stream 0xb40000795b87b040 dump: Status(EX_TRANSACTION_FAILED): 'FAILED_TRANSACTION: ' (from rpc)
01-13 09:01:06.967 902 1944 E HalHidl : Stream 0xb40000795b880da0 dump: Status(EX_TRANSACTION_FAILED): 'FAILED_TRANSACTION: ' (from rpc)
01-13 09:01:06.967 902 1944 E HalHidl : Device 0xb4000078db87bfe0 dump: Status(EX_TRANSACTION_FAILED): 'FAILED_TRANSACTION: ' (from rpc)
01-13 09:01:06.967 902 1944 E HalHidl : Device 0xb4000078db87ce20 dump: Status(EX_TRANSACTION_FAILED): 'FAILED_TRANSACTION: ' (from rpc)
01-13 09:01:06.967 902 1944 E HalHidl : Device 0xb4000078db87db60 dump: Status(EX_TRANSACTION_FAILED): 'FAILED_TRANSACTION: ' (from rpc)
01-13 09:01:06.967 902 1944 E HalHidl : Device 0xb4000078db87d5a0 dump: Status(EX_TRANSACTION_FAILED): 'FAILED_TRANSACTION: ' (from rpc)
01-01 08:11:55.978 0 0 W audit : audit_lost=3966 audit_rate_limit=5 audit_backlog_limit=64
01-01 08:11:55.978 0 0 E audit : rate limit exceeded
01-01 08:11:55.978 0 0 I binder : 902:1944 transaction failed 29201/-1, size 192-24 line 3431
01-01 08:11:55.978 0 0 I binder : 902:1944 transaction failed 29201/-1, size 192-24 line 3431
01-01 08:11:55.978 0 0 I binder : 902:1944 transaction failed 29201/-1, size 192-24 line 3431
01-01 08:11:55.978 0 0 I binder : 902:1944 transaction failed 29201/-1, size 192-24 line 3431
01-13 09:01:06.971 1207 1207 D PermissionCache: checking android.permission.DUMP for uid=1000 => granted (93 us)
01-13 09:01:06.997 1477 2568 D ActivityManager: freezer override set to true
01-13 09:01:07.113 2562 7209 I droid.launcher: Explicit concurrent copying GC freed 67244(2480KB) AllocSpace objects, 9(180KB) LOS objects, 49% free, 4215KB/8431KB, paused 162us,35us total 66.734ms
01-13 09:01:07.178 652 667 I mpu_uart: [MSG-P:RECV]:No message received in 1000 ms
01-13 09:01:07.297 2395 2461 I ndroid.setting: Explicit concurrent copying GC freed 12862(575KB) AllocSpace objects, 4(80KB) LOS objects, 24% free, 6381KB/8508KB, paused 145us,75us total 102.422ms
01-13 09:01:07.500 1997 3200 I droid.bluetoot: Explicit concurrent copying GC freed 37490(1489KB) AllocSpace objects, 16(320KB) LOS objects, 49% free, 2168KB/4336KB, paused 115us,86us total 37.357ms
01-13 09:01:07.772 3051 6715 I putmethod.sogo: Explicit concurrent copying GC freed 58759(2442KB) AllocSpace objects, 4(80KB) LOS objects, 24% free, 8316KB/10MB, paused 276us,90us total 171.628ms
01-01 08:11:56.926 0 0 E DTC_eth,link_delay_work_func: 3002, SQI=15, link=1
01-13 09:01:07.991 3652 6226 I ssioncontrolle: Explicit concurrent copying GC freed 19888(1004KB) AllocSpace objects, 14(636KB) LOS objects, 24% free, 2661KB/3548KB, paused 102us,50us total 31.490ms
01-13 09:01:08.152 6828 6841 I android.traceu: Explicit concurrent copying GC freed 449(70KB) AllocSpace objects, 2(40KB) LOS objects, 24% free, 1927KB/2570KB, paused 118us,29us total 23.839ms
01-13 09:01:08.181 652 667 I mpu_uart: [MSG-P:RECV]:No message received in 1000 ms
01-13 09:01:08.320 2548 7282 I memode.provide: Explicit concurrent copying GC freed 1979(167KB) AllocSpace objects, 4(80KB) LOS objects, 24% free, 1940KB/2586KB, paused 166us,42us total 35.334ms
01-13 09:01:08.319 0 0 W swapper/3: type=1400 audit(0.0:5083): avc: denied { kill } for capability=5 scontext=u:r:kernel:s0 tcontext=u:r:kernel:s0 tclass=capability permissive=0
01-01 08:11:57.345 0 0 E [soft_i][0x334f02705][09:01:08.334140] wlan: [0:E:DP] dp_tx_comp_process_tx_status: 3431: peer is null or deletion in progress
01-13 09:01:08.550 4773 4787 I aker:messagesd: Explicit concurrent copying GC freed 1085(149KB) AllocSpace objects, 3(60KB) LOS objects, 24% free, 3265KB/4353KB, paused 292us,104us total 83.221ms
01-13 09:01:09.079 4151 5883 I .smile.gifmake: Explicit concurrent copying GC freed 5607(393KB) AllocSpace objects, 2(40KB) LOS objects, 25% free, 23MB/31MB, paused 431us,276us total 338.686ms
01-13 09:01:09.184 652 667 I mpu_uart: [MSG-P:RECV]:No message received in 1000 ms
01-13 09:01:09.319 0 0 W swapper/3: type=1400 audit(0.0:5084): avc: denied { kill } for capability=5 scontext=u:r:kernel:s0 tcontext=u:r:kernel:s0 tclass=capability permissive=0
01-13 09:01:09.468 2133 2247 D MicroService: getEvent: clientSocket = Socket[address=/192.168.4.4,port=59954,localPort=9999]
01-13 09:01:09.470 2133 2247 D MicroService: run: called
01-13 09:01:09.470 2133 2247 D MicroService: getEvent: start waiting...
01-13 09:01:09.470 2133 9389 I MicroService: getStringByData(noZero): IDCM_TBoxService
01-13 09:01:09.470 2133 9389 I MicroService: getStringByData(noZero): FSEM_SettingService
01-13 09:01:09.470 2133 9389 I MicroService: getStringByData: {"dstService":"FSEM_SettingService","messageType":0,"methodName":"netstatus","parameters":{"functionInfo":{"IDCM_celltype":40,"IDCM_netstatus":43,"IDCM_signalstrength":41}},"srcService":"IDCM_TBoxService","uuid":1680146902001125000}
01-13 09:01:09.471 2133 9389 I MicroService: Receive message: SocketMessageBean{businessData='21930', srcService='IDCM_TBoxService', destService='FSEM_SettingService', messageType='0', uuid='1680146902001125000', payloadData={"dstService":"FSEM_SettingService","messageType":0,"methodName":"netstatus","parameters":{"functionInfo":{"IDCM_celltype":40,"IDCM_netstatus":43,"IDCM_signalstrength":41}},"srcService":"IDCM_TBoxService","uuid":1680146902001125000}
01-13 09:01:09.471 2133 9389 I MicroService: }
01-13 09:01:09.471 2133 9389 I MicroService: dealMessage: 0
01-13 09:01:09.471 2133 9389 I MicroService: onRequest(netstatus): {"functionInfo":{"IDCM_celltype":40,"IDCM_netstatus":43,"IDCM_signalstrength":41}}
01-13 09:01:09.472 2177 2232 D MicroSettings: SettingMicroservices: get request method = netstatus parameters = {"functionInfo":{"IDCM_celltype":40,"IDCM_netstatus":43,"IDCM_signalstrength":41}}
01-13 09:01:09.472 2177 2232 D MicroSettings: SettingMicroservices: functionInfo.class = class org.json.JSONObject functionInfo = {"IDCM_celltype":40,"IDCM_netstatus":43,"IDCM_signalstrength":41}
01-13 09:01:09.472 2177 2232 D MicroSettings: SettingMicroservices: setNetStatus: 43
01-13 09:01:09.531 5071 5087 I wv_sandboxed_p: Explicit concurrent copying GC freed 15943(590KB) AllocSpace objects, 7(140KB) LOS objects, 24% free, 2734KB/3645KB, paused 313us,76us total 81.683ms
01-13 09:01:09.575 652 666 I mpu_uart: [MSG-P:R]:recv sync frame timeout
01-13 09:01:09.759 6751 7020 I gs.intelligenc: Explicit concurrent copying GC freed 625(61KB) AllocSpace objects, 1(20KB) LOS objects, 24% free, 2524KB/3366KB, paused 90us,40us total 35.433ms
01-13 09:01:09.941 2900 2931 I FuseDaemon: Explicit concurrent copying GC freed 25529(1452KB) AllocSpace objects, 42(840KB) LOS objects, 49% free, 2199KB/4399KB, paused 165us,55us total 43.425ms
01-13 09:01:10.040 6774 6792 I droid.emergenc: Explicit concurrent copying GC freed 7192(291KB) AllocSpace objects, 5(100KB) LOS objects, 24% free, 1929KB/2572KB, paused 148us,70us total 31.128ms
01-13 09:01:10.184 652 667 I mpu_uart: [MSG-P:RECV]:No message received in 1000 ms
01-13 09:01:10.207 2564 2621 I .qti.qccauthmg: Explicit concurrent copying GC freed 2170(174KB) AllocSpace objects, 5(100KB) LOS objects, 24% free, 1933KB/2577KB, paused 109us,33us total 29.985ms
01-13 09:01:10.319 0 0 W swapper/3: type=1400 audit(0.0:5085): avc: denied { kill } for capability=5 scontext=u:r:kernel:s0 tcontext=u:r:kernel:s0 tclass=capability permissive=0
01-13 09:01:10.434 4407 8419 I ideo:remote_we: Explicit concurrent copying GC freed 13831(836KB) AllocSpace objects, 4(80KB) LOS objects, 24% free, 7217KB/9623KB, paused 181us,155us total 90.886ms
01-13 09:01:10.549 4407 4422 W System : A resource failed to call close.
01-13 09:01:10.637 3926 4221 I eo:AgentServic: Explicit concurrent copying GC freed 8878(440KB) AllocSpace objects, 2(40KB) LOS objects, 24% free, 2683KB/3577KB, paused 707us,53us total 39.924ms
01-13 09:01:11.000 1274 1400 E tlogd : [TzLogger](isPathReadable) file /sys/kernel/debug/tzdbg/qsee_log isn't exist or no permission, err: No such file or directory
01-13 09:01:11.000 1274 1400 E tlogd : [TzLogger](saveTzlogAsync) /sys/kernel/debug/tzdbg/qsee_log can not read.
01-13 09:01:11.000 1274 1400 E tlogd : [TzLogger](isPathReadable) file /sys/kernel/debug/tzdbg/log isn't exist or no permission, err: No such file or directory
01-13 09:01:11.000 1274 1400 E tlogd : [TzLogger](saveTzlogAsync) /sys/kernel/debug/tzdbg/log can not read.
01-13 09:01:11.172 3953 5881 I kuaishou.nebul: Explicit concurrent copying GC freed 29598(1541KB) AllocSpace objects, 3(60KB) LOS objects, 24% free, 18MB/24MB, paused 685us,209us total 370.836ms
01-13 09:01:11.185 652 667 I mpu_uart: [MSG-P:RECV]:No message received in 1000 ms
01-13 09:01:11.579 4552 4566 I wv_sandboxed_p: Explicit concurrent copying GC freed 16003(590KB) AllocSpace objects, 7(140KB) LOS objects, 24% free, 2705KB/3607KB, paused 343us,85us total 109.275ms
01-13 09:01:11.836 4740 4752 I v.imgo.activit: Explicit concurrent copying GC freed 10849(538KB) AllocSpace objects, 4(80KB) LOS objects, 24% free, 6659KB/8879KB, paused 157us,104us total 86.048ms
01-13 09:01:12.013 2453 2936 I id.ext.service: Explicit concurrent copying GC freed 36794(1198KB) AllocSpace objects, 9(180KB) LOS objects, 49% free, 1978KB/3956KB, paused 102us,39us total 23.035ms
01-13 09:01:12.161 5471 5485 I ocessService0:: Explicit concurrent copying GC freed 162(51KB) AllocSpace objects, 3(60KB) LOS objects, 24% free, 1935KB/2580KB, paused 182us,53us total 27.578ms
01-13 09:01:12.185 652 667 I mpu_uart: [MSG-P:RECV]:No message received in 1000 ms
01-01 08:12:01.345 0 0 E [soft_i][0x33983f429][09:01:12.333889] wlan: [0:E:DP] dp_tx_comp_process_tx_status: 3431: peer is null or deletion in progress
01-13 09:01:12.419 3773 5880 I om.cmcc.cmvide: Explicit concurrent copying GC freed 22166(1173KB) AllocSpace objects, 4(80KB) LOS objects, 24% free, 8525KB/11MB, paused 236us,121us total 86.955ms
01-13 09:01:12.459 2133 2247 D MicroService: getEvent: clientSocket = Socket[address=/192.168.4.4,port=59956,localPort=9999]
01-13 09:01:12.460 2133 2247 D MicroService: run: called
01-13 09:01:12.460 2133 2247 D MicroService: getEvent: start waiting...
01-13 09:01:12.460 2133 9402 I MicroService: getStringByData(noZero): IDCM_TBoxService
01-13 09:01:12.460 2133 9402 I MicroService: getStringByData(noZero): FSEM_SettingService
01-13 09:01:12.460 2133 9402 I MicroService: getStringByData: {"dstService":"FSEM_SettingService","messageType":0,"methodName":"netstatus","parameters":{"functionInfo":{"IDCM_celltype":40,"IDCM_netstatus":43,"IDCM_signalstrength":41}},"srcService":"IDCM_TBoxService","uuid":1680146905004053000}
01-13 09:01:12.461 2133 9402 I MicroService: Receive message: SocketMessageBean{businessData='21930', srcService='IDCM_TBoxService', destService='FSEM_SettingService', messageType='0', uuid='1680146905004053000', payloadData={"dstService":"FSEM_SettingService","messageType":0,"methodName":"netstatus","parameters":{"functionInfo":{"IDCM_celltype":40,"IDCM_netstatus":43,"IDCM_signalstrength":41}},"srcService":"IDCM_TBoxService","uuid":1680146905004053000}
01-13 09:01:12.461 2133 9402 I MicroService: }
01-13 09:01:12.461 2133 9402 I MicroService: dealMessage: 0
01-13 09:01:12.461 2133 9402 I MicroService: onRequest(netstatus): {"functionInfo":{"IDCM_celltype":40,"IDCM_netstatus":43,"IDCM_signalstrength":41}}
01-13 09:01:12.461 2177 2232 D MicroSettings: SettingMicroservices: get request method = netstatus parameters = {"functionInfo":{"IDCM_celltype":40,"IDCM_netstatus":43,"IDCM_signalstrength":41}}
01-13 09:01:12.461 2177 2232 D MicroSettings: SettingMicroservices: functionInfo.class = class org.json.JSONObject functionInfo = {"IDCM_celltype":40,"IDCM_netstatus":43,"IDCM_signalstrength":41}
01-13 09:01:12.461 2177 2232 D MicroSettings: SettingMicroservices: setNetStatus: 43
01-13 09:01:12.579 652 666 I mpu_uart: [MSG-P:R]:recv sync frame timeout
01-13 09:01:12.581 2440 7250 I ercomm.gamemod: Waiting for a blocking GC Explicit
01-13 09:01:12.608 2440 7250 I ercomm.gamemod: WaitForGcToComplete blocked Explicit on Background for 27.044ms
01-13 09:01:12.633 2440 7250 I ercomm.gamemod: Explicit concurrent copying GC freed 190(30KB) AllocSpace objects, 1(20KB) LOS objects, 24% free, 2816KB/3755KB, paused 122us,31us total 24.814ms
01-13 09:01:12.810 2981 3040 I omm.location.X: Explicit concurrent copying GC freed 36989(1196KB) AllocSpace objects, 8(160KB) LOS objects, 49% free, 1954KB/3908KB, paused 161us,39us total 30.802ms
01-13 09:01:12.968 3690 3703 I m.android.shel: Explicit concurrent copying GC freed 582(99KB) AllocSpace objects, 5(100KB) LOS objects, 24% free, 1920KB/2560KB, paused 91us,33us total 22.121ms
01-01 08:12:02.040 0 0 E DTC_eth,link_delay_work_func: 3002, SQI=15, link=1
01-13 09:01:13.129 3637 3650 I ackageinstalle: Explicit concurrent copying GC freed 4946(226KB) AllocSpace objects, 5(100KB) LOS objects, 24% free, 1913KB/2551KB, paused 117us,33us total 28.657ms
01-13 09:01:13.185 652 667 I mpu_uart: [MSG-P:RECV]:No message received in 1000 ms
01-13 09:01:13.297 3587 3601 I gedprovisionin: Explicit concurrent copying GC freed 567(99KB) AllocSpace objects, 5(100KB) LOS objects, 24% free, 2038KB/2717KB, paused 100us,41us total 35.413ms
01-13 09:01:13.319 750 750 W crtc_commit:125: type=1400 audit(0.0:5086): avc: denied { kill } for capability=5 scontext=u:r:kernel:s0 tcontext=u:r:kernel:s0 tclass=capability permissive=0
01-13 09:01:13.463 3276 3303 I ti.diagservice: Explicit concurrent copying GC freed 557(99KB) AllocSpace objects, 5(100KB) LOS objects, 24% free, 1916KB/2554KB, paused 114us,63us total 29.343ms
01-13 09:01:13.653 2875 2954 I alcomm.locatio: Explicit concurrent copying GC freed 40455(1339KB) AllocSpace objects, 11(220KB) LOS objects, 49% free, 2064KB/4128KB, paused 177us,76us total 38.460ms
01-13 09:01:13.769 2815 2924 I .qti.qccnetsta: Explicit concurrent copying GC freed 36958(1197KB) AllocSpace objects, 7(140KB) LOS objects, 49% free, 1913KB/3826KB, paused 107us,34us total 28.872ms
01-13 09:01:13.903 2840 7036 I kloadclassifie: Explicit concurrent copying GC freed 37228(1196KB) AllocSpace objects, 8(160KB) LOS objects, 49% free, 1930KB/3860KB, paused 176us,73us total 37.969ms
01-13 09:01:14.012 2791 2847 I .pasr : Explicit concurrent copying GC freed 36959(1196KB) AllocSpace objects, 8(160KB) LOS objects, 49% free, 1915KB/3830KB, paused 61us,25us total 15.531ms
01-13 09:01:14.110 2793 3256 I mhelper_servic: Explicit concurrent copying GC freed 36973(1196KB) AllocSpace objects, 8(160KB) LOS objects, 49% free, 1923KB/3847KB, paused 160us,39us total 36.865ms
01-13 09:01:14.185 652 667 I mpu_uart: [MSG-P:RECV]:No message received in 1000 ms
01-13 09:01:14.236 2781 2831 I ts.car.uart: Explicit concurrent copying GC freed 36980(1196KB) AllocSpace objects, 8(160KB) LOS objects, 49% free, 1918KB/3836KB, paused 115us,42us total 32.494ms
01-13 09:01:14.319 0 0 W swapper/1: type=1400 audit(0.0:5087): avc: denied { kill } for capability=5 scontext=u:r:kernel:s0 tcontext=u:r:kernel:s0 tclass=capability permissive=0
01-13 09:01:14.390 2760 3811 I om.hht.lebocas: Explicit concurrent copying GC freed 47679(1523KB) AllocSpace objects, 9(180KB) LOS objects, 49% free, 2751KB/5502KB, paused 200us,75us total 52.426ms
01-13 09:01:14.486 2353 2455 I rcomm.tcservic: Explicit concurrent copying GC freed 37075(1243KB) AllocSpace objects, 13(260KB) LOS objects, 49% free, 1950KB/3901KB, paused 117us,97us total 30.898ms
01-13 09:01:14.610 3221 3261 I atisticsservic: Explicit concurrent copying GC freed 36959(1196KB) AllocSpace objects, 8(160KB) LOS objects, 49% free, 1913KB/3826KB, paused 180us,30us total 27.558ms
01-13 09:01:14.726 2386 3360 I alcomm.qti.qdm: Explicit concurrent copying GC freed 36974(1197KB) AllocSpace objects, 7(140KB) LOS objects, 49% free, 2008KB/4017KB, paused 111us,42us total 25.652ms
01-13 09:01:14.847 2328 2424 I econtrolservic: Explicit concurrent copying GC freed 40642(1308KB) AllocSpace objects, 8(160KB) LOS objects, 49% free, 2024KB/4049KB, paused 128us,51us total 34.030ms
01-13 09:01:14.972 2309 2410 I tssystemservic: Explicit concurrent copying GC freed 36938(1197KB) AllocSpace objects, 7(140KB) LOS objects, 49% free, 1910KB/3821KB, paused 106us,35us total 30.895ms
01-13 09:01:15.096 2320 2388 I com.android.se: Explicit concurrent copying GC freed 37014(1196KB) AllocSpace objects, 9(180KB) LOS objects, 49% free, 1927KB/3854KB, paused 86us,36us total 24.609ms
01-13 09:01:15.186 652 667 I mpu_uart: [MSG-P:RECV]:No message received in 1000 ms
01-13 09:01:15.233 2288 2378 I esdk.sysservic: Explicit concurrent copying GC freed 36979(1196KB) AllocSpace objects, 9(180KB) LOS objects, 49% free, 1917KB/3834KB, paused 87us,44us total 34.123ms
01-13 09:01:15.319 0 0 W swapper/1: type=1400 audit(0.0:5088): avc: denied { kill } for capability=5 scontext=u:r:kernel:s0 tcontext=u:r:kernel:s0 tclass=capability permissive=0
01-13 09:01:15.369 2234 4970 I rkstack.proces: Explicit concurrent copying GC freed 37472(1273KB) AllocSpace objects, 11(300KB) LOS objects, 49% free, 2465KB/4930KB, paused 122us,43us total 40.790ms
01-13 09:01:15.479 2266 2310 I m.tcsetupwizar: Explicit concurrent copying GC freed 36980(1197KB) AllocSpace objects, 7(140KB) LOS objects, 49% free, 1907KB/3815KB, paused 96us,31us total 28.637ms
01-13 09:01:15.481 2133 2247 D MicroService: getEvent: clientSocket = Socket[address=/192.168.4.4,port=59958,localPort=9999]
01-13 09:01:15.482 2133 2247 D MicroService: run: called
01-13 09:01:15.482 2133 2247 D MicroService: getEvent: start waiting...
01-13 09:01:15.483 2133 9427 I MicroService: getStringByData(noZero): IDCM_TBoxService
01-13 09:01:15.483 2133 9427 I MicroService: getStringByData(noZero): FSEM_SettingService
01-13 09:01:15.483 2133 9427 I MicroService: getStringByData: {"dstService":"FSEM_SettingService","messageType":0,"methodName":"netstatus","parameters":{"functionInfo":{"IDCM_celltype":40,"IDCM_netstatus":43,"IDCM_signalstrength":41}},"srcService":"IDCM_TBoxService","uuid":1680146908006941000}
01-13 09:01:15.483 2133 9427 I MicroService: Receive message: SocketMessageBean{businessData='21930', srcService='IDCM_TBoxService', destService='FSEM_SettingService', messageType='0', uuid='1680146908006941000', payloadData={"dstService":"FSEM_SettingService","messageType":0,"methodName":"netstatus","parameters":{"functionInfo":{"IDCM_celltype":40,"IDCM_netstatus":43,"IDCM_signalstrength":41}},"srcService":"IDCM_TBoxService","uuid":1680146908006941000}
01-13 09:01:15.483 2133 9427 I MicroService: }
01-13 09:01:15.483 2133 9427 I MicroService: dealMessage: 0
01-13 09:01:15.484 2133 9427 I MicroService: onRequest(netstatus): {"functionInfo":{"IDCM_celltype":40,"IDCM_netstatus":43,"IDCM_signalstrength":41}}
01-13 09:01:15.485 2177 2232 D MicroSettings: SettingMicroservices: get request method = netstatus parameters = {"functionInfo":{"IDCM_celltype":40,"IDCM_netstatus":43,"IDCM_signalstrength":41}}
01-13 09:01:15.485 2177 2232 D MicroSettings: SettingMicroservices: functionInfo.class = class org.json.JSONObject functionInfo = {"IDCM_celltype":40,"IDCM_netstatus":43,"IDCM_signalstrength":41}
01-13 09:01:15.485 2177 2232 D MicroSettings: SettingMicroservices: setNetStatus: 43
01-13 09:01:15.580 652 666 I mpu_uart: [MSG-P:R]:recv sync frame timeout
01-13 09:01:15.625 2227 2270 I om.tc.logclien: Explicit concurrent copying GC freed 43429(1504KB) AllocSpace objects, 12(240KB) LOS objects, 49% free, 2942KB/5885KB, paused 125us,52us total 46.568ms
01-13 09:01:15.729 2211 2269 I mm.tchttpserve: Explicit concurrent copying GC freed 37028(1196KB) AllocSpace objects, 8(160KB) LOS objects, 49% free, 1950KB/3901KB, paused 81us,45us total 24.713ms
01-13 09:01:15.839 2190 2264 I qtidataservice: Explicit concurrent copying GC freed 36971(1196KB) AllocSpace objects, 8(160KB) LOS objects, 49% free, 1920KB/3841KB, paused 135us,39us total 25.894ms
01-13 09:01:15.944 2182 2235 I .dataservices: Explicit concurrent copying GC freed 37112(1243KB) AllocSpace objects, 13(260KB) LOS objects, 49% free, 2014KB/4028KB, paused 134us,54us total 32.873ms
01-13 09:01:16.002 1274 1400 E tlogd : [TzLogger](isPathReadable) file /sys/kernel/debug/tzdbg/qsee_log isn't exist or no permission, err: No such file or directory
01-13 09:01:16.003 1274 1400 E tlogd : [TzLogger](saveTzlogAsync) /sys/kernel/debug/tzdbg/qsee_log can not read.
01-13 09:01:16.003 1274 1400 E tlogd : [TzLogger](isPathReadable) file /sys/kernel/debug/tzdbg/log isn't exist or no permission, err: No such file or directory
01-13 09:01:16.003 1274 1400 E tlogd : [TzLogger](saveTzlogAsync) /sys/kernel/debug/tzdbg/log can not read.
01-13 09:01:16.048 2177 2232 I m.microsetting: Explicit concurrent copying GC freed 44594(1436KB) AllocSpace objects, 8(160KB) LOS objects, 49% free, 2037KB/4075KB, paused 110us,34us total 23.708ms
01-13 09:01:16.152 2133 2466 I mm.microservic: Explicit concurrent copying GC freed 38237(1294KB) AllocSpace objects, 10(200KB) LOS objects, 49% free, 1925KB/3850KB, paused 94us,49us total 28.802ms
01-13 09:01:16.186 652 667 I mpu_uart: [MSG-P:RECV]:No message received in 1000 ms
01-13 09:01:16.319 0 0 W swapper/1: type=1400 audit(0.0:5089): avc: denied { kill } for capability=5 scontext=u:r:kernel:s0 tcontext=u:r:kernel:s0 tclass=capability permissive=0
01-01 08:12:05.348 0 0 E [soft_i][0x33e18bc12][09:01:16.336982] wlan: [0:E:DP] dp_tx_comp_process_tx_status: 3431: peer is null or deletion in progress
01-13 09:01:16.351 2015 7249 I ndroid.systemu: Explicit concurrent copying GC freed 44386(1719KB) AllocSpace objects, 10(200KB) LOS objects, 49% free, 6273KB/12MB, paused 219us,28us total 95.482ms
01-13 09:01:16.383 3953 3953 W com.kuaishou.nebula: type=1400 audit(0.0:5090): avc: denied { read } for comm=5468726561642D32202D2035303435 name="tcp" dev="proc" ino=4026532256 scontext=u:r:untrusted_app_29:s0:c109,c256,c512,c768 tcontext=u:object_r:proc_net_tcp_udp:s0 tclass=file permissive=0 app=com.kuaishou.nebula
01-13 09:01:16.495 1477 2568 I system_server: Explicit concurrent copying GC freed 245431(10MB) AllocSpace objects, 83(2308KB) LOS objects, 49% free, 21MB/43MB, paused 45us,47us total 71.231ms
01-13 09:01:17.002 1477 2568 E system_server: Invalid file format: /sys/fs/bpf/map_gpu_mem_gpu_mem_total_map
01-13 09:01:17.003 1477 2568 D ActivityManager: freezer override set to false
01-13 09:01:17.003 1477 2568 W FastPrintWriter: Write failure
01-13 09:01:17.003 1477 2568 W FastPrintWriter: java.io.IOException: write failed: EPIPE (Broken pipe)
01-13 09:01:17.003 1477 2568 W FastPrintWriter: at libcore.io.IoBridge.write(IoBridge.java:654)
01-13 09:01:17.003 1477 2568 W FastPrintWriter: at java.io.FileOutputStream.write(FileOutputStream.java:401)
01-13 09:01:17.003 1477 2568 W FastPrintWriter: at com.android.internal.util.FastPrintWriter.flushBytesLocked(FastPrintWriter.java:354)
01-13 09:01:17.003 1477 2568 W FastPrintWriter: at com.android.internal.util.FastPrintWriter.flushLocked(FastPrintWriter.java:377)
01-13 09:01:17.003 1477 2568 W FastPrintWriter: at com.android.internal.util.FastPrintWriter.flush(FastPrintWriter.java:412)
01-13 09:01:17.003 1477 2568 W FastPrintWriter: at android.os.Binder.dump(Binder.java:879)
01-13 09:01:17.003 1477 2568 W FastPrintWriter: at android.os.Binder.onTransact(Binder.java:813)
01-13 09:01:17.003 1477 2568 W FastPrintWriter: at android.os.Binder.execTransactInternal(Binder.java:1184)
01-13 09:01:17.003 1477 2568 W FastPrintWriter: at android.os.Binder.execTransact(Binder.java:1143)
01-13 09:01:17.003 1477 2568 W FastPrintWriter: Caused by: android.system.ErrnoException: write failed: EPIPE (Broken pipe)
01-13 09:01:17.003 1477 2568 W FastPrintWriter: at libcore.io.Linux.writeBytes(Native Method)
01-13 09:01:17.003 1477 2568 W FastPrintWriter: at libcore.io.Linux.write(Linux.java:296)
01-13 09:01:17.003 1477 2568 W FastPrintWriter: at libcore.io.ForwardingOs.write(ForwardingOs.java:951)
01-13 09:01:17.003 1477 2568 W FastPrintWriter: at libcore.io.BlockGuardOs.write(BlockGuardOs.java:447)
01-13 09:01:17.003 1477 2568 W FastPrintWriter: at libcore.io.IoBridge.write(IoBridge.java:649)
01-13 09:01:17.003 1477 2568 W FastPrintWriter: ... 8 more
01-01 08:12:06.113 0 0 I init : starting service 'idmap2d'...
01-01 08:12:06.130 0 0 I init : Control message: Processed ctl.start for 'idmap2d' from pid: 1477 (system_server)
01-13 09:01:17.141 9451 9451 D ProcessState: Binder ioctl to enable oneway spam detection failed: Invalid argument
01-01 08:12:06.152 0 0 I binder : 9451:9451 ioctl 40046210 7fc93623e4 returned -22
01-13 09:01:17.169 9451 9453 E idmap2d : failed to parse idmap header
01-13 09:01:17.186 652 667 I mpu_uart: [MSG-P:RECV]:No message received in 1000 ms
01-13 09:01:17.242 9451 9454 E idmap2d : failed to parse idmap header
01-13 09:01:17.461 574 9357 I keystore2: keystore2::watchdog: Watchdog thread idle -> terminating. Have a great day.
01-13 09:01:17.478 1477 1477 D CompatibilityInfo: mCompatibilityFlags - 4
01-13 09:01:17.478 1477 1477 D CompatibilityInfo: applicationDensity - 240
01-13 09:01:17.478 1477 1477 D CompatibilityInfo: applicationScale - 1.0
01-13 09:01:17.522 1477 1574 W Binder : Outgoing transactions from this process must be FLAG_ONEWAY
01-13 09:01:17.522 1477 1574 W Binder : java.lang.Throwable
01-13 09:01:17.522 1477 1574 W Binder : at android.os.BinderProxy.transact(BinderProxy.java:532)
01-13 09:01:17.522 1477 1574 W Binder : at android.os.BinderProxy.dump(BinderProxy.java:620)
01-13 09:01:17.522 1477 1574 W Binder : at android.permission.PermissionControllerManager.lambda$dump$12(PermissionControllerManager.java:496)
01-13 09:01:17.522 1477 1574 W Binder : at android.permission.PermissionControllerManager$$ExternalSyntheticLambda18.runOrThrow(Unknown Source:6)
01-13 09:01:17.522 1477 1574 W Binder : at com.android.internal.util.FunctionalUtils$ThrowingRunnable.run(FunctionalUtils.java:106)
01-13 09:01:17.522 1477 1574 W Binder : at java.util.concurrent.CompletableFuture$AsyncRun.run(CompletableFuture.java:1663)
01-13 09:01:17.522 1477 1574 W Binder : at android.os.Handler.handleCallback(Handler.java:938)
01-13 09:01:17.522 1477 1574 W Binder : at android.os.Handler.dispatchMessage(Handler.java:99)
01-13 09:01:17.522 1477 1574 W Binder : at android.os.Looper.loopOnce(Looper.java:201)
01-13 09:01:17.522 1477 1574 W Binder : at android.os.Looper.loop(Looper.java:288)
01-13 09:01:17.522 1477 1574 W Binder : at android.os.HandlerThread.run(HandlerThread.java:67)
01-13 09:01:17.523 4151 4151 W pool-10-thread-: type=1400 audit(0.0:5091): avc: denied { read } for name="tcp" dev="proc" ino=4026532256 scontext=u:r:untrusted_app_29:s0:c102,c256,c512,c768 tcontext=u:object_r:proc_net_tcp_udp:s0 tclass=file permissive=0 app=com.smile.gifmaker
01-13 09:01:17.591 1477 2568 E PowerStatsService: PowerStats HAL is not initialized. No data available.
01-13 09:01:17.742 1477 2568 I ProcessStatsService: Added stats: 2023-01-13-11-49-40, over +2m24s155ms
01-13 09:01:17.744 1477 2568 I ProcessStatsService: Added stats: 1970-01-01-09-22-29, over +8m18s736ms
01-13 09:01:17.746 1477 2568 I ProcessStatsService: Added stats: 1970-01-01-08-59-45, over +48s40ms
01-13 09:01:17.747 1477 2568 I ProcessStatsService: Added stats: 1970-01-01-08-16-58, over +5m53s860ms
01-13 09:01:17.749 1477 2568 I ProcessStatsService: Added stats: 1970-01-01-08-00-13, over +1m39s80ms
01-13 09:01:17.750 1477 2568 I ProcessStatsService: Added stats: 1970-01-01-08-00-12, over +1h0m17s990ms
01-13 09:01:17.752 1477 2568 I ProcessStatsService: Added stats: 1970-01-01-08-00-11, over +2h40m53s245ms
01-13 09:01:17.754 1477 2568 I ProcessStatsService: Added stats: 1970-01-01-08-00-09, over +30m3s240ms
01-13 09:01:17.874 1477 2568 I ProcessStatsService: Added stats: 2023-01-13-11-49-40, over +2m24s155ms
01-13 09:01:17.875 1477 2568 I ProcessStatsService: Added stats: 1970-01-01-09-22-29, over +8m18s736ms
01-13 09:01:17.877 1477 2568 I ProcessStatsService: Added stats: 1970-01-01-08-59-45, over +48s40ms
01-13 09:01:17.879 1477 2568 I ProcessStatsService: Added stats: 1970-01-01-08-16-58, over +5m53s860ms
01-13 09:01:17.880 1477 2568 I ProcessStatsService: Added stats: 1970-01-01-08-00-13, over +1m39s80ms
01-13 09:01:17.882 1477 2568 I ProcessStatsService: Added stats: 1970-01-01-08-00-12, over +1h0m17s990ms
01-01 08:12:07.071 0 0 W binder_transaction: 3 callbacks suppressed
01-01 08:12:07.071 0 0 I binder : 9098:9497 transaction failed 29201/-1, size 40-8 line 3383
01-13 09:01:18.051 9098 9098 W dumpsys : type=1400 audit(0.0:5092): avc: denied { write } for path="pipe:[296853]" dev="pipefs" ino=296853 scontext=u:r:statsd:s0 tcontext=u:r:system_app:s0 tclass=fifo_file permissive=0
01-13 09:01:18.063 9098 9098 W dumpsys : type=1400 audit(0.0:5093): avc: denied { use } for path="pipe:[296857]" dev="pipefs" ino=296857 scontext=u:r:storaged:s0 tcontext=u:r:system_app:s0 tclass=fd permissive=0
01-13 09:01:18.063 9098 9098 W dumpsys : type=1400 audit(0.0:5094): avc: denied { use } for path="pipe:[313782]" dev="pipefs" ino=313782 scontext=u:r:storaged:s0 tcontext=u:r:system_app:s0 tclass=fd permissive=0
01-13 09:01:18.070 511 511 E SELinux : avc: denied { find } for pid=9098 uid=1000 name=suspend_control scontext=u:r:system_app:s0 tcontext=u:object_r:system_suspend_control_service:s0 tclass=service_manager permissive=0
01-13 09:01:18.070 511 511 E SELinux : avc: denied { find } for pid=9098 uid=1000 name=suspend_control_internal scontext=u:r:system_app:s0 tcontext=u:object_r:system_suspend_control_internal_service:s0 tclass=service_manager permissive=0
01-01 08:12:07.080 0 0 I binder : 9098:9501 transaction failed 29201/-1, size 40-8 line 3383
01-01 08:12:07.080 0 0 I binder : 9098:9502 transaction failed 29201/-1, size 40-8 line 3383
01-13 09:01:18.078 1477 2568 I Telecom : PhoneAccountRegistrar: getSimCallManager: SimCallManager for subId -1 queried, returning: null
