01-01 08:11:22.369 0 0 I binder : 8199:8199 ioctl 40046210 7fcf1fea54 returned -22
01-13 09:00:33.362 7374 7570 E dumpstate: *** command 'lshal debug -E vendor.qti.power.pasrmanager@1.0::IPasrManager/default' failed: exit code 128
01-13 09:00:33.383 8200 8200 D hw-ProcessState: Binder ioctl to enable oneway spam detection failed: Invalid argument
01-13 09:00:33.383 8200 8200 E lshal : vendor.qti.qspmhal@1.0::IQspmhal/default does not exist, or no permission to connect.
01-01 08:11:22.394 0 0 I binder : 8200:8200 ioctl 40046210 7fca0041d4 returned -22
01-13 09:00:33.385 7374 7570 E dumpstate: *** command 'lshal debug -E vendor.qti.qspmhal@1.0::IQspmhal/default' failed: exit code 128
01-13 09:00:33.413 8201 8201 D hw-ProcessState: Binder ioctl to enable oneway spam detection failed: Invalid argument
01-13 09:00:33.414 8201 8201 E lshal : vendor.thundercomm.hardware.tsnv@1.0::ITsnv/default does not exist, or no permission to connect.
01-01 08:11:22.425 0 0 I binder : 8201:8201 ioctl 40046210 7fd1a84944 returned -22
01-13 09:00:33.416 7374 7570 E dumpstate: *** command 'lshal debug -E vendor.thundercomm.hardware.tsnv@1.0::ITsnv/default' failed: exit code 128
01-13 09:00:33.431 2133 2247 D MicroService: getEvent: clientSocket = Socket[address=/192.168.4.4,port=59946,localPort=9999]
01-13 09:00:33.432 2133 2247 D MicroService: run: called
01-13 09:00:33.432 2133 2247 D MicroService: getEvent: start waiting...
01-13 09:00:33.435 2133 8203 I MicroService: getStringByData(noZero): IDCM_TBoxService
01-13 09:00:33.435 2133 8203 I MicroService: getStringByData(noZero): FSEM_SettingService
01-13 09:00:33.435 2133 8203 I MicroService: getStringByData: {"dstService":"FSEM_SettingService","messageType":0,"methodName":"netstatus","parameters":{"functionInfo":{"IDCM_celltype":40,"IDCM_netstatus":43,"IDCM_signalstrength":41}},"srcService":"IDCM_TBoxService","uuid":1680146865976545000}
01-13 09:00:33.435 2133 8203 I MicroService: Receive message: SocketMessageBean{businessData='21930', srcService='IDCM_TBoxService', destService='FSEM_SettingService', messageType='0', uuid='1680146865976545000', payloadData={"dstService":"FSEM_SettingService","messageType":0,"methodName":"netstatus","parameters":{"functionInfo":{"IDCM_celltype":40,"IDCM_netstatus":43,"IDCM_signalstrength":41}},"srcService":"IDCM_TBoxService","uuid":1680146865976545000}
01-13 09:00:33.435 2133 8203 I MicroService: }
01-13 09:00:33.435 2133 8203 I MicroService: dealMessage: 0
01-13 09:00:33.435 2133 8203 I MicroService: onRequest(netstatus): {"functionInfo":{"IDCM_celltype":40,"IDCM_netstatus":43,"IDCM_signalstrength":41}}
01-13 09:00:33.435 2177 2232 D MicroSettings: SettingMicroservices: get request method = netstatus parameters = {"functionInfo":{"IDCM_celltype":40,"IDCM_netstatus":43,"IDCM_signalstrength":41}}
01-13 09:00:33.435 2177 2232 D MicroSettings: SettingMicroservices: functionInfo.class = class org.json.JSONObject functionInfo = {"IDCM_celltype":40,"IDCM_netstatus":43,"IDCM_signalstrength":41}
01-13 09:00:33.435 2177 2232 D MicroSettings: SettingMicroservices: setNetStatus: 43
01-01 08:11:22.455 0 0 I binder : 8202:8202 ioctl 40046210 7fd96571c4 returned -22
01-13 09:00:33.443 8202 8202 D hw-ProcessState: Binder ioctl to enable oneway spam detection failed: Invalid argument
01-13 09:00:33.444 8202 8202 E lshal : vendor.ts.uart@1.0::IUartServer/vendor.ts.uart does not exist, or no permission to connect.
01-13 09:00:33.446 7374 7570 E dumpstate: *** command 'lshal debug -E vendor.ts.uart@1.0::IUartServer/vendor.ts.uart' failed: exit code 128
01-13 09:00:33.446 7374 7570 D dumpstate: Duration of 'DUMP HALS': 8.16s
01-13 09:00:33.447 512 512 I hwservicemanager: getTransport: Cannot find entry android.hardware.dumpstate@1.0::IDumpstateDevice/default in either framework or device VINTF manifest.
01-13 09:00:33.448 7374 7374 D dumpstate: Duration of 'Wait for DUMP HALS': 7.14s
01-13 09:00:33.448 7374 7570 E dumpstate: No IDumpstateDevice implementation
01-13 09:00:33.448 7374 7570 E dumpstate: Failed to unlink file (/data/user_de/0/com.android.shell/files/bugreports/dumpstate_board.bin): No such file or directory
01-13 09:00:33.448 7374 7570 E dumpstate: Failed to unlink file (/data/user_de/0/com.android.shell/files/bugreports/dumpstate_board.txt): No such file or directory
01-13 09:00:33.472 8206 8206 D ProcessState: Binder ioctl to enable oneway spam detection failed: Invalid argument
01-01 08:11:22.483 0 0 I binder : 8206:8206 ioctl 40046210 7fda4c1dd4 returned -22
01-13 09:00:33.489 1477 1587 W BatteryExternalStatsWorker: error reading modem stats:ERROR_PHONE_NOT_AVAILABLE
01-13 09:00:33.489 822 822 D vendor.qti.bluetooth@1.0-ibs_handler: SerialClockVote: vote for UART CLK ON
01-13 09:00:33.489 822 822 D vendor.qti.bluetooth@1.0-wake_lock: Acquire wakelock is acquired
01-13 09:00:33.489 822 822 I vendor.qti.bluetooth@1.0-ibs_handler: DeviceWakeUp: Writing IBS_WAKE_IND
01-13 09:00:33.498 822 2960 I vendor.qti.bluetooth@1.0-ibs_handler: ProcessIbsCmd: Received IBS_WAKE_ACK: 0xFC
01-13 09:00:33.498 822 2960 I vendor.qti.bluetooth@1.0-ibs_handler: ProcessIbsCmd: Signal wack_cond_
01-13 09:00:33.498 822 822 D vendor.qti.bluetooth@1.0-ibs_handler: DeviceWakeUp: Unblocked from waiting for FC, pthread_cond_timedwait ret = 0
01-13 09:00:33.499 822 2960 I vendor.qti.bluetooth@1.0-ibs_handler: ProcessIbsCmd: Received IBS_WAKE_IND: 0xFD
01-13 09:00:33.499 822 2960 I vendor.qti.bluetooth@1.0-ibs_handler: ProcessIbsCmd: Writing IBS_WAKE_ACK
01-13 09:00:33.511 1477 1587 E KernelCpuSpeedReader: Failed to read cpu-freq: /sys/devices/system/cpu/cpu4/cpufreq/stats/time_in_state: open failed: ENOENT (No such file or directory)
01-13 09:00:33.511 1477 1587 E KernelCpuSpeedReader: Failed to read cpu-freq: /sys/devices/system/cpu/cpu0/cpufreq/stats/time_in_state: open failed: ENOENT (No such file or directory)
01-13 09:00:33.507 573 573 W Binder:573_2: type=1400 audit(0.0:4780): avc: denied { read } for name="wakeup58" dev="sysfs" ino=72809 scontext=u:r:system_suspend:s0 tcontext=u:object_r:sysfs:s0 tclass=dir permissive=0
01-13 09:00:33.507 573 573 W Binder:573_2: type=1400 audit(0.0:4781): avc: denied { read } for name="wakeup48" dev="sysfs" ino=67707 scontext=u:r:system_suspend:s0 tcontext=u:object_r:sysfs:s0 tclass=dir permissive=0
01-13 09:00:33.507 573 573 W Binder:573_2: type=1400 audit(0.0:4782): avc: denied { read } for name="wakeup4" dev="sysfs" ino=47037 scontext=u:r:system_suspend:s0 tcontext=u:object_r:sysfs:s0 tclass=dir permissive=0
01-13 09:00:33.507 573 573 W Binder:573_2: type=1400 audit(0.0:4783): avc: denied { read } for name="wakeup76" dev="sysfs" ino=77789 scontext=u:r:system_suspend:s0 tcontext=u:object_r:sysfs:s0 tclass=dir permissive=0
01-13 09:00:33.511 573 573 W Binder:573_2: type=1400 audit(0.0:4784): avc: denied { read } for name="wakeup28" dev="sysfs" ino=53102 scontext=u:r:system_suspend:s0 tcontext=u:object_r:sysfs:s0 tclass=dir permissive=0
01-13 09:00:33.513 573 581 E android.system.suspend@1.0-service: Error opening kernel wakelock stats for: wakeup58: Permission denied
01-13 09:00:33.514 573 581 E android.system.suspend@1.0-service: Error opening kernel wakelock stats for: wakeup48: Permission denied
01-13 09:00:33.514 573 581 E android.system.suspend@1.0-service: Error opening kernel wakelock stats for: wakeup4: Permission denied
01-13 09:00:33.515 573 581 E android.system.suspend@1.0-service: Error opening kernel wakelock stats for: wakeup76: Permission denied
01-13 09:00:33.517 573 581 E android.system.suspend@1.0-service: Error opening kernel wakelock stats for: wakeup28: Permission denied
01-13 09:00:33.518 573 581 E android.system.suspend@1.0-service: Error opening kernel wakelock stats for: wakeup56: Permission denied
01-13 09:00:33.519 573 581 E android.system.suspend@1.0-service: Error opening kernel wakelock stats for: wakeup2: Permission denied
01-13 09:00:33.521 573 581 E android.system.suspend@1.0-service: Error opening kernel wakelock stats for: wakeup36: Permission denied
01-13 09:00:33.523 573 581 E android.system.suspend@1.0-service: Error opening kernel wakelock stats for: wakeup54: Permission denied
01-13 09:00:33.524 573 581 E android.system.suspend@1.0-service: Error opening kernel wakelock stats for: wakeup44: Permission denied
01-13 09:00:33.525 573 581 E android.system.suspend@1.0-service: Error opening kernel wakelock stats for: wakeup0: Permission denied
01-13 09:00:33.525 573 581 E android.system.suspend@1.0-service: Error opening kernel wakelock stats for: wakeup104: Permission denied
01-01 08:11:22.535 0 0 W audit : audit_lost=3719 audit_rate_limit=5 audit_backlog_limit=64
01-01 08:11:22.535 0 0 E audit : rate limit exceeded
01-13 09:00:33.526 573 581 E android.system.suspend@1.0-service: Error opening kernel wakelock stats for: wakeup62: Permission denied
01-13 09:00:33.528 573 581 E android.system.suspend@1.0-service: Error opening kernel wakelock stats for: wakeup52: Permission denied
01-13 09:00:33.528 573 581 E android.system.suspend@1.0-service: Error opening kernel wakelock stats for: wakeup9: Permission denied
01-13 09:00:33.530 573 581 E android.system.suspend@1.0-service: Error opening kernel wakelock stats for: wakeup102: Permission denied
01-13 09:00:33.531 573 581 E android.system.suspend@1.0-service: Error opening kernel wakelock stats for: wakeup32: Permission denied
01-13 09:00:33.531 573 581 E android.system.suspend@1.0-service: Error opening kernel wakelock stats for: wakeup60: Permission denied
01-13 09:00:33.511 573 573 W Binder:573_2: type=1400 audit(0.0:4785): avc: denied { read } for name="wakeup56" dev="sysfs" ino=72737 scontext=u:r:system_suspend:s0 tcontext=u:object_r:sysfs:s0 tclass=dir permissive=0
01-13 09:00:33.511 573 573 W Binder:573_2: type=1400 audit(0.0:4786): avc: denied { read } for name="wakeup2" dev="sysfs" ino=46561 scontext=u:r:system_suspend:s0 tcontext=u:object_r:sysfs:s0 tclass=dir permissive=0
01-13 09:00:33.515 573 573 W Binder:573_2: type=1400 audit(0.0:4787): avc: denied { read } for name="wakeup36" dev="sysfs" ino=58615 scontext=u:r:system_suspend:s0 tcontext=u:object_r:sysfs:s0 tclass=dir permissive=0
01-13 09:00:33.533 573 581 E android.system.suspend@1.0-service: Error opening kernel wakelock stats for: wakeup50: Permission denied
01-13 09:00:33.533 573 581 E android.system.suspend@1.0-service: Error opening kernel wakelock stats for: wakeup7: Permission denied
01-13 09:00:33.534 573 581 E android.system.suspend@1.0-service: Error opening kernel wakelock stats for: wakeup40: Permission denied
01-13 09:00:33.536 573 581 E android.system.suspend@1.0-service: Error opening kernel wakelock stats for: wakeup30: Permission denied
01-13 09:00:33.537 573 581 E android.system.suspend@1.0-service: Error opening kernel wakelock stats for: wakeup59: Permission denied
01-13 09:00:33.539 573 581 E android.system.suspend@1.0-service: Error opening kernel wakelock stats for: wakeup5: Permission denied
01-13 09:00:33.539 573 581 E android.system.suspend@1.0-service: Error opening kernel wakelock stats for: wakeup77: Permission denied
01-13 09:00:33.539 573 581 E android.system.suspend@1.0-service: Error opening kernel wakelock stats for: wakeup39: Permission denied
01-13 09:00:33.540 573 581 E android.system.suspend@1.0-service: Error opening kernel wakelock stats for: wakeup29: Permission denied
01-13 09:00:33.540 573 581 E android.system.suspend@1.0-service: Error opening kernel wakelock stats for: wakeup57: Permission denied
01-13 09:00:33.540 573 581 E android.system.suspend@1.0-service: Error opening kernel wakelock stats for: wakeup19: Permission denied
01-13 09:00:33.541 573 581 E android.system.suspend@1.0-service: Error opening kernel wakelock stats for: wakeup75: Permission denied
01-13 09:00:33.541 573 581 E android.system.suspend@1.0-service: Error opening kernel wakelock stats for: wakeup37: Permission denied
01-13 09:00:33.541 573 581 E android.system.suspend@1.0-service: Error opening kernel wakelock stats for: wakeup27: Permission denied
01-13 09:00:33.541 573 581 E android.system.suspend@1.0-service: Error opening kernel wakelock stats for: wakeup55: Permission denied
01-13 09:00:33.542 573 581 E android.system.suspend@1.0-service: Error opening kernel wakelock stats for: wakeup17: Permission denied
01-13 09:00:33.542 573 581 E android.system.suspend@1.0-service: Error opening kernel wakelock stats for: wakeup1: Permission denied
01-13 09:00:33.542 573 581 E android.system.suspend@1.0-service: Error opening kernel wakelock stats for: wakeup63: Permission denied
01-13 09:00:33.542 573 581 E android.system.suspend@1.0-service: Error opening kernel wakelock stats for: wakeup25: Permission denied
01-13 09:00:33.543 573 581 E android.system.suspend@1.0-service: Error opening kernel wakelock stats for: wakeup53: Permission denied
01-13 09:00:33.543 573 581 E android.system.suspend@1.0-service: Error opening kernel wakelock stats for: wakeup15: Permission denied
01-13 09:00:33.543 573 581 E android.system.suspend@1.0-service: Error opening kernel wakelock stats for: wakeup43: Permission denied
01-13 09:00:33.543 573 581 E android.system.suspend@1.0-service: Error opening kernel wakelock stats for: wakeup103: Permission denied
01-13 09:00:33.543 573 581 E android.system.suspend@1.0-service: Error opening kernel wakelock stats for: wakeup33: Permission denied
01-13 09:00:33.543 573 581 E android.system.suspend@1.0-service: Error opening kernel wakelock stats for: wakeup61: Permission denied
01-13 09:00:33.543 573 581 E android.system.suspend@1.0-service: Error opening kernel wakelock stats for: wakeup23: Permission denied
01-13 09:00:33.544 573 581 E android.system.suspend@1.0-service: Error opening kernel wakelock stats for: wakeup51: Permission denied
01-13 09:00:33.544 573 581 E android.system.suspend@1.0-service: Error opening kernel wakelock stats for: wakeup8: Permission denied
01-13 09:00:33.544 573 581 E android.system.suspend@1.0-service: Error opening kernel wakelock stats for: wakeup13: Permission denied
01-13 09:00:33.544 573 581 E android.system.suspend@1.0-service: Error opening kernel wakelock stats for: wakeup41: Permission denied
01-13 09:00:33.544 573 581 E android.system.suspend@1.0-service: Error opening kernel wakelock stats for: wakeup101: Permission denied
01-13 09:00:33.544 573 581 E android.system.suspend@1.0-service: Error opening kernel wakelock stats for: wakeup31: Permission denied
01-13 09:00:33.544 573 581 E android.system.suspend@1.0-service: Error opening kernel wakelock stats for: wakeup21: Permission denied
01-13 09:00:33.544 573 581 E android.system.suspend@1.0-service: Error opening kernel wakelock stats for: wakeup6: Permission denied
01-13 09:00:33.544 573 581 E android.system.suspend@1.0-service: Error opening kernel wakelock stats for: wakeup11: Permission denied
01-13 09:00:33.547 652 666 I mpu_uart: [MSG-P:R]:recv sync frame timeout
01-13 09:00:33.582 822 2960 I vendor.qti.bluetooth@1.0-ibs_handler: ProcessIbsCmd: Received IBS_SLEEP_IND: 0xFE
01-13 09:00:33.602 8213 8213 D ProcessState: Binder ioctl to enable oneway spam detection failed: Invalid argument
01-01 08:11:22.613 0 0 I binder : 8213:8213 ioctl 40046210 7fc458c2e4 returned -22
01-13 09:00:33.603 1477 2983 D ActivityManager: freezer override set to true
01-13 09:00:33.620 1477 1505 I system_server: JIT allocated 56KB for compiled code of void android.os.BatteryStats.dumpCheckinLocked(android.content.Context, java.io.PrintWriter, int, int, boolean)
01-13 09:00:33.620 1477 1505 I system_server: Compiler allocated 13MB to compile void android.os.BatteryStats.dumpCheckinLocked(android.content.Context, java.io.PrintWriter, int, int, boolean)
01-13 09:00:33.655 7374 7374 D dumpstate: Adjusting max progress from 5000 to 5505
01-13 09:00:33.657 7374 7374 D dumpstate: Adjusting max progress from 5505 to 6066
01-13 09:00:33.658 7374 7374 D dumpstate: Adjusting max progress from 6066 to 6682
01-13 09:00:33.659 7374 7374 D dumpstate: Adjusting max progress from 6682 to 7353
01-13 09:00:33.678 2562 7237 I droid.launcher: Explicit concurrent copying GC freed 30070(1474KB) AllocSpace objects, 8(416KB) LOS objects, 49% free, 4249KB/8498KB, paused 129us,18us total 39.015ms
01-13 09:00:33.678 1202 1202 D incidentd: Finish incident report section 2005 'cmd ps -A -T -Z -O pri,nice,rtprio,sched,pcy,time'
01-13 09:00:33.678 1202 1202 D incidentd: Start incident report section 2006 'file /sys/class/power_supply/bms/battery_type'
01-13 09:00:33.678 1202 1202 W incidentd: [file /sys/class/power_supply/bms/battery_type] failed to open file
01-13 09:00:33.678 7573 7575 D incident: section 2005 status 2
01-13 09:00:33.678 1202 1202 W incidentd: setSectionStats not called for section 2006
01-13 09:00:33.679 1202 1202 D incidentd: Finish incident report section 2006 'file /sys/class/power_supply/bms/battery_type'
01-13 09:00:33.679 1202 1202 D incidentd: Start incident report section 2007 'gzip /sys/fs/pstore/console-ramoops /sys/fs/pstore/console-ramoops-0 /proc/last_kmsg'
01-13 09:00:33.679 1202 1202 W incidentd: GZipSection failed to open file /sys/fs/pstore/console-ramoops
01-13 09:00:33.679 1202 1202 W incidentd: GZipSection failed to open file /sys/fs/pstore/console-ramoops-0
01-13 09:00:33.679 1202 1202 W incidentd: GZipSection failed to open file /proc/last_kmsg
01-13 09:00:33.679 1202 1202 W incidentd: [gzip /sys/fs/pstore/console-ramoops /sys/fs/pstore/console-ramoops-0 /proc/last_kmsg] can't open all the files
01-13 09:00:33.679 1202 1202 W incidentd: setSectionStats not called for section 2007
01-13 09:00:33.679 7573 7575 D incident: section 2006 status 1
01-13 09:00:33.679 1202 1202 D incidentd: Finish incident report section 2007 'gzip /sys/fs/pstore/console-ramoops /sys/fs/pstore/console-ramoops-0 /proc/last_kmsg'
01-13 09:00:33.679 1202 1202 D incidentd: Start incident report section 3000 'dumpsys fingerprint --proto --incident'
01-13 09:00:33.679 7573 7575 D incident: section 2006 status 2
01-13 09:00:33.679 7573 7575 D incident: section 2007 status 1
01-13 09:00:33.679 7573 7964 D incident: section 2007 status 2
01-13 09:00:33.679 7573 7964 D incident: section 3000 status 1
01-13 09:00:33.681 1202 1202 D incidentd: Finish incident report section 3000 'dumpsys fingerprint --proto --incident'
01-13 09:00:33.681 1202 1202 D incidentd: Start incident report section 3001 'dumpsys netstats --proto'
01-13 09:00:33.681 7573 7964 D incident: section 3000 status 2
01-13 09:00:33.681 7573 7964 D incident: section 3001 status 1
01-13 09:00:33.705 7374 7374 D dumpstate: Adding dir /data/misc/nfc/logs (recursive: 1)
01-13 09:00:33.706 7374 7374 D dumpstate: AddAnrTraceDir(): dump_traces_file=/data/user_de/0/com.android.shell/files/bugreports/dumptrace_7rfR6y, anr_traces_dir=/data/anr
01-13 09:00:33.706 7374 7374 D dumpstate: Dumping current ANR traces (/data/user_de/0/com.android.shell/files/bugreports/dumptrace_7rfR6y) to the main bugreport entry
01-13 09:00:33.789 1202 1202 D incidentd: Finish incident report section 3001 'dumpsys netstats --proto'
01-13 09:00:33.789 1202 1202 D incidentd: Start incident report section 3002 'dumpsys settings --proto'
01-13 09:00:33.789 7573 7575 D incident: section 3001 status 2
01-13 09:00:33.789 7573 7575 D incident: section 3002 status 1
01-13 09:00:33.795 1202 1202 D incidentd: Finish incident report section 3002 'dumpsys settings --proto'
01-13 09:00:33.795 1202 1202 D incidentd: Start incident report section 3004 'dumpsys notification --proto'
01-13 09:00:33.798 7573 7964 D incident: section 3002 status 2
01-13 09:00:33.798 7573 7964 D incident: section 3004 status 1
01-13 09:00:33.802 1202 1202 D incidentd: Finish incident report section 3004 'dumpsys notification --proto'
01-13 09:00:33.802 1202 1202 D incidentd: Start incident report section 3005 'dumpsys batterystats --proto'
01-13 09:00:33.802 7573 7575 D incident: section 3004 status 2
01-13 09:00:33.802 7573 7575 D incident: section 3005 status 1
01-13 09:00:33.816 1477 1587 W BatteryExternalStatsWorker: error reading modem stats:ERROR_PHONE_NOT_AVAILABLE
01-13 09:00:33.817 822 2960 I vendor.qti.bluetooth@1.0-ibs_handler: ProcessIbsCmd: Received IBS_WAKE_IND: 0xFD
01-13 09:00:33.817 822 2960 I vendor.qti.bluetooth@1.0-ibs_handler: ProcessIbsCmd: Writing IBS_WAKE_ACK
01-13 09:00:33.819 1477 1587 E KernelCpuSpeedReader: Failed to read cpu-freq: /sys/devices/system/cpu/cpu4/cpufreq/stats/time_in_state: open failed: ENOENT (No such file or directory)
01-13 09:00:33.820 1477 1587 E KernelCpuSpeedReader: Failed to read cpu-freq: /sys/devices/system/cpu/cpu0/cpufreq/stats/time_in_state: open failed: ENOENT (No such file or directory)
01-13 09:00:33.820 573 581 E android.system.suspend@1.0-service: Error opening kernel wakelock stats for: wakeup58: Permission denied
01-13 09:00:33.821 573 581 E android.system.suspend@1.0-service: Error opening kernel wakelock stats for: wakeup48: Permission denied
01-13 09:00:33.821 573 581 E android.system.suspend@1.0-service: Error opening kernel wakelock stats for: wakeup4: Permission denied
01-13 09:00:33.821 573 581 E android.system.suspend@1.0-service: Error opening kernel wakelock stats for: wakeup76: Permission denied
01-13 09:00:33.821 573 581 E android.system.suspend@1.0-service: Error opening kernel wakelock stats for: wakeup28: Permission denied
01-13 09:00:33.821 573 581 E android.system.suspend@1.0-service: Error opening kernel wakelock stats for: wakeup56: Permission denied
01-13 09:00:33.822 573 581 E android.system.suspend@1.0-service: Error opening kernel wakelock stats for: wakeup2: Permission denied
01-13 09:00:33.822 573 581 E android.system.suspend@1.0-service: Error opening kernel wakelock stats for: wakeup36: Permission denied
01-13 09:00:33.822 573 581 E android.system.suspend@1.0-service: Error opening kernel wakelock stats for: wakeup54: Permission denied
01-13 09:00:33.822 573 581 E android.system.suspend@1.0-service: Error opening kernel wakelock stats for: wakeup44: Permission denied
01-13 09:00:33.822 573 581 E android.system.suspend@1.0-service: Error opening kernel wakelock stats for: wakeup0: Permission denied
01-13 09:00:33.823 573 581 E android.system.suspend@1.0-service: Error opening kernel wakelock stats for: wakeup104: Permission denied
01-13 09:00:33.823 573 581 E android.system.suspend@1.0-service: Error opening kernel wakelock stats for: wakeup62: Permission denied
01-13 09:00:33.823 573 581 E android.system.suspend@1.0-service: Error opening kernel wakelock stats for: wakeup52: Permission denied
01-13 09:00:33.823 573 581 E android.system.suspend@1.0-service: Error opening kernel wakelock stats for: wakeup9: Permission denied
01-13 09:00:33.823 573 581 E android.system.suspend@1.0-service: Error opening kernel wakelock stats for: wakeup102: Permission denied
01-13 09:00:33.824 573 581 E android.system.suspend@1.0-service: Error opening kernel wakelock stats for: wakeup32: Permission denied
01-13 09:00:33.824 573 581 E android.system.suspend@1.0-service: Error opening kernel wakelock stats for: wakeup60: Permission denied
01-13 09:00:33.824 573 581 E android.system.suspend@1.0-service: Error opening kernel wakelock stats for: wakeup50: Permission denied
01-13 09:00:33.824 573 581 E android.system.suspend@1.0-service: Error opening kernel wakelock stats for: wakeup7: Permission denied
01-13 09:00:33.824 573 581 E android.system.suspend@1.0-service: Error opening kernel wakelock stats for: wakeup40: Permission denied
01-13 09:00:33.825 573 581 E android.system.suspend@1.0-service: Error opening kernel wakelock stats for: wakeup30: Permission denied
01-13 09:00:33.825 573 581 E android.system.suspend@1.0-service: Error opening kernel wakelock stats for: wakeup59: Permission denied
01-13 09:00:33.825 573 581 E android.system.suspend@1.0-service: Error opening kernel wakelock stats for: wakeup5: Permission denied
01-13 09:00:33.825 573 581 E android.system.suspend@1.0-service: Error opening kernel wakelock stats for: wakeup77: Permission denied
01-13 09:00:33.825 573 581 E android.system.suspend@1.0-service: Error opening kernel wakelock stats for: wakeup39: Permission denied
01-13 09:00:33.825 573 581 E android.system.suspend@1.0-service: Error opening kernel wakelock stats for: wakeup29: Permission denied
01-13 09:00:33.825 573 581 E android.system.suspend@1.0-service: Error opening kernel wakelock stats for: wakeup57: Permission denied
01-13 09:00:33.826 573 581 E android.system.suspend@1.0-service: Error opening kernel wakelock stats for: wakeup19: Permission denied
01-13 09:00:33.826 573 581 E android.system.suspend@1.0-service: Error opening kernel wakelock stats for: wakeup75: Permission denied
01-13 09:00:33.826 573 581 E android.system.suspend@1.0-service: Error opening kernel wakelock stats for: wakeup37: Permission denied
01-13 09:00:33.826 573 581 E android.system.suspend@1.0-service: Error opening kernel wakelock stats for: wakeup27: Permission denied
01-13 09:00:33.826 573 581 E android.system.suspend@1.0-service: Error opening kernel wakelock stats for: wakeup55: Permission denied
01-13 09:00:33.827 573 581 E android.system.suspend@1.0-service: Error opening kernel wakelock stats for: wakeup17: Permission denied
01-13 09:00:33.827 573 581 E android.system.suspend@1.0-service: Error opening kernel wakelock stats for: wakeup1: Permission denied
01-13 09:00:33.827 573 581 E android.system.suspend@1.0-service: Error opening kernel wakelock stats for: wakeup63: Permission denied
01-13 09:00:33.827 573 581 E android.system.suspend@1.0-service: Error opening kernel wakelock stats for: wakeup25: Permission denied
01-13 09:00:33.827 573 581 E android.system.suspend@1.0-service: Error opening kernel wakelock stats for: wakeup53: Permission denied
01-13 09:00:33.827 573 581 E android.system.suspend@1.0-service: Error opening kernel wakelock stats for: wakeup15: Permission denied
01-13 09:00:33.828 573 581 E android.system.suspend@1.0-service: Error opening kernel wakelock stats for: wakeup43: Permission denied
01-13 09:00:33.828 573 581 E android.system.suspend@1.0-service: Error opening kernel wakelock stats for: wakeup103: Permission denied
01-13 09:00:33.828 573 581 E android.system.suspend@1.0-service: Error opening kernel wakelock stats for: wakeup33: Permission denied
01-13 09:00:33.828 573 581 E android.system.suspend@1.0-service: Error opening kernel wakelock stats for: wakeup61: Permission denied
01-13 09:00:33.828 573 581 E android.system.suspend@1.0-service: Error opening kernel wakelock stats for: wakeup23: Permission denied
01-13 09:00:33.828 573 581 E android.system.suspend@1.0-service: Error opening kernel wakelock stats for: wakeup51: Permission denied
01-13 09:00:33.828 573 581 E android.system.suspend@1.0-service: Error opening kernel wakelock stats for: wakeup8: Permission denied
01-13 09:00:33.829 573 581 E android.system.suspend@1.0-service: Error opening kernel wakelock stats for: wakeup13: Permission denied
01-13 09:00:33.829 573 581 E android.system.suspend@1.0-service: Error opening kernel wakelock stats for: wakeup41: Permission denied
01-13 09:00:33.829 573 581 E android.system.suspend@1.0-service: Error opening kernel wakelock stats for: wakeup101: Permission denied
01-13 09:00:33.829 573 581 E android.system.suspend@1.0-service: Error opening kernel wakelock stats for: wakeup31: Permission denied
01-13 09:00:33.829 573 581 E android.system.suspend@1.0-service: Error opening kernel wakelock stats for: wakeup21: Permission denied
01-13 09:00:33.829 573 581 E android.system.suspend@1.0-service: Error opening kernel wakelock stats for: wakeup6: Permission denied
01-13 09:00:33.830 573 581 E android.system.suspend@1.0-service: Error opening kernel wakelock stats for: wakeup11: Permission denied
01-13 09:00:33.867 1202 1202 D incidentd: Finish incident report section 3005 'dumpsys batterystats --proto'
01-13 09:00:33.867 7573 7964 D incident: section 3005 status 2
01-13 09:00:33.867 1202 1202 D incidentd: Start incident report section 3006 'dumpsys battery --proto'
01-13 09:00:33.867 7573 7964 D incident: section 3006 status 1
01-13 09:00:33.868 7573 7964 D incident: section 3006 status 2
01-13 09:00:33.868 1202 1202 D incidentd: Finish incident report section 3006 'dumpsys battery --proto'
01-13 09:00:33.868 1202 1202 D incidentd: Start incident report section 3007 'dumpsys diskstats --proto'
01-13 09:00:33.868 7573 7964 D incident: section 3007 status 1
01-13 09:00:33.868 2395 7038 I ndroid.setting: Explicit concurrent copying GC freed 2320(151KB) AllocSpace objects, 0(0B) LOS objects, 24% free, 6795KB/9061KB, paused 95us,54us total 113.450ms
01-13 09:00:33.872 1202 1202 D incidentd: Finish incident report section 3007 'dumpsys diskstats --proto'
01-13 09:00:33.872 7573 7964 D incident: section 3007 status 2
01-13 09:00:33.872 1202 1202 D incidentd: Start incident report section 3008 'dumpsys package --proto'
01-13 09:00:33.872 7573 7964 D incident: section 3008 status 1
01-13 09:00:33.876 1477 1758 D ActivityManager: Skipping freeze for process 3652 com.android.permissioncontroller curAdj = 935(override)
01-13 09:00:33.898 822 2960 I vendor.qti.bluetooth@1.0-ibs_handler: ProcessIbsCmd: Received IBS_SLEEP_IND: 0xFE
01-13 09:00:33.913 1202 1202 D incidentd: Finish incident report section 3008 'dumpsys package --proto'
01-13 09:00:33.913 1202 1202 D incidentd: Start incident report section 3009 'dumpsys power --proto'
01-13 09:00:33.913 7573 7964 D incident: section 3008 status 2
01-13 09:00:33.913 7573 7964 D incident: section 3009 status 1
01-13 09:00:33.917 1202 1202 D incidentd: Finish incident report section 3009 'dumpsys power --proto'
01-13 09:00:33.917 1202 1202 D incidentd: Start incident report section 3010 'dumpsys print --proto'
01-13 09:00:33.917 7573 7964 D incident: section 3009 status 2
01-13 09:00:33.917 7573 7964 D incident: section 3010 status 1
01-13 09:00:33.917 1202 8227 W incidentd: DumpsysSection: Can't lookup service: print
01-13 09:00:33.918 1202 1202 E incidentd: [dumpsys print --proto] worker failed with error 'No such file or directory'
01-13 09:00:33.918 1202 1202 W incidentd: warning in section 3010 (-2) 'No such file or directory': WorkerThreadSection failed.
01-13 09:00:33.918 1202 1202 D incidentd: Finish incident report section 3010 'dumpsys print --proto'
01-13 09:00:33.918 1202 1202 D incidentd: Start incident report section 3011 'dumpsys procstats --proto'
01-13 09:00:33.918 7573 7964 D incident: section 3010 status 2
01-13 09:00:33.918 7573 7964 D incident: section 3011 status 1
01-13 09:00:33.949 1477 4903 I ProcessStatsService: Added stats: 2023-01-13-11-49-40, over +2m24s155ms
01-13 09:00:33.953 1477 4903 I ProcessStatsService: Added stats: 1970-01-01-09-22-29, over +8m18s736ms
01-13 09:00:33.958 1477 4903 I ProcessStatsService: Added stats: 1970-01-01-08-59-45, over +48s40ms
01-13 09:00:33.961 8229 8229 D ProcessState: Binder ioctl to enable oneway spam detection failed: Invalid argument
01-13 09:00:33.962 1477 4903 I ProcessStatsService: Added stats: 1970-01-01-08-16-58, over +5m53s860ms
01-01 08:11:22.973 0 0 I binder : 8229:8229 ioctl 40046210 7fc18028e4 returned -22
01-13 09:00:33.966 1477 4903 I ProcessStatsService: Added stats: 1970-01-01-08-00-13, over +1m39s80ms
01-13 09:00:33.970 1477 4903 I ProcessStatsService: Added stats: 1970-01-01-08-00-12, over +1h0m17s990ms
01-13 09:00:33.987 1477 4903 I ProcessStatsService: Added stats: 2023-01-13-11-49-40, over +2m24s155ms
01-13 09:00:33.990 1477 4903 I ProcessStatsService: Added stats: 1970-01-01-09-22-29, over +8m18s736ms
01-13 09:00:33.993 1477 4903 I ProcessStatsService: Added stats: 1970-01-01-08-59-45, over +48s40ms
01-13 09:00:33.998 1477 4903 I ProcessStatsService: Added stats: 1970-01-01-08-16-58, over +5m53s860ms
01-13 09:00:34.003 1477 4903 I ProcessStatsService: Added stats: 1970-01-01-08-00-13, over +1m39s80ms
01-13 09:00:34.006 1477 4903 I ProcessStatsService: Added stats: 1970-01-01-08-00-12, over +1h0m17s990ms
01-13 09:00:34.009 1477 4903 I ProcessStatsService: Added stats: 1970-01-01-08-00-11, over +2h40m53s245ms
01-13 09:00:34.012 1477 4903 I ProcessStatsService: Added stats: 1970-01-01-08-00-09, over +30m3s240ms
01-13 09:00:34.038 1997 3200 I droid.bluetoot: Explicit concurrent copying GC freed 20751(1514KB) AllocSpace objects, 8(160KB) LOS objects, 49% free, 2164KB/4328KB, paused 191us,31us total 26.974ms
01-13 09:00:34.052 1202 1202 D incidentd: Finish incident report section 3011 'dumpsys procstats --proto'
01-13 09:00:34.053 1202 1202 D incidentd: Start incident report section 3012 'dumpsys activity --proto activities'
01-13 09:00:34.053 7573 7964 D incident: section 3011 status 2
01-13 09:00:34.053 7573 7964 D incident: section 3012 status 1
01-13 09:00:34.063 1202 1202 D incidentd: Finish incident report section 3012 'dumpsys activity --proto activities'
01-13 09:00:34.063 1202 1202 D incidentd: Start incident report section 3013 'dumpsys activity --proto broadcasts'
01-13 09:00:34.063 7573 7575 D incident: section 3012 status 2
01-13 09:00:34.063 7573 7575 D incident: section 3013 status 1
01-13 09:00:34.114 1202 1202 D incidentd: Finish incident report section 3013 'dumpsys activity --proto broadcasts'
01-13 09:00:34.114 1202 1202 D incidentd: Start incident report section 3014 'dumpsys activity --proto service'
01-13 09:00:34.114 7573 7575 D incident: section 3013 status 2
01-13 09:00:34.114 7573 7575 D incident: section 3014 status 1
01-13 09:00:34.122 1202 1202 D incidentd: Finish incident report section 3014 'dumpsys activity --proto service'
01-13 09:00:34.122 1202 1202 D incidentd: Start incident report section 3015 'dumpsys activity --proto processes'
01-13 09:00:34.122 7573 7575 D incident: section 3014 status 2
01-13 09:00:34.122 7573 7964 D incident: section 3015 status 1
01-13 09:00:34.129 1202 1202 D incidentd: Finish incident report section 3015 'dumpsys activity --proto processes'
01-13 09:00:34.129 1202 1202 D incidentd: Start incident report section 3016 'dumpsys alarm --proto'
01-13 09:00:34.129 7573 7964 D incident: section 3015 status 2
01-13 09:00:34.130 7573 7575 D incident: section 3016 status 1
01-13 09:00:34.135 1202 1202 D incidentd: Finish incident report section 3016 'dumpsys alarm --proto'
01-13 09:00:34.135 1202 1202 D incidentd: Start incident report section 3017 'dumpsys window --proto'
01-13 09:00:34.135 7573 7575 D incident: section 3016 status 2
01-13 09:00:34.136 7573 7575 D incident: section 3017 status 1
01-13 09:00:34.149 1202 1202 D incidentd: Finish incident report section 3017 'dumpsys window --proto'
01-13 09:00:34.149 1202 1202 D incidentd: Start incident report section 3018 'dumpsys meminfo -a --proto'
01-13 09:00:34.149 7573 7964 D incident: section 3017 status 2
01-13 09:00:34.149 7573 7964 D incident: section 3018 status 1
01-13 09:00:34.159 652 667 I mpu_uart: [MSG-P:RECV]:No message received in 1000 ms
01-13 09:00:34.194 1477 4903 W ProcessCpuTracker: Failed to stat(/proc/8253): android.system.ErrnoException: stat failed: ENOENT (No such file or directory)
01-13 09:00:34.194 1477 4903 W ProcessCpuTracker: Skipping unknown process pid 8253
01-13 09:00:34.244 2562 7237 I droid.launcher: Explicit concurrent copying GC freed 1669(101KB) AllocSpace objects, 1(20KB) LOS objects, 49% free, 4176KB/8352KB, paused 22us,18us total 12.490ms
01-13 09:00:34.264 3051 6715 I putmethod.sogo: Explicit concurrent copying GC freed 17769(759KB) AllocSpace objects, 0(0B) LOS objects, 24% free, 8305KB/10MB, paused 98us,67us total 168.308ms
01-13 09:00:34.343 2562 7237 I droid.launcher: Explicit concurrent copying GC freed 153(33KB) AllocSpace objects, 0(0B) LOS objects, 49% free, 4194KB/8389KB, paused 42us,20us total 16.007ms
01-13 09:00:34.395 2395 7038 I ndroid.setting: Explicit concurrent copying GC freed 220(32KB) AllocSpace objects, 1(20KB) LOS objects, 24% free, 6775KB/9033KB, paused 63us,53us total 84.853ms
01-13 09:00:34.457 6828 6841 I android.traceu: Explicit concurrent copying GC freed 122(64KB) AllocSpace objects, 2(40KB) LOS objects, 24% free, 1926KB/2568KB, paused 61us,24us total 19.948ms
01-13 09:00:34.558 1997 3200 I droid.bluetoot: Explicit concurrent copying GC freed 802(65KB) AllocSpace objects, 1(20KB) LOS objects, 49% free, 2126KB/4253KB, paused 25us,18us total 6.098ms
01-13 09:00:34.589 2548 7318 I memode.provide: Explicit concurrent copying GC freed 144(26KB) AllocSpace objects, 0(0B) LOS objects, 24% free, 1935KB/2580KB, paused 88us,66us total 23.118ms
01-13 09:00:34.602 2395 7038 I ndroid.setting: Explicit concurrent copying GC freed 74(31KB) AllocSpace objects, 0(0B) LOS objects, 24% free, 6795KB/9060KB, paused 64us,47us total 80.981ms
01-13 09:00:34.737 3051 6715 I putmethod.sogo: Explicit concurrent copying GC freed 363(65KB) AllocSpace objects, 1(20KB) LOS objects, 24% free, 8284KB/10MB, paused 102us,60us total 136.497ms
01-13 09:00:34.767 1997 3200 I droid.bluetoot: Explicit concurrent copying GC freed 132(31KB) AllocSpace objects, 0(0B) LOS objects, 49% free, 2146KB/4293KB, paused 24us,19us total 6.056ms
01-13 09:00:34.819 822 2967 I vendor.qti.bluetooth@1.0-ibs_handler: DeviceSleep: TX Awake, Sending SLEEP_IND
01-13 09:00:34.819 822 2967 D vendor.qti.bluetooth@1.0-ibs_handler: SerialClockVote: vote for UART CLK OFF
01-13 09:00:34.824 4773 4787 I aker:messagesd: Explicit concurrent copying GC freed 2866(252KB) AllocSpace objects, 0(0B) LOS objects, 24% free, 3361KB/4481KB, paused 167us,98us total 87.648ms
01-13 09:00:34.929 6828 6841 I android.traceu: Explicit concurrent copying GC freed 165(31KB) AllocSpace objects, 1(20KB) LOS objects, 24% free, 1906KB/2542KB, paused 77us,24us total 16.924ms
01-13 09:00:34.969 822 2367 D vendor.qti.bluetooth@1.0-wake_lock: Release wakelock is released
01-13 09:00:35.016 3051 6715 I putmethod.sogo: Explicit concurrent copying GC freed 162(48KB) AllocSpace objects, 0(0B) LOS objects, 24% free, 8528KB/11MB, paused 75us,237us total 137.039ms
01-13 09:00:35.069 2548 7318 I memode.provide: Explicit concurrent copying GC freed 190(31KB) AllocSpace objects, 1(20KB) LOS objects, 24% free, 1915KB/2553KB, paused 92us,30us total 24.367ms
01-13 09:00:35.159 652 667 I mpu_uart: [MSG-P:RECV]:No message received in 1000 ms
01-13 09:00:35.224 6828 6841 I android.traceu: Explicit concurrent copying GC freed 71(31KB) AllocSpace objects, 0(0B) LOS objects, 24% free, 1926KB/2568KB, paused 64us,34us total 19.326ms
01-13 09:00:35.303 4773 4787 I aker:messagesd: Explicit concurrent copying GC freed 313(82KB) AllocSpace objects, 5(100KB) LOS objects, 24% free, 3243KB/4324KB, paused 177us,77us total 80.741ms
01-13 09:00:35.318 1477 1477 I JobServiceContext: Letting 1f1b964 #u0a109/1757 com.kuaishou.nebula/androidx.work.impl.background.systemjob.SystemJobService continue to run past min execution time
01-13 09:00:35.345 4151 5883 I .smile.gifmake: Explicit concurrent copying GC freed 28074(1758KB) AllocSpace objects, 1(20KB) LOS objects, 24% free, 23MB/31MB, paused 293us,220us total 324.809ms
01-13 09:00:35.397 2548 7318 I memode.provide: Explicit concurrent copying GC freed 87(32KB) AllocSpace objects, 0(0B) LOS objects, 24% free, 1935KB/2580KB, paused 50us,48us total 18.382ms
01-13 09:00:35.589 3773 3861 W System.err: java.io.FileNotFoundException: /proc/stat: open failed: EACCES (Permission denied)
01-13 09:00:35.589 3773 3861 W System.err: at libcore.io.IoBridge.open(IoBridge.java:575)
01-13 09:00:35.589 3773 3861 W System.err: at java.io.FileInputStream.(FileInputStream.java:160)
01-13 09:00:35.589 3773 3861 W System.err: at java.io.FileInputStream.(FileInputStream.java:115)
01-13 09:00:35.589 3773 3861 W System.err: at java.io.FileReader.(FileReader.java:58)
01-13 09:00:35.589 3773 3861 W System.err: at com.migu.uem.utils.g.a(Unknown Source:29)
01-13 09:00:35.589 3773 3861 W System.err: at com.migu.uem.comm.d.doAction(Unknown Source:219)
01-13 09:00:35.589 3773 3861 W System.err: at com.migu.uem.a.b.run(Unknown Source:22)
01-13 09:00:35.589 3773 3861 W System.err: Caused by: android.system.ErrnoException: open failed: EACCES (Permission denied)
01-13 09:00:35.589 3773 3861 W System.err: at libcore.io.Linux.open(Native Method)
01-13 09:00:35.589 3773 3861 W System.err: at libcore.io.ForwardingOs.open(ForwardingOs.java:567)
01-13 09:00:35.589 3773 3861 W System.err: at libcore.io.BlockGuardOs.open(BlockGuardOs.java:273)
01-13 09:00:35.589 3773 3861 W System.err: at libcore.io.ForwardingOs.open(ForwardingOs.java:567)
01-13 09:00:35.589 3773 3861 W System.err: at android.app.ActivityThread$AndroidOs.open(ActivityThread.java:7766)
01-13 09:00:35.589 3773 3861 W System.err: at libcore.io.IoBridge.open(IoBridge.java:561)
01-13 09:00:35.589 3773 3861 W System.err: ... 6 more
01-13 09:00:35.589 3773 3861 W System.err: java.io.FileNotFoundException: /proc/stat: open failed: EACCES (Permission denied)
01-13 09:00:35.589 3773 3861 W System.err: at libcore.io.IoBridge.open(IoBridge.java:575)
01-13 09:00:35.589 3773 3861 W System.err: at java.io.FileInputStream.(FileInputStream.java:160)
01-13 09:00:35.589 3773 3861 W System.err: at java.io.FileInputStream.(FileInputStream.java:115)
01-13 09:00:35.589 3773 3861 W System.err: at java.io.FileReader.(FileReader.java:58)
01-13 09:00:35.589 3773 3861 W System.err: at com.migu.uem.utils.g.a(Unknown Source:29)
01-13 09:00:35.589 3773 3861 W System.err: at com.migu.uem.comm.d.doAction(Unknown Source:219)
01-13 09:00:35.589 3773 3861 W System.err: at com.migu.uem.a.b.run(Unknown Source:22)
01-13 09:00:35.589 3773 3861 W System.err: Caused by: android.system.ErrnoException: open failed: EACCES (Permission denied)
01-13 09:00:35.589 3773 3861 W System.err: at libcore.io.Linux.open(Native Method)
01-13 09:00:35.589 3773 3861 W System.err: at libcore.io.ForwardingOs.open(ForwardingOs.java:567)
01-13 09:00:35.589 3773 3861 W System.err: at libcore.io.BlockGuardOs.open(BlockGuardOs.java:273)
01-13 09:00:35.589 3773 3861 W System.err: at libcore.io.ForwardingOs.open(ForwardingOs.java:567)
01-13 09:00:35.589 3773 3861 W System.err: at android.app.ActivityThread$AndroidOs.open(ActivityThread.java:7766)
01-13 09:00:35.589 3773 3861 W System.err: at libcore.io.IoBridge.open(IoBridge.java:561)
01-13 09:00:35.589 3773 3861 W System.err: ... 6 more
01-13 09:00:35.601 4773 4787 I aker:messagesd: Explicit concurrent copying GC freed 127(47KB) AllocSpace objects, 0(0B) LOS objects, 24% free, 3263KB/4350KB, paused 152us,215us total 67.605ms
01-13 09:00:35.795 5071 5087 I wv_sandboxed_p: Explicit concurrent copying GC freed 2401(152KB) AllocSpace objects, 0(0B) LOS objects, 24% free, 2715KB/3620KB, paused 136us,47us total 65.503ms
01-13 09:00:35.992 1274 1400 E tlogd : [TzLogger](isPathReadable) file /sys/kernel/debug/tzdbg/qsee_log isn't exist or no permission, err: No such file or directory
01-13 09:00:35.993 1274 1400 E tlogd : [TzLogger](saveTzlogAsync) /sys/kernel/debug/tzdbg/qsee_log can not read.
01-13 09:00:35.993 1274 1400 E tlogd : [TzLogger](isPathReadable) file /sys/kernel/debug/tzdbg/log isn't exist or no permission, err: No such file or directory
01-13 09:00:35.993 1274 1400 E tlogd : [TzLogger](saveTzlogAsync) /sys/kernel/debug/tzdbg/log can not read.
01-13 09:00:36.009 6751 7020 I gs.intelligenc: Explicit concurrent copying GC freed 1714(104KB) AllocSpace objects, 0(0B) LOS objects, 24% free, 2524KB/3365KB, paused 106us,45us total 42.779ms
01-13 09:00:36.042 4151 5883 I .smile.gifmake: Explicit concurrent copying GC freed 884(142KB) AllocSpace objects, 1(20KB) LOS objects, 25% free, 23MB/31MB, paused 822us,231us total 336.647ms
01-13 09:00:36.159 652 667 I mpu_uart: [MSG-P:RECV]:No message received in 1000 ms
01-13 09:00:36.196 2900 2931 I FuseDaemon: Explicit concurrent copying GC freed 20797(859KB) AllocSpace objects, 0(0B) LOS objects, 49% free, 2181KB/4362KB, paused 57us,55us total 28.940ms
01-13 09:00:36.271 6774 6792 I droid.emergenc: Explicit concurrent copying GC freed 10(22KB) AllocSpace objects, 0(0B) LOS objects, 24% free, 1926KB/2568KB, paused 88us,78us total 22.754ms
01-13 09:00:36.319 6845 6845 W kworker/u16:10: type=1400 audit(0.0:4889): avc: denied { kill } for capability=5 scontext=u:r:kernel:s0 tcontext=u:r:kernel:s0 tclass=capability permissive=0
01-01 08:11:25.340 0 0 E [soft_i][0x3104fb2f6][09:00:36.329179] wlan: [0:E:DP] dp_tx_comp_process_tx_status: 3431: peer is null or deletion in progress
01-13 09:00:36.440 2133 2247 D MicroService: getEvent: clientSocket = Socket[address=/192.168.4.4,port=59948,localPort=9999]
01-13 09:00:36.442 2133 2247 D MicroService: run: called
01-13 09:00:36.442 2133 2247 D MicroService: getEvent: start waiting...
01-13 09:00:36.442 2133 8293 I MicroService: getStringByData(noZero): IDCM_TBoxService
01-13 09:00:36.442 2133 8293 I MicroService: getStringByData(noZero): FSEM_SettingService
01-13 09:00:36.442 2133 8293 I MicroService: getStringByData: {"dstService":"FSEM_SettingService","messageType":0,"methodName":"netstatus","parameters":{"functionInfo":{"IDCM_celltype":40,"IDCM_netstatus":43,"IDCM_signalstrength":41}},"srcService":"IDCM_TBoxService","uuid":1680146868979937000}
01-13 09:00:36.442 2133 8293 I MicroService: Receive message: SocketMessageBean{businessData='21930', srcService='IDCM_TBoxService', destService='FSEM_SettingService', messageType='0', uuid='1680146868979937000', payloadData={"dstService":"FSEM_SettingService","messageType":0,"methodName":"netstatus","parameters":{"functionInfo":{"IDCM_celltype":40,"IDCM_netstatus":43,"IDCM_signalstrength":41}},"srcService":"IDCM_TBoxService","uuid":1680146868979937000}
01-13 09:00:36.442 2133 8293 I MicroService: }
01-13 09:00:36.442 2133 8293 I MicroService: dealMessage: 0
01-13 09:00:36.442 2133 8293 I MicroService: onRequest(netstatus): {"functionInfo":{"IDCM_celltype":40,"IDCM_netstatus":43,"IDCM_signalstrength":41}}
01-13 09:00:36.443 2177 2232 D MicroSettings: SettingMicroservices: get request method = netstatus parameters = {"functionInfo":{"IDCM_celltype":40,"IDCM_netstatus":43,"IDCM_signalstrength":41}}
01-13 09:00:36.443 2177 2232 D MicroSettings: SettingMicroservices: functionInfo.class = class org.json.JSONObject functionInfo = {"IDCM_celltype":40,"IDCM_netstatus":43,"IDCM_signalstrength":41}
01-13 09:00:36.443 2177 2232 D MicroSettings: SettingMicroservices: setNetStatus: 43
01-13 09:00:36.448 5071 5087 I wv_sandboxed_p: Explicit concurrent copying GC freed 153(48KB) AllocSpace objects, 1(20KB) LOS objects, 24% free, 2711KB/3615KB, paused 125us,49us total 69.196ms
01-13 09:00:36.450 2564 2621 I .qti.qccauthmg: Explicit concurrent copying GC freed 38(22KB) AllocSpace objects, 0(0B) LOS objects, 24% free, 1926KB/2568KB, paused 72us,92us total 32.684ms
01-13 09:00:36.548 652 666 I mpu_uart: [MSG-P:R]:recv sync frame timeout
01-13 09:00:36.657 6751 7020 I gs.intelligenc: Explicit concurrent copying GC freed 226(32KB) AllocSpace objects, 1(20KB) LOS objects, 24% free, 2503KB/3338KB, paused 123us,46us total 30.309ms
01-13 09:00:36.658 4151 5883 I .smile.gifmake: Explicit concurrent copying GC freed 663(128KB) AllocSpace objects, 0(0B) LOS objects, 25% free, 23MB/31MB, paused 301us,291us total 310.511ms
01-13 09:00:36.798 2900 2931 I FuseDaemon: Explicit concurrent copying GC freed 898(72KB) AllocSpace objects, 1(20KB) LOS objects, 49% free, 2136KB/4273KB, paused 25us,12us total 6.547ms
01-13 09:00:36.798 4407 5882 I ideo:remote_we: Explicit concurrent copying GC freed 5869(366KB) AllocSpace objects, 1(428KB) LOS objects, 24% free, 7373KB/9831KB, paused 563us,155us total 188.351ms
01-13 09:00:36.857 6774 6792 I droid.emergenc: Explicit concurrent copying GC freed 160(31KB) AllocSpace objects, 1(20KB) LOS objects, 24% free, 1907KB/2542KB, paused 73us,61us total 18.240ms
01-13 09:00:36.949 1477 1977 I EthernetNetworkFactory: networkForRequest, request: NetworkRequest [ REQUEST id=50, [ Capabilities: INTERNET&NOT_RESTRICTED&TRUSTED&NOT_VCN_MANAGED Uid: 10119 RequestorUid: 10119 RequestorPkg: com.cmcc.cmvideo] ], network: NetworkInterfaceState{ refCount: 4, iface: eth0, up: true, hwAddress: 00:80:0f:74:31:00, networkCapabilities: [ Transports: ETHERNET Capabilities: NOT_METERED&INTERNET&NOT_RESTRICTED&TRUSTED&NOT_VPN&NOT_ROAMING&NOT_CONGESTED&NOT_SUSPENDED&NOT_VCN_MANAGED LinkUpBandwidth>=100000Kbps LinkDnBandwidth>=100000Kbps], networkAgent: null, score: 70, ipClient: android.net.ip.IIpClient$Stub$Proxy@cb0f86b,linkProperties: {InterfaceName: eth0 LinkAddresses: [ fe80::d2a0:c839:b739:36a7/64 ] DnsAddresses: [ ] Domains: null MTU: 0 TcpBufferSizes: 524288,1048576,3145728,524288,1048576,2097152 Routes: [ fe80::/64 -> :: eth0 mtu 0 ]}}
01-13 09:00:37.005 2564 2621 I .qti.qccauthmg: Explicit concurrent copying GC freed 173(31KB) AllocSpace objects, 1(20KB) LOS objects, 24% free, 1907KB/2542KB, paused 50us,22us total 16.284ms
01-13 09:00:37.009 3926 4221 I eo:AgentServic: Explicit concurrent copying GC freed 5108(165KB) AllocSpace objects, 12(240KB) LOS objects, 24% free, 2678KB/3571KB, paused 4.231ms,26us total 43.726ms
01-13 09:00:37.063 5071 5087 I wv_sandboxed_p: Explicit concurrent copying GC freed 104(63KB) AllocSpace objects, 0(0B) LOS objects, 24% free, 2731KB/3641KB, paused 118us,46us total 70.359ms
01-13 09:00:37.160 652 667 I mpu_uart: [MSG-P:RECV]:No message received in 1000 ms
01-01 08:11:26.200 0 0 E DTC_eth,link_delay_work_func: 3002, SQI=15, link=1
01-13 09:00:37.252 4407 5882 I ideo:remote_we: Explicit concurrent copying GC freed 952(107KB) AllocSpace objects, 9(180KB) LOS objects, 24% free, 7198KB/9597KB, paused 99us,155us total 92.368ms
01-13 09:00:37.252 6751 7020 I gs.intelligenc: Explicit concurrent copying GC freed 90(32KB) AllocSpace objects, 0(0B) LOS objects, 24% free, 2523KB/3364KB, paused 55us,30us total 27.581ms
01-13 09:00:37.416 2900 2931 I FuseDaemon: Explicit concurrent copying GC freed 140(33KB) AllocSpace objects, 0(0B) LOS objects, 49% free, 2155KB/4311KB, paused 22us,10us total 5.262ms
