01-01 08:05:32.920 0 0 E DTC_eth,link_delay_work_func: 3002, SQI=15, link=1
01-01 08:05:33.281 0 0 E [soft_i][0x17d69383c][08:54:44.269516] wlan: [0:E:DP] dp_tx_comp_process_tx_status: 3431: peer is null or deletion in progress
01-01 08:05:37.278 0 0 E [soft_i][0x181fc6f7f][08:54:48.267268] wlan: [0:E:DP] dp_tx_comp_process_tx_status: 3431: peer is null or deletion in progress
01-01 08:05:38.041 0 0 E DTC_eth,link_delay_work_func: 3002, SQI=15, link=1
01-01 08:05:39.689 0 0 I qcom_rpmh DRV: apps_rsc TCS Busy, retrying RPMH message send: addr=0x50000
01-01 08:05:39.689 0 0 I qcom_rpmh DRV: apps_rsc TCS Busy, retrying RPMH message send: addr=0x50000
01-01 08:05:39.689 0 0 I qcom_rpmh DRV: apps_rsc TCS Busy, retrying RPMH message send: addr=0x50000
01-01 08:05:41.282 0 0 E [soft_i][0x186917ab1][08:54:52.271257] wlan: [0:E:DP] dp_tx_comp_process_tx_status: 3431: peer is null or deletion in progress
01-01 08:05:43.166 0 0 E DTC_eth,link_delay_work_func: 3002, SQI=15, link=1
01-01 08:05:45.281 0 0 E [soft_i][0x18b24d026][08:54:56.269410] wlan: [0:E:DP] dp_tx_comp_process_tx_status: 3431: peer is null or deletion in progress
01-01 08:05:48.280 0 0 E DTC_eth,link_delay_work_func: 3002, SQI=15, link=1
01-01 08:05:49.287 0 0 E [soft_i][0x18fba77dd][08:55:00.275485] wlan: [0:E:DP] dp_tx_comp_process_tx_status: 3431: peer is null or deletion in progress
01-01 08:05:53.282 0 0 E [soft_i][0x1944cf657][08:55:04.270772] wlan: [0:E:DP] dp_tx_comp_process_tx_status: 3431: peer is null or deletion in progress
01-01 08:05:53.400 0 0 E DTC_eth,link_delay_work_func: 3002, SQI=15, link=1
01-01 08:05:57.279 0 0 E [soft_i][0x198dfebe5][08:55:08.267645] wlan: [0:E:DP] dp_tx_comp_process_tx_status: 3431: peer is null or deletion in progress
01-01 08:05:58.520 0 0 E DTC_eth,link_delay_work_func: 3002, SQI=15, link=1
01-01 08:06:01.283 0 0 E [soft_i][0x19d750ed7][08:55:12.271951] wlan: [0:E:DP] dp_tx_comp_process_tx_status: 3431: peer is null or deletion in progress
01-01 08:06:03.640 0 0 E DTC_eth,link_delay_work_func: 3002, SQI=15, link=1
01-01 08:06:05.287 0 0 E [soft_i][0x1a20a2786][08:55:16.276120] wlan: [0:E:DP] dp_tx_comp_process_tx_status: 3431: peer is null or deletion in progress
01-01 08:06:08.760 0 0 E DTC_eth,link_delay_work_func: 3002, SQI=15, link=1
01-01 08:06:09.281 0 0 E [soft_i][0x1a69c56a0][08:55:20.270348] wlan: [0:E:DP] dp_tx_comp_process_tx_status: 3431: peer is null or deletion in progress
01-01 08:06:13.283 0 0 E [soft_i][0x1ab3083da][08:55:24.271378] wlan: [0:E:DP] dp_tx_comp_process_tx_status: 3431: peer is null or deletion in progress
01-01 08:06:13.880 0 0 E DTC_eth,link_delay_work_func: 3002, SQI=15, link=1
01-01 08:06:13.893 0 0 I [dp_rx_][0x1abe37df8][08:55:24.882286] wlan: [3453:I:QDF] DHCP-R RX: SA:f8:89:d2:66:84:45 DA:ff:ff:ff:ff:ff:ff
01-01 08:06:13.894 0 0 I [dp_rx_][0x1abe3a0b8][08:55:24.882749] wlan: [3453:I:QDF] DHCP-NA RX: SA:ee:41:80:f1:65:4f DA:ff:ff:ff:ff:ff:ff
01-01 08:06:13.997 0 0 I [dp_rx_][0x1ac01d40e][08:55:24.985834] wlan: [3453:I:QDF] DHCP-D RX: SA:f8:89:d2:66:84:45 DA:ff:ff:ff:ff:ff:ff
01-01 08:06:13.997 0 0 I [dp_rx_][0x1ac01e734][08:55:24.986089] wlan: [3453:I:QDF] DHCP-O RX: SA:ee:41:80:f1:65:4f DA:ff:ff:ff:ff:ff:ff
01-01 08:06:14.040 0 0 I [dp_rx_][0x1ac0e5690][08:55:25.028534] wlan: [3453:I:QDF] DHCP-R RX: SA:f8:89:d2:66:84:45 DA:ff:ff:ff:ff:ff:ff
01-01 08:06:14.040 0 0 I [dp_rx_][0x1ac0e6438][08:55:25.028716] wlan: [3453:I:QDF] DHCP-A RX: SA:ee:41:80:f1:65:4f DA:ff:ff:ff:ff:ff:ff
01-01 08:06:14.512 0 0 I [dp_rx_][0x1ac98bb09][08:55:25.500914] wlan: [3453:I:QDF] DHCP-R RX: SA:f8:89:d2:66:84:45 DA:ff:ff:ff:ff:ff:ff
01-01 08:06:14.513 0 0 I [dp_rx_][0x1ac98e066][08:55:25.501412] wlan: [3453:I:QDF] DHCP-A RX: SA:ee:41:80:f1:65:4f DA:ff:ff:ff:ff:ff:ff
01-01 08:06:16.965 0 0 I perf : interrupt took too long (3168 > 3153), lowering kernel.perf_event_max_sample_rate to 63000
01-01 08:06:17.287 0 0 E [soft_i][0x1afc5aad4][08:55:28.275739] wlan: [0:E:DP] dp_tx_comp_process_tx_status: 3431: peer is null or deletion in progress
01-01 08:06:19.000 0 0 E DTC_eth,link_delay_work_func: 3002, SQI=15, link=1
01-01 08:06:21.289 0 0 E [soft_i][0x1b45a3e43][08:55:32.278130] wlan: [0:E:DP] dp_tx_comp_process_tx_status: 3431: peer is null or deletion in progress
01-01 08:06:24.120 0 0 E DTC_eth,link_delay_work_func: 3002, SQI=15, link=1
01-01 08:06:25.285 0 0 E [soft_i][0x1b8ecc11e][08:55:36.273475] wlan: [0:E:DP] dp_tx_comp_process_tx_status: 3431: peer is null or deletion in progress
01-13 08:55:36.990 1477 2502 E UserRestrictionsUtils: Unknown restriction queried by uid 1000 (com.thundercomm.mcuupgrade et al): null
01-01 08:06:26.089 0 0 I [schedu][0x1b9d85b30][08:55:37.077662] wlan: [3451:I:OSIF] scan start scan id 40972
01-01 08:06:27.983 0 0 I [schedu][0x1bc0351d8][08:55:38.971938] wlan: [3451:I:OSIF] vdev 0, scan id 40972 type COMPLETED(1) reason COMPLETED(1) scan found 18 bss
01-13 08:55:39.546 1477 2502 I thunderperf: PlatormCompat.setOverrides: Uid1=1000 Pid1=2395 Uid2=1000 Pid2=2395
01-13 08:55:39.546 1477 2502 I thunderperf: PlatormCompat.setOverrides: needCheck:false
01-13 08:55:39.546 1477 2502 I thunderperf: CompatConfig.addOverrideUnsafe: bef-state=0
01-13 08:55:39.546 1477 2502 I thunderperf: CompatConfig.addOverrideUnsafe: aft-state=0
01-13 08:55:39.548 1477 2502 I thunderperf: CompatConfig.addOverrideUnsafe: bef-state=0
01-13 08:55:39.548 1477 2502 I thunderperf: CompatConfig.addOverrideUnsafe: aft-state=0
01-13 08:55:39.549 1477 2502 I thunderperf: CompatConfig.addOverrideUnsafe: bef-state=0
01-13 08:55:39.549 1477 2502 I thunderperf: CompatConfig.addOverrideUnsafe: aft-state=0
01-13 08:55:39.549 1477 2502 I thunderperf: CompatConfig.addOverrideUnsafe: bef-state=0
01-13 08:55:39.549 1477 2502 I thunderperf: CompatConfig.addOverrideUnsafe: aft-state=0
01-13 08:55:39.550 1477 2502 I thunderperf: CompatConfig.addOverrideUnsafe: bef-state=0
01-13 08:55:39.550 1477 2502 I thunderperf: CompatConfig.addOverrideUnsafe: aft-state=0
01-13 08:55:39.551 1477 2502 I thunderperf: CompatConfig.addOverrideUnsafe: bef-state=0
01-13 08:55:39.551 1477 2502 I thunderperf: CompatConfig.addOverrideUnsafe: aft-state=0
01-13 08:55:39.552 1477 2502 I thunderperf: CompatConfig.addOverrideUnsafe: bef-state=0
01-13 08:55:39.552 1477 2502 I thunderperf: CompatConfig.addOverrideUnsafe: aft-state=0
01-13 08:55:39.552 1477 2502 I thunderperf: CompatConfig.addOverrideUnsafe: bef-state=0
01-13 08:55:39.552 1477 2502 I thunderperf: CompatConfig.addOverrideUnsafe: aft-state=0
01-13 08:55:39.553 1477 2502 I thunderperf: CompatConfig.addOverrideUnsafe: bef-state=0
01-13 08:55:39.553 1477 2502 I thunderperf: CompatConfig.addOverrideUnsafe: aft-state=0
01-13 08:55:39.553 1477 2502 I thunderperf: CompatConfig.addOverrideUnsafe: bef-state=0
01-13 08:55:39.553 1477 2502 I thunderperf: CompatConfig.addOverrideUnsafe: aft-state=0
01-13 08:55:39.554 1477 2502 I thunderperf: CompatConfig.addOverrideUnsafe: bef-state=0
01-13 08:55:39.554 1477 2502 I thunderperf: CompatConfig.addOverrideUnsafe: aft-state=0
01-13 08:55:39.554 1477 2502 I thunderperf: CompatConfig.addOverrideUnsafe: bef-state=0
01-13 08:55:39.554 1477 2502 I thunderperf: CompatConfig.addOverrideUnsafe: aft-state=0
01-13 08:55:39.555 1477 2502 I thunderperf: CompatConfig.addOverrideUnsafe: bef-state=0
01-13 08:55:39.555 1477 2502 I thunderperf: CompatConfig.addOverrideUnsafe: aft-state=0
01-13 08:55:39.555 1477 2502 I thunderperf: CompatConfig.addOverrideUnsafe: bef-state=0
01-13 08:55:39.555 1477 2502 I thunderperf: CompatConfig.addOverrideUnsafe: aft-state=0
01-13 08:55:39.571 1477 2502 I ActivityTaskManager: START u0 {act=android.intent.action.MAIN cmp=com.android.settings/.SubSettings (has extras)} from uid 1000
01-13 08:55:39.579 1477 2502 I ActivityTaskManager: FOREGROUND_APPLICATION_CHANGED to com.android.settings.SubSettings
01-13 08:55:39.579 1477 2502 I ActivityTaskManager: The Process com.android.settings Already Exists in BG. So sending its PID: 2395
01-13 08:55:39.580 1477 2502 W ActivityTaskManager: Tried to set launchTime (0) < mLastActivityLaunchTime (105733)
01-13 08:55:39.605 1477 2502 I thunderperf: PlatormCompat.setOverrides: Uid1=1000 Pid1=2395 Uid2=1000 Pid2=2395
01-13 08:55:39.605 1477 2502 I thunderperf: PlatormCompat.setOverrides: needCheck:false
01-13 08:55:39.605 1477 2502 I thunderperf: CompatConfig.addOverrideUnsafe: bef-state=0
01-13 08:55:39.605 1477 2502 I thunderperf: CompatConfig.addOverrideUnsafe: aft-state=0
01-13 08:55:39.605 1477 2502 I thunderperf: CompatConfig.addOverrideUnsafe: bef-state=0
01-13 08:55:39.605 1477 2502 I thunderperf: CompatConfig.addOverrideUnsafe: aft-state=0
01-13 08:55:39.606 1477 2502 I thunderperf: CompatConfig.addOverrideUnsafe: bef-state=0
01-13 08:55:39.606 1477 2502 I thunderperf: CompatConfig.addOverrideUnsafe: aft-state=0
01-13 08:55:39.606 1477 2502 I thunderperf: CompatConfig.addOverrideUnsafe: bef-state=0
01-13 08:55:39.606 1477 2502 I thunderperf: CompatConfig.addOverrideUnsafe: aft-state=0
01-13 08:55:39.606 1477 2502 I thunderperf: CompatConfig.addOverrideUnsafe: bef-state=0
01-13 08:55:39.606 1477 2502 I thunderperf: CompatConfig.addOverrideUnsafe: aft-state=0
01-13 08:55:39.606 1477 2502 I thunderperf: CompatConfig.addOverrideUnsafe: bef-state=0
01-13 08:55:39.606 1477 2502 I thunderperf: CompatConfig.addOverrideUnsafe: aft-state=0
01-13 08:55:39.606 1477 2502 I thunderperf: CompatConfig.addOverrideUnsafe: bef-state=0
01-13 08:55:39.606 1477 2502 I thunderperf: CompatConfig.addOverrideUnsafe: aft-state=0
01-13 08:55:39.606 1477 2502 I thunderperf: CompatConfig.addOverrideUnsafe: bef-state=0
01-13 08:55:39.606 1477 2502 I thunderperf: CompatConfig.addOverrideUnsafe: aft-state=0
01-13 08:55:39.607 1477 2502 I thunderperf: CompatConfig.addOverrideUnsafe: bef-state=0
01-13 08:55:39.607 1477 2502 I thunderperf: CompatConfig.addOverrideUnsafe: aft-state=0
01-13 08:55:39.607 1477 2502 I thunderperf: CompatConfig.addOverrideUnsafe: bef-state=0
01-13 08:55:39.607 1477 2502 I thunderperf: CompatConfig.addOverrideUnsafe: aft-state=0
01-13 08:55:39.607 1477 2502 I thunderperf: CompatConfig.addOverrideUnsafe: bef-state=0
01-13 08:55:39.607 1477 2502 I thunderperf: CompatConfig.addOverrideUnsafe: aft-state=0
01-13 08:55:39.607 1477 2502 I thunderperf: CompatConfig.addOverrideUnsafe: bef-state=0
01-13 08:55:39.607 1477 2502 I thunderperf: CompatConfig.addOverrideUnsafe: aft-state=0
01-13 08:55:39.607 1477 2502 I thunderperf: CompatConfig.addOverrideUnsafe: bef-state=0
01-13 08:55:39.607 1477 2502 I thunderperf: CompatConfig.addOverrideUnsafe: aft-state=0
01-13 08:55:39.607 1477 2502 I thunderperf: CompatConfig.addOverrideUnsafe: bef-state=0
01-13 08:55:39.607 1477 2502 I thunderperf: CompatConfig.addOverrideUnsafe: aft-state=0
01-13 08:55:39.610 1477 2502 I ActivityTaskManager: START u0 {act=android.intent.action.MAIN cmp=com.android.settings/.homepage.SettingsHomepageActivity (has extras)} from uid 1000
01-13 08:55:39.616 1477 2502 W ActivityTaskManager: Duplicate finish request for r=ActivityRecord{44bedce u0 com.android.settings/.SubSettings t340 f}}
01-13 08:55:39.618 1477 1995 I ActivityTaskManager: FOREGROUND_APPLICATION_CHANGED to com.android.settings.homepage.SettingsHomepageActivity
01-13 08:55:39.725 2440 3771 W ContextImpl: Calling a method in the system process without a qualified user: android.app.ContextImpl.startService:1816 android.content.ContextWrapper.startService:774 com.thundercomm.gamemode.ingame.services.GameModeActionUtils.startGameModeService:111 com.thundercomm.gamemode.ingame.services.GameModeActionUtils.startGameModeEntry:22 com.thundercomm.gamemode.ingame.services.ActivityMonitoringService$1.onActivityLaunch:129
01-13 08:55:39.728 1477 1477 I GameModeConfig: Current uri is uri = content://com.thundercomm.gamemode.api/gamemode_settings/gamemode_isgaming
01-13 08:55:39.729 1477 1477 I GameModeConfig: isGameModeOn = true
01-13 08:55:39.729 1477 1477 I GameModeConfig: isGaming = false
01-13 08:55:39.729 1477 1477 I GameModeConfig: isGameModeOn = true
01-13 08:55:39.729 1477 1477 I GameModeConfig: isGaming = false
01-13 08:55:39.729 1477 1477 I GameModeConfig: isDisableVoice = true
01-01 08:06:28.876 0 0 I [schedu][0x1bd0905ab][08:55:39.865215] wlan: [3451:I:OSIF] scan start scan id 40973
01-01 08:06:29.240 0 0 E DTC_eth,link_delay_work_func: 3002, SQI=15, link=1
01-01 08:06:29.278 0 0 E [soft_i][0x1bd7ec684][08:55:40.267147] wlan: [0:E:DP] dp_tx_comp_process_tx_status: 3431: peer is null or deletion in progress
01-01 08:06:30.712 0 0 I [schedu][0x1bf22c67e][08:55:41.700746] wlan: [3451:I:OSIF] vdev 0, scan id 40973 type COMPLETED(1) reason COMPLETED(1) scan found 17 bss
01-01 08:06:33.286 0 0 E [soft_i][0x1c2150e86][08:55:44.275360] wlan: [0:E:DP] dp_tx_comp_process_tx_status: 3431: peer is null or deletion in progress
01-01 08:06:34.360 0 0 E DTC_eth,link_delay_work_func: 3002, SQI=15, link=1
01-01 08:06:36.914 0 0 I [schedu][0x1c63bd502][08:55:47.902966] wlan: [3451:I:OSIF] scan start scan id 40974
01-01 08:06:37.290 0 0 E [soft_i][0x1c6a9e2bc][08:55:48.278616] wlan: [0:E:DP] dp_tx_comp_process_tx_status: 3431: peer is null or deletion in progress
01-01 08:06:38.851 0 0 I [schedu][0x1c8735566][08:55:49.840038] wlan: [3451:I:OSIF] vdev 0, scan id 40974 type COMPLETED(1) reason COMPLETED(1) scan found 27 bss
01-01 08:06:38.927 0 0 I [schedu][0x1c8897517][08:55:49.915554] wlan: [3451:I:OSIF] scan start scan id 40975
01-01 08:06:39.480 0 0 E DTC_eth,link_delay_work_func: 3002, SQI=15, link=1
01-01 08:06:40.677 0 0 I [schedu][0x1ca8a44d1][08:55:51.665951] wlan: [3451:I:OSIF] vdev 0, scan id 40975 type COMPLETED(1) reason COMPLETED(1) scan found 24 bss
01-01 08:06:41.289 0 0 E [soft_i][0x1cb3d7194][08:55:52.277535] wlan: [0:E:DP] dp_tx_comp_process_tx_status: 3431: peer is null or deletion in progress
01-01 08:06:44.235 0 0 I qcom_rpmh DRV: apps_rsc TCS Busy, retrying RPMH message send: addr=0x50000
01-01 08:06:44.235 0 0 I qcom_rpmh DRV: apps_rsc TCS Busy, retrying RPMH message send: addr=0x50000
01-01 08:06:44.235 0 0 I qcom_rpmh DRV: apps_rsc TCS Busy, retrying RPMH message send: addr=0x50000
01-01 08:06:44.235 0 0 I qcom_rpmh DRV: apps_rsc TCS Busy, retrying RPMH message send: addr=0x50000
01-01 08:06:44.235 0 0 I qcom_rpmh DRV: apps_rsc TCS Busy, retrying RPMH message send: addr=0x50000
01-01 08:06:44.235 0 0 I qcom_rpmh DRV: apps_rsc TCS Busy, retrying RPMH message send: addr=0x50000
01-01 08:06:44.235 0 0 I qcom_rpmh DRV: apps_rsc TCS Busy, retrying RPMH message send: addr=0x50000
01-01 08:06:44.235 0 0 I qcom_rpmh DRV: apps_rsc TCS Busy, retrying RPMH message send: addr=0x50000
01-01 08:06:44.235 0 0 I qcom_rpmh DRV: apps_rsc TCS Busy, retrying RPMH message send: addr=0x50000
01-01 08:06:44.600 0 0 E DTC_eth,link_delay_work_func: 3002, SQI=15, link=1
01-01 08:06:45.289 0 0 E [soft_i][0x1cfd1633d][08:55:56.277770] wlan: [0:E:DP] dp_tx_comp_process_tx_status: 3431: peer is null or deletion in progress
01-01 08:06:46.936 0 0 I [schedu][0x1d1b3dd61][08:55:57.924625] wlan: [3451:I:OSIF] scan start scan id 40976
01-01 08:06:48.823 0 0 I [schedu][0x1d3dca85f][08:55:59.811491] wlan: [3451:I:OSIF] vdev 0, scan id 40976 type COMPLETED(1) reason COMPLETED(1) scan found 24 bss
01-01 08:06:48.946 0 0 I [schedu][0x1d400d103][08:55:59.934913] wlan: [3451:I:OSIF] scan start scan id 40977
01-01 08:06:49.292 0 0 E [soft_i][0x1d4663bbb][08:56:00.281083] wlan: [0:E:DP] dp_tx_comp_process_tx_status: 3431: peer is null or deletion in progress
01-01 08:06:49.720 0 0 E DTC_eth,link_delay_work_func: 3002, SQI=15, link=1
01-01 08:06:50.725 0 0 I [schedu][0x1d609f54e][08:56:01.713744] wlan: [3451:I:OSIF] vdev 0, scan id 40977 type COMPLETED(1) reason COMPLETED(1) scan found 14 bss
01-01 08:06:53.293 0 0 E [soft_i][0x1d8fa4226][08:56:04.281596] wlan: [0:E:DP] dp_tx_comp_process_tx_status: 3431: peer is null or deletion in progress
01-01 08:06:54.840 0 0 E DTC_eth,link_delay_work_func: 3002, SQI=15, link=1
01-01 08:06:56.980 0 0 I [schedu][0x1dd32992b][08:56:07.969155] wlan: [3451:I:OSIF] scan start scan id 40978
01-01 08:06:57.295 0 0 E [soft_i][0x1dd8edb8b][08:56:08.284067] wlan: [0:E:DP] dp_tx_comp_process_tx_status: 3431: peer is null or deletion in progress
01-01 08:06:58.852 0 0 I [schedu][0x1df56deb5][08:56:09.840589] wlan: [3451:I:OSIF] vdev 0, scan id 40978 type COMPLETED(1) reason COMPLETED(1) scan found 19 bss
01-01 08:06:58.948 0 0 I [schedu][0x1df732111][08:56:09.937047] wlan: [3451:I:OSIF] scan start scan id 40979
01-01 08:06:59.960 0 0 E DTC_eth,link_delay_work_func: 3002, SQI=15, link=1
01-01 08:07:00.844 0 0 I [schedu][0x1e19e90ca][08:56:11.832937] wlan: [3451:I:OSIF] vdev 0, scan id 40979 type COMPLETED(1) reason COMPLETED(1) scan found 23 bss
01-01 08:07:01.286 0 0 E [soft_i][0x1e2202ba5][08:56:12.275322] wlan: [0:E:DP] dp_tx_comp_process_tx_status: 3431: peer is null or deletion in progress
01-01 08:07:05.080 0 0 E DTC_eth,link_delay_work_func: 3002, SQI=15, link=1
01-01 08:07:05.293 0 0 E [soft_i][0x1e6b5ea97][08:56:16.281708] wlan: [0:E:DP] dp_tx_comp_process_tx_status: 3431: peer is null or deletion in progress
01-01 08:07:06.988 0 0 I [schedu][0x1e8a66d68][08:56:17.976465] wlan: [3451:I:OSIF] scan start scan id 40980
01-01 08:07:08.747 0 0 I [schedu][0x1eaa9fb26][08:56:19.736222] wlan: [3451:I:OSIF] vdev 0, scan id 40980 type COMPLETED(1) reason COMPLETED(1) scan found 22 bss
01-01 08:07:08.963 0 0 I [schedu][0x1eae914c3][08:56:19.951603] wlan: [3451:I:OSIF] scan start scan id 40981
01-01 08:07:09.289 0 0 E [soft_i][0x1eb48afc2][08:56:20.277937] wlan: [0:E:DP] dp_tx_comp_process_tx_status: 3431: peer is null or deletion in progress
01-01 08:07:10.200 0 0 E DTC_eth,link_delay_work_func: 3002, SQI=15, link=1
01-01 08:07:10.876 0 0 I [schedu][0x1ed198022][08:56:21.864501] wlan: [3451:I:OSIF] vdev 0, scan id 40981 type COMPLETED(1) reason COMPLETED(1) scan found 28 bss
01-13 08:56:23.945 1477 2568 W FreeFormWindowHelper: Current Display FreeFormTask is null
01-13 08:56:23.948 1477 2568 W FreeFormWindowHelper: Current Display FreeFormTask is null
01-13 08:56:23.979 2440 3771 W ContextImpl: Calling a method in the system process without a qualified user: android.app.ContextImpl.startService:1816 android.content.ContextWrapper.startService:774 com.thundercomm.gamemode.ingame.services.GameModeActionUtils.startGameModeService:111 com.thundercomm.gamemode.ingame.services.GameModeActionUtils.startGameModeEntry:22 com.thundercomm.gamemode.ingame.services.ActivityMonitoringService$1.onActivityLaunch:129
01-13 08:56:23.980 1477 2101 W FreeFormWindowHelper: Current Display FreeFormTask is null
01-13 08:56:23.986 1477 1477 I GameModeConfig: Current uri is uri = content://com.thundercomm.gamemode.api/gamemode_settings/gamemode_isgaming
01-13 08:56:23.990 1477 1477 I GameModeConfig: isGameModeOn = true
01-13 08:56:23.990 1477 1477 I GameModeConfig: isGaming = false
01-13 08:56:23.990 1477 1477 I GameModeConfig: isGameModeOn = true
01-13 08:56:23.990 1477 1477 I GameModeConfig: isGaming = false
01-13 08:56:23.990 1477 1477 I GameModeConfig: isDisableVoice = true
01-13 08:56:24.063 1477 2568 W FreeFormWindowHelper: Current Display FreeFormTask is null
01-13 08:56:24.078 1477 2101 W FreeFormWindowHelper: Current Display FreeFormTask is null
01-13 08:56:24.091 1477 2983 W FreeFormWindowHelper: Current Display FreeFormTask is null
01-13 08:56:24.111 1477 2101 W FreeFormWindowHelper: Current Display FreeFormTask is null
01-13 08:56:24.128 1477 1995 W FreeFormWindowHelper: Current Display FreeFormTask is null
01-13 08:56:24.159 1477 2983 W FreeFormWindowHelper: Current Display FreeFormTask is null
01-13 08:56:24.178 1477 2502 W FreeFormWindowHelper: Current Display FreeFormTask is null
01-13 08:56:24.226 1477 2502 W FreeFormWindowHelper: Current Display FreeFormTask is null
01-13 08:56:24.244 1477 2502 W FreeFormWindowHelper: Current Display FreeFormTask is null
01-01 08:07:13.289 0 0 E [soft_i][0x1efdc7930][08:56:24.277636] wlan: [0:E:DP] dp_tx_comp_process_tx_status: 3431: peer is null or deletion in progress
01-13 08:56:24.792 1477 2502 W FreeFormWindowHelper: Current Display FreeFormTask is null
01-13 08:56:24.802 1477 2983 I ActivityTaskManager: FOREGROUND_APPLICATION_CHANGED to com.android.launcher3.uioverrides.QuickstepLauncher
01-13 08:56:24.866 2440 3771 W ContextImpl: Calling a method in the system process without a qualified user: android.app.ContextImpl.startService:1816 android.content.ContextWrapper.startService:774 com.thundercomm.gamemode.ingame.services.GameModeActionUtils.startGameModeService:111 com.thundercomm.gamemode.ingame.services.GameModeActionUtils.startGameModeEntry:22 com.thundercomm.gamemode.ingame.services.ActivityMonitoringService$1.onActivityLaunch:129
01-13 08:56:24.869 1477 1477 I GameModeConfig: Current uri is uri = content://com.thundercomm.gamemode.api/gamemode_settings/gamemode_isgaming
01-13 08:56:24.870 1477 1477 I GameModeConfig: isGameModeOn = true
01-13 08:56:24.870 1477 1477 I GameModeConfig: isGaming = false
01-13 08:56:24.871 1477 1477 I GameModeConfig: isGameModeOn = true
01-13 08:56:24.871 1477 1477 I GameModeConfig: isGaming = false
01-13 08:56:24.871 1477 1477 I GameModeConfig: isDisableVoice = true
01-13 08:56:24.928 2440 3771 W ContextImpl: Calling a method in the system process without a qualified user: android.app.ContextImpl.startService:1816 android.content.ContextWrapper.startService:774 com.thundercomm.gamemode.ingame.services.GameModeActionUtils.startGameModeService:111 com.thundercomm.gamemode.ingame.services.GameModeActionUtils.startGameModeEntry:22 com.thundercomm.gamemode.ingame.services.ActivityMonitoringService$1.onActivityLaunch:129
01-13 08:56:24.934 1477 1477 I GameModeConfig: Current uri is uri = content://com.thundercomm.gamemode.api/gamemode_settings/gamemode_isgaming
01-13 08:56:24.936 1477 1477 I GameModeConfig: isGameModeOn = true
01-13 08:56:24.936 1477 1477 I GameModeConfig: isGaming = false
01-13 08:56:24.936 1477 1477 I GameModeConfig: isGameModeOn = true
01-13 08:56:24.936 1477 1477 I GameModeConfig: isGaming = false
01-13 08:56:24.937 1477 1477 I GameModeConfig: isDisableVoice = true
01-01 08:07:15.320 0 0 E DTC_eth,link_delay_work_func: 3002, SQI=15, link=1
01-01 08:07:17.291 0 0 E [soft_i][0x1f4710cd2][08:56:28.280031] wlan: [0:E:DP] dp_tx_comp_process_tx_status: 3431: peer is null or deletion in progress
01-01 08:07:20.061 0 0 I qcom_rpmh DRV: apps_rsc TCS Busy, retrying RPMH message send: addr=0x50000
01-01 08:07:20.061 0 0 I qcom_rpmh DRV: apps_rsc TCS Busy, retrying RPMH message send: addr=0x50000
01-01 08:07:20.440 0 0 E DTC_eth,link_delay_work_func: 3002, SQI=15, link=1
01-01 08:07:21.289 0 0 E [soft_i][0x1f9046326][08:56:32.278195] wlan: [0:E:DP] dp_tx_comp_process_tx_status: 3431: peer is null or deletion in progress
01-01 08:07:25.290 0 0 E [soft_i][0x1fd987b81][08:56:36.278947] wlan: [0:E:DP] dp_tx_comp_process_tx_status: 3431: peer is null or deletion in progress
01-01 08:07:25.560 0 0 E DTC_eth,link_delay_work_func: 3002, SQI=15, link=1
01-13 08:56:40.120 1477 2502 I thunderperf: PlatormCompat.setOverrides: Uid1=10081 Pid1=2562 Uid2=10081 Pid2=2562
01-13 08:56:40.120 1477 2502 I thunderperf: PlatormCompat.setOverrides: needCheck:false
01-13 08:56:40.120 1477 2502 I thunderperf: CompatConfig.addOverrideUnsafe: bef-state=1
01-13 08:56:40.120 1477 2502 I thunderperf: CompatConfig.addOverrideUnsafe: aft-state=0
01-13 08:56:40.121 1477 2502 I thunderperf: CompatConfig.addOverrideUnsafe: bef-state=1
01-13 08:56:40.121 1477 2502 I thunderperf: CompatConfig.addOverrideUnsafe: aft-state=0
01-13 08:56:40.122 1477 2502 I thunderperf: CompatConfig.addOverrideUnsafe: bef-state=1
01-13 08:56:40.122 1477 2502 I thunderperf: CompatConfig.addOverrideUnsafe: aft-state=0
01-13 08:56:40.123 1477 2502 I thunderperf: CompatConfig.addOverrideUnsafe: bef-state=1
01-13 08:56:40.123 1477 2502 I thunderperf: CompatConfig.addOverrideUnsafe: aft-state=0
01-13 08:56:40.124 1477 2502 I thunderperf: CompatConfig.addOverrideUnsafe: bef-state=1
01-13 08:56:40.124 1477 2502 I thunderperf: CompatConfig.addOverrideUnsafe: aft-state=0
01-13 08:56:40.125 1477 2502 I thunderperf: CompatConfig.addOverrideUnsafe: bef-state=1
01-13 08:56:40.125 1477 2502 I thunderperf: CompatConfig.addOverrideUnsafe: aft-state=0
01-13 08:56:40.125 1477 2502 I thunderperf: CompatConfig.addOverrideUnsafe: bef-state=1
01-13 08:56:40.126 1477 2502 I thunderperf: CompatConfig.addOverrideUnsafe: aft-state=0
01-13 08:56:40.126 1477 2502 I thunderperf: CompatConfig.addOverrideUnsafe: bef-state=1
01-13 08:56:40.126 1477 2502 I thunderperf: CompatConfig.addOverrideUnsafe: aft-state=0
01-13 08:56:40.127 1477 2502 I thunderperf: CompatConfig.addOverrideUnsafe: bef-state=1
01-13 08:56:40.127 1477 2502 I thunderperf: CompatConfig.addOverrideUnsafe: aft-state=0
01-13 08:56:40.128 1477 2502 I thunderperf: CompatConfig.addOverrideUnsafe: bef-state=1
01-13 08:56:40.128 1477 2502 I thunderperf: CompatConfig.addOverrideUnsafe: aft-state=0
01-13 08:56:40.129 1477 2502 I thunderperf: CompatConfig.addOverrideUnsafe: bef-state=1
01-13 08:56:40.129 1477 2502 I thunderperf: CompatConfig.addOverrideUnsafe: aft-state=0
01-13 08:56:40.129 1477 2502 I thunderperf: CompatConfig.addOverrideUnsafe: bef-state=1
01-13 08:56:40.130 1477 2502 I thunderperf: CompatConfig.addOverrideUnsafe: aft-state=0
01-13 08:56:40.130 1477 2502 I thunderperf: CompatConfig.addOverrideUnsafe: bef-state=1
01-13 08:56:40.130 1477 2502 I thunderperf: CompatConfig.addOverrideUnsafe: aft-state=0
01-13 08:56:40.131 1477 2502 I thunderperf: CompatConfig.addOverrideUnsafe: bef-state=1
01-13 08:56:40.131 1477 2502 I thunderperf: CompatConfig.addOverrideUnsafe: aft-state=0
01-13 08:56:40.147 1477 2502 I ActivityTaskManager: START u0 {act=android.intent.action.MAIN cat=[android.intent.category.LAUNCHER] flg=0x10200000 cmp=com.android.settings/.Settings bnds=[715,400][1017,680]} from uid 10081
01-13 08:56:40.170 1477 1995 I ActivityTaskManager: FOREGROUND_APPLICATION_CHANGED to com.android.settings.homepage.SettingsHomepageActivity
01-13 08:56:40.200 2440 3771 W ContextImpl: Calling a method in the system process without a qualified user: android.app.ContextImpl.startService:1816 android.content.ContextWrapper.startService:774 com.thundercomm.gamemode.ingame.services.GameModeActionUtils.startGameModeService:111 com.thundercomm.gamemode.ingame.services.GameModeActionUtils.startGameModeEntry:22 com.thundercomm.gamemode.ingame.services.ActivityMonitoringService$1.onActivityLaunch:129
01-13 08:56:40.205 1477 1477 I GameModeConfig: Current uri is uri = content://com.thundercomm.gamemode.api/gamemode_settings/gamemode_isgaming
01-13 08:56:40.208 1477 1477 I GameModeConfig: isGameModeOn = true
01-13 08:56:40.208 1477 1477 I GameModeConfig: isGaming = false
01-13 08:56:40.208 1477 1477 I GameModeConfig: isGameModeOn = true
01-13 08:56:40.208 1477 1477 I GameModeConfig: isGaming = false
01-13 08:56:40.208 1477 1477 I GameModeConfig: isDisableVoice = true
01-13 08:56:40.221 1477 1587 W BatteryExternalStatsWorker: error reading modem stats:ERROR_PHONE_NOT_AVAILABLE
01-13 08:56:40.256 1477 1587 E KernelCpuSpeedReader: Failed to read cpu-freq: /sys/devices/system/cpu/cpu4/cpufreq/stats/time_in_state: open failed: ENOENT (No such file or directory)
01-13 08:56:40.256 1477 1587 E KernelCpuSpeedReader: Failed to read cpu-freq: /sys/devices/system/cpu/cpu0/cpufreq/stats/time_in_state: open failed: ENOENT (No such file or directory)
01-01 08:07:29.270 0 0 W audit : audit_lost=588 audit_rate_limit=5 audit_backlog_limit=64
01-01 08:07:29.270 0 0 E audit : rate limit exceeded
01-01 08:07:29.276 0 0 I [schedu][0x202284569][08:56:40.264998] wlan: [3451:I:OSIF] scan start scan id 40982
01-13 08:56:40.270 1477 1587 D KernelCpuUidUserSysTimeReader: Removing uids 1037-1037
01-13 08:56:40.270 1477 1587 D KernelCpuUidUserSysTimeReader: Removing uids 1037-1037
01-01 08:07:29.287 0 0 E [soft_i][0x2022b87c0][08:56:40.276123] wlan: [0:E:DP] dp_tx_comp_process_tx_status: 3431: peer is null or deletion in progress
01-13 08:56:40.285 2440 3771 W ContextImpl: Calling a method in the system process without a qualified user: android.app.ContextImpl.startService:1816 android.content.ContextWrapper.startService:774 com.thundercomm.gamemode.ingame.services.GameModeActionUtils.startGameModeService:111 com.thundercomm.gamemode.ingame.services.GameModeActionUtils.startGameModeEntry:22 com.thundercomm.gamemode.ingame.services.ActivityMonitoringService$1.onActivityLaunch:129
01-13 08:56:40.287 1477 1477 I GameModeConfig: Current uri is uri = content://com.thundercomm.gamemode.api/gamemode_settings/gamemode_isgaming
01-13 08:56:40.289 1477 1477 I GameModeConfig: isGameModeOn = true
01-13 08:56:40.289 1477 1477 I GameModeConfig: isGaming = false
01-13 08:56:40.290 1477 1477 I GameModeConfig: isGameModeOn = true
01-13 08:56:40.290 1477 1477 I GameModeConfig: isGaming = false
01-13 08:56:40.290 1477 1477 I GameModeConfig: isDisableVoice = true
01-13 08:56:40.330 1477 1587 W BatteryExternalStatsWorker: error reading modem stats:ERROR_PHONE_NOT_AVAILABLE
01-13 08:56:40.332 1477 1587 E KernelCpuSpeedReader: Failed to read cpu-freq: /sys/devices/system/cpu/cpu4/cpufreq/stats/time_in_state: open failed: ENOENT (No such file or directory)
01-13 08:56:40.333 1477 1587 E KernelCpuSpeedReader: Failed to read cpu-freq: /sys/devices/system/cpu/cpu0/cpufreq/stats/time_in_state: open failed: ENOENT (No such file or directory)
01-13 08:56:40.774 2440 3771 W ContextImpl: Calling a method in the system process without a qualified user: android.app.ContextImpl.startService:1816 android.content.ContextWrapper.startService:774 com.thundercomm.gamemode.ingame.services.GameModeActionUtils.startGameModeService:111 com.thundercomm.gamemode.ingame.services.GameModeActionUtils.startGameModeEntry:22 com.thundercomm.gamemode.ingame.services.ActivityMonitoringService$1.onActivityLaunch:129
01-13 08:56:40.778 1477 1477 I GameModeConfig: Current uri is uri = content://com.thundercomm.gamemode.api/gamemode_settings/gamemode_isgaming
01-13 08:56:40.780 1477 1477 I GameModeConfig: isGameModeOn = true
01-13 08:56:40.780 1477 1477 I GameModeConfig: isGaming = false
01-13 08:56:40.780 1477 1477 I GameModeConfig: isGameModeOn = true
01-13 08:56:40.780 1477 1477 I GameModeConfig: isGaming = false
01-13 08:56:40.780 1477 1477 I GameModeConfig: isDisableVoice = true
01-01 08:07:30.679 0 0 E DTC_eth,link_delay_work_func: 3002, SQI=15, link=1
01-13 08:56:41.780 1477 2502 I ActivityTaskManager: START u0 {act=android.settings.APP_SEARCH_SETTINGS pkg=com.android.settings.intelligence cmp=com.android.settings.intelligence/.search.SearchActivity (has extras)} from uid 1000
01-13 08:56:41.788 1477 2502 D CompatibilityChangeReporter: Compat change id reported: 174042980; UID 10062; state: DISABLED
01-13 08:56:41.790 1477 2502 D CompatibilityChangeReporter: Compat change id reported: 184838306; UID 10062; state: DISABLED
01-13 08:56:41.790 1477 2502 D CompatibilityChangeReporter: Compat change id reported: 185004937; UID 10062; state: DISABLED
01-13 08:56:41.790 1477 2502 D CompatibilityChangeReporter: Compat change id reported: 181136395; UID 10062; state: DISABLED
01-13 08:56:41.791 1477 2502 D CompatibilityChangeReporter: Compat change id reported: 174042936; UID 10062; state: DISABLED
01-13 08:56:41.794 1477 1560 D CompatibilityChangeReporter: Compat change id reported: 135634846; UID 10062; state: DISABLED
01-13 08:56:41.794 1477 1560 D CompatibilityChangeReporter: Compat change id reported: 177438394; UID 10062; state: DISABLED
01-13 08:56:41.795 1477 1560 D CompatibilityChangeReporter: Compat change id reported: 135772972; UID 10062; state: DISABLED
01-13 08:56:41.795 1477 1560 D CompatibilityChangeReporter: Compat change id reported: 135754954; UID 10062; state: DISABLED
01-13 08:56:41.795 1477 1576 D CompatibilityChangeReporter: Compat change id reported: 143937733; UID 10062; state: DISABLED
01-13 08:56:41.796 1477 2502 I ActivityTaskManager: FOREGROUND_APPLICATION_CHANGED to com.android.settings.intelligence.search.SearchActivity
01-13 08:56:41.800 1477 1576 I ActivityManager: Start proc 6751:com.android.settings.intelligence/u0a62 for pre-top-activity {com.android.settings.intelligence/com.android.settings.intelligence.search.SearchActivity}
01-13 08:56:41.801 1477 6752 W ContextImpl: Calling a method in the system process without a qualified user: android.app.ContextImpl.sendBroadcast:1173 com.qualcomm.qti.Performance$SendGameLaunchBroadcast.run:217 java.lang.Thread.run:920
01-01 08:07:30.820 0 0 I binder : 6751:6751 ioctl 40046210 7fffcc9b84 returned -22
01-13 08:56:41.812 1477 2502 D CompatibilityChangeReporter: Compat change id reported: 168419799; UID 10062; state: DISABLED
01-13 08:56:41.822 2440 3771 W ContextImpl: Calling a method in the system process without a qualified user: android.app.ContextImpl.startService:1816 android.content.ContextWrapper.startService:774 com.thundercomm.gamemode.ingame.services.GameModeActionUtils.startGameModeService:111 com.thundercomm.gamemode.ingame.services.GameModeActionUtils.startGameModeEntry:22 com.thundercomm.gamemode.ingame.services.ActivityMonitoringService$1.onActivityLaunch:129
01-13 08:56:41.824 1477 1477 I GameModeConfig: Current uri is uri = content://com.thundercomm.gamemode.api/gamemode_settings/gamemode_isgaming
01-13 08:56:41.825 1477 1477 I GameModeConfig: isGameModeOn = true
01-13 08:56:41.825 1477 1477 I GameModeConfig: isGaming = false
01-13 08:56:41.825 1477 1477 I GameModeConfig: isGameModeOn = true
01-13 08:56:41.825 1477 1477 I GameModeConfig: isGaming = false
01-13 08:56:41.825 1477 1477 I GameModeConfig: isDisableVoice = true
01-13 08:56:41.847 1477 2563 D CompatibilityChangeReporter: Compat change id reported: 135634846; UID 10083; state: DISABLED
01-13 08:56:41.847 1477 2563 D CompatibilityChangeReporter: Compat change id reported: 177438394; UID 10083; state: DISABLED
01-13 08:56:41.847 1477 2563 D CompatibilityChangeReporter: Compat change id reported: 135772972; UID 10083; state: DISABLED
01-13 08:56:41.847 1477 2563 D CompatibilityChangeReporter: Compat change id reported: 135754954; UID 10083; state: ENABLED
01-13 08:56:41.847 1477 1576 D CompatibilityChangeReporter: Compat change id reported: 143937733; UID 10083; state: ENABLED
01-13 08:56:41.854 1477 1576 I ActivityManager: Start proc 6774:com.android.emergency/u0a83 for content provider {com.android.emergency/com.android.emergency.EmergencySearchIndexablesProvider}
01-01 08:07:30.875 0 0 I binder : 6774:6774 ioctl 40046210 7fffcc9b84 returned -22
01-13 08:56:41.870 1477 4903 D CompatibilityChangeReporter: Compat change id reported: 168419799; UID 10083; state: DISABLED
01-01 08:07:30.906 0 0 I binder : 6751:6769 ioctl 40046210 758f2731f4 returned -22
01-13 08:56:41.901 2440 3771 W ContextImpl: Calling a method in the system process without a qualified user: android.app.ContextImpl.startService:1816 android.content.ContextWrapper.startService:774 com.thundercomm.gamemode.ingame.services.GameModeActionUtils.startGameModeService:111 com.thundercomm.gamemode.ingame.services.GameModeActionUtils.startGameModeEntry:22 com.thundercomm.gamemode.ingame.services.ActivityMonitoringService$1.onActivityLaunch:129
01-13 08:56:41.903 1477 1477 I GameModeConfig: Current uri is uri = content://com.thundercomm.gamemode.api/gamemode_settings/gamemode_isgaming
01-13 08:56:41.904 1477 1477 I GameModeConfig: isGameModeOn = true
01-13 08:56:41.904 1477 1477 I GameModeConfig: isGaming = false
01-13 08:56:41.905 1477 1477 I GameModeConfig: isGameModeOn = true
01-13 08:56:41.905 1477 1477 I GameModeConfig: isGaming = false
01-13 08:56:41.905 1477 1477 I GameModeConfig: isDisableVoice = true
01-13 08:56:41.945 1477 4903 W BluetoothManagerService: psc is not null in bindBluetoothProfileService
01-13 08:56:42.010 1477 2563 D CompatibilityChangeReporter: Compat change id reported: 157233955; UID 1000; state: ENABLED
01-13 08:56:42.053 1477 2563 D CompatibilityChangeReporter: Compat change id reported: 158482162; UID 1000; state: ENABLED
01-13 08:56:42.054 1477 2563 D CompatibilityChangeReporter: Compat change id reported: 158482162; UID 1000; state: DISABLED
01-13 08:56:42.275 2440 3771 W ContextImpl: Calling a method in the system process without a qualified user: android.app.ContextImpl.startService:1816 android.content.ContextWrapper.startService:774 com.thundercomm.gamemode.ingame.services.GameModeActionUtils.startGameModeService:111 com.thundercomm.gamemode.ingame.services.GameModeActionUtils.startGameModeEntry:22 com.thundercomm.gamemode.ingame.services.ActivityMonitoringService$1.onActivityLaunch:129
01-13 08:56:42.279 1477 1477 I GameModeConfig: Current uri is uri = content://com.thundercomm.gamemode.api/gamemode_settings/gamemode_isgaming
01-13 08:56:42.281 1477 1477 I GameModeConfig: isGameModeOn = true
01-13 08:56:42.281 1477 1477 I GameModeConfig: isGaming = false
01-13 08:56:42.281 1477 1477 I GameModeConfig: isGameModeOn = true
01-13 08:56:42.281 1477 1477 I GameModeConfig: isGaming = false
01-13 08:56:42.281 1477 1477 I GameModeConfig: isDisableVoice = true
01-01 08:07:31.368 0 0 I [schedu][0x2048d40ae][08:56:42.357309] wlan: [3451:I:OSIF] vdev 0, scan id 40982 type COMPLETED(1) reason COMPLETED(1) scan found 20 bss
01-13 08:56:42.394 1477 2568 D CompatibilityChangeReporter: Compat change id reported: 135634846; UID 10025; state: DISABLED
01-13 08:56:42.394 1477 2568 D CompatibilityChangeReporter: Compat change id reported: 177438394; UID 10025; state: DISABLED
01-13 08:56:42.394 1477 2568 D CompatibilityChangeReporter: Compat change id reported: 135772972; UID 10025; state: DISABLED
01-13 08:56:42.394 1477 2568 D CompatibilityChangeReporter: Compat change id reported: 135754954; UID 10025; state: ENABLED
01-13 08:56:42.394 1477 1576 D CompatibilityChangeReporter: Compat change id reported: 143937733; UID 10025; state: ENABLED
01-13 08:56:42.405 1477 1576 I ActivityManager: Start proc 6828:com.android.traceur/u0a25 for content provider {com.android.traceur/com.android.traceur.SearchProvider}
01-01 08:07:31.436 0 0 I binder : 6828:6828 ioctl 40046210 7fffcc9b84 returned -22
01-13 08:56:42.440 1477 2563 D CompatibilityChangeReporter: Compat change id reported: 168419799; UID 10025; state: DISABLED
01-01 08:07:33.293 0 0 E [soft_i][0x206c0fb1a][08:56:44.281501] wlan: [0:E:DP] dp_tx_comp_process_tx_status: 3431: peer is null or deletion in progress
01-01 08:07:35.800 0 0 E DTC_eth,link_delay_work_func: 3002, SQI=15, link=1
01-01 08:07:37.293 0 0 E [soft_i][0x20b55081f][08:56:48.282101] wlan: [0:E:DP] dp_tx_comp_process_tx_status: 3431: peer is null or deletion in progress
01-01 08:07:40.920 0 0 E DTC_eth,link_delay_work_func: 3002, SQI=15, link=1
01-01 08:07:41.290 0 0 E [soft_i][0x20fe80c5a][08:56:52.279171] wlan: [0:E:DP] dp_tx_comp_process_tx_status: 3431: peer is null or deletion in progress
01-01 08:07:45.297 0 0 E [soft_i][0x2147dd6e4][08:56:56.285712] wlan: [0:E:DP] dp_tx_comp_process_tx_status: 3431: peer is null or deletion in progress
01-01 08:07:46.040 0 0 E DTC_eth,link_delay_work_func: 3002, SQI=15, link=1
01-01 08:07:49.304 0 0 E [soft_i][0x21913e8a7][08:57:00.293202] wlan: [0:E:DP] dp_tx_comp_process_tx_status: 3431: peer is null or deletion in progress
01-01 08:07:51.160 0 0 E DTC_eth,link_delay_work_func: 3002, SQI=15, link=1
01-01 08:07:53.305 0 0 E [soft_i][0x21da7fe69][08:57:04.293919] wlan: [0:E:DP] dp_tx_comp_process_tx_status: 3431: peer is null or deletion in progress
01-01 08:07:56.280 0 0 E DTC_eth,link_delay_work_func: 3002, SQI=15, link=1
01-01 08:07:57.302 0 0 E [soft_i][0x2223ae050][08:57:08.290531] wlan: [0:E:DP] dp_tx_comp_process_tx_status: 3431: peer is null or deletion in progress
01-01 08:08:01.297 0 0 E [soft_i][0x226cd66de][08:57:12.285925] wlan: [0:E:DP] dp_tx_comp_process_tx_status: 3431: peer is null or deletion in progress
01-01 08:08:01.400 0 0 E DTC_eth,link_delay_work_func: 3002, SQI=15, link=1
01-01 08:08:05.303 0 0 E [soft_i][0x22b62f721][08:57:16.291688] wlan: [0:E:DP] dp_tx_comp_process_tx_status: 3431: peer is null or deletion in progress
01-01 08:08:06.520 0 0 E DTC_eth,link_delay_work_func: 3002, SQI=15, link=1
01-01 08:08:06.841 0 0 I qcom_rpmh DRV: apps_rsc TCS Busy, retrying RPMH message send: addr=0x50000
01-01 08:08:06.841 0 0 I qcom_rpmh DRV: apps_rsc TCS Busy, retrying RPMH message send: addr=0x50000
01-01 08:08:06.841 0 0 I qcom_rpmh DRV: apps_rsc TCS Busy, retrying RPMH message send: addr=0x50000
01-01 08:08:09.298 0 0 E [soft_i][0x22ff58391][08:57:20.287161] wlan: [0:E:DP] dp_tx_comp_process_tx_status: 3431: peer is null or deletion in progress
01-01 08:08:11.640 0 0 E DTC_eth,link_delay_work_func: 3002, SQI=15, link=1
01-01 08:08:13.299 0 0 E [soft_i][0x234899fbb][08:57:24.287963] wlan: [0:E:DP] dp_tx_comp_process_tx_status: 3431: peer is null or deletion in progress
01-01 08:08:16.760 0 0 E DTC_eth,link_delay_work_func: 3002, SQI=15, link=1
01-01 08:08:17.306 0 0 E [soft_i][0x2391f6da3][08:57:28.294549] wlan: [0:E:DP] dp_tx_comp_process_tx_status: 3431: peer is null or deletion in progress
01-01 08:08:21.303 0 0 E [soft_i][0x23db2a4b6][08:57:32.292296] wlan: [0:E:DP] dp_tx_comp_process_tx_status: 3431: peer is null or deletion in progress
01-01 08:08:21.880 0 0 E DTC_eth,link_delay_work_func: 3002, SQI=15, link=1
01-01 08:08:23.656 0 0 I perf : interrupt took too long (3983 > 3960), lowering kernel.perf_event_max_sample_rate to 50000
01-01 08:08:25.298 0 0 E [soft_i][0x24244e688][08:57:36.286774] wlan: [0:E:DP] dp_tx_comp_process_tx_status: 3431: peer is null or deletion in progress
01-01 08:08:27.001 0 0 E DTC_eth,link_delay_work_func: 3002, SQI=15, link=1
01-01 08:08:29.302 0 0 E [soft_i][0x246d9fed7][08:57:40.290938] wlan: [0:E:DP] dp_tx_comp_process_tx_status: 3431: peer is null or deletion in progress
01-01 08:08:32.120 0 0 E DTC_eth,link_delay_work_func: 3002, SQI=15, link=1
01-01 08:08:33.311 0 0 E [soft_i][0x24b705e87][08:57:44.299467] wlan: [0:E:DP] dp_tx_comp_process_tx_status: 3431: peer is null or deletion in progress
01-01 08:08:37.240 0 0 E DTC_eth,link_delay_work_func: 3002, SQI=15, link=1
01-01 08:08:37.308 0 0 E [soft_i][0x2500376b1][08:57:48.296802] wlan: [0:E:DP] dp_tx_comp_process_tx_status: 3431: peer is null or deletion in progress
01-01 08:08:37.979 0 0 I qcom_rpmh DRV: apps_rsc TCS Busy, retrying RPMH message send: addr=0x41b08
01-01 08:08:41.306 0 0 E [soft_i][0x25496a4e6][08:57:52.294432] wlan: [0:E:DP] dp_tx_comp_process_tx_status: 3431: peer is null or deletion in progress
01-01 08:08:42.360 0 0 E DTC_eth,link_delay_work_func: 3002, SQI=15, link=1
01-01 08:08:45.306 0 0 E [soft_i][0x2592a8e29][08:57:56.294555] wlan: [0:E:DP] dp_tx_comp_process_tx_status: 3431: peer is null or deletion in progress
01-01 08:08:47.480 0 0 E DTC_eth,link_delay_work_func: 3002, SQI=15, link=1
01-01 08:08:49.318 0 0 E [soft_i][0x25dc1eda7][08:58:00.306495] wlan: [0:E:DP] dp_tx_comp_process_tx_status: 3431: peer is null or deletion in progress
01-01 08:08:52.600 0 0 E DTC_eth,link_delay_work_func: 3002, SQI=15, link=1
01-01 08:08:53.311 0 0 E [soft_i][0x26253dcf5][08:58:04.299873] wlan: [0:E:DP] dp_tx_comp_process_tx_status: 3431: peer is null or deletion in progress
01-13 08:58:07.911 1477 2563 I thunderperf: PlatormCompat.setOverrides: Uid1=10062 Pid1=6751 Uid2=10062 Pid2=6751
01-13 08:58:07.911 1477 2563 I thunderperf: PlatormCompat.setOverrides: needCheck:false
01-13 08:58:07.912 1477 2563 W PackageManager: MATCH_ANY_USER flag requires INTERACT_ACROSS_USERS permission: UID 10062 requires android.permission.INTERACT_ACROSS_USERS_FULL or android.permission.INTERACT_ACROSS_USERS to access user 0.
01-13 08:58:07.913 1477 2563 I ActivityTaskManager: START u0 {cmp=com.tc.logclient/.LogClientActivity} from uid 10062
01-13 08:58:07.924 1477 2563 W ActivityTaskManager: Can't find TaskDisplayArea to determine support for multi window. Task id=341 attached=false
01-13 08:58:07.934 1477 1995 I ActivityTaskManager: FOREGROUND_APPLICATION_CHANGED to com.tc.logclient.LogClientActivity
01-13 08:58:07.934 1477 1995 I ActivityTaskManager: The Process com.tc.logclient Already Exists in BG. So sending its PID: 2227
01-13 08:58:07.977 2227 2227 W ContextImpl: Calling a method in the system process without a qualified user: android.app.ContextImpl.startService:1816 android.content.ContextWrapper.startService:774 android.content.ContextWrapper.startService:774 com.tc.logclient.LogZipService.start:38 com.tc.logclient.LogClientFragment.onCreate:111
01-13 08:58:08.047 2440 3771 W ContextImpl: Calling a method in the system process without a qualified user: android.app.ContextImpl.startService:1816 android.content.ContextWrapper.startService:774 com.thundercomm.gamemode.ingame.services.GameModeActionUtils.startGameModeService:111 com.thundercomm.gamemode.ingame.services.GameModeActionUtils.startGameModeEntry:22 com.thundercomm.gamemode.ingame.services.ActivityMonitoringService$1.onActivityLaunch:129
01-13 08:58:08.051 1477 1477 I GameModeConfig: Current uri is uri = content://com.thundercomm.gamemode.api/gamemode_settings/gamemode_isgaming
01-13 08:58:08.056 1477 1477 I GameModeConfig: isGameModeOn = true
01-13 08:58:08.056 1477 1477 I GameModeConfig: isGaming = false
01-13 08:58:08.056 1477 1477 I GameModeConfig: isGameModeOn = true
01-13 08:58:08.056 1477 1477 I GameModeConfig: isGaming = false
01-13 08:58:08.056 1477 1477 I GameModeConfig: isDisableVoice = true
01-01 08:08:57.300 0 0 E [soft_i][0x266e4962d][08:58:08.289116] wlan: [0:E:DP] dp_tx_comp_process_tx_status: 3431: peer is null or deletion in progress
01-13 08:58:08.302 2227 2227 W ContextImpl: Calling a method in the system process without a qualified user: android.app.ContextImpl.startService:1816 android.content.ContextWrapper.startService:774 android.content.ContextWrapper.startService:774 com.tc.logclient.LogZipService.start:38 com.tc.logclient.LogClientFragment$1.run:153
01-13 08:58:08.498 2440 3771 W ContextImpl: Calling a method in the system process without a qualified user: android.app.ContextImpl.startService:1816 android.content.ContextWrapper.startService:774 com.thundercomm.gamemode.ingame.services.GameModeActionUtils.startGameModeService:111 com.thundercomm.gamemode.ingame.services.GameModeActionUtils.startGameModeEntry:22 com.thundercomm.gamemode.ingame.services.ActivityMonitoringService$1.onActivityLaunch:129
01-13 08:58:08.499 1477 1477 I GameModeConfig: Current uri is uri = content://com.thundercomm.gamemode.api/gamemode_settings/gamemode_isgaming
01-13 08:58:08.500 1477 1477 I GameModeConfig: isGameModeOn = true
01-13 08:58:08.500 1477 1477 I GameModeConfig: isGaming = false
01-13 08:58:08.500 1477 1477 I GameModeConfig: isGameModeOn = true
01-13 08:58:08.501 1477 1477 I GameModeConfig: isGaming = false
01-13 08:58:08.501 1477 1477 I GameModeConfig: isDisableVoice = true
01-01 08:08:57.720 0 0 E DTC_eth,link_delay_work_func: 3002, SQI=15, link=1
01-01 08:09:01.312 0 0 E [soft_i][0x26b7be9e3][08:58:12.300898] wlan: [0:E:DP] dp_tx_comp_process_tx_status: 3431: peer is null or deletion in progress
01-13 08:58:13.262 2227 2227 W ContextImpl: Calling a method in the system process without a qualified user: android.app.ContextImpl.startService:1816 android.content.ContextWrapper.startService:774 android.content.ContextWrapper.startService:774 com.tc.logclient.LogZipService.start:38 com.tc.logclient.LogClientFragment.startingLog:398
01-13 08:58:13.265 2227 2227 W ContextImpl: Calling a method in the system process without a qualified user: android.app.ContextImpl.startService:1816 android.content.ContextWrapper.startService:774 android.content.ContextWrapper.startService:774 com.tc.logclient.LogClientFragment.startingLog:403 com.tc.logclient.LogClientFragment.onClick:276
01-01 08:09:02.280 0 0 I init : processing action (sys.tlog.android.active=1) from (/system/etc/init/tlogd.rc:115)
01-01 08:09:02.283 0 0 I init : starting service 'tlogManual'...
01-01 08:09:02.286 0 0 I init : Created socket '/dev/socket/tlogd_manual', mode 666, user 1000, group 1000
01-13 08:58:13.283 1477 1930 I GameModeConfig: isGameModeOn = true
01-13 08:58:13.283 1477 1930 I GameModeConfig: isGaming = false
01-01 08:09:02.292 0 0 I init : processing action (sys.tlog.tcpdump.active=1) from (/system/etc/init/tlogd.rc:102)
01-01 08:09:02.292 0 0 I init : starting service 'tlogTcpdump'...
01-01 08:09:02.296 0 0 I init : processing action (sys.tlog.qxdm.active=1) from (/system/etc/init/tlogd.rc:109)
01-01 08:09:02.296 0 0 I init : starting service 'tlogQxdmStart'...
01-01 08:09:02.304 0 0 I init : processing action (sys.tlog.bluetooth.active=1) from (/system/etc/init/tlogd.rc:154)
01-01 08:09:02.304 0 0 I init : starting service 'tlogdBluetooth'...
01-01 08:09:02.333 0 0 I logd : logdr: UID=1000 GID=1000 PID=7043 b tail=0 logMask=9f pid=0 start=0ns deadline=0ns
01-01 08:09:02.339 0 0 I binder : 7043:7048 ioctl 40046210 7b4ff1a044 returned -22
01-01 08:09:02.340 0 0 I init : Service 'tlogdBluetooth' (pid 7047) exited with status 1 oneshot service took 0.034000 seconds in background
01-13 08:58:13.494 1477 1477 I GameModeConfig: isGameModeOn = true
01-13 08:58:13.494 1477 1477 I GameModeConfig: isGaming = false
01-13 08:58:13.499 1477 1477 W NotificationHistory: Attempted to add notif for locked/gone/disabled user 0
01-01 08:09:02.844 0 0 E DTC_eth,link_delay_work_func: 3002, SQI=15, link=1
01-01 08:09:03.171 0 0 I afe_find_cal_topo_id_by_port: port id: 0x9000, dev_acdb_id: 0
01-01 08:09:03.171 0 0 I afe_find_cal_topo_id_by_port: top_id:112fc acdb_id:15 afe_port:0x9000
01-01 08:09:03.171 0 0 I afe_get_cal_topology_id: port_id = 0x9000 acdb_id = 15 topology_id = 0x112fc cal_type_index=8 ret=0
01-01 08:09:03.171 0 0 I afe_send_port_topology_id: AFE set topology id 0x112fc enable for port 0x9000 ret 0
01-01 08:09:03.171 0 0 I send_afe_cal_type: cal_index is 0
01-01 08:09:03.171 0 0 I send_afe_cal_type: dev_acdb_id[55] is 0
01-01 08:09:03.171 0 0 I send_afe_cal_type: Sending cal_index cal 0
