01-01 08:00:07.566 0 0 D ProcessState: Binder ioctl to enable oneway spam detection failed: Invalid argument
01-01 08:00:07.566 0 0 D vdc : Waited 0ms for vold
01-01 08:00:07.574 0 0 W subsys-pil-tz soc: qcom,ipa_fws: Falling back to syfs fallback for: ipa_fws.mdt
01-01 08:00:07.575 0 0 I init : wait for '/mnt/vendor/spunvm' took 0ms
01-01 08:00:07.587 0 0 I binder : 573:573 ioctl 40046210 7ffa1b7e44 returned -22
01-01 08:00:07.587 0 0 I binder : 573:573 ioctl 40046210 7ffa1b7d84 returned -22
01-01 08:00:07.595 572 572 D spdaemon: Firmware Name [spss2p].
01-01 08:00:07.595 572 572 D spdaemon: Prod FW.
01-01 08:00:07.595 572 572 D spdaemon: firmware_type [p].
01-01 08:00:07.595 572 572 D spdaemon: open() file [/sys/devices/soc0/machine] Failed, ret =-1.
01-01 08:00:07.595 572 572 D spdaemon: soc_type 1048576
01-01 08:00:07.595 572 572 E iardb : [iar_db_get_iar_state] failed to open file /mnt/vendor/spunvm/iar_db/iar_state.bin [13] [Permission denied]
01-01 08:00:07.595 572 572 D iarlib : [iar_get_state] Can't get iar_state, return DISABLED
01-01 08:00:07.595 572 572 I spdaemon: IAR is not activated
01-01 08:00:07.595 572 572 D spdaemon: ------ going to start SP From kernel ------
01-01 08:00:07.595 572 572 I spcomlib: [spcom_restart_sp_subsystem] restart_sp starts
01-01 08:00:07.595 572 572 D spcomlib: [spcom_restart_sp_subsystem] restart_sp - Send PIL request [1]
01-01 08:00:07.595 0 0 I : SW_INIT_DONE - 2nd phase loading [spss] completed ok
01-01 08:00:07.595 0 0 I : PBL_DONE - 1st phase loading [spss] completed ok
01-01 08:00:07.596 572 572 D spcomlib: [spcom_restart_sp_subsystem] restart_sp - Restart SP command ok.
01-01 08:00:07.596 572 572 D spcomlib: [spcom_signal_event] event [0] [pil_called] EVENT_STATUS_SIGNALED
01-01 08:00:07.596 572 572 I spcomlib: [spcom_reset_all_app_loaded_prop] start reset all spcomlib apploaded props.
01-01 08:00:07.597 0 0 E register_client_adhoc: find path.src 1 dest 589
01-01 08:00:07.597 0 0 E register_client_adhoc: Failed to find path.src 1 dest 589
01-01 08:00:07.598 0 0 E : [drm:dp_display_init_aux_switch][msm-dp-err][83 ]failed to register notifier (-22)
01-01 08:00:07.603 0 0 I wait_for_keymaster: Waiting for Keymaster device
01-01 08:00:07.603 0 0 I binder : 583:583 ioctl 40046210 7fc0a5c8d4 returned -22
01-01 08:00:07.603 0 0 D ProcessState: Binder ioctl to enable oneway spam detection failed: Invalid argument
01-01 08:00:07.623 0 0 I binder : 574:574 ioctl 40046210 7ff20b7564 returned -22
01-01 08:00:07.628 0 0 I binder : 574:586 ioctl 40046210 7357db2154 returned -22
01-01 08:00:07.697 0 0 I subsys-pil-tz soc: qcom,ipa_fws: ipa_fws: loading from 0x0000000086810000 to 0x0000000086819000
01-01 08:00:07.699 0 0 W subsys-pil-tz soc: qcom,ipa_fws: Falling back to syfs fallback for: ipa_fws.b02
01-01 08:00:07.699 0 0 W subsys-pil-tz soc: qcom,ipa_fws: Falling back to syfs fallback for: ipa_fws.b03
01-01 08:00:07.699 0 0 W subsys-pil-tz soc: qcom,ipa_fws: Falling back to syfs fallback for: ipa_fws.b04
01-01 08:00:07.704 0 0 I subsys-pil-tz soc: qcom,ipa_fws: ipa_fws: Brought out of reset
01-01 08:00:07.704 0 0 I : IPA FW loaded successfully
01-01 08:00:07.704 0 0 E gsi soc : qcom,msm_gsi: gsi_register_device:1203 GSI irq is wake enabled 34
01-01 08:00:07.706 0 0 I : rmnet_ipa3 started initialization
01-01 08:00:07.706 0 0 I : IPA SSR support = True
01-01 08:00:07.706 0 0 I : IPA SG support = True
01-01 08:00:07.706 0 0 I : IPA Napi Enable = True
01-01 08:00:07.706 0 0 I : using default for wan-rx-desc-size = 256
01-01 08:00:07.706 0 0 I : IPA driver initialization was successful.
01-01 08:00:07.706 0 0 W subsys-pil-tz soc: qcom,ipa_uc: Falling back to syfs fallback for: ipa_uc.mdt
01-01 08:00:07.706 0 0 E ipa-wan ipa3_wwan_probe: 2530 rmnet_ipa completed initialization
01-01 08:00:07.710 0 0 I subsys-pil-tz soc: qcom,ipa_uc: ipa_uc: loading from 0x0000000086800000 to 0x0000000086810000
01-01 08:00:07.712 0 0 W subsys-pil-tz soc: qcom,ipa_uc: Falling back to syfs fallback for: ipa_uc.b02
01-01 08:00:07.716 0 0 I subsys-pil-tz soc: qcom,ipa_uc: ipa_uc: Brought out of reset
01-01 08:00:07.716 0 0 E ipa3_uc_wdi_event_log_info_handler: 351 WDI protocol missing 0x21
01-01 08:00:07.716 0 0 E ipa3_uc_ntn_event_log_info_handler: 34 NTN stats ofst=0x500e0
01-01 08:00:08.604 0 0 W ServiceManager: Waited one second for android.system.keystore2.IKeystoreService/default (is service started? are binder threads started and available?)
01-01 08:00:08.604 0 0 I wait_for_keymaster: Keymaster device ready
01-01 08:00:08.608 0 0 I binder : undelivered transaction 235, process died.
01-01 08:00:08.610 0 0 I binder : 615:615 ioctl 40046210 7fda493694 returned -22
01-01 08:00:08.610 0 0 D ProcessState: Binder ioctl to enable oneway spam detection failed: Invalid argument
01-01 08:00:08.610 0 0 D vdc : Waited 0ms for vold
01-01 08:00:08.623 0 0 I binder : 617:617 ioctl 40046210 7fe2220e94 returned -22
01-01 08:00:08.623 0 0 D ProcessState: Binder ioctl to enable oneway spam detection failed: Invalid argument
01-01 08:00:08.623 0 0 D vdc : Waited 0ms for vold
01-01 08:00:08.623 524 524 D vold : fscrypt_mount_metadata_encrypted: /data encrypt: 0 format: 0 with null
01-01 08:00:08.624 524 524 D vold : metadata_key_dir/key: /metadata/vold/metadata_encryption/key
01-01 08:00:08.624 524 524 D vold : Key exists, using: /metadata/vold/metadata_encryption/key
01-01 08:00:08.632 524 524 D vold : Mounting metadata-encrypted filesystem:/data
01-01 08:00:08.636 524 524 I vold : [libfs_mgr]Running /system/bin/fsck.f2fs -a -c 10000 --debug-cache /dev/block/dm-15
01-01 08:00:08.639 0 0 I fsck.f2fs: Info: Fix the reported corruption.
01-01 08:00:08.639 0 0 I fsck.f2fs: Info: No support kernel version!
01-01 08:00:08.639 0 0 I fsck.f2fs: Info: Segments per section = 1
01-01 08:00:08.639 0 0 I fsck.f2fs: Info: Sections per zone = 1
01-01 08:00:08.639 0 0 I fsck.f2fs: Info: sector size = 4096
01-01 08:00:08.639 0 0 I fsck.f2fs: Info: total sectors = 28958163 (113117 MB)
01-01 08:00:08.640 0 0 I fsck.f2fs: Info: MKFS version
01-01 08:00:08.640 0 0 I fsck.f2fs: "4.19.157-perf+ #1 SMP PREEMPT Thu Dec 1 19:37:50 CST 2022"
01-01 08:00:08.640 0 0 I fsck.f2fs: Info: FSCK version
01-01 08:00:08.640 0 0 I fsck.f2fs: from "4.19.157-perf+"
01-01 08:00:08.672 0 0 I F2FS-fs (dm-15): Mounted with checkpoint version = 4a0123ed
01-01 08:00:08.672 524 524 I vold : [libfs_mgr]__mount(source=/dev/block/dm-15,target=/data,type=f2fs)=0: Success
01-01 08:00:08.672 524 524 D vold : Mounted /data
01-01 08:00:08.672 524 567 D vold : Disk at 252:15 changed
01-01 08:00:08.682 0 0 I binder : 624:624 ioctl 40046210 7fdb495054 returned -22
01-01 08:00:08.682 0 0 D ProcessState: Binder ioctl to enable oneway spam detection failed: Invalid argument
01-01 08:00:08.682 0 0 D vdc : Waited 0ms for vold
01-01 08:00:08.683 524 524 I Checkpoint: cp_prepareCheckpoint called
01-01 08:00:08.689 0 0 I binder : 626:626 ioctl 40046210 7fdad2b3f4 returned -22
01-01 08:00:08.689 0 0 D ProcessState: Binder ioctl to enable oneway spam detection failed: Invalid argument
01-01 08:00:08.689 0 0 D vdc : Waited 0ms for vold
01-01 08:00:08.689 524 524 I vold : fscrypt_initialize_systemwide_keys
01-01 08:00:08.690 524 524 D vold : Key exists, using: /data/unencrypted/key
01-01 08:00:08.700 524 524 D vold : Installed fscrypt key with ref 507c7e71b8ad7c6dea3bdbc0054cb2ab to /data
01-01 08:00:08.700 524 524 D vold : Added fscrypt-provisioning key for 507c7e71b8ad7c6dea3bdbc0054cb2ab to session keyring
01-01 08:00:08.701 524 524 I vold : Wrote system DE key reference to:/data/unencrypted/ref
01-01 08:00:08.701 524 524 D vold : Generating wrapped storage key
01-01 08:00:08.702 524 524 E vold : keystore2 Keystore generateKey returned service specific error: -67
01-01 08:00:08.702 524 524 W vold : Failed to generate rollback-resistant key. This is expected if keymaster doesn't support rollback resistance. Falling back to non-rollback-resistant key.
01-01 08:00:08.708 623 625 D spcomlib: [spcom_register_service] spcom_register_service() name [sp_keymaster_ssr] pid [531914116272]
01-01 08:00:08.708 623 625 D spcomlib: [spcom_open] ch [sp_keymaster_ssr] doesn't exist, create it.
01-01 08:00:08.708 524 524 D vold : Installed fscrypt key with ref 498b6142eb089f34654613bb302cd9ab to /data
01-01 08:00:08.708 623 625 D spcomlib: [spcom_create_channel] Create Channel [sp_keymaster_ssr].
01-01 08:00:08.708 524 524 D vold : Added fscrypt-provisioning key for 498b6142eb089f34654613bb302cd9ab to session keyring
01-01 08:00:08.709 524 524 I vold : Wrote per boot key reference to:/data/unencrypted/per_boot_ref
01-01 08:00:08.710 0 0 I fscrypt : AES-256-CTS-CBC using implementation "cts(cbc-aes-ce)"
01-01 08:00:08.721 0 0 I binder : 634:634 ioctl 40046210 7fd9b33394 returned -22
01-01 08:00:08.721 0 0 D ProcessState: Binder ioctl to enable oneway spam detection failed: Invalid argument
01-01 08:00:08.721 0 0 D vdc : Waited 0ms for vold
01-01 08:00:08.721 524 524 I incfs : Initial API level of the device: 30
01-01 08:00:08.721 524 524 I incfs : ro.incremental.enable: 1
01-01 08:00:08.721 524 524 I incfs : isFsAvailable: true
01-01 08:00:08.721 524 524 I incfs : isFsAvailable: true
01-01 08:00:08.721 524 524 I incfs : IncFs_Features: v1
01-01 08:00:08.728 623 625 D spcomlib: [add_ssr_cb] ssr cb added!
01-01 08:00:08.728 623 625 D spcomlib: [start_ssr_thread] ch [spcom] ready!
01-01 08:00:08.728 623 625 D spcomlib: [start_ssr_thread] main pthread self_id [0xd88d4cb0].
01-01 08:00:08.728 623 625 D spcomlib: [start_ssr_thread] pthread_create() ret [0] thread-id [0xd77d6cb0].
01-01 08:00:08.728 623 625 D spcomlib: [start_ssr_thread] Wait for SSR thread to run.
01-01 08:00:08.728 623 636 D spcomlib: [notify_ssr_thread] SSR pthread self_id [0xd77d6cb0].
01-01 08:00:08.728 623 625 D spcomlib: [start_ssr_thread] pthread_cond_wait() ret [0].
01-01 08:00:08.728 623 625 D spcomlib: [start_ssr_thread] done.
01-01 08:00:08.728 623 625 D spcomlib: [add_ch] add ch [sp_keymaster_ssr].
01-01 08:00:08.728 623 625 D spcomlib: [spcom_register_service] spcom_register_service() name [sp_keymaster_ssr] pid [531914116272] done
01-01 08:00:08.734 524 524 E vold : keystore2 Keystore earlyBootEnded returned service specific error: -68
01-01 08:00:08.744 0 0 I apexd : This device does not support updatable APEX. Exiting
01-01 08:00:08.744 0 0 I apexd : Marking APEXd as activated
01-01 08:00:08.782 0 0 I binder : 641:641 ioctl 40046210 7fc8edb8a4 returned -22
01-01 08:00:08.782 0 0 D ProcessState: Binder ioctl to enable oneway spam detection failed: Invalid argument
01-01 08:00:08.782 0 0 D vdc : Waited 0ms for vold
01-01 08:00:08.782 524 524 D vold : fscrypt_init_user0
01-01 08:00:08.782 524 524 D vold : Preparing: /data/misc/vold/user_keys
01-01 08:00:08.783 524 524 D vold : Preparing: /data/misc/vold/user_keys/ce
01-01 08:00:08.783 524 524 D vold : Preparing: /data/misc/vold/user_keys/de
01-01 08:00:08.793 524 524 D vold : Installed fscrypt key with ref 2b8ddad9e2d846bc7d6b7b0df43762d9 to /data
01-01 08:00:08.793 524 524 D vold : Added fscrypt-provisioning key for 2b8ddad9e2d846bc7d6b7b0df43762d9 to session keyring
01-01 08:00:08.793 524 524 D vold : Installed de key for user 0
01-01 08:00:08.793 524 524 D vold : fscrypt_prepare_user_storage for volume null, user 0, serial 0, flags 1
01-01 08:00:08.793 524 524 D vold : Preparing: /data/system/users/0
01-01 08:00:08.793 524 524 D vold : Preparing: /data/misc/profiles/cur/0
01-01 08:00:08.793 524 524 D vold : Preparing: /data/system_de/0
01-01 08:00:08.794 524 524 D vold : Preparing: /data/misc_de/0
01-01 08:00:08.794 524 524 D vold : Preparing: /data/vendor_de/0
01-01 08:00:08.794 524 524 D vold : Preparing: /data/user_de/0
01-01 08:00:08.794 524 524 I vold : Verified that /data/system_de/0 has the encryption policy 2b8ddad9e2d846bc7d6b7b0df43762d9 v2 modes 1/4 flags 0xa
01-01 08:00:08.794 524 524 I vold : Verified that /data/misc_de/0 has the encryption policy 2b8ddad9e2d846bc7d6b7b0df43762d9 v2 modes 1/4 flags 0xa
01-01 08:00:08.794 524 524 I vold : Verified that /data/vendor_de/0 has the encryption policy 2b8ddad9e2d846bc7d6b7b0df43762d9 v2 modes 1/4 flags 0xa
01-01 08:00:08.794 524 524 I vold : Verified that /data/user_de/0 has the encryption policy 2b8ddad9e2d846bc7d6b7b0df43762d9 v2 modes 1/4 flags 0xa
01-01 08:00:08.794 524 524 D vold : /system/bin/vold_prepare_subdirs
01-01 08:00:08.794 524 524 D vold : prepare
01-01 08:00:08.794 524 524 D vold :
01-01 08:00:08.794 524 524 D vold : 0
01-01 08:00:08.794 524 524 D vold : 1
01-01 08:00:08.810 524 524 D vold : Detected support for FS_IOC_ADD_ENCRYPTION_KEY
01-01 08:00:08.847 0 0 I apexd : This device does not support updatable APEX. Exiting
01-01 08:00:08.847 0 0 I apexd : Marking APEXd as ready
01-01 08:00:08.867 0 0 D cnss : File system is ready, fs_ready is 1, count is 1
01-01 08:00:08.867 0 0 D cnss : Posting event: COLD_BOOT_CAL_START(5), state: 0x0 flags: 0x0
01-01 08:00:08.867 0 0 D cnss : PM stay awake, state: 0x0, count: 1
01-01 08:00:08.867 0 0 D cnss : PM relax, state: 0x0, count: 0
01-01 08:00:08.867 0 0 D cnss : PM stay awake, state: 0x0, count: 1
01-01 08:00:08.867 0 0 D cnss : Processing driver event: COLD_BOOT_CAL_START(5), state: 0x0
01-01 08:00:08.867 0 0 D cnss : Regulator vdd-wlan-io is being enabled
01-01 08:00:08.867 0 0 D cnss : Regulator wlan-ant-switch is being enabled
01-01 08:00:08.867 0 0 D cnss : Regulator vdd-wlan-aon is being enabled
01-01 08:00:08.867 0 0 D cnss : Regulator vdd-wlan-dig is being enabled
01-01 08:00:08.867 0 0 D cnss : Regulator vdd-wlan-rfa1 is being enabled
01-01 08:00:08.867 0 0 D cnss : Regulator vdd-wlan-rfa2 is being enabled
01-01 08:00:08.868 0 0 D cnss : BT_EN_GPIO State: Off. Delay WLAN_GPIO enable
01-01 08:00:08.956 0 0 I update_verifier: Started with arg 1: nonencrypted
01-01 08:00:08.956 0 0 I binder : 670:670 ioctl 40046210 7fee9ddc64 returned -22
01-01 08:00:08.956 0 0 D hw-ProcessState: Binder ioctl to enable oneway spam detection failed: Invalid argument
01-01 08:00:08.957 0 0 I update_verifier: Booting slot 0: isSlotMarkedSuccessful=1
01-01 08:00:08.957 0 0 I update_verifier: Leaving update_verifier.
01-01 08:00:08.964 0 0 W subsys-pil-tz 17300000.qcom,lpass: Falling back to syfs fallback for: adsp.mdt
01-01 08:00:08.964 0 0 W subsys-pil-tz 8300000.qcom,turing: Falling back to syfs fallback for: cdsp.mdt
01-01 08:00:08.966 0 0 I subsys-pil-tz 17300000.qcom,lpass: adsp: loading from 0x000000008a100000 to 0x000000008be00000
01-01 08:00:08.966 0 0 I subsys-pil-tz 8300000.qcom,turing: cdsp: loading from 0x0000000087800000 to 0x0000000088c00000
01-01 08:00:08.969 0 0 I binder : 671:671 ioctl 40046210 7fd17af464 returned -22
01-01 08:00:08.971 0 0 W subsys-pil-tz 17300000.qcom,lpass: Falling back to syfs fallback for: adsp.b02
01-01 08:00:08.971 0 0 W subsys-pil-tz 17300000.qcom,lpass: Falling back to syfs fallback for: adsp.b03
01-01 08:00:08.971 0 0 W subsys-pil-tz 17300000.qcom,lpass: Falling back to syfs fallback for: adsp.b04
01-01 08:00:08.971 0 0 W subsys-pil-tz 17300000.qcom,lpass: Falling back to syfs fallback for: adsp.b05
01-01 08:00:08.971 0 0 W subsys-pil-tz 17300000.qcom,lpass: Falling back to syfs fallback for: adsp.b06
01-01 08:00:08.972 0 0 W subsys-pil-tz 17300000.qcom,lpass: Falling back to syfs fallback for: adsp.b07
01-01 08:00:08.973 0 0 D cnss : Assert WLAN_EN GPIO successfully
01-01 08:00:08.973 0 0 D cnss : Resuming PCI link
01-01 08:00:08.973 0 0 I msm_pcie_enable: PCIe: Assert the reset of endpoint of RC0.
01-01 08:00:08.973 0 0 W subsys-pil-tz 17300000.qcom,lpass: Falling back to syfs fallback for: adsp.b08
01-01 08:00:08.973 0 0 W subsys-pil-tz 17300000.qcom,lpass: Falling back to syfs fallback for: adsp.b09
01-01 08:00:08.973 0 0 W subsys-pil-tz 17300000.qcom,lpass: Falling back to syfs fallback for: adsp.b10
01-01 08:00:08.973 0 0 W subsys-pil-tz 17300000.qcom,lpass: Falling back to syfs fallback for: adsp.b11
01-01 08:00:08.973 0 0 W subsys-pil-tz 17300000.qcom,lpass: Falling back to syfs fallback for: adsp.b12
01-01 08:00:08.973 0 0 W subsys-pil-tz 17300000.qcom,lpass: Falling back to syfs fallback for: adsp.b13
01-01 08:00:08.973 0 0 W subsys-pil-tz 17300000.qcom,lpass: Falling back to syfs fallback for: adsp.b14
01-01 08:00:08.973 0 0 W subsys-pil-tz 17300000.qcom,lpass: Falling back to syfs fallback for: adsp.b15
01-01 08:00:08.973 0 0 W subsys-pil-tz 17300000.qcom,lpass: Falling back to syfs fallback for: adsp.b16
01-01 08:00:08.973 0 0 W subsys-pil-tz 17300000.qcom,lpass: Falling back to syfs fallback for: adsp.b17
01-01 08:00:08.974 0 0 W subsys-pil-tz 17300000.qcom,lpass: Falling back to syfs fallback for: adsp.b18
01-01 08:00:08.974 0 0 W subsys-pil-tz 8300000.qcom,turing: Falling back to syfs fallback for: cdsp.b02
01-01 08:00:08.974 0 0 W subsys-pil-tz 8300000.qcom,turing: Falling back to syfs fallback for: cdsp.b03
01-01 08:00:08.974 0 0 W subsys-pil-tz 8300000.qcom,turing: Falling back to syfs fallback for: cdsp.b04
01-01 08:00:08.974 0 0 W subsys-pil-tz 8300000.qcom,turing: Falling back to syfs fallback for: cdsp.b05
01-01 08:00:08.974 0 0 W subsys-pil-tz 8300000.qcom,turing: Falling back to syfs fallback for: cdsp.b06
01-01 08:00:08.974 0 0 W subsys-pil-tz 8300000.qcom,turing: Falling back to syfs fallback for: cdsp.b08
01-01 08:00:08.974 0 0 W subsys-pil-tz 8300000.qcom,turing: Falling back to syfs fallback for: cdsp.b09
01-01 08:00:08.974 0 0 W subsys-pil-tz 8300000.qcom,turing: Falling back to syfs fallback for: cdsp.b11
01-01 08:00:08.976 0 0 I msm_pcie_enable: PCIe: RC0: PCIE20_PARF_INT_ALL_MASK: 0x7f80d202
01-01 08:00:08.978 0 0 I pcie_phy_init: PCIe RC0 PHY is ready!
01-01 08:00:08.988 0 0 I msm_pcie_enable: PCIe: Release the reset of endpoint of RC0.
01-01 08:00:09.005 0 0 I msm_pcie_link_train: PCIe RC0 link initialized
01-01 08:00:09.020 0 0 I cnss_pci 0000: 01:00.0: enabling device (0000 -> 0002)
01-01 08:00:09.020 0 0 D cnss : Read register offset 0x1f8031c, val = 0x6
01-01 08:00:09.020 0 0 D cnss : Write val 0x2 to register offset 0x1f8031c
01-01 08:00:09.020 0 0 D cnss : Setting MHI state: INIT(0)
01-01 08:00:09.043 0 0 E OF : graph: no port node found in /soc/qcom,dsi-display-primary
01-01 08:00:09.043 0 0 W [drm] [msm-dsi-warn]: [2560x1080 video mode dsi boe panel] fallback to default te-pin-select
01-01 08:00:09.043 0 0 I msm_drm ae00000.qcom,mdss_mdp: Linked as a consumer to regulator.31
01-01 08:00:09.043 0 0 E register_client_adhoc: find path.src 1 dest 590
01-01 08:00:09.044 0 0 E register_client_adhoc: Client handle 15 mdss_reg
01-01 08:00:09.044 0 0 E register_client_adhoc: find path.src 22 dest 512
01-01 08:00:09.044 0 0 E register_client_adhoc: find path.src 23 dest 512
01-01 08:00:09.044 0 0 E register_client_adhoc: Client handle 53 mdss_sde
01-01 08:00:09.044 0 0 I msm_drm ae00000.qcom,mdss_mdp: bound soc:qcom,wb-display@0 (ops sde_wb_comp_ops)
01-01 08:00:09.044 0 0 I msm-dsi-display soc: qcom,dsi-display-primary: Linked as a consumer to regulator.25
01-01 08:00:09.044 0 0 I [drm:dsi_display_bind] [msm-dsi-info]: Successfully bind display panel 'qcom,mdss_dsi_panel_boe_2560x1080_video'
01-01 08:00:09.045 0 0 I msm_drm ae00000.qcom,mdss_mdp: bound soc:qcom,dsi-display-primary (ops dsi_display_comp_ops)
01-01 08:00:09.045 0 0 I msm_drm ae00000.qcom,mdss_mdp: bound af20000.qcom,sde_rscc (ops sde_rsc_comp_ops)
01-01 08:00:09.045 0 0 I : [drm] mapped mdp address space @0000000000000000
01-01 08:00:09.045 0 0 I qcom_rpmh DRV: apps_rsc TCS Busy, retrying RPMH message send: addr=0x30080
01-01 08:00:09.045 0 0 I : [drm:_sde_kms_hw_init_blocks:3613] sde hardware revision:0x60000000
01-01 08:00:09.047 0 0 I msmdrm_smmu ae00000.qcom,mdss_mdp: qcom,smmu_sde_unsec_cb: Linked as a consumer to 15000000.apps-smmu
01-01 08:00:09.047 0 0 I iommu : Adding device ae00000.qcom,mdss_mdp:qcom,smmu_sde_unsec_cb to group 48
01-01 08:00:09.047 0 0 I : [drm] probing device qcom,smmu_sde_unsec
01-01 08:00:09.047 0 0 I : [drm] Created domain mdp_ns, secure=0
01-01 08:00:09.048 0 0 I msmdrm_smmu ae00000.qcom,mdss_mdp: qcom,smmu_sde_sec_cb: Linked as a consumer to 15000000.apps-smmu
01-01 08:00:09.053 0 0 I binder : 672:672 ioctl 40046210 7fc9cd9ba4 returned -22
01-01 08:00:09.053 0 0 I binder : 672:672 ioctl 40046210 7fc9cd9db4 returned -22
01-01 08:00:09.068 0 0 I subsys-pil-tz 17300000.qcom,lpass: adsp: Brought out of reset
01-01 08:00:09.076 0 0 E register_client_adhoc: find path.src 1 dest 589
01-01 08:00:09.076 0 0 E register_client_adhoc: Failed to find path.src 1 dest 589
01-01 08:00:09.077 0 0 D cnss : Setting MHI state: POWER_ON(2)
01-01 08:00:09.077 0 0 W cnss_pci 0000: 01:00.0: Falling back to syfs fallback for: qca6390/amss20.bin
01-01 08:00:09.077 0 0 E : [drm:dp_display_init_aux_switch][msm-dp-err][497 ]failed to register notifier (-22)
01-01 08:00:09.092 0 0 I subsys-pil-tz 17300000.qcom,lpass: Subsystem error monitoring/handling services are up
01-01 08:00:09.092 0 0 I subsys-pil-tz 17300000.qcom,lpass: adsp: Power/Clock ready interrupt received
01-01 08:00:09.092 0 0 I qcom_rpmh DRV: apps_rsc TCS Busy, retrying RPMH message send: addr=0x30030
01-01 08:00:09.092 0 0 I qcom_rpmh DRV: apps_rsc TCS Busy, retrying RPMH message send: addr=0x30030
01-01 08:00:09.092 0 0 I qcom_rpmh DRV: apps_rsc TCS Busy, retrying RPMH message send: addr=0x30040
01-01 08:00:09.092 0 0 I adsprpc : fastrpc_restart_notifier_cb: adsp subsystem is up
01-01 08:00:09.092 0 0 E register_client_adhoc: find path.src 1 dest 589
01-01 08:00:09.092 0 0 E register_client_adhoc: Failed to find path.src 1 dest 589
01-01 08:00:09.092 0 0 E : [drm:dp_display_init_aux_switch][msm-dp-err][611 ]failed to register notifier (-22)
01-01 08:00:09.093 0 0 E register_client_adhoc: find path.src 1 dest 589
01-01 08:00:09.093 0 0 E register_client_adhoc: Failed to find path.src 1 dest 589
01-01 08:00:09.093 0 0 D cnss : DRV subsystem is connected
01-01 08:00:09.093 0 0 E : [drm:dp_display_init_aux_switch][msm-dp-err][611 ]failed to register notifier (-22)
01-01 08:00:09.094 0 0 I qcom_smd_qrtr_probe: Entered
01-01 08:00:09.094 0 0 E register_client_adhoc: find path.src 1 dest 589
01-01 08:00:09.094 0 0 I qcom_smd_qrtr_probe: SMD QRTR driver probed
01-01 08:00:09.094 0 0 E register_client_adhoc: Failed to find path.src 1 dest 589
01-01 08:00:09.095 0 0 E : [drm:dp_display_init_aux_switch][msm-dp-err][474 ]failed to register notifier (-22)
01-01 08:00:09.095 0 0 I subsys-pil-tz 8300000.qcom,turing: cdsp: Brought out of reset
01-01 08:00:09.096 0 0 I iommu : Adding device ae00000.qcom,mdss_mdp:qcom,smmu_sde_sec_cb to group 49
01-01 08:00:09.096 0 0 I : [drm] probing device qcom,smmu_sde_sec
01-01 08:00:09.096 0 0 I : [drm] Created domain mdp_s, secure=1
01-01 08:00:09.097 0 0 E register_client_adhoc: find path.src 1 dest 589
01-01 08:00:09.097 0 0 E register_client_adhoc: Failed to find path.src 1 dest 589
01-01 08:00:09.098 0 0 E : [drm:dp_display_init_aux_switch][msm-dp-err][474 ]failed to register notifier (-22)
01-01 08:00:09.101 0 0 I adsprpc : fastrpc_rpmsg_probe: opened rpmsg channel for adsp
01-01 08:00:09.102 0 0 I [drm:dsi_panel_get_mode] [msm-dsi-info]: default topology: lm: 2 comp_enc:0 intf: 1
01-01 08:00:09.102 0 0 E register_client_adhoc: find path.src 1 dest 589
01-01 08:00:09.103 0 0 E register_client_adhoc: Failed to find path.src 1 dest 589
01-01 08:00:09.105 0 0 I subsys-pil-tz 8300000.qcom,turing: Subsystem error monitoring/handling services are up
01-01 08:00:09.105 0 0 I subsys-pil-tz 8300000.qcom,turing: cdsp: Power/Clock ready interrupt received
01-01 08:00:09.105 0 0 I adsprpc : fastrpc_restart_notifier_cb: cdsp subsystem is up
01-01 08:00:09.105 0 0 E : [drm:dp_display_init_aux_switch][msm-dp-err][345 ]failed to register notifier (-22)
01-01 08:00:09.106 0 0 I msm_cvp : info: Opening cvp instance: 0000000000000000
01-01 08:00:09.106 0 0 I msm_cvp_v4l2 ab00000.qcom,cvp: Linked as a consumer to regulator.77
01-01 08:00:09.106 0 0 I : [drm] Supports vblank timestamp caching Rev 2 (21.10.2013).
01-01 08:00:09.106 0 0 I : [drm] No driver support for vblank timestamp query.
01-01 08:00:09.106 0 0 I msm_cvp_v4l2 ab00000.qcom,cvp: Linked as a consumer to regulator.76
01-01 08:00:09.107 0 0 I apr_tal_rpmsg qcom,glink: adsp.apr_audio_svc.-1.-1: apr_tal_rpmsg_probe: Channel[apr_audio_svc] state[Up]
01-01 08:00:09.107 0 0 E register_client_adhoc: find path.src 1 dest 589
01-01 08:00:09.107 0 0 E register_client_adhoc: Failed to find path.src 1 dest 589
01-01 08:00:09.107 0 0 W subsys-pil-tz 9800000.qcom,npu: Falling back to syfs fallback for: npu.mdt
01-01 08:00:09.109 0 0 E : [drm:dp_display_init_aux_switch][msm-dp-err][345 ]failed to register notifier (-22)
01-01 08:00:09.109 0 0 I subsys-restart: __subsystem_get(): Changing subsys fw_name to cvpss
01-01 08:00:09.109 0 0 W subsys-pil-tz abb0000.qcom,cvpss: Falling back to syfs fallback for: cvpss.mdt
01-01 08:00:09.110 0 0 E register_client_adhoc: find path.src 1 dest 589
01-01 08:00:09.110 0 0 E register_client_adhoc: Failed to find path.src 1 dest 589
01-01 08:00:09.110 0 0 I : [drm] Initialized msm_drm 1.3.0 20130625 for ae00000.qcom,mdss_mdp on minor 0
01-01 08:00:09.110 0 0 I qcom_smd_qrtr_probe: Entered
01-01 08:00:09.110 0 0 I : [drm] cont_splash feature not enabled
01-01 08:00:09.111 0 0 I qcom_smd_qrtr_probe: SMD QRTR driver probed
01-01 08:00:09.112 0 0 I subsys-pil-tz 9800000.qcom,npu: npu: loading from 0x0000000086900000 to 0x0000000086e00000
01-01 08:00:09.112 0 0 E : [drm:dp_display_init_aux_switch][msm-dp-err][474 ]failed to register notifier (-22)
01-01 08:00:09.114 0 0 E register_client_adhoc: find path.src 1 dest 589
01-01 08:00:09.115 0 0 E register_client_adhoc: Failed to find path.src 1 dest 589
01-01 08:00:09.116 0 0 W subsys-pil-tz 9800000.qcom,npu: Falling back to syfs fallback for: npu.b03
01-01 08:00:09.116 0 0 W subsys-pil-tz 9800000.qcom,npu: Falling back to syfs fallback for: npu.b02
01-01 08:00:09.116 0 0 W subsys-pil-tz 9800000.qcom,npu: Falling back to syfs fallback for: npu.b04
01-01 08:00:09.116 0 0 W subsys-pil-tz 9800000.qcom,npu: Falling back to syfs fallback for: npu.b05
01-01 08:00:09.116 0 0 W subsys-pil-tz 9800000.qcom,npu: Falling back to syfs fallback for: npu.b06
01-01 08:00:09.117 0 0 E : [drm:dp_display_init_aux_switch][msm-dp-err][474 ]failed to register notifier (-22)
01-01 08:00:09.118 0 0 I adsprpc : fastrpc_rpmsg_probe: opened rpmsg channel for cdsp
01-01 08:00:09.119 0 0 I subsys-pil-tz abb0000.qcom,cvpss: cvpss: loading from 0x0000000087300000 to 0x0000000087800000
01-01 08:00:09.120 0 0 E register_client_adhoc: find path.src 1 dest 589
01-01 08:00:09.120 0 0 E register_client_adhoc: Failed to find path.src 1 dest 589
01-01 08:00:09.121 0 0 E : [drm:dp_display_init_aux_switch][msm-dp-err][474 ]failed to register notifier (-22)
01-01 08:00:09.122 0 0 W subsys-pil-tz abb0000.qcom,cvpss: Falling back to syfs fallback for: cvpss.b02
01-01 08:00:09.122 0 0 W subsys-pil-tz abb0000.qcom,cvpss: Falling back to syfs fallback for: cvpss.b03
01-01 08:00:09.122 0 0 W subsys-pil-tz abb0000.qcom,cvpss: Falling back to syfs fallback for: cvpss.b04
01-01 08:00:09.123 0 0 W subsys-pil-tz abb0000.qcom,cvpss: Falling back to syfs fallback for: cvpss.b05
01-01 08:00:09.123 0 0 W subsys-pil-tz abb0000.qcom,cvpss: Falling back to syfs fallback for: cvpss.b06
01-01 08:00:09.123 0 0 W subsys-pil-tz abb0000.qcom,cvpss: Falling back to syfs fallback for: cvpss.b07
01-01 08:00:09.123 0 0 W subsys-pil-tz abb0000.qcom,cvpss: Falling back to syfs fallback for: cvpss.b08
01-01 08:00:09.123 0 0 W subsys-pil-tz abb0000.qcom,cvpss: Falling back to syfs fallback for: cvpss.b09
01-01 08:00:09.123 0 0 W subsys-pil-tz abb0000.qcom,cvpss: Falling back to syfs fallback for: cvpss.b10
01-01 08:00:09.123 0 0 W subsys-pil-tz abb0000.qcom,cvpss: Falling back to syfs fallback for: cvpss.b19
01-01 08:00:09.154 0 0 I subsys-pil-tz 9800000.qcom,npu: npu: Brought out of reset
01-01 08:00:09.155 0 0 E register_client_adhoc: find path.src 1 dest 589
01-01 08:00:09.155 0 0 E register_client_adhoc: Failed to find path.src 1 dest 589
01-01 08:00:09.156 0 0 E : [drm:dp_display_init_aux_switch][msm-dp-err][584 ]failed to register notifier (-22)
01-01 08:00:09.162 0 0 I subsys-pil-tz abb0000.qcom,cvpss: cvpss: Brought out of reset
01-01 08:00:09.174 0 0 I NPU_INFO: npu_get_fw_caps: 236 fw caps 0:2007
01-01 08:00:09.174 0 0 W NPU_WARN: host_session_msg_hdlr: 1904 handle npu session msg when FW is disabled
01-01 08:00:09.174 0 0 I NPU_INFO: npu_get_fw_caps: 236 fw caps 1:80000005
01-01 08:00:09.174 0 0 I NPU_INFO: npu_get_fw_caps: 236 fw caps 2:0
01-01 08:00:09.174 0 0 I NPU_INFO: npu_get_fw_caps: 236 fw caps 3:0
01-01 08:00:09.174 0 0 I NPU_INFO: npu_get_fw_caps: 236 fw caps 4:0
01-01 08:00:09.174 0 0 I NPU_INFO: npu_get_fw_caps: 236 fw caps 5:0
01-01 08:00:09.174 0 0 I NPU_INFO: npu_get_fw_caps: 236 fw caps 6:0
01-01 08:00:09.174 0 0 I NPU_INFO: npu_get_fw_caps: 236 fw caps 7:0
01-01 08:00:09.177 0 0 I qcom_smd_qrtr_probe: Entered
01-01 08:00:09.177 0 0 I qcom_smd_qrtr_probe: SMD QRTR driver probed
01-01 08:00:09.178 0 0 E register_client_adhoc: find path.src 1 dest 589
01-01 08:00:09.178 0 0 E register_client_adhoc: Failed to find path.src 1 dest 589
01-01 08:00:09.178 0 0 I msm_cvp : err: Failed to create debugfs for msm_cvp
01-01 08:00:09.178 0 0 I msm_cvp : info: Closed cvp instance: 0000000000000000 session_id = 0
01-01 08:00:09.180 0 0 E : [drm:dp_display_init_aux_switch][msm-dp-err][474 ]failed to register notifier (-22)
01-01 08:00:09.287 0 0 I subsys-restart: __subsystem_get(): Changing subsys fw_name to slpi
01-01 08:00:09.287 0 0 W subsys-pil-tz 5c00000.qcom,ssc: Falling back to syfs fallback for: slpi.mdt
01-01 08:00:09.289 0 0 I subsys-pil-tz 5c00000.qcom,ssc: slpi: loading from 0x0000000088c00000 to 0x000000008a100000
01-01 08:00:09.291 0 0 W subsys-pil-tz 5c00000.qcom,ssc: Falling back to syfs fallback for: slpi.b02
01-01 08:00:09.291 0 0 W subsys-pil-tz 5c00000.qcom,ssc: Falling back to syfs fallback for: slpi.b03
01-01 08:00:09.291 0 0 W subsys-pil-tz 5c00000.qcom,ssc: Falling back to syfs fallback for: slpi.b04
01-01 08:00:09.292 0 0 W subsys-pil-tz 5c00000.qcom,ssc: Falling back to syfs fallback for: slpi.b05
01-01 08:00:09.292 0 0 W subsys-pil-tz 5c00000.qcom,ssc: Falling back to syfs fallback for: slpi.b06
01-01 08:00:09.292 0 0 W subsys-pil-tz 5c00000.qcom,ssc: Falling back to syfs fallback for: slpi.b07
01-01 08:00:09.292 0 0 W subsys-pil-tz 5c00000.qcom,ssc: Falling back to syfs fallback for: slpi.b08
01-01 08:00:09.292 0 0 W subsys-pil-tz 5c00000.qcom,ssc: Falling back to syfs fallback for: slpi.b09
01-01 08:00:09.292 0 0 W subsys-pil-tz 5c00000.qcom,ssc: Falling back to syfs fallback for: slpi.b10
01-01 08:00:09.292 0 0 W subsys-pil-tz 5c00000.qcom,ssc: Falling back to syfs fallback for: slpi.b11
01-01 08:00:09.292 0 0 W subsys-pil-tz 5c00000.qcom,ssc: Falling back to syfs fallback for: slpi.b12
01-01 08:00:09.292 0 0 W subsys-pil-tz 5c00000.qcom,ssc: Falling back to syfs fallback for: slpi.b13
01-01 08:00:09.292 0 0 W subsys-pil-tz 5c00000.qcom,ssc: Falling back to syfs fallback for: slpi.b14
01-01 08:00:09.292 0 0 W subsys-pil-tz 5c00000.qcom,ssc: Falling back to syfs fallback for: slpi.b16
01-01 08:00:09.292 0 0 W subsys-pil-tz 5c00000.qcom,ssc: Falling back to syfs fallback for: slpi.b15
01-01 08:00:09.292 0 0 W subsys-pil-tz 5c00000.qcom,ssc: Falling back to syfs fallback for: slpi.b17
01-01 08:00:09.292 0 0 W subsys-pil-tz 5c00000.qcom,ssc: Falling back to syfs fallback for: slpi.b18
01-01 08:00:09.292 0 0 W subsys-pil-tz 5c00000.qcom,ssc: Falling back to syfs fallback for: slpi.b19
01-01 08:00:09.292 0 0 W subsys-pil-tz 5c00000.qcom,ssc: Falling back to syfs fallback for: slpi.b20
01-01 08:00:09.332 0 0 I binder : 820:820 ioctl 40046210 7fd0fcbcd4 returned -22
01-01 08:00:09.354 0 0 I binder : 821:821 ioctl 40046210 7fe9a11c64 returned -22
01-01 08:00:09.354 0 0 I binder : 821:821 ioctl 40046210 7fe9a11c44 returned -22
01-01 08:00:09.363 0 0 I binder : 827:827 ioctl 40046210 7fdef75064 returned -22
01-01 08:00:09.391 0 0 I subsys-pil-tz 5c00000.qcom,ssc: slpi: Brought out of reset
01-01 08:00:09.423 0 0 I binder : 830:830 ioctl 40046210 7fe0f8cb04 returned -22
01-01 08:00:09.451 0 0 I subsys-pil-tz 5c00000.qcom,ssc: Subsystem error monitoring/handling services are up
01-01 08:00:09.451 0 0 I subsys-pil-tz 5c00000.qcom,ssc: slpi: Power/Clock ready interrupt received
01-01 08:00:09.451 0 0 I qcom_rpmh DRV: apps_rsc TCS Busy, retrying RPMH message send: addr=0x30030
01-01 08:00:09.451 0 0 I qcom_rpmh DRV: apps_rsc TCS Busy, retrying RPMH message send: addr=0x30040
01-01 08:00:09.452 0 0 E diag : In socket_open_server, socket not initialized for SENSORS_CNTL
01-01 08:00:09.452 0 0 E diag : In socket_open_server, socket not initialized for LPASS_CNTL
01-01 08:00:09.452 0 0 E diag : In socket_open_server, socket not initialized for MODEM_CNTL
01-01 08:00:09.452 0 0 E diag : In socket_open_server, socket not initialized for LPASS_DATA
01-01 08:00:09.452 0 0 E diag : In socket_open_server, socket not initialized for MODEM_DATA
01-01 08:00:09.452 0 0 E diag : In socket_open_server, socket not initialized for LPASS_DCI
01-01 08:00:09.452 0 0 E diag : In socket_open_server, socket not initialized for MODEM_DCI
01-01 08:00:09.452 0 0 E diag : In socket_open_server, socket not initialized for WCNSS_DATA
01-01 08:00:09.452 0 0 E diag : In socket_open_server, socket not initialized for SENSORS_DATA
01-01 08:00:09.452 0 0 E diag : In socket_open_server, socket not initialized for DIAG_DCI_DATA
01-01 08:00:09.452 0 0 E diag : In socket_open_server, socket not initialized for CDSP_DATA
01-01 08:00:09.452 0 0 E diag : In socket_open_server, socket not initialized for CDSP_DCI
01-01 08:00:09.452 0 0 E diag : In socket_open_server, socket not initialized for NPU_DATA
01-01 08:00:09.452 0 0 E diag : In socket_open_server, socket not initialized for NPU_DCI
01-01 08:00:09.452 0 0 E diag : In socket_open_server, socket not initialized for WCNSS_DCI
01-01 08:00:09.452 0 0 E diag : In socket_open_server, socket not initialized for SENSORS_DCI
01-01 08:00:09.452 0 0 E diag : In socket_open_server, socket not initialized for DIAG_DATA
01-01 08:00:09.452 0 0 E diag : In socket_open_server, socket not initialized for WCNSS_CNTL
01-01 08:00:09.452 0 0 E diag : In socket_open_server, socket not initialized for DIAG_CTRL
01-01 08:00:09.452 0 0 E diag : In socket_open_server, socket not initialized for CDSP_CNTL
01-01 08:00:09.452 0 0 E diag : In socket_open_server, socket not initialized for NPU_CNTL
01-01 08:00:09.452 0 0 I sysmon-qmi: ssctl_new_server: Connection established between QMI handle and slpi's SSCTL service
01-01 08:00:09.453 0 0 I sysmon-qmi: ssctl_new_server: Connection established between QMI handle and cdsp's SSCTL service
01-01 08:00:09.454 0 0 I adsprpc : fastrpc_restart_notifier_cb: slpi subsystem is up
01-01 08:00:09.454 0 0 E register_client_adhoc: find path.src 1 dest 589
01-01 08:00:09.454 0 0 E register_client_adhoc: Failed to find path.src 1 dest 589
01-01 08:00:09.454 0 0 I sysmon-qmi: ssctl_new_server: Connection established between QMI handle and adsp's SSCTL service
01-01 08:00:09.455 0 0 I qcom_smd_qrtr_probe: Entered
01-01 08:00:09.456 0 0 I qcom_smd_qrtr_probe: SMD QRTR driver probed
01-01 08:00:09.458 0 0 E : [drm:dp_display_init_aux_switch][msm-dp-err][70 ]failed to register notifier (-22)
01-01 08:00:09.458 0 0 E register_client_adhoc: find path.src 1 dest 589
01-01 08:00:09.459 0 0 E register_client_adhoc: Failed to find path.src 1 dest 589
01-01 08:00:09.460 0 0 I adsprpc : fastrpc_rpmsg_probe: opened rpmsg channel for slpi
01-01 08:00:09.460 0 0 I sysmon-qmi: ssctl_new_server: Connection established between QMI handle and slpi's SSCTL service
01-01 08:00:09.463 0 0 E : [drm:dp_display_init_aux_switch][msm-dp-err][474 ]failed to register notifier (-22)
01-01 08:00:09.465 0 0 E register_client_adhoc: find path.src 1 dest 589
01-01 08:00:08.853 834 834 I android.hardware.wifi@1.0-service: Wifi Hal is booting up...
01-01 08:00:08.855 834 834 I HidlServiceManagement: Registered android.hardware.wifi@1.4::IWifi/default (start delay of 135ms)
01-01 08:00:08.869 889 889 I irsc_util: Starting irsc tool
01-01 08:00:08.872 889 889 I irsc_util: Num of entries:298
01-01 08:00:08.873 889 889 I irsc_util: Ending irsc tool
01-01 08:00:09.465 0 0 E register_client_adhoc: Failed to find path.src 1 dest 589
01-01 08:00:09.505 0 0 W QSEECOM : qseecom_load_app: App (soter64) does'nt exist, loading apps for first time
01-01 08:00:09.506 0 0 D cnss : MHI status cb is called with reason MISSION_MODE(6)
01-01 08:00:09.507 0 0 E : [drm:dp_display_init_aux_switch][msm-dp-err][84 ]failed to register notifier (-22)
01-01 08:00:09.508 0 0 D cnss : Notify MHI to use already allocated images
01-01 08:00:09.508 0 0 D cnss : PM relax, state: 0x8, count: 0
01-01 08:00:09.508 0 0 E register_client_adhoc: find path.src 1 dest 589
01-01 08:00:09.508 0 0 E register_client_adhoc: Failed to find path.src 1 dest 589
01-01 08:00:09.510 0 0 E : [drm:dp_display_init_aux_switch][msm-dp-err][497 ]failed to register notifier (-22)
01-01 08:00:09.511 0 0 E register_client_adhoc: find path.src 1 dest 589
01-01 08:00:09.511 0 0 E register_client_adhoc: Failed to find path.src 1 dest 589
01-01 08:00:09.512 0 0 E rmt_storage: ERR:main: Mmap Failed for rmts (-1)...pausing execution!
01-01 08:00:09.513 0 0 E : [drm:dp_display_init_aux_switch][msm-dp-err][81 ]failed to register notifier (-22)
01-01 08:00:09.513 0 0 E register_client_adhoc: find path.src 1 dest 589
01-01 08:00:09.513 0 0 E register_client_adhoc: Failed to find path.src 1 dest 589
01-01 08:00:09.528 0 0 I binder : 875:875 ioctl 40046210 7fefe2db14 returned -22
01-01 08:00:09.533 0 0 I : Mass Storage Function, version: 2009/09/11
01-01 08:00:09.533 0 0 I LUN : removable file: (no medium)
01-01 08:00:09.534 0 0 W QSEECOM : qseecom_load_app: App with id 4 (soter64) now loaded
01-01 08:00:09.536 0 0 D cnss : WLFW server arriving: node 7 port 1
01-01 08:00:09.536 0 0 D cnss : Posting event: SERVER_ARRIVE(0), state: 0x8 flags: 0x0
01-01 08:00:09.536 0 0 D cnss : PM stay awake, state: 0x8, count: 1
01-01 08:00:09.536 0 0 D cnss : PM relax, state: 0x8, count: 0
01-01 08:00:09.536 0 0 D cnss : PM stay awake, state: 0x8, count: 1
01-01 08:00:09.536 0 0 D cnss : Processing driver event: SERVER_ARRIVE(0), state: 0x8
01-01 08:00:09.536 0 0 I cnss : QMI WLFW service connected, state: 0x9
01-01 08:00:09.536 0 0 D cnss : Sending indication register message, state: 0x9
01-01 08:00:09.538 0 0 I : file system registered
01-01 08:00:09.540 0 0 D cnss : Sending host capability message, state: 0x9
01-01 08:00:09.540 0 0 D cnss : Number of clients is 2
01-01 08:00:09.540 0 0 D cnss : Assign MSI to user: WAKE, num_vectors: 1, user_base_data: 813, base_vector: 13
01-01 08:00:09.540 0 0 D cnss : WAKE MSI base data is 813
01-01 08:00:09.540 0 0 D cnss : Calibration done is 0
01-01 08:00:09.540 0 0 D cnss : Sending iova starting 0xa0000000 with size 0x10010000
01-01 08:00:09.544 0 0 I f_cdev_alloc: port_name:at_usb0 (0000000000000000) portno:(0)
01-01 08:00:09.544 0 0 D cnss : PM relax, state: 0x9, count: 0
01-01 08:00:09.548 0 0 I f_cdev_alloc: port_name:at_usb1 (0000000000000000) portno:(1)
01-01 08:00:09.549 0 0 I f_cdev_alloc: port_name:at_usb2 (0000000000000000) portno:(2)
01-01 08:00:09.550 0 0 I binder : 919:919 ioctl 40046210 7fd26ff9a4 returned -22
01-01 08:00:09.552 0 0 I servloc : service_locator_new_server: Connection established with the Service locator
01-01 08:00:09.552 0 0 I servloc : init_service_locator: Service locator initialized
01-01 08:00:09.564 0 0 I adsprpc : fastrpc_get_service_location_notify: PDR notifier for adsp registered for msm/adsp/audio_pd (audio_pdr_adsprpc)
01-01 08:00:09.564 0 0 I adsprpc : fastrpc_get_service_location_notify: audio_pdr_adsprpc (msm/adsp/audio_pd) PDR service for adsp is uninitialized
01-01 08:00:09.564 0 0 I audio_notifer_reg_service: service PDR_ADSP is in use
01-01 08:00:09.569 0 0 I binder : 923:923 ioctl 40046210 7ff0df1dc4 returned -22
01-01 08:00:09.578 0 0 I service-notifier: service_notifier_new_server: Connection established between QMI handle and 74 service
01-01 08:00:09.579 0 0 I adsprpc : fastrpc_pdr_notifier_cb: msm/adsp/audio_pd (audio_pdr_adsprpc) is up on adsp
01-01 08:00:09.579 0 0 I apr_adsp_up: Q6 is Up
01-01 08:00:09.580 0 0 I msm-audio-ion soc: qcom,msm-audio-apr:qcom,msm-audio-ion: Linked as a consumer to 15000000.apps-smmu
01-01 08:00:09.583 0 0 I iommu : Adding device soc:qcom,msm-audio-apr:qcom,msm-audio-ion to group 50
01-01 08:00:09.586 0 0 E : [drm:dp_display_init_aux_switch][msm-dp-err][83 ]failed to register notifier (-22)
01-01 08:00:09.586 0 0 E register_client_adhoc: find path.src 1 dest 589
01-01 08:00:09.586 0 0 E register_client_adhoc: Failed to find path.src 1 dest 589
01-01 08:00:09.586 0 0 E : [drm:dp_display_init_aux_switch][msm-dp-err][83 ]failed to register notifier (-22)
01-01 08:00:09.595 0 0 I sps : BAM 0x0000000003a84000 (va:0x0000000000000000) enabled: ver:0x19, number of pipes:25
01-01 08:00:09.595 0 0 I sps : BAM 0x0000000003a84000 is registered.
01-01 08:00:09.596 0 0 E register_client_adhoc: find path.src 1 dest 589
01-01 08:00:09.597 0 0 E register_client_adhoc: Failed to find path.src 1 dest 589
01-01 08:00:09.598 0 0 E : [drm:dp_display_init_aux_switch][msm-dp-err][435 ]failed to register notifier (-22)
01-01 08:00:09.624 0 0 I binder : 902:902 ioctl 40046210 7fd9237e34 returned -22
01-01 08:00:09.624 0 0 I binder : 902:902 ioctl 40046210 7fd9237e54 returned -22
01-01 08:00:09.632 0 0 I binder : 965:965 ioctl 40046210 7fea697b94 returned -22
01-01 08:00:09.663 0 0 I msm_vidc: high: 00000001: ....d: Opening video instance: 0000000000000000, 1
01-01 08:00:09.663 0 0 I msm_vidc_v4l2 aa00000.qcom,vidc: Linked as a consumer to regulator.75
01-01 08:00:09.663 0 0 I msm_vidc_v4l2 aa00000.qcom,vidc: Linked as a consumer to regulator.74
01-01 08:00:09.666 0 0 I subsys-restart: __subsystem_get(): Changing subsys fw_name to venus
01-01 08:00:09.667 0 0 W subsys-pil-tz aab0000.qcom,venus: Falling back to syfs fallback for: venus.mdt
01-01 08:00:09.668 0 0 I binder : 965:965 ioctl 40046210 7fea6995c4 returned -22
01-01 08:00:09.672 0 0 I subsys-pil-tz aab0000.qcom,venus: venus: loading from 0x0000000086e00000 to 0x0000000087300000
01-01 08:00:09.678 0 0 W subsys-pil-tz aab0000.qcom,venus: Falling back to syfs fallback for: venus.b03
01-01 08:00:09.678 0 0 W subsys-pil-tz aab0000.qcom,venus: Falling back to syfs fallback for: venus.b02
01-01 08:00:09.678 0 0 W subsys-pil-tz aab0000.qcom,venus: Falling back to syfs fallback for: venus.b04
01-01 08:00:09.680 0 0 W subsys-pil-tz aab0000.qcom,venus: Falling back to syfs fallback for: venus.b05
01-01 08:00:09.680 0 0 W subsys-pil-tz aab0000.qcom,venus: Falling back to syfs fallback for: venus.b06
01-01 08:00:09.680 0 0 W subsys-pil-tz aab0000.qcom,venus: Falling back to syfs fallback for: venus.b07
01-01 08:00:09.680 0 0 W subsys-pil-tz aab0000.qcom,venus: Falling back to syfs fallback for: venus.b08
01-01 08:00:09.680 0 0 W subsys-pil-tz aab0000.qcom,venus: Falling back to syfs fallback for: venus.b09
01-01 08:00:09.680 0 0 W subsys-pil-tz aab0000.qcom,venus: Falling back to syfs fallback for: venus.b10
01-01 08:00:09.680 0 0 W subsys-pil-tz aab0000.qcom,venus: Falling back to syfs fallback for: venus.b19
01-01 08:00:09.693 0 0 W kona-asoc-snd soc: qcom,msm-audio-apr:qcom,q6core-audio:sound: msm_init_aux_dev: Max WSA devices is 0 for this target?
01-01 08:00:09.694 0 0 E kona-asoc-snd soc: qcom,msm-audio-apr:qcom,q6core-audio:sound: ASoC: CODEC DAI wsa_macro_vifeedback not registered
01-01 08:00:09.694 0 0 E qcom-lpi-pinctrl soc: qcom,msm-audio-apr:qcom,q6core-audio:lpi_pinctrl@33c0000: snd_event_notify: No snd dev entry found
01-01 08:00:09.697 0 0 I platform soc: qcom,msm-audio-apr:qcom,voice-mhi-audio: assigned reserved memory node mailbox_region
01-01 08:00:09.698 0 0 E register_client_adhoc: find path.src 1 dest 589
01-01 08:00:09.698 0 0 E register_client_adhoc: Failed to find path.src 1 dest 589
01-01 08:00:09.698 0 0 E : [drm:dp_display_init_aux_switch][msm-dp-err][584 ]failed to register notifier (-22)
01-01 08:00:09.698 0 0 W kona-asoc-snd soc: qcom,msm-audio-apr:qcom,q6core-audio:sound: msm_init_aux_dev: Max WSA devices is 0 for this target?
01-01 08:00:09.698 0 0 E kona-asoc-snd soc: qcom,msm-audio-apr:qcom,q6core-audio:sound: ASoC: CODEC DAI wsa_macro_vifeedback not registered
01-01 08:00:09.699 0 0 W : bolero-clk-rsc-mngr bolero-clk-rsc-mngr: DMA mask not set
01-01 08:00:09.699 0 0 W tx_macro tx-macro: DMA mask not set
01-01 08:00:09.699 0 0 E tx_macro tx-macro: tx_macro_probe: va-macro not registered yet, defer
01-01 08:00:09.699 0 0 W rx_macro rx-macro: DMA mask not set
01-01 08:00:09.699 0 0 E rx_macro rx-macro: rx_macro_probe: va-macro not registered yet, defer
01-01 08:00:09.699 0 0 W wsa_macro wsa-macro: DMA mask not set
01-01 08:00:09.699 0 0 E wsa_macro wsa-macro: wsa_macro_probe: va-macro not registered yet, defer
01-01 08:00:09.699 0 0 W va_macro va-macro: DMA mask not set
01-01 08:00:09.699 0 0 E msm_cdc_pinctrl_get_gpiodata: device node is null
01-01 08:00:09.699 0 0 I va_macro va-macro: Linked as a consumer to regulator.7
01-01 08:00:09.699 0 0 I va_macro va-macro: bolero_register_macro: register macro successful:3
01-01 08:00:09.699 0 0 W wcd938x_codec wcd938x-codec: DMA mask not set
01-01 08:00:09.700 0 0 I wcd938x_codec wcd938x-codec: msm_cdc_dt_parse_vreg_info: cdc-vdd-rxtx: vol=[1800000 1800000]uV, curr=[30000]uA, ond 0 lpm 0
01-01 08:00:09.700 0 0 I wcd938x_codec wcd938x-codec: msm_cdc_dt_parse_vreg_info: cdc-vddio: vol=[1800000 1800000]uV, curr=[30000]uA, ond 0 lpm 0
01-01 08:00:09.700 0 0 I wcd938x_codec wcd938x-codec: msm_cdc_dt_parse_vreg_info: cdc-vdd-buck: vol=[1800000 1800000]uV, curr=[650000]uA, ond 0 lpm 0
01-01 08:00:09.700 0 0 I wcd938x_codec wcd938x-codec: msm_cdc_dt_parse_vreg_info: cdc-vdd-mic-bias: vol=[3296000 3296000]uV, curr=[30000]uA, ond 0 lpm 0
01-01 08:00:09.700 0 0 I wcd938x_codec wcd938x-codec: Linked as a consumer to regulator.7
01-01 08:00:09.700 0 0 I wcd938x_codec wcd938x-codec: Linked as a consumer to regulator.48
01-01 08:00:09.700 0 0 E register_client_adhoc: find path.src 1 dest 589
01-01 08:00:09.700 0 0 E register_client_adhoc: Failed to find path.src 1 dest 589
01-01 08:00:09.700 0 0 E : [drm:dp_display_init_aux_switch][msm-dp-err][1045]failed to register notifier (-22)
01-01 08:00:09.700 0 0 W kona-asoc-snd soc: qcom,msm-audio-apr:qcom,q6core-audio:sound: msm_init_aux_dev: Max WSA devices is 0 for this target?
01-01 08:00:09.701 0 0 E kona-asoc-snd soc: qcom,msm-audio-apr:qcom,q6core-audio:sound: ASoC: CODEC DAI wsa_macro_vifeedback not registered
01-01 08:00:09.701 0 0 I tx_macro tx-macro: bolero_register_macro: register macro successful:0
01-01 08:00:09.701 0 0 I rx_macro rx-macro: bolero_register_macro: register macro successful:1
01-01 08:00:09.701 0 0 I wsa_macro wsa-macro: bolero_register_macro: register macro successful:2
01-01 08:00:09.701 0 0 E register_client_adhoc: find path.src 1 dest 589
01-01 08:00:09.701 0 0 E register_client_adhoc: Failed to find path.src 1 dest 589
01-01 08:00:09.701 0 0 E : [drm:dp_display_init_aux_switch][msm-dp-err][1045]failed to register notifier (-22)
01-01 08:00:09.702 0 0 W kona-asoc-snd soc: qcom,msm-audio-apr:qcom,q6core-audio:sound: msm_init_aux_dev: Max WSA devices is 0 for this target?
01-01 08:00:09.704 0 0 W swr-wcd tx_swr_ctrl: DMA mask not set
01-01 08:00:09.704 0 0 W swr-wcd rx_swr_ctrl: DMA mask not set
01-01 08:00:09.708 0 0 W swr-wcd wsa_swr_ctrl: DMA mask not set
01-01 08:00:09.717 0 0 E msm-pcm-routing soc: qcom,msm-pcm-routing: ASoC: no source widget found for AUDIO_REF_EC_UL30 MUX
01-01 08:00:09.717 0 0 E msm-pcm-routing soc: qcom,msm-pcm-routing: ASoC: Failed to add route AUDIO_REF_EC_UL30 MUX -> direct -> MM_UL30
01-01 08:00:09.718 0 0 E msm-pcm-routing soc: qcom,msm-pcm-routing: ASoC: no source widget found for AUX_PCM_TX
01-01 08:00:09.718 0 0 E msm-pcm-routing soc: qcom,msm-pcm-routing: ASoC: Failed to add route AUX_PCM_TX -> AUX_PCM_UL_TX -> VoLTE Stub Tx Mixer
01-01 08:00:09.718 0 0 E msm-pcm-routing soc: qcom,msm-pcm-routing: ASoC: no source widget found for AUX_PCM_RX
01-01 08:00:09.718 0 0 E msm-pcm-routing soc: qcom,msm-pcm-routing: ASoC: Failed to add route AUX_PCM_RX -> direct -> BE_OUT
01-01 08:00:09.719 0 0 W msm-pcm-routing soc: qcom,msm-pcm-routing: ASoC: no dapm match for MM_DL23 --> MultiMedia23 --> QUIN_TDM_RX_1 Audio Mixer
01-01 08:00:09.719 0 0 E msm-pcm-routing soc: qcom,msm-pcm-routing: ASoC: Failed to add route MM_DL23 -> MultiMedia23 -> QUIN_TDM_RX_1 Audio Mixer
01-01 08:00:09.719 0 0 W msm-pcm-routing soc: qcom,msm-pcm-routing: ASoC: no dapm match for MM_DL24 --> MultiMedia24 --> QUIN_TDM_RX_1 Audio Mixer
01-01 08:00:09.719 0 0 E msm-pcm-routing soc: qcom,msm-pcm-routing: ASoC: Failed to add route MM_DL24 -> MultiMedia24 -> QUIN_TDM_RX_1 Audio Mixer
01-01 08:00:09.719 0 0 W msm-pcm-routing soc: qcom,msm-pcm-routing: ASoC: no dapm match for MM_DL25 --> MultiMedia25 --> QUIN_TDM_RX_1 Audio Mixer
01-01 08:00:09.719 0 0 E msm-pcm-routing soc: qcom,msm-pcm-routing: ASoC: Failed to add route MM_DL25 -> MultiMedia25 -> QUIN_TDM_RX_1 Audio Mixer
01-01 08:00:09.725 0 0 I subsys-pil-tz aab0000.qcom,venus: venus: Brought out of reset
01-01 08:00:09.726 0 0 E swr-wcd wsa_swr_ctrl: swrm_get_logical_dev_num: device 0x1020170211 is not ready
01-01 08:00:09.726 0 0 E swr_get_logical_dev_num: Error -22 to get logical addr for device 1020170211
01-01 08:00:09.726 0 0 W wsa881x : probe of wsa881x.1020170211 failed with error -22
01-01 08:00:09.726 0 0 E swr-wcd rx_swr_ctrl: swrm_get_logical_dev_num: device 0xd01170224 is not ready
01-01 08:00:09.726 0 0 E swr_get_logical_dev_num: Error -22 to get logical addr for device d01170224
01-01 08:00:09.727 0 0 E swr-wcd rx_swr_ctrl: swrm_get_logical_dev_num: device 0xd01170224 is not ready
