01-13 09:00:46.165 652 667 I mpu_uart: [MSG-P:RECV]:No message received in 1000 ms
01-13 09:00:46.181 1477 1587 W BatteryExternalStatsWorker: error reading modem stats:ERROR_PHONE_NOT_AVAILABLE
01-13 09:00:46.183 822 822 D vendor.qti.bluetooth@1.0-ibs_handler: SerialClockVote: vote for UART CLK ON
01-13 09:00:46.183 822 822 D vendor.qti.bluetooth@1.0-wake_lock: Acquire wakelock is acquired
01-13 09:00:46.183 822 822 I vendor.qti.bluetooth@1.0-ibs_handler: DeviceWakeUp: Writing IBS_WAKE_IND
01-13 09:00:46.189 822 2960 I vendor.qti.bluetooth@1.0-ibs_handler: ProcessIbsCmd: Received IBS_WAKE_ACK: 0xFC
01-13 09:00:46.189 822 2960 I vendor.qti.bluetooth@1.0-ibs_handler: ProcessIbsCmd: Signal wack_cond_
01-13 09:00:46.189 822 822 D vendor.qti.bluetooth@1.0-ibs_handler: DeviceWakeUp: Unblocked from waiting for FC, pthread_cond_timedwait ret = 0
01-13 09:00:46.190 822 2960 I vendor.qti.bluetooth@1.0-ibs_handler: ProcessIbsCmd: Received IBS_WAKE_IND: 0xFD
01-13 09:00:46.190 822 2960 I vendor.qti.bluetooth@1.0-ibs_handler: ProcessIbsCmd: Writing IBS_WAKE_ACK
01-13 09:00:46.211 1477 1587 E KernelCpuSpeedReader: Failed to read cpu-freq: /sys/devices/system/cpu/cpu4/cpufreq/stats/time_in_state: open failed: ENOENT (No such file or directory)
01-13 09:00:46.211 1477 1587 E KernelCpuSpeedReader: Failed to read cpu-freq: /sys/devices/system/cpu/cpu0/cpufreq/stats/time_in_state: open failed: ENOENT (No such file or directory)
01-13 09:00:46.216 573 581 E android.system.suspend@1.0-service: Error opening kernel wakelock stats for: wakeup58: Permission denied
01-13 09:00:46.211 573 573 W Binder:573_2: type=1400 audit(0.0:4894): avc: denied { read } for name="wakeup58" dev="sysfs" ino=72809 scontext=u:r:system_suspend:s0 tcontext=u:object_r:sysfs:s0 tclass=dir permissive=0
01-13 09:00:46.211 573 573 W Binder:573_2: type=1400 audit(0.0:4895): avc: denied { read } for name="wakeup48" dev="sysfs" ino=67707 scontext=u:r:system_suspend:s0 tcontext=u:object_r:sysfs:s0 tclass=dir permissive=0
01-13 09:00:46.211 573 573 W Binder:573_2: type=1400 audit(0.0:4896): avc: denied { read } for name="wakeup4" dev="sysfs" ino=47037 scontext=u:r:system_suspend:s0 tcontext=u:object_r:sysfs:s0 tclass=dir permissive=0
01-13 09:00:46.211 573 573 W Binder:573_2: type=1400 audit(0.0:4897): avc: denied { read } for name="wakeup76" dev="sysfs" ino=77789 scontext=u:r:system_suspend:s0 tcontext=u:object_r:sysfs:s0 tclass=dir permissive=0
01-13 09:00:46.218 573 581 E android.system.suspend@1.0-service: Error opening kernel wakelock stats for: wakeup48: Permission denied
01-13 09:00:46.218 573 581 E android.system.suspend@1.0-service: Error opening kernel wakelock stats for: wakeup4: Permission denied
01-13 09:00:46.218 573 581 E android.system.suspend@1.0-service: Error opening kernel wakelock stats for: wakeup76: Permission denied
01-13 09:00:46.215 573 573 W Binder:573_2: type=1400 audit(0.0:4898): avc: denied { read } for name="wakeup28" dev="sysfs" ino=53102 scontext=u:r:system_suspend:s0 tcontext=u:object_r:sysfs:s0 tclass=dir permissive=0
01-13 09:00:46.222 573 581 E android.system.suspend@1.0-service: Error opening kernel wakelock stats for: wakeup28: Permission denied
01-13 09:00:46.223 573 581 E android.system.suspend@1.0-service: Error opening kernel wakelock stats for: wakeup56: Permission denied
01-01 08:11:35.234 0 0 W audit : audit_lost=3820 audit_rate_limit=5 audit_backlog_limit=64
01-01 08:11:35.234 0 0 E audit : rate limit exceeded
01-13 09:00:46.225 573 581 E android.system.suspend@1.0-service: Error opening kernel wakelock stats for: wakeup2: Permission denied
01-13 09:00:46.226 573 581 E android.system.suspend@1.0-service: Error opening kernel wakelock stats for: wakeup36: Permission denied
01-13 09:00:46.229 573 581 E android.system.suspend@1.0-service: Error opening kernel wakelock stats for: wakeup54: Permission denied
01-13 09:00:46.231 573 581 E android.system.suspend@1.0-service: Error opening kernel wakelock stats for: wakeup44: Permission denied
01-13 09:00:46.231 573 581 E android.system.suspend@1.0-service: Error opening kernel wakelock stats for: wakeup0: Permission denied
01-13 09:00:46.232 573 581 E android.system.suspend@1.0-service: Error opening kernel wakelock stats for: wakeup104: Permission denied
01-13 09:00:46.233 573 581 E android.system.suspend@1.0-service: Error opening kernel wakelock stats for: wakeup62: Permission denied
01-13 09:00:46.234 573 581 E android.system.suspend@1.0-service: Error opening kernel wakelock stats for: wakeup52: Permission denied
01-13 09:00:46.234 573 581 E android.system.suspend@1.0-service: Error opening kernel wakelock stats for: wakeup9: Permission denied
01-13 09:00:46.237 573 581 E android.system.suspend@1.0-service: Error opening kernel wakelock stats for: wakeup102: Permission denied
01-13 09:00:46.238 573 581 E android.system.suspend@1.0-service: Error opening kernel wakelock stats for: wakeup32: Permission denied
01-13 09:00:46.239 573 581 E android.system.suspend@1.0-service: Error opening kernel wakelock stats for: wakeup60: Permission denied
01-13 09:00:46.240 573 581 E android.system.suspend@1.0-service: Error opening kernel wakelock stats for: wakeup50: Permission denied
01-13 09:00:46.240 573 581 E android.system.suspend@1.0-service: Error opening kernel wakelock stats for: wakeup7: Permission denied
01-13 09:00:46.242 573 581 E android.system.suspend@1.0-service: Error opening kernel wakelock stats for: wakeup40: Permission denied
01-13 09:00:46.245 573 581 E android.system.suspend@1.0-service: Error opening kernel wakelock stats for: wakeup30: Permission denied
01-13 09:00:46.245 573 581 E android.system.suspend@1.0-service: Error opening kernel wakelock stats for: wakeup59: Permission denied
01-13 09:00:46.246 573 581 E android.system.suspend@1.0-service: Error opening kernel wakelock stats for: wakeup5: Permission denied
01-13 09:00:46.246 573 581 E android.system.suspend@1.0-service: Error opening kernel wakelock stats for: wakeup77: Permission denied
01-13 09:00:46.246 573 581 E android.system.suspend@1.0-service: Error opening kernel wakelock stats for: wakeup39: Permission denied
01-13 09:00:46.247 573 581 E android.system.suspend@1.0-service: Error opening kernel wakelock stats for: wakeup29: Permission denied
01-13 09:00:46.247 573 581 E android.system.suspend@1.0-service: Error opening kernel wakelock stats for: wakeup57: Permission denied
01-13 09:00:46.248 573 581 E android.system.suspend@1.0-service: Error opening kernel wakelock stats for: wakeup19: Permission denied
01-13 09:00:46.248 573 581 E android.system.suspend@1.0-service: Error opening kernel wakelock stats for: wakeup75: Permission denied
01-13 09:00:46.249 573 581 E android.system.suspend@1.0-service: Error opening kernel wakelock stats for: wakeup37: Permission denied
01-13 09:00:46.249 573 581 E android.system.suspend@1.0-service: Error opening kernel wakelock stats for: wakeup27: Permission denied
01-13 09:00:46.250 573 581 E android.system.suspend@1.0-service: Error opening kernel wakelock stats for: wakeup55: Permission denied
01-13 09:00:46.250 573 581 E android.system.suspend@1.0-service: Error opening kernel wakelock stats for: wakeup17: Permission denied
01-13 09:00:46.250 573 581 E android.system.suspend@1.0-service: Error opening kernel wakelock stats for: wakeup1: Permission denied
01-13 09:00:46.251 573 581 E android.system.suspend@1.0-service: Error opening kernel wakelock stats for: wakeup63: Permission denied
01-13 09:00:46.252 573 581 E android.system.suspend@1.0-service: Error opening kernel wakelock stats for: wakeup25: Permission denied
01-13 09:00:46.252 573 581 E android.system.suspend@1.0-service: Error opening kernel wakelock stats for: wakeup53: Permission denied
01-13 09:00:46.252 573 581 E android.system.suspend@1.0-service: Error opening kernel wakelock stats for: wakeup15: Permission denied
01-13 09:00:46.253 573 581 E android.system.suspend@1.0-service: Error opening kernel wakelock stats for: wakeup43: Permission denied
01-13 09:00:46.253 573 581 E android.system.suspend@1.0-service: Error opening kernel wakelock stats for: wakeup103: Permission denied
01-13 09:00:46.253 573 581 E android.system.suspend@1.0-service: Error opening kernel wakelock stats for: wakeup33: Permission denied
01-13 09:00:46.253 573 581 E android.system.suspend@1.0-service: Error opening kernel wakelock stats for: wakeup61: Permission denied
01-13 09:00:46.253 573 581 E android.system.suspend@1.0-service: Error opening kernel wakelock stats for: wakeup23: Permission denied
01-13 09:00:46.254 573 581 E android.system.suspend@1.0-service: Error opening kernel wakelock stats for: wakeup51: Permission denied
01-13 09:00:46.254 573 581 E android.system.suspend@1.0-service: Error opening kernel wakelock stats for: wakeup8: Permission denied
01-13 09:00:46.254 573 581 E android.system.suspend@1.0-service: Error opening kernel wakelock stats for: wakeup13: Permission denied
01-13 09:00:46.254 573 581 E android.system.suspend@1.0-service: Error opening kernel wakelock stats for: wakeup41: Permission denied
01-13 09:00:46.254 573 581 E android.system.suspend@1.0-service: Error opening kernel wakelock stats for: wakeup101: Permission denied
01-13 09:00:46.254 573 581 E android.system.suspend@1.0-service: Error opening kernel wakelock stats for: wakeup31: Permission denied
01-13 09:00:46.255 573 581 E android.system.suspend@1.0-service: Error opening kernel wakelock stats for: wakeup21: Permission denied
01-13 09:00:46.255 573 581 E android.system.suspend@1.0-service: Error opening kernel wakelock stats for: wakeup6: Permission denied
01-13 09:00:46.255 573 581 E android.system.suspend@1.0-service: Error opening kernel wakelock stats for: wakeup11: Permission denied
01-13 09:00:46.270 822 2960 I vendor.qti.bluetooth@1.0-ibs_handler: ProcessIbsCmd: Received IBS_SLEEP_IND: 0xFE
01-13 09:00:46.382 1997 3200 D HeadsetService: isInbandRingingEnabled returning: false
01-13 09:00:46.382 1997 3200 I AudioManager: In isBluetoothScoOn(), calling application: com.android.bluetooth
01-13 09:00:46.384 1997 3200 V Avrcp_ext: for index 0
01-13 09:00:46.385 1997 3200 V Avrcp_ext: for index 1
01-13 09:00:46.385 1997 3200 V Avrcp_ext: for index 2
01-13 09:00:46.385 1997 3200 V Avrcp_ext: for index 3
01-13 09:00:46.385 1997 3200 V Avrcp_ext: for index 4
01-13 09:00:46.390 1997 3200 E bt_btif : bta_av_co_get_active_peer: peer index out of bounds: 5
01-13 09:00:46.416 1477 2568 D ActivityManager: freezer override set to true
01-13 09:00:46.426 1477 1505 I system_server: JIT allocated 87KB for compiled code of void android.os.BatteryStats.dumpLocked(android.content.Context, java.io.PrintWriter, java.lang.String, int, int, boolean)
01-13 09:00:46.426 1477 1505 I system_server: Compiler allocated 25MB to compile void android.os.BatteryStats.dumpLocked(android.content.Context, java.io.PrintWriter, java.lang.String, int, int, boolean)
01-13 09:00:47.030 1477 2568 D ActivityManager: freezer override set to false
01-13 09:00:47.100 1477 2568 D ActivityManager: freezer override set to true
01-13 09:00:47.165 652 667 I mpu_uart: [MSG-P:RECV]:No message received in 1000 ms
01-13 09:00:47.189 822 2967 I vendor.qti.bluetooth@1.0-ibs_handler: DeviceSleep: TX Awake, Sending SLEEP_IND
01-13 09:00:47.189 822 2967 D vendor.qti.bluetooth@1.0-ibs_handler: SerialClockVote: vote for UART CLK OFF
01-13 09:00:47.319 0 0 W swapper/1: type=1400 audit(0.0:4947): avc: denied { kill } for capability=5 scontext=u:r:kernel:s0 tcontext=u:r:kernel:s0 tclass=capability permissive=0
01-13 09:00:47.340 822 2367 D vendor.qti.bluetooth@1.0-wake_lock: Release wakelock is released
01-01 08:11:36.440 0 0 E DTC_eth,link_delay_work_func: 3002, SQI=15, link=1
01-13 09:00:47.456 4407 8419 W Binder : Caught a RuntimeException from the binder stub implementation.
01-13 09:00:47.456 4407 8419 W Binder : java.lang.NullPointerException: rhs == null
01-13 09:00:47.456 4407 8419 W Binder : at java.lang.String.compareTo(Native Method)
01-13 09:00:47.456 4407 8419 W Binder : at java.lang.String.compareTo(String.java:113)
01-13 09:00:47.456 4407 8419 W Binder : at java.util.ComparableTimSort.countRunAndMakeAscending(ComparableTimSort.java:320)
01-13 09:00:47.456 4407 8419 W Binder : at java.util.ComparableTimSort.sort(ComparableTimSort.java:188)
01-13 09:00:47.456 4407 8419 W Binder : at java.util.Arrays.sort(Arrays.java:1239)
01-13 09:00:47.456 4407 8419 W Binder : at android.database.sqlite.SQLiteDatabase.dumpAll(SQLiteDatabase.java:2327)
01-13 09:00:47.456 4407 8419 W Binder : at android.database.sqlite.SQLiteDebug.dump(SQLiteDebug.java:218)
01-13 09:00:47.456 4407 8419 W Binder : at android.app.ActivityThread$ApplicationThread.dumpDatabaseInfo(ActivityThread.java:1631)
01-13 09:00:47.456 4407 8419 W Binder : at android.app.ActivityThread$ApplicationThread.dumpDbInfo(ActivityThread.java:1662)
01-13 09:00:47.456 4407 8419 W Binder : at android.app.IApplicationThread$Stub.onTransact(IApplicationThread.java:1123)
01-13 09:00:47.456 4407 8419 W Binder : at android.os.Binder.execTransactInternal(Binder.java:1184)
01-13 09:00:47.456 4407 8419 W Binder : at android.os.Binder.execTransact(Binder.java:1143)
01-13 09:00:48.168 652 667 I mpu_uart: [MSG-P:RECV]:No message received in 1000 ms
01-01 08:11:37.347 0 0 E [soft_i][0x31e0d394a][09:00:48.335664] wlan: [0:E:DP] dp_tx_comp_process_tx_status: 3431: peer is null or deletion in progress
01-13 09:00:48.556 652 666 I mpu_uart: [MSG-P:R]:recv sync frame timeout
01-13 09:00:49.168 652 667 I mpu_uart: [MSG-P:RECV]:No message received in 1000 ms
01-13 09:00:49.319 0 0 W swapper/1: type=1400 audit(0.0:4948): avc: denied { kill } for capability=5 scontext=u:r:kernel:s0 tcontext=u:r:kernel:s0 tclass=capability permissive=0
01-13 09:00:49.552 1477 1758 D ActivityManager: Skipping freeze for process 5471 com.android.webview:sandboxed_process0:org.chromium.content.app.SandboxedProcessService0:0 curAdj = 945(override)
01-13 09:00:50.169 652 667 I mpu_uart: [MSG-P:RECV]:No message received in 1000 ms
01-13 09:00:50.319 0 0 W swapper/1: type=1400 audit(0.0:4949): avc: denied { kill } for capability=5 scontext=u:r:kernel:s0 tcontext=u:r:kernel:s0 tclass=capability permissive=0
01-13 09:00:50.344 1477 1758 D ActivityManager: Skipping freeze for process 3926 com.cmcc.cmvideo:AgentService curAdj = 935(override)
01-13 09:00:50.996 1274 1400 E tlogd : [TzLogger](isPathReadable) file /sys/kernel/debug/tzdbg/qsee_log isn't exist or no permission, err: No such file or directory
01-13 09:00:50.996 1274 1400 E tlogd : [TzLogger](saveTzlogAsync) /sys/kernel/debug/tzdbg/qsee_log can not read.
01-13 09:00:50.996 1274 1400 E tlogd : [TzLogger](isPathReadable) file /sys/kernel/debug/tzdbg/log isn't exist or no permission, err: No such file or directory
01-13 09:00:50.996 1274 1400 E tlogd : [TzLogger](saveTzlogAsync) /sys/kernel/debug/tzdbg/log can not read.
01-13 09:00:51.169 652 667 I mpu_uart: [MSG-P:RECV]:No message received in 1000 ms
01-13 09:00:51.560 652 666 I mpu_uart: [MSG-P:R]:recv sync frame timeout
01-13 09:00:52.169 652 667 I mpu_uart: [MSG-P:RECV]:No message received in 1000 ms
01-01 08:11:41.347 0 0 E [soft_i][0x322a135a5][09:00:52.336043] wlan: [0:E:DP] dp_tx_comp_process_tx_status: 3431: peer is null or deletion in progress
01-01 08:11:41.560 0 0 E DTC_eth,link_delay_work_func: 3002, SQI=15, link=1
01-13 09:00:52.779 1477 2568 D ActivityManager: freezer override set to false
01-13 09:00:52.801 1477 2568 I DevicePolicyManager: Packages subject to suspension: com.sohu.inputmethod.sogou.car,com.hht.lebocast,com.tencent.tmgp.sgame,com.yiche.autoeasy,com.youku.phone,com.ss.android.ugc.live,com.huawei.appmarket,com.tencent.qqmusic,com.qiyi.video.pad,com.android.documentsui,com.xingin.xhs,com.hryt.hiphishowfsecontrol,com.microsoft.emmx,com.android.calendar,com.tencent.qqlive,tv.danmaku.bilibilihd,com.ss.android.article.news,com.hunantv.imgo.activity,com.android.gallery3d,com.ss.android.lark,com.netease.newsreader.activity,com.kugou.android,com.kuaishou.nebula,com.ximalaya.ting.android,com.coolapk.market,com.miHoYo.Yuanshen,com.cmcc.cmvideo,ctrip.android.view,com.tencent.wemeet.app,com.android.music,com.smile.gifmaker,com.android.deskclock,com.ss.android.article.video,com.achievo.vipshop
01-13 09:00:53.104 1477 2568 D ActivityManager: freezer override set to true
01-13 09:00:53.169 652 667 I mpu_uart: [MSG-P:RECV]:No message received in 1000 ms
01-13 09:00:53.233 1477 1575 W ActivityManager: Stopping service due to app idle: u0a102 -11m12s467ms com.smile.gifmaker/com.kwai.chat.kwailink.service.NewKwaiLinkService
01-13 09:00:53.337 1477 2568 D ActivityManager: freezer override set to false
01-13 09:00:53.466 832 832 I android.hardware.thermal@2.0-service.qti: Returning Dummy Value
01-13 09:00:53.468 832 832 I android.hardware.thermal@2.0-service.qti: Returning Dummy Value
01-13 09:00:53.468 832 832 I android.hardware.thermal@2.0-service.qti: Returning Dummy Value
01-13 09:00:53.468 832 832 I android.hardware.thermal@2.0-service.qti: Returning Dummy Value
01-13 09:00:53.468 832 832 I android.hardware.thermal@2.0-service.qti: Returning Dummy Value
01-13 09:00:53.468 832 832 I android.hardware.thermal@2.0-service.qti: Returning Dummy Value
01-13 09:00:53.469 832 832 I android.hardware.thermal@2.0-service.qti: Returning Dummy Value
01-13 09:00:53.469 832 832 I android.hardware.thermal@2.0-service.qti: Returning Dummy Value
01-13 09:00:53.469 832 832 I android.hardware.thermal@2.0-service.qti: Returning Dummy Value
01-13 09:00:53.469 832 832 I android.hardware.thermal@2.0-service.qti: Returning Dummy Value
01-13 09:00:53.469 832 832 I android.hardware.thermal@2.0-service.qti: Returning Dummy Value
01-13 09:00:53.469 832 832 I android.hardware.thermal@2.0-service.qti: Returning Dummy Value
01-13 09:00:53.469 832 832 I android.hardware.thermal@2.0-service.qti: Returning Dummy Value
01-13 09:00:53.469 832 832 I android.hardware.thermal@2.0-service.qti: Returning Dummy Value
01-13 09:00:53.469 832 832 I android.hardware.thermal@2.0-service.qti: Returning Dummy Value
01-13 09:00:53.470 832 832 I android.hardware.thermal@2.0-service.qti: Returning Dummy Value
01-13 09:00:53.479 1477 2568 D PermissionCache: checking android.permission.DUMP for uid=2000 => granted (101 us)
01-13 09:00:53.663 1178 2668 E IPCThreadState: binder thread pool (1 threads) starved for 179 ms
01-13 09:00:53.770 902 1944 D PermissionCache: checking android.permission.DUMP for uid=2000 => granted (335 us)
01-13 09:00:53.825 1207 1207 D PermissionCache: checking android.permission.DUMP for uid=2000 => granted (798 us)
01-01 08:11:43.038 0 0 I init : starting service 'idmap2d'...
01-01 08:11:43.045 0 0 I init : Control message: Processed ctl.start for 'idmap2d' from pid: 1477 (system_server)
01-13 09:00:54.070 8786 8786 D ProcessState: Binder ioctl to enable oneway spam detection failed: Invalid argument
01-01 08:11:43.081 0 0 I binder : 8786:8786 ioctl 40046210 7ffe1b38a4 returned -22
01-13 09:00:54.102 8786 8787 E idmap2d : failed to parse idmap header
01-13 09:00:54.170 652 667 I mpu_uart: [MSG-P:RECV]:No message received in 1000 ms
01-13 09:00:54.183 8786 8787 E idmap2d : failed to parse idmap header
01-13 09:00:54.319 0 0 W swapper/1: type=1400 audit(0.0:4950): avc: denied { kill } for capability=5 scontext=u:r:kernel:s0 tcontext=u:r:kernel:s0 tclass=capability permissive=0
01-13 09:00:54.511 1477 1477 D CompatibilityInfo: mCompatibilityFlags - 4
01-13 09:00:54.511 1477 1477 D CompatibilityInfo: applicationDensity - 240
01-13 09:00:54.511 1477 1477 D CompatibilityInfo: applicationScale - 1.0
01-13 09:00:54.517 1477 1574 W Binder : Outgoing transactions from this process must be FLAG_ONEWAY
01-13 09:00:54.517 1477 1574 W Binder : java.lang.Throwable
01-13 09:00:54.517 1477 1574 W Binder : at android.os.BinderProxy.transact(BinderProxy.java:532)
01-13 09:00:54.517 1477 1574 W Binder : at android.os.BinderProxy.dump(BinderProxy.java:620)
01-13 09:00:54.517 1477 1574 W Binder : at android.permission.PermissionControllerManager.lambda$dump$12(PermissionControllerManager.java:496)
01-13 09:00:54.517 1477 1574 W Binder : at android.permission.PermissionControllerManager$$ExternalSyntheticLambda18.runOrThrow(Unknown Source:6)
01-13 09:00:54.517 1477 1574 W Binder : at com.android.internal.util.FunctionalUtils$ThrowingRunnable.run(FunctionalUtils.java:106)
01-13 09:00:54.517 1477 1574 W Binder : at java.util.concurrent.CompletableFuture$AsyncRun.run(CompletableFuture.java:1663)
01-13 09:00:54.517 1477 1574 W Binder : at android.os.Handler.handleCallback(Handler.java:938)
01-13 09:00:54.517 1477 1574 W Binder : at android.os.Handler.dispatchMessage(Handler.java:99)
01-13 09:00:54.517 1477 1574 W Binder : at android.os.Looper.loopOnce(Looper.java:201)
01-13 09:00:54.517 1477 1574 W Binder : at android.os.Looper.loop(Looper.java:288)
01-13 09:00:54.517 1477 1574 W Binder : at android.os.HandlerThread.run(HandlerThread.java:67)
01-13 09:00:54.554 3652 6226 W UnsafeUtil: platform method missing - proto runtime falling back to safer methods: java.lang.NoSuchMethodException: sun.misc.Unsafe.copyMemory [class java.lang.Object, long, class java.lang.Object, long, long]
01-13 09:00:54.563 652 666 I mpu_uart: [MSG-P:R]:recv sync frame timeout
01-13 09:00:54.623 1477 2568 E PowerStatsService: PowerStats HAL is not initialized. No data available.
01-13 09:00:54.758 1477 2568 I ProcessStatsService: Added stats: 2023-01-13-11-49-40, over +2m24s155ms
01-13 09:00:54.760 1477 2568 I ProcessStatsService: Added stats: 1970-01-01-09-22-29, over +8m18s736ms
01-13 09:00:54.762 1477 2568 I ProcessStatsService: Added stats: 1970-01-01-08-59-45, over +48s40ms
01-13 09:00:54.764 1477 2568 I ProcessStatsService: Added stats: 1970-01-01-08-16-58, over +5m53s860ms
01-13 09:00:54.765 1477 2568 I ProcessStatsService: Added stats: 1970-01-01-08-00-13, over +1m39s80ms
01-13 09:00:54.767 1477 2568 I ProcessStatsService: Added stats: 1970-01-01-08-00-12, over +1h0m17s990ms
01-13 09:00:54.768 1477 2568 I ProcessStatsService: Added stats: 1970-01-01-08-00-11, over +2h40m53s245ms
01-13 09:00:54.771 1477 2568 I ProcessStatsService: Added stats: 1970-01-01-08-00-09, over +30m3s240ms
01-13 09:00:54.883 1477 2568 I ProcessStatsService: Added stats: 2023-01-13-11-49-40, over +2m24s155ms
01-13 09:00:54.885 1477 2568 I ProcessStatsService: Added stats: 1970-01-01-09-22-29, over +8m18s736ms
01-13 09:00:54.887 1477 2568 I ProcessStatsService: Added stats: 1970-01-01-08-59-45, over +48s40ms
01-13 09:00:54.889 1477 2568 I ProcessStatsService: Added stats: 1970-01-01-08-16-58, over +5m53s860ms
01-13 09:00:54.891 1477 2568 I ProcessStatsService: Added stats: 1970-01-01-08-00-13, over +1m39s80ms
01-13 09:00:54.892 1477 2568 I ProcessStatsService: Added stats: 1970-01-01-08-00-12, over +1h0m17s990ms
01-13 09:00:55.066 1477 1894 W BestClock: java.time.DateTimeException: Missing NTP fix
01-13 09:00:55.088 1477 1894 W BestClock: java.time.DateTimeException: Missing NTP fix
01-13 09:00:55.092 1477 1897 W BestClock: java.time.DateTimeException: Missing NTP fix
01-13 09:00:55.091 573 573 W Binder:573_2: type=1400 audit(0.0:4951): avc: denied { read } for name="wakeup58" dev="sysfs" ino=72809 scontext=u:r:system_suspend:s0 tcontext=u:object_r:sysfs:s0 tclass=dir permissive=0
01-13 09:00:55.091 573 573 W Binder:573_2: type=1400 audit(0.0:4952): avc: denied { read } for name="wakeup48" dev="sysfs" ino=67707 scontext=u:r:system_suspend:s0 tcontext=u:object_r:sysfs:s0 tclass=dir permissive=0
01-13 09:00:55.091 573 573 W Binder:573_2: type=1400 audit(0.0:4953): avc: denied { read } for name="wakeup4" dev="sysfs" ino=47037 scontext=u:r:system_suspend:s0 tcontext=u:object_r:sysfs:s0 tclass=dir permissive=0
01-13 09:00:55.091 573 573 W Binder:573_2: type=1400 audit(0.0:4954): avc: denied { read } for name="wakeup76" dev="sysfs" ino=77789 scontext=u:r:system_suspend:s0 tcontext=u:object_r:sysfs:s0 tclass=dir permissive=0
01-13 09:00:55.097 1477 1897 W BestClock: java.time.DateTimeException: Missing NTP fix
01-13 09:00:55.098 573 581 E android.system.suspend@1.0-service: Error opening kernel wakelock stats for: wakeup58: Permission denied
01-13 09:00:55.099 573 581 E android.system.suspend@1.0-service: Error opening kernel wakelock stats for: wakeup48: Permission denied
01-13 09:00:55.099 573 581 E android.system.suspend@1.0-service: Error opening kernel wakelock stats for: wakeup4: Permission denied
01-13 09:00:55.099 573 581 E android.system.suspend@1.0-service: Error opening kernel wakelock stats for: wakeup76: Permission denied
01-13 09:00:55.095 573 573 W Binder:573_2: type=1400 audit(0.0:4955): avc: denied { read } for name="wakeup28" dev="sysfs" ino=53102 scontext=u:r:system_suspend:s0 tcontext=u:object_r:sysfs:s0 tclass=dir permissive=0
01-13 09:00:55.095 573 573 W Binder:573_2: type=1400 audit(0.0:4956): avc: denied { read } for name="wakeup56" dev="sysfs" ino=72737 scontext=u:r:system_suspend:s0 tcontext=u:object_r:sysfs:s0 tclass=dir permissive=0
01-13 09:00:55.100 573 581 E android.system.suspend@1.0-service: Error opening kernel wakelock stats for: wakeup28: Permission denied
01-13 09:00:55.100 573 581 E android.system.suspend@1.0-service: Error opening kernel wakelock stats for: wakeup56: Permission denied
01-13 09:00:55.101 573 581 E android.system.suspend@1.0-service: Error opening kernel wakelock stats for: wakeup2: Permission denied
01-13 09:00:55.101 573 581 E android.system.suspend@1.0-service: Error opening kernel wakelock stats for: wakeup36: Permission denied
01-13 09:00:55.102 573 581 E android.system.suspend@1.0-service: Error opening kernel wakelock stats for: wakeup54: Permission denied
01-13 09:00:55.103 573 581 E android.system.suspend@1.0-service: Error opening kernel wakelock stats for: wakeup44: Permission denied
01-13 09:00:55.103 573 581 E android.system.suspend@1.0-service: Error opening kernel wakelock stats for: wakeup0: Permission denied
01-13 09:00:55.103 573 581 E android.system.suspend@1.0-service: Error opening kernel wakelock stats for: wakeup104: Permission denied
01-13 09:00:55.103 573 581 E android.system.suspend@1.0-service: Error opening kernel wakelock stats for: wakeup62: Permission denied
01-01 08:11:44.112 0 0 W audit : audit_lost=3868 audit_rate_limit=5 audit_backlog_limit=64
01-01 08:11:44.112 0 0 E audit : rate limit exceeded
01-13 09:00:55.104 573 581 E android.system.suspend@1.0-service: Error opening kernel wakelock stats for: wakeup52: Permission denied
01-13 09:00:55.104 573 581 E android.system.suspend@1.0-service: Error opening kernel wakelock stats for: wakeup9: Permission denied
01-13 09:00:55.105 573 581 E android.system.suspend@1.0-service: Error opening kernel wakelock stats for: wakeup102: Permission denied
01-13 09:00:55.105 573 581 E android.system.suspend@1.0-service: Error opening kernel wakelock stats for: wakeup32: Permission denied
01-13 09:00:55.105 573 581 E android.system.suspend@1.0-service: Error opening kernel wakelock stats for: wakeup60: Permission denied
01-13 09:00:55.106 573 581 E android.system.suspend@1.0-service: Error opening kernel wakelock stats for: wakeup50: Permission denied
01-13 09:00:55.106 573 581 E android.system.suspend@1.0-service: Error opening kernel wakelock stats for: wakeup7: Permission denied
01-13 09:00:55.106 573 581 E android.system.suspend@1.0-service: Error opening kernel wakelock stats for: wakeup40: Permission denied
01-13 09:00:55.107 573 581 E android.system.suspend@1.0-service: Error opening kernel wakelock stats for: wakeup30: Permission denied
01-13 09:00:55.108 573 581 E android.system.suspend@1.0-service: Error opening kernel wakelock stats for: wakeup59: Permission denied
01-13 09:00:55.109 573 581 E android.system.suspend@1.0-service: Error opening kernel wakelock stats for: wakeup5: Permission denied
01-13 09:00:55.109 573 581 E android.system.suspend@1.0-service: Error opening kernel wakelock stats for: wakeup77: Permission denied
01-13 09:00:55.109 573 581 E android.system.suspend@1.0-service: Error opening kernel wakelock stats for: wakeup39: Permission denied
01-13 09:00:55.110 573 581 E android.system.suspend@1.0-service: Error opening kernel wakelock stats for: wakeup29: Permission denied
01-13 09:00:55.110 573 581 E android.system.suspend@1.0-service: Error opening kernel wakelock stats for: wakeup57: Permission denied
01-13 09:00:55.110 573 581 E android.system.suspend@1.0-service: Error opening kernel wakelock stats for: wakeup19: Permission denied
01-13 09:00:55.111 573 581 E android.system.suspend@1.0-service: Error opening kernel wakelock stats for: wakeup75: Permission denied
01-13 09:00:55.112 573 581 E android.system.suspend@1.0-service: Error opening kernel wakelock stats for: wakeup37: Permission denied
01-13 09:00:55.113 573 581 E android.system.suspend@1.0-service: Error opening kernel wakelock stats for: wakeup27: Permission denied
01-13 09:00:55.113 573 581 E android.system.suspend@1.0-service: Error opening kernel wakelock stats for: wakeup55: Permission denied
01-13 09:00:55.113 573 581 E android.system.suspend@1.0-service: Error opening kernel wakelock stats for: wakeup17: Permission denied
01-13 09:00:55.114 573 581 E android.system.suspend@1.0-service: Error opening kernel wakelock stats for: wakeup1: Permission denied
01-13 09:00:55.115 573 581 E android.system.suspend@1.0-service: Error opening kernel wakelock stats for: wakeup63: Permission denied
01-13 09:00:55.115 573 581 E android.system.suspend@1.0-service: Error opening kernel wakelock stats for: wakeup25: Permission denied
01-13 09:00:55.115 573 581 E android.system.suspend@1.0-service: Error opening kernel wakelock stats for: wakeup53: Permission denied
01-13 09:00:55.116 573 581 E android.system.suspend@1.0-service: Error opening kernel wakelock stats for: wakeup15: Permission denied
01-13 09:00:55.116 573 581 E android.system.suspend@1.0-service: Error opening kernel wakelock stats for: wakeup43: Permission denied
01-13 09:00:55.116 573 581 E android.system.suspend@1.0-service: Error opening kernel wakelock stats for: wakeup103: Permission denied
01-13 09:00:55.116 573 581 E android.system.suspend@1.0-service: Error opening kernel wakelock stats for: wakeup33: Permission denied
01-13 09:00:55.117 573 581 E android.system.suspend@1.0-service: Error opening kernel wakelock stats for: wakeup61: Permission denied
01-13 09:00:55.117 573 581 E android.system.suspend@1.0-service: Error opening kernel wakelock stats for: wakeup23: Permission denied
01-13 09:00:55.117 573 581 E android.system.suspend@1.0-service: Error opening kernel wakelock stats for: wakeup51: Permission denied
01-13 09:00:55.117 573 581 E android.system.suspend@1.0-service: Error opening kernel wakelock stats for: wakeup8: Permission denied
01-13 09:00:55.117 573 581 E android.system.suspend@1.0-service: Error opening kernel wakelock stats for: wakeup13: Permission denied
01-13 09:00:55.118 573 581 E android.system.suspend@1.0-service: Error opening kernel wakelock stats for: wakeup41: Permission denied
01-13 09:00:55.118 573 581 E android.system.suspend@1.0-service: Error opening kernel wakelock stats for: wakeup101: Permission denied
01-13 09:00:55.118 573 581 E android.system.suspend@1.0-service: Error opening kernel wakelock stats for: wakeup31: Permission denied
01-13 09:00:55.118 573 581 E android.system.suspend@1.0-service: Error opening kernel wakelock stats for: wakeup21: Permission denied
01-13 09:00:55.118 573 581 E android.system.suspend@1.0-service: Error opening kernel wakelock stats for: wakeup6: Permission denied
01-13 09:00:55.119 573 581 E android.system.suspend@1.0-service: Error opening kernel wakelock stats for: wakeup11: Permission denied
01-13 09:00:55.148 1477 2568 I Telecom : PhoneAccountRegistrar: getSimCallManager: SimCallManager for subId -1 queried, returning: null
01-13 09:00:55.158 1477 2568 D androidtc: Initializing SystemTextClassifier, type = Default system
01-13 09:00:55.159 1477 2568 D androidtc: Initializing SystemTextClassifier, type = System
01-13 09:00:55.168 832 832 E android.hardware.thermal@2.0-service.qti: ThermalHAL not initialized properly.
01-13 09:00:55.168 1477 2568 E ThermalHalWrapper: Couldn't get temperatures because of HAL error: ThermalHAL not initialized properly.
01-13 09:00:55.170 652 667 I mpu_uart: [MSG-P:RECV]:No message received in 1000 ms
01-13 09:00:55.172 832 832 E android.hardware.thermal@2.0-service.qti: ThermalHAL not initialized properly.
01-13 09:00:55.172 1477 2568 E ThermalHalWrapper: Couldn't get temperature thresholds because of HAL error: ThermalHAL not initialized properly.
01-13 09:00:55.321 1477 2568 W UsbDeviceManager: Ignore missing legacy kernel path in bugreport dump: kernel function list:/sys/class/android_usb/android0/functions
01-13 09:00:55.327 1477 2568 V UserManagerService: dumpPackageWhitelistProblems(): using mode ENFORCE|IMPLICIT_WHITELIST|IMPLICIT_WHITELIST_SYSTEM
01-13 09:00:55.352 2823 2915 E Parcel : Attempt to read from protected data in Parcel 0x78a55a3990
01-13 09:00:55.352 2823 2915 E Parcel : Attempt to read from protected data in Parcel 0x78a55a3990
01-13 09:00:55.352 2823 2915 E Parcel : Attempt to read from protected data in Parcel 0x78a55a3990
01-13 09:00:55.352 2823 2915 E Parcel : Expecting header 0x53595354 but found 0x0. Mixing copies of libbinder?
01-13 09:00:55.352 2823 2915 W Parcel : Attempt to read object from Parcel 0x78a55a3990 at offset 12 that is not in the object list
01-13 09:00:55.543 834 834 E WifiHAL : handleResponse: OTHER_RX_MULTICAST_CNT not found
01-01 08:11:44.593 0 0 I logd : logdr: UID=1000 GID=1000 PID=8878 n tail=127 logMask=19 pid=0 start=0ns deadline=0ns
01-01 08:11:44.717 0 0 I logd : logdr: UID=1000 GID=1000 PID=8881 n tail=127 logMask=80 pid=0 start=0ns deadline=0ns
01-13 09:00:55.805 1477 2568 W LastMileLogger: Failed to read event trace: /sys/kernel/debug/tracing/instances/wifi/trace
01-13 09:00:55.850 1217 1217 D PermissionCache: checking android.permission.DUMP for uid=2000 => granted (1111 us)
01-13 09:00:55.897 1477 2568 D WifiScanningService: Latest scan results nowMs = 702710
01-13 09:00:55.900 1477 2568 D WificondScannerImpl: Latest native scan results nowMs = 702712
01-13 09:00:55.904 7374 7374 D dumpstate: Duration of 'DUMPSYS': 10.21s
01-13 09:00:55.997 1274 1400 E tlogd : [TzLogger](isPathReadable) file /sys/kernel/debug/tzdbg/qsee_log isn't exist or no permission, err: No such file or directory
01-13 09:00:55.997 1274 1400 E tlogd : [TzLogger](saveTzlogAsync) /sys/kernel/debug/tzdbg/qsee_log can not read.
01-13 09:00:55.997 1274 1400 E tlogd : [TzLogger](isPathReadable) file /sys/kernel/debug/tzdbg/log isn't exist or no permission, err: No such file or directory
01-13 09:00:55.997 1274 1400 E tlogd : [TzLogger](saveTzlogAsync) /sys/kernel/debug/tzdbg/log can not read.
01-13 09:00:55.998 7374 7374 D dumpstate: Adding dir /data/misc/bluetooth/logs (recursive: 1)
01-13 09:00:56.170 652 667 I mpu_uart: [MSG-P:RECV]:No message received in 1000 ms
01-13 09:00:56.170 8890 8890 D ProcessState: Binder ioctl to enable oneway spam detection failed: Invalid argument
01-01 08:11:45.182 0 0 I binder : 8890:8890 ioctl 40046210 7fd47aaf54 returned -22
01-13 09:00:56.206 8893 8893 D ProcessState: Binder ioctl to enable oneway spam detection failed: Invalid argument
01-01 08:11:45.217 0 0 I binder : 8893:8893 ioctl 40046210 7fec2884f4 returned -22
01-01 08:11:45.349 0 0 E [soft_i][0x32735bb1b][09:00:56.338248] wlan: [0:E:DP] dp_tx_comp_process_tx_status: 3431: peer is null or deletion in progress
01-13 09:00:56.460 2015 2015 I BufferEulogizer: Not eulogizing buffers; they are 464881 hours old
01-13 09:00:56.523 8920 8920 D ProcessState: Binder ioctl to enable oneway spam detection failed: Invalid argument
01-01 08:11:45.535 0 0 I binder : 8920:8920 ioctl 40046210 7ff9bfc394 returned -22
01-01 08:11:45.655 0 0 I binder : 8960:8960 ioctl 40046210 7fff66b324 returned -22
01-13 09:00:56.644 8960 8960 D ProcessState: Binder ioctl to enable oneway spam detection failed: Invalid argument
01-13 09:00:56.877 9003 9003 D ProcessState: Binder ioctl to enable oneway spam detection failed: Invalid argument
01-01 08:11:45.888 0 0 I binder : 9003:9003 ioctl 40046210 7ffb8dd6c4 returned -22
01-13 09:00:57.001 9076 9076 D ProcessState: Binder ioctl to enable oneway spam detection failed: Invalid argument
01-01 08:11:46.012 0 0 I binder : 9076:9076 ioctl 40046210 7fee48d1a4 returned -22
01-01 08:11:46.047 0 0 I binder : 9078:9078 ioctl 40046210 7fd4853734 returned -22
01-13 09:00:57.035 9078 9078 D ProcessState: Binder ioctl to enable oneway spam detection failed: Invalid argument
01-13 09:00:57.081 9080 9080 D ProcessState: Binder ioctl to enable oneway spam detection failed: Invalid argument
01-01 08:11:46.093 0 0 I binder : 9080:9080 ioctl 40046210 7fd2cba5f4 returned -22
01-13 09:00:57.093 7374 7374 D dumpstate: Adding dir /linkerconfig (recursive: 1)
01-13 09:00:57.120 7374 7374 D dumpstate: Adding dir /sys/fs/cgroup (recursive: 1)
01-13 09:00:57.170 652 667 I mpu_uart: [MSG-P:RECV]:No message received in 1000 ms
01-13 09:00:57.225 7374 7374 D dumpstate: Duration of 'DUMPSTATE': 31.94s
01-01 08:11:46.281 0 0 I logd : logdr: UID=2000 GID=2000 PID=9082 n tail=0 logMask=99 pid=0 start=1673571604000000000ns deadline=0ns
01-13 09:00:57.319 0 0 W swapper/2: type=1400 audit(0.0:5004): avc: denied { kill } for capability=5 scontext=u:r:kernel:s0 tcontext=u:r:kernel:s0 tclass=capability permissive=0
01-13 09:00:57.431 7374 7374 D dumpstate: Adding main entry (bugreport-figure_CN-SKQ1.220201.001-2023-01-13-09-00-02.txt) from /data/user_de/0/com.android.shell/files/bugreports/bugreport-figure_CN-SKQ1.220201.001-2023-01-13-09-00-02.tmp to .zip bugreport
01-13 09:00:57.431 7374 7374 D dumpstate: dumpstate id 1 finished around 2023/01/13 09:00:57 (55 s)
01-13 09:00:57.566 652 666 I mpu_uart: [MSG-P:R]:recv sync frame timeout
01-01 08:11:46.680 0 0 E DTC_eth,link_delay_work_func: 3002, SQI=15, link=1
01-13 09:00:58.136 7374 7374 D dumpstate: Adding zip text entry main_entry.txt
01-13 09:00:58.138 7374 7374 D dumpstate: Removing temporary file /data/user_de/0/com.android.shell/files/bugreports/bugreport-figure_CN-SKQ1.220201.001-2023-01-13-09-00-02.tmp
01-13 09:00:58.141 7374 7374 I dumpstate: Vibrate: 'cmd vibrator_manager synced -f -d dumpstate oneshot 75'
01-13 09:00:58.171 652 667 I mpu_uart: [MSG-P:RECV]:No message received in 1000 ms
01-13 09:00:58.180 9085 9085 D ProcessState: Binder ioctl to enable oneway spam detection failed: Invalid argument
01-01 08:11:47.192 0 0 I binder : 9085:9085 ioctl 40046210 7fc17baab4 returned -22
01-13 09:00:58.184 1477 2568 E VibratorManagerService: Ignoring incoming vibration as process with uid= 2000 is background, attrs= VibrationAttributes: Usage=TOUCH Audio Usage= USAGE_UNKNOWN Flags=1
01-13 09:00:58.316 7374 7374 I dumpstate: Vibrate: 'cmd vibrator_manager synced -f -d dumpstate oneshot 75'
01-13 09:00:58.319 0 0 W swapper/2: type=1400 audit(0.0:5005): avc: denied { kill } for capability=5 scontext=u:r:kernel:s0 tcontext=u:r:kernel:s0 tclass=capability permissive=0
01-13 09:00:58.347 9088 9088 D ProcessState: Binder ioctl to enable oneway spam detection failed: Invalid argument
01-01 08:11:47.358 0 0 I binder : 9088:9088 ioctl 40046210 7fd0896824 returned -22
01-13 09:00:58.349 1477 2568 E VibratorManagerService: Ignoring incoming vibration as process with uid= 2000 is background, attrs= VibrationAttributes: Usage=TOUCH Audio Usage= USAGE_UNKNOWN Flags=1
01-13 09:00:58.478 7374 7374 I dumpstate: Vibrate: 'cmd vibrator_manager synced -f -d dumpstate oneshot 75'
01-13 09:00:58.508 9091 9091 D ProcessState: Binder ioctl to enable oneway spam detection failed: Invalid argument
01-13 09:00:58.511 1477 2568 E VibratorManagerService: Ignoring incoming vibration as process with uid= 2000 is background, attrs= VibrationAttributes: Usage=TOUCH Audio Usage= USAGE_UNKNOWN Flags=1
01-01 08:11:47.519 0 0 I binder : 9091:9091 ioctl 40046210 7fea1f35f4 returned -22
01-13 09:00:58.639 7374 7374 D dumpstate: Final progress: 8010/8090 (estimated 5000)
01-13 09:00:58.639 7374 7374 I dumpstate: Saving stats (total=8010, runs=1, average=8010) on /bugreports/dumpstate-stats.txt
01-13 09:00:58.640 7374 7374 I dumpstate: done (id 1)
01-13 09:00:58.640 7374 7374 D dumpstate: Closing control socket
01-13 09:00:58.644 1477 1577 I ActivityManager: Process PhantomProcessRecord {85ebce2 7373:2227:bugreportz/1000} died
01-13 09:00:58.648 7374 7374 I dumpstate: shutdown thread pool
01-13 09:00:58.649 7374 7374 D dumpstate: Duration of 'RUN INTERNAL': 56.49s
01-01 08:11:47.674 0 0 I init : Service 'dumpstatez' (pid 7374) exited with status 0 oneshot service took 56.549999 seconds in background
01-01 08:11:47.675 0 0 I init : Sending signal 9 to service 'dumpstatez' (pid 7374) process group...
01-01 08:11:47.675 0 0 I libprocessgroup: Successfully killed process cgroup uid 0 pid 7374 in 0ms
01-13 09:00:58.673 2227 7359 D TlogClient_LogZipService: Receive zip message: [09:00:58]Save Bugreport to: /bugreports/bugreport-figure_CN-SKQ1.220201.001-2023-01-13-09-00-02.zip
01-13 09:00:58.673 2227 7359 D TlogClient_LogZipService: , handler: Handler (com.tc.logclient.LogClientFragment$UiHandler) {c756d6f}
01-13 09:00:59.171 652 667 I mpu_uart: [MSG-P:RECV]:No message received in 1000 ms
01-13 09:00:59.720 2227 7359 D TlogClient_LogZipService: Receive zip message: [09:00:59]Getting dumpsys...
01-13 09:00:59.720 2227 7359 D TlogClient_LogZipService: , handler: Handler (com.tc.logclient.LogClientFragment$UiHandler) {c756d6f}
01-13 09:00:59.758 9098 9098 D ProcessState: Binder ioctl to enable oneway spam detection failed: Invalid argument
01-01 08:11:48.769 0 0 I binder : 9098:9098 ioctl 40046210 7fddc915b4 returned -22
01-13 09:00:59.810 511 511 E SELinux : avc: denied { find } for pid=9098 uid=1000 name=suspend_control scontext=u:r:system_app:s0 tcontext=u:object_r:system_suspend_control_service:s0 tclass=service_manager permissive=0
01-13 09:00:59.810 511 511 E SELinux : avc: denied { find } for pid=9098 uid=1000 name=suspend_control_internal scontext=u:r:system_app:s0 tcontext=u:object_r:system_suspend_control_internal_service:s0 tclass=service_manager permissive=0
01-13 09:00:59.813 511 511 E SELinux : avc: denied { find } for pid=9098 uid=1000 name=tracing.proxy scontext=u:r:system_app:s0 tcontext=u:object_r:tracingproxy_service:s0 tclass=service_manager permissive=0
01-13 09:00:59.823 965 2774 D PermissionCache: checking android.permission.DUMP for uid=1000 => granted (385 us)
01-13 09:00:59.824 965 2774 W DisplayIdentification: Invalid EDID: falling back to serial number due to missing display name.
01-13 09:00:59.824 965 2774 W DisplayIdentification: Invalid EDID: falling back to ASCII text due to missing serial number.
01-13 09:00:59.824 841 841 I SDM : HWCDisplay::GetColorModeCount: Supported color mode count = 1
01-13 09:00:59.824 841 841 I SDM : HWCDisplay::GetColorModes: Color mode = 0 is supported
01-13 09:00:59.819 965 965 W Binder:965_5: type=1400 audit(0.0:5006): avc: denied { open } for path="/proc/841/cmdline" dev="proc" ino=296699 scontext=u:r:surfaceflinger:s0 tcontext=u:r:hal_graphics_composer_default:s0 tclass=file permissive=0
01-13 09:01:00.032 2015 2015 D KeyguardUpdateMonitor: received broadcast android.intent.action.TIME_TICK
01-13 09:01:00.034 1477 2568 I AdbDebuggingManager: Cannot read system keys
01-13 09:01:00.034 1477 2568 I AdbDebuggingManager: java.io.FileNotFoundException: /adb_keys: open failed: ENOENT (No such file or directory)
01-13 09:01:00.034 1477 2568 I AdbDebuggingManager: at libcore.io.IoBridge.open(IoBridge.java:575)
01-13 09:01:00.034 1477 2568 I AdbDebuggingManager: at java.io.FileInputStream.(FileInputStream.java:160)
01-13 09:01:00.034 1477 2568 I AdbDebuggingManager: at android.os.FileUtils.readTextFile(FileUtils.java:637)
01-13 09:01:00.034 1477 2568 I AdbDebuggingManager: at com.android.server.adb.AdbDebuggingManager.dump(AdbDebuggingManager.java:1762)
01-13 09:01:00.034 1477 2568 I AdbDebuggingManager: at com.android.server.adb.AdbService.dump(AdbService.java:546)
01-13 09:01:00.034 1477 2568 I AdbDebuggingManager: at android.os.Binder.doDump(Binder.java:887)
01-13 09:01:00.034 1477 2568 I AdbDebuggingManager: at android.os.Binder.dump(Binder.java:877)
01-13 09:01:00.034 1477 2568 I AdbDebuggingManager: at android.os.Binder.onTransact(Binder.java:813)
01-13 09:01:00.034 1477 2568 I AdbDebuggingManager: at android.debug.IAdbManager$Stub.onTransact(IAdbManager.java:343)
01-13 09:01:00.034 1477 2568 I AdbDebuggingManager: at android.os.Binder.execTransactInternal(Binder.java:1184)
01-13 09:01:00.034 1477 2568 I AdbDebuggingManager: at android.os.Binder.execTransact(Binder.java:1143)
01-13 09:01:00.034 1477 2568 I AdbDebuggingManager: Caused by: android.system.ErrnoException: open failed: ENOENT (No such file or directory)
01-13 09:01:00.034 1477 2568 I AdbDebuggingManager: at libcore.io.Linux.open(Native Method)
01-13 09:01:00.034 1477 2568 I AdbDebuggingManager: at libcore.io.ForwardingOs.open(ForwardingOs.java:567)
01-13 09:01:00.034 1477 2568 I AdbDebuggingManager: at libcore.io.BlockGuardOs.open(BlockGuardOs.java:273)
01-13 09:01:00.034 1477 2568 I AdbDebuggingManager: at libcore.io.IoBridge.open(IoBridge.java:561)
01-13 09:01:00.034 1477 2568 I AdbDebuggingManager: ... 10 more
01-13 09:01:00.034 2015 2015 D KeyguardUpdateMonitor: handleTimeUpdate
01-13 09:01:00.035 9098 9098 W dumpsys : type=1400 audit(0.0:5007): avc: denied { write } for path="pipe:[295922]" dev="pipefs" ino=295922 scontext=u:r:hal_light_default:s0 tcontext=u:r:system_app:s0 tclass=fifo_file permissive=0
01-13 09:01:00.035 9098 9098 W dumpsys : type=1400 audit(0.0:5008): avc: denied { call } for scontext=u:r:system_app:s0 tcontext=u:r:hal_power_default:s0 tclass=binder permissive=0
01-13 09:01:00.035 9098 9098 W dumpsys : type=1400 audit(0.0:5009): avc: denied { call } for scontext=u:r:system_app:s0 tcontext=u:r:hal_vibrator_default:s0 tclass=binder permissive=0
01-13 09:01:00.035 9098 9098 W dumpsys : type=1400 audit(0.0:5010): avc: denied { write } for path="pipe:[295925]" dev="pipefs" ino=295925 scontext=u:r:update_engine:s0 tcontext=u:r:system_app:s0 tclass=fifo_file permissive=0
01-13 09:01:00.035 9098 9098 W dumpsys : type=1400 audit(0.0:5011): avc: denied { write } for path="pipe:[295926]" dev="pipefs" ino=295926 scontext=u:r:update_engine:s0 tcontext=u:r:system_app:s0 tclass=fifo_file permissive=0
01-01 08:11:49.051 0 0 I binder : 9098:9108 transaction failed 29201/-1, size 40-8 line 3383
01-01 08:11:49.051 0 0 I binder : 9098:9109 transaction failed 29201/-1, size 40-8 line 3079
01-01 08:11:49.052 0 0 I binder : 9098:9110 transaction failed 29201/-1, size 40-8 line 3079
01-01 08:11:49.052 0 0 I binder : 9098:9111 transaction failed 29201/-1, size 40-8 line 3383
01-01 08:11:49.052 0 0 I binder : 9098:9112 transaction failed 29201/-1, size 40-8 line 3383
01-13 09:01:00.049 1273 1273 D PermissionCache: checking android.permission.DUMP for uid=1000 => granted (787 us)
01-13 09:01:00.072 1477 2568 W AudioIDCMicroNegotiator: idcm_warn: idcm control is not enable
01-13 09:01:00.072 1477 2568 W AS.AudioService: idcm_warn: MicroService is not inited
01-13 09:01:00.073 1477 2568 W AutofillManagerService: Ignoring invalid dump arg: -a
01-13 09:01:00.073 1477 2568 V AutofillManagerServiceImpl: getServiceUidLocked(): no mServiceInfo
01-13 09:01:00.073 1477 2568 V FieldClassificationStrategy: getServiceComponentName(): ComponentInfo{android.ext.services/android.ext.services.autofill.AutofillFieldClassificationServiceImpl}
01-13 09:01:00.093 822 822 D vendor.qti.bluetooth@1.0-ibs_handler: SerialClockVote: vote for UART CLK ON
01-13 09:01:00.094 822 822 D vendor.qti.bluetooth@1.0-wake_lock: Acquire wakelock is acquired
01-13 09:01:00.094 822 822 I vendor.qti.bluetooth@1.0-ibs_handler: DeviceWakeUp: Writing IBS_WAKE_IND
01-13 09:01:00.098 1477 1587 W BatteryExternalStatsWorker: error reading modem stats:ERROR_PHONE_NOT_AVAILABLE
01-13 09:01:00.100 822 2960 I vendor.qti.bluetooth@1.0-ibs_handler: ProcessIbsCmd: Received IBS_WAKE_ACK: 0xFC
01-13 09:01:00.100 822 2960 I vendor.qti.bluetooth@1.0-ibs_handler: ProcessIbsCmd: Signal wack_cond_
01-13 09:01:00.100 822 822 D vendor.qti.bluetooth@1.0-ibs_handler: DeviceWakeUp: Unblocked from waiting for FC, pthread_cond_timedwait ret = 0
01-13 09:01:00.101 822 2960 I vendor.qti.bluetooth@1.0-ibs_handler: ProcessIbsCmd: Received IBS_WAKE_IND: 0xFD
01-13 09:01:00.101 822 2960 I vendor.qti.bluetooth@1.0-ibs_handler: ProcessIbsCmd: Writing IBS_WAKE_ACK
01-13 09:01:00.121 1477 1587 E KernelCpuSpeedReader: Failed to read cpu-freq: /sys/devices/system/cpu/cpu4/cpufreq/stats/time_in_state: open failed: ENOENT (No such file or directory)
01-13 09:01:00.122 1477 1587 E KernelCpuSpeedReader: Failed to read cpu-freq: /sys/devices/system/cpu/cpu0/cpufreq/stats/time_in_state: open failed: ENOENT (No such file or directory)
01-13 09:01:00.125 573 581 E android.system.suspend@1.0-service: Error opening kernel wakelock stats for: wakeup58: Permission denied
01-13 09:01:00.125 573 581 E android.system.suspend@1.0-service: Error opening kernel wakelock stats for: wakeup48: Permission denied
01-13 09:01:00.125 573 581 E android.system.suspend@1.0-service: Error opening kernel wakelock stats for: wakeup4: Permission denied
01-13 09:01:00.125 573 581 E android.system.suspend@1.0-service: Error opening kernel wakelock stats for: wakeup76: Permission denied
01-13 09:01:00.119 573 573 W Binder:573_2: type=1400 audit(0.0:5012): avc: denied { read } for name="wakeup58" dev="sysfs" ino=72809 scontext=u:r:system_suspend:s0 tcontext=u:object_r:sysfs:s0 tclass=dir permissive=0
01-13 09:01:00.119 573 573 W Binder:573_2: type=1400 audit(0.0:5013): avc: denied { read } for name="wakeup48" dev="sysfs" ino=67707 scontext=u:r:system_suspend:s0 tcontext=u:object_r:sysfs:s0 tclass=dir permissive=0
