01-13 08:49:34.879 1477 2568 E PackageDexUsage: Unsupported context?
01-13 08:49:35.061 1477 1930 I GameModeConfig: isGameModeOn = true
01-13 08:49:35.061 1477 1930 I GameModeConfig: isGaming = false
01-13 08:49:35.064 1477 1930 I GameModeConfig: isGameModeOn = true
01-13 08:49:35.064 1477 1930 I GameModeConfig: isGaming = false
01-01 08:00:24.117 0 0 W audit : audit_lost=26 audit_rate_limit=5 audit_backlog_limit=64
01-01 08:00:24.117 0 0 E audit : rate limit exceeded
01-01 08:00:24.299 0 0 I binder : 2227:4198 ioctl 40046210 75f0d3eef4 returned -22
01-01 08:00:24.313 0 0 I : tsnv nv_initialize successfully!
01-01 08:00:24.396 0 0 I init : Untracked pid 4218 exited with status 0
01-13 08:49:35.425 1477 1930 I GameModeConfig: isGameModeOn = true
01-13 08:49:35.425 1477 1930 I GameModeConfig: isGaming = false
01-13 08:49:35.426 1477 1930 I GameModeConfig: isGameModeOn = true
01-13 08:49:35.426 1477 1930 I GameModeConfig: isGaming = false
01-13 08:49:35.467 1477 1995 E PackageDexUsage: Unsupported context?
01-13 08:49:35.473 1477 1930 I GameModeConfig: isGameModeOn = true
01-13 08:49:35.473 1477 1930 I GameModeConfig: isGaming = false
01-13 08:49:35.602 1477 1930 I GameModeConfig: isGameModeOn = true
01-13 08:49:35.602 1477 1930 I GameModeConfig: isGaming = false
01-13 08:49:35.766 1477 1930 I GameModeConfig: isGameModeOn = true
01-13 08:49:35.766 1477 1930 I GameModeConfig: isGaming = false
01-13 08:49:35.807 1477 1930 I GameModeConfig: isGameModeOn = true
01-13 08:49:35.808 1477 1930 I GameModeConfig: isGaming = false
01-13 08:49:35.956 1477 1930 I GameModeConfig: isGameModeOn = true
01-13 08:49:35.956 1477 1930 I GameModeConfig: isGaming = false
01-13 08:49:35.990 1477 1930 I GameModeConfig: isGameModeOn = true
01-13 08:49:35.990 1477 1930 I GameModeConfig: isGaming = false
01-13 08:49:36.174 1477 2568 E PackageDexUsage: Unsupported context?
01-13 08:49:36.199 1477 2568 E PackageDexUsage: Unsupported context?
01-13 08:49:36.220 1477 2568 E PackageDexUsage: Unsupported context?
01-13 08:49:36.254 1477 2568 E PackageDexUsage: Unsupported context?
01-01 08:00:25.281 0 0 W audit : audit_lost=76 audit_rate_limit=5 audit_backlog_limit=64
01-01 08:00:25.281 0 0 E audit : rate limit exceeded
01-13 08:49:36.710 4151 4368 W Looper : Loop again would have the queued messages be executed before this one completed.
01-01 08:00:25.719 0 0 E DTC_eth,link_delay_work_func: 3002, SQI=0, link=0
01-13 08:49:37.271 1477 2568 D CompatibilityChangeReporter: Compat change id reported: 135634846; UID 10119; state: DISABLED
01-13 08:49:37.271 1477 2568 D CompatibilityChangeReporter: Compat change id reported: 177438394; UID 10119; state: DISABLED
01-13 08:49:37.271 1477 2568 D CompatibilityChangeReporter: Compat change id reported: 135772972; UID 10119; state: DISABLED
01-13 08:49:37.271 1477 2568 D CompatibilityChangeReporter: Compat change id reported: 135754954; UID 10119; state: DISABLED
01-13 08:49:37.272 1477 1576 D CompatibilityChangeReporter: Compat change id reported: 143937733; UID 10119; state: DISABLED
01-13 08:49:37.283 1477 1576 I ActivityManager: Start proc 4407:com.cmcc.cmvideo:remote_web/u0a119 for service {com.cmcc.cmvideo/com.cmcc.cmvideo.service.WebProcessService}
01-01 08:00:26.309 0 0 I binder : 4407:4407 ioctl 40046210 7fffcc9b84 returned -22
01-01 08:00:26.390 0 0 W audit : audit_lost=108 audit_rate_limit=5 audit_backlog_limit=64
01-01 08:00:26.390 0 0 E audit : rate limit exceeded
01-13 08:49:37.567 1477 2568 D CompatibilityChangeReporter: Compat change id reported: 149924527; UID 10109; state: ENABLED
01-13 08:49:37.567 1477 2568 D CompatibilityChangeReporter: Compat change id reported: 132649864; UID 10109; state: DISABLED
01-13 08:49:38.093 1477 1930 I GameModeConfig: isGameModeOn = true
01-13 08:49:38.093 1477 1930 I GameModeConfig: isGaming = false
01-13 08:49:38.537 4151 4151 W Looper : Loop again would have the queued messages be executed before this one completed.
01-13 08:49:38.627 1477 1930 I GameModeConfig: isGameModeOn = true
01-13 08:49:38.627 1477 1930 I GameModeConfig: isGaming = false
01-13 08:49:38.729 1477 1510 D CompatibilityChangeReporter: Compat change id reported: 171306433; UID 10102; state: DISABLED
01-13 08:49:38.767 1477 2568 W BroadcastQueue: Permission Denial: receiving Intent { act=android.intent.action.BOOT_COMPLETED flg=0x89000010 (has extras) } to com.sohu.inputmethod.sogou/com.sohu.inputmethod.settings.status.BootCompletedReceiver requires android.permission.RECEIVE_BOOT_COMPLETED due to sender null (uid 1000)
01-13 08:49:38.768 1477 1575 W BroadcastQueue: Permission Denial: receiving Intent { act=android.intent.action.BOOT_COMPLETED flg=0x89000010 (has extras) } to com.xingin.xhs/com.igexin.sdk.PushReceiver requires android.permission.RECEIVE_BOOT_COMPLETED due to sender null (uid 1000)
01-13 08:49:38.768 1477 1575 W BroadcastQueue: Permission Denial: receiving Intent { act=android.intent.action.BOOT_COMPLETED flg=0x89000010 (has extras) } to com.youku.phone/com.youku.service.push.receiver.LocalPushReceiver requires android.permission.RECEIVE_BOOT_COMPLETED due to sender null (uid 1000)
01-13 08:49:38.768 1477 1575 W BroadcastQueue: Permission Denial: receiving Intent { act=android.intent.action.BOOT_COMPLETED flg=0x89000010 (has extras) } to com.youku.phone/com.taobao.accs.EventReceiver requires android.permission.RECEIVE_BOOT_COMPLETED due to sender null (uid 1000)
01-13 08:49:38.768 1477 1575 I ActivityManager: Finished processing BOOT_COMPLETED for u0
01-13 08:49:38.768 1477 1575 W BroadcastQueue: Background execution not allowed: receiving Intent { act=android.intent.action.INPUT_METHOD_CHANGED flg=0x20000010 (has extras) } to com.baidu.input/.switchguide.InputMethodChangedReceiver
01-13 08:49:38.773 1477 2568 D CompatibilityChangeReporter: Compat change id reported: 135634846; UID 10024; state: DISABLED
01-13 08:49:38.774 1477 2568 D CompatibilityChangeReporter: Compat change id reported: 177438394; UID 10024; state: DISABLED
01-13 08:49:38.774 1477 2568 D CompatibilityChangeReporter: Compat change id reported: 135772972; UID 10024; state: DISABLED
01-13 08:49:38.774 1477 2568 D CompatibilityChangeReporter: Compat change id reported: 135754954; UID 10024; state: ENABLED
01-13 08:49:38.774 1477 1576 D CompatibilityChangeReporter: Compat change id reported: 143937733; UID 10024; state: ENABLED
01-13 08:49:38.783 1477 1576 I ActivityManager: Start proc 4528:com.android.externalstorage/u0a24 for broadcast {com.android.externalstorage/com.android.externalstorage.MountReceiver}
01-01 08:00:27.808 0 0 I binder : 4528:4528 ioctl 40046210 7fffcc9b84 returned -22
01-13 08:49:38.800 1477 2568 D CompatibilityChangeReporter: Compat change id reported: 168419799; UID 10024; state: DISABLED
01-13 08:49:38.827 1477 1930 I GameModeConfig: isGameModeOn = true
01-13 08:49:38.827 1477 1930 I GameModeConfig: isGaming = false
01-13 08:49:38.894 1477 2568 E PackageDexUsage: Unsupported context?
01-13 08:49:38.946 1477 1510 D CompatibilityChangeReporter: Compat change id reported: 135634846; UID 10109; state: DISABLED
01-13 08:49:38.946 1477 1510 D CompatibilityChangeReporter: Compat change id reported: 177438394; UID 10109; state: DISABLED
01-13 08:49:38.946 1477 1510 D CompatibilityChangeReporter: Compat change id reported: 135772972; UID 10109; state: DISABLED
01-13 08:49:38.946 1477 1510 D CompatibilityChangeReporter: Compat change id reported: 135754954; UID 10109; state: DISABLED
01-13 08:49:38.946 1477 1576 D CompatibilityChangeReporter: Compat change id reported: 143937733; UID 10109; state: DISABLED
01-13 08:49:38.957 1477 1576 I ActivityManager: Start proc 4552:com.kuaishou.nebula:kwv_sandboxed_p0/u0a109 for service {com.kuaishou.nebula/com.kuaishou.webkit.process.SandboxedProcessService0}
01-01 08:00:27.985 0 0 I binder : 4552:4552 ioctl 40046210 7fffcc9b84 returned -22
01-13 08:49:39.129 1477 2568 D CompatibilityChangeReporter: Compat change id reported: 135634846; UID 10080; state: DISABLED
01-13 08:49:39.129 1477 2568 D CompatibilityChangeReporter: Compat change id reported: 177438394; UID 10080; state: DISABLED
01-13 08:49:39.129 1477 2568 D CompatibilityChangeReporter: Compat change id reported: 135772972; UID 10080; state: DISABLED
01-13 08:49:39.130 1477 2568 D CompatibilityChangeReporter: Compat change id reported: 135754954; UID 10080; state: ENABLED
01-13 08:49:39.130 1477 1576 D CompatibilityChangeReporter: Compat change id reported: 143937733; UID 10080; state: ENABLED
01-13 08:49:39.140 1477 1576 I ActivityManager: Start proc 4577:com.qti.ltebc/u0a80 for broadcast {com.qti.ltebc/com.qualcomm.ltebc.LTEBroadcastReceiver}
01-01 08:00:28.166 0 0 I binder : 4577:4577 ioctl 40046210 7fffcc9b84 returned -22
01-13 08:49:39.169 1477 1510 D CompatibilityChangeReporter: Compat change id reported: 168419799; UID 10080; state: DISABLED
01-01 08:00:28.244 0 0 W audit : audit_lost=118 audit_rate_limit=5 audit_backlog_limit=64
01-01 08:00:28.244 0 0 E audit : rate limit exceeded
01-13 08:49:39.239 1477 1930 I GameModeConfig: isGameModeOn = true
01-13 08:49:39.239 1477 1930 I GameModeConfig: isGaming = false
01-13 08:49:39.240 1477 1930 I GameModeConfig: isGameModeOn = true
01-13 08:49:39.240 1477 1930 I GameModeConfig: isGaming = false
01-13 08:49:39.485 1477 1930 I GameModeConfig: isGameModeOn = true
01-13 08:49:39.485 1477 1930 I GameModeConfig: isGaming = false
01-13 08:49:39.677 1477 1510 E PackageDexUsage: Unsupported context?
01-13 08:49:40.056 1477 1510 E PackageDexUsage: Unsupported context?
01-13 08:49:40.200 4552 4552 W Looper : Loop again would have the queued messages be executed before this one completed.
01-13 08:49:40.254 1477 2568 E ClipboardService: Denying clipboard access to com.smile.gifmaker, application is not in focus nor is it a system service for user 0
01-13 08:49:40.336 1477 1930 I GameModeConfig: isGameModeOn = true
01-13 08:49:40.336 1477 1930 I GameModeConfig: isGaming = false
01-01 08:00:29.360 0 0 W audit : audit_lost=122 audit_rate_limit=5 audit_backlog_limit=64
01-01 08:00:29.360 0 0 E audit : rate limit exceeded
01-13 08:49:40.572 1477 2568 E PackageDexUsage: Unsupported context?
01-13 08:49:40.594 1477 2568 E PackageDexUsage: Unsupported context?
01-13 08:49:40.637 1477 1510 I ActivityManager: Process com.qti.ltebc (pid 4577) has died: fg RCVR
01-13 08:49:40.642 1477 1575 D CompatibilityChangeReporter: Compat change id reported: 135634846; UID 10118; state: DISABLED
01-13 08:49:40.642 1477 1575 D CompatibilityChangeReporter: Compat change id reported: 177438394; UID 10118; state: DISABLED
01-13 08:49:40.642 1477 1575 D CompatibilityChangeReporter: Compat change id reported: 135772972; UID 10118; state: DISABLED
01-13 08:49:40.642 1477 1575 D CompatibilityChangeReporter: Compat change id reported: 135754954; UID 10118; state: ENABLED
01-13 08:49:40.642 1477 1576 D CompatibilityChangeReporter: Compat change id reported: 143937733; UID 10118; state: ENABLED
01-13 08:49:40.651 1477 1576 I ActivityManager: Start proc 4740:com.hunantv.imgo.activity/u0a118 for broadcast {com.hunantv.imgo.activity/com.mgtv.offline.cache.MountReceiver}
01-01 08:00:29.679 0 0 I binder : 4740:4740 ioctl 40046210 7fffcc9b84 returned -22
01-13 08:49:40.675 1477 1510 D CompatibilityChangeReporter: Compat change id reported: 168419799; UID 10118; state: DISABLED
01-13 08:49:40.750 1477 2568 W ActivityManager: Receiver with filter android.content.IntentFilter@30ca37 already registered for pid 4151, callerPackage is com.smile.gifmaker
01-13 08:49:40.767 1477 2568 D CompatibilityChangeReporter: Compat change id reported: 135634846; UID 10102; state: DISABLED
01-13 08:49:40.767 1477 2568 D CompatibilityChangeReporter: Compat change id reported: 177438394; UID 10102; state: DISABLED
01-13 08:49:40.767 1477 2568 D CompatibilityChangeReporter: Compat change id reported: 135772972; UID 10102; state: DISABLED
01-13 08:49:40.767 1477 2568 D CompatibilityChangeReporter: Compat change id reported: 135754954; UID 10102; state: DISABLED
01-13 08:49:40.767 1477 1576 D CompatibilityChangeReporter: Compat change id reported: 143937733; UID 10102; state: DISABLED
01-13 08:49:40.779 1477 1576 I ActivityManager: Start proc 4773:com.smile.gifmaker:messagesdk/u0a102 for service {com.smile.gifmaker/com.kwai.chat.kwailink.service.NewKwaiLinkService}
01-01 08:00:29.802 0 0 I binder : 4773:4773 ioctl 40046210 7fffcc9b84 returned -22
01-13 08:49:40.975 1477 1575 I ActivityManager: Waited long enough for: ServiceRecord{fbaa4f3 u0 com.qti.diagservices/.QTIDiagServices}
01-01 08:00:30.422 0 0 W audit : audit_lost=169 audit_rate_limit=5 audit_backlog_limit=64
01-01 08:00:30.422 0 0 E audit : rate limit exceeded
01-01 08:00:30.840 0 0 E DTC_eth,link_delay_work_func: 3002, SQI=0, link=0
01-01 08:00:30.938 0 0 I : mv2112_setup_forced
01-13 08:49:42.058 1477 1995 D CompatibilityChangeReporter: Compat change id reported: 149924527; UID 10102; state: ENABLED
01-13 08:49:42.059 1477 1995 D CompatibilityChangeReporter: Compat change id reported: 132649864; UID 10102; state: DISABLED
01-01 08:00:31.287 0 0 E mv2112_update_link: link 0x4
01-01 08:00:31.287 0 0 I lan743x 0001: 01:00.0 eth0: Link is Up - 100Mbps/Full - flow control off
01-01 08:00:31.288 0 0 I IPv6 : ADDRCONF(NETDEV_CHANGE): eth0: link becomes ready
01-01 08:00:31.288 0 0 I IPv6 : ADDRCONF(NETDEV_CHANGE): vlan0: link becomes ready
01-01 08:00:31.288 0 0 I IPv6 : ADDRCONF(NETDEV_CHANGE): vlan1: link becomes ready
01-01 08:00:31.288 0 0 I IPv6 : ADDRCONF(NETDEV_CHANGE): vlan2: link becomes ready
01-01 08:00:31.289 0 0 I IPv6 : ADDRCONF(NETDEV_CHANGE): vlan4: link becomes ready
01-01 08:00:31.289 0 0 I IPv6 : ADDRCONF(NETDEV_CHANGE): vlan8: link becomes ready
01-01 08:00:31.289 0 0 I IPv6 : ADDRCONF(NETDEV_CHANGE): vlan11: link becomes ready
01-13 08:49:42.313 1477 4903 D CompatibilityChangeReporter: Compat change id reported: 171306433; UID 1073; state: ENABLED
01-01 08:00:31.430 0 0 W audit : audit_lost=189 audit_rate_limit=5 audit_backlog_limit=64
01-01 08:00:31.430 0 0 E audit : rate limit exceeded
01-13 08:49:42.721 1477 1930 I GameModeConfig: isGameModeOn = true
01-13 08:49:42.721 1477 1930 I GameModeConfig: isGaming = false
01-13 08:49:42.731 1477 1930 I GameModeConfig: isGameModeOn = true
01-13 08:49:42.731 1477 1930 I GameModeConfig: isGaming = false
01-01 08:00:32.485 0 0 W audit : audit_lost=247 audit_rate_limit=5 audit_backlog_limit=64
01-01 08:00:32.485 0 0 E audit : rate limit exceeded
01-13 08:49:44.457 1477 1930 I GameModeConfig: isGameModeOn = true
01-13 08:49:44.457 1477 1930 I GameModeConfig: isGaming = false
01-01 08:00:33.498 0 0 W audit : audit_lost=252 audit_rate_limit=5 audit_backlog_limit=64
01-01 08:00:33.498 0 0 E audit : rate limit exceeded
01-13 08:49:44.676 1477 1995 D CompatibilityChangeReporter: Compat change id reported: 135634846; UID 10102; state: DISABLED
01-13 08:49:44.676 1477 1995 D CompatibilityChangeReporter: Compat change id reported: 177438394; UID 10102; state: DISABLED
01-13 08:49:44.677 1477 1995 D CompatibilityChangeReporter: Compat change id reported: 135772972; UID 10102; state: DISABLED
01-13 08:49:44.677 1477 1995 D CompatibilityChangeReporter: Compat change id reported: 135754954; UID 10102; state: DISABLED
01-13 08:49:44.678 1477 1576 D CompatibilityChangeReporter: Compat change id reported: 143937733; UID 10102; state: DISABLED
01-13 08:49:44.689 1477 1576 I ActivityManager: Start proc 5071:com.smile.gifmaker:kwv_sandboxed_p0/u0a102 for service {com.smile.gifmaker/com.kuaishou.webkit.process.SandboxedProcessService0}
01-01 08:00:33.715 0 0 I binder : 5071:5071 ioctl 40046210 7fffcc9b84 returned -22
01-13 08:49:45.062 1477 1930 I GameModeConfig: isGameModeOn = true
01-13 08:49:45.062 1477 1930 I GameModeConfig: isGaming = false
01-13 08:49:45.064 1477 1930 I GameModeConfig: isGameModeOn = true
01-13 08:49:45.064 1477 1930 I GameModeConfig: isGaming = false
01-13 08:49:45.282 1477 1575 I ActivityManager: Waited long enough for: ServiceRecord{f21641 u0 com.thundercomm.gamemode/.ingame.services.ActivityMonitoringService}
01-13 08:49:45.315 1477 1575 I ActivityManager: Waited long enough for: ServiceRecord{602d8c3 u0 com.thundercomm.gamemode/.ingame.services.GameModeService}
01-13 08:49:45.475 1477 1930 I GameModeConfig: isGameModeOn = true
01-13 08:49:45.475 1477 1930 I GameModeConfig: isGaming = false
01-13 08:49:45.603 1477 1930 I GameModeConfig: isGameModeOn = true
01-13 08:49:45.603 1477 1930 I GameModeConfig: isGaming = false
01-13 08:49:45.895 1477 2568 E PackageDexUsage: Unsupported context?
01-13 08:49:45.946 1477 2568 E PackageDexUsage: Unsupported context?
01-13 08:49:45.976 1477 2568 E PackageDexUsage: Unsupported context?
01-01 08:00:35.019 0 0 W audit : audit_lost=261 audit_rate_limit=5 audit_backlog_limit=64
01-01 08:00:35.019 0 0 E audit : rate limit exceeded
01-13 08:49:46.210 5071 5071 W Looper : Loop again would have the queued messages be executed before this one completed.
01-13 08:49:46.428 1477 4903 E PackageDexUsage: Unsupported context?
01-13 08:49:46.556 1477 2568 W ActivityManager: Unable to start service Intent { act=android.intent.action.START_LEBO_SERVICE pkg=com.hpplay.happyplay.aw } U=0: not found
01-13 08:49:46.847 1477 2568 E PackageDexUsage: Unsupported context?
01-13 08:49:46.879 1477 2568 E PackageDexUsage: Unsupported context?
01-01 08:00:35.959 0 0 I display_panel_avdd: disabling
01-01 08:00:35.960 0 0 I vdd_tof : disabling
01-01 08:00:35.960 0 0 E DTC_eth,link_delay_work_func: 3002, SQI=15, link=1
01-13 08:49:47.033 1477 4903 E PackageDexUsage: Unsupported context?
01-01 08:00:36.054 0 0 W audit : audit_lost=276 audit_rate_limit=5 audit_backlog_limit=64
01-01 08:00:36.054 0 0 E audit : rate limit exceeded
01-13 08:49:47.916 1477 1575 I ActivityManager: Waited long enough for: ServiceRecord{790035e u0 com.cmcc.cmvideo/com.migu.uem.comm.AgentService}
01-13 08:49:48.161 1477 4903 D CompatibilityChangeReporter: Compat change id reported: 135634846; UID 10102; state: DISABLED
01-13 08:49:48.161 1477 4903 D CompatibilityChangeReporter: Compat change id reported: 177438394; UID 10102; state: DISABLED
01-13 08:49:48.161 1477 4903 D CompatibilityChangeReporter: Compat change id reported: 135772972; UID 10102; state: DISABLED
01-13 08:49:48.161 1477 4903 D CompatibilityChangeReporter: Compat change id reported: 135754954; UID 10102; state: DISABLED
01-13 08:49:48.162 1477 1576 D CompatibilityChangeReporter: Compat change id reported: 143937733; UID 10102; state: DISABLED
01-13 08:49:48.173 1477 1576 I ActivityManager: Start proc 5263:com.smile.gifmaker:compatibility/u0a102 for service {com.smile.gifmaker/com.yxcorp.gifshow.camerasdk.compatibility.HardwareEncodeTestService}
01-01 08:00:37.201 0 0 I binder : 5263:5263 ioctl 40046210 7fffcc9b84 returned -22
01-01 08:00:37.726 0 0 W audit : audit_lost=277 audit_rate_limit=5 audit_backlog_limit=64
01-01 08:00:37.726 0 0 E audit : rate limit exceeded
01-13 08:49:48.838 1477 1930 I GameModeConfig: isGameModeOn = true
01-13 08:49:48.838 1477 1930 I GameModeConfig: isGaming = false
01-13 08:49:49.239 1477 4903 E PackageDexUsage: Unsupported context?
01-13 08:49:49.241 1477 1930 I GameModeConfig: isGameModeOn = true
01-13 08:49:49.241 1477 1930 I GameModeConfig: isGaming = false
01-13 08:49:49.241 1477 1930 I GameModeConfig: isGameModeOn = true
01-13 08:49:49.241 1477 1930 I GameModeConfig: isGaming = false
01-13 08:49:49.258 1477 4903 E PackageDexUsage: Unsupported context?
01-13 08:49:49.486 1477 1930 I GameModeConfig: isGameModeOn = true
01-13 08:49:49.486 1477 1930 I GameModeConfig: isGaming = false
01-13 08:49:49.813 5263 5263 W Looper : Loop again would have the queued messages be executed before this one completed.
01-01 08:00:39.202 0 0 W audit : audit_lost=381 audit_rate_limit=5 audit_backlog_limit=64
01-01 08:00:39.202 0 0 E audit : rate limit exceeded
01-13 08:49:50.948 1477 2568 E PackageDexUsage: Unsupported context?
01-13 08:49:50.985 1477 2568 E PackageDexUsage: Unsupported context?
01-13 08:49:51.082 1477 2568 E PackageDexUsage: Unsupported context?
01-13 08:49:51.122 1477 2568 E PackageDexUsage: Unsupported context?
01-13 08:49:51.147 1477 2568 E PackageDexUsage: Unsupported context?
01-13 08:49:51.435 1477 2568 E PackageDexUsage: Unsupported context?
01-01 08:00:41.080 0 0 E DTC_eth,link_delay_work_func: 3002, SQI=15, link=1
01-13 08:49:52.137 1477 4903 D CompatibilityChangeReporter: Compat change id reported: 135634846; UID 10119; state: DISABLED
01-13 08:49:52.138 1477 1576 D CompatibilityChangeReporter: Compat change id reported: 143937733; UID 10119; state: ENABLED
01-13 08:49:52.148 1477 1576 I ActivityManager: Start proc 5471:com.android.webview:sandboxed_process0:org.chromium.content.app.SandboxedProcessService0:0/u0ai9000 for {com.cmcc.cmvideo/org.chromium.content.app.SandboxedProcessService0:0}
01-01 08:00:41.174 0 0 I binder : 5471:5471 ioctl 40046210 ff8d80d8 returned -22
01-13 08:49:52.273 1477 1575 I ActivityManager: Waited long enough for: ServiceRecord{e1a04ea u0 com.cmcc.cmvideo/.service.WebProcessService}
01-13 08:49:53.120 1477 1995 D CompatibilityChangeReporter: Compat change id reported: 135634846; UID 10080; state: DISABLED
01-13 08:49:53.120 1477 1995 D CompatibilityChangeReporter: Compat change id reported: 177438394; UID 10080; state: DISABLED
01-13 08:49:53.120 1477 1995 D CompatibilityChangeReporter: Compat change id reported: 135772972; UID 10080; state: DISABLED
01-13 08:49:53.120 1477 1995 D CompatibilityChangeReporter: Compat change id reported: 135754954; UID 10080; state: ENABLED
01-13 08:49:53.121 1477 1576 D CompatibilityChangeReporter: Compat change id reported: 143937733; UID 10080; state: ENABLED
01-13 08:49:53.131 1477 1576 I ActivityManager: Start proc 5549:com.qti.ltebc/u0a80 for broadcast {com.qti.ltebc/com.qualcomm.ltebc.LTEBroadcastReceiver}
01-01 08:00:42.159 0 0 I binder : 5549:5549 ioctl 40046210 7fffcc9b84 returned -22
01-13 08:49:53.290 1477 1513 W ActivityManager: Unable to start service Intent { act=com.bun.msa.action.start.service cmp=com.mdid.msa/.service.MsaKlService (has extras) } U=0: not found
01-13 08:49:53.297 1477 1513 W ActivityManager: Unable to start service Intent { act=com.bun.msa.action.bindto.service cmp=com.mdid.msa/.service.MsaIdService (has extras) } U=0: not found
01-13 08:49:53.799 1477 2568 D CompatibilityChangeReporter: Compat change id reported: 128611929; UID 10118; state: ENABLED
01-13 08:49:53.799 1477 2568 W NotificationService: Blocking custom toast from package com.hunantv.imgo.activity due to package not in the foreground at time the toast was posted
01-01 08:00:43.477 0 0 I msm_vidc: high: 00000001: h264d: Closed video instance: 0000000000000000
01-01 08:00:43.490 0 0 E q6asm_callback: cmd = 0x10bce returned error = 0xa
01-01 08:00:43.490 0 0 E __q6asm_cmd: DSP returned error[ADSP_ENOTREADY] opcode 68558
01-01 08:00:43.490 0 0 I afe_close: port_id = 0x9000
01-01 08:00:43.507 0 0 I binder : undelivered transaction 83658, process died.
01-01 08:00:43.508 0 0 I init : Service 'bootanim' (pid 1108) exited with status 0 oneshot service took 34.337002 seconds in background
01-01 08:00:43.508 0 0 I init : Sending signal 9 to service 'bootanim' (pid 1108) process group...
01-01 08:00:43.508 0 0 I libprocessgroup: Successfully killed process cgroup uid 1003 pid 1108 in 0ms
01-13 08:49:54.636 1477 1513 I ActivityManager: Process com.qti.ltebc (pid 5549) has died: fg RCVR
01-13 08:49:54.643 1477 1575 D CompatibilityChangeReporter: Compat change id reported: 168419799; UID 10111; state: DISABLED
01-13 08:49:54.645 1477 1513 W BroadcastQueue: Background execution not allowed: receiving Intent { act=android.net.wifi.WIFI_STATE_CHANGED flg=0x4000010 (has extras) } to com.ss.android.ugc.live/com.bytedance.upc.common.network.UpcNetChangeManager
01-13 08:49:54.646 1477 1575 W BroadcastQueue: Background execution not allowed: receiving Intent { act=android.net.wifi.WIFI_STATE_CHANGED flg=0x4000010 (has extras) } to com.ss.android.ugc.live/com.bytedance.upc.common.network.UpcNetChangeManager
01-13 08:49:54.650 1477 1513 D CompatibilityChangeReporter: Compat change id reported: 168419799; UID 10034; state: DISABLED
01-13 08:49:54.658 1477 1513 D CompatibilityChangeReporter: Compat change id reported: 135634846; UID 10080; state: DISABLED
01-13 08:49:54.658 1477 1513 D CompatibilityChangeReporter: Compat change id reported: 177438394; UID 10080; state: DISABLED
01-13 08:49:54.658 1477 1513 D CompatibilityChangeReporter: Compat change id reported: 135772972; UID 10080; state: DISABLED
01-13 08:49:54.658 1477 1513 D CompatibilityChangeReporter: Compat change id reported: 135754954; UID 10080; state: ENABLED
01-13 08:49:54.658 1477 1576 D CompatibilityChangeReporter: Compat change id reported: 143937733; UID 10080; state: ENABLED
01-13 08:49:54.668 1477 1576 I ActivityManager: Start proc 5647:com.qti.ltebc/u0a80 for broadcast {com.qti.ltebc/com.qualcomm.ltebc.LTEBroadcastAlarmReceiver}
01-01 08:00:43.690 0 0 I binder : 5647:5647 ioctl 40046210 7fffcc9b84 returned -22
01-13 08:49:54.822 1477 4903 W ActivityManager: Background start not allowed: service Intent { cmp=com.hunantv.imgo.activity/com.mgtv.data.aphone.core.service.DataReporterService } to com.hunantv.imgo.activity/com.mgtv.data.aphone.core.service.DataReporterService from pid=4740 uid=10118 pkg=com.hunantv.imgo.activity startFg?=false
01-01 08:00:44.076 0 0 W audit : audit_lost=384 audit_rate_limit=5 audit_backlog_limit=64
01-01 08:00:44.076 0 0 E audit : rate limit exceeded
01-13 08:49:55.371 1477 1513 D CompatibilityChangeReporter: Compat change id reported: 135634846; UID 10109; state: DISABLED
01-13 08:49:55.371 1477 1513 D CompatibilityChangeReporter: Compat change id reported: 177438394; UID 10109; state: DISABLED
01-13 08:49:55.371 1477 1513 D CompatibilityChangeReporter: Compat change id reported: 135772972; UID 10109; state: DISABLED
01-13 08:49:55.371 1477 1513 D CompatibilityChangeReporter: Compat change id reported: 135754954; UID 10109; state: DISABLED
01-13 08:49:55.372 1477 1576 D CompatibilityChangeReporter: Compat change id reported: 143937733; UID 10109; state: DISABLED
01-13 08:49:55.383 1477 1576 I ActivityManager: Start proc 5695:com.kuaishou.nebula:compatibility/u0a109 for broadcast {com.kuaishou.nebula/com.kwai.framework.plugin.qigsaw.receiver.CompatibilityProcessReceiver}
01-01 08:00:44.413 0 0 I binder : 5695:5695 ioctl 40046210 7fffcc9b84 returned -22
01-13 08:49:55.434 1477 4903 D CompatibilityChangeReporter: Compat change id reported: 135634846; UID 10059; state: DISABLED
01-13 08:49:55.434 1477 4903 D CompatibilityChangeReporter: Compat change id reported: 177438394; UID 10059; state: DISABLED
01-13 08:49:55.435 1477 4903 D CompatibilityChangeReporter: Compat change id reported: 135772972; UID 10059; state: DISABLED
01-13 08:49:55.435 1477 4903 D CompatibilityChangeReporter: Compat change id reported: 135754954; UID 10059; state: DISABLED
01-13 08:49:55.435 1477 1576 D CompatibilityChangeReporter: Compat change id reported: 143937733; UID 10059; state: DISABLED
01-13 08:49:55.448 1477 1576 I ActivityManager: Start proc 5718:com.qualcomm.qti.qms.service.trustzoneaccess/u0a59 for service {com.qualcomm.qti.qms.service.trustzoneaccess/com.qualcomm.qti.qms.service.trustzoneaccess.TZAccessService}
01-01 08:00:44.475 0 0 I binder : 5718:5718 ioctl 40046210 7fffcc9b84 returned -22
01-13 08:49:55.485 1477 1513 D CompatibilityChangeReporter: Compat change id reported: 168419799; UID 10059; state: DISABLED
01-13 08:49:55.904 1477 4903 I ActivityManager: Process com.qti.ltebc (pid 5647) has died: cch+5 CEM
01-13 08:49:55.920 1477 1513 E PackageDexUsage: Unsupported context?
01-01 08:00:44.985 0 0 I msm_vidc: err : ffffffff: .....: DBLP Set: status 0
01-13 08:49:56.079 1477 1513 E PackageDexUsage: Unsupported context?
01-13 08:49:56.097 1477 1513 E PackageDexUsage: Unsupported context?
01-13 08:49:56.178 5695 5695 W Looper : Loop again would have the queued messages be executed before this one completed.
01-01 08:00:45.840 0 0 W audit : audit_lost=387 audit_rate_limit=5 audit_backlog_limit=64
01-01 08:00:45.840 0 0 E audit : rate limit exceeded
01-01 08:00:46.200 0 0 E DTC_eth,link_delay_work_func: 3002, SQI=15, link=1
01-01 08:00:47.141 0 0 I binder : undelivered transaction 85545, process died.
01-13 08:49:58.130 1477 4903 I ActivityManager: Process com.smile.gifmaker:compatibility (pid 5263) has died: cch+5 CEM
01-01 08:00:47.655 0 0 W audit : audit_lost=389 audit_rate_limit=5 audit_backlog_limit=64
01-01 08:00:47.655 0 0 E audit : rate limit exceeded
01-13 08:50:00.016 1477 4903 D CompatibilityChangeReporter: Compat change id reported: 171306433; UID 1000; state: ENABLED
01-13 08:50:01.569 1477 4903 W ActivityManager: Unable to start service Intent { act=android.intent.action.START_LEBO_SERVICE pkg=com.hpplay.happyplay.aw } U=0: not found
01-01 08:00:51.320 0 0 E DTC_eth,link_delay_work_func: 3002, SQI=15, link=1
01-01 08:00:52.163 0 0 I [schedu][0x3bb29c46][08:50:03.152130] wlan: [3451:I:OSIF] scan start scan id 40962
01-13 08:50:03.460 1217 1217 I wificond: Regulatory domain changed to country: CN on wiphy_index: 0
01-13 08:50:03.469 1217 1217 I wificond: 2.4Ghz frequencies: 2412 2417 2422 2427 2432 2437 2442 2447 2452 2457 2462 2467 2472
01-13 08:50:03.469 1217 1217 I wificond: 5Ghz non-DFS frequencies: 5180 5200 5220 5240 5745 5765 5785 5805 5825
01-13 08:50:03.469 1217 1217 I wificond: 5Ghz DFS frequencies: 5260 5280 5300 5320
01-13 08:50:03.469 1217 1217 I wificond: 6Ghz frequencies:
01-13 08:50:03.469 1217 1217 I wificond: 60Ghz frequencies:
01-01 08:00:53.350 0 0 I [schedu][0x3d0e5b0d][08:50:04.339100] wlan: [3451:I:OSIF] vdev 0, scan id 40962 type COMPLETED(1) reason COMPLETED(1) scan found 31 bss
01-01 08:00:53.493 0 0 I [schedu][0x3d38128c][08:50:04.481494] wlan: [3451:I:HIF] Deinitializing Runtime PM wakelock &vdev->vdev_set_key_runtime_wakelock
01-01 08:00:53.494 0 0 I [schedu][0x3d386aa4][08:50:04.482668] wlan: [3451:I:HIF] Initializing Runtime PM wakelock &vdev->vdev_set_key_runtime_wakelock
01-13 08:50:04.497 834 834 D android.hardware.wifi@1.0-service: Successfully SetMacAddress.
01-01 08:00:53.510 0 0 I [wifi@1][0x3d3d2166][08:50:04.498758] wlan: [834:I:DP] dp_vdev_attach_wifi3: wlan_cfg_ap_bridge_enabled 0
01-13 08:50:04.509 1217 1217 W wificond: Scan is not started. Ignore abort request
01-01 08:00:53.520 0 0 E [wifi@1][0x3d401f5b][08:50:04.508971] wlan: [3458:E:wifipos] wifi_pos_process_app_reg_req: 608: Received App Req Req pid(2134901570), len(16)
01-01 08:00:53.521 0 0 I [wifi@1][0x3d404513][08:50:04.509474] wlan: [3458:I:wifipos] wifi_pos_get_ch_info: 461: num channels: 26
01-01 08:00:53.521 0 0 I [wifi@1][0x3d408963][08:50:04.510385] wlan: [3458:I:wifipos] wifi_pos_get_ch_info: 461: num channels: 26
01-01 08:00:53.543 0 0 I [wpa_su][0x3d46e121][08:50:04.532035] wlan: [3466:I:SME] vdev-0: Connecting to HiPhi ee:41:80:f1:65:4f rssi: -21 freq: 5180 akm 9 cipher: uc 6 mc 6, CC:
01-01 08:00:53.543 0 0 E [wpa_su][0x3d46e4ea][08:50:04.532085] wlan: [3466:E:QDF] Cannot malloc 0 bytes @ csr_get_cfg_max_tx_power:14199
01-01 08:00:53.545 0 0 I [schedu][0x3d474a6d][08:50:04.533439] wlan: [3451:I:WMI] send_vdev_start_cmd_tlv: 1062: send_vdev_start_cmd_tlv: vdev_id 0 freq 5180 chanmode 10 ch_info: 0xa is_dfs 0 beacon interval 100 dtim 0 center_chan 5210 center_freq2 0 reg_info_1: 0x170000 reg_info_2: 0x1700, req->max_txpow: 0x17 Tx SS 1, Rx SS 1, ldpc_rx: 0, cac 0, regd 4, HE ops: 0req->dis_hw_ack: 0
01-13 08:50:04.545 1477 1575 W BroadcastQueue: Background execution not allowed: receiving Intent { act=android.net.wifi.STATE_CHANGE flg=0x4000010 (has extras) } to com.ss.android.ugc.live/com.bytedance.upc.common.network.UpcNetChangeManager
01-13 08:50:04.700 1477 2502 I ActivityManager: Killing 3098:com.android.traceur/u0a25 (adj 995): empty #31
01-01 08:00:53.715 0 0 I [soft_i][0x3d79225f][08:50:04.703572] wlan: [0:I:TXRX] HTT_T2H_MSG_TYPE_PEER_MAP msg for peer id 8 vdev id 0 n
01-01 08:00:53.715 0 0 E [soft_i][0x3d7926f7][08:50:04.703633] wlan: [0:E:DP] dp_peer_find_add_id: peer 0000000000000000 ID 8 vid 0 mac ee:41:80:f1:65:4f
01-01 08:00:53.715 0 0 I [soft_i][0x3d792837][08:50:04.703649] wlan: [0:I:DP] dp_peer_find_add_id: ref_cnt: 2
01-01 08:00:53.715 0 0 E [soft_i][0x3d792911][08:50:04.703661] wlan: [0:E:DP] dp_peer_map_ast: peer 0000000000000000 ID 98 vid 0 mac ee:41:80:f1:65:4f
01-13 08:50:04.752 1477 2563 I ActivityManager: Process com.kuaishou.nebula:compatibility (pid 5695) has died: cch+5 CEM
01-01 08:00:53.838 0 0 I [schedu][0x3d9d45ba][08:50:04.826923] wlan: [3451:I:PE] Auth TX: seq 1 seq num 2049 status 0 WEP 0 to ee:41:80:f1:65:4f
01-01 08:00:53.840 0 0 I [schedu][0x3d9db50d][08:50:04.828407] wlan: [3451:I:PE] Auth TX: success
01-01 08:00:53.841 0 0 I [schedu][0x3d9e3551][08:50:04.830117] wlan: [3451:I:PE] Auth RX: vdev 0 sys role 3 lim_state 5 from ee:41:80:f1:65:4f rssi -18 auth_alg 0 seq 2062
01-01 08:00:53.842 0 0 I [schedu][0x3d9e50c6][08:50:04.830483] wlan: [3451:I:PE] Assoc req TX: vdev 0 to ee:41:80:f1:65:4f seq num 2050
01-01 08:00:53.844 0 0 I [schedu][0x3d9ee1b3][08:50:04.832416] wlan: [3451:I:PE] Assoc req TX: success
01-01 08:00:53.849 0 0 I [schedu][0x3da0727e][08:50:04.837760] wlan: [3451:I:PE] Assoc rsp RX: subtype 0 vdev 0 sys role 3 lim state 10 rssi -18 from ee:41:80:f1:65:4f
01-01 08:00:53.857 0 0 E [schedu][0x3da2e118][08:50:04.846061] wlan: [3451:E:QDF] Cannot malloc 0 bytes @ csr_get_cfg_max_tx_power:14199
01-01 08:00:53.857 0 0 E [schedu][0x3da2e342][08:50:04.846090] wlan: [3451:E:QDF] Cannot malloc 0 bytes @ csr_get_cfg_max_tx_power:14199
01-01 08:00:53.858 0 0 E [soft_i][0x3da3405c][08:50:04.847331] wlan: [0:E:DP] dp_tx_initialize_threshold: tx flow control threshold is set, pool size is 4096
01-01 08:00:53.859 0 0 I [schedu][0x3da35035][08:50:04.847542] wlan: [3451:I:HDD] wlan0(vdevid-0): 2a:15:2a:9e:67:18 connected to ee:41:80:f1:65:4f
01-01 08:00:53.868 0 0 I [dp_rx_][0x3da605b0][08:50:04.856789] wlan: [3453:I:QDF] EAPOL-1 RX: SA:ee:41:80:f1:65:4f DA:2a:15:2a:9e:67:18
01-01 08:00:53.879 0 0 I [soft_i][0x3da94825][08:50:04.867915] wlan: [0:I:QDF] EAPOL-2 TX: SA:2a:15:2a:9e:67:18 DA:ee:41:80:f1:65:4f msdu_id:0 status: succ
01-13 08:50:04.867 1477 1575 W BroadcastQueue: Background execution not allowed: receiving Intent { act=android.net.wifi.STATE_CHANGE flg=0x4000010 (has extras) } to com.ss.android.ugc.live/com.bytedance.upc.common.network.UpcNetChangeManager
01-01 08:00:53.881 0 0 I [dp_rx_][0x3da9bf01][08:50:04.869500] wlan: [3453:I:QDF] EAPOL-3 RX: SA:ee:41:80:f1:65:4f DA:2a:15:2a:9e:67:18
01-01 08:00:53.883 0 0 I [soft_i][0x3daa91bd][08:50:04.872310] wlan: [0:I:QDF] EAPOL-4 TX: SA:2a:15:2a:9e:67:18 DA:ee:41:80:f1:65:4f msdu_id:0 status: succ
01-01 08:00:53.902 0 0 E [schedu][0x3db0184c][08:50:04.891170] wlan: [3451:E:QDF] Cannot malloc 0 bytes @ csr_get_cfg_max_tx_power:14199
01-13 08:50:04.907 1477 1575 W BroadcastQueue: Background execution not allowed: receiving Intent { act=android.net.wifi.STATE_CHANGE flg=0x4000010 (has extras) } to com.ss.android.ugc.live/com.bytedance.upc.common.network.UpcNetChangeManager
01-01 08:00:53.924 0 0 I [schedu][0x3db68373][08:50:04.913079] wlan: [3451:I:WMI] LFR3:OKC enabled
01-01 08:00:53.924 0 0 I [schedu][0x3db68465][08:50:04.913092] wlan: [3451:I:WMI] LFR3:PMKSA caching enabled
01-13 08:50:04.919 1477 1575 W BroadcastQueue: Background execution not allowed: receiving Intent { act=android.net.wifi.STATE_CHANGE flg=0x4000010 (has extras) } to com.ss.android.ugc.live/com.bytedance.upc.common.network.UpcNetChangeManager
01-01 08:00:54.031 0 0 I [soft_i][0x3dd5e7ea][08:50:05.020233] wlan: [0:I:QDF] DHCP-R TX: SA:2a:15:2a:9e:67:18 DA:ff:ff:ff:ff:ff:ff msdu_id:2 status: succ
01-01 08:00:54.033 0 0 I [dp_rx_][0x3dd67933][08:50:05.022169] wlan: [3453:I:QDF] DHCP-R RX: SA:2a:15:2a:9e:67:18 DA:ff:ff:ff:ff:ff:ff
01-01 08:00:54.037 0 0 I [dp_rx_][0x3dd7a38a][08:50:05.026147] wlan: [3453:I:QDF] DHCP-NA RX: SA:ee:41:80:f1:65:4f DA:ff:ff:ff:ff:ff:ff
01-01 08:00:54.042 0 0 I [soft_i][0x3dd90b84][08:50:05.030947] wlan: [0:I:QDF] DHCP-D TX: SA:2a:15:2a:9e:67:18 DA:ff:ff:ff:ff:ff:ff msdu_id:2 status: succ
01-01 08:00:54.044 0 0 I [dp_rx_][0x3dd97b67][08:50:05.032438] wlan: [3453:I:QDF] DHCP-D RX: SA:2a:15:2a:9e:67:18 DA:ff:ff:ff:ff:ff:ff
01-01 08:00:54.045 0 0 I [soft_i][0x3dd9d17a][08:50:05.033586] wlan: [0:I:DP] dp_addba_requestprocess_wifi3 restore BA win 64 based on addba req
01-01 08:00:54.048 0 0 I [dp_rx_][0x3ddac903][08:50:05.036887] wlan: [3453:I:QDF] DHCP-O RX: SA:ee:41:80:f1:65:4f DA:2a:15:2a:9e:67:18
01-01 08:00:54.159 0 0 I [dp_rx_][0x3dfb2f20][08:50:05.147475] wlan: [3453:I:QDF] DHCP-A RX: SA:ee:41:80:f1:65:4f DA:2a:15:2a:9e:67:18
01-13 08:50:05.169 1477 1575 W BroadcastQueue: Background execution not allowed: receiving Intent { act=android.net.wifi.STATE_CHANGE flg=0x4000010 (has extras) } to com.ss.android.ugc.live/com.bytedance.upc.common.network.UpcNetChangeManager
01-13 08:50:05.190 1477 1575 W BroadcastQueue: Background execution not allowed: receiving Intent { act=android.net.wifi.STATE_CHANGE flg=0x4000010 (has extras) } to com.ss.android.ugc.live/com.bytedance.upc.common.network.UpcNetChangeManager
01-01 08:00:54.242 0 0 W cnss-daemon: Invalid mac address
01-01 08:00:54.242 0 0 W cnss-daemon: failed to update gateway
01-13 08:50:05.243 672 732 E NetlinkEvent: NetlinkEvent::FindParam(): Parameter 'INTERFACE' not found
01-13 08:50:05.243 672 732 E NetlinkEvent: NetlinkEvent::FindParam(): Parameter 'STATE' not found
01-13 08:50:05.243 672 732 E NetlinkEvent: NetlinkEvent::FindParam(): Parameter 'TIME_NS' not found
01-13 08:50:05.243 672 732 E NetlinkEvent: NetlinkEvent::FindParam(): Parameter 'UID' not found
01-01 08:00:54.301 0 0 E [wifi@1][0x3e24eea2][08:50:05.289975] wlan: [834:E:QDF] Cannot malloc 0 bytes @ csr_get_cfg_max_tx_power:14199
01-01 08:00:54.301 0 0 E [wifi@1][0x3e24f750][08:50:05.290090] wlan: [834:E:QDF] Cannot malloc 0 bytes @ csr_get_cfg_max_tx_power:14199
01-01 08:00:54.301 0 0 I [schedu][0x3e2500fa][08:50:05.290219] wlan: [3451:I:WMI] LFR3:OKC enabled
01-01 08:00:54.301 0 0 I [schedu][0x3e250128][08:50:05.290222] wlan: [3451:I:WMI] LFR3:PMKSA caching enabled
01-01 08:00:54.301 0 0 I [schedu][0x3e2507fa][08:50:05.290313] wlan: [3451:I:WMI] LFR3:OKC enabled
01-01 08:00:54.301 0 0 I [schedu][0x3e25081c][08:50:05.290314] wlan: [3451:I:WMI] LFR3:PMKSA caching enabled
01-13 08:50:05.257 1477 1922 W ContextImpl: Calling a method in the system process without a qualified user: android.app.ContextImpl.sendStickyBroadcast:1559 com.android.server.ConnectivityService.sendStickyBroadcast:2811 com.android.server.ConnectivityService.sendGeneralBroadcast:2786 com.android.server.ConnectivityService.sendConnectedBroadcast:2759 com.android.server.ConnectivityService.sendLegacyNetworkBroadcast:8704
01-13 08:50:05.263 1477 1575 W BroadcastQueue: Target SDK mismatch: receiver ActivityInfo{5081384 org.qiyi.android.commonphonepad.pushmessage.QYPushMsgBootReceiver} targets 31 but delivery restricted to [0, 23] broadcasting Intent { act=android.net.conn.CONNECTIVITY_CHANGE flg=0x4200010 (has extras) } from android (pid=1477, uid=1000) to com.qiyi.video.pad/org.qiyi.android.commonphonepad.pushmessage.QYPushMsgBootReceiver
01-13 08:50:05.263 1477 1575 W BroadcastQueue: Target SDK mismatch: receiver ActivityInfo{67ab76d com.xiaomi.push.service.receivers.NetworkStatusReceiver} targets 28 but delivery restricted to [0, 23] broadcasting Intent { act=android.net.conn.CONNECTIVITY_CHANGE flg=0x4200010 (has extras) } from android (pid=1477, uid=1000) to com.cmcc.cmvideo/com.xiaomi.push.service.receivers.NetworkStatusReceiver
01-13 08:50:05.263 1477 1575 W BroadcastQueue: Target SDK mismatch: receiver ActivityInfo{1717fa2 com.xiaomi.push.service.receivers.NetworkStatusReceiver} targets 30 but delivery restricted to [0, 23] broadcasting Intent { act=android.net.conn.CONNECTIVITY_CHANGE flg=0x4200010 (has extras) } from android (pid=1477, uid=1000) to com.hunantv.imgo.activity/com.xiaomi.push.service.receivers.NetworkStatusReceiver
01-13 08:50:05.263 1477 1575 W BroadcastQueue: Target SDK mismatch: receiver ActivityInfo{b82e433 com.xiaomi.push.service.receivers.NetworkStatusReceiver} targets 28 but delivery restricted to [0, 23] broadcasting Intent { act=android.net.conn.CONNECTIVITY_CHANGE flg=0x4200010 (has extras) } from android (pid=1477, uid=1000) to com.kugou.android/com.xiaomi.push.service.receivers.NetworkStatusReceiver
01-13 08:50:05.263 1477 1575 W BroadcastQueue: Target SDK mismatch: receiver ActivityInfo{ab4e3f0 com.xiaomi.push.service.receivers.NetworkStatusReceiver} targets 31 but delivery restricted to [0, 23] broadcasting Intent { act=android.net.conn.CONNECTIVITY_CHANGE flg=0x4200010 (has extras) } from android (pid=1477, uid=1000) to com.netease.newsreader.activity/com.xiaomi.push.service.receivers.NetworkStatusReceiver
01-13 08:50:05.263 1477 1575 W BroadcastQueue: Target SDK mismatch: receiver ActivityInfo{8185d69 com.xiaomi.push.service.receivers.NetworkStatusReceiver} targets 31 but delivery restricted to [0, 23] broadcasting Intent { act=android.net.conn.CONNECTIVITY_CHANGE flg=0x4200010 (has extras) } from android (pid=1477, uid=1000) to com.qiyi.video.pad/com.xiaomi.push.service.receivers.NetworkStatusReceiver
01-13 08:50:05.263 1477 1575 W BroadcastQueue: Target SDK mismatch: receiver ActivityInfo{70bf3ee com.xiaomi.push.service.receivers.NetworkStatusReceiver} targets 29 but delivery restricted to [0, 23] broadcasting Intent { act=android.net.conn.CONNECTIVITY_CHANGE flg=0x4200010 (has extras) } from android (pid=1477, uid=1000) to com.tencent.qqmusic/com.xiaomi.push.service.receivers.NetworkStatusReceiver
01-13 08:50:05.263 1477 1575 W BroadcastQueue: Target SDK mismatch: receiver ActivityInfo{c7d908f com.tencent.pandora.libtcloudupload.videoupload.impl.TVCNetWorkStateReceiver} targets 29 but delivery restricted to [0, 23] broadcasting Intent { act=android.net.conn.CONNECTIVITY_CHANGE flg=0x4200010 (has extras) } from android (pid=1477, uid=1000) to com.tencent.tmgp.sgame/com.tencent.pandora.libtcloudupload.videoupload.impl.TVCNetWorkStateReceiver
01-13 08:50:05.263 1477 1575 W BroadcastQueue: Target SDK mismatch: receiver ActivityInfo{11c4f1c com.xiaomi.push.service.receivers.NetworkStatusReceiver} targets 33 but delivery restricted to [0, 23] broadcasting Intent { act=android.net.conn.CONNECTIVITY_CHANGE flg=0x4200010 (has extras) } from android (pid=1477, uid=1000) to com.xingin.xhs/com.xiaomi.push.service.receivers.NetworkStatusReceiver
01-13 08:50:05.263 1477 1575 W BroadcastQueue: Target SDK mismatch: receiver ActivityInfo{4d06725 com.xiaomi.push.service.receivers.NetworkStatusReceiver} targets 31 but delivery restricted to [0, 23] broadcasting Intent { act=android.net.conn.CONNECTIVITY_CHANGE flg=0x4200010 (has extras) } from android (pid=1477, uid=1000) to com.youku.phone/com.xiaomi.push.service.receivers.NetworkStatusReceiver
01-13 08:50:05.263 1477 1575 W BroadcastQueue: Target SDK mismatch: receiver ActivityInfo{7c760fa com.xiaomi.push.service.receivers.NetworkStatusReceiver} targets 32 but delivery restricted to [0, 23] broadcasting Intent { act=android.net.conn.CONNECTIVITY_CHANGE flg=0x4200010 (has extras) } from android (pid=1477, uid=1000) to tv.danmaku.bilibilihd/com.xiaomi.push.service.receivers.NetworkStatusReceiver
01-13 08:50:05.263 1477 1575 W BroadcastQueue: Target SDK mismatch: receiver ActivityInfo{acca6ab com.cmcc.cmvideo.layout.livefragment.broadcast.MobileStateChangeBroadcastReceiver} targets 28 but delivery restricted to [0, 23] broadcasting Intent { act=android.net.conn.CONNECTIVITY_CHANGE flg=0x4200010 (has extras) } from android (pid=1477, uid=1000) to com.cmcc.cmvideo/.layout.livefragment.broadcast.MobileStateChangeBroadcastReceiver
01-13 08:50:05.263 1477 1575 W BroadcastQueue: Target SDK mismatch: receiver ActivityInfo{72d4108 com.igexin.sdk.PushReceiver} targets 30 but delivery restricted to [0, 23] broadcasting Intent { act=android.net.conn.CONNECTIVITY_CHANGE flg=0x4200010 (has extras) } from android (pid=1477, uid=1000) to com.hunantv.imgo.activity/com.igexin.sdk.PushReceiver
01-13 08:50:05.263 1477 1575 W BroadcastQueue: Target SDK mismatch: receiver ActivityInfo{c4550a1 cn.jpush.android.service.PushReceiver} targets 31 but delivery restricted to [0, 23] broadcasting Intent { act=android.net.conn.CONNECTIVITY_CHANGE flg=0x4200010 (has extras) } from android (pid=1477, uid=1000) to com.miHoYo.Yuanshen/cn.jpush.android.service.PushReceiver
01-13 08:50:05.263 1477 1575 W BroadcastQueue: Target SDK mismatch: receiver ActivityInfo{59a92c6 com.netease.galaxy.GalaxyReceiver} targets 31 but delivery restricted to [0, 23] broadcasting Intent { act=android.net.conn.CONNECTIVITY_CHANGE flg=0x4200010 (has extras) } from android (pid=1477, uid=1000) to com.netease.newsreader.activity/com.netease.galaxy.GalaxyReceiver
01-13 08:50:05.264 1477 1575 W BroadcastQueue: Target SDK mismatch: receiver ActivityInfo{9d965b4 com.netease.cloud.nos.android.receiver.ConnectionChangeReceiver} targets 31 but delivery restricted to [0, 23] broadcasting Intent { act=android.net.conn.CONNECTIVITY_CHANGE flg=0x4200010 (has extras) } from android (pid=1477, uid=1000) to com.netease.newsreader.activity/com.netease.cloud.nos.android.receiver.ConnectionChangeReceiver
01-13 08:50:05.264 1477 1575 W BroadcastQueue: Target SDK mismatch: receiver ActivityInfo{bc555dd org.qiyi.android.video.ui.phone.traffic.receiver.TrafficReceiver} targets 31 but delivery restricted to [0, 23] broadcasting Intent { act=android.net.conn.CONNECTIVITY_CHANGE flg=0x4200010 (has extras) } from android (pid=1477, uid=1000) to com.qiyi.video.pad/org.qiyi.android.video.ui.phone.traffic.receiver.TrafficReceiver
01-13 08:50:05.264 1477 1575 W BroadcastQueue: Target SDK mismatch: receiver ActivityInfo{91d1552 com.iqiyi.hcim.service.BroadcastCenter} targets 31 but delivery restricted to [0, 23] broadcasting Intent { act=android.net.conn.CONNECTIVITY_CHANGE flg=0x4200010 (has extras) } from android (pid=1477, uid=1000) to com.qiyi.video.pad/com.iqiyi.hcim.service.BroadcastCenter
01-13 08:50:05.264 1477 1575 W BroadcastQueue: Target SDK mismatch: receiver ActivityInfo{d4d4023 com.bytedance.upc.common.network.UpcNetChangeManager} targets 30 but delivery restricted to [0, 23] broadcasting Intent { act=android.net.conn.CONNECTIVITY_CHANGE flg=0x4200010 (has extras) } from android (pid=1477, uid=1000) to com.ss.android.ugc.live/com.bytedance.upc.common.network.UpcNetChangeManager
01-13 08:50:05.264 1477 1575 W BroadcastQueue: Target SDK mismatch: receiver ActivityInfo{1812920 com.tencent.msdk.dns.HttpDnsCache$ConnectivityChangeReceiver} targets 29 but delivery restricted to [0, 23] broadcasting Intent { act=android.net.conn.CONNECTIVITY_CHANGE flg=0x4200010 (has extras) } from android (pid=1477, uid=1000) to com.tencent.tmgp.sgame/com.tencent.msdk.dns.HttpDnsCache$ConnectivityChangeReceiver
01-13 08:50:05.264 1477 1575 W BroadcastQueue: Target SDK mismatch: receiver ActivityInfo{d4672d9 com.tencent.special.httpdns.Cache$ConnectReceiver} targets 29 but delivery restricted to [0, 23] broadcasting Intent { act=android.net.conn.CONNECTIVITY_CHANGE flg=0x4200010 (has extras) } from android (pid=1477, uid=1000) to com.tencent.tmgp.sgame/com.tencent.special.httpdns.Cache$ConnectReceiver
01-13 08:50:05.264 1477 1575 W BroadcastQueue: Target SDK mismatch: receiver ActivityInfo{ad3349e com.igexin.sdk.PushReceiver} targets 28 but delivery restricted to [0, 23] broadcasting Intent { act=android.net.conn.CONNECTIVITY_CHANGE flg=0x4200010 (has extras) } from android (pid=1477, uid=1000) to com.ximalaya.ting.android/com.igexin.sdk.PushReceiver
01-13 08:50:05.264 1477 1575 W BroadcastQueue: Target SDK mismatch: receiver ActivityInfo{629bb7f cn.jpush.android.service.PushReceiver} targets 33 but delivery restricted to [0, 23] broadcasting Intent { act=android.net.conn.CONNECTIVITY_CHANGE flg=0x4200010 (has extras) } from android (pid=1477, uid=1000) to com.xingin.xhs/cn.jpush.android.service.PushReceiver
01-13 08:50:05.264 1477 1575 W BroadcastQueue: Target SDK mismatch: receiver ActivityInfo{a1fb74c com.igexin.sdk.PushReceiver} targets 33 but delivery restricted to [0, 23] broadcasting Intent { act=android.net.conn.CONNECTIVITY_CHANGE flg=0x4200010 (has extras) } from android (pid=1477, uid=1000) to com.xingin.xhs/com.igexin.sdk.PushReceiver
01-13 08:50:05.264 1477 1575 W BroadcastQueue: Target SDK mismatch: receiver ActivityInfo{a226395 com.igexin.sdk.PushReceiver} targets 26 but delivery restricted to [0, 23] broadcasting Intent { act=android.net.conn.CONNECTIVITY_CHANGE flg=0x4200010 (has extras) } from android (pid=1477, uid=1000) to com.yiche.autoeasy/com.igexin.sdk.PushReceiver
01-13 08:50:05.264 1477 1575 W BroadcastQueue: Target SDK mismatch: receiver ActivityInfo{539fcaa com.taobao.accs.EventReceiver} targets 31 but delivery restricted to [0, 23] broadcasting Intent { act=android.net.conn.CONNECTIVITY_CHANGE flg=0x4200010 (has extras) } from android (pid=1477, uid=1000) to com.youku.phone/com.taobao.accs.EventReceiver
01-13 08:50:05.264 1477 1575 W BroadcastQueue: Target SDK mismatch: receiver ActivityInfo{a28909b com.taobao.orange.receiver.OrangeReceiver} targets 31 but delivery restricted to [0, 23] broadcasting Intent { act=android.net.conn.CONNECTIVITY_CHANGE flg=0x4200010 (has extras) } from android (pid=1477, uid=1000) to com.youku.phone/com.taobao.orange.receiver.OrangeReceiver
01-13 08:50:05.269 1477 1922 W ContextImpl: Calling a method in the system process without a qualified user: android.app.ContextImpl.sendStickyBroadcast:1559 com.android.server.ConnectivityService.sendStickyBroadcast:2811 com.android.server.ConnectivityService.sendGeneralBroadcast:2786 com.android.server.ConnectivityService.sendInetConditionBroadcast:2763 com.android.server.ConnectivityService.updateInetCondition:8451
