01-13 08:49:25.257 1477 1576 I ActivityManager: Start proc 2875:com.qualcomm.location/u0a73 for added application com.qualcomm.location
01-13 08:49:25.257 1477 1576 W ActivityManager: Slow operation: 153ms so far, now at startProcess: starting to update pids map
01-13 08:49:25.257 1477 1576 W ActivityManager: Slow operation: 153ms so far, now at startProcess: done updating pids map
01-13 08:49:25.257 1477 1576 W ActivityManager: Slow operation: 123ms so far, now at startProcess: asking zygote to start proc
01-13 08:49:25.257 1477 1576 D CompatibilityChangeReporter: Compat change id reported: 143937733; UID 10096; state: ENABLED
01-13 08:49:25.265 1477 2563 D CompatibilityChangeReporter: Compat change id reported: 168419799; UID 10089; state: DISABLED
01-13 08:49:25.286 1477 1576 W ActivityManager: Slow operation: 152ms so far, now at startProcess: returned from zygote!
01-13 08:49:25.294 1477 2170 D CompatibilityChangeReporter: Compat change id reported: 168419799; UID 10084; state: DISABLED
01-13 08:49:25.299 1477 1576 W ActivityManager: Slow operation: 164ms so far, now at startProcess: done updating battery stats
01-13 08:49:25.299 1477 1576 I Watchdog: Interesting Java process com.android.providers.media.module started. Pid 2900
01-13 08:49:25.299 1477 1576 W ActivityManager: Slow operation: 165ms so far, now at startProcess: building log message
01-13 08:49:25.299 1477 1576 I ActivityManager: Start proc 2900:com.android.providers.media.module/u0a96 for service {com.android.providers.media.module/com.android.providers.media.fuse.ExternalStorageServiceImpl}
01-13 08:49:25.299 1477 1576 W ActivityManager: Slow operation: 165ms so far, now at startProcess: starting to update pids map
01-13 08:49:25.300 1477 1576 W ActivityManager: Slow operation: 166ms so far, now at startProcess: done updating pids map
01-13 08:49:25.309 1477 1477 W Looper : Slow dispatch took 362ms main h=android.os.Handler c=com.android.server.biometrics.sensors.fingerprint.hidl.Fingerprint21$$ExternalSyntheticLambda2@bd65da3 m=0
01-13 08:49:25.309 1477 1477 D BiometricScheduler/Fingerprint21: [Added] {[1] FingerprintUpdateActiveUserClient, proto=1, owner=android, cookie=0, requestId=-1, userId=0}, new queue size: 1
01-13 08:49:25.309 1477 1477 V BiometricScheduler/Fingerprint21: Not idle, current operation: {[0] FingerprintUpdateActiveUserClient, proto=1, owner=android, cookie=0, requestId=-1, userId=0}, State: 2
01-13 08:49:25.310 1477 1477 D BiometricScheduler/Fingerprint21: [Added] {[2] FingerprintInternalCleanupClient, proto=7, owner=android, cookie=0, requestId=-1, userId=0}, new queue size: 2
01-13 08:49:25.310 1477 1477 V BiometricScheduler/Fingerprint21: Not idle, current operation: {[0] FingerprintUpdateActiveUserClient, proto=1, owner=android, cookie=0, requestId=-1, userId=0}, State: 2
01-13 08:49:25.310 1477 1477 W Looper : Slow delivery took 362ms main h=android.os.Handler c=com.android.server.biometrics.sensors.fingerprint.hidl.Fingerprint21$$ExternalSyntheticLambda12@a428c59 m=0
01-01 08:00:14.313 0 0 I binder : 2900:2900 ioctl 40046210 7fffcc9b84 returned -22
01-01 08:00:14.320 0 0 W QSEECOM : __qseecom_unload_app: App (7) is unloaded
01-01 08:00:14.321 0 0 D qbt : qbt_release: entry minor_no=0 fd_available=0
01-01 08:00:14.321 0 0 D qbt : qbt_release: Releasing wakelock
01-01 08:00:14.321 0 0 D qbt : qbt_release: exit : fd_available=1
01-01 08:00:14.321 0 0 D qbt : qbt_release: entry minor_no=1 fd_available=1
01-01 08:00:14.321 0 0 D qbt : qbt_release: exit : fd_available=1
01-13 08:49:25.312 1477 2563 D CompatibilityChangeReporter: Compat change id reported: 168419799; UID 10073; state: DISABLED
01-13 08:49:25.331 1477 2563 D CompatibilityChangeReporter: Compat change id reported: 168419799; UID 10096; state: DISABLED
01-01 08:00:14.344 0 0 I binder : 2781:2781 ioctl 40046210 7fffcc8634 returned -22
01-13 08:49:25.341 1477 1477 I NotificationHistory: Attempted to unlock gone/disabled user 0
01-13 08:49:25.349 1477 1477 V NotificationAssistants: disabling notification assistant for user 0: ComponentInfo{android.ext.services/android.ext.services.notification.Assistant}
01-13 08:49:25.349 1477 1477 D NotificationListeners: Removing active service ComponentInfo{android.ext.services/android.ext.services.notification.Assistant}
01-13 08:49:25.350 1477 1477 V NotificationAssistants: enabling notification assistant for 0: ComponentInfo{android.ext.services/android.ext.services.notification.Assistant}
01-13 08:49:25.350 1477 1477 V NotificationAssistants: binding: Intent { act=android.service.notification.NotificationAssistantService cmp=android.ext.services/.notification.Assistant (has extras) }
01-13 08:49:25.351 1477 1477 D CompatibilityChangeReporter: Compat change id reported: 168419799; UID 10097; state: DISABLED
01-13 08:49:25.366 1477 1941 D CompatibilityChangeReporter: Compat change id reported: 168419799; UID 10088; state: DISABLED
01-13 08:49:25.408 1477 1477 D BiometricScheduler/Fingerprint21: [Finishing] {[0] FingerprintUpdateActiveUserClient, proto=1, owner=android, cookie=0, requestId=-1, userId=0}, success: true
01-13 08:49:25.408 1477 1477 D BiometricScheduler/Fingerprint21: [Polled] {[1] FingerprintUpdateActiveUserClient, proto=1, owner=android, cookie=0, requestId=-1, userId=0}, State: 0
01-13 08:49:25.408 1477 1477 D BiometricScheduler/Fingerprint21: [Starting] {[1] FingerprintUpdateActiveUserClient, proto=1, owner=android, cookie=0, requestId=-1, userId=0}, State: 0
01-13 08:49:25.409 1477 1477 D BiometricScheduler/Fingerprint21: [Started] {[1] FingerprintUpdateActiveUserClient, proto=1, owner=android, cookie=0, requestId=-1, userId=0}
01-13 08:49:25.410 1477 1996 I SyncManager: Loaded persisted syncs: 2 periodic syncs, 0 oneshot syncs, 20 total system server jobs, JobStats: FirstLoad: 10/9/2 LastSave: -1/-1/-1
01-01 08:00:14.421 0 0 D qbt : qbt_open: entry minor_no=0 fd_available=1
01-01 08:00:14.421 0 0 D qbt : qbt_open: exit : 0 fd_available=0
01-01 08:00:14.421 0 0 D qbt : qbt_open: entry minor_no=1 fd_available=0
01-01 08:00:14.421 0 0 D qbt : qbt_open: exit : 0 fd_available=0
01-01 08:00:14.421 0 0 D qbt : qbt_ioctl: cmd received 107
01-01 08:00:14.421 0 0 D qbt : qbt_ioctl: Acquiring wakelock
01-13 08:49:25.422 1477 1941 D CompatibilityChangeReporter: Compat change id reported: 168419799; UID 10086; state: DISABLED
01-13 08:49:25.424 1477 1930 I GameModeConfig: isGameModeOn = true
01-13 08:49:25.424 1477 1930 I GameModeConfig: isGaming = false
01-13 08:49:25.425 1477 1930 I GameModeConfig: isGameModeOn = true
01-13 08:49:25.425 1477 1930 I GameModeConfig: isGaming = false
01-01 08:00:14.439 0 0 W QSEECOM : qseecom_load_app: App (fingerpr) does'nt exist, loading apps for first time
01-13 08:49:25.428 1477 1941 D CompatibilityChangeReporter: Compat change id reported: 168419799; UID 1000; state: DISABLED
01-01 08:00:14.442 0 0 E bt_ioctl: BT_CMD_PWR_CTRL pwr_cntrl:2
01-01 08:00:14.442 0 0 E bt_vreg_unvote: vreg_unvote successful for : qca,bt-vdd-rfa2
01-01 08:00:14.442 0 0 E bt_vreg_unvote: vreg_unvote successful for : qca,bt-vdd-rfa1
01-01 08:00:14.442 0 0 E bt_vreg_unvote: vreg_unvote successful for : qca,bt-vdd-dig
01-01 08:00:14.442 0 0 E bt_vreg_unvote: vreg_unvote successful for : qca,bt-vdd-aon
01-01 08:00:14.443 0 0 I binder : 2875:2955 ioctl 40046210 75ec1a2934 returned -22
01-13 08:49:25.441 1477 2568 W FreeFormWindowHelper: Current Display FreeFormTask is null
01-13 08:49:25.453 1477 2764 I StorageUserConnection: Service: [ComponentInfo{com.android.providers.media.module/com.android.providers.media.fuse.ExternalStorageServiceImpl}] connected. User [0]
01-13 08:49:25.463 1477 2568 D CompatibilityChangeReporter: Compat change id reported: 135634846; UID 10076; state: DISABLED
01-13 08:49:25.463 1477 2568 D CompatibilityChangeReporter: Compat change id reported: 177438394; UID 10076; state: DISABLED
01-13 08:49:25.463 1477 2568 D CompatibilityChangeReporter: Compat change id reported: 135772972; UID 10076; state: DISABLED
01-13 08:49:25.463 1477 2568 D CompatibilityChangeReporter: Compat change id reported: 135754954; UID 10076; state: ENABLED
01-13 08:49:25.464 1477 1576 D CompatibilityChangeReporter: Compat change id reported: 143937733; UID 10076; state: ENABLED
01-13 08:49:25.477 1477 1574 D CompatibilityChangeReporter: Compat change id reported: 135634846; UID 1000; state: DISABLED
01-13 08:49:25.477 1477 1574 D CompatibilityChangeReporter: Compat change id reported: 177438394; UID 1000; state: DISABLED
01-13 08:49:25.477 1477 1574 D CompatibilityChangeReporter: Compat change id reported: 135772972; UID 1000; state: DISABLED
01-13 08:49:25.478 1477 1574 D CompatibilityChangeReporter: Compat change id reported: 135754954; UID 1000; state: ENABLED
01-13 08:49:25.478 1477 1576 I ActivityManager: Start proc 2981:com.qualcomm.location.XT/u0a76 for service {com.qualcomm.location.XT/com.qualcomm.location.XT.XTSrv}
01-13 08:49:25.480 2386 2386 W ContextImpl: Calling a method in the system process without a qualified user: android.app.ContextImpl.startService:1816 android.content.ContextWrapper.startService:774 android.content.ContextWrapper.startService:774 com.qualcomm.qti.qdma.app.BootReceiver.onBootReceived:115 com.qualcomm.qti.innodme.InnoBootReceiver.onReceive:22
01-13 08:49:25.483 1477 2101 W FreeFormWindowHelper: Current Display FreeFormTask is null
01-01 08:00:14.511 0 0 I binder : 2981:2981 ioctl 40046210 7fffcc9b84 returned -22
01-13 08:49:25.496 1477 1576 I ActivityManager: Start proc 2985:com.android.keychain/1000 for service {com.android.keychain/com.android.keychain.KeyChainService}
01-13 08:49:25.497 1477 2502 W FreeFormWindowHelper: Current Display FreeFormTask is null
01-13 08:49:25.503 1477 2101 D CompatibilityChangeReporter: Compat change id reported: 135634846; UID 10087; state: DISABLED
01-13 08:49:25.503 1477 2101 D CompatibilityChangeReporter: Compat change id reported: 177438394; UID 10087; state: DISABLED
01-13 08:49:25.503 1477 2101 D CompatibilityChangeReporter: Compat change id reported: 135772972; UID 10087; state: DISABLED
01-13 08:49:25.503 1477 2101 D CompatibilityChangeReporter: Compat change id reported: 135754954; UID 10087; state: ENABLED
01-13 08:49:25.506 1477 1576 D CompatibilityChangeReporter: Compat change id reported: 143937733; UID 10087; state: ENABLED
01-13 08:49:25.509 1477 1559 D BluetoothManagerService: MESSAGE_BLUETOOTH_STATE_CHANGE: BLE_TURNING_ON > BLE_ON
01-13 08:49:25.509 1477 1559 D BluetoothManagerService: Bluetooth is in LE only mode
01-13 08:49:25.509 1477 1559 D BluetoothManagerService: Binding Bluetooth GATT service
01-13 08:49:25.513 1477 2563 D CompatibilityChangeReporter: Compat change id reported: 182478738; UID 1001; state: DISABLED
01-01 08:00:14.531 0 0 I binder : 2985:2985 ioctl 40046210 7fffcc9b84 returned -22
01-13 08:49:25.526 1477 2170 D CompatibilityChangeReporter: Compat change id reported: 168419799; UID 10076; state: DISABLED
01-13 08:49:25.531 1477 1561 I ActivityRecord: real home.....com.android.launcher3/.uioverrides.QuickstepLauncher
01-13 08:49:25.531 1477 1561 I WindowManager: ******* TELLING SURFACE FLINGER WE ARE BOOTED!
01-13 08:49:25.534 1477 2983 D CompatibilityChangeReporter: Compat change id reported: 157233955; UID 10073; state: DISABLED
01-13 08:49:25.541 1477 1576 I ActivityManager: Start proc 3017:com.qualcomm.qtil.aptxui/u0a87 for broadcast {com.qualcomm.qtil.aptxui/com.qualcomm.qtil.aptxui.aptxuiBootReceiver}
01-01 08:00:14.553 0 0 I binder : 3017:3017 ioctl 40046210 7fffcc9b84 returned -22
01-13 08:49:25.543 1477 1559 D BluetoothManagerService: Sending BLE State Change: BLE_TURNING_ON > BLE_ON
01-01 08:00:14.565 0 0 W QSEECOM : qseecom_load_app: App with id 8 (fingerpr) now loaded
01-13 08:49:25.559 1477 2568 D CompatibilityChangeReporter: Compat change id reported: 135634846; UID 10111; state: DISABLED
01-13 08:49:25.559 1477 2568 D CompatibilityChangeReporter: Compat change id reported: 177438394; UID 10111; state: DISABLED
01-13 08:49:25.559 1477 2568 D CompatibilityChangeReporter: Compat change id reported: 135772972; UID 10111; state: DISABLED
01-13 08:49:25.559 1477 2568 D CompatibilityChangeReporter: Compat change id reported: 135754954; UID 10111; state: DISABLED
01-13 08:49:25.559 1477 1576 D CompatibilityChangeReporter: Compat change id reported: 143937733; UID 10111; state: DISABLED
01-13 08:49:25.562 1477 2170 D CompatibilityChangeReporter: Compat change id reported: 168419799; UID 10087; state: DISABLED
01-13 08:49:25.568 1477 1576 I ActivityManager: Start proc 3051:com.sohu.inputmethod.sogou/u0a111 for service {com.sohu.inputmethod.sogou/com.sohu.inputmethod.sogou.SogouIME}
01-01 08:00:14.591 0 0 I binder : 2981:3055 ioctl 40046210 758f417944 returned -22
01-01 08:00:14.598 0 0 I binder : 3051:3051 ioctl 40046210 7fffcc9b84 returned -22
01-13 08:49:25.598 1477 2101 D CompatibilityChangeReporter: Compat change id reported: 168419799; UID 10111; state: DISABLED
01-13 08:49:25.631 1477 2101 D CompatibilityChangeReporter: Compat change id reported: 168419799; UID 10057; state: DISABLED
01-13 08:49:25.637 1477 2568 D CompatibilityChangeReporter: Compat change id reported: 168419799; UID 1000; state: DISABLED
01-13 08:49:25.638 2288 2288 W ContextImpl: Calling a method in the system process without a qualified user: android.app.ContextImpl.startService:1816 android.content.ContextWrapper.startService:774 android.content.ContextWrapper.startService:774 vendor.qti.qesdk.sysservice.QesdkSysReceiver.onReceive:42 android.app.ActivityThread.handleReceiver:4309
01-01 08:00:14.645 0 0 I binder : 2190:2190 ioctl 40046210 7fffcc8b04 returned -22
01-13 08:49:25.650 1477 2563 D CompatibilityChangeReporter: Compat change id reported: 168419799; UID 10069; state: DISABLED
01-13 08:49:25.667 1477 2101 D CompatibilityChangeReporter: Compat change id reported: 135634846; UID 10025; state: DISABLED
01-13 08:49:25.667 1477 2101 D CompatibilityChangeReporter: Compat change id reported: 177438394; UID 10025; state: DISABLED
01-13 08:49:25.667 1477 2101 D CompatibilityChangeReporter: Compat change id reported: 135772972; UID 10025; state: DISABLED
01-13 08:49:25.667 1477 2101 D CompatibilityChangeReporter: Compat change id reported: 135754954; UID 10025; state: ENABLED
01-13 08:49:25.668 1477 1576 D CompatibilityChangeReporter: Compat change id reported: 143937733; UID 10025; state: ENABLED
01-13 08:49:25.674 1477 1576 I ActivityManager: Start proc 3098:com.android.traceur/u0a25 for broadcast {com.android.traceur/com.android.traceur.Receiver}
01-13 08:49:25.685 1477 2568 W StorageManagerService: Reporting emulated;0 unmounted due to system locked
01-13 08:49:25.695 1477 2170 D CompatibilityChangeReporter: Compat change id reported: 168419799; UID 10025; state: DISABLED
01-01 08:00:14.703 0 0 I binder : 3098:3098 ioctl 40046210 7fffcc9b84 returned -22
01-01 08:00:14.732 0 0 W QSEECOM : __qseecom_unload_app: App (8) is unloaded
01-13 08:49:25.721 1477 1477 W Looper : Slow dispatch took 313ms main h=android.os.Handler c=com.android.server.biometrics.sensors.BiometricScheduler$InternalCallback$$ExternalSyntheticLambda0@ba1838 m=0
01-13 08:49:25.722 1477 1477 V NotificationAssistants: 0 notification assistant service connected: ComponentInfo{android.ext.services/android.ext.services.notification.Assistant}
01-13 08:49:25.722 1477 1477 D BluetoothManagerService: Bluetooth Adapter address changed to F0:74:E4:3A:18:FF
01-13 08:49:25.723 1477 1477 D BluetoothManagerService: Stored Bluetoothaddress: F0:74:E4:3A:18:FF
01-13 08:49:25.723 1477 1477 D BluetoothManagerService: Bluetooth Adapter name changed to 高合娱乐副屏 by android
01-13 08:49:25.723 1477 1477 D BluetoothManagerService: Stored Bluetooth name: 高合娱乐副屏
01-13 08:49:25.723 1477 1477 D BluetoothManagerService: Bluetooth Adapter address changed to F0:74:E4:3A:18:FF
01-13 08:49:25.723 1477 1477 D BluetoothManagerService: Stored Bluetoothaddress: F0:74:E4:3A:18:FF
01-13 08:49:25.723 1477 1477 D BluetoothManagerService: BluetoothServiceConnection: com.android.bluetooth.gatt.GattService
01-13 08:49:25.723 1477 1477 D CompanionDeviceManagerService: Received BT state transition broadcast: BLE_TURNING_ON -> BLE_ON
01-13 08:49:25.723 1477 1559 D BluetoothManagerService: MESSAGE_BLUETOOTH_SERVICE_CONNECTED: 2
01-13 08:49:25.723 1477 1559 D BluetoothManagerService: continueFromBleOnState()
01-13 08:49:25.723 1477 1477 I CompanionDeviceManagerService: startBleScan()
01-13 08:49:25.724 1477 1477 D BiometricScheduler/Fingerprint21: [Finishing] {[1] FingerprintUpdateActiveUserClient, proto=1, owner=android, cookie=0, requestId=-1, userId=0}, success: true
01-13 08:49:25.724 1477 1477 D BiometricScheduler/Fingerprint21: [Polled] {[2] FingerprintInternalCleanupClient, proto=7, owner=android, cookie=0, requestId=-1, userId=0}, State: 0
01-13 08:49:25.724 1477 1477 D BiometricScheduler/Fingerprint21: [Starting] {[2] FingerprintInternalCleanupClient, proto=7, owner=android, cookie=0, requestId=-1, userId=0}, State: 0
01-13 08:49:25.724 1477 1477 D BiometricScheduler/Fingerprint21: [Started] {[2] FingerprintInternalCleanupClient, proto=7, owner=android, cookie=0, requestId=-1, userId=0}
01-13 08:49:25.724 1477 1477 D Biometrics/InternalCleanupClient: Starting enumerate: {[3] FingerprintInternalEnumerateClient, proto=6, owner=android, cookie=0, requestId=-1, userId=0}
01-13 08:49:25.724 1477 1477 W Looper : Drained
01-01 08:00:14.733 0 0 D qbt : qbt_release: entry minor_no=0 fd_available=0
01-01 08:00:14.733 0 0 D qbt : qbt_release: Releasing wakelock
01-01 08:00:14.733 0 0 D qbt : qbt_release: exit : fd_available=1
01-01 08:00:14.733 0 0 D qbt : qbt_release: entry minor_no=1 fd_available=1
01-01 08:00:14.733 0 0 D qbt : qbt_release: exit : fd_available=1
01-01 08:00:14.736 0 0 D qbt : qbt_open: entry minor_no=0 fd_available=1
01-01 08:00:14.736 0 0 D qbt : qbt_open: exit : 0 fd_available=0
01-01 08:00:14.736 0 0 D qbt : qbt_open: entry minor_no=1 fd_available=0
01-01 08:00:14.736 0 0 D qbt : qbt_open: exit : 0 fd_available=0
01-01 08:00:14.736 0 0 D qbt : qbt_ioctl: cmd received 107
01-01 08:00:14.736 0 0 D qbt : qbt_ioctl: Acquiring wakelock
01-13 08:49:25.729 1477 1559 D BluetoothManagerService: Persisting Bluetooth Setting: 1
01-13 08:49:25.740 1477 1559 D BluetoothManagerService: MESSAGE_BLUETOOTH_STATE_CHANGE: BLE_ON > TURNING_ON
01-13 08:49:25.740 1477 1559 D BluetoothManagerService: Sending BLE State Change: BLE_ON > TURNING_ON
01-13 08:49:25.741 1477 1559 D BluetoothManagerService: Sending State Change: OFF > TURNING_ON
01-13 08:49:25.745 1477 1477 D CompanionDeviceManagerService: Received BT state transition broadcast: BLE_ON -> TURNING_ON
01-01 08:00:14.760 0 0 W QSEECOM : qseecom_load_app: App (fingerpr) does'nt exist, loading apps for first time
01-13 08:49:25.765 1477 1930 I GameModeConfig: isGameModeOn = true
01-13 08:49:25.765 1477 1930 I GameModeConfig: isGaming = false
01-01 08:00:14.799 0 0 W ALERT : changing window size from 20000000 to 16000000 at 12600034004
01-13 08:49:25.807 1477 1930 I GameModeConfig: isGameModeOn = true
01-13 08:49:25.807 1477 1930 I GameModeConfig: isGaming = false
01-13 08:49:25.819 1477 2983 D CompatibilityChangeReporter: Compat change id reported: 168419799; UID 10065; state: DISABLED
01-13 08:49:25.828 2364 2364 E AndroidRuntime: FATAL EXCEPTION: main
01-13 08:49:25.828 2364 2364 E AndroidRuntime: Process: com.qualcomm.qti.devicestatisticsservice, PID: 2364
01-13 08:49:25.828 2364 2364 E AndroidRuntime: java.lang.NoClassDefFoundError: Failed resolution of: Landroid/hidl/manager/V1_0/IServiceNotification$Stub;
01-13 08:49:25.828 2364 2364 E AndroidRuntime: at com.qualcomm.qti.devicestatisticsservice.DeviceStatisticsService.onStartCommand(DeviceStatisticsService.java:83)
01-13 08:49:25.828 2364 2364 E AndroidRuntime: at android.app.ActivityThread.handleServiceArgs(ActivityThread.java:4640)
01-13 08:49:25.828 2364 2364 E AndroidRuntime: at android.app.ActivityThread.access$2000(ActivityThread.java:248)
01-13 08:49:25.828 2364 2364 E AndroidRuntime: at android.app.ActivityThread$H.handleMessage(ActivityThread.java:2092)
01-13 08:49:25.828 2364 2364 E AndroidRuntime: at android.os.Handler.dispatchMessage(Handler.java:106)
01-13 08:49:25.828 2364 2364 E AndroidRuntime: at android.os.Looper.loopOnce(Looper.java:201)
01-13 08:49:25.828 2364 2364 E AndroidRuntime: at android.os.Looper.loop(Looper.java:288)
01-13 08:49:25.828 2364 2364 E AndroidRuntime: at android.app.ActivityThread.main(ActivityThread.java:7880)
01-13 08:49:25.828 2364 2364 E AndroidRuntime: at java.lang.reflect.Method.invoke(Native Method)
01-13 08:49:25.828 2364 2364 E AndroidRuntime: at com.android.internal.os.RuntimeInit$MethodAndArgsCaller.run(RuntimeInit.java:548)
01-13 08:49:25.828 2364 2364 E AndroidRuntime: at com.android.internal.os.ZygoteInit.main(ZygoteInit.java:1009)
01-13 08:49:25.828 2364 2364 E AndroidRuntime: Caused by: java.lang.ClassNotFoundException: android.hidl.manager.V1_0.IServiceNotification$Stub
01-13 08:49:25.828 2364 2364 E AndroidRuntime: ... 11 more
01-13 08:49:25.838 1477 1477 E BootReceiver: Could not open /sys/kernel/tracing/instances/bootreceiver/trace_pipe
01-13 08:49:25.838 1477 1477 E BootReceiver: android.system.ErrnoException: open failed: ENOENT (No such file or directory)
01-13 08:49:25.838 1477 1477 E BootReceiver: at libcore.io.Linux.open(Native Method)
01-13 08:49:25.838 1477 1477 E BootReceiver: at libcore.io.ForwardingOs.open(ForwardingOs.java:567)
01-13 08:49:25.838 1477 1477 E BootReceiver: at libcore.io.BlockGuardOs.open(BlockGuardOs.java:273)
01-13 08:49:25.838 1477 1477 E BootReceiver: at android.system.Os.open(Os.java:501)
01-13 08:49:25.838 1477 1477 E BootReceiver: at com.android.server.BootReceiver.onReceive(BootReceiver.java:167)
01-13 08:49:25.838 1477 1477 E BootReceiver: at android.app.ActivityThread.handleReceiver(ActivityThread.java:4309)
01-13 08:49:25.838 1477 1477 E BootReceiver: at android.app.ActivityThread.access$1600(ActivityThread.java:248)
01-13 08:49:25.838 1477 1477 E BootReceiver: at android.app.ActivityThread$H.handleMessage(ActivityThread.java:2065)
01-13 08:49:25.838 1477 1477 E BootReceiver: at android.os.Handler.dispatchMessage(Handler.java:106)
01-13 08:49:25.838 1477 1477 E BootReceiver: at android.os.Looper.loopOnce(Looper.java:201)
01-13 08:49:25.838 1477 1477 E BootReceiver: at android.os.Looper.loop(Looper.java:288)
01-13 08:49:25.838 1477 1477 E BootReceiver: at com.android.server.SystemServer.run(SystemServer.java:909)
01-13 08:49:25.838 1477 1477 E BootReceiver: at com.android.server.SystemServer.main(SystemServer.java:616)
01-13 08:49:25.838 1477 1477 E BootReceiver: at java.lang.reflect.Method.invoke(Native Method)
01-13 08:49:25.838 1477 1477 E BootReceiver: at com.android.internal.os.RuntimeInit$MethodAndArgsCaller.run(RuntimeInit.java:548)
01-13 08:49:25.838 1477 1477 E BootReceiver: at com.android.internal.os.ZygoteInit.main(ZygoteInit.java:987)
01-13 08:49:25.839 1477 3215 I DropBoxManagerService: add tag=system_app_crash isTagEnabled=true flags=0x2
01-13 08:49:25.848 1477 2170 I ActivityManager: Process com.qualcomm.qti.devicestatisticsservice (pid 2364) has died: pers PER
01-13 08:49:25.848 1477 2170 W ActivityManager: Scheduling restart of crashed service com.qualcomm.qti.devicestatisticsservice/.DeviceStatisticsService in 0ms for persistent
01-13 08:49:25.848 1477 3216 I DropBoxManagerService: add tag=SYSTEM_BOOT isTagEnabled=true flags=0x2
01-13 08:49:25.848 1477 2170 W ActivityManager: Re-adding persistent process ProcessRecord{104e840 2364:com.qualcomm.qti.devicestatisticsservice/u0a65}
01-13 08:49:25.849 1477 2170 D CompatibilityChangeReporter: Compat change id reported: 135634846; UID 10065; state: DISABLED
01-13 08:49:25.849 1477 2170 D CompatibilityChangeReporter: Compat change id reported: 177438394; UID 10065; state: DISABLED
01-13 08:49:25.849 1477 2170 D CompatibilityChangeReporter: Compat change id reported: 135772972; UID 10065; state: DISABLED
01-13 08:49:25.849 1477 2170 D CompatibilityChangeReporter: Compat change id reported: 135754954; UID 10065; state: ENABLED
01-13 08:49:25.849 1477 1576 D CompatibilityChangeReporter: Compat change id reported: 143937733; UID 10065; state: ENABLED
01-13 08:49:25.853 1477 3216 I BootReceiver: Copying audit failures to DropBox
01-13 08:49:25.853 1477 3216 I BootReceiver: Checking for fsck errors
01-13 08:49:25.854 1477 3216 I BootReceiver: fs_stat, partition:dsp_a stat:0x3
01-13 08:49:25.854 1477 3216 I BootReceiver: fs_stat, partition:persist stat:0x40b
01-13 08:49:25.858 1477 1576 I ActivityManager: Start proc 3221:com.qualcomm.qti.devicestatisticsservice/u0a65 for restart com.qualcomm.qti.devicestatisticsservice
01-13 08:49:25.862 1477 3216 D CompatibilityChangeReporter: Compat change id reported: 135634846; UID 10017; state: DISABLED
01-13 08:49:25.862 1477 3216 D CompatibilityChangeReporter: Compat change id reported: 177438394; UID 10017; state: DISABLED
01-13 08:49:25.862 1477 3216 D CompatibilityChangeReporter: Compat change id reported: 135772972; UID 10017; state: DISABLED
01-13 08:49:25.862 1477 3216 D CompatibilityChangeReporter: Compat change id reported: 135754954; UID 10017; state: ENABLED
01-13 08:49:25.862 1477 1576 D CompatibilityChangeReporter: Compat change id reported: 143937733; UID 10017; state: ENABLED
01-13 08:49:25.869 1477 2983 D CompatibilityChangeReporter: Compat change id reported: 168419799; UID 10074; state: DISABLED
01-01 08:00:14.881 0 0 W QSEECOM : qseecom_load_app: App with id 9 (fingerpr) now loaded
01-13 08:49:25.877 1477 1576 I ActivityManager: Start proc 3236:android.process.media/u0a17 for content provider {com.android.providers.downloads/com.android.providers.downloads.DownloadProvider}
01-01 08:00:14.897 0 0 I binder : 3221:3221 ioctl 40046210 7fffcc9b84 returned -22
01-01 08:00:14.898 0 0 I binder : 2793:3258 ioctl 40046210 7590361604 returned -22
01-13 08:49:25.891 1477 3213 D CompatibilityChangeReporter: Compat change id reported: 135634846; UID 1000; state: DISABLED
01-13 08:49:25.891 1477 3213 D CompatibilityChangeReporter: Compat change id reported: 177438394; UID 1000; state: DISABLED
01-13 08:49:25.891 1477 3213 D CompatibilityChangeReporter: Compat change id reported: 135772972; UID 1000; state: DISABLED
01-13 08:49:25.891 1477 3213 D CompatibilityChangeReporter: Compat change id reported: 135754954; UID 1000; state: ENABLED
01-01 08:00:14.906 0 0 I binder : 3236:3236 ioctl 40046210 7fffcc9b84 returned -22
01-13 08:49:25.895 1477 1477 I Telecom : BluetoothDeviceManager: Got BluetoothHearingAid: android.bluetooth.BluetoothHearingAid@f20efab: BMSL.oSC@AAo
01-13 08:49:25.899 1477 1576 I ActivityManager: Start proc 3276:com.qti.diagservices/1000 for broadcast {com.qti.diagservices/com.qti.diagservices.Diag_OnBoot}
01-13 08:49:25.905 1477 2983 D CompatibilityChangeReporter: Compat change id reported: 168419799; UID 10017; state: DISABLED
01-13 08:49:25.912 1477 3213 D CompatibilityChangeReporter: Compat change id reported: 135634846; UID 10029; state: DISABLED
01-13 08:49:25.912 1477 3213 D CompatibilityChangeReporter: Compat change id reported: 177438394; UID 10029; state: DISABLED
01-13 08:49:25.912 1477 3213 D CompatibilityChangeReporter: Compat change id reported: 135772972; UID 10029; state: DISABLED
01-13 08:49:25.912 1477 3213 D CompatibilityChangeReporter: Compat change id reported: 135754954; UID 10029; state: ENABLED
01-13 08:49:25.912 1477 1576 D CompatibilityChangeReporter: Compat change id reported: 143937733; UID 10029; state: ENABLED
01-13 08:49:25.914 1477 1559 D BluetoothManagerService: MESSAGE_BLUETOOTH_STATE_CHANGE: TURNING_ON > ON
01-13 08:49:25.914 1477 1559 D BluetoothManagerService: Broadcasting onBluetoothStateChange(true) to 17 receivers.
01-13 08:49:25.914 1477 1559 D BluetoothManagerService: Creating new ProfileServiceConnections object for profile: 1
01-13 08:49:25.915 1477 1513 W BluetoothManagerService: psc is not null in bindBluetoothProfileService
01-13 08:49:25.915 1477 1559 W BluetoothManagerService: psc is not null in bindBluetoothProfileService
01-13 08:49:25.915 1477 1559 D BluetoothManagerService: Sending BLE State Change: TURNING_ON > ON
01-13 08:49:25.915 1477 1559 D BluetoothManagerService: Sending State Change: TURNING_ON > ON
01-13 08:49:25.916 1477 1477 D CompanionDeviceManagerService: Received BT state transition broadcast: TURNING_ON -> ON
01-13 08:49:25.917 1477 1477 I CompanionDeviceManagerService: startBleScan()
01-13 08:49:25.923 1477 1576 I ActivityManager: Start proc 3296:android.process.acore/u0a29 for content provider {com.android.providers.contacts/com.android.providers.contacts.ContactsProvider2}
01-01 08:00:14.936 0 0 I binder : 3276:3276 ioctl 40046210 7fffcc9b84 returned -22
01-01 08:00:14.947 0 0 I binder : 3296:3296 ioctl 40046210 7fffcc9b84 returned -22
01-13 08:49:25.944 1477 3213 D CompatibilityChangeReporter: Compat change id reported: 168419799; UID 10029; state: DISABLED
01-13 08:49:25.955 1477 1930 I GameModeConfig: isGameModeOn = true
01-13 08:49:25.955 1477 1930 I GameModeConfig: isGaming = false
01-13 08:49:25.972 3276 3276 W ContextImpl: Calling a method in the system process without a qualified user: android.app.ContextImpl.startService:1816 android.content.ContextWrapper.startService:774 android.content.ContextWrapper.startService:774 com.qti.diagservices.Diag_OnBoot.onReceive:40 android.app.ActivityThread.handleReceiver:4309
01-13 08:49:25.990 1477 1930 I GameModeConfig: isGameModeOn = true
01-13 08:49:25.990 1477 1930 I GameModeConfig: isGaming = false
01-13 08:49:25.998 1477 1510 D CountryDetector: The first listener is added
01-01 08:00:15.054 0 0 W QSEECOM : __qseecom_unload_app: App (9) is unloaded
01-01 08:00:15.054 0 0 D qbt : qbt_release: entry minor_no=0 fd_available=0
01-01 08:00:15.054 0 0 D qbt : qbt_release: Releasing wakelock
01-01 08:00:15.054 0 0 D qbt : qbt_release: exit : fd_available=1
01-01 08:00:15.054 0 0 D qbt : qbt_release: entry minor_no=1 fd_available=1
01-01 08:00:15.054 0 0 D qbt : qbt_release: exit : fd_available=1
01-13 08:49:26.044 1477 1477 D Fingerprint21: handleError, client: FingerprintInternalCleanupClient, error: 2, vendorCode: 0
01-13 08:49:26.044 1477 1477 E Fingerprint21: onError for non-error consumer: FingerprintInternalCleanupClient
01-01 08:00:15.167 0 0 I IRQ 5 : no longer affine to CPU7
01-01 08:00:15.386 0 0 W audit : audit_lost=1 audit_rate_limit=5 audit_backlog_limit=64
01-01 08:00:15.386 0 0 E audit : rate limit exceeded
01-13 08:49:26.459 1477 1575 D CompatibilityChangeReporter: Compat change id reported: 168419799; UID 10017; state: DISABLED
01-13 08:49:26.462 524 524 I vold : Bind mounting /mnt/runtime/default/emulated/0/Android/data on /mnt/user/0/emulated/0/Android/data
01-13 08:49:26.463 524 524 I vold : Bind mounted /mnt/runtime/default/emulated/0/Android/data on /mnt/user/0/emulated/0/Android/data
01-13 08:49:26.463 524 524 I vold : Bind mounting /mnt/runtime/default/emulated/0/Android/obb on /mnt/user/0/emulated/0/Android/obb
01-13 08:49:26.464 524 524 I vold : Bind mounted /mnt/runtime/default/emulated/0/Android/obb on /mnt/user/0/emulated/0/Android/obb
01-13 08:49:26.464 524 524 I vold : Bind mounting /mnt/runtime/write/emulated/0/Android/obb on /mnt/installer/0/emulated/0/Android/obb
01-13 08:49:26.468 524 524 I vold : Bind mounted /mnt/runtime/write/emulated/0/Android/obb on /mnt/installer/0/emulated/0/Android/obb
01-13 08:49:26.468 524 524 I vold : Configuring read_ahead of /mnt/user/0/emulated fuse filesystem to 256kb
01-13 08:49:26.469 524 524 I vold : Writing 256 to /sys/class/bdi/0:74/read_ahead_kb
01-13 08:49:26.469 524 524 I vold : Configuring max_ratio of /mnt/user/0/emulated fuse filesystem to 40
01-13 08:49:26.469 524 524 I vold : Writing 40 to /sys/class/bdi/0:74/max_ratio
01-01 08:00:15.480 0 0 E DTC_eth,link_delay_work_func: 3002, SQI=0, link=0
01-13 08:49:26.469 1477 1840 I StorageManagerService: Mounted volume VolumeInfo{emulated;0}:
01-13 08:49:26.469 1477 1840 I StorageManagerService: type=EMULATED diskId=null partGuid= mountFlags=PRIMARY|VISIBLE
01-13 08:49:26.469 1477 1840 I StorageManagerService: mountUserId=0 state=MOUNTED
01-13 08:49:26.469 1477 1840 I StorageManagerService: fsType=null fsUuid=null fsLabel=null
01-13 08:49:26.469 1477 1840 I StorageManagerService: path=/storage/emulated internalPath=/data/media
01-13 08:49:26.470 1477 1840 I StorageSessionController: Notifying volume state changed for session with id: emulated;0
01-13 08:49:26.482 1477 1840 I StorageSessionController: Notifying volume state changed for session with id: emulated;0
01-13 08:49:26.483 1477 2568 W StorageManagerService: Reporting emulated;0 unmounted due to system locked
01-13 08:49:26.484 1477 2568 W StorageManagerService: Reporting emulated;0 unmounted due to system locked
01-13 08:49:26.485 1477 2983 W StorageManagerService: Reporting emulated;0 unmounted due to system locked
01-13 08:49:26.485 1477 2983 W StorageManagerService: Reporting emulated;0 unmounted due to system locked
01-13 08:49:26.486 1477 1840 I StorageSessionController: Notifying volume state changed for session with id: emulated;0
01-13 08:49:26.490 1477 2983 D CompatibilityChangeReporter: Compat change id reported: 168419799; UID 10096; state: DISABLED
01-13 08:49:26.494 1477 1840 D StorageManagerService: Volume emulated;0 broadcasting mounted to UserHandle{0}
01-13 08:49:26.495 1477 1840 D StorageManagerService: Volume emulated;0 broadcasting mounted to UserHandle{0}
01-13 08:49:26.527 1477 2983 D CompatibilityChangeReporter: Compat change id reported: 149924527; UID 10096; state: ENABLED
01-13 08:49:26.528 1477 2983 D CompatibilityChangeReporter: Compat change id reported: 132649864; UID 10096; state: DISABLED
01-13 08:49:26.528 1477 2983 D CompatibilityChangeReporter: Compat change id reported: 182734110; UID 10096; state: DISABLED
01-13 08:49:26.647 1477 1510 D CompatibilityChangeReporter: Compat change id reported: 149924527; UID 10111; state: ENABLED
01-13 08:49:26.648 1477 1510 D CompatibilityChangeReporter: Compat change id reported: 132649864; UID 10111; state: DISABLED
01-01 08:00:15.679 0 0 I IRQ 5 : no longer affine to CPU7
01-13 08:49:26.732 1477 3213 D CompatibilityChangeReporter: Compat change id reported: 172100307; UID 10096; state: DISABLED
01-01 08:00:15.872 0 0 W cnss-daemon: DMS thread joined succesfully
01-01 08:00:15.872 0 0 W cnss-daemon: wlfw_stop: Stop done: 0
01-01 08:00:15.872 0 0 W cnss-daemon: wlfw_start: Starting
01-01 08:00:15.873 0 0 W cnss-daemon: wlfw_service_request: Start the pthread: 0x0K
01-01 08:00:15.873 0 0 W cnss-daemon: ro.baseband : [apq]
01-01 08:00:15.873 0 0 W cnss-daemon: Hardware supports external modem
01-01 08:00:15.879 0 0 W cnss-daemon: pm_release_vote: pm_handle is NULL
01-01 08:00:15.879 0 0 W cnss-daemon: pm_release_vote: pm_handle is NULL
01-01 08:00:15.879 0 0 W cnss-daemon: wlfw_build_cal_table: not read /data/vendor/wifi/wlfw_cal_00.bin
01-01 08:00:15.880 0 0 W cnss-daemon: wlfw_build_cal_table: not read /data/vendor/wifi/wlfw_cal_02.bin
01-01 08:00:15.888 0 0 D cnss : Received QMI WLFW request memory indication
01-01 08:00:15.888 0 0 D cnss : FW requests for memory, size: 0x5e0000, type: 1
01-01 08:00:15.888 0 0 D cnss : FW requests for memory, size: 0xd8000, type: 4
01-01 08:00:15.888 0 0 D cnss : Posting event: REQUEST_MEM(2), state: 0x11 flags: 0x0
01-01 08:00:15.888 0 0 D cnss : PM stay awake, state: 0x11, count: 1
01-01 08:00:15.888 0 0 D cnss : PM relax, state: 0x11, count: 0
01-01 08:00:15.888 0 0 D cnss : PM stay awake, state: 0x11, count: 1
01-01 08:00:15.888 0 0 D cnss : Processing driver event: REQUEST_MEM(2), state: 0x11
01-01 08:00:15.888 0 0 D cnss : Sending respond memory message, state: 0x11
01-01 08:00:15.888 0 0 D cnss : Memory for FW, va: 0x0000000000000000, pa: 0x00000000a1000000, size: 0x5e0000, type: 1
01-01 08:00:15.888 0 0 D cnss : Memory for FW, va: 0x0000000000000000, pa: 0x00000000a1600000, size: 0xd8000, type: 4
01-01 08:00:15.891 0 0 D cnss : PM relax, state: 0x11, count: 0
01-01 08:00:15.893 0 0 D cnss : Received QMI WLFW FW memory ready indication
01-01 08:00:15.893 0 0 D cnss : Posting event: FW_MEM_READY(3), state: 0x11 flags: 0x0
01-01 08:00:15.893 0 0 D cnss : PM stay awake, state: 0x11, count: 1
01-01 08:00:15.893 0 0 D cnss : PM relax, state: 0x11, count: 0
01-01 08:00:15.893 0 0 D cnss : PM stay awake, state: 0x11, count: 1
01-01 08:00:15.893 0 0 D cnss : Processing driver event: FW_MEM_READY(3), state: 0x11
01-01 08:00:15.893 0 0 D cnss : Sending target capability message, state: 0x13
01-01 08:00:15.904 0 0 D cnss : Voltage for CPR: 948mV
01-01 08:00:15.904 0 0 D cnss : Update TCS CMD data address 0x000000000b2e5844 with voltage 950mV
01-01 08:00:15.904 0 0 D cnss : Device frequency is 24000000 HZ
01-01 08:00:15.904 0 0 D cnss : Target capability: chip_id: 0x0, chip_family: 0xb, board_id: 0xff, soc_id: 0xffffffff, fw_version: 0x101a0521, fw_build_timestamp: 2021-12-20 07:54, fw_build_id: QC_IMAGE_VERSION_STRING=WLAN.HST.1.0.1.r1-01313-QCAHSTSWPL_SILICONZ-1, otp_version: 0x480020
01-01 08:00:15.904 0 0 D cnss : Sending BDF download message, state: 0x13, type: 4
01-01 08:00:15.904 0 0 D cnss : FW name added with prefix: qca6390/regdb.bin
01-01 08:00:15.904 0 0 W cnss2 b0000000.qcom,cnss-qca6390: Falling back to syfs fallback for: qca6390/regdb.bin
01-01 08:00:15.912 0 0 I ueventd : firmware: loading 'qca6390/regdb.bin' for '/devices/platform/soc/b0000000.qcom,cnss-qca6390/firmware/qca6390!regdb.bin'
01-01 08:00:15.913 0 0 E ueventd : firmware: could not find firmware for qca6390/regdb.bin
01-01 08:00:15.913 0 0 E ueventd : firmware: attempted /etc/firmware/qca6390/regdb.bin, open failed: No such file or directory
01-01 08:00:15.913 0 0 E ueventd : firmware: attempted /odm/firmware/qca6390/regdb.bin, open failed: No such file or directory
01-01 08:00:15.913 0 0 E ueventd : firmware: attempted /vendor/firmware/qca6390/regdb.bin, open failed: No such file or directory
01-01 08:00:15.913 0 0 E ueventd : firmware: attempted /firmware/image/qca6390/regdb.bin, open failed: No such file or directory
01-01 08:00:15.913 0 0 E ueventd : firmware: attempted /vendor/firmware_mnt/image/qca6390/regdb.bin, open failed: No such file or directory
01-01 08:00:15.913 0 0 I ueventd : loading /devices/platform/soc/b0000000.qcom,cnss-qca6390/firmware/qca6390!regdb.bin took 1ms
01-01 08:00:15.913 0 0 E cnss : Failed to load BDF: qca6390/regdb.bin
01-01 08:00:15.913 0 0 D cnss : Sending BDF download message, state: 0x13, type: 1
01-01 08:00:15.913 0 0 D cnss : FW name added with prefix: qca6390/bdwlan.elf
01-01 08:00:15.913 0 0 W cnss2 b0000000.qcom,cnss-qca6390: Falling back to syfs fallback for: qca6390/bdwlan.elf
01-01 08:00:15.918 0 0 D cnss : Downloading BDF: qca6390/bdwlan.elf, size: 57908
01-01 08:00:15.952 0 0 D cnss : Sending M3 information message, state: 0x13
01-01 08:00:15.952 0 0 D cnss : M3 memory, va: 0x0000000000000000, pa: 0x00000000a1800000, size: 0x411bc
01-01 08:00:15.960 0 0 D cnss : PM relax, state: 0x13, count: 0
01-01 08:00:15.960 0 0 D cnss : Received QMI WLFW FW initialization done indication
01-01 08:00:15.960 0 0 D cnss : Posting event: FW_READY(4), state: 0x13 flags: 0x0
01-01 08:00:15.960 0 0 D cnss : PM stay awake, state: 0x13, count: 1
01-01 08:00:15.960 0 0 D cnss : PM relax, state: 0x13, count: 0
01-01 08:00:15.960 0 0 D cnss : PM stay awake, state: 0x13, count: 1
01-01 08:00:15.960 0 0 D cnss : Processing driver event: FW_READY(4), state: 0x13
01-01 08:00:15.960 0 0 D cnss : PCIE Gen speed not setup
01-01 08:00:15.969 0 0 W : (NULL device *): Falling back to syfs fallback for: wlan/qca_cld/qca6390/WCNSS_qcom_cfg.ini
01-01 08:00:15.984 0 0 I [kworke][0x124b1489][08:49:26.972400] wlan: [343:I:HDD] hdd_pm_qos_add_request: 9360: Set cpu_mask 0f for affine_cores
01-01 08:00:15.984 0 0 I [kworke][0x124b1565][08:49:26.972412] wlan: [343:I:HDD] hdd_pm_qos_add_request: 9362: Set cpu_mask 0f for affine_cores
01-01 08:00:15.984 0 0 D cnss : Sending ini sync request, state: 0x17, fw_log_mode: 1
01-01 08:00:15.989 0 0 I [kworke][0x124c920e][08:49:26.977487] wlan: [343:I:HIF] Initializing Runtime PM wakelock &sc->prevent_linkdown_lock
01-01 08:00:15.989 0 0 I [kworke][0x124c931d][08:49:26.977501] wlan: [343:I:HIF] hif_pci_enable_bus: con_mode = 0x0, WLAN_SOC_device_id = 0x1101
01-01 08:00:15.989 0 0 I [kworke][0x124c94e1][08:49:26.977525] wlan: [343:I:HIF] hif_pci_enable_bus: hif_enable_pci done
01-01 08:00:15.989 0 0 I [kworke][0x124ca713][08:49:26.977767] wlan: [343:I:HIF] *********** QCA6390 *************
01-01 08:00:15.989 0 0 I [kworke][0x124ca834][08:49:26.977782] wlan: [343:I:HIF] hif_pci_enable_bus: hif_type = 0x12, target_type = 0x17
01-01 08:00:15.989 0 0 I [kworke][0x124ca8b0][08:49:26.977789] wlan: [343:I:HIF] hif_register_tbl_attach: HIF_TYPE_QCA6390
01-01 08:00:15.989 0 0 I [kworke][0x124ca927][08:49:26.977795] wlan: [343:I:HIF] hif_target_register_tbl_attach: TARGET_TYPE_QCA6390
01-01 08:00:15.989 0 0 I [kworke][0x124ca991][08:49:26.977801] wlan: [343:I:HIF] hif_pci_enable_bus:Skip tgt_wake up for srng devices
01-01 08:00:15.989 0 0 E [kworke][0x124cc987][08:49:26.978227] wlan: [343:E:TXRX] hif_print_hal_shadow_register_cfg: num_config 28
01-01 08:00:15.989 0 0 I [kworke][0x124ccaa5][08:49:26.978242] wlan: [343:I:TXRX] hif_print_hal_shadow_register_cfg: i 0, val a3b034
01-01 08:00:15.989 0 0 I [kworke][0x124ccb11][08:49:26.978247] wlan: [343:I:TXRX] hif_print_hal_shadow_register_cfg: i 1, val a3b03c
01-01 08:00:15.989 0 0 I [kworke][0x124ccc07][08:49:26.978260] wlan: [343:I:TXRX] hif_print_hal_shadow_register_cfg: i 2, val a3b044
01-01 08:00:15.989 0 0 I [kworke][0x124ccc76][08:49:26.978266] wlan: [343:I:TXRX] hif_print_hal_shadow_register_cfg: i 3, val a3b04c
01-01 08:00:15.989 0 0 I [kworke][0x124ccce0][08:49:26.978271] wlan: [343:I:TXRX] hif_print_hal_shadow_register_cfg: i 4, val a3b054
01-01 08:00:15.989 0 0 I [kworke][0x124ccd4c][08:49:26.978277] wlan: [343:I:TXRX] hif_print_hal_shadow_register_cfg: i 5, val a3b028
01-01 08:00:15.989 0 0 I [kworke][0x124ccdb4][08:49:26.978282] wlan: [343:I:TXRX] hif_print_hal_shadow_register_cfg: i 6, val a3b020
01-01 08:00:15.989 0 0 I [kworke][0x124cce18][08:49:26.978288] wlan: [343:I:TXRX] hif_print_hal_shadow_register_cfg: i 7, val a3b06c
01-01 08:00:15.989 0 0 I [kworke][0x124cce7d][08:49:26.978293] wlan: [343:I:TXRX] hif_print_hal_shadow_register_cfg: i 8, val a46000
01-01 08:00:15.989 0 0 I [kworke][0x124ccee1][08:49:26.978298] wlan: [343:I:TXRX] hif_print_hal_shadow_register_cfg: i 9, val a46008
01-01 08:00:15.989 0 0 I [kworke][0x124ccf45][08:49:26.978303] wlan: [343:I:TXRX] hif_print_hal_shadow_register_cfg: i 10, val a46010
01-01 08:00:15.989 0 0 I [kworke][0x124ccfa8][08:49:26.978308] wlan: [343:I:TXRX] hif_print_hal_shadow_register_cfg: i 11, val a46018
01-01 08:00:15.989 0 0 I [kworke][0x124cd00c][08:49:26.978314] wlan: [343:I:TXRX] hif_print_hal_shadow_register_cfg: i 12, val a46034
01-01 08:00:15.989 0 0 I [kworke][0x124cd071][08:49:26.978319] wlan: [343:I:TXRX] hif_print_hal_shadow_register_cfg: i 13, val a370b0
01-01 08:00:15.989 0 0 I [kworke][0x124cd0d5][08:49:26.978324] wlan: [343:I:TXRX] hif_print_hal_shadow_register_cfg: i 14, val a37018
01-01 08:00:15.989 0 0 I [kworke][0x124cd13a][08:49:26.978329] wlan: [343:I:TXRX] hif_print_hal_shadow_register_cfg: i 15, val a370c4
01-01 08:00:15.989 0 0 I [kworke][0x124cd19f][08:49:26.978335] wlan: [343:I:TXRX] hif_print_hal_shadow_register_cfg: i 16, val a370cc
01-01 08:00:15.989 0 0 I [kworke][0x124cd204][08:49:26.978340] wlan: [343:I:TXRX] hif_print_hal_shadow_register_cfg: i 17, val a370d4
01-01 08:00:15.989 0 0 I [kworke][0x124cd268][08:49:26.978345] wlan: [343:I:TXRX] hif_print_hal_shadow_register_cfg: i 18, val a370dc
01-01 08:00:15.989 0 0 I [kworke][0x124cd2cc][08:49:26.978350] wlan: [343:I:TXRX] hif_print_hal_shadow_register_cfg: i 19, val a00400
01-01 08:00:15.989 0 0 I [kworke][0x124cd3b5][08:49:26.978362] wlan: [343:I:TXRX] hif_print_hal_shadow_register_cfg: i 20, val a03400
01-01 08:00:15.989 0 0 I [kworke][0x124cd421][08:49:26.978368] wlan: [343:I:TXRX] hif_print_hal_shadow_register_cfg: i 21, val a0340c
01-01 08:00:15.989 0 0 I [kworke][0x124cd48a][08:49:26.978374] wlan: [343:I:TXRX] hif_print_hal_shadow_register_cfg: i 22, val a05400
01-01 08:00:15.989 0 0 I [kworke][0x124cd4f2][08:49:26.978379] wlan: [343:I:TXRX] hif_print_hal_shadow_register_cfg: i 23, val a0540c
01-01 08:00:15.989 0 0 I [kworke][0x124cd556][08:49:26.978384] wlan: [343:I:TXRX] hif_print_hal_shadow_register_cfg: i 24, val a06400
01-01 08:00:15.989 0 0 I [kworke][0x124cd5bb][08:49:26.978389] wlan: [343:I:TXRX] hif_print_hal_shadow_register_cfg: i 25, val a08400
01-01 08:00:15.989 0 0 I [kworke][0x124cd61f][08:49:26.978395] wlan: [343:I:TXRX] hif_print_hal_shadow_register_cfg: i 26, val a0b400
01-01 08:00:15.989 0 0 I [kworke][0x124cd689][08:49:26.978400] wlan: [343:I:TXRX] hif_print_hal_shadow_register_cfg: i 27, val a0b40c
01-01 08:00:15.990 0 0 D cnss : Mode: 0, config: 0000000000000000, host_version: 5.2.022.10G
01-01 08:00:15.990 0 0 D cnss : Sending WLAN config message, state: 0x17
01-01 08:00:15.990 0 0 D cnss : Sending mode message, mode: MISSION(0), state: 0x17
01-01 08:00:16.015 0 0 D cnss : Received QMI WLFW pin connect result indication
01-01 08:00:16.015 0 0 D cnss : Pin connect Result: pwr_pin: 0x1 phy_io_pin: 0x0 rf_io_pin: 0x0
01-01 08:00:16.015 0 0 D cnss : Assign MSI to user: CE, num_vectors: 10, user_base_data: 803, base_vector: 3
01-01 08:00:16.015 0 0 I [kworke][0x125438b8][08:49:27.003603] wlan: [343:I:HIF] ce_srng_dest_ring_setup: ce_id 1
01-01 08:00:16.015 0 0 D cnss : Assign MSI to user: CE, num_vectors: 10, user_base_data: 803, base_vector: 3
01-01 08:00:16.015 0 0 I [kworke][0x1254414d][08:49:27.003717] wlan: [343:I:HIF] ce_srng_status_ring_setup: ce_id 1
01-01 08:00:16.015 0 0 D cnss : Assign MSI to user: CE, num_vectors: 10, user_base_data: 803, base_vector: 3
01-01 08:00:16.015 0 0 I [kworke][0x125448ac][08:49:27.003815] wlan: [343:I:HIF] ce_srng_dest_ring_setup: ce_id 2
01-01 08:00:16.015 0 0 D cnss : Assign MSI to user: CE, num_vectors: 10, user_base_data: 803, base_vector: 3
01-01 08:00:16.015 0 0 I [kworke][0x12545e59][08:49:27.004104] wlan: [343:I:HIF] ce_srng_status_ring_setup: ce_id 2
01-01 08:00:16.015 0 0 D cnss : Assign MSI to user: CE, num_vectors: 10, user_base_data: 803, base_vector: 3
01-01 08:00:16.015 0 0 D cnss : Assign MSI to user: CE, num_vectors: 10, user_base_data: 803, base_vector: 3
01-01 08:00:16.016 0 0 I [kworke][0x125475d3][08:49:27.004417] wlan: [343:I:HIF] ce_srng_dest_ring_setup: ce_id 5
01-01 08:00:16.016 0 0 D cnss : Assign MSI to user: CE, num_vectors: 10, user_base_data: 803, base_vector: 3
01-01 08:00:16.016 0 0 I [kworke][0x12547e2e][08:49:27.004529] wlan: [343:I:HIF] ce_srng_status_ring_setup: ce_id 5
01-01 08:00:16.016 0 0 D cnss : Assign MSI to user: CE, num_vectors: 10, user_base_data: 803, base_vector: 3
01-01 08:00:16.016 0 0 I [kworke][0x1254859a][08:49:27.004628] wlan: [343:I:HIF] hif_configure_irq: E
01-01 08:00:16.016 0 0 D cnss : Assign MSI to user: WAKE, num_vectors: 1, user_base_data: 813, base_vector: 13
01-01 08:00:16.016 0 0 D cnss : Get IRQ number 363 for vector index 13
01-01 08:00:16.016 0 0 D cnss : Assign MSI to user: CE, num_vectors: 10, user_base_data: 803, base_vector: 3
01-01 08:00:16.016 0 0 D cnss : Get IRQ number 353 for vector index 3
01-01 08:00:16.016 0 0 D cnss : Get IRQ number 354 for vector index 4
01-01 08:00:16.016 0 0 D cnss : Get IRQ number 355 for vector index 5
01-01 08:00:16.016 0 0 D cnss : Get IRQ number 356 for vector index 6
01-01 08:00:16.016 0 0 D cnss : Get IRQ number 358 for vector index 8
01-01 08:00:16.016 0 0 D cnss : Get IRQ number 359 for vector index 9
01-01 08:00:16.016 0 0 D cnss : Get IRQ number 361 for vector index 11
01-01 08:00:16.016 0 0 E [kworke][0x1254ae05][08:49:27.005167] wlan: [343:E:mlme] mlme_init_reg_cfg: 2374: null pdev
01-01 08:00:16.016 0 0 E [kworke][0x1254b17f][08:49:27.005213] wlan: [343:E:WMI] WMI handle is NULL
01-01 08:00:16.017 0 0 I [kworke][0x1254eaa4][08:49:27.005975] wlan: [343:I:HIF] Initializing Runtime PM wakelock &p2p_soc_obj->roc_runtime_lock
01-01 08:00:16.017 0 0 D cnss : Platform cap_flag is 0x4
01-01 08:00:16.017 0 0 E [kworke][0x1254ecd9][08:49:27.006004] wlan: [343:E:QDF] cds_get_context: 1486: Module ID 66 context is Null
01-01 08:00:16.019 0 0 E [kworke][0x1255811e][08:49:27.007981] wlan: [343:E:QDF] cds_get_context: 1486: Module ID 66 context is Null
01-01 08:00:16.021 0 0 I [kworke][0x12560963][08:49:27.009798] wlan: [343:I:HIF] Initializing Runtime PM wakelock &psoc_wakelock->wmi_cmd_rsp_runtime_lock
01-01 08:00:16.021 0 0 F [kworke][0x125617cc][08:49:27.009990] wlan: [343:F:WMA] WMA --> wmi_unified_attach - success
01-01 08:00:16.021 0 0 I [kworke][0x12562483][08:49:27.010160] wlan: [343:I:HIF] Initializing Runtime PM wakelock &vdev->vdev_set_key_runtime_wakelock
01-01 08:00:16.021 0 0 I [kworke][0x12562f80][08:49:27.010306] wlan: [343:I:HIF] Initializing Runtime PM wakelock &vdev->vdev_set_key_runtime_wakelock
01-01 08:00:16.022 0 0 I [kworke][0x125639d1][08:49:27.010444] wlan: [343:I:HIF] Initializing Runtime PM wakelock &vdev->vdev_set_key_runtime_wakelock
01-01 08:00:16.022 0 0 I [kworke][0x125646e9][08:49:27.010619] wlan: [343:I:HIF] Initializing Runtime PM wakelock &vdev->vdev_set_key_runtime_wakelock
01-01 08:00:16.022 0 0 I [kworke][0x125651d0][08:49:27.010764] wlan: [343:I:HIF] Initializing Runtime PM wakelock &vdev->vdev_set_key_runtime_wakelock
01-01 08:00:16.022 0 0 I [kworke][0x12565cdc][08:49:27.010911] wlan: [343:I:HIF] Initializing Runtime PM wakelock &vdev->vdev_set_key_runtime_wakelock
01-01 08:00:16.023 0 0 I [kworke][0x12568bac][08:49:27.011535] wlan: [343:I:HIF] Initializing Runtime PM wakelock &wma_handle->wmi_cmd_rsp_runtime_lock
01-01 08:00:16.023 0 0 I [kworke][0x12568ceb][08:49:27.011552] wlan: [343:I:HIF] Initializing Runtime PM wakelock &wma_handle->sap_prevent_runtime_pm_lock
