01-01 08:00:11.797 1477 1477 E PackageManager: updateAllSharedLibrariesLPw failed: Package com.android.settings requires unavailable shared library com.qti.extphone.extphonelib; failing!
01-01 08:00:11.797 1477 1477 E PackageManager: updateAllSharedLibrariesLPw failed: Package com.qualcomm.qti.devicestatisticsservice requires unavailable shared library qti-telephony-hidl-wrapper-prd; failing!
01-01 08:00:11.797 1477 1477 E PackageManager: updateAllSharedLibrariesLPw failed: Package com.qti.snapdragon.qdcm_ff requires unavailable shared library vendor.display.color.V1_0.IDisplayColor; failing!
01-01 08:00:11.797 1477 1477 E PackageManager: updateAllSharedLibrariesLPw failed: Package com.qti.pasrservice requires unavailable shared library vendor.qti.power.pasrmanager.V1_0.IPasrManager; failing!
01-01 08:00:11.798 1477 1477 E PackageManager: updateAllSharedLibrariesLPw failed: Package com.qualcomm.wfd.service requires unavailable shared library .WfdService; failing!
01-01 08:00:11.800 1477 1477 I PackageManager: Time to scan packages: 0.784 seconds
01-01 08:00:11.800 1477 1477 I PackageManager: Permission ownership changed. Updating all permissions.
01-01 08:00:11.810 1477 1477 V PackageManager: reconcileAppsData for null u0 0x1 migrateAppData=true
01-01 08:00:11.842 1477 1477 V PackageManager: reconcileAppsData finished 27 packages
01-01 08:00:11.843 1477 1477 I PackageManagerTiming: write settings
01-01 08:00:11.843 1477 1700 I SystemServerTimingAsync: InitThreadPoolExec:prepareAppData
01-01 08:00:11.859 1477 1477 W PackageManager: Intent filter verifier not found
01-01 08:00:11.859 1477 1477 W PackageManager: Domain verification agent not found
01-01 08:00:11.864 1477 1477 I PackageManagerTiming: GC
01-01 08:00:11.864 1477 1477 I PackageManager: Fix for b/169414761 is applied
01-01 08:00:11.864 1477 1477 V UserManagerService: Checking that all system packages are whitelisted.
01-01 08:00:11.866 1477 1477 W UserManagerService: checkWhitelistedSystemPackages(mode=ENFORCE|IMPLICIT_WHITELIST|IMPLICIT_WHITELIST_SYSTEM) has 68 warnings:
01-01 08:00:11.866 1477 1477 W UserManagerService: com.android.internal.display.cutout.emulation.corner is allowlisted but not present.
01-01 08:00:11.866 1477 1477 W UserManagerService: com.android.internal.display.cutout.emulation.double is allowlisted but not present.
01-01 08:00:11.866 1477 1477 W UserManagerService: com.android.theme.color.amethyst is allowlisted but not present.
01-01 08:00:11.866 1477 1477 W UserManagerService: com.android.theme.icon.pebble is allowlisted but not present.
01-01 08:00:11.866 1477 1477 W UserManagerService: com.android.theme.color.sand is allowlisted but not present.
01-01 08:00:11.866 1477 1477 W UserManagerService: com.android.theme.icon.vessel is allowlisted but not present.
01-01 08:00:11.866 1477 1477 W UserManagerService: com.android.theme.color.cinnamon is allowlisted but not present.
01-01 08:00:11.866 1477 1477 W UserManagerService: com.android.theme.icon_pack.victor.settings is allowlisted but not present.
01-01 08:00:11.866 1477 1477 W UserManagerService: com.android.theme.icon_pack.rounded.systemui is allowlisted but not present.
01-01 08:00:11.866 1477 1477 W UserManagerService: com.android.theme.icon.taperedrect is allowlisted but not present.
01-01 08:00:11.866 1477 1477 W UserManagerService: com.android.theme.icon_pack.rounded.android is allowlisted but not present.
01-01 08:00:11.866 1477 1477 W UserManagerService: com.qualcomm.qti.euiccresource is allowlisted but not present.
01-01 08:00:11.866 1477 1477 W UserManagerService: com.qualcomm.qti.telephonyservice is allowlisted but not present.
01-01 08:00:11.866 1477 1477 W UserManagerService: com.android.theme.icon_pack.victor.systemui is allowlisted but not present.
01-01 08:00:11.866 1477 1477 W UserManagerService: com.android.theme.icon_pack.circular.themepicker is allowlisted but not present.
01-01 08:00:11.866 1477 1477 W UserManagerService: com.android.theme.color.tangerine is allowlisted but not present.
01-01 08:00:11.866 1477 1477 W UserManagerService: com.android.theme.color.aquamarine is allowlisted but not present.
01-01 08:00:11.866 1477 1477 W UserManagerService: com.android.internal.display.cutout.emulation.hole is allowlisted but not present.
01-01 08:00:11.866 1477 1477 W UserManagerService: com.android.internal.display.cutout.emulation.tall is allowlisted but not present.
01-01 08:00:11.866 1477 1477 W UserManagerService: com.android.theme.color.black is allowlisted but not present.
01-01 08:00:11.866 1477 1477 W UserManagerService: com.android.theme.color.green is allowlisted but not present.
01-01 08:00:11.866 1477 1477 W UserManagerService: com.android.theme.color.ocean is allowlisted but not present.
01-01 08:00:11.866 1477 1477 W UserManagerService: com.android.theme.color.space is allowlisted but not present.
01-01 08:00:11.866 1477 1477 W UserManagerService: com.android.internal.systemui.navbar.threebutton is allowlisted but not present.
01-01 08:00:11.866 1477 1477 W UserManagerService: com.qti.qualcomm.datastatusnotification is allowlisted but not present.
01-01 08:00:11.866 1477 1477 W UserManagerService: com.qualcomm.qti.callfeaturessetting is allowlisted but not present.
01-01 08:00:11.866 1477 1477 W UserManagerService: com.android.theme.icon_pack.rounded.launcher is allowlisted but not present.
01-01 08:00:11.866 1477 1477 W UserManagerService: com.qti.qualcomm.deviceinfo is allowlisted but not present.
01-01 08:00:11.866 1477 1477 W UserManagerService: com.android.theme.icon_pack.kai.settings is allowlisted but not present.
01-01 08:00:11.866 1477 1477 W UserManagerService: com.android.internal.systemui.navbar.twobutton is allowlisted but not present.
01-01 08:00:11.866 1477 1477 W UserManagerService: org.codeaurora.ims is allowlisted but not present.
01-01 08:00:11.866 1477 1477 W UserManagerService: com.android.theme.icon_pack.sam.settings is allowlisted but not present.
01-01 08:00:11.866 1477 1477 W UserManagerService: com.android.theme.icon_pack.kai.themepicker is allowlisted but not present.
01-01 08:00:11.866 1477 1477 W UserManagerService: com.qualcomm.qcrilmsgtunnel is allowlisted but not present.
01-01 08:00:11.866 1477 1477 W UserManagerService: com.android.theme.icon_pack.victor.launcher is allowlisted but not present.
01-01 08:00:11.866 1477 1477 W UserManagerService: com.android.theme.icon_pack.filled.settings is allowlisted but not present.
01-01 08:00:11.866 1477 1477 W UserManagerService: com.android.theme.icon_pack.kai.systemui is allowlisted but not present.
01-01 08:00:11.866 1477 1477 W UserManagerService: com.android.theme.icon_pack.circular.settings is allowlisted but not present.
01-01 08:00:11.866 1477 1477 W UserManagerService: com.qti.xdivert is allowlisted but not present.
01-01 08:00:11.866 1477 1477 W UserManagerService: com.android.theme.icon_pack.sam.systemui is allowlisted but not present.
01-01 08:00:11.866 1477 1477 W UserManagerService: com.android.theme.icon.teardrop is allowlisted but not present.
01-01 08:00:11.866 1477 1477 W UserManagerService: com.android.theme.icon_pack.rounded.themepicker is allowlisted but not present.
01-01 08:00:11.866 1477 1477 W UserManagerService: com.android.theme.icon_pack.filled.systemui is allowlisted but not present.
01-01 08:00:11.866 1477 1477 W UserManagerService: com.qualcomm.qti.imsiprivacy.tests is allowlisted but not present.
01-01 08:00:11.866 1477 1477 W UserManagerService: com.android.theme.icon_pack.sam.android is allowlisted but not present.
01-01 08:00:11.866 1477 1477 W UserManagerService: com.android.theme.icon_pack.filled.android is allowlisted but not present.
01-01 08:00:11.866 1477 1477 W UserManagerService: com.android.theme.icon_pack.circular.systemui is allowlisted but not present.
01-01 08:00:11.866 1477 1477 W UserManagerService: com.android.theme.icon_pack.kai.android is allowlisted but not present.
01-01 08:00:11.866 1477 1477 W UserManagerService: com.android.theme.icon_pack.kai.launcher is allowlisted but not present.
01-01 08:00:11.866 1477 1477 W UserManagerService: com.qualcomm.qti.sam.service is allowlisted but not present.
01-01 08:00:11.866 1477 1477 W UserManagerService: com.android.theme.icon_pack.sam.launcher is allowlisted but not present.
01-01 08:00:11.866 1477 1477 W UserManagerService: com.android.theme.icon.squircle is allowlisted but not present.
01-01 08:00:11.866 1477 1477 W UserManagerService: com.android.theme.icon_pack.victor.android is allowlisted but not present.
01-01 08:00:11.866 1477 1477 W UserManagerService: com.android.theme.color.palette is allowlisted but not present.
01-01 08:00:11.866 1477 1477 W UserManagerService: com.android.theme.icon_pack.filled.launcher is allowlisted but not present.
01-01 08:00:11.866 1477 1477 W UserManagerService: com.android.theme.color.carbon is allowlisted but not present.
01-01 08:00:11.866 1477 1477 W UserManagerService: com.android.theme.icon_pack.circular.launcher is allowlisted but not present.
01-01 08:00:11.866 1477 1477 W UserManagerService: com.android.theme.icon_pack.filled.themepicker is allowlisted but not present.
01-01 08:00:11.866 1477 1477 W UserManagerService: com.android.theme.icon_pack.victor.themepicker is allowlisted but not present.
01-01 08:00:11.866 1477 1477 W UserManagerService: com.android.theme.color.orchid is allowlisted but not present.
01-01 08:00:11.866 1477 1477 W UserManagerService: com.android.theme.color.purple is allowlisted but not present.
01-01 08:00:11.866 1477 1477 W UserManagerService: com.qualcomm.qti.confdialer is allowlisted but not present.
01-01 08:00:11.866 1477 1477 W UserManagerService: com.android.theme.icon_pack.sam.themepicker is allowlisted but not present.
01-01 08:00:11.866 1477 1477 W UserManagerService: com.qualcomm.atfwd is allowlisted but not present.
01-01 08:00:11.866 1477 1477 W UserManagerService: com.android.theme.icon.roundedrect is allowlisted but not present.
01-01 08:00:11.866 1477 1477 W UserManagerService: com.android.theme.icon_pack.rounded.settings is allowlisted but not present.
01-01 08:00:11.866 1477 1477 W UserManagerService: org.codeaurora.qti.nrNetworkSettingApp is allowlisted but not present.
01-01 08:00:11.866 1477 1477 W UserManagerService: com.android.theme.icon_pack.circular.android is allowlisted but not present.
01-01 08:00:11.867 1477 1477 I Watchdog: Resuming HandlerChecker: main thread for reason: packagemanagermain. Pause count: 0
01-01 08:00:11.867 1477 1477 I SystemServerDexLoadReporter: Configuring system server dex reporter
01-01 08:00:11.872 1477 1477 I SystemServerTiming: StartOtaDexOptService
01-01 08:00:11.872 1477 1477 I Watchdog: Pausing HandlerChecker: main thread for reason: moveab. Pause count: 1
01-01 08:00:11.872 1477 1477 D OTADexopt: No upgrade, skipping A/B artifacts check.
01-01 08:00:11.872 1477 1477 I Watchdog: Resuming HandlerChecker: main thread for reason: moveab. Pause count: 0
01-01 08:00:11.872 1477 1477 I SystemServerTiming: StartUserManagerService
01-01 08:00:11.872 1477 1477 I SystemServiceManager: Starting com.android.server.pm.UserManagerService$LifeCycle
01-01 08:00:11.872 1477 1477 I SystemServerTiming: InitAttributerCache
01-01 08:00:11.873 1477 1477 I SystemServerTiming: SetSystemProcess
01-01 08:00:11.875 1477 1577 I ActivityManager: Connection with lmkd established
01-01 08:00:11.876 1477 1477 I SystemServerTiming: InitWatchdog
01-01 08:00:11.876 1477 1477 I SystemServerTiming: StartOverlayManagerService
01-01 08:00:11.878 0 0 I init : Control message: Processed ctl.start for 'idmap2d' from pid: 1477 (system_server)
01-01 08:00:11.884 1477 1513 V HistoricalRegistry: Interaction before persistence initialized
01-01 08:00:11.892 0 0 E init : Control message: Could not find 'android.frameworks.sensorservice@1.0::ISensorManager/default' for ctl.interface_start from pid: 512 (/system/bin/hwservicemanager)
01-01 08:00:11.894 0 0 E init : Control message: Could not find 'android.frameworks.sensorservice@1.0::ISensorManager/default' for ctl.interface_start from pid: 512 (/system/bin/hwservicemanager)
01-01 08:00:11.896 1477 1477 I SystemServerTiming: StartSensorPrivacyService
01-01 08:00:11.899 1477 1513 V HistoricalRegistry: Interaction before persistence initialized
01-01 08:00:11.899 1477 1557 W ActivityTaskManager: Skip updateConfiguration because mWindowManager isn't set
01-01 08:00:11.903 1477 1477 I SystemServerTiming: StartThunderBoostPerfService
01-01 08:00:11.904 1477 1477 I SystemServerTiming: StartSensorService
01-01 08:00:11.904 1477 1477 I SystemServiceManager: Starting com.android.server.sensors.SensorService
01-01 08:00:11.904 1477 1477 I SystemServerTiming: startCoreServices
01-01 08:00:11.904 1477 1477 I SystemServerTiming: StartSystemConfigService
01-01 08:00:11.904 1477 1477 I SystemServiceManager: Starting com.android.server.SystemConfigService
01-01 08:00:11.904 1477 1706 I SystemServerTimingAsync: InitThreadPoolExec:StartNativeSensorService
01-01 08:00:11.904 1477 1706 I SystemServerTimingAsync: StartNativeSensorService
01-01 08:00:11.904 1477 1477 I SystemServerTiming: StartBatteryService
01-01 08:00:11.904 1477 1477 I SystemServiceManager: Starting com.android.server.BatteryService
01-01 08:00:11.909 0 0 W healthd : battery none chg=
01-01 08:00:11.917 1477 1477 I HealthServiceWrapper: health: HealthServiceWrapper listening to instance default
01-01 08:00:11.917 1477 1477 I BatteryService: health: Waited 0ms and received the update.
01-01 08:00:11.917 1477 1477 I SystemServerTiming: StartUsageService
01-01 08:00:11.917 1477 1477 I SystemServiceManager: Starting com.android.server.usage.UsageStatsService
01-01 08:00:11.920 1477 1477 I SystemServerTiming: StartWebViewUpdateService
01-01 08:00:11.920 1477 1477 I SystemServiceManager: Starting com.android.server.webkit.WebViewUpdateService
01-01 08:00:11.921 1477 1477 I SystemServerTiming: StartCachedDeviceStateService
01-01 08:00:11.921 1477 1477 I SystemServiceManager: Starting com.android.server.CachedDeviceStateService
01-01 08:00:11.921 1477 1477 I SystemServerTiming: StartBinderCallsStatsService
01-01 08:00:11.921 1477 1477 I SystemServiceManager: Starting com.android.server.BinderCallsStatsService$LifeCycle
01-01 08:00:11.922 1477 1477 I SystemServerTiming: StartLooperStatsService
01-01 08:00:11.922 1477 1477 I SystemServiceManager: Starting com.android.server.LooperStatsService$Lifecycle
01-01 08:00:11.922 1477 1477 I SystemServerTiming: StartRollbackManagerService
01-01 08:00:11.922 1477 1477 I SystemServiceManager: Starting com.android.server.rollback.RollbackManagerService
01-01 08:00:11.923 1477 1477 I PackageWatchdog: Syncing state, reason: added new observer
01-01 08:00:11.923 1477 1477 I PackageWatchdog: Not pruning observers, elapsed time: 0ms
01-01 08:00:11.923 1477 1574 I PackageWatchdog: Saving observer state to file
01-01 08:00:11.924 1477 1477 I SystemServerTiming: StartNativeTombstoneManagerService
01-01 08:00:11.924 1477 1477 I SystemServiceManager: Starting com.android.server.os.NativeTombstoneManagerService
01-01 08:00:11.924 1477 1477 I SystemServerTiming: StartBugreportManagerService
01-01 08:00:11.924 1477 1477 I SystemServiceManager: Starting com.android.server.os.BugreportManagerService
01-01 08:00:11.925 1477 1477 I SystemServerTiming: GpuService
01-01 08:00:11.925 1477 1477 I SystemServiceManager: Starting com.android.server.gpu.GpuService
01-01 08:00:11.925 1477 1477 I SystemServerTiming: startOtherServices
01-01 08:00:11.925 1477 1477 I SystemServerTiming: StartKeyAttestationApplicationIdProviderService
01-01 08:00:11.925 1477 1715 I SystemServerTimingAsync: InitThreadPoolExec:SecondaryZygotePreload
01-01 08:00:11.925 1477 1715 I SystemServer: SecondaryZygotePreload
01-01 08:00:11.925 1477 1715 I SystemServerTimingAsync: SecondaryZygotePreload
01-01 08:00:11.926 1477 1477 I SystemServerTiming: StartKeyChainSystemService
01-01 08:00:11.926 1477 1477 I SystemServiceManager: Starting com.android.server.security.KeyChainSystemService
01-01 08:00:11.926 1477 1477 I SystemServerTiming: StartSchedulingPolicyService
01-01 08:00:11.926 1477 1716 I SystemServerTimingAsync: InitThreadPoolExec:SchedulingPolicyService.
01-01 08:00:11.926 1477 1477 I SystemServerTiming: StartTelecomLoaderService
01-01 08:00:11.926 1477 1477 I SystemServiceManager: Starting com.android.server.telecom.TelecomLoaderService
01-01 08:00:11.926 1477 1477 I SystemServerTiming: StartTelephonyRegistry
01-01 08:00:11.927 1477 1477 I SystemServerTiming: StartEntropyMixer
01-01 08:00:11.927 1477 1477 I EntropyMixer: Writing entropy...
01-01 08:00:11.928 1477 1477 I SystemServerTiming: StartAccountManagerService
01-01 08:00:11.928 1477 1477 I SystemServiceManager: Starting com.android.server.accounts.AccountManagerService$Lifecycle
01-01 08:00:11.945 1477 1477 I SystemServerTiming: StartContentService
01-01 08:00:11.945 1477 1477 I SystemServiceManager: Starting com.android.server.content.ContentService$Lifecycle
01-01 08:00:11.945 1477 1477 I SystemServerTiming: InstallSystemProviders
01-01 08:00:11.960 1214 1731 I storaged: storaged: Start
01-01 08:00:11.999 1477 1575 D ActivityManager: Freezer enabled
01-01 08:00:11.999 1477 1575 D ActivityManager: freezer override set to false
01-01 08:00:12.001 1477 1477 I SystemServerTiming: StartDropBoxManager
01-01 08:00:12.001 1477 1477 I SystemServiceManager: Starting com.android.server.DropBoxManagerService
01-01 08:00:12.001 1477 1477 I SystemServerTiming: StartRoleManagerService
01-01 08:00:12.001 1477 1477 I SystemServiceManager: Starting com.android.role.RoleService
01-01 08:00:12.003 1477 1477 I SystemServerTiming: StartVibratorManagerService
01-01 08:00:12.003 1477 1477 I SystemServiceManager: Starting com.android.server.vibrator.VibratorManagerService$Lifecycle
01-01 08:00:12.005 1477 1477 I SystemServerTiming: StartDynamicSystemService
01-01 08:00:12.005 1477 1477 I SystemServerTiming: StartConsumerIrService
01-01 08:00:12.006 1477 1477 I SystemServerTiming: StartAlarmManagerService
01-01 08:00:12.006 1477 1477 I SystemServiceManager: Starting com.android.server.alarm.AlarmManagerService
01-01 08:00:12.011 1477 1477 I AlarmManager: Current time only 12011, advancing to build time 1673570963000
01-13 08:49:23.001 1477 1477 I SystemServerTiming: StartInputManagerService
01-13 08:49:23.001 1477 1477 I InputManager: Initializing input manager, mUseDevInputEventForAudioJack=true
01-13 08:49:23.010 1477 1477 I SystemServerTiming: DeviceStateManagerService
01-13 08:49:23.010 1477 1477 I SystemServiceManager: Starting com.android.server.devicestate.DeviceStateManagerService
01-13 08:49:23.014 1477 1477 I SystemServerTiming: StartCameraServiceProxy
01-13 08:49:23.014 1477 1477 I SystemServiceManager: Starting com.android.server.camera.CameraServiceProxy
01-13 08:49:23.015 1477 1477 I SystemServerTiming: StartWindowManagerService
01-13 08:49:23.015 1477 1477 I SystemServiceManager: Starting phase 200
01-13 08:49:23.015 1477 1477 I SystemServerTiming: OnBootPhase_200
01-13 08:49:23.015 1477 1477 I SystemServerTiming: OnBootPhase_200_com.android.server.security.FileIntegrityService
01-13 08:49:23.015 1477 1477 I SystemServerTiming: OnBootPhase_200_com.android.server.pm.Installer
01-13 08:49:23.015 1477 1477 I SystemServerTiming: OnBootPhase_200_com.android.server.os.DeviceIdentifiersPolicyService
01-13 08:49:23.015 1477 1477 I SystemServerTiming: OnBootPhase_200_com.android.server.uri.UriGrantsManagerService$Lifecycle
01-13 08:49:23.015 1477 1477 I SystemServerTiming: OnBootPhase_200_com.android.server.powerstats.PowerStatsService
01-13 08:49:23.015 1477 1477 I SystemServerTiming: OnBootPhase_200_com.android.server.wm.ActivityTaskManagerService$Lifecycle
01-13 08:49:23.015 1477 1477 I SystemServerTiming: OnBootPhase_200_com.android.server.am.ActivityManagerService$Lifecycle
01-13 08:49:23.015 1477 1477 I SystemServerTiming: OnBootPhase_200_com.android.server.pm.DataLoaderManagerService
01-13 08:49:23.015 1477 1477 I SystemServerTiming: OnBootPhase_200_com.android.server.power.PowerManagerService
01-13 08:49:23.015 1477 1477 I SystemServerTiming: OnBootPhase_200_com.android.server.power.ThermalManagerService
01-13 08:49:23.015 1477 1477 I SystemServerTiming: OnBootPhase_200_com.android.server.power.hint.HintManagerService
01-13 08:49:23.015 1477 1477 I SystemServerTiming: OnBootPhase_200_com.android.server.recoverysystem.RecoverySystemService$Lifecycle
01-13 08:49:23.015 1477 1477 I SystemServerTiming: OnBootPhase_200_com.android.server.lights.LightsService
01-13 08:49:23.015 1477 1477 I SystemServerTiming: OnBootPhase_200_com.android.server.display.DisplayManagerService
01-13 08:49:23.015 1477 1477 I SystemServerTiming: OnBootPhase_200_com.android.server.pm.verify.domain.DomainVerificationService
01-13 08:49:23.015 1477 1477 I SystemServerTiming: OnBootPhase_200_com.android.server.pm.PackageInstallerService$Lifecycle
01-13 08:49:23.015 1477 1477 I SystemServerTiming: OnBootPhase_200_com.android.server.pm.UserManagerService$LifeCycle
01-13 08:49:23.015 1477 1477 I SystemServerTiming: OnBootPhase_200_com.android.server.om.OverlayManagerService
01-13 08:49:23.015 1477 1477 I SystemServerTiming: OnBootPhase_200_com.android.server.SensorPrivacyService
01-13 08:49:23.016 1477 1477 I SystemServerTiming: OnBootPhase_200_com.android.server.thunderperf.ThunderBoostPerfService
01-13 08:49:23.016 1477 1477 I SystemServerTiming: OnBootPhase_200_com.android.server.sensors.SensorService
01-13 08:49:23.016 1477 1477 I SystemServerTiming: OnBootPhase_200_com.android.server.SystemConfigService
01-13 08:49:23.016 1477 1477 I SystemServerTiming: OnBootPhase_200_com.android.server.BatteryService
01-13 08:49:23.016 1477 1477 I SystemServerTiming: OnBootPhase_200_com.android.server.usage.UsageStatsService
01-13 08:49:23.016 1477 1477 I SystemServerTiming: OnBootPhase_200_com.android.server.webkit.WebViewUpdateService
01-13 08:49:23.016 1477 1477 I SystemServerTiming: OnBootPhase_200_com.android.server.CachedDeviceStateService
01-13 08:49:23.016 1477 1477 I SystemServerTiming: OnBootPhase_200_com.android.server.BinderCallsStatsService$LifeCycle
01-13 08:49:23.016 1477 1477 I SystemServerTiming: OnBootPhase_200_com.android.server.LooperStatsService$Lifecycle
01-13 08:49:23.016 1477 1477 I SystemServerTiming: OnBootPhase_200_com.android.server.rollback.RollbackManagerService
01-13 08:49:23.016 1477 1477 I SystemServerTiming: OnBootPhase_200_com.android.server.os.NativeTombstoneManagerService
01-13 08:49:23.016 1477 1477 I SystemServerTiming: OnBootPhase_200_com.android.server.os.BugreportManagerService
01-13 08:49:23.016 1477 1477 I SystemServerTiming: OnBootPhase_200_com.android.server.gpu.GpuService
01-13 08:49:23.016 1477 1477 I SystemServerTiming: OnBootPhase_200_com.android.server.security.KeyChainSystemService
01-13 08:49:23.016 1477 1477 I SystemServerTiming: OnBootPhase_200_com.android.server.telecom.TelecomLoaderService
01-13 08:49:23.016 1477 1477 I SystemServerTiming: OnBootPhase_200_com.android.server.accounts.AccountManagerService$Lifecycle
01-13 08:49:23.016 1477 1477 I SystemServerTiming: OnBootPhase_200_com.android.server.content.ContentService$Lifecycle
01-13 08:49:23.016 1477 1477 I SystemServerTiming: OnBootPhase_200_com.android.server.DropBoxManagerService
01-13 08:49:23.016 1477 1477 I SystemServerTiming: OnBootPhase_200_com.android.role.RoleService
01-13 08:49:23.016 1477 1477 I SystemServerTiming: OnBootPhase_200_com.android.server.vibrator.VibratorManagerService$Lifecycle
01-13 08:49:23.016 1477 1477 I SystemServerTiming: OnBootPhase_200_com.android.server.alarm.AlarmManagerService
01-13 08:49:23.016 1477 1477 I SystemServerTiming: OnBootPhase_200_com.android.server.devicestate.DeviceStateManagerService
01-13 08:49:23.016 1477 1477 I SystemServerTiming: OnBootPhase_200_com.android.server.camera.CameraServiceProxy
01-13 08:49:23.017 1477 1477 I WindowManager: No existing display settings, starting empty
01-13 08:49:23.018 1477 1513 E PowerManagerService: Tried to acquire wake lock for invalid display: 0
01-13 08:49:23.018 1477 1477 I WindowManager: No existing display settings, starting empty
01-13 08:49:23.020 1477 1575 I DropBoxManagerService: add tag=system_server_wtf isTagEnabled=true flags=0x2
01-13 08:49:23.039 1477 1477 I SystemServerTiming: SetWindowManagerService
01-01 08:00:12.057 0 0 I msm_vidc: high: 00000001: ....e: Opening video instance: 0000000000000000, 0
01-01 08:00:12.057 0 0 I msm_vidc: err : 00000001: ....e: Failed to create debugfs for msm_vidc
01-01 08:00:12.063 0 0 I msm_vidc: high: 00000001: h265e: Closed video instance: 0000000000000000
01-01 08:00:12.074 0 0 I msm_vidc: high: 00000001: ....d: Opening video instance: 0000000000000000, 1
01-01 08:00:12.074 0 0 I msm_vidc: err : 00000001: ....d: Failed to create debugfs for msm_vidc
01-01 08:00:12.078 0 0 I msm_vidc: high: 00000001: h264d: Closed video instance: 0000000000000000
01-01 08:00:12.084 0 0 I msm_vidc: high: 00000001: ....d: Opening video instance: 0000000000000000, 1
01-01 08:00:12.084 0 0 I msm_vidc: err : 00000001: ....d: Failed to create debugfs for msm_vidc
01-01 08:00:12.089 0 0 I msm_vidc: high: 00000001: h264d: Closed video instance: 0000000000000000
01-13 08:49:23.090 1477 1477 I ActivityTaskManager: Loaded persisted task ids for user 0
01-13 08:49:23.092 1477 1477 I SystemServerTiming: WindowManagerServiceOnInitReady
01-13 08:49:23.097 1477 1477 I SystemServerTiming: StartInputManager
01-13 08:49:23.097 1477 1477 I InputManager: Starting input manager
01-13 08:49:23.098 1477 1813 I SystemServerTimingAsync: InitThreadPoolExec:StartHidlServices
01-13 08:49:23.098 1477 1813 I SystemServerTimingAsync: StartHidlServices
01-13 08:49:23.101 1477 1477 I SystemServerTiming: DisplayManagerWindowManagerAndInputReady
01-13 08:49:23.101 1477 1477 I SystemServerTiming: StartBluetoothService
01-13 08:49:23.101 1477 1477 I SystemServiceManager: Starting com.android.server.BluetoothService
01-13 08:49:23.101 1477 1560 I LogicalDisplayMapper: Requesting Transition to state: 0
01-13 08:49:23.102 1477 1560 I LogicalDisplayMapper: Applying layout: [{addr: {port=129, model=0x40446d97fee5e6}, dispId: 0(ON)}], Previous layout: [{addr: {port=129, model=0x40446d97fee5e6}, dispId: 0(ON)}]
01-13 08:49:23.102 1477 1477 D BluetoothManagerService: Loading stored name and address
01-13 08:49:23.103 1477 1477 D BluetoothManagerService: Stored bluetooth Name=高合娱乐副屏,Address=F0:74:E4:3A:18:FF
01-13 08:49:23.103 1477 1477 D BluetoothManagerService: Bluetooth persisted state: 1
01-13 08:49:23.103 1477 1477 D BluetoothManagerService: Startup: Bluetooth persisted state is ON.
01-13 08:49:23.103 1477 1477 D BluetoothManagerService: Detected SystemUiUid: 10082
01-13 08:49:23.103 1477 1477 I SystemServerTiming: IpConnectivityMetrics
01-13 08:49:23.103 1477 1477 I SystemServiceManager: Starting com.android.server.connectivity.IpConnectivityMetrics
01-13 08:49:23.103 1477 1477 I SystemServerTiming: NetworkWatchlistService
01-13 08:49:23.103 1477 1477 I SystemServiceManager: Starting com.android.server.net.watchlist.NetworkWatchlistService$Lifecycle
01-13 08:49:23.105 1477 1477 I WatchlistSettings: Reload watchlist settings done
01-13 08:49:23.106 1477 1477 I SystemServerTiming: PinnerService
01-13 08:49:23.106 1477 1477 I SystemServiceManager: Starting com.android.server.PinnerService
01-13 08:49:23.106 1477 1477 V HistoricalRegistry: Interaction before persistence initialized
01-13 08:49:23.106 1477 1477 I SystemServerTiming: IorapForwardingService
01-13 08:49:23.106 1477 1477 I SystemServiceManager: Starting com.google.android.startop.iorap.IorapForwardingService
01-13 08:49:23.106 1477 1574 D PinnerService: pinRangeStream: null
01-13 08:49:23.108 1477 1574 D PinnerService: pinRangeStream: null
01-01 08:00:12.120 0 0 I msm_vidc: high: 00000001: ....d: Opening video instance: 0000000000000000, 1
01-01 08:00:12.120 0 0 I msm_vidc: err : 00000001: ....d: Failed to create debugfs for msm_vidc
01-13 08:49:23.109 1477 1477 I SystemServiceManager: Starting com.android.server.ActivityTriggerService
01-13 08:49:23.109 1477 1477 I ActivityTriggerService: Starting ActivityTriggerService
01-13 08:49:23.109 1477 1477 I SystemServerTiming: SignedConfigService
01-13 08:49:23.110 1477 1477 I SystemServerTiming: AppIntegrityService
01-13 08:49:23.110 1477 1477 I SystemServiceManager: Starting com.android.server.integrity.AppIntegrityManagerService
01-13 08:49:23.110 1477 1825 I WatchlistLoggingHandler: No need to aggregate record yet.
01-13 08:49:23.110 1477 1825 I WatchlistLoggingHandler: Milliseconds spent on tryAggregateRecords(): 0
01-13 08:49:23.111 1477 1477 E IntegrityFileManager: Error creating staging and rules directory
01-13 08:49:23.112 1477 1574 D PinnerService: pinRangeStream: null
01-13 08:49:23.112 1477 1574 D PinnerService: pinRangeStream: null
01-01 08:00:12.124 0 0 I msm_vidc: high: 00000001: h265d: Closed video instance: 0000000000000000
01-13 08:49:23.117 1477 1477 I WindowManager: SAFE MODE not enabled
01-13 08:49:23.117 1477 1477 I SystemServerTiming: StartInputMethodManagerLifecycle
01-13 08:49:23.117 1477 1477 I SystemServiceManager: Starting com.android.server.inputmethod.InputMethodManagerService$Lifecycle
01-01 08:00:12.128 0 0 I msm_vidc: high: 00000001: ....d: Opening video instance: 0000000000000000, 1
01-01 08:00:12.128 0 0 I msm_vidc: err : 00000001: ....d: Failed to create debugfs for msm_vidc
01-13 08:49:23.124 1477 1477 I SystemServerTiming: StartAccessibilityManagerService
01-13 08:49:23.124 1477 1477 I SystemServiceManager: Starting com.android.server.accessibility.AccessibilityManagerService$Lifecycle
01-01 08:00:12.135 0 0 I msm_vidc: high: 00000001: h265d: Closed video instance: 0000000000000000
01-13 08:49:23.132 1477 1574 D PinnerService: pinRangeStream: null
01-13 08:49:23.132 1477 1574 D PinnerService: pinRangeStream: null
01-13 08:49:23.132 1477 1574 D PinnerService: pinRangeStream: null
01-13 08:49:23.132 1477 1477 I SystemServerTiming: MakeDisplayReady
01-01 08:00:12.146 0 0 I msm_vidc: high: 00000001: ....d: Opening video instance: 0000000000000000, 1
01-01 08:00:12.147 0 0 I msm_vidc: err : 00000001: ....d: Failed to create debugfs for msm_vidc
01-13 08:49:23.136 1477 1477 I ActivityTaskManager: Config changes=20005df8 {1.0 ?mcc?mnc [zh_CN] ldltr sw720dp w1706dp h624dp 240dpi lrg long land ?uimode ?night -touch -keyb/v/h -nav/h winConfig={ mBounds=Rect(0, 0 - 2560, 1080) mAppBounds=Rect(0, 0 - 2560, 1008) mMaxBounds=Rect(0, 0 - 2560, 1080) mWindowingMode=fullscreen mDisplayWindowingMode=fullscreen mActivityType=undefined mAlwaysOnTop=undefined mRotation=ROTATION_0} s.2 ?fontWeightAdjustment}
01-13 08:49:23.136 1477 1477 I WindowManager: Override config changes=60007dfc {1.0 ?mcc?mnc [zh_CN] ldltr sw720dp w1706dp h624dp 240dpi lrg long land ?uimode ?night -touch -keyb/v/h -nav/h winConfig={ mBounds=Rect(0, 0 - 2560, 1080) mAppBounds=Rect(0, 0 - 2560, 1008) mMaxBounds=Rect(0, 0 - 2560, 1080) mWindowingMode=fullscreen mDisplayWindowingMode=fullscreen mActivityType=undefined mAlwaysOnTop=undefined mRotation=ROTATION_0} s.2 ?fontWeightAdjustment} for displayId=0
01-13 08:49:23.137 1477 1574 D PinnerService: pinRangeStream: null
01-01 08:00:12.149 0 0 I msm_vidc: high: 00000001: mpg2d: Closed video instance: 0000000000000000
01-13 08:49:23.141 1477 1477 I ActivityTaskManager: Config changes=8 {1.0 ?mcc?mnc [zh_CN] ldltr sw720dp w1706dp h624dp 240dpi lrg long land ?uimode ?night finger -keyb/v/h -nav/h winConfig={ mBounds=Rect(0, 0 - 2560, 1080) mAppBounds=Rect(0, 0 - 2560, 1008) mMaxBounds=Rect(0, 0 - 2560, 1080) mWindowingMode=fullscreen mDisplayWindowingMode=fullscreen mActivityType=undefined mAlwaysOnTop=undefined mRotation=ROTATION_0} s.4 ?fontWeightAdjustment}
01-13 08:49:23.141 1477 1477 I WindowManager: Override config changes=8 {1.0 ?mcc?mnc [zh_CN] ldltr sw720dp w1706dp h624dp 240dpi lrg long land ?uimode ?night finger -keyb/v/h -nav/h winConfig={ mBounds=Rect(0, 0 - 2560, 1080) mAppBounds=Rect(0, 0 - 2560, 1008) mMaxBounds=Rect(0, 0 - 2560, 1080) mWindowingMode=fullscreen mDisplayWindowingMode=fullscreen mActivityType=undefined mAlwaysOnTop=undefined mRotation=ROTATION_0} s.4 ?fontWeightAdjustment} for displayId=0
01-13 08:49:23.141 1477 1477 I SystemServerTiming: StartStorageManagerService
01-13 08:49:23.141 1477 1477 I SystemServiceManager: Starting com.android.server.StorageManagerService$Lifecycle
01-01 08:00:12.152 0 0 I init : processing action (sys.sysctl.extra_free_kbytes=*) from (/system/etc/init/hw/init.rc:1172)
01-13 08:49:23.143 1477 1574 D PinnerService: pinRangeStream: null
01-13 08:49:23.143 1477 1574 D PinnerService: pinRangeStream: null
01-13 08:49:23.144 1477 1574 D PinnerService: pinRangeStream: null
01-13 08:49:23.145 1477 1574 D PinnerService: pinRangeStream: null
01-13 08:49:23.145 1477 1574 E PinnerService: Could not pin file /system/lib64/libsurfaceflinger.so
01-13 08:49:23.145 1477 1574 E PinnerService: android.system.ErrnoException: open failed: ENOENT (No such file or directory)
01-13 08:49:23.145 1477 1574 E PinnerService: at libcore.io.Linux.open(Native Method)
01-13 08:49:23.145 1477 1574 E PinnerService: at libcore.io.ForwardingOs.open(ForwardingOs.java:567)
01-13 08:49:23.145 1477 1574 E PinnerService: at libcore.io.BlockGuardOs.open(BlockGuardOs.java:273)
01-13 08:49:23.145 1477 1574 E PinnerService: at android.system.Os.open(Os.java:501)
01-13 08:49:23.145 1477 1574 E PinnerService: at com.android.server.PinnerService.pinFileRanges(PinnerService.java:939)
01-13 08:49:23.145 1477 1574 E PinnerService: at com.android.server.PinnerService.pinFile(PinnerService.java:814)
01-13 08:49:23.145 1477 1574 E PinnerService: at com.android.server.PinnerService.handlePinOnStart(PinnerService.java:273)
01-13 08:49:23.145 1477 1574 E PinnerService: at com.android.server.PinnerService.access$1600(PinnerService.java:91)
01-13 08:49:23.145 1477 1574 E PinnerService: at com.android.server.PinnerService$PinnerHandler.handleMessage(PinnerService.java:1183)
01-13 08:49:23.145 1477 1574 E PinnerService: at android.os.Handler.dispatchMessage(Handler.java:106)
01-13 08:49:23.145 1477 1574 E PinnerService: at android.os.Looper.loopOnce(Looper.java:201)
01-13 08:49:23.145 1477 1574 E PinnerService: at android.os.Looper.loop(Looper.java:288)
01-13 08:49:23.145 1477 1574 E PinnerService: at android.os.HandlerThread.run(HandlerThread.java:67)
01-13 08:49:23.145 1477 1574 E PinnerService: Failed to pin file = /system/lib64/libsurfaceflinger.so
01-01 08:00:12.156 0 0 I msm_vidc: high: 00000001: ....d: Opening video instance: 0000000000000000, 1
01-01 08:00:12.156 0 0 I msm_vidc: err : 00000001: ....d: Failed to create debugfs for msm_vidc
01-13 08:49:23.146 1477 1477 I SystemServerTiming: StartStorageStatsService
01-13 08:49:23.146 1477 1477 I SystemServiceManager: Starting com.android.server.usage.StorageStatsService$Lifecycle
01-13 08:49:23.148 1477 1840 D StorageManagerService: Thinking about init, mBootCompleted=false, mDaemonConnected=true
01-13 08:49:23.148 1477 1840 D StorageManagerService: Thinking about reset, mBootCompleted=false, mDaemonConnected=true
01-13 08:49:23.148 1477 1840 D StorageManagerService: Thinking about init, mBootCompleted=false, mDaemonConnected=true
01-13 08:49:23.148 1477 1840 D StorageManagerService: Thinking about reset, mBootCompleted=false, mDaemonConnected=true
01-01 08:00:12.161 0 0 I msm_vidc: high: 00000001: mpg2d: Closed video instance: 0000000000000000
01-13 08:49:23.149 1477 1477 I SystemServerTiming: StartUiModeManager
01-13 08:49:23.149 1477 1477 I SystemServiceManager: Starting com.android.server.UiModeManagerService
01-13 08:49:23.150 1477 1844 I SystemServerTimingAsync: InitThreadPoolExec:UiModeManager.onStart
01-13 08:49:23.152 1477 1477 I SystemServerTiming: UpdatePackagesIfNeeded
01-13 08:49:23.152 1477 1477 I Watchdog: Pausing HandlerChecker: main thread for reason: dexopt. Pause count: 1
01-13 08:49:23.152 1477 1477 I Watchdog: Resuming HandlerChecker: main thread for reason: dexopt. Pause count: 0
01-13 08:49:23.152 1477 1477 I SystemServerTiming: PerformFstrimIfNeeded
01-13 08:49:23.152 1477 1477 I SystemServerTiming: StartLockSettingsService
01-13 08:49:23.152 1477 1477 I SystemServiceManager: Starting com.android.server.locksettings.LockSettingsService$Lifecycle
01-13 08:49:23.162 1477 1477 I SystemServerTiming: StartPersistentDataBlock
01-13 08:49:23.162 1477 1477 I SystemServiceManager: Starting com.android.server.PersistentDataBlockService
01-13 08:49:23.162 1477 1477 I SystemServerTiming: StartTestHarnessMode
01-13 08:49:23.162 1477 1477 I SystemServiceManager: Starting com.android.server.testharness.TestHarnessModeService
01-13 08:49:23.163 1477 1851 I SystemServerTimingAsync: InitThreadPoolExec:PersistentDataBlockService.onStart
01-13 08:49:23.163 1477 1477 I SystemServerTiming: StartOemLockService
01-13 08:49:23.163 1477 1477 I SystemServiceManager: Starting com.android.server.oemlock.OemLockService
01-13 08:49:23.164 1477 1477 I OemLock : OemLock HAL not present on device
01-13 08:49:23.164 1477 1477 I OemLock : Using persistent data block based lock
01-13 08:49:23.165 1477 1477 I SystemServerTiming: StartDeviceIdleController
01-13 08:49:23.165 1477 1477 I SystemServiceManager: Starting com.android.server.DeviceIdleController
01-13 08:49:23.168 1477 1851 E PersistentDataBlockService: not able to find package com.google.android.gms
01-13 08:49:23.168 1477 1851 E PersistentDataBlockService: android.content.pm.PackageManager$NameNotFoundException: com.google.android.gms
01-13 08:49:23.168 1477 1851 E PersistentDataBlockService: at android.app.ApplicationPackageManager.getPackageUidAsUser(ApplicationPackageManager.java:364)
01-13 08:49:23.168 1477 1851 E PersistentDataBlockService: at com.android.server.PersistentDataBlockService.getAllowedUid(PersistentDataBlockService.java:162)
01-13 08:49:23.168 1477 1851 E PersistentDataBlockService: at com.android.server.PersistentDataBlockService.lambda$onStart$0$PersistentDataBlockService(PersistentDataBlockService.java:176)
01-13 08:49:23.168 1477 1851 E PersistentDataBlockService: at com.android.server.PersistentDataBlockService$$ExternalSyntheticLambda0.run(Unknown Source:2)
01-13 08:49:23.168 1477 1851 E PersistentDataBlockService: at com.android.server.SystemServerInitThreadPool.lambda$submitTask$0$SystemServerInitThreadPool(SystemServerInitThreadPool.java:105)
01-13 08:49:23.168 1477 1851 E PersistentDataBlockService: at com.android.server.SystemServerInitThreadPool$$ExternalSyntheticLambda0.run(Unknown Source:6)
01-13 08:49:23.168 1477 1851 E PersistentDataBlockService: at java.util.concurrent.Executors$RunnableAdapter.call(Executors.java:462)
01-13 08:49:23.168 1477 1851 E PersistentDataBlockService: at java.util.concurrent.FutureTask.run(FutureTask.java:266)
01-13 08:49:23.168 1477 1851 E PersistentDataBlockService: at java.util.concurrent.ThreadPoolExecutor.runWorker(ThreadPoolExecutor.java:1167)
01-13 08:49:23.168 1477 1851 E PersistentDataBlockService: at java.util.concurrent.ThreadPoolExecutor$Worker.run(ThreadPoolExecutor.java:641)
01-13 08:49:23.168 1477 1851 E PersistentDataBlockService: at com.android.internal.util.ConcurrentUtils$1$1.run(ConcurrentUtils.java:65)
01-13 08:49:23.168 1477 1477 I SystemServerTiming: StartDevicePolicyManager
01-13 08:49:23.168 1477 1477 I SystemServiceManager: Starting com.android.server.devicepolicy.DevicePolicyManagerService$Lifecycle
01-01 08:00:12.180 0 0 I msm_vidc: high: 00000001: ....d: Opening video instance: 0000000000000000, 1
01-01 08:00:12.180 0 0 I msm_vidc: err : 00000001: ....d: Failed to create debugfs for msm_vidc
01-01 08:00:12.185 0 0 I msm_vidc: high: 00000001: vp8d: Closed video instance: 0000000000000000
01-13 08:49:23.176 1477 1700 I PackageManager: Deferred reconcileAppsData finished 136 packages
01-13 08:49:23.178 1477 1477 I DevicePolicyManager: Set ro.organization_owned property to false
01-13 08:49:23.184 1477 1477 I SystemServerTiming: StartStatusBarManagerService
01-13 08:49:23.186 1477 1477 D SystemServer: MusicRecognitionManagerService not defined by OEM or disabled by flag
01-13 08:49:23.186 1477 1477 D SystemServer: ContentCaptureService disabled because resource is not overlaid
01-13 08:49:23.186 1477 1477 D SystemServer: AttentionService is not configured on this device
01-13 08:49:23.186 1477 1477 D SystemServer: RotationResolverService is not configured on this device
01-13 08:49:23.186 1477 1477 D SystemServer: SystemCaptionsManagerService disabled because resource is not overlaid
01-13 08:49:23.186 1477 1477 I SystemServerTiming: StartTextToSpeechManagerService
01-13 08:49:23.186 1477 1477 I SystemServiceManager: Starting com.android.server.texttospeech.TextToSpeechManagerService
01-13 08:49:23.188 1477 1477 I SystemServerTiming: StartSpeechRecognitionManagerService
01-13 08:49:23.188 1477 1477 I SystemServiceManager: Starting com.android.server.speech.SpeechRecognitionManagerService
01-13 08:49:23.189 1477 1477 D SystemServer: AppPredictionService not defined by OEM
01-13 08:49:23.189 1477 1477 D SystemServer: ContentSuggestionsService not defined by OEM
01-13 08:49:23.189 1477 1477 I SystemServerTiming: StartSearchUiService
01-13 08:49:23.189 1477 1477 I SystemServiceManager: Starting com.android.server.searchui.SearchUiManagerService
01-13 08:49:23.190 1477 1477 I SystemServerTiming: StartSmartspaceService
01-13 08:49:23.190 1477 1477 I SystemServiceManager: Starting com.android.server.smartspace.SmartspaceManagerService
01-01 08:00:12.199 0 0 I msm_vidc: high: 00000001: ....d: Opening video instance: 0000000000000000, 1
01-13 08:49:23.190 1477 1477 I SystemServerTiming: InitConnectivityModuleConnector
01-01 08:00:12.200 0 0 I msm_vidc: err : 00000001: ....d: Failed to create debugfs for msm_vidc
01-13 08:49:23.190 1477 1477 D ConnectivityModuleConnector: Network stack init
01-13 08:49:23.190 1477 1477 I SystemServerTiming: InitNetworkStackClient
01-13 08:49:23.191 1477 1477 I SystemServerTiming: StartNetworkManagementService
01-01 08:00:12.202 0 0 I msm_vidc: high: 00000001: vp9d: Closed video instance: 0000000000000000
01-13 08:49:23.196 1477 1477 I SystemServerTiming: StartIpSecService
01-01 08:00:12.209 0 0 I msm_vidc: high: 00000001: ....d: Opening video instance: 0000000000000000, 1
01-01 08:00:12.209 0 0 I msm_vidc: err : 00000001: ....d: Failed to create debugfs for msm_vidc
01-13 08:49:23.196 1477 1477 I SystemServerTiming: StartFontManagerService
01-01 08:00:12.213 0 0 I msm_vidc: high: 00000001: vp9d: Closed video instance: 0000000000000000
01-01 08:00:12.227 0 0 I msm_vidc: high: 00000001: ....e: Opening video instance: 0000000000000000, 0
01-01 08:00:12.227 0 0 I msm_vidc: err : 00000001: ....e: Failed to create debugfs for msm_vidc
01-01 08:00:12.231 0 0 I msm_vidc: high: 00000001: h264e: Closed video instance: 0000000000000000
01-01 08:00:12.254 0 0 I msm_vidc: high: 00000001: ....e: Opening video instance: 0000000000000000, 0
01-01 08:00:12.254 0 0 I msm_vidc: err : 00000001: ....e: Failed to create debugfs for msm_vidc
01-01 08:00:12.257 0 0 I msm_vidc: high: 00000001: h265e: Closed video instance: 0000000000000000
01-01 08:00:12.264 0 0 I msm_vidc: high: 00000001: ....e: Opening video instance: 0000000000000000, 0
01-01 08:00:12.264 0 0 I msm_vidc: err : 00000001: ....e: Failed to create debugfs for msm_vidc
01-01 08:00:12.266 0 0 I msm_vidc: high: 00000001: h265e: Closed video instance: 0000000000000000
01-13 08:49:23.272 1477 1477 I SystemServerTiming: StartTextServicesManager
01-13 08:49:23.272 1477 1477 I SystemServiceManager: Starting com.android.server.textservices.TextServicesManagerService$Lifecycle
01-13 08:49:23.273 1477 1477 I SystemServerTiming: StartTextClassificationManagerService
01-13 08:49:23.273 1477 1477 I SystemServiceManager: Starting com.android.server.textclassifier.TextClassificationManagerService$Lifecycle
01-13 08:49:23.274 1477 1477 I SystemServerTiming: StartNetworkScoreService
01-13 08:49:23.274 1477 1477 I SystemServiceManager: Starting com.android.server.NetworkScoreService$Lifecycle
01-13 08:49:23.274 1477 1477 I SystemServerTiming: StartNetworkStatsService
01-01 08:00:12.284 0 0 I msm_vidc: high: 00000001: ....e: Opening video instance: 0000000000000000, 0
01-01 08:00:12.284 0 0 I msm_vidc: err : 00000001: ....e: Failed to create debugfs for msm_vidc
01-01 08:00:12.284 0 0 I msm_vidc: err : 00000001: ....e: msm_vidc_comm_update_ctrl: failed: control name Ltr Count, min 0, max 0, step 0, default_value 0
01-01 08:00:12.286 0 0 I msm_vidc: high: 00000001: vp8e: Closed video instance: 0000000000000000
01-13 08:49:23.278 1477 1477 I SystemServerTiming: StartNetworkPolicyManagerService
01-13 08:49:23.280 1477 1477 I SystemServerTiming: StartWifi
01-13 08:49:23.303 1477 1477 I SystemServiceManager: Starting com.android.server.wifi.WifiService
01-13 08:49:23.361 1217 1217 I wificond: New wificond event callback registered
01-13 08:49:23.363 1477 1477 V HistoricalRegistry: Interaction before persistence initialized
01-13 08:49:23.365 1477 1477 I SystemServerTiming: StartWifiScanning
01-13 08:49:23.365 1477 1477 I SystemServiceManager: Starting com.android.server.wifi.scanner.WifiScanningService
01-13 08:49:23.366 1477 1477 I SystemServerTiming: StartRttService
01-13 08:49:23.366 1477 1477 I SystemServiceManager: Starting com.android.server.wifi.rtt.RttService
01-13 08:49:23.367 1477 1477 I SystemServerTiming: StartWifiAware
01-13 08:49:23.367 1477 1477 I SystemServiceManager: Starting com.android.server.wifi.aware.WifiAwareService
01-13 08:49:23.367 1477 1477 I SystemServerTiming: StartWifiP2P
01-13 08:49:23.367 1477 1477 I SystemServiceManager: Starting com.android.server.wifi.p2p.WifiP2pService
01-13 08:49:23.369 1477 1477 I SystemServerTiming: StartEthernet
01-13 08:49:23.369 1477 1477 I SystemServiceManager: Starting com.android.server.ethernet.EthernetService
01-13 08:49:23.369 1477 1477 I SystemServerTiming: StartPacProxyService
01-13 08:49:23.370 1477 1477 I SystemServerTiming: StartConnectivityService
01-13 08:49:23.379 1477 1477 I SystemServiceManager: Starting com.android.server.ConnectivityServiceInitializer
01-13 08:49:23.392 1477 1477 D CompatibilityChangeReporter: Compat change id reported: 182478738; UID 1000; state: ENABLED
01-13 08:49:23.394 1477 1477 I SystemServerTiming: StartVpnManagerService
01-13 08:49:23.395 1477 1477 I SystemServerTiming: StartVcnManagementService
01-13 08:49:23.397 1477 1477 I SystemServerTiming: StartNsdService
01-13 08:49:23.397 1477 1477 D NsdService: Network service discovery is enabled
01-13 08:49:23.398 1477 1477 I SystemServerTiming: StartSystemUpdateManagerService
01-13 08:49:23.398 1477 1477 I SystemUpdateManagerService: No existing info file /data/system/system-update-info.xml
01-13 08:49:23.398 1477 1477 I SystemServerTiming: StartUpdateLockService
01-13 08:49:23.399 1477 1477 I SystemServerTiming: StartNotificationManager
01-13 08:49:23.399 1477 1477 I SystemServiceManager: Starting com.android.server.notification.NotificationManagerService
01-13 08:49:23.402 1477 1477 D ConditionProviders.SCP: new ScheduleConditionProvider()
01-13 08:49:23.409 1477 1477 I NotificationAssistants: Read notification assistant permissions from xml
01-13 08:49:23.409 1477 1477 I ConditionProviders: Read condition provider permissions from xml
01-13 08:49:23.409 1477 1477 I ConditionProviders: Read condition provider permissions from xml
01-13 08:49:23.409 1477 1477 D NotificationAssistants: Approving default notification assistant for user 0
01-13 08:49:23.410 1477 1477 I ConditionProviders: Allowing condition provider android.ext.services/android.ext.services.notification.Assistant (userSet: true)
01-13 08:49:23.410 1477 1477 I GameModeConfig: isGameModeOn cache is null
01-13 08:49:23.410 1477 1477 I GameModeConfig: isGameModeOn = false
01-13 08:49:23.411 1477 1477 D CompatibilityChangeReporter: Compat change id reported: 157233955; UID 1000; state: ENABLED
01-13 08:49:23.420 1477 1477 I SystemServerTiming: StartDeviceMonitor
01-13 08:49:23.420 1477 1477 I SystemServiceManager: Starting com.android.server.storage.DeviceStorageMonitorService
01-13 08:49:23.421 1477 1477 I SystemServerTiming: StartLocationManagerService
01-13 08:49:23.421 1477 1477 I SystemServiceManager: Starting com.android.server.location.LocationManagerService$Lifecycle
01-13 08:49:23.422 1477 1477 I SystemServerTiming: StartCountryDetectorService
01-13 08:49:23.422 1477 1477 I SystemServerTiming: StartTimeDetectorService
01-13 08:49:23.422 1477 1477 I SystemServiceManager: Starting com.android.server.timedetector.TimeDetectorService$Lifecycle
01-13 08:49:23.423 1477 1477 I SystemServerTiming: StartTimeZoneDetectorService
01-13 08:49:23.423 1477 1477 I SystemServiceManager: Starting com.android.server.timezonedetector.TimeZoneDetectorService$Lifecycle
01-13 08:49:23.423 1477 1477 I SystemServerTiming: StartLocationTimeZoneManagerService
01-13 08:49:23.424 1477 1477 I SystemServiceManager: Starting com.android.server.timezonedetector.location.LocationTimeZoneManagerService$Lifecycle
01-13 08:49:23.424 1477 1477 I SystemServerTiming: StartSearchManagerService
01-13 08:49:23.424 1477 1477 I SystemServiceManager: Starting com.android.server.search.SearchManagerService$Lifecycle
01-13 08:49:23.424 1477 1477 I SystemServerTiming: StartWallpaperManagerService
01-13 08:49:23.424 1477 1477 I SystemServiceManager: Starting com.android.server.wallpaper.WallpaperManagerService$Lifecycle
01-13 08:49:23.425 1477 1477 I SystemServerTiming: StartAudioService
01-13 08:49:23.425 1477 1477 I SystemServiceManager: Starting com.android.server.audio.AudioService$Lifecycle
01-01 08:00:12.436 0 0 I msm_vidc: high: 00000001: ....d: Opening video instance: 0000000000000000, 1
01-01 08:00:12.436 0 0 I msm_vidc: err : 00000001: ....d: Failed to create debugfs for msm_vidc
01-13 08:49:23.446 1477 1477 I SystemServerTiming: StartSoundTriggerMiddlewareService
