01-13 09:00:37.435 3926 4221 I eo:AgentServic: Explicit concurrent copying GC freed 185(47KB) AllocSpace objects, 1(20KB) LOS objects, 24% free, 2658KB/3545KB, paused 89us,43us total 26.463ms
01-13 09:00:37.476 6774 6792 I droid.emergenc: Explicit concurrent copying GC freed 71(31KB) AllocSpace objects, 0(0B) LOS objects, 24% free, 1927KB/2569KB, paused 100us,24us total 21.475ms
01-13 09:00:37.535 3953 5881 I kuaishou.nebul: Explicit concurrent copying GC freed 79841(4447KB) AllocSpace objects, 45(4612KB) LOS objects, 24% free, 18MB/24MB, paused 296us,174us total 353.178ms
01-13 09:00:37.639 2564 2621 I .qti.qccauthmg: Explicit concurrent copying GC freed 84(31KB) AllocSpace objects, 0(0B) LOS objects, 24% free, 1927KB/2569KB, paused 50us,61us total 17.455ms
01-13 09:00:37.684 1477 7568 W system_server: ClassLoaderContext shared library size mismatch. Expected=0, found=3 (PCL[] | PCL[]{PCL[]#PCL[]#PCL[]})
01-13 09:00:37.868 3652 6226 I ssioncontrolle: Explicit concurrent copying GC freed 47(24KB) AllocSpace objects, 0(0B) LOS objects, 24% free, 2600KB/3467KB, paused 175us,101us total 49.208ms
01-13 09:00:37.908 4407 5882 I ideo:remote_we: Explicit concurrent copying GC freed 237(79KB) AllocSpace objects, 0(0B) LOS objects, 24% free, 7202KB/9603KB, paused 129us,165us total 98.694ms
01-13 09:00:38.101 3926 4221 I eo:AgentServic: Explicit concurrent copying GC freed 92(32KB) AllocSpace objects, 0(0B) LOS objects, 24% free, 2678KB/3571KB, paused 69us,33us total 35.389ms
01-13 09:00:38.137 4552 4566 I wv_sandboxed_p: Explicit concurrent copying GC freed 7632(272KB) AllocSpace objects, 0(0B) LOS objects, 24% free, 2718KB/3624KB, paused 146us,44us total 107.208ms
01-13 09:00:38.142 3953 5881 I kuaishou.nebul: Explicit concurrent copying GC freed 1529(148KB) AllocSpace objects, 1(20KB) LOS objects, 25% free, 18MB/24MB, paused 195us,182us total 343.764ms
01-13 09:00:38.160 652 667 I mpu_uart: [MSG-P:RECV]:No message received in 1000 ms
01-13 09:00:38.368 1477 7568 W system_server: ClassLoaderContext shared library size mismatch. Expected=0, found=1 (PCL[] | PCL[]{PCL[]})
01-13 09:00:38.442 3652 6226 I ssioncontrolle: Explicit concurrent copying GC freed 163(31KB) AllocSpace objects, 1(20KB) LOS objects, 24% free, 2580KB/3440KB, paused 67us,35us total 25.010ms
01-13 09:00:38.450 1477 7568 W system_server: ClassLoaderContext shared library size mismatch. Expected=0, found=1 (PCL[] | PCL[]{PCL[]})
01-13 09:00:38.508 4740 4752 I v.imgo.activit: Explicit concurrent copying GC freed 113722(5433KB) AllocSpace objects, 8(160KB) LOS objects, 24% free, 7123KB/9498KB, paused 216us,200us total 179.949ms
01-13 09:00:38.681 4552 4566 I wv_sandboxed_p: Explicit concurrent copying GC freed 161(48KB) AllocSpace objects, 1(20KB) LOS objects, 24% free, 2682KB/3576KB, paused 95us,48us total 103.618ms
01-13 09:00:38.710 2453 2936 I id.ext.service: Explicit concurrent copying GC freed 9586(476KB) AllocSpace objects, 0(0B) LOS objects, 49% free, 1978KB/3956KB, paused 77us,32us total 20.539ms
01-13 09:00:38.730 3953 5881 I kuaishou.nebul: Explicit concurrent copying GC freed 575(112KB) AllocSpace objects, 0(0B) LOS objects, 24% free, 18MB/24MB, paused 267us,179us total 336.929ms
01-13 09:00:38.790 5471 5485 I ocessService0:: Explicit concurrent copying GC freed 18(37KB) AllocSpace objects, 0(0B) LOS objects, 24% free, 1933KB/2577KB, paused 160us,42us total 27.649ms
01-13 09:00:38.898 4740 4752 I v.imgo.activit: Explicit concurrent copying GC freed 2204(116KB) AllocSpace objects, 21(420KB) LOS objects, 24% free, 6635KB/8846KB, paused 76us,95us total 72.007ms
01-13 09:00:39.055 3652 6226 I ssioncontrolle: Explicit concurrent copying GC freed 71(31KB) AllocSpace objects, 0(0B) LOS objects, 24% free, 2600KB/3467KB, paused 82us,36us total 25.993ms
01-13 09:00:39.061 2453 2936 I id.ext.service: Explicit concurrent copying GC freed 221(34KB) AllocSpace objects, 1(20KB) LOS objects, 49% free, 1955KB/3911KB, paused 21us,9us total 4.001ms
01-13 09:00:39.081 2760 7162 I hpplay-java: [AsyncTask #105]:IM_MessageClient:heartBeatReceived
01-13 09:00:39.081 2760 7162 I hpplay-java: [AsyncTask #105]:IM_AbstractBlockingClient:updateHeartInterval unEqual interval,update heartBeat
01-13 09:00:39.103 3773 5880 I om.cmcc.cmvide: Explicit concurrent copying GC freed 8175(630KB) AllocSpace objects, 3(60KB) LOS objects, 24% free, 8936KB/11MB, paused 246us,127us total 129.398ms
01-13 09:00:39.124 5471 5485 I ocessService0:: Explicit concurrent copying GC freed 159(31KB) AllocSpace objects, 1(20KB) LOS objects, 24% free, 1913KB/2551KB, paused 179us,41us total 24.848ms
01-13 09:00:39.162 652 667 I mpu_uart: [MSG-P:RECV]:No message received in 1000 ms
01-13 09:00:39.278 4552 4566 I wv_sandboxed_p: Explicit concurrent copying GC freed 104(79KB) AllocSpace objects, 0(0B) LOS objects, 24% free, 2702KB/3603KB, paused 123us,44us total 91.338ms
01-13 09:00:39.294 2440 7250 I ercomm.gamemod: Explicit concurrent copying GC freed 10076(469KB) AllocSpace objects, 0(0B) LOS objects, 24% free, 2824KB/3765KB, paused 66us,32us total 41.776ms
01-13 09:00:39.319 6845 6845 W kworker/u16:10: type=1400 audit(0.0:4890): avc: denied { kill } for capability=5 scontext=u:r:kernel:s0 tcontext=u:r:kernel:s0 tclass=capability permissive=0
01-13 09:00:39.373 3773 5880 I om.cmcc.cmvide: Explicit concurrent copying GC freed 845(78KB) AllocSpace objects, 21(420KB) LOS objects, 24% free, 8485KB/11MB, paused 86us,121us total 92.538ms
01-13 09:00:39.437 2981 3040 I omm.location.X: Explicit concurrent copying GC freed 163(39KB) AllocSpace objects, 0(0B) LOS objects, 49% free, 1950KB/3901KB, paused 80us,8us total 11.183ms
01-13 09:00:39.510 4740 4752 I v.imgo.activit: Explicit concurrent copying GC freed 214(63KB) AllocSpace objects, 0(0B) LOS objects, 24% free, 6672KB/8896KB, paused 101us,90us total 75.085ms
01-13 09:00:39.511 3690 3703 I m.android.shel: Explicit concurrent copying GC freed 17(22KB) AllocSpace objects, 0(0B) LOS objects, 24% free, 1917KB/2557KB, paused 84us,109us total 31.362ms
01-13 09:00:39.520 1477 1477 I JobServiceContext: Letting 1042705 #u0a102/1703 com.smile.gifmaker/androidx.work.impl.background.systemjob.SystemJobService continue to run past min execution time
01-13 09:00:39.527 2440 7250 I ercomm.gamemod: Explicit concurrent copying GC freed 437(40KB) AllocSpace objects, 1(20KB) LOS objects, 24% free, 2796KB/3728KB, paused 50us,33us total 24.913ms
01-13 09:00:39.551 652 666 I mpu_uart: [MSG-P:R]:recv sync frame timeout
01-13 09:00:39.647 2453 2936 I id.ext.service: Explicit concurrent copying GC freed 70(31KB) AllocSpace objects, 0(0B) LOS objects, 49% free, 1975KB/3951KB, paused 19us,8us total 3.820ms
01-13 09:00:39.651 2981 3040 I omm.location.X: Explicit concurrent copying GC freed 144(31KB) AllocSpace objects, 1(20KB) LOS objects, 49% free, 1930KB/3861KB, paused 18us,7us total 3.575ms
01-13 09:00:39.679 3637 3650 I ackageinstalle: Explicit concurrent copying GC freed 17(22KB) AllocSpace objects, 0(0B) LOS objects, 24% free, 1911KB/2548KB, paused 71us,47us total 17.408ms
01-13 09:00:39.705 3690 3703 I m.android.shel: Explicit concurrent copying GC freed 155(31KB) AllocSpace objects, 1(20KB) LOS objects, 24% free, 1898KB/2531KB, paused 49us,24us total 17.009ms
01-13 09:00:39.708 5471 5485 I ocessService0:: Explicit concurrent copying GC freed 71(31KB) AllocSpace objects, 0(0B) LOS objects, 24% free, 1933KB/2578KB, paused 82us,37us total 20.670ms
01-13 09:00:39.821 3587 3601 I gedprovisionin: Explicit concurrent copying GC freed 17(22KB) AllocSpace objects, 0(0B) LOS objects, 24% free, 2035KB/2713KB, paused 71us,64us total 19.860ms
01-13 09:00:39.852 3637 3650 I ackageinstalle: Explicit concurrent copying GC freed 155(31KB) AllocSpace objects, 1(20KB) LOS objects, 24% free, 1891KB/2521KB, paused 48us,22us total 13.196ms
01-13 09:00:39.955 3773 5880 I om.cmcc.cmvide: Explicit concurrent copying GC freed 166(63KB) AllocSpace objects, 0(0B) LOS objects, 24% free, 8506KB/11MB, paused 110us,153us total 90.551ms
01-13 09:00:39.973 3276 3303 I ti.diagservice: Explicit concurrent copying GC freed 17(22KB) AllocSpace objects, 0(0B) LOS objects, 24% free, 1913KB/2551KB, paused 63us,35us total 18.521ms
01-13 09:00:39.993 3587 3601 I gedprovisionin: Explicit concurrent copying GC freed 157(31KB) AllocSpace objects, 1(20KB) LOS objects, 24% free, 2015KB/2687KB, paused 59us,38us total 19.739ms
01-13 09:00:40.121 2875 2954 I alcomm.locatio: Explicit concurrent copying GC freed 3126(194KB) AllocSpace objects, 0(0B) LOS objects, 49% free, 2062KB/4124KB, paused 53us,13us total 20.421ms
01-13 09:00:40.137 3276 3303 I ti.diagservice: Explicit concurrent copying GC freed 145(31KB) AllocSpace objects, 1(20KB) LOS objects, 24% free, 1893KB/2525KB, paused 136us,23us total 23.544ms
01-13 09:00:40.154 2440 7250 I ercomm.gamemod: Explicit concurrent copying GC freed 84(32KB) AllocSpace objects, 0(0B) LOS objects, 24% free, 2815KB/3754KB, paused 68us,59us total 26.050ms
01-13 09:00:40.162 652 667 I mpu_uart: [MSG-P:RECV]:No message received in 1000 ms
01-13 09:00:40.167 2815 2924 I .qti.qccnetsta: Explicit concurrent copying GC freed 79(38KB) AllocSpace objects, 0(0B) LOS objects, 49% free, 1909KB/3819KB, paused 90us,9us total 6.771ms
01-13 09:00:40.224 2840 7036 I kloadclassifie: Explicit concurrent copying GC freed 317(99KB) AllocSpace objects, 0(0B) LOS objects, 49% free, 1931KB/3863KB, paused 94us,20us total 13.236ms
01-13 09:00:40.256 2875 2954 I alcomm.locatio: Explicit concurrent copying GC freed 246(34KB) AllocSpace objects, 1(20KB) LOS objects, 49% free, 2039KB/4079KB, paused 21us,11us total 4.371ms
01-13 09:00:40.293 2791 2847 I .pasr : Explicit concurrent copying GC freed 1712(157KB) AllocSpace objects, 0(0B) LOS objects, 49% free, 1917KB/3834KB, paused 51us,7us total 17.226ms
01-13 09:00:40.295 2815 2924 I .qti.qccnetsta: Explicit concurrent copying GC freed 145(31KB) AllocSpace objects, 1(20KB) LOS objects, 49% free, 1890KB/3780KB, paused 18us,8us total 3.639ms
01-13 09:00:40.296 2981 3040 I omm.location.X: Explicit concurrent copying GC freed 71(31KB) AllocSpace objects, 0(0B) LOS objects, 49% free, 1950KB/3901KB, paused 44us,20us total 10.998ms
01-13 09:00:40.333 2840 7036 I kloadclassifie: Explicit concurrent copying GC freed 265(36KB) AllocSpace objects, 1(20KB) LOS objects, 49% free, 1907KB/3814KB, paused 18us,7us total 3.727ms
01-01 08:11:29.346 0 0 E [soft_i][0x314e527bd][09:00:40.334576] wlan: [0:E:DP] dp_tx_comp_process_tx_status: 3431: peer is null or deletion in progress
01-13 09:00:40.344 2793 3256 I mhelper_servic: Explicit concurrent copying GC freed 304(54KB) AllocSpace objects, 0(0B) LOS objects, 49% free, 1920KB/3839KB, paused 48us,22us total 14.774ms
01-13 09:00:40.365 3690 3703 I m.android.shel: Explicit concurrent copying GC freed 71(31KB) AllocSpace objects, 0(0B) LOS objects, 24% free, 1918KB/2557KB, paused 49us,47us total 21.601ms
01-13 09:00:40.383 2791 2847 I .pasr : Explicit concurrent copying GC freed 253(37KB) AllocSpace objects, 1(20KB) LOS objects, 49% free, 1891KB/3783KB, paused 47us,25us total 14.816ms
01-13 09:00:40.404 2781 2831 I ts.car.uart: Explicit concurrent copying GC freed 28(22KB) AllocSpace objects, 0(0B) LOS objects, 49% free, 1914KB/3828KB, paused 47us,9us total 18.058ms
01-13 09:00:40.425 2793 3256 I mhelper_servic: Explicit concurrent copying GC freed 141(31KB) AllocSpace objects, 1(20KB) LOS objects, 49% free, 1900KB/3800KB, paused 19us,10us total 3.624ms
01-13 09:00:40.473 2760 3811 I om.hht.lebocas: Explicit concurrent copying GC freed 16776(1551KB) AllocSpace objects, 32(760KB) LOS objects, 49% free, 2935KB/5871KB, paused 107us,27us total 30.476ms
01-13 09:00:40.477 2781 2831 I ts.car.uart: Explicit concurrent copying GC freed 143(31KB) AllocSpace objects, 1(20KB) LOS objects, 49% free, 1894KB/3789KB, paused 55us,25us total 16.934ms
01-13 09:00:40.501 3637 3650 I ackageinstalle: Explicit concurrent copying GC freed 71(31KB) AllocSpace objects, 0(0B) LOS objects, 24% free, 1911KB/2548KB, paused 52us,22us total 19.956ms
01-13 09:00:40.532 1477 7568 I BackgroundDexOptService: Pinning optimized code {}
01-13 09:00:40.538 2353 2455 I rcomm.tcservic: Explicit concurrent copying GC freed 20806(702KB) AllocSpace objects, 0(0B) LOS objects, 49% free, 1947KB/3895KB, paused 55us,31us total 18.758ms
01-13 09:00:40.544 2760 3811 I om.hht.lebocas: Explicit concurrent copying GC freed 961(52KB) AllocSpace objects, 9(180KB) LOS objects, 49% free, 2735KB/5470KB, paused 82us,68us total 24.717ms
01-13 09:00:40.598 2353 2455 I rcomm.tcservic: Explicit concurrent copying GC freed 212(33KB) AllocSpace objects, 1(20KB) LOS objects, 49% free, 1925KB/3851KB, paused 21us,9us total 4.034ms
01-13 09:00:40.611 3221 3261 I atisticsservic: Explicit concurrent copying GC freed 24(38KB) AllocSpace objects, 0(0B) LOS objects, 49% free, 1909KB/3818KB, paused 47us,22us total 16.545ms
01-13 09:00:40.629 3587 3601 I gedprovisionin: Explicit concurrent copying GC freed 71(31KB) AllocSpace objects, 0(0B) LOS objects, 24% free, 2036KB/2714KB, paused 46us,23us total 17.183ms
01-13 09:00:40.637 3221 3261 I atisticsservic: Explicit concurrent copying GC freed 132(47KB) AllocSpace objects, 1(20KB) LOS objects, 49% free, 1889KB/3779KB, paused 18us,6us total 3.572ms
01-13 09:00:40.669 2386 3360 I alcomm.qti.qdm: Explicit concurrent copying GC freed 936(97KB) AllocSpace objects, 0(0B) LOS objects, 49% free, 2005KB/4011KB, paused 63us,30us total 17.583ms
01-13 09:00:40.699 2386 3360 I alcomm.qti.qdm: Explicit concurrent copying GC freed 159(32KB) AllocSpace objects, 1(20KB) LOS objects, 49% free, 1985KB/3971KB, paused 20us,8us total 4.016ms
01-13 09:00:40.731 2328 2424 I econtrolservic: Explicit concurrent copying GC freed 23455(1180KB) AllocSpace objects, 0(0B) LOS objects, 49% free, 2051KB/4102KB, paused 49us,29us total 18.083ms
01-13 09:00:40.748 3276 3303 I ti.diagservice: Explicit concurrent copying GC freed 71(31KB) AllocSpace objects, 0(0B) LOS objects, 24% free, 1913KB/2551KB, paused 46us,22us total 16.157ms
01-13 09:00:40.763 2328 2424 I econtrolservic: Explicit concurrent copying GC freed 520(42KB) AllocSpace objects, 1(20KB) LOS objects, 49% free, 2021KB/4042KB, paused 23us,8us total 4.278ms
01-13 09:00:40.794 2309 2410 I tssystemservic: Explicit concurrent copying GC freed 79(38KB) AllocSpace objects, 0(0B) LOS objects, 49% free, 1907KB/3814KB, paused 45us,22us total 16.309ms
01-13 09:00:40.824 2309 2410 I tssystemservic: Explicit concurrent copying GC freed 132(31KB) AllocSpace objects, 1(20KB) LOS objects, 49% free, 1887KB/3775KB, paused 16us,6us total 3.488ms
01-13 09:00:40.858 2875 2954 I alcomm.locatio: Explicit concurrent copying GC freed 71(31KB) AllocSpace objects, 0(0B) LOS objects, 49% free, 2059KB/4119KB, paused 19us,9us total 4.316ms
01-13 09:00:40.866 2320 2388 I com.android.se: Explicit concurrent copying GC freed 36(38KB) AllocSpace objects, 0(0B) LOS objects, 49% free, 1923KB/3846KB, paused 48us,30us total 20.196ms
01-13 09:00:40.905 2320 2388 I com.android.se: Explicit concurrent copying GC freed 145(31KB) AllocSpace objects, 1(20KB) LOS objects, 49% free, 1903KB/3806KB, paused 19us,8us total 3.822ms
01-13 09:00:40.917 2815 2924 I .qti.qccnetsta: Explicit concurrent copying GC freed 71(31KB) AllocSpace objects, 0(0B) LOS objects, 49% free, 1910KB/3820KB, paused 18us,8us total 3.751ms
01-13 09:00:40.956 2288 2378 I esdk.sysservic: Explicit concurrent copying GC freed 76(38KB) AllocSpace objects, 0(0B) LOS objects, 49% free, 1913KB/3826KB, paused 160us,65us total 36.981ms
01-13 09:00:40.967 2840 7036 I kloadclassifie: Explicit concurrent copying GC freed 72(31KB) AllocSpace objects, 0(0B) LOS objects, 49% free, 1927KB/3854KB, paused 19us,8us total 4.585ms
01-13 09:00:40.993 1274 1400 E tlogd : [TzLogger](isPathReadable) file /sys/kernel/debug/tzdbg/qsee_log isn't exist or no permission, err: No such file or directory
01-13 09:00:40.993 1274 1400 E tlogd : [TzLogger](saveTzlogAsync) /sys/kernel/debug/tzdbg/qsee_log can not read.
01-13 09:00:40.993 1274 1400 E tlogd : [TzLogger](isPathReadable) file /sys/kernel/debug/tzdbg/log isn't exist or no permission, err: No such file or directory
01-13 09:00:40.993 1274 1400 E tlogd : [TzLogger](saveTzlogAsync) /sys/kernel/debug/tzdbg/log can not read.
01-13 09:00:41.011 2288 2378 I esdk.sysservic: Explicit concurrent copying GC freed 132(31KB) AllocSpace objects, 1(20KB) LOS objects, 49% free, 1893KB/3786KB, paused 17us,7us total 3.542ms
01-13 09:00:41.016 2791 2847 I .pasr : Explicit concurrent copying GC freed 71(31KB) AllocSpace objects, 0(0B) LOS objects, 49% free, 1911KB/3823KB, paused 45us,14us total 9.274ms
01-13 09:00:41.060 2234 4970 I rkstack.proces: Explicit concurrent copying GC freed 445096(13MB) AllocSpace objects, 64(3840KB) LOS objects, 49% free, 2567KB/5135KB, paused 81us,47us total 33.036ms
01-13 09:00:41.066 2793 3256 I mhelper_servic: Explicit concurrent copying GC freed 71(31KB) AllocSpace objects, 0(0B) LOS objects, 49% free, 1920KB/3840KB, paused 20us,7us total 3.619ms
01-13 09:00:41.086 2234 4970 I rkstack.proces: Explicit concurrent copying GC freed 291(19KB) AllocSpace objects, 1(20KB) LOS objects, 49% free, 2544KB/5088KB, paused 25us,11us total 6.417ms
01-13 09:00:41.108 2781 2831 I ts.car.uart: Explicit concurrent copying GC freed 71(31KB) AllocSpace objects, 0(0B) LOS objects, 49% free, 1914KB/3829KB, paused 18us,8us total 3.726ms
01-13 09:00:41.135 2266 2310 I m.tcsetupwizar: Explicit concurrent copying GC freed 32(22KB) AllocSpace objects, 0(0B) LOS objects, 49% free, 1904KB/3808KB, paused 222us,61us total 36.563ms
01-13 09:00:41.162 2760 3811 I om.hht.lebocas: Explicit concurrent copying GC freed 72(31KB) AllocSpace objects, 0(0B) LOS objects, 49% free, 2755KB/5510KB, paused 29us,34us total 12.797ms
01-13 09:00:41.162 652 667 I mpu_uart: [MSG-P:RECV]:No message received in 1000 ms
01-13 09:00:41.196 2266 2310 I m.tcsetupwizar: Explicit concurrent copying GC freed 147(31KB) AllocSpace objects, 1(20KB) LOS objects, 49% free, 1884KB/3769KB, paused 21us,8us total 4.158ms
01-13 09:00:41.223 2353 2455 I rcomm.tcservic: Explicit concurrent copying GC freed 71(31KB) AllocSpace objects, 0(0B) LOS objects, 49% free, 1945KB/3891KB, paused 18us,18us total 5.922ms
01-13 09:00:41.266 2227 7031 I om.tc.logclien: Explicit concurrent copying GC freed 18597(1424KB) AllocSpace objects, 19(780KB) LOS objects, 49% free, 3074KB/6149KB, paused 109us,36us total 52.818ms
01-13 09:00:41.278 3221 3261 I atisticsservic: Explicit concurrent copying GC freed 71(31KB) AllocSpace objects, 0(0B) LOS objects, 49% free, 1909KB/3819KB, paused 20us,6us total 3.889ms
01-13 09:00:41.318 2227 7031 I om.tc.logclien: Explicit concurrent copying GC freed 483(41KB) AllocSpace objects, 1(20KB) LOS objects, 49% free, 3045KB/6090KB, paused 323us,11us total 8.893ms
01-13 09:00:41.325 2386 3360 I alcomm.qti.qdm: Explicit concurrent copying GC freed 71(31KB) AllocSpace objects, 0(0B) LOS objects, 49% free, 2005KB/4011KB, paused 20us,8us total 3.991ms
01-13 09:00:41.319 0 0 W swapper/2: type=1400 audit(0.0:4891): avc: denied { kill } for capability=5 scontext=u:r:kernel:s0 tcontext=u:r:kernel:s0 tclass=capability permissive=0
01-13 09:00:41.353 2211 2269 I mm.tchttpserve: Explicit concurrent copying GC freed 4351(227KB) AllocSpace objects, 0(0B) LOS objects, 49% free, 1947KB/3895KB, paused 74us,29us total 25.365ms
01-13 09:00:41.372 2328 2424 I econtrolservic: Explicit concurrent copying GC freed 811(51KB) AllocSpace objects, 0(0B) LOS objects, 49% free, 2021KB/4043KB, paused 19us,8us total 4.207ms
01-13 09:00:41.403 2211 2269 I mm.tchttpserve: Explicit concurrent copying GC freed 177(32KB) AllocSpace objects, 1(20KB) LOS objects, 49% free, 1926KB/3853KB, paused 24us,8us total 4.347ms
01-13 09:00:41.422 2309 2410 I tssystemservic: Explicit concurrent copying GC freed 71(31KB) AllocSpace objects, 0(0B) LOS objects, 49% free, 1907KB/3815KB, paused 36us,12us total 8.123ms
01-13 09:00:41.440 2190 2264 I qtidataservice: Explicit concurrent copying GC freed 85(54KB) AllocSpace objects, 0(0B) LOS objects, 49% free, 1916KB/3833KB, paused 70us,40us total 21.477ms
01-13 09:00:41.488 2320 2388 I com.android.se: Explicit concurrent copying GC freed 71(31KB) AllocSpace objects, 0(0B) LOS objects, 49% free, 1923KB/3847KB, paused 59us,21us total 12.639ms
01-13 09:00:41.496 2190 2264 I qtidataservice: Explicit concurrent copying GC freed 143(31KB) AllocSpace objects, 1(20KB) LOS objects, 49% free, 1897KB/3794KB, paused 20us,7us total 3.673ms
01-13 09:00:41.533 2288 2378 I esdk.sysservic: Explicit concurrent copying GC freed 71(31KB) AllocSpace objects, 0(0B) LOS objects, 49% free, 1913KB/3827KB, paused 19us,7us total 3.689ms
01-13 09:00:41.538 2182 2235 I .dataservices: Explicit concurrent copying GC freed 5398(258KB) AllocSpace objects, 0(0B) LOS objects, 49% free, 2024KB/4048KB, paused 82us,41us total 26.427ms
01-13 09:00:41.593 2182 2235 I .dataservices: Explicit concurrent copying GC freed 470(24KB) AllocSpace objects, 1(20KB) LOS objects, 49% free, 2011KB/4023KB, paused 22us,12us total 4.767ms
01-13 09:00:41.604 2234 4970 I rkstack.proces: Explicit concurrent copying GC freed 3476(143KB) AllocSpace objects, 0(0B) LOS objects, 49% free, 2453KB/4906KB, paused 20us,16us total 17.357ms
01-13 09:00:41.639 2177 2232 I m.microsetting: Explicit concurrent copying GC freed 15258(767KB) AllocSpace objects, 0(0B) LOS objects, 49% free, 2034KB/4069KB, paused 90us,48us total 30.745ms
01-13 09:00:41.652 2266 2310 I m.tcsetupwizar: Explicit concurrent copying GC freed 71(31KB) AllocSpace objects, 0(0B) LOS objects, 49% free, 1904KB/3809KB, paused 23us,7us total 4.056ms
01-13 09:00:41.701 2227 7031 I om.tc.logclien: Explicit concurrent copying GC freed 3557(170KB) AllocSpace objects, 0(0B) LOS objects, 49% free, 2926KB/5853KB, paused 21us,11us total 8.637ms
01-13 09:00:41.706 2177 2232 I m.microsetting: Explicit concurrent copying GC freed 170(32KB) AllocSpace objects, 1(20KB) LOS objects, 49% free, 2014KB/4028KB, paused 18us,8us total 4.201ms
01-13 09:00:41.744 2211 2269 I mm.tchttpserve: Explicit concurrent copying GC freed 71(31KB) AllocSpace objects, 0(0B) LOS objects, 49% free, 1947KB/3894KB, paused 21us,8us total 3.842ms
01-13 09:00:41.746 2133 2466 I mm.microservic: Explicit concurrent copying GC freed 22725(1690KB) AllocSpace objects, 0(0B) LOS objects, 49% free, 1968KB/3936KB, paused 72us,31us total 22.722ms
01-13 09:00:41.790 2190 2264 I qtidataservice: Explicit concurrent copying GC freed 71(31KB) AllocSpace objects, 0(0B) LOS objects, 49% free, 1917KB/3834KB, paused 28us,12us total 5.793ms
01-13 09:00:41.796 2133 2466 I mm.microservic: Explicit concurrent copying GC freed 1328(62KB) AllocSpace objects, 1(20KB) LOS objects, 49% free, 1917KB/3835KB, paused 45us,9us total 3.993ms
01-13 09:00:41.840 2182 2235 I .dataservices: Explicit concurrent copying GC freed 289(38KB) AllocSpace objects, 0(0B) LOS objects, 49% free, 2009KB/4018KB, paused 20us,10us total 4.229ms
01-13 09:00:41.888 2177 2232 I m.microsetting: Explicit concurrent copying GC freed 72(31KB) AllocSpace objects, 0(0B) LOS objects, 49% free, 2034KB/4068KB, paused 34us,12us total 7.288ms
01-13 09:00:41.894 2015 7249 I ndroid.systemu: Explicit concurrent copying GC freed 118438(5377KB) AllocSpace objects, 8(296KB) LOS objects, 49% free, 6324KB/12MB, paused 148us,19us total 77.672ms
01-13 09:00:41.925 2015 2030 W System : A resource failed to call release.
01-13 09:00:41.926 2015 2030 W System : A resource failed to call release.
01-13 09:00:41.940 2133 2466 I mm.microservic: Explicit concurrent copying GC freed 807(50KB) AllocSpace objects, 0(0B) LOS objects, 49% free, 1919KB/3837KB, paused 19us,7us total 3.954ms
01-13 09:00:41.946 2015 7249 I ndroid.systemu: Explicit concurrent copying GC freed 515(42KB) AllocSpace objects, 1(20KB) LOS objects, 49% free, 6294KB/12MB, paused 26us,17us total 24.050ms
01-13 09:00:42.008 1477 4903 I system_server: Waiting for a blocking GC Explicit
01-13 09:00:42.012 2015 7249 I ndroid.systemu: Explicit concurrent copying GC freed 1380(84KB) AllocSpace objects, 0(0B) LOS objects, 49% free, 6261KB/12MB, paused 28us,19us total 27.384ms
01-13 09:00:42.031 1477 2983 I system_server: Explicit concurrent copying GC freed 183527(10MB) AllocSpace objects, 2(120KB) LOS objects, 49% free, 21MB/42MB, paused 46us,45us total 70.548ms
01-13 09:00:42.031 1477 4903 I system_server: WaitForGcToComplete blocked Explicit on Explicit for 23.340ms
01-13 09:00:42.031 1477 2983 I system_server: Waiting for a blocking GC DisableMovingGc
01-13 09:00:42.076 1477 2568 I system_server: Waiting for a blocking GC Explicit
01-13 09:00:42.107 1477 4903 I system_server: Explicit concurrent copying GC freed 120(73KB) AllocSpace objects, 0(0B) LOS objects, 49% free, 21MB/42MB, paused 59us,50us total 75.776ms
01-13 09:00:42.107 1477 2983 I system_server: WaitForGcToComplete blocked DisableMovingGc on Explicit for 75.862ms
01-13 09:00:42.107 1477 2983 I system_server: Starting a blocking GC DisableMovingGc
01-13 09:00:42.107 1477 2568 I system_server: WaitForGcToComplete blocked Explicit on Explicit for 31.299ms
01-13 09:00:42.107 1477 2568 W system_server: Skipping GC due to disable moving GC count 1
01-13 09:00:42.163 652 667 I mpu_uart: [MSG-P:RECV]:No message received in 1000 ms
01-01 08:11:31.320 0 0 E DTC_eth,link_delay_work_func: 3002, SQI=15, link=1
01-13 09:00:42.375 7374 7570 D dumpstate: Adjusting max progress from 7353 to 8090
01-13 09:00:42.375 7374 7570 D dumpstate: Duration of 'CHECKIN MEMINFO': 8.80s
01-13 09:00:42.402 8423 8423 D ProcessState: Binder ioctl to enable oneway spam detection failed: Invalid argument
01-01 08:11:31.414 0 0 I binder : 8423:8423 ioctl 40046210 7fdddbc174 returned -22
01-13 09:00:42.425 8425 8425 D ProcessState: Binder ioctl to enable oneway spam detection failed: Invalid argument
01-01 08:11:31.437 0 0 I binder : 8425:8425 ioctl 40046210 7fc65c9514 returned -22
01-13 09:00:42.454 1477 2983 I ProcessStatsService: Added stats: 2023-01-13-11-49-40, over +2m24s155ms
01-13 09:00:42.457 1477 2983 I ProcessStatsService: Added stats: 1970-01-01-09-22-29, over +8m18s736ms
01-13 09:00:42.460 1477 2983 I ProcessStatsService: Added stats: 1970-01-01-08-59-45, over +48s40ms
01-13 09:00:42.463 1477 2983 I ProcessStatsService: Added stats: 1970-01-01-08-16-58, over +5m53s860ms
01-13 09:00:42.465 1477 2983 I ProcessStatsService: Added stats: 1970-01-01-08-00-13, over +1m39s80ms
01-13 09:00:42.467 1477 2983 I ProcessStatsService: Added stats: 1970-01-01-08-00-12, over +1h0m17s990ms
01-13 09:00:42.470 1477 2983 I ProcessStatsService: Added stats: 1970-01-01-08-00-11, over +2h40m53s245ms
01-13 09:00:42.473 1477 2983 I ProcessStatsService: Added stats: 1970-01-01-08-00-09, over +30m3s240ms
01-13 09:00:42.488 1477 2983 I ProcessStatsService: Added stats: 2023-01-13-11-49-40, over +2m24s155ms
01-13 09:00:42.490 1477 2983 I ProcessStatsService: Added stats: 1970-01-01-09-22-29, over +8m18s736ms
01-13 09:00:42.493 1477 2983 I ProcessStatsService: Added stats: 1970-01-01-08-59-45, over +48s40ms
01-13 09:00:42.495 1477 2983 I ProcessStatsService: Added stats: 1970-01-01-08-16-58, over +5m53s860ms
01-13 09:00:42.497 1477 2983 I ProcessStatsService: Added stats: 1970-01-01-08-00-13, over +1m39s80ms
01-13 09:00:42.500 1477 2983 I ProcessStatsService: Added stats: 1970-01-01-08-00-12, over +1h0m17s990ms
01-13 09:00:42.552 652 666 I mpu_uart: [MSG-P:R]:recv sync frame timeout
01-13 09:00:42.554 8429 8429 D ProcessState: Binder ioctl to enable oneway spam detection failed: Invalid argument
01-01 08:11:31.565 0 0 I binder : 8429:8429 ioctl 40046210 7fc8ee5334 returned -22
01-13 09:00:42.656 8431 8431 D ProcessState: Binder ioctl to enable oneway spam detection failed: Invalid argument
01-01 08:11:31.668 0 0 I binder : 8431:8431 ioctl 40046210 7fe427cb24 returned -22
01-13 09:00:42.665 7374 7570 D dumpstate: Duration of 'DUMP CHECKINS': 9.22s
01-13 09:00:42.850 1477 2568 E system_server: Invalid file format: /sys/fs/bpf/map_gpu_mem_gpu_mem_total_map
01-13 09:00:42.922 7374 7374 D dumpstate: Duration of 'DUMPSYS HIGH': 8.63s
01-13 09:00:42.954 8435 8435 D ProcessState: Binder ioctl to enable oneway spam detection failed: Invalid argument
01-01 08:11:31.966 0 0 I binder : 8435:8435 ioctl 40046210 7fd91a6ff4 returned -22
01-13 09:00:43.067 1477 4903 D ActivityManager: freezer override set to false
01-13 09:00:43.093 1202 1202 D incidentd: Finish incident report section 3018 'dumpsys meminfo -a --proto'
01-13 09:00:43.093 7573 7575 D incident: section 3018 status 2
01-13 09:00:43.093 1202 1202 D incidentd: Start incident report section 3019 'dumpsys graphicsstats --proto'
01-13 09:00:43.093 7573 7575 D incident: section 3019 status 1
01-13 09:00:43.157 1202 1202 D incidentd: Finish incident report section 3019 'dumpsys graphicsstats --proto'
01-13 09:00:43.157 1202 1202 D incidentd: Start incident report section 3020 'dumpsys jobscheduler --proto'
01-13 09:00:43.157 7573 7575 D incident: section 3019 status 2
01-13 09:00:43.158 7573 7964 D incident: section 3020 status 1
01-13 09:00:43.163 652 667 I mpu_uart: [MSG-P:RECV]:No message received in 1000 ms
01-13 09:00:43.173 1202 1202 D incidentd: Finish incident report section 3020 'dumpsys jobscheduler --proto'
01-13 09:00:43.173 1202 1202 D incidentd: Start incident report section 3021 'dumpsys usb --proto'
01-13 09:00:43.173 7573 7964 D incident: section 3020 status 2
01-13 09:00:43.173 7573 7964 D incident: section 3021 status 1
01-13 09:00:43.178 1477 4903 W UsbDeviceManager: Ignore missing legacy kernel path in bugreport dump: kernel function list:/sys/class/android_usb/android0/functions
01-13 09:00:43.200 1202 1202 D incidentd: Finish incident report section 3021 'dumpsys usb --proto'
01-13 09:00:43.200 7573 7575 D incident: section 3021 status 2
01-13 09:00:43.200 1202 1202 D incidentd: Start incident report section 3024 'dumpsys role --proto'
01-13 09:00:43.200 7573 7575 D incident: section 3024 status 1
01-13 09:00:43.205 1202 1202 D incidentd: Finish incident report section 3024 'dumpsys role --proto'
01-13 09:00:43.205 1202 1202 D incidentd: Start incident report section 3027 'dumpsys dropbox --proto data_app_crash'
01-13 09:00:43.205 7573 7575 D incident: section 3024 status 2
01-13 09:00:43.205 7573 7575 D incident: section 3027 status 1
01-13 09:00:43.220 1202 1202 D incidentd: Finish incident report section 3027 'dumpsys dropbox --proto data_app_crash'
01-13 09:00:43.220 1202 1202 D incidentd: Start incident report section 3028 'dumpsys dropbox --proto data_app_anr'
01-13 09:00:43.221 7573 7964 D incident: section 3027 status 2
01-13 09:00:43.221 7573 7964 D incident: section 3028 status 1
01-13 09:00:43.233 1202 1202 D incidentd: Finish incident report section 3028 'dumpsys dropbox --proto data_app_anr'
01-13 09:00:43.233 1202 1202 D incidentd: Start incident report section 3029 'dumpsys dropbox --proto data_app_native_crash'
01-13 09:00:43.233 7573 7575 D incident: section 3028 status 2
01-13 09:00:43.233 7573 7575 D incident: section 3029 status 1
01-13 09:00:43.249 7573 7964 D incident: section 3029 status 2
01-13 09:00:43.249 1202 1202 D incidentd: Finish incident report section 3029 'dumpsys dropbox --proto data_app_native_crash'
01-13 09:00:43.249 1202 1202 D incidentd: Start incident report section 3030 'dumpsys dropbox --proto data_app_strictmode'
01-13 09:00:43.249 7573 7964 D incident: section 3030 status 1
01-13 09:00:43.259 1202 1202 D incidentd: Finish incident report section 3030 'dumpsys dropbox --proto data_app_strictmode'
01-13 09:00:43.259 1202 1202 D incidentd: Start incident report section 3031 'dumpsys dropbox --proto data_app_wtf'
01-13 09:00:43.259 7573 7964 D incident: section 3030 status 2
01-13 09:00:43.259 7573 7964 D incident: section 3031 status 1
01-13 09:00:43.269 1202 1202 D incidentd: Finish incident report section 3031 'dumpsys dropbox --proto data_app_wtf'
01-13 09:00:43.269 1202 1202 D incidentd: Start incident report section 3032 'dumpsys dropbox --proto system_app_crash'
01-13 09:00:43.269 7573 7964 D incident: section 3031 status 2
01-13 09:00:43.270 7573 7964 D incident: section 3032 status 1
01-13 09:00:43.319 0 0 W swapper/2: type=1400 audit(0.0:4892): avc: denied { kill } for capability=5 scontext=u:r:kernel:s0 tcontext=u:r:kernel:s0 tclass=capability permissive=0
01-13 09:00:43.328 7573 7575 D incident: section 3032 status 2
01-13 09:00:43.328 1202 1202 D incidentd: Finish incident report section 3032 'dumpsys dropbox --proto system_app_crash'
01-13 09:00:43.328 1202 1202 D incidentd: Start incident report section 3033 'dumpsys dropbox --proto system_app_anr'
01-13 09:00:43.328 7573 7575 D incident: section 3033 status 1
01-13 09:00:43.347 1202 1202 D incidentd: Finish incident report section 3033 'dumpsys dropbox --proto system_app_anr'
01-13 09:00:43.347 7573 7575 D incident: section 3033 status 2
01-13 09:00:43.347 1202 1202 D incidentd: Start incident report section 3034 'dumpsys dropbox --proto system_app_native_crash'
01-13 09:00:43.347 7573 7575 D incident: section 3034 status 1
01-13 09:00:43.362 1202 1202 D incidentd: Finish incident report section 3034 'dumpsys dropbox --proto system_app_native_crash'
01-13 09:00:43.362 1202 1202 D incidentd: Start incident report section 3035 'dumpsys dropbox --proto system_app_strictmode'
01-13 09:00:43.362 7573 7575 D incident: section 3034 status 2
01-13 09:00:43.362 7573 7575 D incident: section 3035 status 1
01-13 09:00:43.374 1202 1202 D incidentd: Finish incident report section 3035 'dumpsys dropbox --proto system_app_strictmode'
01-13 09:00:43.374 1202 1202 D incidentd: Start incident report section 3036 'dumpsys dropbox --proto system_app_wtf'
01-13 09:00:43.375 7573 7575 D incident: section 3035 status 2
01-13 09:00:43.375 7573 7575 D incident: section 3036 status 1
01-13 09:00:43.517 1202 1202 D incidentd: Finish incident report section 3036 'dumpsys dropbox --proto system_app_wtf'
01-13 09:00:43.517 1202 1202 D incidentd: Start incident report section 3037 'dumpsys dropbox --proto system_server_crash'
01-13 09:00:43.517 7573 7575 D incident: section 3036 status 2
01-13 09:00:43.518 7573 7575 D incident: section 3037 status 1
01-13 09:00:43.540 1202 1202 D incidentd: Finish incident report section 3037 'dumpsys dropbox --proto system_server_crash'
01-13 09:00:43.540 1202 1202 D incidentd: Start incident report section 3038 'dumpsys dropbox --proto system_server_anr'
01-13 09:00:43.540 7573 7575 D incident: section 3037 status 2
01-13 09:00:43.540 7573 7575 D incident: section 3038 status 1
01-13 09:00:43.560 1202 1202 D incidentd: Finish incident report section 3038 'dumpsys dropbox --proto system_server_anr'
01-13 09:00:43.560 1202 1202 D incidentd: Start incident report section 3039 'dumpsys dropbox --proto system_server_native_crash'
01-13 09:00:43.560 7573 7964 D incident: section 3038 status 2
01-13 09:00:43.560 7573 7964 D incident: section 3039 status 1
01-13 09:00:43.571 1202 1202 D incidentd: Finish incident report section 3039 'dumpsys dropbox --proto system_server_native_crash'
01-13 09:00:43.571 1202 1202 D incidentd: Start incident report section 3040 'dumpsys dropbox --proto system_server_lowmem'
01-13 09:00:43.571 7573 7964 D incident: section 3039 status 2
01-13 09:00:43.571 7573 7964 D incident: section 3040 status 1
01-13 09:00:43.582 7573 7575 D incident: section 3040 status 2
01-13 09:00:43.582 1202 1202 D incidentd: Finish incident report section 3040 'dumpsys dropbox --proto system_server_lowmem'
01-13 09:00:43.582 1202 1202 D incidentd: Start incident report section 3041 'dumpsys dropbox --proto system_server_strictmode'
01-13 09:00:43.582 7573 7575 D incident: section 3041 status 1
01-13 09:00:43.591 1202 1202 D incidentd: Finish incident report section 3041 'dumpsys dropbox --proto system_server_strictmode'
01-13 09:00:43.591 1202 1202 D incidentd: Start incident report section 3042 'dumpsys dropbox --proto system_server_watchdog'
01-13 09:00:43.591 7573 7575 D incident: section 3041 status 2
01-13 09:00:43.592 7573 7575 D incident: section 3042 status 1
01-13 09:00:43.602 7573 7575 D incident: section 3042 status 2
01-13 09:00:43.602 1202 1202 D incidentd: Finish incident report section 3042 'dumpsys dropbox --proto system_server_watchdog'
01-13 09:00:43.602 1202 1202 D incidentd: Start incident report section 3043 'dumpsys dropbox --proto system_server_wtf'
01-13 09:00:43.602 7573 7575 D incident: section 3043 status 1
01-13 09:00:43.829 1477 1506 I system_server: Background concurrent copying GC freed 12308(1480KB) AllocSpace objects, 280(70MB) LOS objects, 40% free, 34MB/58MB, paused 43us,46us total 101.625ms
01-13 09:00:43.985 1202 1202 D incidentd: Finish incident report section 3043 'dumpsys dropbox --proto system_server_wtf'
01-13 09:00:43.985 1202 1202 D incidentd: Start incident report section 3044 'dumpsys dropbox --proto SYSTEM_RECOVERY_LOG'
01-13 09:00:43.985 7573 7575 D incident: section 3043 status 2
01-13 09:00:43.985 7573 7575 D incident: section 3044 status 1
01-13 09:00:44.013 1202 1202 D incidentd: Finish incident report section 3044 'dumpsys dropbox --proto SYSTEM_RECOVERY_LOG'
01-13 09:00:44.013 1202 1202 D incidentd: Start incident report section 3045 'dumpsys dropbox --proto SYSTEM_TOMBSTONE'
01-13 09:00:44.013 7573 7964 D incident: section 3044 status 2
01-13 09:00:44.013 7573 7964 D incident: section 3045 status 1
01-13 09:00:44.037 1202 1202 D incidentd: Finish incident report section 3045 'dumpsys dropbox --proto SYSTEM_TOMBSTONE'
01-13 09:00:44.037 1202 1202 D incidentd: Start incident report section 3046 'dumpsys dropbox --proto SubsystemRestart'
01-13 09:00:44.038 7573 7575 D incident: section 3045 status 2
01-13 09:00:44.038 7573 7575 D incident: section 3046 status 1
01-13 09:00:44.051 1202 1202 D incidentd: Finish incident report section 3046 'dumpsys dropbox --proto SubsystemRestart'
01-13 09:00:44.052 1202 1202 D incidentd: Start incident report section 3047 'dumpsys cpuinfo --proto'
01-13 09:00:44.052 7573 7964 D incident: section 3046 status 2
01-13 09:00:44.052 7573 7964 D incident: section 3047 status 1
01-13 09:00:44.057 1202 1202 D incidentd: Finish incident report section 3047 'dumpsys cpuinfo --proto'
01-13 09:00:44.057 1202 1202 D incidentd: Start incident report section 3049 'dumpsys connmetrics --proto'
01-13 09:00:44.057 7573 7575 D incident: section 3047 status 2
01-13 09:00:44.057 7573 7964 D incident: section 3049 status 1
01-13 09:00:44.062 1202 1202 D incidentd: Finish incident report section 3049 'dumpsys connmetrics --proto'
01-13 09:00:44.062 1202 1202 D incidentd: Start incident report section 3050 'dumpsys bluetooth_manager --proto'
01-13 09:00:44.062 7573 7964 D incident: section 3049 status 2
01-13 09:00:44.063 7573 7964 D incident: section 3050 status 1
01-13 09:00:44.066 1202 1202 D incidentd: Finish incident report section 3050 'dumpsys bluetooth_manager --proto'
01-13 09:00:44.066 1202 1202 D incidentd: Start incident report section 3051 'dumpsys contexthub --proto'
01-13 09:00:44.066 7573 7964 D incident: section 3050 status 2
01-13 09:00:44.066 7573 7964 D incident: section 3051 status 1
01-13 09:00:44.067 1202 8472 W incidentd: DumpsysSection: Can't lookup service: contexthub
01-13 09:00:44.067 1202 1202 E incidentd: [dumpsys contexthub --proto] worker failed with error 'No such file or directory'
01-13 09:00:44.067 1202 1202 W incidentd: warning in section 3051 (-2) 'No such file or directory': WorkerThreadSection failed.
01-13 09:00:44.067 7573 7964 D incident: section 3051 status 2
01-13 09:00:44.067 1202 1202 D incidentd: Finish incident report section 3051 'dumpsys contexthub --proto'
01-13 09:00:44.067 1202 1202 D incidentd: Start incident report section 3052 'dumpsys nfc --proto'
01-13 09:00:44.067 7573 7964 D incident: section 3052 status 1
01-13 09:00:44.068 1202 8473 W incidentd: DumpsysSection: Can't lookup service: nfc
01-13 09:00:44.069 1202 1202 E incidentd: [dumpsys nfc --proto] worker failed with error 'No such file or directory'
01-13 09:00:44.069 1202 1202 W incidentd: warning in section 3052 (-2) 'No such file or directory': WorkerThreadSection failed.
01-13 09:00:44.069 7573 7964 D incident: section 3052 status 2
01-13 09:00:44.069 1202 1202 D incidentd: Finish incident report section 3052 'dumpsys nfc --proto'
01-13 09:00:44.069 1202 1202 D incidentd: Start incident report section 3053 'dumpsys sensorservice --proto'
01-13 09:00:44.069 7573 7964 D incident: section 3053 status 1
01-13 09:00:44.070 1477 4903 D PermissionCache: checking android.permission.DUMP for uid=1067 => granted (177 us)
01-13 09:00:44.070 1202 1202 D incidentd: Finish incident report section 3053 'dumpsys sensorservice --proto'
01-13 09:00:44.070 1202 1202 D incidentd: Start incident report section 3054 'dumpsys powerstats --proto meter'
01-13 09:00:44.071 7573 7964 D incident: section 3053 status 2
01-13 09:00:44.071 7573 7964 D incident: section 3054 status 1
01-13 09:00:44.071 1477 4903 E PowerStatsService: PowerStats HAL is not initialized. No data available.
01-13 09:00:44.071 7573 7575 D incident: section 3054 status 2
01-13 09:00:44.071 1202 1202 D incidentd: Finish incident report section 3054 'dumpsys powerstats --proto meter'
01-13 09:00:44.071 1202 1202 D incidentd: Start incident report section 3055 'dumpsys powerstats --proto model'
01-13 09:00:44.071 7573 7575 D incident: section 3055 status 1
01-13 09:00:44.072 1477 4903 E PowerStatsService: PowerStats HAL is not initialized. No data available.
01-13 09:00:44.073 7573 7575 D incident: section 3055 status 2
01-13 09:00:44.073 1202 1202 D incidentd: Finish incident report section 3055 'dumpsys powerstats --proto model'
01-13 09:00:44.073 1202 1202 D incidentd: Start incident report section 3056 'dumpsys powerstats --proto residency'
01-13 09:00:44.073 7573 7575 D incident: section 3056 status 1
01-13 09:00:44.074 1477 4903 E PowerStatsService: PowerStats HAL is not initialized. No data available.
01-13 09:00:44.075 1202 1202 D incidentd: Finish incident report section 3056 'dumpsys powerstats --proto residency'
01-13 09:00:44.075 7573 7575 D incident: section 3056 status 2
01-13 09:00:44.075 7573 7575 D incident: done
01-13 09:00:44.077 1202 1202 I incidentd: Done taking incident report err=Success
01-13 09:00:44.100 7374 7569 D dumpstate: Duration of 'INCIDENT REPORT': 18.81s
01-13 09:00:44.164 652 667 I mpu_uart: [MSG-P:RECV]:No message received in 1000 ms
01-01 08:11:33.343 0 0 E [soft_i][0x3197836eb][09:00:44.331793] wlan: [0:E:DP] dp_tx_comp_process_tx_status: 3431: peer is null or deletion in progress
01-13 09:00:45.077 1202 1202 D incidentd: WorkDirectory::getReports
01-13 09:00:45.164 652 667 I mpu_uart: [MSG-P:RECV]:No message received in 1000 ms
01-13 09:00:45.457 2133 2247 D MicroService: getEvent: clientSocket = Socket[address=/192.168.4.4,port=59950,localPort=9999]
01-13 09:00:45.458 2133 2247 D MicroService: run: called
01-13 09:00:45.458 2133 2247 D MicroService: getEvent: start waiting...
01-13 09:00:45.459 2133 8478 I MicroService: getStringByData(noZero): IDCM_TBoxService
01-13 09:00:45.459 2133 8478 I MicroService: getStringByData(noZero): FSEM_SettingService
01-13 09:00:45.459 2133 8478 I MicroService: getStringByData: {"dstService":"FSEM_SettingService","messageType":0,"methodName":"netstatus","parameters":{"functionInfo":{"IDCM_celltype":40,"IDCM_netstatus":43,"IDCM_signalstrength":41}},"srcService":"IDCM_TBoxService","uuid":1680146877984909000}
01-13 09:00:45.459 2133 8478 I MicroService: Receive message: SocketMessageBean{businessData='21930', srcService='IDCM_TBoxService', destService='FSEM_SettingService', messageType='0', uuid='1680146877984909000', payloadData={"dstService":"FSEM_SettingService","messageType":0,"methodName":"netstatus","parameters":{"functionInfo":{"IDCM_celltype":40,"IDCM_netstatus":43,"IDCM_signalstrength":41}},"srcService":"IDCM_TBoxService","uuid":1680146877984909000}
01-13 09:00:45.459 2133 8478 I MicroService: }
01-13 09:00:45.459 2133 8478 I MicroService: dealMessage: 0
01-13 09:00:45.459 2133 8478 I MicroService: onRequest(netstatus): {"functionInfo":{"IDCM_celltype":40,"IDCM_netstatus":43,"IDCM_signalstrength":41}}
01-13 09:00:45.461 2177 2232 D MicroSettings: SettingMicroservices: get request method = netstatus parameters = {"functionInfo":{"IDCM_celltype":40,"IDCM_netstatus":43,"IDCM_signalstrength":41}}
01-13 09:00:45.461 2177 2232 D MicroSettings: SettingMicroservices: functionInfo.class = class org.json.JSONObject functionInfo = {"IDCM_celltype":40,"IDCM_netstatus":43,"IDCM_signalstrength":41}
01-13 09:00:45.461 2177 2232 D MicroSettings: SettingMicroservices: setNetStatus: 43
01-13 09:00:45.511 7374 7374 D dumpstate: Duration of 'SERVICE HIGH connectivity': 2.59s
01-13 09:00:45.555 652 666 I mpu_uart: [MSG-P:R]:recv sync frame timeout
01-13 09:00:45.586 8480 8480 D ProcessState: Binder ioctl to enable oneway spam detection failed: Invalid argument
01-01 08:11:34.598 0 0 I binder : 8480:8480 ioctl 40046210 7fed446094 returned -22
01-13 09:00:45.611 8481 8481 W df : type=1400 audit(0.0:4893): avc: denied { getattr } for path="/persist" dev="sda2" ino=2 scontext=u:r:dumpstate:s0 tcontext=u:object_r:mnt_vendor_file:s0 tclass=dir permissive=0
01-13 09:00:45.691 7374 7374 D dumpstate: Adding dir /data/misc/snapshotctl_log (recursive: 0)
01-13 09:00:45.739 1477 2568 D CompatibilityChangeReporter: Compat change id reported: 174042980; UID 10025; state: DISABLED
01-13 09:00:45.762 1477 2568 D CompatibilityChangeReporter: Compat change id reported: 174042980; UID 10035; state: DISABLED
01-13 09:00:45.765 1477 2568 D CompatibilityChangeReporter: Compat change id reported: 174042980; UID 10118; state: DISABLED
01-13 09:00:45.767 1477 2568 D CompatibilityChangeReporter: Compat change id reported: 174042980; UID 10100; state: DISABLED
01-13 09:00:45.767 1477 2568 D CompatibilityChangeReporter: Compat change id reported: 174042980; UID 10104; state: DISABLED
01-13 09:00:45.768 1477 2568 D CompatibilityChangeReporter: Compat change id reported: 174042980; UID 10079; state: DISABLED
01-13 09:00:45.768 1477 2568 D CompatibilityChangeReporter: Compat change id reported: 174042980; UID 10105; state: DISABLED
01-13 09:00:45.770 1477 2568 D CompatibilityChangeReporter: Compat change id reported: 174042980; UID 10115; state: DISABLED
01-13 09:00:45.773 1477 2568 D CompatibilityChangeReporter: Compat change id reported: 174042980; UID 10116; state: DISABLED
01-13 09:00:45.776 1477 2568 D CompatibilityChangeReporter: Compat change id reported: 174042980; UID 10106; state: DISABLED
01-13 09:00:45.778 1477 2568 D CompatibilityChangeReporter: Compat change id reported: 174042980; UID 10102; state: DISABLED
01-13 09:00:45.995 1274 1400 E tlogd : [TzLogger](isPathReadable) file /sys/kernel/debug/tzdbg/qsee_log isn't exist or no permission, err: No such file or directory
01-13 09:00:45.995 1274 1400 E tlogd : [TzLogger](saveTzlogAsync) /sys/kernel/debug/tzdbg/qsee_log can not read.
01-13 09:00:45.995 1274 1400 E tlogd : [TzLogger](isPathReadable) file /sys/kernel/debug/tzdbg/log isn't exist or no permission, err: No such file or directory
01-13 09:00:45.995 1274 1400 E tlogd : [TzLogger](saveTzlogAsync) /sys/kernel/debug/tzdbg/log can not read.
01-13 09:00:46.036 1477 2568 I AdbDebuggingManager: Cannot read system keys
01-13 09:00:46.036 1477 2568 I AdbDebuggingManager: java.io.FileNotFoundException: /adb_keys: open failed: ENOENT (No such file or directory)
01-13 09:00:46.036 1477 2568 I AdbDebuggingManager: at libcore.io.IoBridge.open(IoBridge.java:575)
01-13 09:00:46.036 1477 2568 I AdbDebuggingManager: at java.io.FileInputStream.(FileInputStream.java:160)
01-13 09:00:46.036 1477 2568 I AdbDebuggingManager: at android.os.FileUtils.readTextFile(FileUtils.java:637)
01-13 09:00:46.036 1477 2568 I AdbDebuggingManager: at com.android.server.adb.AdbDebuggingManager.dump(AdbDebuggingManager.java:1762)
01-13 09:00:46.036 1477 2568 I AdbDebuggingManager: at com.android.server.adb.AdbService.dump(AdbService.java:546)
01-13 09:00:46.036 1477 2568 I AdbDebuggingManager: at android.os.Binder.doDump(Binder.java:887)
01-13 09:00:46.036 1477 2568 I AdbDebuggingManager: at android.os.Binder.dump(Binder.java:877)
01-13 09:00:46.036 1477 2568 I AdbDebuggingManager: at android.os.Binder.onTransact(Binder.java:813)
01-13 09:00:46.036 1477 2568 I AdbDebuggingManager: at android.debug.IAdbManager$Stub.onTransact(IAdbManager.java:343)
01-13 09:00:46.036 1477 2568 I AdbDebuggingManager: at android.os.Binder.execTransactInternal(Binder.java:1184)
01-13 09:00:46.036 1477 2568 I AdbDebuggingManager: at android.os.Binder.execTransact(Binder.java:1143)
01-13 09:00:46.036 1477 2568 I AdbDebuggingManager: Caused by: android.system.ErrnoException: open failed: ENOENT (No such file or directory)
01-13 09:00:46.036 1477 2568 I AdbDebuggingManager: at libcore.io.Linux.open(Native Method)
01-13 09:00:46.036 1477 2568 I AdbDebuggingManager: at libcore.io.ForwardingOs.open(ForwardingOs.java:567)
01-13 09:00:46.036 1477 2568 I AdbDebuggingManager: at libcore.io.BlockGuardOs.open(BlockGuardOs.java:273)
01-13 09:00:46.036 1477 2568 I AdbDebuggingManager: at libcore.io.IoBridge.open(IoBridge.java:561)
01-13 09:00:46.036 1477 2568 I AdbDebuggingManager: ... 10 more
01-01 08:11:35.074 0 0 I binder : 7374:8499 transaction failed 29201/-1, size 40-8 line 3079
01-01 08:11:35.074 0 0 I binder : 7374:8500 transaction failed 29201/-1, size 40-8 line 3079
01-13 09:00:46.141 1477 2568 W AudioIDCMicroNegotiator: idcm_warn: idcm control is not enable
01-13 09:00:46.142 1477 2568 W AS.AudioService: idcm_warn: MicroService is not inited
01-13 09:00:46.146 1477 2568 W AutofillManagerService: Ignoring invalid dump arg: -a
01-13 09:00:46.147 1477 2568 V AutofillManagerServiceImpl: getServiceUidLocked(): no mServiceInfo
01-13 09:00:46.147 1477 2568 V FieldClassificationStrategy: getServiceComponentName(): ComponentInfo{android.ext.services/android.ext.services.autofill.AutofillFieldClassificationServiceImpl}
