01-13 09:00:05.147 633 633 I tombstoned: found intercept fd 512 for pid 1197 and type kDebuggerdNativeBacktrace
01-13 09:00:05.148 7500 7500 I crash_dump64: performing dump of process 1197 (target tid = 1197)
01-13 09:00:05.170 7374 7422 I dumpstate: libdebuggerd_client: done dumping process 1197
01-13 09:00:05.170 633 633 W tombstoned: missing output fd
01-13 09:00:05.171 7374 7422 I dumpstate: libdebuggerd_client: started dumping process 1207
01-13 09:00:05.172 633 633 I tombstoned: registered intercept for pid 1207 and type kDebuggerdNativeBacktrace
01-13 09:00:05.184 633 633 I tombstoned: received crash request for pid 1207
01-13 09:00:05.184 633 633 I tombstoned: found intercept fd 512 for pid 1207 and type kDebuggerdNativeBacktrace
01-13 09:00:05.249 633 633 W tombstoned: missing output fd
01-13 09:00:05.249 7374 7422 I dumpstate: libdebuggerd_client: done dumping process 1207
01-13 09:00:05.251 7374 7422 I dumpstate: libdebuggerd_client: started dumping process 1210
01-13 09:00:05.252 633 633 I tombstoned: registered intercept for pid 1210 and type kDebuggerdNativeBacktrace
01-13 09:00:05.252 1210 1210 I libc : Requested dump for tid 1210 (mediametrics)
01-13 09:00:05.276 7505 7505 I crash_dump64: obtaining output fd from tombstoned, type: kDebuggerdNativeBacktrace
01-13 09:00:05.277 7443 7443 I ServiceManager: Waiting for service 'lpdump_service' on '/dev/binder' successful after waiting 1002ms
01-13 09:00:05.277 633 633 I tombstoned: received crash request for pid 1210
01-13 09:00:05.277 633 633 I tombstoned: found intercept fd 512 for pid 1210 and type kDebuggerdNativeBacktrace
01-13 09:00:05.277 7446 7448 E lpdumpd : [liblp]bool android::fs_mgr::IsEmptySuperImage(const std::string &) open failed: No such file or directory
01-13 09:00:05.277 7505 7505 I crash_dump64: performing dump of process 1210 (target tid = 1210)
01-13 09:00:05.282 7446 7448 E lpdumpd : [liblp]bool android::fs_mgr::IsEmptySuperImage(const std::string &) open failed: No such file or directory
01-13 09:00:05.282 7446 7448 E lpdumpd : [liblp]bool android::fs_mgr::IsEmptySuperImage(const std::string &) open failed: No such file or directory
01-13 09:00:05.290 7374 7374 D dumpstate: Duration of 'LPDUMP': 1.05s
01-13 09:00:05.294 7374 7422 I dumpstate: libdebuggerd_client: done dumping process 1210
01-13 09:00:05.295 7374 7422 I dumpstate: libdebuggerd_client: started dumping process 1212
01-13 09:00:05.296 633 633 I tombstoned: registered intercept for pid 1212 and type kDebuggerdNativeBacktrace
01-13 09:00:05.296 1212 1212 I libc : Requested dump for tid 1212 (mediaserver)
01-13 09:00:05.296 633 633 W tombstoned: missing output fd
01-13 09:00:05.312 7508 7508 D ProcessState: Binder ioctl to enable oneway spam detection failed: Invalid argument
01-13 09:00:05.313 511 511 I servicemanager: Since 'gsiservice' could not be found, trying to start it as a lazy AIDL service
01-01 08:10:54.323 0 0 I binder : 7508:7508 ioctl 40046210 7fe806ad04 returned -22
01-13 09:00:05.319 7512 7512 W gsid : type=1400 audit(0.0:1699): avc: denied { kill } for capability=5 scontext=u:r:gsid:s0 tcontext=u:r:gsid:s0 tclass=capability permissive=0
01-13 09:00:05.334 7513 7513 I crash_dump32: obtaining output fd from tombstoned, type: kDebuggerdNativeBacktrace
01-13 09:00:05.335 633 633 I tombstoned: received crash request for pid 1212
01-13 09:00:05.335 633 633 I tombstoned: found intercept fd 512 for pid 1212 and type kDebuggerdNativeBacktrace
01-13 09:00:05.335 7513 7513 I crash_dump32: performing dump of process 1212 (target tid = 1212)
01-13 09:00:05.344 7512 7512 D ProcessState: Binder ioctl to enable oneway spam detection failed: Invalid argument
01-13 09:00:05.348 7512 7512 I AidlLazyServiceRegistrar: Registering service gsiservice
01-01 08:10:54.355 0 0 I binder : 7512:7512 ioctl 40046210 7fc2b104a4 returned -22
01-13 09:00:05.373 7374 7422 I dumpstate: libdebuggerd_client: done dumping process 1212
01-13 09:00:05.374 633 633 W tombstoned: missing output fd
01-13 09:00:05.376 7374 7422 I dumpstate: libdebuggerd_client: started dumping process 1225
01-13 09:00:05.377 633 633 I tombstoned: registered intercept for pid 1225 and type kDebuggerdNativeBacktrace
01-13 09:00:05.378 633 633 I tombstoned: received crash request for pid 1225
01-13 09:00:05.378 633 633 I tombstoned: found intercept fd 512 for pid 1225 and type kDebuggerdNativeBacktrace
01-13 09:00:05.386 7374 7422 I dumpstate: libdebuggerd_client: done dumping process 1225
01-13 09:00:05.386 633 633 W tombstoned: failed to read from crash socket: Connection reset by peer
01-13 09:00:05.390 7374 7422 I dumpstate: libdebuggerd_client: started dumping process 1226
01-13 09:00:05.392 633 633 I tombstoned: registered intercept for pid 1226 and type kDebuggerdNativeBacktrace
01-13 09:00:05.394 633 633 I tombstoned: received crash request for pid 1226
01-13 09:00:05.394 633 633 I tombstoned: found intercept fd 512 for pid 1226 and type kDebuggerdNativeBacktrace
01-13 09:00:05.445 7517 7517 E wfdhdcphal: wfdhdcphalservice starting...
01-13 09:00:05.445 7517 7517 W wfdhdcphalservice: libminijail[7517]: failed to get path of fd 4: No such file or directory
01-13 09:00:05.445 7517 7517 W wfdhdcphalservice: libminijail[7517]: allowing syscall: clock_gettime
01-13 09:00:05.445 7517 7517 W wfdhdcphalservice: libminijail[7517]: allowing syscall: connect
01-13 09:00:05.445 7517 7517 W wfdhdcphalservice: libminijail[7517]: allowing syscall: fcntl64
01-13 09:00:05.445 7517 7517 W wfdhdcphalservice: libminijail[7517]: allowing syscall: socket
01-13 09:00:05.445 7517 7517 W wfdhdcphalservice: libminijail[7517]: allowing syscall: writev
01-13 09:00:05.445 7517 7517 W wfdhdcphalservice: libminijail[7517]: logging seccomp filter failures
01-13 09:00:05.449 7517 7517 I HidlServiceManagement: Registered android.hardware.drm@1.3::IDrmFactory/wfdhdcp (start delay of 61ms)
01-13 09:00:05.454 7517 7517 I HidlServiceManagement: Registered android.hardware.drm@1.3::ICryptoFactory/wfdhdcp (start delay of 66ms)
01-13 09:00:05.818 7374 7422 I dumpstate: libdebuggerd_client: done dumping process 1226
01-13 09:00:05.818 633 633 W tombstoned: missing output fd
01-13 09:00:05.821 7374 7422 I dumpstate: libdebuggerd_client: started dumping process 1263
01-13 09:00:05.822 633 633 I tombstoned: registered intercept for pid 1263 and type kDebuggerdNativeBacktrace
01-13 09:00:05.822 633 633 I tombstoned: received crash request for pid 1263
01-13 09:00:05.822 633 633 I tombstoned: found intercept fd 512 for pid 1263 and type kDebuggerdNativeBacktrace
01-13 09:00:05.986 1274 1400 E tlogd : [TzLogger](isPathReadable) file /sys/kernel/debug/tzdbg/qsee_log isn't exist or no permission, err: No such file or directory
01-13 09:00:05.986 1274 1400 E tlogd : [TzLogger](saveTzlogAsync) /sys/kernel/debug/tzdbg/qsee_log can not read.
01-13 09:00:05.987 1274 1400 E tlogd : [TzLogger](isPathReadable) file /sys/kernel/debug/tzdbg/log isn't exist or no permission, err: No such file or directory
01-13 09:00:05.987 1274 1400 E tlogd : [TzLogger](saveTzlogAsync) /sys/kernel/debug/tzdbg/log can not read.
01-13 09:00:06.022 633 633 W tombstoned: missing output fd
01-13 09:00:06.022 7374 7422 I dumpstate: libdebuggerd_client: done dumping process 1263
01-13 09:00:06.024 7374 7422 I dumpstate: libdebuggerd_client: started dumping process 1278
01-13 09:00:06.024 633 633 I tombstoned: registered intercept for pid 1278 and type kDebuggerdNativeBacktrace
01-13 09:00:06.025 1278 1278 I libc : Requested dump for tid 1278 (qfp-daemon)
01-13 09:00:06.049 7522 7522 I crash_dump64: obtaining output fd from tombstoned, type: kDebuggerdNativeBacktrace
01-13 09:00:06.050 633 633 I tombstoned: received crash request for pid 1278
01-13 09:00:06.050 633 633 I tombstoned: found intercept fd 512 for pid 1278 and type kDebuggerdNativeBacktrace
01-13 09:00:06.050 7522 7522 I crash_dump64: performing dump of process 1278 (target tid = 1278)
01-13 09:00:06.062 633 633 W tombstoned: missing output fd
01-13 09:00:06.062 7374 7422 I dumpstate: libdebuggerd_client: done dumping process 1278
01-13 09:00:06.074 7374 7422 I dumpstate: libdebuggerd_client: started dumping process 1477
01-13 09:00:06.075 633 633 I tombstoned: registered intercept for pid 1477 and type kDebuggerdJavaBacktrace
01-13 09:00:06.075 1477 1503 I system_server: Thread[2,tid=1503,WaitingInMainSignalCatcherLoop,Thread*=0xb40000777bacc630,peer=0x15580c70,"Signal Catcher"]: reacting to signal 3
01-13 09:00:06.076 1477 1503 I system_server:
01-13 09:00:06.140 652 667 I mpu_uart: [MSG-P:RECV]:No message received in 1000 ms
01-13 09:00:06.208 1477 1818 I HidlSensorManager: hidl_ssvc_poll: spurious wake up, back to work
01-13 09:00:06.314 7508 7508 W ServiceManager: Waited one second for gsiservice (is service started? are binder threads started and available?)
01-13 09:00:06.314 511 511 I BpBinder: onLastStrongRef automatically unlinking death recipients:
01-13 09:00:06.319 7374 7374 D dumpstate: Duration of 'DEVICE-MAPPER': 1.03s
01-13 09:00:06.319 7374 7374 D dumpstate: Adding dir /metadata/ota (recursive: 1)
01-13 09:00:06.319 0 0 W swapper/3: type=1400 audit(0.0:1700): avc: denied { kill } for capability=5 scontext=u:r:kernel:s0 tcontext=u:r:kernel:s0 tclass=capability permissive=0
01-01 08:10:55.337 0 0 I binder : undelivered transaction 205804, process died.
01-13 09:00:06.406 633 633 I tombstoned: received crash request for pid 1477
01-13 09:00:06.406 633 633 I tombstoned: found intercept fd 512 for pid 1477 and type kDebuggerdJavaBacktrace
01-13 09:00:06.407 1477 1503 I system_server: Wrote stack traces to tombstoned
01-13 09:00:06.407 633 633 W tombstoned: missing output fd
01-13 09:00:06.407 7374 7422 I dumpstate: libdebuggerd_client: done dumping process 1477
01-13 09:00:06.411 2133 2247 D MicroService: getEvent: clientSocket = Socket[address=/192.168.4.4,port=59930,localPort=9999]
01-13 09:00:06.413 2133 2247 D MicroService: run: called
01-13 09:00:06.413 2133 2247 D MicroService: getEvent: start waiting...
01-13 09:00:06.414 2133 7527 I MicroService: getStringByData(noZero): IDCM_TBoxService
01-13 09:00:06.414 2133 7527 I MicroService: getStringByData(noZero): FSEM_SettingService
01-13 09:00:06.414 2133 7527 I MicroService: getStringByData: {"dstService":"FSEM_SettingService","messageType":0,"methodName":"netstatus","parameters":{"functionInfo":{"IDCM_celltype":40,"IDCM_netstatus":43,"IDCM_signalstrength":41}},"srcService":"IDCM_TBoxService","uuid":1680146838954999000}
01-13 09:00:06.414 2133 7527 I MicroService: Receive message: SocketMessageBean{businessData='21930', srcService='IDCM_TBoxService', destService='FSEM_SettingService', messageType='0', uuid='1680146838954999000', payloadData={"dstService":"FSEM_SettingService","messageType":0,"methodName":"netstatus","parameters":{"functionInfo":{"IDCM_celltype":40,"IDCM_netstatus":43,"IDCM_signalstrength":41}},"srcService":"IDCM_TBoxService","uuid":1680146838954999000}
01-13 09:00:06.414 2133 7527 I MicroService: }
01-13 09:00:06.414 2133 7527 I MicroService: dealMessage: 0
01-13 09:00:06.414 2133 7527 I MicroService: onRequest(netstatus): {"functionInfo":{"IDCM_celltype":40,"IDCM_netstatus":43,"IDCM_signalstrength":41}}
01-13 09:00:06.415 2177 2232 D MicroSettings: SettingMicroservices: get request method = netstatus parameters = {"functionInfo":{"IDCM_celltype":40,"IDCM_netstatus":43,"IDCM_signalstrength":41}}
01-13 09:00:06.416 2177 2232 D MicroSettings: SettingMicroservices: functionInfo.class = class org.json.JSONObject functionInfo = {"IDCM_celltype":40,"IDCM_netstatus":43,"IDCM_signalstrength":41}
01-13 09:00:06.416 2177 2232 D MicroSettings: SettingMicroservices: setNetStatus: 43
01-13 09:00:06.420 7374 7422 I dumpstate: libdebuggerd_client: started dumping process 1997
01-13 09:00:06.422 633 633 I tombstoned: registered intercept for pid 1997 and type kDebuggerdJavaBacktrace
01-13 09:00:06.422 1997 2002 I droid.bluetoot: Thread[5,tid=2002,WaitingInMainSignalCatcherLoop,Thread*=0xb40000777baddc50,peer=0x13240858,"Signal Catcher"]: reacting to signal 3
01-13 09:00:06.422 1997 2002 I droid.bluetoot:
01-13 09:00:06.428 7528 7528 D dumpstate: execvp on command 'iotop -n 1 -m 100' failed (error: No such file or directory)
01-13 09:00:06.430 7374 7374 E dumpstate: *** command 'iotop -n 1 -m 100' failed: exit code 1
01-13 09:00:06.454 7529 7529 E dmabuf_dump: Failed to open dmabuf info from debugfs
01-01 08:10:55.484 0 0 E DTC_eth,link_delay_work_func: 3002, SQI=15, link=1
01-13 09:00:06.524 652 666 I mpu_uart: [MSG-P:R]:recv sync frame timeout
01-13 09:00:06.592 633 633 I tombstoned: received crash request for pid 1997
01-13 09:00:06.592 633 633 I tombstoned: found intercept fd 512 for pid 1997 and type kDebuggerdJavaBacktrace
01-13 09:00:06.593 1997 2002 I droid.bluetoot: Wrote stack traces to tombstoned
01-13 09:00:06.593 633 633 W tombstoned: missing output fd
01-13 09:00:06.593 7374 7422 I dumpstate: libdebuggerd_client: done dumping process 1997
01-13 09:00:06.598 7374 7422 I dumpstate: libdebuggerd_client: started dumping process 2015
01-13 09:00:06.598 633 633 I tombstoned: registered intercept for pid 2015 and type kDebuggerdJavaBacktrace
01-13 09:00:06.603 2015 2023 I ndroid.systemu: Thread[3,tid=2023,WaitingInMainSignalCatcherLoop,Thread*=0xb40000777badf820,peer=0x13ac01c0,"Signal Catcher"]: reacting to signal 3
01-13 09:00:06.603 2015 2023 I ndroid.systemu:
01-13 09:00:06.653 7530 7530 E dmabuf_dump: Unable to access: /sys/kernel/dmabuf/buffers: No such file or directory
01-13 09:00:06.851 633 633 I tombstoned: received crash request for pid 2015
01-13 09:00:06.851 633 633 I tombstoned: found intercept fd 512 for pid 2015 and type kDebuggerdJavaBacktrace
01-13 09:00:06.852 2015 2023 I ndroid.systemu: Wrote stack traces to tombstoned
01-13 09:00:06.852 7374 7422 I dumpstate: libdebuggerd_client: done dumping process 2015
01-13 09:00:06.855 7374 7422 I dumpstate: libdebuggerd_client: started dumping process 2133
01-13 09:00:06.856 633 633 W tombstoned: missing output fd
01-13 09:00:06.856 633 633 I tombstoned: registered intercept for pid 2133 and type kDebuggerdJavaBacktrace
01-13 09:00:06.857 2133 2142 I mm.microservic: Thread[6,tid=2142,WaitingInMainSignalCatcherLoop,Thread*=0xb40000777bac72c0,peer=0x12e801c0,"Signal Catcher"]: reacting to signal 3
01-13 09:00:06.857 2133 2142 I mm.microservic:
01-13 09:00:06.933 633 633 I tombstoned: received crash request for pid 2133
01-13 09:00:06.933 633 633 I tombstoned: found intercept fd 512 for pid 2133 and type kDebuggerdJavaBacktrace
01-13 09:00:06.935 7374 7422 I dumpstate: libdebuggerd_client: done dumping process 2133
01-13 09:00:06.935 2133 2142 I mm.microservic: Wrote stack traces to tombstoned
01-13 09:00:06.935 633 633 W tombstoned: missing output fd
01-13 09:00:06.935 7374 7422 I dumpstate: libdebuggerd_client: started dumping process 2159
01-13 09:00:06.936 633 633 I tombstoned: registered intercept for pid 2159 and type kDebuggerdJavaBacktrace
01-13 09:00:07.141 652 667 I mpu_uart: [MSG-P:RECV]:No message received in 1000 ms
01-13 09:00:07.319 0 0 W swapper/3: type=1400 audit(0.0:1701): avc: denied { kill } for capability=5 scontext=u:r:kernel:s0 tcontext=u:r:kernel:s0 tclass=capability permissive=0
01-13 09:00:07.887 511 511 I servicemanager: Notifying gsiservice they have clients: 1
01-13 09:00:07.888 511 511 I servicemanager: Notifying gsiservice they have clients: 0
01-13 09:00:07.888 7512 7516 I AidlLazyServiceRegistrar: Process has 1 (of 1 available) client(s) in use after notification gsiservice has clients: 1
01-13 09:00:07.889 7512 7512 I AidlLazyServiceRegistrar: Process has 0 (of 1 available) client(s) in use after notification gsiservice has clients: 0
01-13 09:00:07.889 7512 7512 I AidlLazyServiceRegistrar: Trying to shut down the service. No clients in use for any service in process.
01-13 09:00:07.890 511 511 I BpBinder: onLastStrongRef automatically unlinking death recipients:
01-13 09:00:07.890 7512 7512 I AidlLazyServiceRegistrar: Unregistered all clients and exiting
01-01 08:10:56.908 0 0 I init : Service 'gsid' (pid 7512) exited with status 0 oneshot service took 2.578000 seconds in background
01-01 08:10:56.908 0 0 I init : Sending signal 9 to service 'gsid' (pid 7512) process group...
01-01 08:10:56.909 0 0 I libprocessgroup: Successfully killed process cgroup uid 0 pid 7512 in 0ms
01-13 09:00:08.141 652 667 I mpu_uart: [MSG-P:RECV]:No message received in 1000 ms
01-01 08:10:57.343 0 0 E [soft_i][0x2f0456066][09:00:08.331919] wlan: [0:E:DP] dp_tx_comp_process_tx_status: 3431: peer is null or deletion in progress
01-13 09:00:09.145 652 667 I mpu_uart: [MSG-P:RECV]:No message received in 1000 ms
01-13 09:00:09.319 0 0 W swapper/1: type=1400 audit(0.0:1702): avc: denied { kill } for capability=5 scontext=u:r:kernel:s0 tcontext=u:r:kernel:s0 tclass=capability permissive=0
01-13 09:00:09.417 2133 2247 D MicroService: getEvent: clientSocket = Socket[address=/192.168.4.4,port=59936,localPort=9999]
01-13 09:00:09.420 2133 2247 D MicroService: run: called
01-13 09:00:09.420 2133 2247 D MicroService: getEvent: start waiting...
01-13 09:00:09.421 2133 7533 I MicroService: getStringByData(noZero): IDCM_TBoxService
01-13 09:00:09.422 2133 7533 I MicroService: getStringByData(noZero): FSEM_SettingService
01-13 09:00:09.422 2133 7533 I MicroService: getStringByData: {"dstService":"FSEM_SettingService","messageType":0,"methodName":"netstatus","parameters":{"functionInfo":{"IDCM_celltype":40,"IDCM_netstatus":43,"IDCM_signalstrength":41}},"srcService":"IDCM_TBoxService","uuid":1680146841960328000}
01-13 09:00:09.422 2133 7533 I MicroService: Receive message: SocketMessageBean{businessData='21930', srcService='IDCM_TBoxService', destService='FSEM_SettingService', messageType='0', uuid='1680146841960328000', payloadData={"dstService":"FSEM_SettingService","messageType":0,"methodName":"netstatus","parameters":{"functionInfo":{"IDCM_celltype":40,"IDCM_netstatus":43,"IDCM_signalstrength":41}},"srcService":"IDCM_TBoxService","uuid":1680146841960328000}
01-13 09:00:09.422 2133 7533 I MicroService: }
01-13 09:00:09.423 2133 7533 I MicroService: dealMessage: 0
01-13 09:00:09.423 2133 7533 I MicroService: onRequest(netstatus): {"functionInfo":{"IDCM_celltype":40,"IDCM_netstatus":43,"IDCM_signalstrength":41}}
01-13 09:00:09.425 2177 2232 D MicroSettings: SettingMicroservices: get request method = netstatus parameters = {"functionInfo":{"IDCM_celltype":40,"IDCM_netstatus":43,"IDCM_signalstrength":41}}
01-13 09:00:09.425 2177 2232 D MicroSettings: SettingMicroservices: functionInfo.class = class org.json.JSONObject functionInfo = {"IDCM_celltype":40,"IDCM_netstatus":43,"IDCM_signalstrength":41}
01-13 09:00:09.425 2177 2232 D MicroSettings: SettingMicroservices: setNetStatus: 43
01-13 09:00:09.528 652 666 I mpu_uart: [MSG-P:R]:recv sync frame timeout
01-13 09:00:10.146 652 667 I mpu_uart: [MSG-P:RECV]:No message received in 1000 ms
01-13 09:00:10.319 0 0 W swapper/1: type=1400 audit(0.0:1703): avc: denied { kill } for capability=5 scontext=u:r:kernel:s0 tcontext=u:r:kernel:s0 tclass=capability permissive=0
01-13 09:00:10.957 1477 1930 I GameModeConfig: isGameModeOn = true
01-13 09:00:10.960 1477 1930 I GameModeConfig: isGaming = false
01-13 09:00:10.979 2015 2015 D InterruptionStateProvider: No alerting: filtered notification: 0|com.android.systemui|1|empty_media|10082
01-13 09:00:10.980 2015 2015 D InterruptionStateProvider: No bubble up: not allowed to bubble: 0|com.android.systemui|2048|null|10082
01-13 09:00:10.987 1274 1400 E tlogd : [TzLogger](isPathReadable) file /sys/kernel/debug/tzdbg/qsee_log isn't exist or no permission, err: No such file or directory
01-13 09:00:10.987 1274 1400 E tlogd : [TzLogger](saveTzlogAsync) /sys/kernel/debug/tzdbg/qsee_log can not read.
01-13 09:00:10.987 1274 1400 E tlogd : [TzLogger](isPathReadable) file /sys/kernel/debug/tzdbg/log isn't exist or no permission, err: No such file or directory
01-13 09:00:10.987 1274 1400 E tlogd : [TzLogger](saveTzlogAsync) /sys/kernel/debug/tzdbg/log can not read.
01-13 09:00:11.147 652 667 I mpu_uart: [MSG-P:RECV]:No message received in 1000 ms
01-13 09:00:11.319 0 0 W swapper/1: type=1400 audit(0.0:1704): avc: denied { kill } for capability=5 scontext=u:r:kernel:s0 tcontext=u:r:kernel:s0 tclass=capability permissive=0
01-01 08:11:00.600 0 0 E DTC_eth,link_delay_work_func: 3002, SQI=15, link=1
01-13 09:00:12.100 7374 7422 E dumpstate: libdebuggerd_client: failed to read status response from tombstoned: Try again
01-13 09:00:12.106 7374 7422 I dumpstate: libdebuggerd_client: started dumping process 2177
01-13 09:00:12.107 633 633 I tombstoned: intercept for pid 2159 and type kDebuggerdJavaBacktrace terminated: due to input
01-13 09:00:12.108 2177 2188 I m.microsetting: Thread[6,tid=2188,WaitingInMainSignalCatcherLoop,Thread*=0xb40000777bac72c0,peer=0x12e408a0,"Signal Catcher"]: reacting to signal 3
01-13 09:00:12.108 633 633 I tombstoned: registered intercept for pid 2177 and type kDebuggerdJavaBacktrace
01-13 09:00:12.108 2177 2188 I m.microsetting:
01-13 09:00:12.147 652 667 I mpu_uart: [MSG-P:RECV]:No message received in 1000 ms
01-13 09:00:12.173 633 633 I tombstoned: received crash request for pid 2177
01-13 09:00:12.173 633 633 I tombstoned: found intercept fd 512 for pid 2177 and type kDebuggerdJavaBacktrace
01-13 09:00:12.174 633 633 W tombstoned: missing output fd
01-13 09:00:12.174 2177 2188 I m.microsetting: Wrote stack traces to tombstoned
01-13 09:00:12.174 7374 7422 I dumpstate: libdebuggerd_client: done dumping process 2177
01-13 09:00:12.176 7374 7422 I dumpstate: libdebuggerd_client: started dumping process 2182
01-13 09:00:12.176 633 633 I tombstoned: registered intercept for pid 2182 and type kDebuggerdJavaBacktrace
01-13 09:00:12.176 2182 2203 I .dataservices: Thread[3,tid=2203,WaitingInMainSignalCatcherLoop,Thread*=0xb40000777badf820,peer=0x130401c0,"Signal Catcher"]: reacting to signal 3
01-13 09:00:12.176 2182 2203 I .dataservices:
01-13 09:00:12.256 633 633 I tombstoned: received crash request for pid 2182
01-13 09:00:12.256 633 633 I tombstoned: found intercept fd 512 for pid 2182 and type kDebuggerdJavaBacktrace
01-13 09:00:12.257 2182 2203 I .dataservices: Wrote stack traces to tombstoned
01-13 09:00:12.257 633 633 W tombstoned: missing output fd
01-13 09:00:12.257 7374 7422 I dumpstate: libdebuggerd_client: done dumping process 2182
01-13 09:00:12.260 7374 7422 I dumpstate: libdebuggerd_client: started dumping process 2190
01-13 09:00:12.261 633 633 I tombstoned: registered intercept for pid 2190 and type kDebuggerdJavaBacktrace
01-13 09:00:12.261 2190 2218 I qtidataservice: Thread[6,tid=2218,WaitingInMainSignalCatcherLoop,Thread*=0x777bac72c0,peer=0x12e801c0,"Signal Catcher"]: reacting to signal 3
01-13 09:00:12.261 2190 2218 I qtidataservice:
01-01 08:11:01.333 0 0 E [soft_i][0x2f4d62f4c][09:00:12.321451] wlan: [0:E:DP] dp_tx_comp_process_tx_status: 3431: peer is null or deletion in progress
01-13 09:00:12.347 633 633 I tombstoned: received crash request for pid 2190
01-13 09:00:12.347 633 633 I tombstoned: found intercept fd 512 for pid 2190 and type kDebuggerdJavaBacktrace
01-13 09:00:12.349 2190 2218 I qtidataservice: Wrote stack traces to tombstoned
01-13 09:00:12.349 7374 7422 I dumpstate: libdebuggerd_client: done dumping process 2190
01-13 09:00:12.349 633 633 W tombstoned: missing output fd
01-13 09:00:12.352 7374 7422 I dumpstate: libdebuggerd_client: started dumping process 2211
01-13 09:00:12.352 633 633 I tombstoned: registered intercept for pid 2211 and type kDebuggerdJavaBacktrace
01-13 09:00:12.352 2211 2248 I mm.tchttpserve: Thread[6,tid=2248,WaitingInMainSignalCatcherLoop,Thread*=0xb40000777bac72c0,peer=0x12dc01c0,"Signal Catcher"]: reacting to signal 3
01-13 09:00:12.352 2211 2248 I mm.tchttpserve:
01-13 09:00:12.420 633 633 I tombstoned: received crash request for pid 2211
01-13 09:00:12.420 633 633 I tombstoned: found intercept fd 512 for pid 2211 and type kDebuggerdJavaBacktrace
01-13 09:00:12.421 7374 7422 I dumpstate: libdebuggerd_client: done dumping process 2211
01-13 09:00:12.423 7374 7422 I dumpstate: libdebuggerd_client: started dumping process 2227
01-13 09:00:12.423 2211 2248 I mm.tchttpserve: Wrote stack traces to tombstoned
01-13 09:00:12.424 633 633 I tombstoned: registered intercept for pid 2227 and type kDebuggerdJavaBacktrace
01-13 09:00:12.424 633 633 W tombstoned: missing output fd
01-13 09:00:12.424 2227 2242 I om.tc.logclien: Thread[6,tid=2242,WaitingInMainSignalCatcherLoop,Thread*=0xb40000777bac72c0,peer=0x12dc01c0,"Signal Catcher"]: reacting to signal 3
01-13 09:00:12.424 2227 2242 I om.tc.logclien:
01-13 09:00:12.428 2133 2247 D MicroService: getEvent: clientSocket = Socket[address=/192.168.4.4,port=59938,localPort=9999]
01-13 09:00:12.429 2133 2247 D MicroService: run: called
01-13 09:00:12.429 2133 2247 D MicroService: getEvent: start waiting...
01-13 09:00:12.429 2133 7534 I MicroService: getStringByData(noZero): IDCM_TBoxService
01-13 09:00:12.429 2133 7534 I MicroService: getStringByData(noZero): FSEM_SettingService
01-13 09:00:12.429 2133 7534 I MicroService: getStringByData: {"dstService":"FSEM_SettingService","messageType":0,"methodName":"netstatus","parameters":{"functionInfo":{"IDCM_celltype":40,"IDCM_netstatus":43,"IDCM_signalstrength":41}},"srcService":"IDCM_TBoxService","uuid":1680146844961457000}
01-13 09:00:12.429 2133 7534 I MicroService: Receive message: SocketMessageBean{businessData='21930', srcService='IDCM_TBoxService', destService='FSEM_SettingService', messageType='0', uuid='1680146844961457000', payloadData={"dstService":"FSEM_SettingService","messageType":0,"methodName":"netstatus","parameters":{"functionInfo":{"IDCM_celltype":40,"IDCM_netstatus":43,"IDCM_signalstrength":41}},"srcService":"IDCM_TBoxService","uuid":1680146844961457000}
01-13 09:00:12.429 2133 7534 I MicroService: }
01-13 09:00:12.429 2133 7534 I MicroService: dealMessage: 0
01-13 09:00:12.429 2133 7534 I MicroService: onRequest(netstatus): {"functionInfo":{"IDCM_celltype":40,"IDCM_netstatus":43,"IDCM_signalstrength":41}}
01-13 09:00:12.430 2177 2232 D MicroSettings: SettingMicroservices: get request method = netstatus parameters = {"functionInfo":{"IDCM_celltype":40,"IDCM_netstatus":43,"IDCM_signalstrength":41}}
01-13 09:00:12.430 2177 2232 D MicroSettings: SettingMicroservices: functionInfo.class = class org.json.JSONObject functionInfo = {"IDCM_celltype":40,"IDCM_netstatus":43,"IDCM_signalstrength":41}
01-13 09:00:12.430 2177 2232 D MicroSettings: SettingMicroservices: setNetStatus: 43
01-13 09:00:12.506 633 633 I tombstoned: received crash request for pid 2227
01-13 09:00:12.506 633 633 I tombstoned: found intercept fd 512 for pid 2227 and type kDebuggerdJavaBacktrace
01-13 09:00:12.506 2227 2242 I om.tc.logclien: Wrote stack traces to tombstoned
01-13 09:00:12.506 633 633 W tombstoned: missing output fd
01-13 09:00:12.506 7374 7422 I dumpstate: libdebuggerd_client: done dumping process 2227
01-13 09:00:12.509 7374 7422 I dumpstate: libdebuggerd_client: started dumping process 2234
01-13 09:00:12.510 633 633 I tombstoned: registered intercept for pid 2234 and type kDebuggerdJavaBacktrace
01-13 09:00:12.510 2234 2287 I rkstack.proces: Thread[5,tid=2287,WaitingInMainSignalCatcherLoop,Thread*=0xb40000777baddc50,peer=0x12ec01c0,"Signal Catcher"]: reacting to signal 3
01-13 09:00:12.510 2234 2287 I rkstack.proces:
01-13 09:00:12.531 652 666 I mpu_uart: [MSG-P:R]:recv sync frame timeout
01-13 09:00:12.589 633 633 I tombstoned: received crash request for pid 2234
01-13 09:00:12.590 633 633 I tombstoned: found intercept fd 512 for pid 2234 and type kDebuggerdJavaBacktrace
01-13 09:00:12.591 7374 7422 I dumpstate: libdebuggerd_client: done dumping process 2234
01-13 09:00:12.591 2234 2287 I rkstack.proces: Wrote stack traces to tombstoned
01-13 09:00:12.591 633 633 W tombstoned: missing output fd
01-13 09:00:12.593 7374 7422 I dumpstate: libdebuggerd_client: started dumping process 2266
01-13 09:00:12.594 2266 2278 I m.tcsetupwizar: Thread[4,tid=2278,WaitingInMainSignalCatcherLoop,Thread*=0xb40000777bacc630,peer=0x12dc01c0,"Signal Catcher"]: reacting to signal 3
01-13 09:00:12.594 2266 2278 I m.tcsetupwizar:
01-13 09:00:12.595 633 633 I tombstoned: registered intercept for pid 2266 and type kDebuggerdJavaBacktrace
01-13 09:00:12.641 633 633 I tombstoned: received crash request for pid 2266
01-13 09:00:12.641 633 633 I tombstoned: found intercept fd 512 for pid 2266 and type kDebuggerdJavaBacktrace
01-13 09:00:12.642 2266 2278 I m.tcsetupwizar: Wrote stack traces to tombstoned
01-13 09:00:12.642 633 633 W tombstoned: missing output fd
01-13 09:00:12.642 7374 7422 I dumpstate: libdebuggerd_client: done dumping process 2266
01-13 09:00:12.644 7374 7422 I dumpstate: libdebuggerd_client: started dumping process 2288
01-13 09:00:12.645 633 633 I tombstoned: registered intercept for pid 2288 and type kDebuggerdJavaBacktrace
01-13 09:00:12.645 2288 2318 I esdk.sysservic: Thread[4,tid=2318,WaitingInMainSignalCatcherLoop,Thread*=0xb40000777bacc630,peer=0x12e001c0,"Signal Catcher"]: reacting to signal 3
01-13 09:00:12.645 2288 2318 I esdk.sysservic:
01-13 09:00:12.686 633 633 I tombstoned: received crash request for pid 2288
01-13 09:00:12.686 633 633 I tombstoned: found intercept fd 512 for pid 2288 and type kDebuggerdJavaBacktrace
01-13 09:00:12.686 2288 2318 I esdk.sysservic: Wrote stack traces to tombstoned
01-13 09:00:12.686 633 633 W tombstoned: missing output fd
01-13 09:00:12.687 7374 7422 I dumpstate: libdebuggerd_client: done dumping process 2288
01-13 09:00:12.689 7374 7422 I dumpstate: libdebuggerd_client: started dumping process 2309
01-13 09:00:12.690 633 633 I tombstoned: registered intercept for pid 2309 and type kDebuggerdJavaBacktrace
01-13 09:00:12.690 2309 2337 I tssystemservic: Thread[5,tid=2337,WaitingInMainSignalCatcherLoop,Thread*=0x777baddc50,peer=0x12dc01c0,"Signal Catcher"]: reacting to signal 3
01-13 09:00:12.690 2309 2337 I tssystemservic:
01-13 09:00:12.733 633 633 I tombstoned: received crash request for pid 2309
01-13 09:00:12.733 633 633 I tombstoned: found intercept fd 512 for pid 2309 and type kDebuggerdJavaBacktrace
01-13 09:00:12.733 2309 2337 I tssystemservic: Wrote stack traces to tombstoned
01-13 09:00:12.733 633 633 W tombstoned: missing output fd
01-13 09:00:12.734 7374 7422 I dumpstate: libdebuggerd_client: done dumping process 2309
01-13 09:00:12.736 7374 7422 I dumpstate: libdebuggerd_client: started dumping process 2320
01-13 09:00:12.737 633 633 I tombstoned: registered intercept for pid 2320 and type kDebuggerdJavaBacktrace
01-13 09:00:12.737 2320 2343 I com.android.se: Thread[2,tid=2343,WaitingInMainSignalCatcherLoop,Thread*=0xb40000777bac56f0,peer=0x12e401c0,"Signal Catcher"]: reacting to signal 3
01-13 09:00:12.737 2320 2343 I com.android.se:
01-13 09:00:12.781 633 633 I tombstoned: received crash request for pid 2320
01-13 09:00:12.781 633 633 I tombstoned: found intercept fd 512 for pid 2320 and type kDebuggerdJavaBacktrace
01-13 09:00:12.782 2320 2343 I com.android.se: Wrote stack traces to tombstoned
01-13 09:00:12.782 7374 7422 I dumpstate: libdebuggerd_client: done dumping process 2320
01-13 09:00:12.784 7374 7422 I dumpstate: libdebuggerd_client: started dumping process 2328
01-13 09:00:12.785 633 633 W tombstoned: missing output fd
01-13 09:00:12.785 633 633 I tombstoned: registered intercept for pid 2328 and type kDebuggerdJavaBacktrace
01-13 09:00:12.785 2328 2375 I econtrolservic: Thread[4,tid=2375,WaitingInMainSignalCatcherLoop,Thread*=0xb40000777bacc630,peer=0x12ec01c0,"Signal Catcher"]: reacting to signal 3
01-13 09:00:12.785 2328 2375 I econtrolservic:
01-13 09:00:12.832 633 633 I tombstoned: received crash request for pid 2328
01-13 09:00:12.832 633 633 I tombstoned: found intercept fd 512 for pid 2328 and type kDebuggerdJavaBacktrace
01-13 09:00:12.832 2328 2375 I econtrolservic: Wrote stack traces to tombstoned
01-13 09:00:12.832 7374 7422 I dumpstate: libdebuggerd_client: done dumping process 2328
01-13 09:00:12.833 633 633 W tombstoned: missing output fd
01-13 09:00:12.834 7374 7422 I dumpstate: libdebuggerd_client: started dumping process 2353
01-13 09:00:12.835 633 633 I tombstoned: registered intercept for pid 2353 and type kDebuggerdJavaBacktrace
01-13 09:00:12.835 2353 2394 I rcomm.tcservic: Thread[6,tid=2394,WaitingInMainSignalCatcherLoop,Thread*=0xb40000777bac72c0,peer=0x12f403b0,"Signal Catcher"]: reacting to signal 3
01-13 09:00:12.835 2353 2394 I rcomm.tcservic:
01-13 09:00:12.891 633 633 I tombstoned: received crash request for pid 2353
01-13 09:00:12.891 633 633 I tombstoned: found intercept fd 512 for pid 2353 and type kDebuggerdJavaBacktrace
01-13 09:00:12.891 2353 2394 I rcomm.tcservic: Wrote stack traces to tombstoned
01-13 09:00:12.891 7374 7422 I dumpstate: libdebuggerd_client: done dumping process 2353
01-13 09:00:12.891 633 633 W tombstoned: missing output fd
01-13 09:00:12.894 7374 7422 I dumpstate: libdebuggerd_client: started dumping process 2386
01-13 09:00:12.894 633 633 I tombstoned: registered intercept for pid 2386 and type kDebuggerdJavaBacktrace
01-13 09:00:12.894 2386 2400 I alcomm.qti.qdm: Thread[3,tid=2400,WaitingInMainSignalCatcherLoop,Thread*=0xb40000777badf820,peer=0x12f801c0,"Signal Catcher"]: reacting to signal 3
01-13 09:00:12.894 2386 2400 I alcomm.qti.qdm:
01-13 09:00:12.946 633 633 I tombstoned: received crash request for pid 2386
01-13 09:00:12.946 633 633 I tombstoned: found intercept fd 512 for pid 2386 and type kDebuggerdJavaBacktrace
01-13 09:00:12.947 2386 2400 I alcomm.qti.qdm: Wrote stack traces to tombstoned
01-13 09:00:12.947 7374 7422 I dumpstate: libdebuggerd_client: done dumping process 2386
01-13 09:00:12.947 633 633 W tombstoned: missing output fd
01-13 09:00:12.950 7374 7422 I dumpstate: libdebuggerd_client: started dumping process 2395
01-13 09:00:12.950 633 633 I tombstoned: registered intercept for pid 2395 and type kDebuggerdJavaBacktrace
01-13 09:00:12.950 2395 2438 I ndroid.setting: Thread[5,tid=2438,WaitingInMainSignalCatcherLoop,Thread*=0xb40000777baddc50,peer=0x12c801c0,"Signal Catcher"]: reacting to signal 3
01-13 09:00:12.950 2395 2438 I ndroid.setting:
01-13 09:00:13.147 652 667 I mpu_uart: [MSG-P:RECV]:No message received in 1000 ms
01-13 09:00:13.254 633 633 I tombstoned: received crash request for pid 2395
01-13 09:00:13.254 633 633 I tombstoned: found intercept fd 512 for pid 2395 and type kDebuggerdJavaBacktrace
01-13 09:00:13.255 633 633 W tombstoned: missing output fd
01-13 09:00:13.255 2395 2438 I ndroid.setting: Wrote stack traces to tombstoned
01-13 09:00:13.255 7374 7422 I dumpstate: libdebuggerd_client: done dumping process 2395
01-13 09:00:13.257 7374 7422 I dumpstate: libdebuggerd_client: started dumping process 2440
01-13 09:00:13.258 633 633 I tombstoned: registered intercept for pid 2440 and type kDebuggerdJavaBacktrace
01-13 09:00:13.258 2440 2476 I ercomm.gamemod: Thread[5,tid=2476,WaitingInMainSignalCatcherLoop,Thread*=0xb40000777baddc50,peer=0x12d40eb0,"Signal Catcher"]: reacting to signal 3
01-13 09:00:13.258 2440 2476 I ercomm.gamemod:
01-13 09:00:13.373 633 633 I tombstoned: received crash request for pid 2440
01-13 09:00:13.373 633 633 I tombstoned: found intercept fd 512 for pid 2440 and type kDebuggerdJavaBacktrace
01-13 09:00:13.374 633 633 W tombstoned: missing output fd
01-13 09:00:13.374 2440 2476 I ercomm.gamemod: Wrote stack traces to tombstoned
01-13 09:00:13.374 7374 7422 I dumpstate: libdebuggerd_client: done dumping process 2440
01-13 09:00:13.376 7374 7422 I dumpstate: libdebuggerd_client: started dumping process 2453
01-13 09:00:13.377 633 633 I tombstoned: registered intercept for pid 2453 and type kDebuggerdJavaBacktrace
01-13 09:00:13.377 2453 2478 I id.ext.service: Thread[4,tid=2478,WaitingInMainSignalCatcherLoop,Thread*=0xb40000777bacc630,peer=0x12e801c0,"Signal Catcher"]: reacting to signal 3
01-13 09:00:13.377 2453 2478 I id.ext.service:
01-13 09:00:13.442 633 633 I tombstoned: received crash request for pid 2453
01-13 09:00:13.442 633 633 I tombstoned: found intercept fd 512 for pid 2453 and type kDebuggerdJavaBacktrace
01-13 09:00:13.443 2453 2478 I id.ext.service: Wrote stack traces to tombstoned
01-13 09:00:13.443 633 633 W tombstoned: missing output fd
01-13 09:00:13.443 7374 7422 I dumpstate: libdebuggerd_client: done dumping process 2453
01-13 09:00:13.445 7374 7422 I dumpstate: libdebuggerd_client: started dumping process 2548
01-13 09:00:13.446 633 633 I tombstoned: registered intercept for pid 2548 and type kDebuggerdJavaBacktrace
01-13 09:00:13.446 2548 2574 I memode.provide: Thread[5,tid=2574,WaitingInMainSignalCatcherLoop,Thread*=0xb40000777baddc50,peer=0x12d401c0,"Signal Catcher"]: reacting to signal 3
01-13 09:00:13.446 2548 2574 I memode.provide:
01-13 09:00:13.505 633 633 I tombstoned: received crash request for pid 2548
01-13 09:00:13.505 633 633 I tombstoned: found intercept fd 512 for pid 2548 and type kDebuggerdJavaBacktrace
01-13 09:00:13.506 2548 2574 I memode.provide: Wrote stack traces to tombstoned
01-13 09:00:13.506 633 633 W tombstoned: missing output fd
01-13 09:00:13.506 7374 7422 I dumpstate: libdebuggerd_client: done dumping process 2548
01-13 09:00:13.510 7374 7422 I dumpstate: libdebuggerd_client: started dumping process 2562
01-13 09:00:13.510 633 633 I tombstoned: registered intercept for pid 2562 and type kDebuggerdJavaBacktrace
01-13 09:00:13.511 2562 2594 I droid.launcher: Thread[6,tid=2594,WaitingInMainSignalCatcherLoop,Thread*=0xb40000777bac72c0,peer=0x139001c0,"Signal Catcher"]: reacting to signal 3
01-13 09:00:13.511 2562 2594 I droid.launcher:
01-13 09:00:13.611 633 633 I tombstoned: received crash request for pid 2562
01-13 09:00:13.611 633 633 I tombstoned: found intercept fd 512 for pid 2562 and type kDebuggerdJavaBacktrace
01-13 09:00:13.612 2562 2594 I droid.launcher: Wrote stack traces to tombstoned
01-13 09:00:13.612 633 633 W tombstoned: missing output fd
01-13 09:00:13.612 7374 7422 I dumpstate: libdebuggerd_client: done dumping process 2562
01-13 09:00:13.616 7374 7422 I dumpstate: libdebuggerd_client: started dumping process 2564
01-13 09:00:13.617 2564 2599 I .qti.qccauthmg: Thread[4,tid=2599,WaitingInMainSignalCatcherLoop,Thread*=0xb40000777bacc630,peer=0x12cc01c0,"Signal Catcher"]: reacting to signal 3
01-13 09:00:13.617 2564 2599 I .qti.qccauthmg:
01-13 09:00:13.617 633 633 I tombstoned: registered intercept for pid 2564 and type kDebuggerdJavaBacktrace
01-13 09:00:13.675 633 633 I tombstoned: received crash request for pid 2564
01-13 09:00:13.675 633 633 I tombstoned: found intercept fd 512 for pid 2564 and type kDebuggerdJavaBacktrace
01-13 09:00:13.676 2564 2599 I .qti.qccauthmg: Wrote stack traces to tombstoned
01-13 09:00:13.676 7374 7422 I dumpstate: libdebuggerd_client: done dumping process 2564
01-13 09:00:13.682 7374 7422 I dumpstate: libdebuggerd_client: started dumping process 2760
01-13 09:00:13.682 633 633 W tombstoned: missing output fd
01-13 09:00:13.682 633 633 I tombstoned: registered intercept for pid 2760 and type kDebuggerdJavaBacktrace
01-13 09:00:13.682 2760 2771 I om.hht.lebocas: Thread[4,tid=2771,WaitingInMainSignalCatcherLoop,Thread*=0xe3785410,peer=0x140801c0,"Signal Catcher"]: reacting to signal 3
01-13 09:00:13.682 2760 2771 I om.hht.lebocas:
01-13 09:00:13.905 2760 6403 D hpplay-base: [stream_mirror_compat:840] maxfd:72,server_fd:71,conn_fd:-1,session_server_fd:71,conn_fd:-1!!
01-13 09:00:13.905 2760 6403 D hpplay-base: [stream_mirror_compat:851] stream data,select error,should exit!!
01-13 09:00:13.906 2760 6403 D hpplay-base: [stream_mirror_compat:1284] mirror stream begin to exit,server fd:71,thread_id:3136659904!!
01-13 09:00:13.906 2760 6403 D hpplay-base: [stream_mirror_compat:1323] ##screen stream exit successfully!!##
01-13 09:00:13.906 2760 6422 D hpplay-base: [jniBridge:2342] lelinkEvetReportCallBack nMediaType:19797, sessionID:
01-13 09:00:13.906 2760 6422 D hpplay-base: [jniBridge:2343] lelinkEvetReportCallBack kWhatStreamScreen:19796
01-13 09:00:13.906 2760 6422 D hpplay-base: [AEventUtils:264] incoming compat screen data socket crashed,session_id:!!
01-13 09:00:14.132 633 633 I tombstoned: received crash request for pid 2760
01-13 09:00:14.132 633 633 I tombstoned: found intercept fd 512 for pid 2760 and type kDebuggerdJavaBacktrace
01-13 09:00:14.133 2760 2771 I om.hht.lebocas: Wrote stack traces to tombstoned
01-13 09:00:14.133 633 633 W tombstoned: missing output fd
01-13 09:00:14.133 7374 7422 I dumpstate: libdebuggerd_client: done dumping process 2760
01-13 09:00:14.135 7374 7422 I dumpstate: libdebuggerd_client: started dumping process 2781
01-13 09:00:14.135 633 633 I tombstoned: registered intercept for pid 2781 and type kDebuggerdJavaBacktrace
01-13 09:00:14.136 2781 2799 I ts.car.uart: Thread[3,tid=2799,WaitingInMainSignalCatcherLoop,Thread*=0xb40000777bac56f0,peer=0x12e001c0,"Signal Catcher"]: reacting to signal 3
01-13 09:00:14.136 2781 2799 I ts.car.uart:
01-13 09:00:14.148 652 667 I mpu_uart: [MSG-P:RECV]:No message received in 1000 ms
01-13 09:00:14.211 633 633 I tombstoned: received crash request for pid 2781
01-13 09:00:14.211 633 633 I tombstoned: found intercept fd 512 for pid 2781 and type kDebuggerdJavaBacktrace
01-13 09:00:14.212 7374 7422 I dumpstate: libdebuggerd_client: done dumping process 2781
01-13 09:00:14.215 7374 7422 I dumpstate: libdebuggerd_client: started dumping process 2791
01-13 09:00:14.215 2781 2799 I ts.car.uart: Wrote stack traces to tombstoned
01-13 09:00:14.215 633 633 W tombstoned: missing output fd
01-13 09:00:14.216 633 633 I tombstoned: registered intercept for pid 2791 and type kDebuggerdJavaBacktrace
01-13 09:00:14.216 2791 2821 I .pasr : Thread[2,tid=2821,WaitingInMainSignalCatcherLoop,Thread*=0xb40000777bac72c0,peer=0x12d801c0,"Signal Catcher"]: reacting to signal 3
01-13 09:00:14.216 2791 2821 I .pasr :
01-13 09:00:14.271 633 633 I tombstoned: received crash request for pid 2791
01-13 09:00:14.271 633 633 I tombstoned: found intercept fd 512 for pid 2791 and type kDebuggerdJavaBacktrace
01-13 09:00:14.272 2791 2821 I .pasr : Wrote stack traces to tombstoned
01-13 09:00:14.272 7374 7422 I dumpstate: libdebuggerd_client: done dumping process 2791
01-13 09:00:14.272 633 633 W tombstoned: missing output fd
01-13 09:00:14.275 7374 7422 I dumpstate: libdebuggerd_client: started dumping process 2793
01-13 09:00:14.276 633 633 I tombstoned: registered intercept for pid 2793 and type kDebuggerdJavaBacktrace
01-13 09:00:14.276 2793 2813 I mhelper_servic: Thread[3,tid=2813,WaitingInMainSignalCatcherLoop,Thread*=0x777bac56f0,peer=0x12e801c0,"Signal Catcher"]: reacting to signal 3
01-13 09:00:14.276 2793 2813 I mhelper_servic:
01-13 09:00:14.319 0 0 W swapper/2: type=1400 audit(0.0:1705): avc: denied { kill } for capability=5 scontext=u:r:kernel:s0 tcontext=u:r:kernel:s0 tclass=capability permissive=0
01-13 09:00:14.350 633 633 I tombstoned: received crash request for pid 2793
01-13 09:00:14.350 633 633 I tombstoned: found intercept fd 512 for pid 2793 and type kDebuggerdJavaBacktrace
01-13 09:00:14.351 2793 2813 I mhelper_servic: Wrote stack traces to tombstoned
01-13 09:00:14.351 7374 7422 I dumpstate: libdebuggerd_client: done dumping process 2793
01-13 09:00:14.353 633 633 W tombstoned: missing output fd
01-13 09:00:14.353 7374 7422 I dumpstate: libdebuggerd_client: started dumping process 2815
01-13 09:00:14.354 633 633 I tombstoned: registered intercept for pid 2815 and type kDebuggerdJavaBacktrace
01-13 09:00:14.354 2815 2846 I .qti.qccnetsta: Thread[2,tid=2846,WaitingInMainSignalCatcherLoop,Thread*=0xb40000777bac72c0,peer=0x12e001c0,"Signal Catcher"]: reacting to signal 3
01-13 09:00:14.354 2815 2846 I .qti.qccnetsta:
01-13 09:00:14.417 633 633 I tombstoned: received crash request for pid 2815
01-13 09:00:14.417 633 633 I tombstoned: found intercept fd 512 for pid 2815 and type kDebuggerdJavaBacktrace
01-13 09:00:14.418 2815 2846 I .qti.qccnetsta: Wrote stack traces to tombstoned
01-13 09:00:14.418 633 633 W tombstoned: missing output fd
01-13 09:00:14.418 7374 7422 I dumpstate: libdebuggerd_client: done dumping process 2815
01-13 09:00:14.419 7374 7422 I dumpstate: libdebuggerd_client: started dumping process 2840
01-13 09:00:14.420 633 633 I tombstoned: registered intercept for pid 2840 and type kDebuggerdJavaBacktrace
01-13 09:00:14.420 2840 2858 I kloadclassifie: Thread[2,tid=2858,WaitingInMainSignalCatcherLoop,Thread*=0xb40000777bac72c0,peer=0x12d801c0,"Signal Catcher"]: reacting to signal 3
01-13 09:00:14.420 2840 2858 I kloadclassifie:
01-13 09:00:14.482 633 633 I tombstoned: received crash request for pid 2840
01-13 09:00:14.482 633 633 I tombstoned: found intercept fd 512 for pid 2840 and type kDebuggerdJavaBacktrace
01-13 09:00:14.483 2840 2858 I kloadclassifie: Wrote stack traces to tombstoned
01-13 09:00:14.483 7374 7422 I dumpstate: libdebuggerd_client: done dumping process 2840
01-13 09:00:14.483 633 633 W tombstoned: missing output fd
01-13 09:00:14.485 7374 7422 I dumpstate: libdebuggerd_client: started dumping process 2875
01-13 09:00:14.485 633 633 I tombstoned: registered intercept for pid 2875 and type kDebuggerdJavaBacktrace
01-13 09:00:14.485 2875 2889 I alcomm.locatio: Thread[2,tid=2889,WaitingInMainSignalCatcherLoop,Thread*=0xb40000777bac72c0,peer=0x12f001c0,"Signal Catcher"]: reacting to signal 3
01-13 09:00:14.485 2875 2889 I alcomm.locatio:
01-13 09:00:14.557 633 633 I tombstoned: received crash request for pid 2875
01-13 09:00:14.557 633 633 I tombstoned: found intercept fd 512 for pid 2875 and type kDebuggerdJavaBacktrace
01-13 09:00:14.557 2875 2889 I alcomm.locatio: Wrote stack traces to tombstoned
01-13 09:00:14.558 7374 7422 I dumpstate: libdebuggerd_client: done dumping process 2875
01-13 09:00:14.559 7374 7422 I dumpstate: libdebuggerd_client: started dumping process 2900
01-13 09:00:14.560 633 633 W tombstoned: missing output fd
01-13 09:00:14.560 633 633 I tombstoned: registered intercept for pid 2900 and type kDebuggerdJavaBacktrace
01-13 09:00:14.560 2900 2907 I FuseDaemon: Thread[3,tid=2907,WaitingInMainSignalCatcherLoop,Thread*=0xb40000777bac56f0,peer=0x135401c0,"Signal Catcher"]: reacting to signal 3
01-13 09:00:14.560 2900 2907 I FuseDaemon:
01-13 09:00:14.658 633 633 I tombstoned: received crash request for pid 2900
01-13 09:00:14.658 633 633 I tombstoned: found intercept fd 512 for pid 2900 and type kDebuggerdJavaBacktrace
01-13 09:00:14.659 2900 2907 I FuseDaemon: Wrote stack traces to tombstoned
01-13 09:00:14.659 7374 7422 I dumpstate: libdebuggerd_client: done dumping process 2900
01-13 09:00:14.661 7374 7422 I dumpstate: libdebuggerd_client: started dumping process 2981
01-13 09:00:14.662 633 633 W tombstoned: missing output fd
01-13 09:00:14.662 633 633 I tombstoned: registered intercept for pid 2981 and type kDebuggerdJavaBacktrace
01-13 09:00:14.662 2981 2992 I omm.location.X: Thread[4,tid=2992,WaitingInMainSignalCatcherLoop,Thread*=0xb40000777baddc50,peer=0x12e801c0,"Signal Catcher"]: reacting to signal 3
01-13 09:00:14.662 2981 2992 I omm.location.X:
01-13 09:00:14.716 633 633 I tombstoned: received crash request for pid 2981
01-13 09:00:14.716 633 633 I tombstoned: found intercept fd 512 for pid 2981 and type kDebuggerdJavaBacktrace
01-13 09:00:14.719 2981 2992 I omm.location.X: Wrote stack traces to tombstoned
01-13 09:00:14.719 7374 7422 I dumpstate: libdebuggerd_client: done dumping process 2981
01-13 09:00:14.724 633 633 W tombstoned: missing output fd
01-13 09:00:14.725 7374 7422 I dumpstate: libdebuggerd_client: started dumping process 3051
01-13 09:00:14.726 633 633 I tombstoned: registered intercept for pid 3051 and type kDebuggerdJavaBacktrace
01-13 09:00:14.726 3051 3051 V MatrixTracer: Entered signal handler.
01-13 09:00:14.776 3051 3060 I putmethod.sogo: Thread[4,tid=3060,WaitingInMainSignalCatcherLoop,Thread*=0x777baddc50,peer=0x13dc01c0,"Signal Catcher"]: reacting to signal 3
01-13 09:00:14.776 3051 3060 I putmethod.sogo:
01-13 09:00:14.932 633 633 I tombstoned: received crash request for pid 3051
01-13 09:00:14.932 633 633 I tombstoned: found intercept fd 512 for pid 3051 and type kDebuggerdJavaBacktrace
01-13 09:00:14.971 3051 3060 I putmethod.sogo: Wrote stack traces to tombstoned
01-13 09:00:14.971 7374 7422 I dumpstate: libdebuggerd_client: done dumping process 3051
01-13 09:00:14.973 7374 7422 I dumpstate: libdebuggerd_client: started dumping process 3221
01-13 09:00:14.973 633 633 W tombstoned: missing output fd
01-13 09:00:14.974 633 633 I tombstoned: registered intercept for pid 3221 and type kDebuggerdJavaBacktrace
01-13 09:00:14.974 3221 3241 I atisticsservic: Thread[6,tid=3241,WaitingInMainSignalCatcherLoop,Thread*=0xb40000777badf820,peer=0x12d801c0,"Signal Catcher"]: reacting to signal 3
01-13 09:00:14.974 3221 3241 I atisticsservic:
01-13 09:00:15.022 633 633 I tombstoned: received crash request for pid 3221
01-13 09:00:15.022 633 633 I tombstoned: found intercept fd 512 for pid 3221 and type kDebuggerdJavaBacktrace
01-13 09:00:15.023 3221 3241 I atisticsservic: Wrote stack traces to tombstoned
01-13 09:00:15.023 7374 7422 I dumpstate: libdebuggerd_client: done dumping process 3221
01-13 09:00:15.025 633 633 W tombstoned: missing output fd
01-13 09:00:15.025 7374 7422 I dumpstate: libdebuggerd_client: started dumping process 3276
01-13 09:00:15.026 633 633 I tombstoned: registered intercept for pid 3276 and type kDebuggerdJavaBacktrace
01-13 09:00:15.026 3276 3294 I ti.diagservice: Thread[6,tid=3294,WaitingInMainSignalCatcherLoop,Thread*=0xb40000777badf820,peer=0x12c401c0,"Signal Catcher"]: reacting to signal 3
01-13 09:00:15.026 3276 3294 I ti.diagservice:
01-13 09:00:15.082 633 633 I tombstoned: received crash request for pid 3276
01-13 09:00:15.082 633 633 I tombstoned: found intercept fd 512 for pid 3276 and type kDebuggerdJavaBacktrace
01-13 09:00:15.083 3276 3294 I ti.diagservice: Wrote stack traces to tombstoned
