01-13 09:00:16.146 633 633 I tombstoned: received crash request for pid 3773
01-13 09:00:16.146 633 633 I tombstoned: found intercept fd 512 for pid 3773 and type kDebuggerdJavaBacktrace
01-13 09:00:16.147 3773 3778 I om.cmcc.cmvide: Wrote stack traces to tombstoned
01-13 09:00:16.147 633 633 W tombstoned: missing output fd
01-13 09:00:16.148 7374 7422 I dumpstate: libdebuggerd_client: done dumping process 3773
01-13 09:00:16.149 652 667 I mpu_uart: [MSG-P:RECV]:No message received in 1000 ms
01-13 09:00:16.150 7374 7422 I dumpstate: libdebuggerd_client: started dumping process 3926
01-13 09:00:16.150 633 633 I tombstoned: registered intercept for pid 3926 and type kDebuggerdJavaBacktrace
01-13 09:00:16.150 3926 3934 I eo:AgentServic: Thread[4,tid=3934,WaitingInMainSignalCatcherLoop,Thread*=0x777baddc50,peer=0x12cc01c0,"Signal Catcher"]: reacting to signal 3
01-13 09:00:16.150 3926 3934 I eo:AgentServic:
01-13 09:00:16.224 633 633 I tombstoned: received crash request for pid 3926
01-13 09:00:16.224 633 633 I tombstoned: found intercept fd 512 for pid 3926 and type kDebuggerdJavaBacktrace
01-13 09:00:16.225 3926 3934 I eo:AgentServic: Wrote stack traces to tombstoned
01-13 09:00:16.225 633 633 W tombstoned: missing output fd
01-13 09:00:16.225 7374 7422 I dumpstate: libdebuggerd_client: done dumping process 3926
01-13 09:00:16.237 7374 7422 I dumpstate: libdebuggerd_client: started dumping process 3953
01-13 09:00:16.238 633 633 I tombstoned: registered intercept for pid 3953 and type kDebuggerdJavaBacktrace
01-13 09:00:16.239 3953 3953 I SignalCatcher: lock anr_signal_catcher_mutex_
01-13 09:00:16.239 3953 3953 I SignalCatcher: anr_signal_catcher_cv_ notify_all
01-13 09:00:16.239 3953 3953 I SignalCatcher: after notify_all
01-13 09:00:16.242 3953 4021 I exception_handler: __NR_tgkill 3960
01-13 09:00:16.242 3953 4021 I exception_handler: __NR_tgkill result 0
01-13 09:00:16.242 3953 4021 I exception_handler: ANR DumpCallback Run lck
01-13 09:00:16.242 3953 4021 I exception_handler: ANR DumpCallback Run wait
01-13 09:00:16.242 3953 3960 I kuaishou.nebul: Thread[6,tid=3960,WaitingInMainSignalCatcherLoop,Thread*=0x777badf820,peer=0x12e402f0,"Signal Catcher"]: reacting to signal 3
01-13 09:00:16.242 3953 3960 I kuaishou.nebul:
01-01 08:11:05.335 0 0 E [soft_i][0x2f96aab6c][09:00:16.323533] wlan: [0:E:DP] dp_tx_comp_process_tx_status: 3431: peer is null or deletion in progress
01-13 09:00:16.319 0 0 W swapper/1: type=1400 audit(0.0:1707): avc: denied { kill } for capability=5 scontext=u:r:kernel:s0 tcontext=u:r:kernel:s0 tclass=capability permissive=0
01-13 09:00:16.347 3953 3953 W com.kuaishou.nebula: type=1400 audit(0.0:1708): avc: denied { read } for comm=5468726561642D32202D2035303435 name="tcp" dev="proc" ino=4026532256 scontext=u:r:untrusted_app_29:s0:c109,c256,c512,c768 tcontext=u:object_r:proc_net_tcp_udp:s0 tclass=file permissive=0 app=com.kuaishou.nebula
01-01 08:11:05.720 0 0 E DTC_eth,link_delay_work_func: 3002, SQI=15, link=1
01-13 09:00:17.149 652 667 I mpu_uart: [MSG-P:RECV]:No message received in 1000 ms
01-13 09:00:17.360 633 633 I tombstoned: received crash request for pid 3953
01-13 09:00:17.360 633 633 I tombstoned: found intercept fd 512 for pid 3953 and type kDebuggerdJavaBacktrace
01-13 09:00:17.363 7374 7422 I dumpstate: libdebuggerd_client: done dumping process 3953
01-13 09:00:17.363 3953 3960 I kuaishou.nebul: Wrote stack traces to tombstoned
01-13 09:00:17.363 633 633 W tombstoned: missing output fd
01-13 09:00:17.374 7374 7422 I dumpstate: libdebuggerd_client: started dumping process 4151
01-13 09:00:17.377 633 633 I tombstoned: registered intercept for pid 4151 and type kDebuggerdJavaBacktrace
01-13 09:00:17.377 4151 4151 I SignalCatcher: lock anr_signal_catcher_mutex_
01-13 09:00:17.378 4151 4151 I SignalCatcher: anr_signal_catcher_cv_ notify_all
01-13 09:00:17.378 4151 4151 I SignalCatcher: after notify_all
01-13 09:00:17.382 4151 4257 I exception_handler: __NR_tgkill 4157
01-13 09:00:17.382 4151 4157 I .smile.gifmake: Thread[6,tid=4157,WaitingInMainSignalCatcherLoop,Thread*=0x777badf820,peer=0x139c0248,"Signal Catcher"]: reacting to signal 3
01-13 09:00:17.382 4151 4157 I .smile.gifmake:
01-13 09:00:17.383 4151 4257 I exception_handler: __NR_tgkill result 0
01-13 09:00:17.384 4151 4257 I exception_handler: ANR DumpCallback Run lck
01-13 09:00:17.384 4151 4257 I exception_handler: ANR DumpCallback Run wait
01-13 09:00:17.487 4151 4151 W pool-10-thread-: type=1400 audit(0.0:1709): avc: denied { read } for name="tcp" dev="proc" ino=4026532256 scontext=u:r:untrusted_app_29:s0:c102,c256,c512,c768 tcontext=u:object_r:proc_net_tcp_udp:s0 tclass=file permissive=0 app=com.smile.gifmaker
01-01 08:11:06.585 0 0 W audit : audit_lost=688 audit_rate_limit=5 audit_backlog_limit=64
01-13 09:00:17.567 7550 7550 W ls : type=1400 audit(0.0:1710): avc: denied { getattr } for path="/postinstall" dev="dm-10" ino=44 scontext=u:r:shell:s0 tcontext=u:object_r:postinstall_mnt_dir:s0 tclass=dir permissive=0
01-13 09:00:17.567 7550 7550 W ls : type=1400 audit(0.0:1711): avc: denied { getattr } for path="/persist" dev="sda2" ino=2 scontext=u:r:shell:s0 tcontext=u:object_r:mnt_vendor_file:s0 tclass=dir permissive=0
01-13 09:00:17.567 7550 7550 W ls : type=1400 audit(0.0:1712): avc: denied { getattr } for path="/init.environ.rc" dev="dm-10" ino=25 scontext=u:r:shell:s0 tcontext=u:object_r:rootfs:s0 tclass=file permissive=0
01-13 09:00:17.567 7550 7550 W ls : type=1400 audit(0.0:1713): avc: denied { getattr } for path="/cache" dev="dm-10" ino=16 scontext=u:r:shell:s0 tcontext=u:object_r:cache_file:s0 tclass=lnk_file permissive=0
01-13 09:00:17.567 7550 7550 W ls : type=1400 audit(0.0:1714): avc: denied { getattr } for path="/linkerconfig" dev="tmpfs" ino=12229 scontext=u:r:shell:s0 tcontext=u:object_r:linkerconfig_file:s0 tclass=dir permissive=0
01-13 09:00:17.567 7550 7550 W ls : type=1400 audit(0.0:1715): avc: denied { getattr } for path="/metadata" dev="sda11" ino=2 scontext=u:r:shell:s0 tcontext=u:object_r:metadata_file:s0 tclass=dir permissive=0
01-13 09:00:17.567 7550 7550 W ls : type=1400 audit(0.0:1716): avc: denied { getattr } for path="/init" dev="dm-10" ino=24 scontext=u:r:shell:s0 tcontext=u:object_r:init_exec:s0 tclass=lnk_file permissive=0
01-01 08:11:06.585 0 0 E audit : rate limit exceeded
01-13 09:00:18.149 652 667 I mpu_uart: [MSG-P:RECV]:No message received in 1000 ms
01-13 09:00:18.535 652 666 I mpu_uart: [MSG-P:R]:recv sync frame timeout
01-13 09:00:18.611 633 633 I tombstoned: received crash request for pid 4151
01-13 09:00:18.612 633 633 I tombstoned: found intercept fd 512 for pid 4151 and type kDebuggerdJavaBacktrace
01-13 09:00:18.613 633 633 W tombstoned: missing output fd
01-13 09:00:18.612 4151 4157 I .smile.gifmake: Wrote stack traces to tombstoned
01-13 09:00:18.615 7374 7422 I dumpstate: libdebuggerd_client: done dumping process 4151
01-13 09:00:18.625 7374 7422 I dumpstate: libdebuggerd_client: started dumping process 4407
01-13 09:00:18.626 633 633 I tombstoned: registered intercept for pid 4407 and type kDebuggerdJavaBacktrace
01-13 09:00:18.626 4407 4407 W DEBUG : begin to generate trace
01-13 09:00:18.626 4407 4407 I crashsdk: [DEBUG] begin generate traces: /data/user/0/com.cmcc.cmvideo/crashsdk/tags/BEW2ETOMER1OEDIVMC0CCMC0MOC.anr (2000 ms)
01-13 09:00:18.655 7551 7551 I crashsdk: [DEBUG] forked traces process: 7551, gid: 673
01-13 09:00:18.656 7551 7551 E DEBUG : generate begin time: 2023-01-13 09:00:18
01-13 09:00:18.656 7551 7551 I crashsdk: [DEBUG] dump art internal: 248
01-13 09:00:18.656 7551 7551 I crashsdk: [DEBUG] VMExt: 0xb4000076dbabef50, i: 65, str: 0
01-13 09:00:18.656 7551 7551 I crashsdk: [DEBUG] aborting: 0x0, 0
01-13 09:00:18.656 7551 7551 I crashsdk: [DEBUG] Dump: 0x0, State: 0x7604085df0, JavaStack: 0x760408a684
01-13 09:00:18.656 7551 7551 I crashsdk: [DEBUG] current: 0xb40000777babcbe0, pid: 7551
01-13 09:00:18.656 7551 7551 I crashsdk: [DEBUG] List: 0xb40000778babb010
01-13 09:00:18.656 7551 7551 I crashsdk: [DEBUG] Each: 0x76040a3ce4
01-13 09:00:18.656 7551 7551 I crashsdk: [DEBUG] err: 0x7923cb9c60
01-13 09:00:18.656 7551 7551 I crashsdk: [DEBUG] begin each
01-13 09:00:18.656 7551 7551 I crashsdk: [DEBUG] dumping 0xb40000777babcbe0 ...
01-13 09:00:18.738 7551 7551 I crashsdk: [DEBUG] end each
01-13 09:00:18.738 7551 7551 E DEBUG : generate end time: 2023-01-13 09:00:18
01-13 09:00:18.738 7551 7551 I crashsdk: [DEBUG] wrote traces into: /data/user/0/com.cmcc.cmvideo/crashsdk/tags/BEW2ETOMER1OEDIVMC0CCMC0MOC.anr
01-13 09:00:18.774 4407 4407 I DEBUG : generate trace finished
01-13 09:00:18.774 4407 4407 I crashsdk: Raising signal 3 ...
01-13 09:00:18.774 4407 4416 I ideo:remote_we: Thread[3,tid=4416,WaitingInMainSignalCatcherLoop,Thread*=0x777bac56f0,peer=0x12c40000,"Signal Catcher"]: reacting to signal 3
01-13 09:00:18.774 4407 4416 I ideo:remote_we:
01-13 09:00:18.776 4407 7552 W DEBUG : begin to generate anr
01-13 09:00:18.776 4407 7552 E DEBUG : *** *** *** *** *** *** *** *** *** *** *** *** *** *** *** ***
01-13 09:00:18.776 4407 7552 E DEBUG : Basic Information: 'pid: 4407/tid: 7552/time: 20230113090018'
01-13 09:00:18.776 4407 7552 E DEBUG : Cpu Information: 'abi: arm64-v8a,armeabi-v7a,armeabi/processor: AArch64 Processor rev 14 (aarch64)/hardware: UNKNOWN SOC TYPE'
01-13 09:00:18.776 4407 7552 E DEBUG : Mobile Information: 'model: figure/version: 12/sdk: 31'
01-13 09:00:18.776 4407 7552 E DEBUG : Build fingerprint: 'TC/figure_CN/figure:12/SKQ1.220201.001/1698:user/test-keys'
01-13 09:00:18.776 4407 7552 E DEBUG : Runtime Information: 'start: 20230113084943/maxheap: 536870912/primaryabi: arm64-v8a/ground: bg'
01-13 09:00:18.776 4407 7552 E DEBUG : Application Information: 'version: 6.0.8.00/subversion: release/buildseq: 1925ed11/versioncode: 25000650'
01-13 09:00:18.776 4407 7552 E DEBUG : CrashSDK Information: 'version: 3.3.1.1/nativeseq: 210916105822/javaseq: 210916105822/arch: arm64-v8a/target: release'
01-13 09:00:18.776 4407 7552 E DEBUG : UUID: 43008d4d-a83c-4de9-a7e0-bdbfd6c7ec37
01-13 09:00:18.776 4407 7552 E DEBUG : Report Name: 61dd78f7e0f9bb492bc81998_6.0.8.00_1925ed11_figure_12_167357098384140798_20230113090018_bg_anr.log
01-13 09:00:18.777 4407 7552 E DEBUG : Log Type: anr
01-13 09:00:18.777 4407 7552 E DEBUG : kernel version: Linux version 4.19.157-perf+ #1 SMP PREEMPT Fri Jan 13 10:32:49 CST 2023
01-13 09:00:18.777 4407 7552 E DEBUG : Build time: 1673570963000
01-13 09:00:18.777 4407 7552 E DEBUG : Build version incremental: 1698
01-13 09:00:18.777 4407 7552 E DEBUG : Activity: (none)
01-13 09:00:18.777 4407 7552 E DEBUG : --- --- --- --- --- --- --- --- --- --- --- --- --- --- --- ---
01-13 09:00:18.777 4407 7552 E DEBUG : um_app_key: 61dd78f7e0f9bb492bc81998
01-13 09:00:18.777 4407 7552 E DEBUG : um_app_channel: channel
01-13 09:00:18.777 4407 7552 E DEBUG : um_os: android
01-13 09:00:18.777 4407 7552 E DEBUG : um_crash_sdk_version: 1.5.2.migu
01-13 09:00:18.777 4407 7552 E DEBUG : um_umid_header: ai4af950142d2f1c6f82595df4ac9dfdad
01-13 09:00:18.777 4407 7552 E DEBUG : um_app_puid: e76ad7c6cbd80d32b24d49a3f739a767
01-13 09:00:18.777 4407 7552 E DEBUG : um_app_provider: _adhoc
01-13 09:00:18.777 4407 7552 E DEBUG : um_app_carrier:
01-13 09:00:18.777 4407 7552 E DEBUG : um_access: unknow
01-13 09:00:18.777 4407 7552 E DEBUG : um_network_type: 0
01-13 09:00:18.777 4407 7552 E DEBUG : others_OS: Android
01-13 09:00:18.777 4407 7552 E DEBUG : --- --- --- --- --- --- --- --- --- --- --- --- --- --- --- ---
01-13 09:00:18.777 4407 7552 E DEBUG : Process Name: 'com.cmcc.cmvideo:remote_web'
01-13 09:00:18.777 4407 7552 E DEBUG : Thread Name: 'ideo:remote_web'
01-13 09:00:18.777 4407 7552 E DEBUG : ANR Time: 2023-01-13 09:00:18.776
01-13 09:00:18.777 4407 7552 E DEBUG : ANR Info:
01-13 09:00:18.777 4407 7552 E DEBUG :
01-13 09:00:18.777 4407 7552 E DEBUG : --- --- --- --- --- --- --- --- --- --- --- --- --- --- --- ---
01-13 09:00:18.777 4407 7552 E DEBUG : anr traces:
01-13 09:00:18.778 4407 7552 E DEBUG : generate begin time: 2023-01-13 09:00:18
01-13 09:00:18.778 4407 7552 E DEBUG : [DEBUG] dump art internal: 248
01-13 09:00:18.778 4407 7552 E DEBUG : [DEBUG] VMExt: 0xb4000076dbabef50, i: 65, str: 0
01-13 09:00:18.778 4407 7552 E DEBUG : [DEBUG] aborting: 0x0, 0
01-13 09:00:18.778 4407 7552 E DEBUG : [DEBUG] Dump: 0x0, State: 0x7604085df0, JavaStack: 0x760408a684
01-13 09:00:18.778 4407 7552 E DEBUG : [DEBUG] current: 0xb40000777babcbe0, pid: 7551
01-13 09:00:18.778 4407 7552 E DEBUG : [DEBUG] List: 0xb40000778babb010
01-13 09:00:18.778 4407 7552 E DEBUG : [DEBUG] Each: 0x76040a3ce4
01-13 09:00:18.778 4407 7552 E DEBUG : [DEBUG] err: 0x7923cb9c60
01-13 09:00:18.778 4407 7552 E DEBUG : [DEBUG] begin each
01-13 09:00:18.778 4407 7552 E DEBUG : [DEBUG] dumping 0xb40000777babcbe0 ...
01-13 09:00:18.778 4407 7552 E DEBUG : "main" prio=5 tid=1 Native
01-13 09:00:18.778 4407 7552 E DEBUG : | group="main" sCount=0 ucsCount=0 flags=0 obj=0x72444638 self=0xb40000777babcbe0
01-13 09:00:18.778 4407 7552 E DEBUG : | sysTid=4407 nice=-4 cgrp=default sched=0/0 handle=0x7948c8e4f8
01-13 09:00:18.778 4407 7552 E DEBUG : | state=? schedstat=( 0 0 0 ) utm=0 stm=0 core=0 HZ=100
01-13 09:00:18.778 4407 7552 E DEBUG : | stack=0x7fff4ce000-0x7fff4d0000 stackSize=8188KB
01-13 09:00:18.778 4407 7552 E DEBUG : | held mutexes=
01-13 09:00:18.778 4407 7552 E DEBUG : at android.os.MessageQueue.nativePollOnce(Native method)
01-13 09:00:18.778 4407 7552 E DEBUG : at android.os.MessageQueue.next(MessageQueue.java:335)
01-13 09:00:18.778 4407 7552 E DEBUG : at android.os.Looper.loopOnce(Looper.java:161)
01-13 09:00:18.778 4407 7552 E DEBUG : at android.os.Looper.loop(Looper.java:288)
01-13 09:00:18.778 4407 7552 E DEBUG : at android.app.ActivityThread.main(ActivityThread.java:7880)
01-13 09:00:18.778 4407 7552 E DEBUG : at java.lang.reflect.Method.invoke(Native method)
01-13 09:00:18.778 4407 7552 E DEBUG : at com.android.internal.os.RuntimeInit$MethodAndArgsCaller.run(RuntimeInit.java:548)
01-13 09:00:18.778 4407 7552 E DEBUG : at com.android.internal.os.ZygoteInit.main(ZygoteInit.java:1009)
01-13 09:00:18.778 4407 7552 E DEBUG :
01-13 09:00:18.778 4407 7552 E DEBUG : "Signal Catcher" daemon prio=10 tid=3 WaitingInMainSignalCatcherLoop
01-13 09:00:18.778 4407 7552 E DEBUG : | group="system" sCount=0 ucsCount=0 flags=0 obj=0x12c40000 self=0x777bac56f0
01-13 09:00:18.778 4407 7552 E DEBUG : | sysTid=4416 nice=-20 cgrp=default sched=0/0 handle=0x75ef102cb0
01-13 09:00:18.778 4407 7552 E DEBUG : | state=? schedstat=( 0 0 0 ) utm=0 stm=0 core=0 HZ=100
01-13 09:00:18.778 4407 7552 E DEBUG : | stack=0x75ef00b000-0x75ef00d000 stackSize=991KB
01-13 09:00:18.778 4407 7552 E DEBUG : | held mutexes=
01-13 09:00:18.778 4407 7552 E DEBUG : (no managed stack frames)
01-13 09:00:18.778 4407 7552 E DEBUG :
01-13 09:00:18.778 4407 7552 E DEBUG : "perfetto_hprof_listener" prio=10 tid=7 Native (still starting up)
01-13 09:00:18.778 4407 7552 E DEBUG : | group="" sCount=0 ucsCount=0 flags=0 obj=0x0 self=0x777bacc630
01-13 09:00:18.778 4407 7552 E DEBUG : | sysTid=4418 nice=-20 cgrp=default sched=0/0 handle=0x75ec004cb0
01-13 09:00:18.778 4407 7552 E DEBUG : | state=? schedstat=( 0 0 0 ) utm=0 stm=0 core=0 HZ=100
01-13 09:00:18.778 4407 7552 E DEBUG : | stack=0x75ebf0d000-0x75ebf0f000 stackSize=991KB
01-13 09:00:18.778 4407 7552 E DEBUG : | held mutexes=
01-13 09:00:18.778 4407 7552 E DEBUG : (no managed stack frames)
01-13 09:00:18.778 4407 7552 E DEBUG :
01-13 09:00:18.778 4407 7552 E DEBUG : "Jit thread pool worker thread 0" daemon prio=5 tid=8 Native
01-13 09:00:18.778 4407 7552 E DEBUG : | group="system" sCount=0 ucsCount=0 flags=0 obj=0x12c40078 self=0x777bac3b20
01-13 09:00:18.778 4407 7552 E DEBUG : | sysTid=4419 nice=9 cgrp=default sched=0/0 handle=0x7598e3ccb0
01-13 09:00:18.778 4407 7552 E DEBUG : | state=? schedstat=( 0 0 0 ) utm=0 stm=0 core=0 HZ=100
01-13 09:00:18.778 4407 7552 E DEBUG : | stack=0x7598d3d000-0x7598d3f000 stackSize=1023KB
01-13 09:00:18.778 4407 7552 E DEBUG : | held mutexes=
01-13 09:00:18.778 4407 7552 E DEBUG : (no managed stack frames)
01-13 09:00:18.778 4407 7552 E DEBUG :
01-13 09:00:18.778 4407 7552 E DEBUG : "HeapTaskDaemon" daemon prio=5 tid=9 WaitingForTaskProcessor
01-13 09:00:18.778 4407 7552 E DEBUG : | group="system" sCount=0 ucsCount=0 flags=0 obj=0x12c46468 self=0x777bae8330
01-13 09:00:18.778 4407 7552 E DEBUG : | sysTid=4420 nice=4 cgrp=default sched=0/0 handle=0x7597d36cb0
01-13 09:00:18.778 4407 7552 E DEBUG : | state=? schedstat=( 0 0 0 ) utm=0 stm=0 core=0 HZ=100
01-13 09:00:18.778 4407 7552 E DEBUG : | stack=0x7597c33000-0x7597c35000 stackSize=1039KB
01-13 09:00:18.778 4407 7552 E DEBUG : | held mutexes=
01-13 09:00:18.778 4407 7552 E DEBUG : at dalvik.system.VMRuntime.runHeapTasks(Native method)
01-13 09:00:18.778 4407 7552 E DEBUG : at java.lang.Daemons$HeapTaskDaemon.runInternal(Daemons.java:531)
01-13 09:00:18.778 4407 7552 E DEBUG : at java.lang.Daemons$Daemon.run(Daemons.java:139)
01-13 09:00:18.778 4407 7552 E DEBUG : at java.lang.Thread.run(Thread.java:920)
01-13 09:00:18.778 4407 7552 E DEBUG :
01-13 09:00:18.778 4407 7552 E DEBUG : "ReferenceQueueDaemon" daemon prio=5 tid=10 Waiting
01-13 09:00:18.778 4407 7552 E DEBUG : | group="system" sCount=0 ucsCount=0 flags=0 obj=0x12c40128 self=0x777bae6760
01-13 09:00:18.778 4407 7552 E DEBUG : | sysTid=4421 nice=4 cgrp=default sched=0/0 handle=0x7597c2ccb0
01-13 09:00:18.778 4407 7552 E DEBUG : | state=? schedstat=( 0 0 0 ) utm=0 stm=0 core=0 HZ=100
01-13 09:00:18.778 4407 7552 E DEBUG : | stack=0x7597b29000-0x7597b2b000 stackSize=1039KB
01-13 09:00:18.778 4407 7552 E DEBUG : | held mutexes=
01-13 09:00:18.778 4407 7552 E DEBUG : at java.lang.Object.wait(Native method)
01-13 09:00:18.778 4407 7552 E DEBUG : - waiting on <0x0ca6fff1> (a java.lang.Class)
01-13 09:00:18.778 4407 7552 E DEBUG : at java.lang.Object.wait(Object.java:442)
01-13 09:00:18.778 4407 7552 E DEBUG : at java.lang.Object.wait(Object.java:568)
01-13 09:00:18.778 4407 7552 E DEBUG : at java.lang.Daemons$ReferenceQueueDaemon.runInternal(Daemons.java:217)
01-13 09:00:18.778 4407 7552 E DEBUG : at java.lang.Daemons$Daemon.run(Daemons.java:139)
01-13 09:00:18.778 4407 7552 E DEBUG : at java.lang.Thread.run(Thread.java:920)
01-13 09:00:18.778 4407 7552 E DEBUG :
01-13 09:00:18.778 4407 7552 E DEBUG : "FinalizerDaemon" daemon prio=5 tid=11 Waiting
01-13 09:00:18.778 4407 7552 E DEBUG : | group="system" sCount=0 ucsCount=0 flags=0 obj=0x12c40408 self=0x777bae9f00
01-13 09:00:18.778 4407 7552 E DEBUG : | sysTid=4422 nice=4 cgrp=default sched=0/0 handle=0x7597b22cb0
01-13 09:00:18.778 4407 7552 E DEBUG : | state=? schedstat=( 0 0 0 ) utm=0 stm=0 core=0 HZ=100
01-13 09:00:18.778 4407 7552 E DEBUG : | stack=0x7597a1f000-0x7597a21000 stackSize=1039KB
01-13 09:00:18.778 4407 7552 E DEBUG : | held mutexes=
01-13 09:00:18.778 4407 7552 E DEBUG : at java.lang.Object.wait(Native method)
01-13 09:00:18.778 4407 7552 E DEBUG : - waiting on <0x0a7c97d6> (a java.lang.Object)
01-13 09:00:18.778 4407 7552 E DEBUG : at java.lang.Object.wait(Object.java:442)
01-13 09:00:18.778 4407 7552 E DEBUG : at java.lang.ref.ReferenceQueue.remove(ReferenceQueue.java:190)
01-13 09:00:18.778 4407 7552 E DEBUG : at java.lang.ref.ReferenceQueue.remove(ReferenceQueue.java:211)
01-13 09:00:18.778 4407 7552 E DEBUG : at java.lang.Daemons$FinalizerDaemon.runInternal(Daemons.java:273)
01-13 09:00:18.778 4407 7552 E DEBUG : at java.lang.Daemons$Daemon.run(Daemons.java:139)
01-13 09:00:18.778 4407 7552 E DEBUG : at java.lang.Thread.run(Thread.java:920)
01-13 09:00:18.778 4407 7552 E DEBUG :
01-13 09:00:18.778 4407 7552 E DEBUG : "FinalizerWatchdogDaemon" daemon prio=5 tid=12 Sleeping
01-13 09:00:18.778 4407 7552 E DEBUG : | group="system" sCount=0 ucsCount=0 flags=0 obj=0x12c405d0 self=0x777bae4b90
01-13 09:00:18.778 4407 7552 E DEBUG : | sysTid=4423 nice=4 cgrp=default sched=0/0 handle=0x7595a18cb0
01-13 09:00:18.778 4407 7552 E DEBUG : | state=? schedstat=( 0 0 0 ) utm=0 stm=0 core=0 HZ=100
01-13 09:00:18.778 4407 7552 E DEBUG : | stack=0x7595915000-0x7595917000 stackSize=1039KB
01-13 09:00:18.778 4407 7552 E DEBUG : | held mutexes=
01-13 09:00:18.778 4407 7552 E DEBUG : at java.lang.Thread.sleep(Native method)
01-13 09:00:18.778 4407 7552 E DEBUG : - sleeping on <0x02d40a57> (a java.lang.Object)
01-13 09:00:18.778 4407 7552 E DEBUG : at java.lang.Thread.sleep(Thread.java:451)
01-13 09:00:18.778 4407 7552 E DEBUG : at java.lang.Thread.sleep(Thread.java:356)
01-13 09:00:18.778 4407 7552 E DEBUG : at java.lang.Daemons$FinalizerWatchdogDaemon.sleepForNanos(Daemons.java:390)
01-13 09:00:18.778 4407 7552 E DEBUG : at java.lang.Daemons$FinalizerWatchdogDaemon.waitForFinalization(Daemons.java:419)
01-13 09:00:18.778 4407 7552 E DEBUG : at java.lang.Daemons$FinalizerWatchdogDaemon.runInternal(Daemons.java:325)
01-13 09:00:18.778 4407 7552 E DEBUG : at java.lang.Daemons$Daemon.run(Daemons.java:139)
01-13 09:00:18.778 4407 7552 E DEBUG : at java.lang.Thread.run(Thread.java:920)
01-13 09:00:18.778 4407 7552 E DEBUG :
01-13 09:00:18.778 4407 7552 E DEBUG : "Binder:4407_1" prio=5 tid=13 Native
01-13 09:00:18.778 4407 7552 E DEBUG : | group="main" sCount=0 ucsCount=0 flags=0 obj=0x12c406f8 self=0x777baef270
01-13 09:00:18.778 4407 7552 E DEBUG : | sysTid=4424 nice=0 cgrp=default sched=0/0 handle=0x7593810cb0
01-13 09:00:18.778 4407 7552 E DEBUG : | state=? schedstat=( 0 0 0 ) utm=0 stm=0 core=0 HZ=100
01-13 09:00:18.778 4407 7552 E DEBUG : | stack=0x7593719000-0x759371b000 stackSize=991KB
01-13 09:00:18.778 4407 7552 E DEBUG : | held mutexes=
01-13 09:00:18.778 4407 7552 E DEBUG : (no managed stack frames)
01-13 09:00:18.778 4407 7552 E DEBUG :
01-13 09:00:18.778 4407 7552 E DEBUG : "Binder:4407_2" prio=5 tid=14 Native
01-13 09:00:18.778 4407 7552 E DEBUG : | group="main" sCount=0 ucsCount=0 flags=0 obj=0x12c40770 self=0x777baebad0
01-13 09:00:18.778 4407 7552 E DEBUG : | sysTid=4425 nice=0 cgrp=default sched=0/0 handle=0x7592712cb0
01-13 09:00:18.778 4407 7552 E DEBUG : | state=? schedstat=( 0 0 0 ) utm=0 stm=0 core=0 HZ=100
01-13 09:00:18.778 4407 7552 E DEBUG : | stack=0x759261b000-0x759261d000 stackSize=991KB
01-13 09:00:18.778 4407 7552 E DEBUG : | held mutexes=
01-13 09:00:18.778 4407 7552 E DEBUG : (no managed stack frames)
01-13 09:00:18.778 4407 7552 E DEBUG :
01-13 09:00:18.778 4407 7552 E DEBUG : "Binder:4407_3" prio=5 tid=15 Native
01-13 09:00:18.778 4407 7552 E DEBUG : | group="main" sCount=0 ucsCount=0 flags=0 obj=0x12c40868 self=0x777baed6a0
01-13 09:00:18.778 4407 7552 E DEBUG : | sysTid=4426 nice=0 cgrp=default sched=0/0 handle=0x7591614cb0
01-13 09:00:18.778 4407 7552 E DEBUG : | state=? schedstat=( 0 0 0 ) utm=0 stm=0 core=0 HZ=100
01-13 09:00:18.778 4407 7552 E DEBUG : | stack=0x759151d000-0x759151f000 stackSize=991KB
01-13 09:00:18.778 4407 7552 E DEBUG : | held mutexes=
01-13 09:00:18.778 4407 7552 E DEBUG : (no managed stack frames)
01-13 09:00:18.778 4407 7552 E DEBUG :
01-13 09:00:18.778 4407 7552 E DEBUG : "Profile Saver" daemon prio=5 tid=16 Native
01-13 09:00:18.778 4407 7552 E DEBUG : | group="system" sCount=0 ucsCount=0 flags=0 obj=0x12c408e0 self=0x777baf0e40
01-13 09:00:18.778 4407 7552 E DEBUG : | sysTid=4436 nice=9 cgrp=default sched=0/0 handle=0x7590516cb0
01-13 09:00:18.778 4407 7552 E DEBUG : | state=? schedstat=( 0 0 0 ) utm=0 stm=0 core=0 HZ=100
01-13 09:00:18.778 4407 7552 E DEBUG : | stack=0x759041f000-0x7590421000 stackSize=991KB
01-13 09:00:18.778 4407 7552 E DEBUG : | held mutexes=
01-13 09:00:18.778 4407 7552 E DEBUG : (no managed stack frames)
01-13 09:00:18.778 4407 7552 E DEBUG :
01-13 09:00:18.778 4407 7552 E DEBUG : "​com.alibaba.android.arouter.thread.DefaultThreadFactory#ARouter task pool No.1, thread No.1" prio=5 tid=17 Waiting
01-13 09:00:18.778 4407 7552 E DEBUG : | group="main" sCount=0 ucsCount=0 flags=0 obj=0x12c40958 self=0x777baf7d80
01-13 09:00:18.778 4407 7552 E DEBUG : | sysTid=4522 nice=0 cgrp=default sched=0/0 handle=0x758aa7ecb0
01-13 09:00:18.778 4407 7552 E DEBUG : | state=? schedstat=( 0 0 0 ) utm=0 stm=0 core=0 HZ=100
01-13 09:00:18.778 4407 7552 E DEBUG : | stack=0x758a97b000-0x758a97d000 stackSize=1039KB
01-13 09:00:18.778 4407 7552 E DEBUG : | held mutexes=
01-13 09:00:18.778 4407 7552 E DEBUG : at sun.misc.Unsafe.park(Native method)
01-13 09:00:18.778 4407 7552 E DEBUG : - waiting on an unknown object
01-13 09:00:18.778 4407 7552 E DEBUG : at java.util.concurrent.locks.LockSupport.park(LockSupport.java:190)
01-13 09:00:18.778 4407 7552 E DEBUG : at java.util.concurrent.locks.AbstractQueuedSynchronizer$ConditionObject.await(AbstractQueuedSynchronizer.java:2067)
01-13 09:00:18.778 4407 7552 E DEBUG : at java.util.concurrent.ArrayBlockingQueue.take(ArrayBlockingQueue.java:387)
01-13 09:00:18.778 4407 7552 E DEBUG : at java.util.concurrent.ThreadPoolExecutor.getTask(ThreadPoolExecutor.java:1092)
01-13 09:00:18.778 4407 7552 E DEBUG : at java.util.concurrent.ThreadPoolExecutor.runWorker(ThreadPoolExecutor.java:1152)
01-13 09:00:18.778 4407 7552 E DEBUG : at java.util.concurrent.ThreadPoolExecutor$Worker.run(ThreadPoolExecutor.java:641)
01-13 09:00:18.778 4407 7552 E DEBUG : at java.lang.Thread.run(Thread.java:920)
01-13 09:00:18.778 4407 7552 E DEBUG :
01-13 09:00:18.778 4407 7552 E DEBUG : "​io.reactivex.internal.schedulers.RxThreadFactory#RxSchedulerPurge-1" daemon prio=5 tid=18 TimedWaiting
01-13 09:00:18.778 4407 7552 E DEBUG : | group="main" sCount=0 ucsCount=0 flags=0 obj=0x12c40b88 self=0x777bafecc0
01-13 09:00:18.778 4407 7552 E DEBUG : | sysTid=4573 nice=0 cgrp=default sched=0/0 handle=0x758617ccb0
01-13 09:00:18.778 4407 7552 E DEBUG : | state=? schedstat=( 0 0 0 ) utm=0 stm=0 core=0 HZ=100
01-13 09:00:18.778 4407 7552 E DEBUG : | stack=0x7586079000-0x758607b000 stackSize=1039KB
01-13 09:00:18.778 4407 7552 E DEBUG : | held mutexes=
01-13 09:00:18.778 4407 7552 E DEBUG : at sun.misc.Unsafe.park(Native method)
01-13 09:00:18.778 4407 7552 E DEBUG : - waiting on an unknown object
01-13 09:00:18.778 4407 7552 E DEBUG : at java.util.concurrent.locks.LockSupport.parkNanos(LockSupport.java:230)
01-13 09:00:18.778 4407 7552 E DEBUG : at java.util.concurrent.locks.AbstractQueuedSynchronizer$ConditionObject.awaitNanos(AbstractQueuedSynchronizer.java:2109)
01-13 09:00:18.778 4407 7552 E DEBUG : at java.util.concurrent.ScheduledThreadPoolExecutor$DelayedWorkQueue.take(ScheduledThreadPoolExecutor.java:1132)
01-13 09:00:18.778 4407 7552 E DEBUG : at java.util.concurrent.ScheduledThreadPoolExecutor$DelayedWorkQueue.take(ScheduledThreadPoolExecutor.java:849)
01-13 09:00:18.778 4407 7552 E DEBUG : at java.util.concurrent.ThreadPoolExecutor.getTask(ThreadPoolExecutor.java:1092)
01-13 09:00:18.778 4407 7552 E DEBUG : at java.util.concurrent.ThreadPoolExecutor.runWorker(ThreadPoolExecutor.java:1152)
01-13 09:00:18.778 4407 7552 E DEBUG : at java.util.concurrent.ThreadPoolExecutor$Worker.run(ThreadPoolExecutor.java:641)
01-13 09:00:18.778 4407 7552 E DEBUG : at java.lang.Thread.run(Thread.java:920)
01-13 09:00:18.778 4407 7552 E DEBUG :
01-13 09:00:18.778 4407 7552 E DEBUG : "​io.reactivex.internal.schedulers.RxThreadFactory#RxCachedWorkerPoolEvictor-1" daemon prio=5 tid=19 TimedWaiting
01-13 09:00:18.778 4407 7552 E DEBUG : | group="main" sCount=0 ucsCount=0 flags=0 obj=0x12c417d0 self=0x777bafd0f0
01-13 09:00:18.778 4407 7552 E DEBUG : | sysTid=4575 nice=0 cgrp=default sched=0/0 handle=0x7586072cb0
01-13 09:00:18.778 4407 7552 E DEBUG : | state=? schedstat=( 0 0 0 ) utm=0 stm=0 core=0 HZ=100
01-13 09:00:18.778 4407 7552 E DEBUG : | stack=0x7585f6f000-0x7585f71000 stackSize=1039KB
01-13 09:00:18.778 4407 7552 E DEBUG : | held mutexes=
01-13 09:00:18.778 4407 7552 E DEBUG : at sun.misc.Unsafe.park(Native method)
01-13 09:00:18.778 4407 7552 E DEBUG : - waiting on an unknown object
01-13 09:00:18.778 4407 7552 E DEBUG : at java.util.concurrent.locks.LockSupport.parkNanos(LockSupport.java:230)
01-13 09:00:18.778 4407 7552 E DEBUG : at java.util.concurrent.locks.AbstractQueuedSynchronizer$ConditionObject.awaitNanos(AbstractQueuedSynchronizer.java:2109)
01-13 09:00:18.778 4407 7552 E DEBUG : at java.util.concurrent.ScheduledThreadPoolExecutor$DelayedWorkQueue.take(ScheduledThreadPoolExecutor.java:1132)
01-13 09:00:18.778 4407 7552 E DEBUG : at java.util.concurrent.ScheduledThreadPoolExecutor$DelayedWorkQueue.take(ScheduledThreadPoolExecutor.java:849)
01-13 09:00:18.778 4407 7552 E DEBUG : at java.util.concurrent.ThreadPoolExecutor.getTask(ThreadPoolExecutor.java:1092)
01-13 09:00:18.778 4407 7552 E DEBUG : at java.util.concurrent.ThreadPoolExecutor.runWorker(ThreadPoolExecutor.java:1152)
01-13 09:00:18.778 4407 7552 E DEBUG : at java.util.concurrent.ThreadPoolExecutor$Worker.run(ThreadPoolExecutor.java:641)
01-13 09:00:18.778 4407 7552 E DEBUG : at java.lang.Thread.run(Thread.java:920)
01-13 09:00:18.778 4407 7552 E DEBUG :
01-13 09:00:18.778 4407 7552 E DEBUG : "​com.cmcc.migux.threading.SerialDispatchQueue#serialQueue" prio=5 tid=22 Native
01-13 09:00:18.778 4407 7552 E DEBUG : | group="main" sCount=0 ucsCount=0 flags=0 obj=0x12c41ca0 self=0x777baf45e0
01-13 09:00:18.778 4407 7552 E DEBUG : | sysTid=4616 nice=0 cgrp=default sched=0/0 handle=0x7583d54cb0
01-13 09:00:18.778 4407 7552 E DEBUG : | state=? schedstat=( 0 0 0 ) utm=0 stm=0 core=0 HZ=100
01-13 09:00:18.778 4407 7552 E DEBUG : | stack=0x7583c51000-0x7583c53000 stackSize=1039KB
01-13 09:00:18.778 4407 7552 E DEBUG : | held mutexes=
01-13 09:00:18.778 4407 7552 E DEBUG : at android.os.MessageQueue.nativePollOnce(Native method)
01-13 09:00:18.778 4407 7552 E DEBUG : at android.os.MessageQueue.next(MessageQueue.java:335)
01-13 09:00:18.778 4407 7552 E DEBUG : at android.os.Looper.loopOnce(Looper.java:161)
01-13 09:00:18.778 4407 7552 E DEBUG : at android.os.Looper.loop(Looper.java:288)
01-13 09:00:18.778 4407 7552 E DEBUG : at android.os.HandlerThread.run(HandlerThread.java:67)
01-13 09:00:18.778 4407 7552 E DEBUG :
01-13 09:00:18.778 4407 7552 E DEBUG : "​com.cmcc.migux.threading.SerialDispatchQueue#Serial-Queue" prio=5 tid=23 Native
01-13 09:00:18.778 4407 7552 E DEBUG : | group="main" sCount=0 ucsCount=0 flags=0 obj=0x12c41d80 self=0x777bb00890
01-13 09:00:18.778 4407 7552 E DEBUG : | sysTid=4617 nice=0 cgrp=default sched=0/0 handle=0x75839eacb0
01-13 09:00:18.778 4407 7552 E DEBUG : | state=? schedstat=( 0 0 0 ) utm=0 stm=0 core=0 HZ=100
01-13 09:00:18.778 4407 7552 E DEBUG : | stack=0x75838e7000-0x75838e9000 stackSize=1039KB
01-13 09:00:18.778 4407 7552 E DEBUG : | held mutexes=
01-13 09:00:18.778 4407 7552 E DEBUG : at android.os.MessageQueue.nativePollOnce(Native method)
01-13 09:00:18.778 4407 7552 E DEBUG : at android.os.MessageQueue.next(MessageQueue.java:335)
01-13 09:00:18.778 4407 7552 E DEBUG : at android.os.Looper.loopOnce(Looper.java:161)
01-13 09:00:18.778 4407 7552 E DEBUG : at android.os.Looper.loop(Looper.java:288)
01-13 09:00:18.778 4407 7552 E DEBUG : at android.os.HandlerThread.run(HandlerThread.java:67)
01-13 09:00:18.778 4407 7552 E DEBUG :
01-13 09:00:18.778 4407 7552 E DEBUG : "​com.cmcc.migux.threading.SerialDispatchQueue#serialQueue" prio=5 tid=24 Native
01-13 09:00:18.778 4407 7552 E DEBUG : | group="main" sCount=0 ucsCount=0 flags=0 obj=0x12c41e60 self=0x777bb04030
01-13 09:00:18.778 4407 7552 E DEBUG : | sysTid=4618 nice=0 cgrp=default sched=0/0 handle=0x75838e0cb0
01-13 09:00:18.778 4407 7552 E DEBUG : | state=? schedstat=( 0 0 0 ) utm=0 stm=0 core=0 HZ=100
01-13 09:00:18.778 4407 7552 E DEBUG : | stack=0x75837dd000-0x75837df000 stackSize=1039KB
01-13 09:00:18.778 4407 7552 E DEBUG : | held mutexes=
01-13 09:00:18.778 4407 7552 E DEBUG : at android.os.MessageQueue.nativePollOnce(Native method)
01-13 09:00:18.778 4407 7552 E DEBUG : at android.os.MessageQueue.next(MessageQueue.java:335)
01-13 09:00:18.778 4407 7552 E DEBUG : at android.os.Looper.loopOnce(Looper.java:161)
01-13 09:00:18.778 4407 7552 E DEBUG : at android.os.Looper.loop(Looper.java:288)
01-13 09:00:18.778 4407 7552 E DEBUG : at android.os.HandlerThread.run(HandlerThread.java:67)
01-13 09:00:18.778 4407 7552 E DEBUG :
01-13 09:00:18.778 4407 7552 E DEBUG : "​com.cmcc.migux.threading.SerialDispatchQueue#serialQueue" prio=5 tid=25 Native
01-13 09:00:18.778 4407 7552 E DEBUG : | group="main" sCount=0 ucsCount=0 flags=0 obj=0x12c41f60 self=0x777bb05c00
01-13 09:00:18.778 4407 7552 E DEBUG : | sysTid=4620 nice=0 cgrp=default sched=0/0 handle=0x75837d6cb0
01-13 09:00:18.778 4407 7552 E DEBUG : | state=? schedstat=( 0 0 0 ) utm=0 stm=0 core=0 HZ=100
01-13 09:00:18.778 4407 7552 E DEBUG : | stack=0x75836d3000-0x75836d5000 stackSize=1039KB
01-13 09:00:18.778 4407 7552 E DEBUG : | held mutexes=
01-13 09:00:18.778 4407 7552 E DEBUG : at android.os.MessageQueue.nativePollOnce(Native method)
01-13 09:00:18.778 4407 7552 E DEBUG : at android.os.MessageQueue.next(MessageQueue.java:335)
01-13 09:00:18.778 4407 7552 E DEBUG : at android.os.Looper.loopOnce(Looper.java:161)
01-13 09:00:18.778 4407 7552 E DEBUG : at android.os.Looper.loop(Looper.java:288)
01-13 09:00:18.778 4407 7552 E DEBUG : at android.os.HandlerThread.run(HandlerThread.java:67)
01-13 09:00:18.778 4407 7552 E DEBUG :
01-13 09:00:18.778 4407 7552 E DEBUG : "​com.cmcc.migux.threading.SerialDispatchQueue#serialQueue" prio=5 tid=26 Native
01-13 09:00:18.778 4407 7552 E DEBUG : | group="main" sCount=0 ucsCount=0 flags=0 obj=0x12c42070 self=0x777bb077d0
01-13 09:00:18.778 4407 7552 E DEBUG : | sysTid=4683 nice=0 cgrp=default sched=0/0 handle=0x75836accb0
01-13 09:00:18.778 4407 7552 E DEBUG : | state=? schedstat=( 0 0 0 ) utm=0 stm=0 core=0 HZ=100
01-13 09:00:18.778 4407 7552 E DEBUG : | stack=0x75835a9000-0x75835ab000 stackSize=1039KB
01-13 09:00:18.778 4407 7552 E DEBUG : | held mutexes=
01-13 09:00:18.778 4407 7552 E DEBUG : at android.os.MessageQueue.nativePollOnce(Native method)
01-13 09:00:18.778 4407 7552 E DEBUG : at android.os.MessageQueue.next(MessageQueue.java:335)
01-13 09:00:18.778 4407 7552 E DEBUG : at android.os.Looper.loopOnce(Looper.java:161)
01-13 09:00:18.778 4407 7552 E DEBUG : at android.os.Looper.loop(Looper.java:288)
01-13 09:00:18.778 4407 7552 E DEBUG : at android.os.HandlerThread.run(HandlerThread.java:67)
01-13 09:00:18.778 4407 7552 E DEBUG :
01-13 09:00:18.778 4407 7552 E DEBUG : "​com.cmcc.migux.threading.ConcurrentDispatchQueue#NetworkDispatchQueue (thread-1)" prio=5 tid=27 Waiting
01-13 09:00:18.778 4407 7552 E DEBUG : | group="main" sCount=0 ucsCount=0 flags=0 obj=0x12c42258 self=0x777bb093a0
01-13 09:00:18.778 4407 7552 E DEBUG : | sysTid=4696 nice=0 cgrp=default sched=0/0 handle=0x75835a2cb0
01-13 09:00:18.778 4407 7552 E DEBUG : | state=? schedstat=( 0 0 0 ) utm=0 stm=0 core=0 HZ=100
01-13 09:00:18.778 4407 7552 E DEBUG : | stack=0x758349f000-0x75834a1000 stackSize=1039KB
01-13 09:00:18.778 4407 7552 E DEBUG : | held mutexes=
01-13 09:00:18.778 4407 7552 E DEBUG : at sun.misc.Unsafe.park(Native method)
01-13 09:00:18.778 4407 7552 E DEBUG : - waiting on an unknown object
01-13 09:00:18.778 4407 7552 E DEBUG : at java.util.concurrent.locks.LockSupport.park(LockSupport.java:190)
01-13 09:00:18.778 4407 7552 E DEBUG : at java.util.concurrent.SynchronousQueue$TransferStack.awaitFulfill(SynchronousQueue.java:459)
01-13 09:00:18.778 4407 7552 E DEBUG : at java.util.concurrent.SynchronousQueue$TransferStack.transfer(SynchronousQueue.java:362)
01-13 09:00:18.778 4407 7552 E DEBUG : at java.util.concurrent.SynchronousQueue.take(SynchronousQueue.java:920)
01-13 09:00:18.778 4407 7552 E DEBUG : at java.util.concurrent.ThreadPoolExecutor.getTask(ThreadPoolExecutor.java:1092)
01-13 09:00:18.778 4407 7552 E DEBUG : at java.util.concurrent.ThreadPoolExecutor.runWorker(ThreadPoolExecutor.java:1152)
01-13 09:00:18.778 4407 7552 E DEBUG : at java.util.concurrent.ThreadPoolExecutor$Worker.run(ThreadPoolExecutor.java:641)
01-13 09:00:18.778 4407 7552 E DEBUG : at java.lang.Thread.run(Thread.java:920)
01-13 09:00:18.778 4407 7552 E DEBUG :
01-13 09:00:18.778 4407 7552 E DEBUG : "​com.cmcc.migux.threading.SerialDispatchQueue#com.cmcc.cmvideo" prio=5 tid=28 Native
01-13 09:00:18.778 4407 7552 E DEBUG : | group="main" sCount=0 ucsCount=0 flags=0 obj=0x12c427f8 self=0x777bb02460
01-13 09:00:18.778 4407 7552 E DEBUG : | sysTid=4705 nice=0 cgrp=default sched=0/0 handle=0x7583458cb0
01-13 09:00:18.778 4407 7552 E DEBUG : | state=? schedstat=( 0 0 0 ) utm=0 stm=0 core=0 HZ=100
01-13 09:00:18.778 4407 7552 E DEBUG : | stack=0x7583355000-0x7583357000 stackSize=1039KB
01-13 09:00:18.778 4407 7552 E DEBUG : | held mutexes=
01-13 09:00:18.778 4407 7552 E DEBUG : at android.os.MessageQueue.nativePollOnce(Native method)
01-13 09:00:18.778 4407 7552 E DEBUG : at android.os.MessageQueue.next(MessageQueue.java:335)
01-13 09:00:18.778 4407 7552 E DEBUG : at android.os.Looper.loopOnce(Looper.java:161)
01-13 09:00:18.778 4407 7552 E DEBUG : at android.os.Looper.loop(Looper.java:288)
01-13 09:00:18.778 4407 7552 E DEBUG : at android.os.HandlerThread.run(HandlerThread.java:67)
01-13 09:00:18.778 4407 7552 E DEBUG :
01-13 09:00:18.778 4407 7552 E DEBUG : "​com.cmcc.migux.threading.ConcurrentDispatchQueue#Global-Queue (thread-1)" prio=5 tid=30 Waiting
01-13 09:00:18.778 4407 7552 E DEBUG : | group="main" sCount=0 ucsCount=0 flags=0 obj=0x12c46a50 self=0x777bb102e0
01-13 09:00:18.778 4407 7552 E DEBUG : | sysTid=4719 nice=0 cgrp=default sched=0/0 handle=0x7583244cb0
01-13 09:00:18.778 4407 7552 E DEBUG : | state=? schedstat=( 0 0 0 ) utm=0 stm=0 core=0 HZ=100
01-13 09:00:18.778 4407 7552 E DEBUG : | stack=0x7583141000-0x7583143000 stackSize=1039KB
01-13 09:00:18.778 4407 7552 E DEBUG : | held mutexes=
01-13 09:00:18.778 4407 7552 E DEBUG : at sun.misc.Unsafe.park(Native method)
01-13 09:00:18.778 4407 7552 E DEBUG : - waiting on an unknown object
01-13 09:00:18.778 4407 7552 E DEBUG : at java.util.concurrent.locks.LockSupport.park(LockSupport.java:190)
01-13 09:00:18.778 4407 7552 E DEBUG : at java.util.concurrent.locks.AbstractQueuedSynchronizer$ConditionObject.await(AbstractQueuedSynchronizer.java:2067)
01-13 09:00:18.778 4407 7552 E DEBUG : at java.util.concurrent.ScheduledThreadPoolExecutor$DelayedWorkQueue.take(ScheduledThreadPoolExecutor.java:1127)
01-13 09:00:18.778 4407 7552 E DEBUG : at java.util.concurrent.ScheduledThreadPoolExecutor$DelayedWorkQueue.take(ScheduledThreadPoolExecutor.java:849)
01-13 09:00:18.778 4407 7552 E DEBUG : at java.util.concurrent.ThreadPoolExecutor.getTask(ThreadPoolExecutor.java:1092)
01-13 09:00:18.778 4407 7552 E DEBUG : at java.util.concurrent.ThreadPoolExecutor.runWorker(ThreadPoolExecutor.java:1152)
01-13 09:00:18.778 4407 7552 E DEBUG : at java.util.concurrent.ThreadPoolExecutor$Worker.run(ThreadPoolExecutor.java:641)
01-13 09:00:18.778 4407 7552 E DEBUG : at java.lang.Thread.run(Thread.java:920)
01-13 09:00:18.778 4407 7552 E DEBUG :
01-13 09:00:18.778 4407 7552 E DEBUG : "​com.tencent.bugly.proguard.am$1#BuglyThread-2" prio=5 tid=32 Waiting
01-13 09:00:18.778 4407 7552 E DEBUG : | group="main" sCount=0 ucsCount=0 flags=0 obj=0x12c42e20 self=0x777bb13a80
01-13 09:00:18.778 4407 7552 E DEBUG : | sysTid=4738 nice=0 cgrp=default sched=0/0 handle=0x756d58bcb0
01-13 09:00:18.778 4407 7552 E DEBUG : | state=? schedstat=( 0 0 0 ) utm=0 stm=0 core=0 HZ=100
01-13 09:00:18.778 4407 7552 E DEBUG : | stack=0x756d488000-0x756d48a000 stackSize=1039KB
01-13 09:00:18.778 4407 7552 E DEBUG : | held mutexes=
01-13 09:00:18.778 4407 7552 E DEBUG : at sun.misc.Unsafe.park(Native method)
01-13 09:00:18.778 4407 7552 E DEBUG : - waiting on an unknown object
01-13 09:00:18.778 4407 7552 E DEBUG : at java.util.concurrent.locks.LockSupport.park(LockSupport.java:190)
01-13 09:00:18.778 4407 7552 E DEBUG : at java.util.concurrent.locks.AbstractQueuedSynchronizer$ConditionObject.await(AbstractQueuedSynchronizer.java:2067)
01-13 09:00:18.778 4407 7552 E DEBUG : at java.util.concurrent.ScheduledThreadPoolExecutor$DelayedWorkQueue.take(ScheduledThreadPoolExecutor.java:1127)
01-13 09:00:18.778 4407 7552 E DEBUG : at java.util.concurrent.ScheduledThreadPoolExecutor$DelayedWorkQueue.take(ScheduledThreadPoolExecutor.java:849)
01-13 09:00:18.778 4407 7552 E DEBUG : at java.util.concurrent.ThreadPoolExecutor.getTask(ThreadPoolExecutor.java:1092)
01-13 09:00:18.778 4407 7552 E DEBUG : at java.util.concurrent.ThreadPoolExecutor.runWorker(ThreadPoolExecutor.java:1152)
01-13 09:00:18.778 4407 7552 E DEBUG : at java.util.concurrent.ThreadPoolExecutor$Worker.run(ThreadPoolExecutor.java:641)
01-13 09:00:18.778 4407 7552 E DEBUG : at java.lang.Thread.run(Thread.java:920)
01-13 09:00:18.778 4407 7552 E DEBUG :
01-13 09:00:18.778 4407 7552 E DEBUG : "​com.tencent.bugly.proguard.am$1#BuglyThread-1" prio=5 tid=33 TimedWaiting
01-13 09:00:18.778 4407 7552 E DEBUG : | group="main" sCount=0 ucsCount=0 flags=0 obj=0x12c42f78 self=0x777bb0af70
01-13 09:00:18.778 4407 7552 E DEBUG : | sysTid=4737 nice=0 cgrp=default sched=0/0 handle=0x756d695cb0
01-13 09:00:18.778 4407 7552 E DEBUG : | state=? schedstat=( 0 0 0 ) utm=0 stm=0 core=0 HZ=100
01-13 09:00:18.778 4407 7552 E DEBUG : | stack=0x756d592000-0x756d594000 stackSize=1039KB
01-13 09:00:18.778 4407 7552 E DEBUG : | held mutexes=
01-13 09:00:18.778 4407 7552 E DEBUG : at sun.misc.Unsafe.park(Native method)
01-13 09:00:18.778 4407 7552 E DEBUG : - waiting on an unknown object
01-13 09:00:18.778 4407 7552 E DEBUG : at java.util.concurrent.locks.LockSupport.parkNanos(LockSupport.java:230)
01-13 09:00:18.778 4407 7552 E DEBUG : at java.util.concurrent.locks.AbstractQueuedSynchronizer$ConditionObject.awaitNanos(AbstractQueuedSynchronizer.java:2109)
01-13 09:00:18.778 4407 7552 E DEBUG : at java.util.concurrent.ScheduledThreadPoolExecutor$DelayedWorkQueue.take(ScheduledThreadPoolExecutor.java:1132)
01-13 09:00:18.778 4407 7552 E DEBUG : at java.util.concurrent.ScheduledThreadPoolExecutor$DelayedWorkQueue.take(ScheduledThreadPoolExecutor.java:849)
01-13 09:00:18.778 4407 7552 E DEBUG : at java.util.concurrent.ThreadPoolExecutor.getTask(ThreadPoolExecutor.java:1092)
01-13 09:00:18.778 4407 7552 E DEBUG : at java.util.concurrent.ThreadPoolExecutor.runWorker(ThreadPoolExecutor.java:1152)
01-13 09:00:18.778 4407 7552 E DEBUG : at java.util.concurrent.ThreadPoolExecutor$Worker.run(ThreadPoolExecutor.java:641)
01-13 09:00:18.778 4407 7552 E DEBUG : at java.lang.Thread.run(Thread.java:920)
01-13 09:00:18.778 4407 7552 E DEBUG :
01-13 09:00:18.778 4407 7552 E DEBUG : "​com.cmcc.migux.threading.ConcurrentDispatchQueue#Global-Queue (thread-2)" prio=5 tid=34 Waiting
01-13 09:00:18.778 4407 7552 E DEBUG : | group="main" sCount=0 ucsCount=0 flags=0 obj=0x12c43290 self=0x777bb11eb0
01-13 09:00:18.778 4407 7552 E DEBUG : | sysTid=4756 nice=0 cgrp=default sched=0/0 handle=0x756b481cb0
01-13 09:00:18.778 4407 7552 E DEBUG : | state=? schedstat=( 0 0 0 ) utm=0 stm=0 core=0 HZ=100
01-13 09:00:18.778 4407 7552 E DEBUG : | stack=0x756b37e000-0x756b380000 stackSize=1039KB
01-13 09:00:18.778 4407 7552 E DEBUG : | held mutexes=
01-13 09:00:18.778 4407 7552 E DEBUG : at sun.misc.Unsafe.park(Native method)
01-13 09:00:18.778 4407 7552 E DEBUG : - waiting on an unknown object
01-13 09:00:18.778 4407 7552 E DEBUG : at java.util.concurrent.locks.LockSupport.park(LockSupport.java:190)
01-13 09:00:18.778 4407 7552 E DEBUG : at java.util.concurrent.SynchronousQueue$TransferStack.awaitFulfill(SynchronousQueue.java:459)
01-13 09:00:18.778 4407 7552 E DEBUG : at java.util.concurrent.SynchronousQueue$TransferStack.transfer(SynchronousQueue.java:362)
01-13 09:00:18.778 4407 7552 E DEBUG : at java.util.concurrent.SynchronousQueue.take(SynchronousQueue.java:920)
01-13 09:00:18.778 4407 7552 E DEBUG : at java.util.concurrent.ThreadPoolExecutor.getTask(ThreadPoolExecutor.java:1092)
01-13 09:00:18.778 4407 7552 E DEBUG : at java.util.concurrent.ThreadPoolExecutor.runWorker(ThreadPoolExecutor.java:1152)
01-13 09:00:18.778 4407 7552 E DEBUG : at java.util.concurrent.ThreadPoolExecutor$Worker.run(ThreadPoolExecutor.java:641)
01-13 09:00:18.778 4407 7552 E DEBUG : at java.lang.Thread.run(Thread.java:920)
01-13 09:00:18.778 4407 7552 E DEBUG :
01-13 09:00:18.778 4407 7552 E DEBUG : "​com.tencent.bugly.crashreport.crash.anr.b#Bugly-ThreadMonitor0" prio=5 tid=36 Sleeping
01-13 09:00:18.778 4407 7552 E DEBUG : | group="main" sCount=0 ucsCount=0 flags=0 obj=0x12c43490 self=0x777bb0cb40
01-13 09:00:18.778 4407 7552 E DEBUG : | sysTid=4771 nice=0 cgrp=default sched=0/0 handle=0x756906acb0
01-13 09:00:18.778 4407 7552 E DEBUG : | state=? schedstat=( 0 0 0 ) utm=0 stm=0 core=0 HZ=100
01-13 09:00:18.778 4407 7552 E DEBUG : | stack=0x7568f67000-0x7568f69000 stackSize=1039KB
01-13 09:00:18.778 4407 7552 E DEBUG : | held mutexes=
01-13 09:00:18.778 4407 7552 E DEBUG : at java.lang.Thread.sleep(Native method)
01-13 09:00:18.778 4407 7552 E DEBUG : - sleeping on <0x05b91944> (a java.lang.Object)
01-13 09:00:18.778 4407 7552 E DEBUG : at java.lang.Thread.sleep(Thread.java:451)
01-13 09:00:18.778 4407 7552 E DEBUG : at java.lang.Thread.sleep(Thread.java:356)
01-13 09:00:18.778 4407 7552 E DEBUG : at com.tencent.bugly.proguard.as.run(BUGLY:194)
01-13 09:00:18.778 4407 7552 E DEBUG :
01-13 09:00:18.778 4407 7552 E DEBUG : "​com.tencent.bugly.proguard.am$1#BuglyThread-3" prio=5 tid=37 Waiting
01-13 09:00:18.778 4407 7552 E DEBUG : | group="main" sCount=0 ucsCount=0 flags=0 obj=0x12c43518 self=0x777bb18df0
01-13 09:00:18.778 4407 7552 E DEBUG : | sysTid=4772 nice=0 cgrp=default sched=0/0 handle=0x7569174cb0
01-13 09:00:18.778 4407 7552 E DEBUG : | state=? schedstat=( 0 0 0 ) utm=0 stm=0 core=0 HZ=100
01-13 09:00:18.778 4407 7552 E DEBUG : | stack=0x7569071000-0x7569073000 stackSize=1039KB
01-13 09:00:18.778 4407 7552 E DEBUG : | held mutexes=
01-13 09:00:18.778 4407 7552 E DEBUG : at sun.misc.Unsafe.park(Native method)
01-13 09:00:18.778 4407 7552 E DEBUG : - waiting on an unknown object
01-13 09:00:18.778 4407 7552 E DEBUG : at java.util.concurrent.locks.LockSupport.park(LockSupport.java:190)
01-13 09:00:18.778 4407 7552 E DEBUG : at java.util.concurrent.locks.AbstractQueuedSynchronizer$ConditionObject.await(AbstractQueuedSynchronizer.java:2067)
01-13 09:00:18.778 4407 7552 E DEBUG : at java.util.concurrent.ScheduledThreadPoolExecutor$DelayedWorkQueue.take(ScheduledThreadPoolExecutor.java:1127)
01-13 09:00:18.778 4407 7552 E DEBUG : at java.util.concurrent.ScheduledThreadPoolExecutor$DelayedWorkQueue.take(ScheduledThreadPoolExecutor.java:849)
01-13 09:00:18.778 4407 7552 E DEBUG : at java.util.concurrent.ThreadPoolExecutor.getTask(ThreadPoolExecutor.java:1092)
01-13 09:00:18.778 4407 7552 E DEBUG : at java.util.concurrent.ThreadPoolExecutor.runWorker(ThreadPoolExecutor.java:1152)
01-13 09:00:18.778 4407 7552 E DEBUG : at java.util.concurrent.ThreadPoolExecutor$Worker.run(ThreadPoolExecutor.java:641)
01-13 09:00:18.778 4407 7552 E DEBUG : at java.lang.Thread.run(Thread.java:920)
01-13 09:00:18.778 4407 7552 E DEBUG :
01-13 09:00:18.778 4407 7552 E DEBUG : "WifiManagerThread" prio=5 tid=38 Native
01-13 09:00:18.778 4407 7552 E DEBUG : | group="main" sCount=0 ucsCount=0 flags=0 obj=0x12c43620 self=0x777bb1c590
01-13 09:00:18.778 4407 7552 E DEBUG : | sysTid=4789 nice=0 cgrp=default sched=0/0 handle=0x7566f60cb0
01-13 09:00:18.778 4407 7552 E DEBUG : | state=? schedstat=( 0 0 0 ) utm=0 stm=0 core=0 HZ=100
01-13 09:00:18.778 4407 7552 E DEBUG : | stack=0x7566e5d000-0x7566e5f000 stackSize=1039KB
01-13 09:00:18.778 4407 7552 E DEBUG : | held mutexes=
01-13 09:00:18.778 4407 7552 E DEBUG : at android.os.MessageQueue.nativePollOnce(Native method)
01-13 09:00:18.778 4407 7552 E DEBUG : at android.os.MessageQueue.next(MessageQueue.java:335)
01-13 09:00:18.778 4407 7552 E DEBUG : at android.os.Looper.loopOnce(Looper.java:161)
01-13 09:00:18.778 4407 7552 E DEBUG : at android.os.Looper.loop(Looper.java:288)
01-13 09:00:18.778 4407 7552 E DEBUG : at android.os.HandlerThread.run(HandlerThread.java:67)
01-13 09:00:18.778 4407 7552 E DEBUG :
01-13 09:00:18.778 4407 7552 E DEBUG : "​com.cmcc.migux.threading.ConcurrentDispatchQueue#Global-Queue (thread-4)" prio=5 tid=39 Waiting
01-13 09:00:18.778 4407 7552 E DEBUG : | group="main" sCount=0 ucsCount=0 flags=0 obj=0x12c43700 self=0x777bb21900
01-13 09:00:18.778 4407 7552 E DEBUG : | sysTid=4796 nice=0 cgrp=default sched=0/0 handle=0x7565e56cb0
01-13 09:00:18.778 4407 7552 E DEBUG : | state=? schedstat=( 0 0 0 ) utm=0 stm=0 core=0 HZ=100
01-13 09:00:18.778 4407 7552 E DEBUG : | stack=0x7565d53000-0x7565d55000 stackSize=1039KB
01-13 09:00:18.778 4407 7552 E DEBUG : | held mutexes=
01-13 09:00:18.778 4407 7552 E DEBUG : at sun.misc.Unsafe.park(Native method)
01-13 09:00:18.778 4407 7552 E DEBUG : - waiting on an unknown object
01-13 09:00:18.778 4407 7552 E DEBUG : at java.util.concurrent.locks.LockSupport.park(LockSupport.java:190)
01-13 09:00:18.778 4407 7552 E DEBUG : at java.util.concurrent.SynchronousQueue$TransferStack.awaitFulfill(SynchronousQueue.java:459)
01-13 09:00:18.778 4407 7552 E DEBUG : at java.util.concurrent.SynchronousQueue$TransferStack.transfer(SynchronousQueue.java:362)
01-13 09:00:18.778 4407 7552 E DEBUG : at java.util.concurrent.SynchronousQueue.take(SynchronousQueue.java:920)
01-13 09:00:18.778 4407 7552 E DEBUG : at java.util.concurrent.ThreadPoolExecutor.getTask(ThreadPoolExecutor.java:1092)
01-13 09:00:18.778 4407 7552 E DEBUG : at java.util.concurrent.ThreadPoolExecutor.runWorker(ThreadPoolExecutor.java:1152)
01-13 09:00:18.778 4407 7552 E DEBUG : at java.util.concurrent.ThreadPoolExecutor$Worker.run(ThreadPoolExecutor.java:641)
01-13 09:00:18.778 4407 7552 E DEBUG : at java.lang.Thread.run(Thread.java:920)
01-13 09:00:18.778 4407 7552 E DEBUG :
01-13 09:00:18.778 4407 7552 E DEBUG : "​com.migu.uem.a.b" prio=5 tid=40 Waiting
01-13 09:00:18.778 4407 7552 E DEBUG : | group="main" sCount=0 ucsCount=0 flags=0 obj=0x12c438b8 self=0x777bb15650
01-13 09:00:18.778 4407 7552 E DEBUG : | sysTid=4802 nice=0 cgrp=default sched=0/0 handle=0x7564d4ccb0
01-13 09:00:18.778 4407 7552 E DEBUG : | state=? schedstat=( 0 0 0 ) utm=0 stm=0 core=0 HZ=100
