01-01 08:09:03.171 0 0 E send_afe_cal_type: No cal sent for cal_index 0, port_id = 0x9000! ret -22
01-01 08:09:03.171 0 0 I afe_send_hw_delay: port_id 0x9000 rate 48000 delay_usec 474 status 0
01-13 08:58:15.175 1477 2563 W FreeFormWindowHelper: Current Display FreeFormTask is null
01-13 08:58:15.195 1477 2502 W FreeFormWindowHelper: Current Display FreeFormTask is null
01-13 08:58:15.209 2440 3771 W ContextImpl: Calling a method in the system process without a qualified user: android.app.ContextImpl.startService:1816 android.content.ContextWrapper.startService:774 com.thundercomm.gamemode.ingame.services.GameModeActionUtils.startGameModeService:111 com.thundercomm.gamemode.ingame.services.GameModeActionUtils.startGameModeEntry:22 com.thundercomm.gamemode.ingame.services.ActivityMonitoringService$1.onActivityLaunch:129
01-13 08:58:15.217 1477 1477 I GameModeConfig: Current uri is uri = content://com.thundercomm.gamemode.api/gamemode_settings/gamemode_isgaming
01-13 08:58:15.222 1477 1477 I GameModeConfig: isGameModeOn = true
01-13 08:58:15.222 1477 1477 I GameModeConfig: isGaming = false
01-13 08:58:15.223 1477 1477 I GameModeConfig: isGameModeOn = true
01-13 08:58:15.223 1477 1477 I GameModeConfig: isGaming = false
01-13 08:58:15.223 1477 1477 I GameModeConfig: isDisableVoice = true
01-13 08:58:15.266 1477 2502 W FreeFormWindowHelper: Current Display FreeFormTask is null
01-13 08:58:15.359 1477 2563 W FreeFormWindowHelper: Current Display FreeFormTask is null
01-13 08:58:15.374 1477 1513 W FreeFormWindowHelper: Current Display FreeFormTask is null
01-13 08:58:15.391 1477 1513 W FreeFormWindowHelper: Current Display FreeFormTask is null
01-13 08:58:15.408 1477 2502 W FreeFormWindowHelper: Current Display FreeFormTask is null
01-13 08:58:15.425 1477 2563 W FreeFormWindowHelper: Current Display FreeFormTask is null
01-13 08:58:15.442 1477 2983 W FreeFormWindowHelper: Current Display FreeFormTask is null
01-13 08:58:15.460 1477 2983 W FreeFormWindowHelper: Current Display FreeFormTask is null
01-13 08:58:15.474 1477 2983 W FreeFormWindowHelper: Current Display FreeFormTask is null
01-13 08:58:15.508 1477 2563 W FreeFormWindowHelper: Current Display FreeFormTask is null
01-13 08:58:16.125 1477 2983 W FreeFormWindowHelper: Current Display FreeFormTask is null
01-13 08:58:16.142 1477 2983 I ActivityTaskManager: FOREGROUND_APPLICATION_CHANGED to com.android.launcher3.uioverrides.QuickstepLauncher
01-13 08:58:16.257 2440 3771 W ContextImpl: Calling a method in the system process without a qualified user: android.app.ContextImpl.startService:1816 android.content.ContextWrapper.startService:774 com.thundercomm.gamemode.ingame.services.GameModeActionUtils.startGameModeService:111 com.thundercomm.gamemode.ingame.services.GameModeActionUtils.startGameModeEntry:22 com.thundercomm.gamemode.ingame.services.ActivityMonitoringService$1.onActivityLaunch:129
01-13 08:58:16.267 1477 1477 I GameModeConfig: Current uri is uri = content://com.thundercomm.gamemode.api/gamemode_settings/gamemode_isgaming
01-13 08:58:16.273 1477 1477 I GameModeConfig: isGameModeOn = true
01-13 08:58:16.273 1477 1477 I GameModeConfig: isGaming = false
01-13 08:58:16.273 1477 1477 I GameModeConfig: isGameModeOn = true
01-13 08:58:16.273 1477 1477 I GameModeConfig: isGaming = false
01-13 08:58:16.273 1477 1477 I GameModeConfig: isDisableVoice = true
01-01 08:09:05.314 0 0 E [soft_i][0x270105b76][08:58:16.302840] wlan: [0:E:DP] dp_tx_comp_process_tx_status: 3431: peer is null or deletion in progress
01-01 08:09:07.960 0 0 E DTC_eth,link_delay_work_func: 3002, SQI=15, link=1
01-01 08:09:08.135 0 0 I afe_close: port_id = 0x9000
01-01 08:09:09.314 0 0 E [soft_i][0x274a459bb][08:58:20.303243] wlan: [0:E:DP] dp_tx_comp_process_tx_status: 3431: peer is null or deletion in progress
01-13 08:58:23.503 1477 1930 I GameModeConfig: isGameModeOn = true
01-13 08:58:23.503 1477 1930 I GameModeConfig: isGaming = false
01-01 08:09:13.080 0 0 E DTC_eth,link_delay_work_func: 3002, SQI=15, link=1
01-01 08:09:13.313 0 0 E [soft_i][0x27937ced3][08:58:24.301818] wlan: [0:E:DP] dp_tx_comp_process_tx_status: 3431: peer is null or deletion in progress
01-01 08:09:17.313 0 0 E [soft_i][0x27dcb9004][08:58:28.301407] wlan: [0:E:DP] dp_tx_comp_process_tx_status: 3431: peer is null or deletion in progress
01-01 08:09:17.582 0 0 I qcom_rpmh DRV: apps_rsc TCS Busy, retrying RPMH message send: addr=0x50000
01-01 08:09:17.582 0 0 I qcom_rpmh DRV: apps_rsc TCS Busy, retrying RPMH message send: addr=0x50000
01-01 08:09:17.582 0 0 I qcom_rpmh DRV: apps_rsc TCS Busy, retrying RPMH message send: addr=0x50000
01-01 08:09:18.200 0 0 E DTC_eth,link_delay_work_func: 3002, SQI=15, link=1
01-13 08:58:31.051 1477 2983 I thunderperf: PlatormCompat.setOverrides: Uid1=10081 Pid1=2562 Uid2=10081 Pid2=2562
01-13 08:58:31.051 1477 2983 I thunderperf: PlatormCompat.setOverrides: needCheck:false
01-13 08:58:31.052 1477 2983 I thunderperf: CompatConfig.addOverrideUnsafe: bef-state=1
01-13 08:58:31.052 1477 2983 I thunderperf: CompatConfig.addOverrideUnsafe: aft-state=0
01-13 08:58:31.052 1477 2983 I thunderperf: CompatConfig.addOverrideUnsafe: bef-state=1
01-13 08:58:31.053 1477 2983 I thunderperf: CompatConfig.addOverrideUnsafe: aft-state=0
01-13 08:58:31.053 1477 2983 I thunderperf: CompatConfig.addOverrideUnsafe: bef-state=1
01-13 08:58:31.053 1477 2983 I thunderperf: CompatConfig.addOverrideUnsafe: aft-state=0
01-13 08:58:31.054 1477 2983 I thunderperf: CompatConfig.addOverrideUnsafe: bef-state=1
01-13 08:58:31.055 1477 2983 I thunderperf: CompatConfig.addOverrideUnsafe: aft-state=0
01-13 08:58:31.055 1477 2983 I thunderperf: CompatConfig.addOverrideUnsafe: bef-state=1
01-13 08:58:31.056 1477 2983 I thunderperf: CompatConfig.addOverrideUnsafe: aft-state=0
01-13 08:58:31.056 1477 2983 I thunderperf: CompatConfig.addOverrideUnsafe: bef-state=1
01-13 08:58:31.056 1477 2983 I thunderperf: CompatConfig.addOverrideUnsafe: aft-state=0
01-13 08:58:31.057 1477 2983 I thunderperf: CompatConfig.addOverrideUnsafe: bef-state=1
01-13 08:58:31.057 1477 2983 I thunderperf: CompatConfig.addOverrideUnsafe: aft-state=0
01-13 08:58:31.057 1477 2983 I thunderperf: CompatConfig.addOverrideUnsafe: bef-state=1
01-13 08:58:31.057 1477 2983 I thunderperf: CompatConfig.addOverrideUnsafe: aft-state=0
01-13 08:58:31.058 1477 2983 I thunderperf: CompatConfig.addOverrideUnsafe: bef-state=1
01-13 08:58:31.058 1477 2983 I thunderperf: CompatConfig.addOverrideUnsafe: aft-state=0
01-13 08:58:31.058 1477 2983 I thunderperf: CompatConfig.addOverrideUnsafe: bef-state=1
01-13 08:58:31.059 1477 2983 I thunderperf: CompatConfig.addOverrideUnsafe: aft-state=0
01-13 08:58:31.059 1477 2983 I thunderperf: CompatConfig.addOverrideUnsafe: bef-state=1
01-13 08:58:31.059 1477 2983 I thunderperf: CompatConfig.addOverrideUnsafe: aft-state=0
01-13 08:58:31.060 1477 2983 I thunderperf: CompatConfig.addOverrideUnsafe: bef-state=1
01-13 08:58:31.060 1477 2983 I thunderperf: CompatConfig.addOverrideUnsafe: aft-state=0
01-13 08:58:31.061 1477 2983 I thunderperf: CompatConfig.addOverrideUnsafe: bef-state=1
01-13 08:58:31.061 1477 2983 I thunderperf: CompatConfig.addOverrideUnsafe: aft-state=0
01-13 08:58:31.061 1477 2983 I thunderperf: CompatConfig.addOverrideUnsafe: bef-state=1
01-13 08:58:31.061 1477 2983 I thunderperf: CompatConfig.addOverrideUnsafe: aft-state=0
01-13 08:58:31.077 1477 2983 I ActivityTaskManager: START u0 {act=android.intent.action.MAIN cat=[android.intent.category.LAUNCHER] flg=0x10200000 cmp=com.android.settings/.Settings bnds=[715,400][1017,680]} from uid 10081
01-13 08:58:31.101 1477 2563 I ActivityTaskManager: FOREGROUND_APPLICATION_CHANGED to com.android.settings.homepage.SettingsHomepageActivity
01-13 08:58:31.111 1477 2563 D CompatibilityChangeReporter: Compat change id reported: 174042980; UID 10062; state: DISABLED
01-13 08:58:31.113 1477 2563 D CompatibilityChangeReporter: Compat change id reported: 184838306; UID 10062; state: DISABLED
01-13 08:58:31.114 1477 2563 D CompatibilityChangeReporter: Compat change id reported: 185004937; UID 10062; state: DISABLED
01-13 08:58:31.114 1477 2563 D CompatibilityChangeReporter: Compat change id reported: 181136395; UID 10062; state: DISABLED
01-13 08:58:31.115 1477 2563 D CompatibilityChangeReporter: Compat change id reported: 174042936; UID 10062; state: DISABLED
01-13 08:58:31.136 1477 1574 W UsageStatsService: Unexpected activity event reported! (com.android.settings.intelligence/com.android.settings.intelligence.search.SearchActivity event : 23 instanceId : 241923652)
01-13 08:58:31.139 2440 3771 W ContextImpl: Calling a method in the system process without a qualified user: android.app.ContextImpl.startService:1816 android.content.ContextWrapper.startService:774 com.thundercomm.gamemode.ingame.services.GameModeActionUtils.startGameModeService:111 com.thundercomm.gamemode.ingame.services.GameModeActionUtils.startGameModeEntry:22 com.thundercomm.gamemode.ingame.services.ActivityMonitoringService$1.onActivityLaunch:129
01-13 08:58:31.144 1477 1477 I GameModeConfig: Current uri is uri = content://com.thundercomm.gamemode.api/gamemode_settings/gamemode_isgaming
01-13 08:58:31.155 1477 1477 I GameModeConfig: isGameModeOn = true
01-13 08:58:31.155 1477 1477 I GameModeConfig: isGaming = false
01-13 08:58:31.155 1477 1477 I GameModeConfig: isGameModeOn = true
01-13 08:58:31.155 1477 1477 I GameModeConfig: isGaming = false
01-13 08:58:31.155 1477 1477 I GameModeConfig: isDisableVoice = true
01-13 08:58:31.159 2440 3771 W ContextImpl: Calling a method in the system process without a qualified user: android.app.ContextImpl.startService:1816 android.content.ContextWrapper.startService:774 com.thundercomm.gamemode.ingame.services.GameModeActionUtils.startGameModeService:111 com.thundercomm.gamemode.ingame.services.GameModeActionUtils.startGameModeEntry:22 com.thundercomm.gamemode.ingame.services.ActivityMonitoringService$1.onActivityLaunch:129
01-13 08:58:31.165 1477 1477 I GameModeConfig: Current uri is uri = content://com.thundercomm.gamemode.api/gamemode_settings/gamemode_isgaming
01-13 08:58:31.167 1477 1477 I GameModeConfig: isGameModeOn = true
01-13 08:58:31.167 1477 1477 I GameModeConfig: isGaming = false
01-13 08:58:31.167 1477 1477 I GameModeConfig: isGameModeOn = true
01-13 08:58:31.167 1477 1477 I GameModeConfig: isGaming = false
01-13 08:58:31.167 1477 1477 I GameModeConfig: isDisableVoice = true
01-01 08:09:20.195 0 0 I [schedu][0x28117ff31][08:58:31.183742] wlan: [3451:I:OSIF] scan start scan id 40983
01-13 08:58:31.225 2440 3771 W ContextImpl: Calling a method in the system process without a qualified user: android.app.ContextImpl.startService:1816 android.content.ContextWrapper.startService:774 com.thundercomm.gamemode.ingame.services.GameModeActionUtils.startGameModeService:111 com.thundercomm.gamemode.ingame.services.GameModeActionUtils.startGameModeEntry:22 com.thundercomm.gamemode.ingame.services.ActivityMonitoringService$1.onActivityLaunch:129
01-13 08:58:31.234 1477 1477 I GameModeConfig: Current uri is uri = content://com.thundercomm.gamemode.api/gamemode_settings/gamemode_isgaming
01-13 08:58:31.237 1477 1477 I GameModeConfig: isGameModeOn = true
01-13 08:58:31.237 1477 1477 I GameModeConfig: isGaming = false
01-13 08:58:31.237 1477 1477 I GameModeConfig: isGameModeOn = true
01-13 08:58:31.237 1477 1477 I GameModeConfig: isGaming = false
01-13 08:58:31.237 1477 1477 I GameModeConfig: isDisableVoice = true
01-13 08:58:31.723 2440 3771 W ContextImpl: Calling a method in the system process without a qualified user: android.app.ContextImpl.startService:1816 android.content.ContextWrapper.startService:774 com.thundercomm.gamemode.ingame.services.GameModeActionUtils.startGameModeService:111 com.thundercomm.gamemode.ingame.services.GameModeActionUtils.startGameModeEntry:22 com.thundercomm.gamemode.ingame.services.ActivityMonitoringService$1.onActivityLaunch:129
01-13 08:58:31.726 1477 1477 I GameModeConfig: Current uri is uri = content://com.thundercomm.gamemode.api/gamemode_settings/gamemode_isgaming
01-13 08:58:31.728 1477 1477 I GameModeConfig: isGameModeOn = true
01-13 08:58:31.728 1477 1477 I GameModeConfig: isGaming = false
01-13 08:58:31.728 1477 1477 I GameModeConfig: isGameModeOn = true
01-13 08:58:31.729 1477 1477 I GameModeConfig: isGaming = false
01-13 08:58:31.729 1477 1477 I GameModeConfig: isDisableVoice = true
01-13 08:58:32.165 1477 2568 W FreeFormWindowHelper: Current Display FreeFormTask is null
01-13 08:58:32.170 2440 3771 W ContextImpl: Calling a method in the system process without a qualified user: android.app.ContextImpl.startService:1816 android.content.ContextWrapper.startService:774 com.thundercomm.gamemode.ingame.services.GameModeActionUtils.startGameModeService:111 com.thundercomm.gamemode.ingame.services.GameModeActionUtils.startGameModeEntry:22 com.thundercomm.gamemode.ingame.services.ActivityMonitoringService$1.onActivityLaunch:129
01-13 08:58:32.175 1477 1477 I GameModeConfig: Current uri is uri = content://com.thundercomm.gamemode.api/gamemode_settings/gamemode_isgaming
01-13 08:58:32.177 1477 1477 I GameModeConfig: isGameModeOn = true
01-13 08:58:32.177 1477 1477 I GameModeConfig: isGaming = false
01-13 08:58:32.178 1477 1477 I GameModeConfig: isGameModeOn = true
01-13 08:58:32.178 1477 1477 I GameModeConfig: isGaming = false
01-13 08:58:32.178 1477 1477 I GameModeConfig: isDisableVoice = true
01-13 08:58:32.218 1477 4903 W FreeFormWindowHelper: Current Display FreeFormTask is null
01-13 08:58:32.231 1477 2568 W FreeFormWindowHelper: Current Display FreeFormTask is null
01-13 08:58:32.247 1477 1995 W FreeFormWindowHelper: Current Display FreeFormTask is null
01-13 08:58:32.265 1477 4903 W FreeFormWindowHelper: Current Display FreeFormTask is null
01-13 08:58:32.282 1477 4903 W FreeFormWindowHelper: Current Display FreeFormTask is null
01-13 08:58:32.298 1477 2568 W FreeFormWindowHelper: Current Display FreeFormTask is null
01-01 08:09:21.311 0 0 E [soft_i][0x2825f0854][08:58:32.300026] wlan: [0:E:DP] dp_tx_comp_process_tx_status: 3431: peer is null or deletion in progress
01-13 08:58:32.315 1477 1513 W FreeFormWindowHelper: Current Display FreeFormTask is null
01-13 08:58:32.332 1477 1995 W FreeFormWindowHelper: Current Display FreeFormTask is null
01-13 08:58:32.349 1477 4903 W FreeFormWindowHelper: Current Display FreeFormTask is null
01-01 08:09:21.952 0 0 I [schedu][0x2831aaaa8][08:58:32.940482] wlan: [3451:I:OSIF] vdev 0, scan id 40983 type COMPLETED(1) reason COMPLETED(1) scan found 16 bss
01-13 08:58:32.966 1477 1995 W FreeFormWindowHelper: Current Display FreeFormTask is null
01-13 08:58:32.978 1477 2983 I ActivityTaskManager: FOREGROUND_APPLICATION_CHANGED to com.android.launcher3.uioverrides.QuickstepLauncher
01-13 08:58:33.032 2440 3771 W ContextImpl: Calling a method in the system process without a qualified user: android.app.ContextImpl.startService:1816 android.content.ContextWrapper.startService:774 com.thundercomm.gamemode.ingame.services.GameModeActionUtils.startGameModeService:111 com.thundercomm.gamemode.ingame.services.GameModeActionUtils.startGameModeEntry:22 com.thundercomm.gamemode.ingame.services.ActivityMonitoringService$1.onActivityLaunch:129
01-13 08:58:33.035 1477 1477 I GameModeConfig: Current uri is uri = content://com.thundercomm.gamemode.api/gamemode_settings/gamemode_isgaming
01-13 08:58:33.036 1477 1477 I GameModeConfig: isGameModeOn = true
01-13 08:58:33.036 1477 1477 I GameModeConfig: isGaming = false
01-13 08:58:33.036 1477 1477 I GameModeConfig: isGameModeOn = true
01-13 08:58:33.036 1477 1477 I GameModeConfig: isGaming = false
01-13 08:58:33.036 1477 1477 I GameModeConfig: isDisableVoice = true
01-13 08:58:33.093 2440 3771 W ContextImpl: Calling a method in the system process without a qualified user: android.app.ContextImpl.startService:1816 android.content.ContextWrapper.startService:774 com.thundercomm.gamemode.ingame.services.GameModeActionUtils.startGameModeService:111 com.thundercomm.gamemode.ingame.services.GameModeActionUtils.startGameModeEntry:22 com.thundercomm.gamemode.ingame.services.ActivityMonitoringService$1.onActivityLaunch:129
01-13 08:58:33.096 1477 1477 I GameModeConfig: Current uri is uri = content://com.thundercomm.gamemode.api/gamemode_settings/gamemode_isgaming
01-13 08:58:33.099 1477 1477 I GameModeConfig: isGameModeOn = true
01-13 08:58:33.099 1477 1477 I GameModeConfig: isGaming = false
01-13 08:58:33.099 1477 1477 I GameModeConfig: isGameModeOn = true
01-13 08:58:33.099 1477 1477 I GameModeConfig: isGaming = false
01-13 08:58:33.099 1477 1477 I GameModeConfig: isDisableVoice = true
01-01 08:09:23.320 0 0 E DTC_eth,link_delay_work_func: 3002, SQI=15, link=1
01-13 08:58:34.571 1477 1930 I GameModeConfig: isGameModeOn = true
01-13 08:58:34.571 1477 1930 I GameModeConfig: isGaming = false
01-13 08:58:34.571 1477 1930 I GameModeConfig: isGameModeOn = true
01-13 08:58:34.571 1477 1930 I GameModeConfig: isGaming = false
01-13 08:58:34.776 1477 1477 I GameModeConfig: isGameModeOn = true
01-13 08:58:34.776 1477 1477 I GameModeConfig: isGaming = false
01-13 08:58:34.779 1477 1477 W NotificationHistory: Attempted to add notif for locked/gone/disabled user 0
01-01 08:09:25.313 0 0 E [soft_i][0x286f3759f][08:58:36.301909] wlan: [0:E:DP] dp_tx_comp_process_tx_status: 3431: peer is null or deletion in progress
01-01 08:09:28.441 0 0 E DTC_eth,link_delay_work_func: 3002, SQI=15, link=1
01-01 08:09:29.316 0 0 E [soft_i][0x28b8856eb][08:58:40.305340] wlan: [0:E:DP] dp_tx_comp_process_tx_status: 3431: peer is null or deletion in progress
01-01 08:09:33.317 0 0 E [soft_i][0x2901c7a7f][08:58:44.306240] wlan: [0:E:DP] dp_tx_comp_process_tx_status: 3431: peer is null or deletion in progress
01-01 08:09:33.560 0 0 E DTC_eth,link_delay_work_func: 3002, SQI=15, link=1
01-13 08:58:44.796 1477 1930 I GameModeConfig: isGameModeOn = true
01-13 08:58:44.796 1477 1930 I GameModeConfig: isGaming = false
01-01 08:09:37.315 0 0 E [soft_i][0x294afc024][08:58:48.304182] wlan: [0:E:DP] dp_tx_comp_process_tx_status: 3431: peer is null or deletion in progress
01-01 08:09:38.680 0 0 E DTC_eth,link_delay_work_func: 3002, SQI=15, link=1
01-01 08:09:41.319 0 0 E [soft_i][0x299449110][08:58:52.307394] wlan: [0:E:DP] dp_tx_comp_process_tx_status: 3431: peer is null or deletion in progress
01-13 08:58:52.845 2328 7137 W ActivityThread: ClassLoader.loadClass: The class loader returned by Thread.getContextClassLoader() may fail for processes that host multiple applications. You should explicitly specify a context class loader. For example: Thread.setContextClassLoader(getClass().getClassLoader());
01-01 08:09:41.951 0 0 I input : Remote Mouse Controller as /devices/virtual/input/input5
01-01 08:09:41.952 0 0 I input : Remote Keyboard Controller as /devices/virtual/input/input6
01-01 08:09:43.800 0 0 E DTC_eth,link_delay_work_func: 3002, SQI=15, link=1
01-01 08:09:45.318 0 0 E [soft_i][0x29dd848a3][08:58:56.306855] wlan: [0:E:DP] dp_tx_comp_process_tx_status: 3431: peer is null or deletion in progress
01-01 08:09:45.996 0 0 I qcom_rpmh DRV: apps_rsc TCS Busy, retrying RPMH message send: addr=0x50000
01-01 08:09:48.299 0 0 I qcom_rpmh DRV: apps_rsc TCS Busy, retrying RPMH message send: addr=0x50000
01-01 08:09:48.300 0 0 I qcom_rpmh DRV: apps_rsc TCS Busy, retrying RPMH message send: addr=0x50000
01-01 08:09:48.300 0 0 I qcom_rpmh DRV: apps_rsc TCS Busy, retrying RPMH message send: addr=0x50000
01-13 08:58:59.593 1477 1558 D CompatibilityChangeReporter: Compat change id reported: 173031413; UID 1000; state: ENABLED
01-13 08:58:59.593 1477 1477 D WindowManager: powerPress: eventTime=586396 interactive=true count=0 beganFromNonInteractive=false mShortPressOnPowerBehavior=1
01-13 08:58:59.594 1477 1477 I PowerManagerService: Powering off display group due to power_button (groupId= 0, uid= 1000)...
01-13 08:58:59.594 1477 1477 I PowerManagerService: Going to sleep due to power_button (uid 1000)...
01-13 08:58:59.595 1477 1558 D CompatibilityChangeReporter: Compat change id reported: 173031413; UID 1000; state: DISABLED
01-13 08:58:59.601 1477 1630 I PowerManagerService: Sleeping display group (groupId=0, uid=1000)...
01-13 08:58:59.602 1477 1630 I PowerManagerService: Sleeping (uid 1000)...
01-13 08:58:59.604 1477 1477 I ActivityManager: Killing 3296:android.process.acore/u0a29 (adj 999): empty #31
01-13 08:58:59.613 1477 1477 D CompatibilityChangeReporter: Compat change id reported: 156215187; UID 10111; state: DISABLED
01-13 08:58:59.645 1477 1995 D CountryDetector: No listener is left
01-13 08:58:59.758 1477 1630 I DisplayPowerController[0]: Blocking screen off
01-13 08:58:59.758 1477 1988 E DisplayDeviceConfig: requesting nits when no mapping exists.
01-13 08:58:59.759 1477 1630 I DisplayPowerController[0]: Unblocked screen off after 1 ms
01-13 08:58:59.759 1477 1988 E DisplayDeviceConfig: requesting nits when no mapping exists.
01-13 08:58:59.761 1477 1575 I DropBoxManagerService: add tag=system_server_wtf isTagEnabled=true flags=0x2
01-13 08:58:59.764 1477 1630 D ActivityTaskManager: Top Process State changed to PROCESS_STATE_TOP_SLEEPING
01-13 08:58:59.768 1477 1575 I DropBoxManagerService: add tag=system_server_wtf isTagEnabled=true flags=0x2
01-13 08:58:59.785 1477 1587 E KernelCpuSpeedReader: Failed to read cpu-freq: /sys/devices/system/cpu/cpu4/cpufreq/stats/time_in_state: open failed: ENOENT (No such file or directory)
01-13 08:58:59.785 1477 1587 E KernelCpuSpeedReader: Failed to read cpu-freq: /sys/devices/system/cpu/cpu0/cpufreq/stats/time_in_state: open failed: ENOENT (No such file or directory)
01-13 08:58:59.790 1477 1630 V DisplayPowerController[0]: Brightness [0.0] reason changing to: 'screen_off', previous reason: 'manual'.
01-13 08:58:59.791 1477 1560 I DisplayDeviceRepository: Display device changed state: "内置屏幕", OFF
01-01 08:09:48.824 0 0 E : [MAX975X:max96755x_drm_notifier_callback] *ERROR* receives EARLY_BLANK:POWERDOWN
01-01 08:09:48.824 0 0 I atmel_mxt_ts 0-004a: FB event:2,blank:1
01-01 08:09:48.824 0 0 I atmel_mxt_ts 0-004a: drm_notifier_callback: POWERDOWN! Suspend by drm notifier.
01-01 08:09:48.842 0 0 E : [MAX975X:max96755x_drm_notifier_callback] *ERROR* receives BLANK:POWERDOWN
01-01 08:09:48.842 0 0 I atmel_mxt_ts 0-004a: FB event:1,blank:1
01-01 08:09:48.842 0 0 I atmel_mxt_ts 0-004a: resume: event = 1 blank = 1, not care
01-01 08:09:48.863 0 0 W ALERT : changing window size from 16000000 to 20000000 at 586664057222
01-13 08:58:59.870 2440 3771 W ContextImpl: Calling a method in the system process without a qualified user: android.app.ContextImpl.startService:1816 android.content.ContextWrapper.startService:774 com.thundercomm.gamemode.ingame.services.GameModeActionUtils.startGameModeService:111 com.thundercomm.gamemode.ingame.services.GameModeActionUtils.startGameModeEntry:22 com.thundercomm.gamemode.ingame.services.ActivityMonitoringService$1.onActivityLaunch:129
01-13 08:58:59.877 1477 1477 I GameModeConfig: Current uri is uri = content://com.thundercomm.gamemode.api/gamemode_settings/gamemode_isgaming
01-13 08:58:59.880 1477 1477 I GameModeConfig: isGameModeOn = true
01-13 08:58:59.880 1477 1477 I GameModeConfig: isGaming = false
01-13 08:58:59.880 1477 1477 I GameModeConfig: isGameModeOn = true
01-13 08:58:59.880 1477 1477 I GameModeConfig: isGaming = false
01-13 08:58:59.880 1477 1477 I GameModeConfig: isDisableVoice = true
01-13 08:58:59.891 2440 3771 W ContextImpl: Calling a method in the system process without a qualified user: android.app.ContextImpl.startService:1816 android.content.ContextWrapper.startService:774 com.thundercomm.gamemode.ingame.services.GameModeActionUtils.startGameModeService:111 com.thundercomm.gamemode.ingame.services.GameModeActionUtils.startGameModeEntry:22 com.thundercomm.gamemode.ingame.services.ActivityMonitoringService$1.onActivityLaunch:129
01-13 08:58:59.902 1477 1477 I GameModeConfig: Current uri is uri = content://com.thundercomm.gamemode.api/gamemode_settings/gamemode_isgaming
01-13 08:58:59.903 1477 1477 I GameModeConfig: isGameModeOn = true
01-13 08:58:59.903 1477 1477 I GameModeConfig: isGaming = false
01-13 08:58:59.903 1477 1477 I GameModeConfig: isGameModeOn = true
01-13 08:58:59.903 1477 1477 I GameModeConfig: isGaming = false
01-13 08:58:59.903 1477 1477 I GameModeConfig: isDisableVoice = true
01-13 08:58:59.908 2440 3771 W ContextImpl: Calling a method in the system process without a qualified user: android.app.ContextImpl.startService:1816 android.content.ContextWrapper.startService:774 com.thundercomm.gamemode.ingame.services.GameModeActionUtils.startGameModeService:111 com.thundercomm.gamemode.ingame.services.GameModeActionUtils.startGameModeEntry:22 com.thundercomm.gamemode.ingame.services.ActivityMonitoringService$1.onActivityLaunch:129
01-01 08:09:48.920 0 0 E DTC_eth,link_delay_work_func: 3002, SQI=15, link=1
01-13 08:58:59.913 1477 1477 I GameModeConfig: Current uri is uri = content://com.thundercomm.gamemode.api/gamemode_settings/gamemode_isgaming
01-13 08:58:59.914 1477 1477 I GameModeConfig: isGameModeOn = true
01-13 08:58:59.914 1477 1477 I GameModeConfig: isGaming = false
01-13 08:58:59.914 1477 1477 I GameModeConfig: isGameModeOn = true
01-13 08:58:59.914 1477 1477 I GameModeConfig: isGaming = false
01-13 08:58:59.914 1477 1477 I GameModeConfig: isDisableVoice = true
01-13 08:59:00.136 1477 2376 I PowerManagerService: Powering on display group fromAsleep (groupId=0, uid=1000, reason=WAKE_REASON_POWER_BUTTON, details=android.policy:POWER)...
01-13 08:59:00.136 1477 2376 I PowerManagerService: Waking up from Asleep (uid=1000, reason=WAKE_REASON_POWER_BUTTON, details=android.policy:POWER)...
01-13 08:59:00.151 1477 1630 I DisplayPowerController[0]: Blocking screen on until initial contents have been drawn.
01-13 08:59:00.151 1477 1587 E KernelCpuSpeedReader: Failed to read cpu-freq: /sys/devices/system/cpu/cpu4/cpufreq/stats/time_in_state: open failed: ENOENT (No such file or directory)
01-13 08:59:00.151 1477 1630 D ActivityTaskManager: Top Process State changed to PROCESS_STATE_TOP
01-13 08:59:00.151 1477 1587 E KernelCpuSpeedReader: Failed to read cpu-freq: /sys/devices/system/cpu/cpu0/cpufreq/stats/time_in_state: open failed: ENOENT (No such file or directory)
01-13 08:59:00.175 1477 1630 V DisplayPowerController[0]: Brightness [1.0] reason changing to: 'manual', previous reason: 'screen_off'.
01-01 08:09:49.194 0 0 E : [MAX975X:max96755x_drm_notifier_callback] *ERROR* receives EARLY_BLANK:UNBLANK
01-01 08:09:49.194 0 0 I atmel_mxt_ts 0-004a: FB event:2,blank:0
01-01 08:09:49.194 0 0 I atmel_mxt_ts 0-004a: suspend: event = 2, blank = 0, not care
01-01 08:09:49.194 0 0 I [drm:dsi_display_set_mode] [msm-dsi-info]: mdp_transfer_time_us=0 us
01-01 08:09:49.194 0 0 I [drm:dsi_display_set_mode] [msm-dsi-info]: hactive= 2560,vactive= 1080,fps=60
01-01 08:09:49.194 0 0 I [drm:dsi_ctrl_isr_configure] [msm-dsi-info]: dsi-ctrl-0: IRQ 402 registered
01-13 08:59:00.182 1477 1477 I WindowManager: Suppressed redundant power key press while already in the process of turning the screen on.
01-13 08:59:00.184 1477 1560 I DisplayDeviceRepository: Display device changed state: "内置屏幕", ON
01-13 08:59:00.191 1477 1630 I DisplayPowerController[0]: Unblocked screen on after 41 ms
01-01 08:09:49.203 0 0 W ALERT : changing window size from 20000000 to 16000000 at 587004051128
01-13 08:59:00.194 1477 1575 W BroadcastQueue: Background execution not allowed: receiving Intent { act=android.intent.action.USER_PRESENT flg=0x24200010 } to com.microsoft.emmx/org.chromium.chrome.browser.sharing.click_to_call.ClickToCallMessageHandler$PhoneUnlockedReceiver
01-13 08:59:00.196 1477 1575 W BroadcastQueue: Permission Denial: broadcasting Intent { act=android.intent.action.USER_PRESENT flg=0x24200010 } from com.android.systemui (pid=2015, uid=10082) to com.hunantv.imgo.activity/com.igexin.sdk.PushReceiver is not exported from uid 10118
01-13 08:59:00.196 1477 1575 W BroadcastQueue: Permission Denial: broadcasting Intent { act=android.intent.action.USER_PRESENT flg=0x24200010 } from com.android.systemui (pid=2015, uid=10082) to com.miHoYo.Yuanshen/cn.jpush.android.service.PushReceiver is not exported from uid 10100
01-13 08:59:00.196 1477 1575 W BroadcastQueue: Permission Denial: broadcasting Intent { act=android.intent.action.USER_PRESENT flg=0x24200010 } from com.android.systemui (pid=2015, uid=10082) to com.qiyi.video.pad/com.iqiyi.hcim.service.BroadcastCenter is not exported from uid 10104
01-13 08:59:00.196 1477 1575 W BroadcastQueue: Background execution not allowed: receiving Intent { act=android.intent.action.USER_PRESENT flg=0x24200010 } to com.ss.android.ugc.live/com.ss.android.ugc.push.receiver.ScreenReceiver
01-13 08:59:00.196 1477 1575 W BroadcastQueue: Background execution not allowed: receiving Intent { act=android.intent.action.USER_PRESENT flg=0x24200010 } to com.ss.android.ugc.live/com.taobao.accs.EventReceiver
01-13 08:59:00.196 1477 1575 W BroadcastQueue: Background execution not allowed: receiving Intent { act=android.intent.action.USER_PRESENT flg=0x24200010 } to com.ss.android.ugc.live/com.ss.android.push.window.oppo.ScreenReceiver
01-13 08:59:00.196 1477 1575 W BroadcastQueue: Permission Denial: broadcasting Intent { act=android.intent.action.USER_PRESENT flg=0x24200010 } from com.android.systemui (pid=2015, uid=10082) to com.ximalaya.ting.android/com.igexin.sdk.PushReceiver is not exported from uid 10105
01-13 08:59:00.196 1477 1575 W BroadcastQueue: Background execution not allowed: receiving Intent { act=android.intent.action.USER_PRESENT flg=0x24200010 } to com.xingin.xhs/com.igexin.sdk.PushReceiver
01-13 08:59:00.196 1477 1575 W BroadcastQueue: Permission Denial: broadcasting Intent { act=android.intent.action.USER_PRESENT flg=0x24200010 } from com.android.systemui (pid=2015, uid=10082) to com.yiche.autoeasy/com.igexin.sdk.PushReceiver is not exported from uid 10116
01-13 08:59:00.197 1477 1575 W BroadcastQueue: Background execution not allowed: receiving Intent { act=android.intent.action.USER_PRESENT flg=0x24200010 } to com.youku.phone/com.taobao.accs.EventReceiver
01-01 08:09:49.248 0 0 E : [MAX975X:max96755x_drm_notifier_callback] *ERROR* receives BLANK:UNBLANK
01-01 08:09:49.248 0 0 I atmel_mxt_ts 0-004a: FB event:1,blank:0
01-01 08:09:49.248 0 0 I atmel_mxt_ts 0-004a: drm_notifier_callback: UNBLANK! Resume by drm notifier.
01-13 08:59:00.239 1477 1988 E DisplayDeviceConfig: requesting nits when no mapping exists.
01-13 08:59:00.243 1477 1988 E DisplayDeviceConfig: requesting nits when no mapping exists.
01-13 08:59:00.248 1477 1575 I DropBoxManagerService: add tag=system_server_wtf isTagEnabled=true flags=0x2
01-13 08:59:00.254 1477 1575 I DropBoxManagerService: add tag=system_server_wtf isTagEnabled=true flags=0x2
01-01 08:09:49.311 0 0 E [soft_i][0x2a26a03c4][08:59:00.299536] wlan: [0:E:DP] dp_tx_comp_process_tx_status: 3431: peer is null or deletion in progress
01-13 08:59:00.966 1477 1477 D WindowManager: powerPress: eventTime=587769 interactive=true count=0 beganFromNonInteractive=false mShortPressOnPowerBehavior=1
01-13 08:59:00.968 1477 1477 I PowerManagerService: Powering off display group due to power_button (groupId= 0, uid= 1000)...
01-13 08:59:00.968 1477 1477 I PowerManagerService: Going to sleep due to power_button (uid 1000)...
01-13 08:59:00.971 1477 1630 I PowerManagerService: Sleeping display group (groupId=0, uid=1000)...
01-13 08:59:00.971 1477 1630 I PowerManagerService: Sleeping (uid 1000)...
01-13 08:59:01.060 1477 1630 I DisplayPowerController[0]: Blocking screen off
01-13 08:59:01.060 1477 1988 E DisplayDeviceConfig: requesting nits when no mapping exists.
01-13 08:59:01.060 1477 1630 I DisplayPowerController[0]: Unblocked screen off after 2 ms
01-13 08:59:01.062 1477 1630 D ActivityTaskManager: Top Process State changed to PROCESS_STATE_TOP_SLEEPING
01-13 08:59:01.062 1477 1988 E DisplayDeviceConfig: requesting nits when no mapping exists.
01-13 08:59:01.063 1477 1575 I DropBoxManagerService: add tag=system_server_wtf isTagEnabled=true flags=0x2
01-13 08:59:01.079 1477 1630 V DisplayPowerController[0]: Brightness [0.0] reason changing to: 'screen_off', previous reason: 'manual'.
01-13 08:59:01.079 1477 1560 I DisplayDeviceRepository: Display device changed state: "内置屏幕", OFF
01-13 08:59:01.082 1477 1587 E KernelCpuSpeedReader: Failed to read cpu-freq: /sys/devices/system/cpu/cpu4/cpufreq/stats/time_in_state: open failed: ENOENT (No such file or directory)
01-13 08:59:01.082 1477 1587 E KernelCpuSpeedReader: Failed to read cpu-freq: /sys/devices/system/cpu/cpu0/cpufreq/stats/time_in_state: open failed: ENOENT (No such file or directory)
01-01 08:09:50.116 0 0 E : [MAX975X:max96755x_drm_notifier_callback] *ERROR* receives EARLY_BLANK:POWERDOWN
01-01 08:09:50.116 0 0 I atmel_mxt_ts 0-004a: FB event:2,blank:1
01-01 08:09:50.116 0 0 I atmel_mxt_ts 0-004a: drm_notifier_callback: POWERDOWN! Suspend by drm notifier.
01-01 08:09:50.134 0 0 E : [MAX975X:max96755x_drm_notifier_callback] *ERROR* receives BLANK:POWERDOWN
01-01 08:09:50.134 0 0 I atmel_mxt_ts 0-004a: FB event:1,blank:1
01-01 08:09:50.134 0 0 I atmel_mxt_ts 0-004a: resume: event = 1 blank = 1, not care
01-01 08:09:50.147 0 0 W ALERT : changing window size from 16000000 to 20000000 at 587948049513
01-13 08:59:01.157 2440 3771 W ContextImpl: Calling a method in the system process without a qualified user: android.app.ContextImpl.startService:1816 android.content.ContextWrapper.startService:774 com.thundercomm.gamemode.ingame.services.GameModeActionUtils.startGameModeService:111 com.thundercomm.gamemode.ingame.services.GameModeActionUtils.startGameModeEntry:22 com.thundercomm.gamemode.ingame.services.ActivityMonitoringService$1.onActivityLaunch:129
01-13 08:59:01.165 1477 1477 I GameModeConfig: Current uri is uri = content://com.thundercomm.gamemode.api/gamemode_settings/gamemode_isgaming
01-13 08:59:01.171 1477 1477 I GameModeConfig: isGameModeOn = true
01-13 08:59:01.171 1477 1477 I GameModeConfig: isGaming = false
01-13 08:59:01.171 1477 1477 I GameModeConfig: isGameModeOn = true
01-13 08:59:01.171 1477 1477 I GameModeConfig: isGaming = false
01-13 08:59:01.171 1477 1477 I GameModeConfig: isDisableVoice = true
01-13 08:59:01.175 2440 3771 W ContextImpl: Calling a method in the system process without a qualified user: android.app.ContextImpl.startService:1816 android.content.ContextWrapper.startService:774 com.thundercomm.gamemode.ingame.services.GameModeActionUtils.startGameModeService:111 com.thundercomm.gamemode.ingame.services.GameModeActionUtils.startGameModeEntry:22 com.thundercomm.gamemode.ingame.services.ActivityMonitoringService$1.onActivityLaunch:129
01-13 08:59:01.179 1477 1477 I GameModeConfig: Current uri is uri = content://com.thundercomm.gamemode.api/gamemode_settings/gamemode_isgaming
01-13 08:59:01.181 1477 1477 I GameModeConfig: isGameModeOn = true
01-13 08:59:01.181 1477 1477 I GameModeConfig: isGaming = false
01-13 08:59:01.181 1477 1477 I GameModeConfig: isGameModeOn = true
01-13 08:59:01.181 1477 1477 I GameModeConfig: isGaming = false
01-13 08:59:01.181 1477 1477 I GameModeConfig: isDisableVoice = true
01-13 08:59:01.189 2440 3771 W ContextImpl: Calling a method in the system process without a qualified user: android.app.ContextImpl.startService:1816 android.content.ContextWrapper.startService:774 com.thundercomm.gamemode.ingame.services.GameModeActionUtils.startGameModeService:111 com.thundercomm.gamemode.ingame.services.GameModeActionUtils.startGameModeEntry:22 com.thundercomm.gamemode.ingame.services.ActivityMonitoringService$1.onActivityLaunch:129
01-13 08:59:01.194 1477 1477 I GameModeConfig: Current uri is uri = content://com.thundercomm.gamemode.api/gamemode_settings/gamemode_isgaming
01-13 08:59:01.196 1477 1477 I GameModeConfig: isGameModeOn = true
01-13 08:59:01.196 1477 1477 I GameModeConfig: isGaming = false
01-13 08:59:01.197 1477 1477 I GameModeConfig: isGameModeOn = true
01-13 08:59:01.197 1477 1477 I GameModeConfig: isGaming = false
01-13 08:59:01.197 1477 1477 I GameModeConfig: isDisableVoice = true
01-13 08:59:01.574 1477 2170 I PowerManagerService: Powering on display group fromAsleep (groupId=0, uid=1000, reason=WAKE_REASON_POWER_BUTTON, details=android.policy:POWER)...
01-13 08:59:01.575 1477 2170 I PowerManagerService: Waking up from Asleep (uid=1000, reason=WAKE_REASON_POWER_BUTTON, details=android.policy:POWER)...
01-13 08:59:01.580 1477 1630 I DisplayPowerController[0]: Blocking screen on until initial contents have been drawn.
01-13 08:59:01.580 1477 1630 D ActivityTaskManager: Top Process State changed to PROCESS_STATE_TOP
01-13 08:59:01.580 1477 1587 E KernelCpuSpeedReader: Failed to read cpu-freq: /sys/devices/system/cpu/cpu4/cpufreq/stats/time_in_state: open failed: ENOENT (No such file or directory)
01-13 08:59:01.581 1477 1587 E KernelCpuSpeedReader: Failed to read cpu-freq: /sys/devices/system/cpu/cpu0/cpufreq/stats/time_in_state: open failed: ENOENT (No such file or directory)
01-13 08:59:01.595 1477 1630 V DisplayPowerController[0]: Brightness [1.0] reason changing to: 'manual', previous reason: 'screen_off'.
01-13 08:59:01.598 1477 1477 I WindowManager: Suppressed redundant power key press while already in the process of turning the screen on.
01-13 08:59:01.599 1477 1560 I DisplayDeviceRepository: Display device changed state: "内置屏幕", ON
01-13 08:59:01.602 1477 1630 I DisplayPowerController[0]: Unblocked screen on after 22 ms
01-01 08:09:50.615 0 0 E : [MAX975X:max96755x_drm_notifier_callback] *ERROR* receives EARLY_BLANK:UNBLANK
01-01 08:09:50.615 0 0 I atmel_mxt_ts 0-004a: FB event:2,blank:0
01-01 08:09:50.615 0 0 I atmel_mxt_ts 0-004a: suspend: event = 2, blank = 0, not care
01-01 08:09:50.615 0 0 I [drm:dsi_display_set_mode] [msm-dsi-info]: mdp_transfer_time_us=0 us
01-01 08:09:50.615 0 0 I [drm:dsi_display_set_mode] [msm-dsi-info]: hactive= 2560,vactive= 1080,fps=60
01-01 08:09:50.615 0 0 I [drm:dsi_ctrl_isr_configure] [msm-dsi-info]: dsi-ctrl-0: IRQ 402 registered
01-13 08:59:01.609 1477 1575 W BroadcastQueue: Background execution not allowed: receiving Intent { act=android.intent.action.USER_PRESENT flg=0x24200010 } to com.microsoft.emmx/org.chromium.chrome.browser.sharing.click_to_call.ClickToCallMessageHandler$PhoneUnlockedReceiver
01-13 08:59:01.609 1477 1575 W BroadcastQueue: Permission Denial: broadcasting Intent { act=android.intent.action.USER_PRESENT flg=0x24200010 } from com.android.systemui (pid=2015, uid=10082) to com.hunantv.imgo.activity/com.igexin.sdk.PushReceiver is not exported from uid 10118
01-13 08:59:01.609 1477 1575 W BroadcastQueue: Permission Denial: broadcasting Intent { act=android.intent.action.USER_PRESENT flg=0x24200010 } from com.android.systemui (pid=2015, uid=10082) to com.miHoYo.Yuanshen/cn.jpush.android.service.PushReceiver is not exported from uid 10100
01-13 08:59:01.609 1477 1575 W BroadcastQueue: Permission Denial: broadcasting Intent { act=android.intent.action.USER_PRESENT flg=0x24200010 } from com.android.systemui (pid=2015, uid=10082) to com.qiyi.video.pad/com.iqiyi.hcim.service.BroadcastCenter is not exported from uid 10104
01-13 08:59:01.609 1477 1575 W BroadcastQueue: Background execution not allowed: receiving Intent { act=android.intent.action.USER_PRESENT flg=0x24200010 } to com.ss.android.ugc.live/com.ss.android.ugc.push.receiver.ScreenReceiver
01-13 08:59:01.609 1477 1575 W BroadcastQueue: Background execution not allowed: receiving Intent { act=android.intent.action.USER_PRESENT flg=0x24200010 } to com.ss.android.ugc.live/com.taobao.accs.EventReceiver
01-13 08:59:01.610 1477 1575 W BroadcastQueue: Background execution not allowed: receiving Intent { act=android.intent.action.USER_PRESENT flg=0x24200010 } to com.ss.android.ugc.live/com.ss.android.push.window.oppo.ScreenReceiver
01-13 08:59:01.610 1477 1575 W BroadcastQueue: Permission Denial: broadcasting Intent { act=android.intent.action.USER_PRESENT flg=0x24200010 } from com.android.systemui (pid=2015, uid=10082) to com.ximalaya.ting.android/com.igexin.sdk.PushReceiver is not exported from uid 10105
01-13 08:59:01.610 1477 1575 W BroadcastQueue: Background execution not allowed: receiving Intent { act=android.intent.action.USER_PRESENT flg=0x24200010 } to com.xingin.xhs/com.igexin.sdk.PushReceiver
01-13 08:59:01.611 1477 1575 W BroadcastQueue: Permission Denial: broadcasting Intent { act=android.intent.action.USER_PRESENT flg=0x24200010 } from com.android.systemui (pid=2015, uid=10082) to com.yiche.autoeasy/com.igexin.sdk.PushReceiver is not exported from uid 10116
01-13 08:59:01.611 1477 1575 W BroadcastQueue: Background execution not allowed: receiving Intent { act=android.intent.action.USER_PRESENT flg=0x24200010 } to com.youku.phone/com.taobao.accs.EventReceiver
01-01 08:09:50.627 0 0 W ALERT : changing window size from 20000000 to 16000000 at 588428035763
01-01 08:09:50.672 0 0 E : [MAX975X:max96755x_drm_notifier_callback] *ERROR* receives BLANK:UNBLANK
01-01 08:09:50.672 0 0 I atmel_mxt_ts 0-004a: FB event:1,blank:0
01-01 08:09:50.672 0 0 I atmel_mxt_ts 0-004a: drm_notifier_callback: UNBLANK! Resume by drm notifier.
01-13 08:59:01.663 1477 1988 E DisplayDeviceConfig: requesting nits when no mapping exists.
01-13 08:59:01.663 1477 1988 E DisplayDeviceConfig: requesting nits when no mapping exists.
01-01 08:09:50.916 0 0 I input : Remote Mouse Controller as /devices/virtual/input/input7
01-01 08:09:50.917 0 0 I input : Remote Keyboard Controller as /devices/virtual/input/input8
01-13 08:59:02.331 1477 1477 D WindowManager: powerPress: eventTime=589137 interactive=true count=0 beganFromNonInteractive=false mShortPressOnPowerBehavior=1
01-13 08:59:02.332 1477 1477 I PowerManagerService: Powering off display group due to power_button (groupId= 0, uid= 1000)...
01-13 08:59:02.332 1477 1477 I PowerManagerService: Going to sleep due to power_button (uid 1000)...
01-13 08:59:02.335 1477 1630 I PowerManagerService: Sleeping display group (groupId=0, uid=1000)...
01-13 08:59:02.335 1477 1630 I PowerManagerService: Sleeping (uid 1000)...
01-13 08:59:02.456 1477 1630 I DisplayPowerController[0]: Blocking screen off
01-13 08:59:02.457 1477 1988 E DisplayDeviceConfig: requesting nits when no mapping exists.
01-13 08:59:02.457 1477 1630 I DisplayPowerController[0]: Unblocked screen off after 0 ms
01-13 08:59:02.458 1477 1988 E DisplayDeviceConfig: requesting nits when no mapping exists.
01-13 08:59:02.460 1477 1630 D ActivityTaskManager: Top Process State changed to PROCESS_STATE_TOP_SLEEPING
01-13 08:59:02.468 1477 1630 V DisplayPowerController[0]: Brightness [0.0] reason changing to: 'screen_off', previous reason: 'manual'.
01-13 08:59:02.478 1477 1560 I DisplayDeviceRepository: Display device changed state: "内置屏幕", OFF
01-13 08:59:02.484 1477 1587 E KernelCpuSpeedReader: Failed to read cpu-freq: /sys/devices/system/cpu/cpu4/cpufreq/stats/time_in_state: open failed: ENOENT (No such file or directory)
01-13 08:59:02.484 1477 1587 E KernelCpuSpeedReader: Failed to read cpu-freq: /sys/devices/system/cpu/cpu0/cpufreq/stats/time_in_state: open failed: ENOENT (No such file or directory)
01-01 08:09:51.507 0 0 E : [MAX975X:max96755x_drm_notifier_callback] *ERROR* receives EARLY_BLANK:POWERDOWN
01-01 08:09:51.507 0 0 I atmel_mxt_ts 0-004a: FB event:2,blank:1
01-01 08:09:51.507 0 0 I atmel_mxt_ts 0-004a: drm_notifier_callback: POWERDOWN! Suspend by drm notifier.
01-01 08:09:51.524 0 0 E : [MAX975X:max96755x_drm_notifier_callback] *ERROR* receives BLANK:POWERDOWN
01-01 08:09:51.524 0 0 I atmel_mxt_ts 0-004a: FB event:1,blank:1
01-01 08:09:51.524 0 0 I atmel_mxt_ts 0-004a: resume: event = 1 blank = 1, not care
01-01 08:09:51.539 0 0 W ALERT : changing window size from 16000000 to 20000000 at 589340079513
01-13 08:59:02.552 2440 3771 W ContextImpl: Calling a method in the system process without a qualified user: android.app.ContextImpl.startService:1816 android.content.ContextWrapper.startService:774 com.thundercomm.gamemode.ingame.services.GameModeActionUtils.startGameModeService:111 com.thundercomm.gamemode.ingame.services.GameModeActionUtils.startGameModeEntry:22 com.thundercomm.gamemode.ingame.services.ActivityMonitoringService$1.onActivityLaunch:129
01-13 08:59:02.559 1477 1477 I GameModeConfig: Current uri is uri = content://com.thundercomm.gamemode.api/gamemode_settings/gamemode_isgaming
01-13 08:59:02.561 1477 1477 I GameModeConfig: isGameModeOn = true
01-13 08:59:02.561 1477 1477 I GameModeConfig: isGaming = false
01-13 08:59:02.565 1477 1477 I GameModeConfig: isGameModeOn = true
01-13 08:59:02.565 1477 1477 I GameModeConfig: isGaming = false
01-13 08:59:02.565 1477 1477 I GameModeConfig: isDisableVoice = true
01-13 08:59:02.569 2440 3771 W ContextImpl: Calling a method in the system process without a qualified user: android.app.ContextImpl.startService:1816 android.content.ContextWrapper.startService:774 com.thundercomm.gamemode.ingame.services.GameModeActionUtils.startGameModeService:111 com.thundercomm.gamemode.ingame.services.GameModeActionUtils.startGameModeEntry:22 com.thundercomm.gamemode.ingame.services.ActivityMonitoringService$1.onActivityLaunch:129
01-13 08:59:02.573 1477 1477 I GameModeConfig: Current uri is uri = content://com.thundercomm.gamemode.api/gamemode_settings/gamemode_isgaming
01-13 08:59:02.574 1477 1477 I GameModeConfig: isGameModeOn = true
01-13 08:59:02.574 1477 1477 I GameModeConfig: isGaming = false
01-13 08:59:02.575 1477 1477 I GameModeConfig: isGameModeOn = true
01-13 08:59:02.575 1477 1477 I GameModeConfig: isGaming = false
01-13 08:59:02.575 1477 1477 I GameModeConfig: isDisableVoice = true
01-13 08:59:02.580 2440 3771 W ContextImpl: Calling a method in the system process without a qualified user: android.app.ContextImpl.startService:1816 android.content.ContextWrapper.startService:774 com.thundercomm.gamemode.ingame.services.GameModeActionUtils.startGameModeService:111 com.thundercomm.gamemode.ingame.services.GameModeActionUtils.startGameModeEntry:22 com.thundercomm.gamemode.ingame.services.ActivityMonitoringService$1.onActivityLaunch:129
01-13 08:59:02.583 1477 1477 I GameModeConfig: Current uri is uri = content://com.thundercomm.gamemode.api/gamemode_settings/gamemode_isgaming
01-13 08:59:02.584 1477 1477 I GameModeConfig: isGameModeOn = true
01-13 08:59:02.584 1477 1477 I GameModeConfig: isGaming = false
01-13 08:59:02.584 1477 1477 I GameModeConfig: isGameModeOn = true
01-13 08:59:02.584 1477 1477 I GameModeConfig: isGaming = false
01-13 08:59:02.584 1477 1477 I GameModeConfig: isDisableVoice = true
01-13 08:59:03.057 1477 1941 I PowerManagerService: Powering on display group fromAsleep (groupId=0, uid=1000, reason=WAKE_REASON_POWER_BUTTON, details=android.policy:POWER)...
01-13 08:59:03.058 1477 1941 I PowerManagerService: Waking up from Asleep (uid=1000, reason=WAKE_REASON_POWER_BUTTON, details=android.policy:POWER)...
01-13 08:59:03.062 1477 1630 I DisplayPowerController[0]: Blocking screen on until initial contents have been drawn.
01-13 08:59:03.062 1477 1630 D ActivityTaskManager: Top Process State changed to PROCESS_STATE_TOP
01-13 08:59:03.072 1477 1477 D WindowManager: powerPress: eventTime=589866 interactive=false count=0 beganFromNonInteractive=true mShortPressOnPowerBehavior=1
01-13 08:59:03.075 1477 1575 W BroadcastQueue: Background execution not allowed: receiving Intent { act=android.intent.action.USER_PRESENT flg=0x24200010 } to com.microsoft.emmx/org.chromium.chrome.browser.sharing.click_to_call.ClickToCallMessageHandler$PhoneUnlockedReceiver
01-13 08:59:03.075 1477 1575 W BroadcastQueue: Permission Denial: broadcasting Intent { act=android.intent.action.USER_PRESENT flg=0x24200010 } from com.android.systemui (pid=2015, uid=10082) to com.hunantv.imgo.activity/com.igexin.sdk.PushReceiver is not exported from uid 10118
01-13 08:59:03.075 1477 1575 W BroadcastQueue: Permission Denial: broadcasting Intent { act=android.intent.action.USER_PRESENT flg=0x24200010 } from com.android.systemui (pid=2015, uid=10082) to com.miHoYo.Yuanshen/cn.jpush.android.service.PushReceiver is not exported from uid 10100
01-13 08:59:03.075 1477 1575 W BroadcastQueue: Permission Denial: broadcasting Intent { act=android.intent.action.USER_PRESENT flg=0x24200010 } from com.android.systemui (pid=2015, uid=10082) to com.qiyi.video.pad/com.iqiyi.hcim.service.BroadcastCenter is not exported from uid 10104
01-13 08:59:03.075 1477 1575 W BroadcastQueue: Background execution not allowed: receiving Intent { act=android.intent.action.USER_PRESENT flg=0x24200010 } to com.ss.android.ugc.live/com.ss.android.ugc.push.receiver.ScreenReceiver
01-13 08:59:03.076 1477 1575 W BroadcastQueue: Background execution not allowed: receiving Intent { act=android.intent.action.USER_PRESENT flg=0x24200010 } to com.ss.android.ugc.live/com.taobao.accs.EventReceiver
01-13 08:59:03.076 1477 1575 W BroadcastQueue: Background execution not allowed: receiving Intent { act=android.intent.action.USER_PRESENT flg=0x24200010 } to com.ss.android.ugc.live/com.ss.android.push.window.oppo.ScreenReceiver
01-13 08:59:03.076 1477 1575 W BroadcastQueue: Permission Denial: broadcasting Intent { act=android.intent.action.USER_PRESENT flg=0x24200010 } from com.android.systemui (pid=2015, uid=10082) to com.ximalaya.ting.android/com.igexin.sdk.PushReceiver is not exported from uid 10105
01-13 08:59:03.076 1477 1575 W BroadcastQueue: Background execution not allowed: receiving Intent { act=android.intent.action.USER_PRESENT flg=0x24200010 } to com.xingin.xhs/com.igexin.sdk.PushReceiver
01-13 08:59:03.076 1477 1575 W BroadcastQueue: Permission Denial: broadcasting Intent { act=android.intent.action.USER_PRESENT flg=0x24200010 } from com.android.systemui (pid=2015, uid=10082) to com.yiche.autoeasy/com.igexin.sdk.PushReceiver is not exported from uid 10116
