01-13 09:00:15.083 7374 7422 I dumpstate: libdebuggerd_client: done dumping process 3276
01-13 09:00:15.083 633 633 W tombstoned: missing output fd
01-13 09:00:15.084 7374 7422 I dumpstate: libdebuggerd_client: started dumping process 3587
01-13 09:00:15.085 3587 3592 I gedprovisionin: Thread[4,tid=3592,WaitingInMainSignalCatcherLoop,Thread*=0xb40000777baddc50,peer=0x12c401c0,"Signal Catcher"]: reacting to signal 3
01-13 09:00:15.085 3587 3592 I gedprovisionin:
01-13 09:00:15.088 633 633 I tombstoned: registered intercept for pid 3587 and type kDebuggerdJavaBacktrace
01-13 09:00:15.144 633 633 I tombstoned: received crash request for pid 3587
01-13 09:00:15.145 633 633 I tombstoned: found intercept fd 512 for pid 3587 and type kDebuggerdJavaBacktrace
01-13 09:00:15.145 633 633 W tombstoned: missing output fd
01-13 09:00:15.145 3587 3592 I gedprovisionin: Wrote stack traces to tombstoned
01-13 09:00:15.145 7374 7422 I dumpstate: libdebuggerd_client: done dumping process 3587
01-13 09:00:15.147 7374 7422 I dumpstate: libdebuggerd_client: started dumping process 3637
01-13 09:00:15.147 633 633 I tombstoned: registered intercept for pid 3637 and type kDebuggerdJavaBacktrace
01-13 09:00:15.147 3637 3642 I ackageinstalle: Thread[6,tid=3642,WaitingInMainSignalCatcherLoop,Thread*=0xb40000777badf820,peer=0x12c401c0,"Signal Catcher"]: reacting to signal 3
01-13 09:00:15.147 3637 3642 I ackageinstalle:
01-13 09:00:15.149 652 667 I mpu_uart: [MSG-P:RECV]:No message received in 1000 ms
01-13 09:00:15.204 633 633 I tombstoned: received crash request for pid 3637
01-13 09:00:15.204 633 633 I tombstoned: found intercept fd 512 for pid 3637 and type kDebuggerdJavaBacktrace
01-13 09:00:15.205 633 633 W tombstoned: missing output fd
01-13 09:00:15.205 3637 3642 I ackageinstalle: Wrote stack traces to tombstoned
01-13 09:00:15.205 7374 7422 I dumpstate: libdebuggerd_client: done dumping process 3637
01-13 09:00:15.207 7374 7422 I dumpstate: libdebuggerd_client: started dumping process 3652
01-13 09:00:15.207 633 633 I tombstoned: registered intercept for pid 3652 and type kDebuggerdJavaBacktrace
01-13 09:00:15.207 3652 3657 I ssioncontrolle: Thread[6,tid=3657,WaitingInMainSignalCatcherLoop,Thread*=0x777badf820,peer=0x12d001c0,"Signal Catcher"]: reacting to signal 3
01-13 09:00:15.207 3652 3657 I ssioncontrolle:
01-13 09:00:15.268 633 633 I tombstoned: received crash request for pid 3652
01-13 09:00:15.268 633 633 I tombstoned: found intercept fd 512 for pid 3652 and type kDebuggerdJavaBacktrace
01-13 09:00:15.269 3652 3657 I ssioncontrolle: Wrote stack traces to tombstoned
01-13 09:00:15.269 7374 7422 I dumpstate: libdebuggerd_client: done dumping process 3652
01-13 09:00:15.269 633 633 W tombstoned: missing output fd
01-13 09:00:15.271 7374 7422 I dumpstate: libdebuggerd_client: started dumping process 3690
01-13 09:00:15.272 633 633 I tombstoned: registered intercept for pid 3690 and type kDebuggerdJavaBacktrace
01-13 09:00:15.272 3690 3695 I m.android.shel: Thread[5,tid=3695,WaitingInMainSignalCatcherLoop,Thread*=0xb40000777bac1f50,peer=0x12c401c0,"Signal Catcher"]: reacting to signal 3
01-13 09:00:15.272 3690 3695 I m.android.shel:
01-13 09:00:15.319 0 0 W swapper/1: type=1400 audit(0.0:1706): avc: denied { kill } for capability=5 scontext=u:r:kernel:s0 tcontext=u:r:kernel:s0 tclass=capability permissive=0
01-13 09:00:15.333 633 633 I tombstoned: received crash request for pid 3690
01-13 09:00:15.333 633 633 I tombstoned: found intercept fd 512 for pid 3690 and type kDebuggerdJavaBacktrace
01-13 09:00:15.334 3690 3695 I m.android.shel: Wrote stack traces to tombstoned
01-13 09:00:15.334 7374 7422 I dumpstate: libdebuggerd_client: done dumping process 3690
01-13 09:00:15.334 633 633 W tombstoned: missing output fd
01-13 09:00:15.339 7374 7422 I dumpstate: libdebuggerd_client: started dumping process 3773
01-13 09:00:15.348 633 633 I tombstoned: registered intercept for pid 3773 and type kDebuggerdJavaBacktrace
01-13 09:00:15.348 3773 3773 W DEBUG : begin to generate trace
01-13 09:00:15.349 3773 3773 I crashsdk: [DEBUG] begin generate traces: /data/user/0/com.cmcc.cmvideo/crashsdk/tags/OEDIVMC0CCMC0MOC.anr (2000 ms)
01-13 09:00:15.378 7539 7539 I crashsdk: [DEBUG] forked traces process: 7539, gid: 673
01-13 09:00:15.379 7539 7539 E DEBUG : generate begin time: 2023-01-13 09:00:15
01-13 09:00:15.379 7539 7539 I crashsdk: [DEBUG] dump art internal: 198
01-13 09:00:15.379 7539 7539 I crashsdk: [DEBUG] VMExt: 0xb4000076dbabef50, i: 65, str: 0
01-13 09:00:15.379 7539 7539 I crashsdk: [DEBUG] aborting: 0x0, 0
01-13 09:00:15.379 7539 7539 I crashsdk: [DEBUG] Dump: 0x0, State: 0x7604085df0, JavaStack: 0x760408a684
01-13 09:00:15.379 7539 7539 I crashsdk: [DEBUG] current: 0xb40000777babcbe0, pid: 7539
01-13 09:00:15.379 7539 7539 I crashsdk: [DEBUG] List: 0xb40000778babb010
01-13 09:00:15.379 7539 7539 I crashsdk: [DEBUG] Each: 0x76040a3ce4
01-13 09:00:15.379 7539 7539 I crashsdk: [DEBUG] err: 0x7923cb9c60
01-13 09:00:15.379 7539 7539 I crashsdk: [DEBUG] begin each
01-13 09:00:15.380 7539 7539 I crashsdk: [DEBUG] dumping 0xb40000777babcbe0 ...
01-13 09:00:15.442 2133 2247 D MicroService: getEvent: clientSocket = Socket[address=/192.168.4.4,port=59940,localPort=9999]
01-13 09:00:15.443 2133 2247 D MicroService: run: called
01-13 09:00:15.443 2133 2247 D MicroService: getEvent: start waiting...
01-13 09:00:15.445 7539 7539 I crashsdk: [DEBUG] end each
01-13 09:00:15.445 2133 7540 I MicroService: getStringByData(noZero): IDCM_TBoxService
01-13 09:00:15.445 2133 7540 I MicroService: getStringByData(noZero): FSEM_SettingService
01-13 09:00:15.445 7539 7539 E DEBUG : generate end time: 2023-01-13 09:00:15
01-13 09:00:15.445 7539 7539 I crashsdk: [DEBUG] wrote traces into: /data/user/0/com.cmcc.cmvideo/crashsdk/tags/OEDIVMC0CCMC0MOC.anr
01-13 09:00:15.445 2133 7540 I MicroService: getStringByData: {"dstService":"FSEM_SettingService","messageType":0,"methodName":"netstatus","parameters":{"functionInfo":{"IDCM_celltype":40,"IDCM_netstatus":43,"IDCM_signalstrength":41}},"srcService":"IDCM_TBoxService","uuid":1680146847967233000}
01-13 09:00:15.445 2133 7540 I MicroService: Receive message: SocketMessageBean{businessData='21930', srcService='IDCM_TBoxService', destService='FSEM_SettingService', messageType='0', uuid='1680146847967233000', payloadData={"dstService":"FSEM_SettingService","messageType":0,"methodName":"netstatus","parameters":{"functionInfo":{"IDCM_celltype":40,"IDCM_netstatus":43,"IDCM_signalstrength":41}},"srcService":"IDCM_TBoxService","uuid":1680146847967233000}
01-13 09:00:15.445 2133 7540 I MicroService: }
01-13 09:00:15.445 2133 7540 I MicroService: dealMessage: 0
01-13 09:00:15.445 2133 7540 I MicroService: onRequest(netstatus): {"functionInfo":{"IDCM_celltype":40,"IDCM_netstatus":43,"IDCM_signalstrength":41}}
01-13 09:00:15.446 2177 2232 D MicroSettings: SettingMicroservices: get request method = netstatus parameters = {"functionInfo":{"IDCM_celltype":40,"IDCM_netstatus":43,"IDCM_signalstrength":41}}
01-13 09:00:15.446 2177 2232 D MicroSettings: SettingMicroservices: functionInfo.class = class org.json.JSONObject functionInfo = {"IDCM_celltype":40,"IDCM_netstatus":43,"IDCM_signalstrength":41}
01-13 09:00:15.446 2177 2232 D MicroSettings: SettingMicroservices: setNetStatus: 43
01-13 09:00:15.471 3773 3773 I DEBUG : generate trace finished
01-13 09:00:15.471 3773 3773 I crashsdk: Raising signal 3 ...
01-13 09:00:15.471 3773 3778 I om.cmcc.cmvide: Thread[4,tid=3778,WaitingInMainSignalCatcherLoop,Thread*=0x777baddc50,peer=0x12ec0000,"Signal Catcher"]: reacting to signal 3
01-13 09:00:15.471 3773 3778 I om.cmcc.cmvide:
01-13 09:00:15.472 3773 7541 W DEBUG : begin to generate anr
01-13 09:00:15.472 3773 7541 E DEBUG : *** *** *** *** *** *** *** *** *** *** *** *** *** *** *** ***
01-13 09:00:15.473 3773 7541 E DEBUG : Basic Information: 'pid: 3773/tid: 7541/time: 20230113090015'
01-13 09:00:15.473 3773 7541 E DEBUG : Cpu Information: 'abi: arm64-v8a,armeabi-v7a,armeabi/processor: AArch64 Processor rev 14 (aarch64)/hardware: UNKNOWN SOC TYPE'
01-13 09:00:15.473 3773 7541 E DEBUG : Mobile Information: 'model: figure/version: 12/sdk: 31'
01-13 09:00:15.473 3773 7541 E DEBUG : Build fingerprint: 'TC/figure_CN/figure:12/SKQ1.220201.001/1698:user/test-keys'
01-13 09:00:15.473 3773 7541 E DEBUG : Runtime Information: 'start: 20230113084935/maxheap: 536870912/primaryabi: arm64-v8a/ground: bg'
01-13 09:00:15.473 3773 7541 E DEBUG : Application Information: 'version: 6.0.8.00/subversion: release/buildseq: 1925ed11/versioncode: 25000650'
01-13 09:00:15.473 3773 7541 E DEBUG : CrashSDK Information: 'version: 3.3.1.1/nativeseq: 210916105822/javaseq: 210916105822/arch: arm64-v8a/target: release'
01-13 09:00:15.473 3773 7541 E DEBUG : UUID: 43008d4d-a83c-4de9-a7e0-bdbfd6c7ec37
01-13 09:00:15.473 3773 7541 E DEBUG : Report Name: 61dd78f7e0f9bb492bc81998_6.0.8.00_1925ed11_figure_12_167357097570062002_20230113090015_bg_anr.log
01-13 09:00:15.473 3773 7541 E DEBUG : Log Type: anr
01-13 09:00:15.473 3773 7541 E DEBUG : kernel version: Linux version 4.19.157-perf+ #1 SMP PREEMPT Fri Jan 13 10:32:49 CST 2023
01-13 09:00:15.473 3773 7541 E DEBUG : Build time: 1673570963000
01-13 09:00:15.473 3773 7541 E DEBUG : Build version incremental: 1698
01-13 09:00:15.473 3773 7541 E DEBUG : Activity: (none)
01-13 09:00:15.473 3773 7541 E DEBUG : --- --- --- --- --- --- --- --- --- --- --- --- --- --- --- ---
01-13 09:00:15.473 3773 7541 E DEBUG : um_app_key: 61dd78f7e0f9bb492bc81998
01-13 09:00:15.473 3773 7541 E DEBUG : um_app_channel: channel
01-13 09:00:15.473 3773 7541 E DEBUG : um_os: android
01-13 09:00:15.473 3773 7541 E DEBUG : um_crash_sdk_version: 1.5.2.migu
01-13 09:00:15.473 3773 7541 E DEBUG : um_umid_header: ai4af950142d2f1c6f82595df4ac9dfdad
01-13 09:00:15.473 3773 7541 E DEBUG : um_app_puid: e76ad7c6cbd80d32b24d49a3f739a767
01-13 09:00:15.473 3773 7541 E DEBUG : um_app_provider: _adhoc
01-13 09:00:15.473 3773 7541 E DEBUG : um_app_carrier:
01-13 09:00:15.473 3773 7541 E DEBUG : um_access: unknow
01-13 09:00:15.473 3773 7541 E DEBUG : um_network_type: 0
01-13 09:00:15.473 3773 7541 E DEBUG : others_OS: Android
01-13 09:00:15.473 3773 7541 E DEBUG : --- --- --- --- --- --- --- --- --- --- --- --- --- --- --- ---
01-13 09:00:15.473 3773 7541 E DEBUG : Process Name: 'com.cmcc.cmvideo'
01-13 09:00:15.473 3773 7541 E DEBUG : Thread Name: 'om.cmcc.cmvideo'
01-13 09:00:15.473 3773 7541 E DEBUG : ANR Time: 2023-01-13 09:00:15.472
01-13 09:00:15.473 3773 7541 E DEBUG : ANR Info:
01-13 09:00:15.473 3773 7541 E DEBUG :
01-13 09:00:15.473 3773 7541 E DEBUG : --- --- --- --- --- --- --- --- --- --- --- --- --- --- --- ---
01-13 09:00:15.473 3773 7541 E DEBUG : anr traces:
01-13 09:00:15.474 3773 7541 E DEBUG : generate begin time: 2023-01-13 09:00:15
01-13 09:00:15.474 3773 7541 E DEBUG : [DEBUG] dump art internal: 198
01-13 09:00:15.474 3773 7541 E DEBUG : [DEBUG] VMExt: 0xb4000076dbabef50, i: 65, str: 0
01-13 09:00:15.474 3773 7541 E DEBUG : [DEBUG] aborting: 0x0, 0
01-13 09:00:15.474 3773 7541 E DEBUG : [DEBUG] Dump: 0x0, State: 0x7604085df0, JavaStack: 0x760408a684
01-13 09:00:15.474 3773 7541 E DEBUG : [DEBUG] current: 0xb40000777babcbe0, pid: 7539
01-13 09:00:15.474 3773 7541 E DEBUG : [DEBUG] List: 0xb40000778babb010
01-13 09:00:15.474 3773 7541 E DEBUG : [DEBUG] Each: 0x76040a3ce4
01-13 09:00:15.474 3773 7541 E DEBUG : [DEBUG] err: 0x7923cb9c60
01-13 09:00:15.474 3773 7541 E DEBUG : [DEBUG] begin each
01-13 09:00:15.474 3773 7541 E DEBUG : [DEBUG] dumping 0xb40000777babcbe0 ...
01-13 09:00:15.474 3773 7541 E DEBUG : "main" prio=5 tid=1 Native
01-13 09:00:15.474 3773 7541 E DEBUG : | group="main" sCount=0 ucsCount=0 flags=0 obj=0x72444638 self=0xb40000777babcbe0
01-13 09:00:15.474 3773 7541 E DEBUG : | sysTid=3773 nice=-4 cgrp=default sched=0/0 handle=0x7948c8e4f8
01-13 09:00:15.474 3773 7541 E DEBUG : | state=? schedstat=( 0 0 0 ) utm=0 stm=0 core=0 HZ=100
01-13 09:00:15.474 3773 7541 E DEBUG : | stack=0x7fff4ce000-0x7fff4d0000 stackSize=8188KB
01-13 09:00:15.474 3773 7541 E DEBUG : | held mutexes=
01-13 09:00:15.474 3773 7541 E DEBUG : at android.os.MessageQueue.nativePollOnce(Native method)
01-13 09:00:15.474 3773 7541 E DEBUG : at android.os.MessageQueue.next(MessageQueue.java:335)
01-13 09:00:15.474 3773 7541 E DEBUG : at android.os.Looper.loopOnce(Looper.java:161)
01-13 09:00:15.474 3773 7541 E DEBUG : at android.os.Looper.loop(Looper.java:288)
01-13 09:00:15.474 3773 7541 E DEBUG : at android.app.ActivityThread.main(ActivityThread.java:7880)
01-13 09:00:15.474 3773 7541 E DEBUG : at java.lang.reflect.Method.invoke(Native method)
01-13 09:00:15.474 3773 7541 E DEBUG : at com.android.internal.os.RuntimeInit$MethodAndArgsCaller.run(RuntimeInit.java:548)
01-13 09:00:15.474 3773 7541 E DEBUG : at com.android.internal.os.ZygoteInit.main(ZygoteInit.java:1009)
01-13 09:00:15.474 3773 7541 E DEBUG :
01-13 09:00:15.474 3773 7541 E DEBUG : "Signal Catcher" daemon prio=10 tid=4 WaitingInMainSignalCatcherLoop
01-13 09:00:15.474 3773 7541 E DEBUG : | group="system" sCount=0 ucsCount=0 flags=0 obj=0x12ec0000 self=0x777baddc50
01-13 09:00:15.474 3773 7541 E DEBUG : | sysTid=3778 nice=-20 cgrp=default sched=0/0 handle=0x75ee12fcb0
01-13 09:00:15.474 3773 7541 E DEBUG : | state=? schedstat=( 0 0 0 ) utm=0 stm=0 core=0 HZ=100
01-13 09:00:15.474 3773 7541 E DEBUG : | stack=0x75ee038000-0x75ee03a000 stackSize=991KB
01-13 09:00:15.474 3773 7541 E DEBUG : | held mutexes=
01-13 09:00:15.474 3773 7541 E DEBUG : (no managed stack frames)
01-13 09:00:15.474 3773 7541 E DEBUG :
01-13 09:00:15.474 3773 7541 E DEBUG : "perfetto_hprof_listener" prio=10 tid=7 Native (still starting up)
01-13 09:00:15.474 3773 7541 E DEBUG : | group="" sCount=0 ucsCount=0 flags=0 obj=0x0 self=0x777bacc630
01-13 09:00:15.474 3773 7541 E DEBUG : | sysTid=3779 nice=-20 cgrp=default sched=0/0 handle=0x75ec031cb0
01-13 09:00:15.474 3773 7541 E DEBUG : | state=? schedstat=( 0 0 0 ) utm=0 stm=0 core=0 HZ=100
01-13 09:00:15.474 3773 7541 E DEBUG : | stack=0x75ebf3a000-0x75ebf3c000 stackSize=991KB
01-13 09:00:15.474 3773 7541 E DEBUG : | held mutexes=
01-13 09:00:15.474 3773 7541 E DEBUG : (no managed stack frames)
01-13 09:00:15.474 3773 7541 E DEBUG :
01-13 09:00:15.474 3773 7541 E DEBUG : "ReferenceQueueDaemon" daemon prio=5 tid=8 Waiting
01-13 09:00:15.474 3773 7541 E DEBUG : | group="system" sCount=0 ucsCount=0 flags=0 obj=0x12ec0170 self=0x777bae8330
01-13 09:00:15.474 3773 7541 E DEBUG : | sysTid=3782 nice=4 cgrp=default sched=0/0 handle=0x7598c2ccb0
01-13 09:00:15.474 3773 7541 E DEBUG : | state=? schedstat=( 0 0 0 ) utm=0 stm=0 core=0 HZ=100
01-13 09:00:15.474 3773 7541 E DEBUG : | stack=0x7598b29000-0x7598b2b000 stackSize=1039KB
01-13 09:00:15.474 3773 7541 E DEBUG : | held mutexes=
01-13 09:00:15.474 3773 7541 E DEBUG : at java.lang.Object.wait(Native method)
01-13 09:00:15.474 3773 7541 E DEBUG : - waiting on <0x0e5b515d> (a java.lang.Class)
01-13 09:00:15.474 3773 7541 E DEBUG : at java.lang.Object.wait(Object.java:442)
01-13 09:00:15.474 3773 7541 E DEBUG : at java.lang.Object.wait(Object.java:568)
01-13 09:00:15.474 3773 7541 E DEBUG : at java.lang.Daemons$ReferenceQueueDaemon.runInternal(Daemons.java:217)
01-13 09:00:15.474 3773 7541 E DEBUG : at java.lang.Daemons$Daemon.run(Daemons.java:139)
01-13 09:00:15.474 3773 7541 E DEBUG : at java.lang.Thread.run(Thread.java:920)
01-13 09:00:15.474 3773 7541 E DEBUG :
01-13 09:00:15.474 3773 7541 E DEBUG : "HeapTaskDaemon" daemon prio=5 tid=9 WaitingForTaskProcessor
01-13 09:00:15.474 3773 7541 E DEBUG : | group="system" sCount=0 ucsCount=0 flags=0 obj=0x12ec9000 self=0x777bac3b20
01-13 09:00:15.474 3773 7541 E DEBUG : | sysTid=3781 nice=4 cgrp=default sched=0/0 handle=0x7598d36cb0
01-13 09:00:15.474 3773 7541 E DEBUG : | state=? schedstat=( 0 0 0 ) utm=0 stm=0 core=0 HZ=100
01-13 09:00:15.474 3773 7541 E DEBUG : | stack=0x7598c33000-0x7598c35000 stackSize=1039KB
01-13 09:00:15.474 3773 7541 E DEBUG : | held mutexes=
01-13 09:00:15.474 3773 7541 E DEBUG : at dalvik.system.VMRuntime.runHeapTasks(Native method)
01-13 09:00:15.474 3773 7541 E DEBUG : at java.lang.Daemons$HeapTaskDaemon.runInternal(Daemons.java:531)
01-13 09:00:15.474 3773 7541 E DEBUG : at java.lang.Daemons$Daemon.run(Daemons.java:139)
01-13 09:00:15.474 3773 7541 E DEBUG : at java.lang.Thread.run(Thread.java:920)
01-13 09:00:15.474 3773 7541 E DEBUG :
01-13 09:00:15.474 3773 7541 E DEBUG : "Jit thread pool worker thread 0" daemon prio=5 tid=10 Native
01-13 09:00:15.474 3773 7541 E DEBUG : | group="system" sCount=0 ucsCount=0 flags=0 obj=0x12ec0ad8 self=0x777bae4b90
01-13 09:00:15.474 3773 7541 E DEBUG : | sysTid=3780 nice=9 cgrp=default sched=0/0 handle=0x7598e3ccb0
01-13 09:00:15.474 3773 7541 E DEBUG : | state=? schedstat=( 0 0 0 ) utm=0 stm=0 core=0 HZ=100
01-13 09:00:15.474 3773 7541 E DEBUG : | stack=0x7598d3d000-0x7598d3f000 stackSize=1023KB
01-13 09:00:15.474 3773 7541 E DEBUG : | held mutexes=
01-13 09:00:15.474 3773 7541 E DEBUG : (no managed stack frames)
01-13 09:00:15.474 3773 7541 E DEBUG :
01-13 09:00:15.474 3773 7541 E DEBUG : "Binder:3773_1" prio=5 tid=11 Native
01-13 09:00:15.474 3773 7541 E DEBUG : | group="main" sCount=0 ucsCount=0 flags=0 obj=0x12ec0b70 self=0x777baef270
01-13 09:00:15.474 3773 7541 E DEBUG : | sysTid=3785 nice=0 cgrp=default sched=0/0 handle=0x7594810cb0
01-13 09:00:15.474 3773 7541 E DEBUG : | state=? schedstat=( 0 0 0 ) utm=0 stm=0 core=0 HZ=100
01-13 09:00:15.474 3773 7541 E DEBUG : | stack=0x7594719000-0x759471b000 stackSize=991KB
01-13 09:00:15.474 3773 7541 E DEBUG : | held mutexes=
01-13 09:00:15.474 3773 7541 E DEBUG : (no managed stack frames)
01-13 09:00:15.474 3773 7541 E DEBUG :
01-13 09:00:15.474 3773 7541 E DEBUG : "Binder:3773_2" prio=5 tid=12 Native
01-13 09:00:15.474 3773 7541 E DEBUG : | group="main" sCount=0 ucsCount=0 flags=0 obj=0x12ec0be8 self=0x777baebad0
01-13 09:00:15.474 3773 7541 E DEBUG : | sysTid=3786 nice=0 cgrp=default sched=0/0 handle=0x7593712cb0
01-13 09:00:15.474 3773 7541 E DEBUG : | state=? schedstat=( 0 0 0 ) utm=0 stm=0 core=0 HZ=100
01-13 09:00:15.474 3773 7541 E DEBUG : | stack=0x759361b000-0x759361d000 stackSize=991KB
01-13 09:00:15.474 3773 7541 E DEBUG : | held mutexes=
01-13 09:00:15.474 3773 7541 E DEBUG : (no managed stack frames)
01-13 09:00:15.474 3773 7541 E DEBUG :
01-13 09:00:15.474 3773 7541 E DEBUG : "FinalizerDaemon" daemon prio=5 tid=13 Waiting
01-13 09:00:15.474 3773 7541 E DEBUG : | group="system" sCount=0 ucsCount=0 flags=0 obj=0x12ec0c88 self=0x777bae6760
01-13 09:00:15.474 3773 7541 E DEBUG : | sysTid=3783 nice=4 cgrp=default sched=0/0 handle=0x7597b22cb0
01-13 09:00:15.474 3773 7541 E DEBUG : | state=? schedstat=( 0 0 0 ) utm=0 stm=0 core=0 HZ=100
01-13 09:00:15.474 3773 7541 E DEBUG : | stack=0x7597a1f000-0x7597a21000 stackSize=1039KB
01-13 09:00:15.474 3773 7541 E DEBUG : | held mutexes=
01-13 09:00:15.474 3773 7541 E DEBUG : at java.lang.Object.wait(Native method)
01-13 09:00:15.474 3773 7541 E DEBUG : - waiting on <0x0a9a2ad2> (a java.lang.Object)
01-13 09:00:15.474 3773 7541 E DEBUG : at java.lang.Object.wait(Object.java:442)
01-13 09:00:15.474 3773 7541 E DEBUG : at java.lang.ref.ReferenceQueue.remove(ReferenceQueue.java:190)
01-13 09:00:15.474 3773 7541 E DEBUG : at java.lang.ref.ReferenceQueue.remove(ReferenceQueue.java:211)
01-13 09:00:15.474 3773 7541 E DEBUG : at java.lang.Daemons$FinalizerDaemon.runInternal(Daemons.java:273)
01-13 09:00:15.474 3773 7541 E DEBUG : at java.lang.Daemons$Daemon.run(Daemons.java:139)
01-13 09:00:15.474 3773 7541 E DEBUG : at java.lang.Thread.run(Thread.java:920)
01-13 09:00:15.474 3773 7541 E DEBUG :
01-13 09:00:15.474 3773 7541 E DEBUG : "FinalizerWatchdogDaemon" daemon prio=5 tid=14 Waiting
01-13 09:00:15.474 3773 7541 E DEBUG : | group="system" sCount=0 ucsCount=0 flags=0 obj=0x12ec1208 self=0x777bae9f00
01-13 09:00:15.474 3773 7541 E DEBUG : | sysTid=3784 nice=4 cgrp=default sched=0/0 handle=0x7597a18cb0
01-13 09:00:15.474 3773 7541 E DEBUG : | state=? schedstat=( 0 0 0 ) utm=0 stm=0 core=0 HZ=100
01-13 09:00:15.474 3773 7541 E DEBUG : | stack=0x7597915000-0x7597917000 stackSize=1039KB
01-13 09:00:15.474 3773 7541 E DEBUG : | held mutexes=
01-13 09:00:15.474 3773 7541 E DEBUG : at java.lang.Object.wait(Native method)
01-13 09:00:15.474 3773 7541 E DEBUG : - waiting on <0x0d1c67a3> (a java.lang.Daemons$FinalizerWatchdogDaemon)
01-13 09:00:15.474 3773 7541 E DEBUG : at java.lang.Object.wait(Object.java:442)
01-13 09:00:15.474 3773 7541 E DEBUG : at java.lang.Object.wait(Object.java:568)
01-13 09:00:15.474 3773 7541 E DEBUG : at java.lang.Daemons$FinalizerWatchdogDaemon.sleepUntilNeeded(Daemons.java:341)
01-13 09:00:15.474 3773 7541 E DEBUG : at java.lang.Daemons$FinalizerWatchdogDaemon.runInternal(Daemons.java:321)
01-13 09:00:15.474 3773 7541 E DEBUG : at java.lang.Daemons$Daemon.run(Daemons.java:139)
01-13 09:00:15.474 3773 7541 E DEBUG : at java.lang.Thread.run(Thread.java:920)
01-13 09:00:15.474 3773 7541 E DEBUG :
01-13 09:00:15.474 3773 7541 E DEBUG : "Profile Saver" daemon prio=5 tid=15 Native
01-13 09:00:15.474 3773 7541 E DEBUG : | group="system" sCount=0 ucsCount=0 flags=0 obj=0x12ec1428 self=0x777baed6a0
01-13 09:00:15.474 3773 7541 E DEBUG : | sysTid=3789 nice=9 cgrp=default sched=0/0 handle=0x7591484cb0
01-13 09:00:15.474 3773 7541 E DEBUG : | state=? schedstat=( 0 0 0 ) utm=0 stm=0 core=0 HZ=100
01-13 09:00:15.474 3773 7541 E DEBUG : | stack=0x759138d000-0x759138f000 stackSize=991KB
01-13 09:00:15.474 3773 7541 E DEBUG : | held mutexes=
01-13 09:00:15.474 3773 7541 E DEBUG : (no managed stack frames)
01-13 09:00:15.474 3773 7541 E DEBUG :
01-13 09:00:15.474 3773 7541 E DEBUG : "​com.alibaba.android.arouter.thread.DefaultThreadFactory#ARouter task pool No.1, thread No.1" prio=5 tid=16 Waiting
01-13 09:00:15.474 3773 7541 E DEBUG : | group="main" sCount=0 ucsCount=0 flags=0 obj=0x12ec14a0 self=0x777baf61b0
01-13 09:00:15.474 3773 7541 E DEBUG : | sysTid=3807 nice=0 cgrp=default sched=0/0 handle=0x758bb7dcb0
01-13 09:00:15.474 3773 7541 E DEBUG : | state=? schedstat=( 0 0 0 ) utm=0 stm=0 core=0 HZ=100
01-13 09:00:15.474 3773 7541 E DEBUG : | stack=0x758ba7a000-0x758ba7c000 stackSize=1039KB
01-13 09:00:15.474 3773 7541 E DEBUG : | held mutexes=
01-13 09:00:15.474 3773 7541 E DEBUG : at sun.misc.Unsafe.park(Native method)
01-13 09:00:15.474 3773 7541 E DEBUG : - waiting on an unknown object
01-13 09:00:15.474 3773 7541 E DEBUG : at java.util.concurrent.locks.LockSupport.park(LockSupport.java:190)
01-13 09:00:15.474 3773 7541 E DEBUG : at java.util.concurrent.locks.AbstractQueuedSynchronizer$ConditionObject.await(AbstractQueuedSynchronizer.java:2067)
01-13 09:00:15.474 3773 7541 E DEBUG : at java.util.concurrent.ArrayBlockingQueue.take(ArrayBlockingQueue.java:387)
01-13 09:00:15.474 3773 7541 E DEBUG : at java.util.concurrent.ThreadPoolExecutor.getTask(ThreadPoolExecutor.java:1092)
01-13 09:00:15.474 3773 7541 E DEBUG : at java.util.concurrent.ThreadPoolExecutor.runWorker(ThreadPoolExecutor.java:1152)
01-13 09:00:15.474 3773 7541 E DEBUG : at java.util.concurrent.ThreadPoolExecutor$Worker.run(ThreadPoolExecutor.java:641)
01-13 09:00:15.474 3773 7541 E DEBUG : at java.lang.Thread.run(Thread.java:920)
01-13 09:00:15.474 3773 7541 E DEBUG :
01-13 09:00:15.474 3773 7541 E DEBUG : "​com.cmcc.migux.threading.SerialDispatchQueue#serialQueue" prio=5 tid=17 Native
01-13 09:00:15.474 3773 7541 E DEBUG : | group="main" sCount=0 ucsCount=0 flags=0 obj=0x12ec16d0 self=0x777baf0e40
01-13 09:00:15.474 3773 7541 E DEBUG : | sysTid=3835 nice=0 cgrp=default sched=0/0 handle=0x7589fe1cb0
01-13 09:00:15.474 3773 7541 E DEBUG : | state=? schedstat=( 0 0 0 ) utm=0 stm=0 core=0 HZ=100
01-13 09:00:15.474 3773 7541 E DEBUG : | stack=0x7589ede000-0x7589ee0000 stackSize=1039KB
01-13 09:00:15.474 3773 7541 E DEBUG : | held mutexes=
01-13 09:00:15.474 3773 7541 E DEBUG : at android.os.MessageQueue.nativePollOnce(Native method)
01-13 09:00:15.474 3773 7541 E DEBUG : at android.os.MessageQueue.next(MessageQueue.java:335)
01-13 09:00:15.474 3773 7541 E DEBUG : at android.os.Looper.loopOnce(Looper.java:161)
01-13 09:00:15.474 3773 7541 E DEBUG : at android.os.Looper.loop(Looper.java:288)
01-13 09:00:15.474 3773 7541 E DEBUG : at android.os.HandlerThread.run(HandlerThread.java:67)
01-13 09:00:15.474 3773 7541 E DEBUG :
01-13 09:00:15.474 3773 7541 E DEBUG : "​com.cmcc.migux.threading.SerialDispatchQueue#Serial-Queue" prio=5 tid=18 Native
01-13 09:00:15.474 3773 7541 E DEBUG : | group="main" sCount=0 ucsCount=0 flags=0 obj=0x12ec17b0 self=0x777bafd0f0
01-13 09:00:15.474 3773 7541 E DEBUG : | sysTid=3836 nice=0 cgrp=default sched=0/0 handle=0x7588ed7cb0
01-13 09:00:15.474 3773 7541 E DEBUG : | state=? schedstat=( 0 0 0 ) utm=0 stm=0 core=0 HZ=100
01-13 09:00:15.474 3773 7541 E DEBUG : | stack=0x7588dd4000-0x7588dd6000 stackSize=1039KB
01-13 09:00:15.474 3773 7541 E DEBUG : | held mutexes=
01-13 09:00:15.474 3773 7541 E DEBUG : at android.os.MessageQueue.nativePollOnce(Native method)
01-13 09:00:15.474 3773 7541 E DEBUG : at android.os.MessageQueue.next(MessageQueue.java:335)
01-13 09:00:15.474 3773 7541 E DEBUG : at android.os.Looper.loopOnce(Looper.java:161)
01-13 09:00:15.474 3773 7541 E DEBUG : at android.os.Looper.loop(Looper.java:288)
01-13 09:00:15.474 3773 7541 E DEBUG : at android.os.HandlerThread.run(HandlerThread.java:67)
01-13 09:00:15.474 3773 7541 E DEBUG :
01-13 09:00:15.474 3773 7541 E DEBUG : "​com.migu.utils.net.MIGUExecutorService#1" prio=5 tid=19 Waiting
01-13 09:00:15.474 3773 7541 E DEBUG : | group="main" sCount=0 ucsCount=0 flags=0 obj=0x12ec1890 self=0x777bafecc0
01-13 09:00:15.474 3773 7541 E DEBUG : | sysTid=3841 nice=0 cgrp=default sched=0/0 handle=0x7587cd6cb0
01-13 09:00:15.474 3773 7541 E DEBUG : | state=? schedstat=( 0 0 0 ) utm=0 stm=0 core=0 HZ=100
01-13 09:00:15.474 3773 7541 E DEBUG : | stack=0x7587bd3000-0x7587bd5000 stackSize=1039KB
01-13 09:00:15.474 3773 7541 E DEBUG : | held mutexes=
01-13 09:00:15.474 3773 7541 E DEBUG : at sun.misc.Unsafe.park(Native method)
01-13 09:00:15.474 3773 7541 E DEBUG : - waiting on an unknown object
01-13 09:00:15.474 3773 7541 E DEBUG : at java.util.concurrent.locks.LockSupport.park(LockSupport.java:190)
01-13 09:00:15.474 3773 7541 E DEBUG : at java.util.concurrent.locks.AbstractQueuedSynchronizer$ConditionObject.await(AbstractQueuedSynchronizer.java:2067)
01-13 09:00:15.474 3773 7541 E DEBUG : at java.util.concurrent.LinkedBlockingQueue.take(LinkedBlockingQueue.java:442)
01-13 09:00:15.474 3773 7541 E DEBUG : at java.util.concurrent.ThreadPoolExecutor.getTask(ThreadPoolExecutor.java:1092)
01-13 09:00:15.474 3773 7541 E DEBUG : at java.util.concurrent.ThreadPoolExecutor.runWorker(ThreadPoolExecutor.java:1152)
01-13 09:00:15.474 3773 7541 E DEBUG : at java.util.concurrent.ThreadPoolExecutor$Worker.run(ThreadPoolExecutor.java:641)
01-13 09:00:15.474 3773 7541 E DEBUG : at java.lang.Thread.run(Thread.java:920)
01-13 09:00:15.474 3773 7541 E DEBUG :
01-13 09:00:15.474 3773 7541 E DEBUG : "TcmReceiver" prio=5 tid=20 Native
01-13 09:00:15.474 3773 7541 E DEBUG : | group="main" sCount=0 ucsCount=0 flags=0 obj=0x12ec1a00 self=0x777baf7d80
01-13 09:00:15.474 3773 7541 E DEBUG : | sysTid=3842 nice=0 cgrp=default sched=0/0 handle=0x7587acdcb0
01-13 09:00:15.474 3773 7541 E DEBUG : | state=? schedstat=( 0 0 0 ) utm=0 stm=0 core=0 HZ=100
01-13 09:00:15.474 3773 7541 E DEBUG : | stack=0x75879ca000-0x75879cc000 stackSize=1039KB
01-13 09:00:15.474 3773 7541 E DEBUG : | held mutexes=
01-13 09:00:15.474 3773 7541 E DEBUG : at android.net.LocalSocketImpl.readba_native(Native method)
01-13 09:00:15.474 3773 7541 E DEBUG : at android.net.LocalSocketImpl.access$300(LocalSocketImpl.java:37)
01-13 09:00:15.474 3773 7541 E DEBUG : at android.net.LocalSocketImpl$SocketInputStream.read(LocalSocketImpl.java:110)
01-13 09:00:15.474 3773 7541 E DEBUG : at com.qti.tcmclient.DpmTcmClient$TcmReceiver.run(DpmTcmClient.java:167)
01-13 09:00:15.474 3773 7541 E DEBUG : at java.lang.Thread.run(Thread.java:920)
01-13 09:00:15.474 3773 7541 E DEBUG :
01-13 09:00:15.474 3773 7541 E DEBUG : "​com.cmcc.migux.threading.ConcurrentDispatchQueue#Global-Queue (thread-1)" prio=5 tid=21 Waiting
01-13 09:00:15.474 3773 7541 E DEBUG : | group="main" sCount=0 ucsCount=0 flags=0 obj=0x12ec1c58 self=0x777baf9950
01-13 09:00:15.474 3773 7541 E DEBUG : | sysTid=3843 nice=0 cgrp=default sched=0/0 handle=0x75879c3cb0
01-13 09:00:15.474 3773 7541 E DEBUG : | state=? schedstat=( 0 0 0 ) utm=0 stm=0 core=0 HZ=100
01-13 09:00:15.474 3773 7541 E DEBUG : | stack=0x75878c0000-0x75878c2000 stackSize=1039KB
01-13 09:00:15.474 3773 7541 E DEBUG : | held mutexes=
01-13 09:00:15.474 3773 7541 E DEBUG : at sun.misc.Unsafe.park(Native method)
01-13 09:00:15.474 3773 7541 E DEBUG : - waiting on an unknown object
01-13 09:00:15.474 3773 7541 E DEBUG : at java.util.concurrent.locks.LockSupport.park(LockSupport.java:190)
01-13 09:00:15.474 3773 7541 E DEBUG : at java.util.concurrent.locks.AbstractQueuedSynchronizer$ConditionObject.await(AbstractQueuedSynchronizer.java:2067)
01-13 09:00:15.474 3773 7541 E DEBUG : at java.util.concurrent.ScheduledThreadPoolExecutor$DelayedWorkQueue.take(ScheduledThreadPoolExecutor.java:1127)
01-13 09:00:15.474 3773 7541 E DEBUG : at java.util.concurrent.ScheduledThreadPoolExecutor$DelayedWorkQueue.take(ScheduledThreadPoolExecutor.java:849)
01-13 09:00:15.474 3773 7541 E DEBUG : at java.util.concurrent.ThreadPoolExecutor.getTask(ThreadPoolExecutor.java:1092)
01-13 09:00:15.474 3773 7541 E DEBUG : at java.util.concurrent.ThreadPoolExecutor.runWorker(ThreadPoolExecutor.java:1152)
01-13 09:00:15.474 3773 7541 E DEBUG : at java.util.concurrent.ThreadPoolExecutor$Worker.run(ThreadPoolExecutor.java:641)
01-13 09:00:15.474 3773 7541 E DEBUG : at java.lang.Thread.run(Thread.java:920)
01-13 09:00:15.474 3773 7541 E DEBUG :
01-13 09:00:15.474 3773 7541 E DEBUG : "​com.migu.utils.cache.CacheManager#miguAdCacheThread" prio=5 tid=27 Native
01-13 09:00:15.474 3773 7541 E DEBUG : | group="main" sCount=0 ucsCount=0 flags=0 obj=0x12ec2798 self=0x777bafb520
01-13 09:00:15.474 3773 7541 E DEBUG : | sysTid=3855 nice=0 cgrp=default sched=0/0 handle=0x758710fcb0
01-13 09:00:15.474 3773 7541 E DEBUG : | state=? schedstat=( 0 0 0 ) utm=0 stm=0 core=0 HZ=100
01-13 09:00:15.474 3773 7541 E DEBUG : | stack=0x758700c000-0x758700e000 stackSize=1039KB
01-13 09:00:15.474 3773 7541 E DEBUG : | held mutexes=
01-13 09:00:15.474 3773 7541 E DEBUG : at android.os.MessageQueue.nativePollOnce(Native method)
01-13 09:00:15.474 3773 7541 E DEBUG : at android.os.MessageQueue.next(MessageQueue.java:335)
01-13 09:00:15.474 3773 7541 E DEBUG : at android.os.Looper.loopOnce(Looper.java:161)
01-13 09:00:15.474 3773 7541 E DEBUG : at android.os.Looper.loop(Looper.java:288)
01-13 09:00:15.474 3773 7541 E DEBUG : at android.os.HandlerThread.run(HandlerThread.java:67)
01-13 09:00:15.474 3773 7541 E DEBUG :
01-13 09:00:15.474 3773 7541 E DEBUG : "ConnectivityThread" prio=5 tid=28 Native
01-13 09:00:15.474 3773 7541 E DEBUG : | group="main" sCount=0 ucsCount=0 flags=0 obj=0x12ec2878 self=0x777bb077d0
01-13 09:00:15.474 3773 7541 E DEBUG : | sysTid=3856 nice=0 cgrp=default sched=0/0 handle=0x7587005cb0
01-13 09:00:15.474 3773 7541 E DEBUG : | state=? schedstat=( 0 0 0 ) utm=0 stm=0 core=0 HZ=100
01-13 09:00:15.474 3773 7541 E DEBUG : | stack=0x7586f02000-0x7586f04000 stackSize=1039KB
01-13 09:00:15.474 3773 7541 E DEBUG : | held mutexes=
01-13 09:00:15.474 3773 7541 E DEBUG : at android.os.MessageQueue.nativePollOnce(Native method)
01-13 09:00:15.474 3773 7541 E DEBUG : at android.os.MessageQueue.next(MessageQueue.java:335)
01-13 09:00:15.474 3773 7541 E DEBUG : at android.os.Looper.loopOnce(Looper.java:161)
01-13 09:00:15.474 3773 7541 E DEBUG : at android.os.Looper.loop(Looper.java:288)
01-13 09:00:15.474 3773 7541 E DEBUG : at android.os.HandlerThread.run(HandlerThread.java:67)
01-13 09:00:15.474 3773 7541 E DEBUG :
01-13 09:00:15.474 3773 7541 E DEBUG : "​com.cmcc.migux.threading.SerialDispatchQueue#serialQueue" prio=5 tid=29 Native
01-13 09:00:15.474 3773 7541 E DEBUG : | group="main" sCount=0 ucsCount=0 flags=0 obj=0x12ec2958 self=0x777bb093a0
01-13 09:00:15.474 3773 7541 E DEBUG : | sysTid=3857 nice=0 cgrp=default sched=0/0 handle=0x7586efbcb0
01-13 09:00:15.474 3773 7541 E DEBUG : | state=? schedstat=( 0 0 0 ) utm=0 stm=0 core=0 HZ=100
01-13 09:00:15.474 3773 7541 E DEBUG : | stack=0x7586df8000-0x7586dfa000 stackSize=1039KB
01-13 09:00:15.474 3773 7541 E DEBUG : | held mutexes=
01-13 09:00:15.474 3773 7541 E DEBUG : at android.os.MessageQueue.nativePollOnce(Native method)
01-13 09:00:15.474 3773 7541 E DEBUG : at android.os.MessageQueue.next(MessageQueue.java:335)
01-13 09:00:15.474 3773 7541 E DEBUG : at android.os.Looper.loopOnce(Looper.java:161)
01-13 09:00:15.474 3773 7541 E DEBUG : at android.os.Looper.loop(Looper.java:288)
01-13 09:00:15.474 3773 7541 E DEBUG : at android.os.HandlerThread.run(HandlerThread.java:67)
01-13 09:00:15.474 3773 7541 E DEBUG :
01-13 09:00:15.474 3773 7541 E DEBUG : "​com.cmcc.migux.threading.ConcurrentDispatchQueue#Global-Queue (thread-4)" prio=5 tid=30 Waiting
01-13 09:00:15.474 3773 7541 E DEBUG : | group="main" sCount=0 ucsCount=0 flags=0 obj=0x12ec2a38 self=0x777bb0af70
01-13 09:00:15.474 3773 7541 E DEBUG : | sysTid=3858 nice=0 cgrp=default sched=0/0 handle=0x7586df1cb0
01-13 09:00:15.474 3773 7541 E DEBUG : | state=? schedstat=( 0 0 0 ) utm=0 stm=0 core=0 HZ=100
01-13 09:00:15.474 3773 7541 E DEBUG : | stack=0x7586cee000-0x7586cf0000 stackSize=1039KB
01-13 09:00:15.474 3773 7541 E DEBUG : | held mutexes=
01-13 09:00:15.474 3773 7541 E DEBUG : at sun.misc.Unsafe.park(Native method)
01-13 09:00:15.474 3773 7541 E DEBUG : - waiting on an unknown object
01-13 09:00:15.474 3773 7541 E DEBUG : at java.util.concurrent.locks.LockSupport.park(LockSupport.java:190)
01-13 09:00:15.474 3773 7541 E DEBUG : at java.util.concurrent.SynchronousQueue$TransferStack.awaitFulfill(SynchronousQueue.java:459)
01-13 09:00:15.474 3773 7541 E DEBUG : at java.util.concurrent.SynchronousQueue$TransferStack.transfer(SynchronousQueue.java:362)
01-13 09:00:15.474 3773 7541 E DEBUG : at java.util.concurrent.SynchronousQueue.take(SynchronousQueue.java:920)
01-13 09:00:15.474 3773 7541 E DEBUG : at java.util.concurrent.ThreadPoolExecutor.getTask(ThreadPoolExecutor.java:1092)
01-13 09:00:15.474 3773 7541 E DEBUG : at java.util.concurrent.ThreadPoolExecutor.runWorker(ThreadPoolExecutor.java:1152)
01-13 09:00:15.474 3773 7541 E DEBUG : at java.util.concurrent.ThreadPoolExecutor$Worker.run(ThreadPoolExecutor.java:641)
01-13 09:00:15.474 3773 7541 E DEBUG : at java.lang.Thread.run(Thread.java:920)
01-13 09:00:15.474 3773 7541 E DEBUG :
01-13 09:00:15.474 3773 7541 E DEBUG : "​com.cmcc.migux.threading.SerialDispatchQueue#serialQueue" prio=5 tid=31 Native
01-13 09:00:15.474 3773 7541 E DEBUG : | group="main" sCount=0 ucsCount=0 flags=0 obj=0x12ec2b20 self=0x777bb102e0
01-13 09:00:15.474 3773 7541 E DEBUG : | sysTid=3859 nice=0 cgrp=default sched=0/0 handle=0x7584ba3cb0
01-13 09:00:15.474 3773 7541 E DEBUG : | state=? schedstat=( 0 0 0 ) utm=0 stm=0 core=0 HZ=100
01-13 09:00:15.474 3773 7541 E DEBUG : | stack=0x7584aa0000-0x7584aa2000 stackSize=1039KB
01-13 09:00:15.474 3773 7541 E DEBUG : | held mutexes=
01-13 09:00:15.474 3773 7541 E DEBUG : at android.os.MessageQueue.nativePollOnce(Native method)
01-13 09:00:15.474 3773 7541 E DEBUG : at android.os.MessageQueue.next(MessageQueue.java:335)
01-13 09:00:15.474 3773 7541 E DEBUG : at android.os.Looper.loopOnce(Looper.java:161)
01-13 09:00:15.474 3773 7541 E DEBUG : at android.os.Looper.loop(Looper.java:288)
01-13 09:00:15.474 3773 7541 E DEBUG : at android.os.HandlerThread.run(HandlerThread.java:67)
01-13 09:00:15.474 3773 7541 E DEBUG :
01-13 09:00:15.474 3773 7541 E DEBUG : "​com.migu.uem.a.b" prio=5 tid=32 Waiting
01-13 09:00:15.474 3773 7541 E DEBUG : | group="main" sCount=0 ucsCount=0 flags=0 obj=0x12ec00f0 self=0x777bb0e710
01-13 09:00:15.474 3773 7541 E DEBUG : | sysTid=3861 nice=0 cgrp=default sched=0/0 handle=0x7584a99cb0
01-13 09:00:15.474 3773 7541 E DEBUG : | state=? schedstat=( 0 0 0 ) utm=0 stm=0 core=0 HZ=100
01-13 09:00:15.474 3773 7541 E DEBUG : | stack=0x7584996000-0x7584998000 stackSize=1039KB
01-13 09:00:15.474 3773 7541 E DEBUG : | held mutexes=
01-13 09:00:15.474 3773 7541 E DEBUG : at sun.misc.Unsafe.park(Native method)
01-13 09:00:15.474 3773 7541 E DEBUG : - waiting on an unknown object
01-13 09:00:15.474 3773 7541 E DEBUG : at java.util.concurrent.locks.LockSupport.park(LockSupport.java:190)
01-13 09:00:15.474 3773 7541 E DEBUG : at java.util.concurrent.locks.AbstractQueuedSynchronizer$ConditionObject.await(AbstractQueuedSynchronizer.java:2067)
01-13 09:00:15.474 3773 7541 E DEBUG : at java.util.concurrent.ArrayBlockingQueue.take(ArrayBlockingQueue.java:387)
01-13 09:00:15.474 3773 7541 E DEBUG : at com.migu.uem.a.b.run(unavailable:-1)
01-13 09:00:15.474 3773 7541 E DEBUG :
01-13 09:00:15.474 3773 7541 E DEBUG : "​com.cmcc.migux.threading.ConcurrentDispatchQueue#Global-Queue (thread-8)" prio=5 tid=36 Waiting
01-13 09:00:15.474 3773 7541 E DEBUG : | group="main" sCount=0 ucsCount=0 flags=0 obj=0x12ec2db0 self=0x777bb1a9c0
01-13 09:00:15.474 3773 7541 E DEBUG : | sysTid=3865 nice=0 cgrp=default sched=0/0 handle=0x7584671cb0
01-13 09:00:15.474 3773 7541 E DEBUG : | state=? schedstat=( 0 0 0 ) utm=0 stm=0 core=0 HZ=100
01-13 09:00:15.474 3773 7541 E DEBUG : | stack=0x758456e000-0x7584570000 stackSize=1039KB
01-13 09:00:15.474 3773 7541 E DEBUG : | held mutexes=
01-13 09:00:15.474 3773 7541 E DEBUG : at sun.misc.Unsafe.park(Native method)
01-13 09:00:15.474 3773 7541 E DEBUG : - waiting on an unknown object
01-13 09:00:15.474 3773 7541 E DEBUG : at java.util.concurrent.locks.LockSupport.park(LockSupport.java:190)
01-13 09:00:15.474 3773 7541 E DEBUG : at java.util.concurrent.SynchronousQueue$TransferStack.awaitFulfill(SynchronousQueue.java:459)
01-13 09:00:15.474 3773 7541 E DEBUG : at java.util.concurrent.SynchronousQueue$TransferStack.transfer(SynchronousQueue.java:362)
01-13 09:00:15.474 3773 7541 E DEBUG : at java.util.concurrent.SynchronousQueue.take(SynchronousQueue.java:920)
01-13 09:00:15.474 3773 7541 E DEBUG : at java.util.concurrent.ThreadPoolExecutor.getTask(ThreadPoolExecutor.java:1092)
01-13 09:00:15.474 3773 7541 E DEBUG : at java.util.concurrent.ThreadPoolExecutor.runWorker(ThreadPoolExecutor.java:1152)
01-13 09:00:15.474 3773 7541 E DEBUG : at java.util.concurrent.ThreadPoolExecutor$Worker.run(ThreadPoolExecutor.java:641)
01-13 09:00:15.474 3773 7541 E DEBUG : at java.lang.Thread.run(Thread.java:920)
01-13 09:00:15.474 3773 7541 E DEBUG :
01-13 09:00:15.474 3773 7541 E DEBUG : "​com.cmcc.migux.threading.ConcurrentDispatchQueue#Global-Queue (thread-10)" prio=10 tid=38 Waiting
01-13 09:00:15.474 3773 7541 E DEBUG : | group="main" sCount=0 ucsCount=0 flags=0 obj=0x12ec3140 self=0x777bb13a80
01-13 09:00:15.474 3773 7541 E DEBUG : | sysTid=3868 nice=-8 cgrp=default sched=0/0 handle=0x756cacdcb0
01-13 09:00:15.474 3773 7541 E DEBUG : | state=? schedstat=( 0 0 0 ) utm=0 stm=0 core=0 HZ=100
01-13 09:00:15.474 3773 7541 E DEBUG : | stack=0x756c9ca000-0x756c9cc000 stackSize=1039KB
01-13 09:00:15.474 3773 7541 E DEBUG : | held mutexes=
01-13 09:00:15.474 3773 7541 E DEBUG : at sun.misc.Unsafe.park(Native method)
01-13 09:00:15.474 3773 7541 E DEBUG : - waiting on an unknown object
01-13 09:00:15.474 3773 7541 E DEBUG : at java.util.concurrent.locks.LockSupport.park(LockSupport.java:190)
01-13 09:00:15.474 3773 7541 E DEBUG : at java.util.concurrent.SynchronousQueue$TransferStack.awaitFulfill(SynchronousQueue.java:459)
01-13 09:00:15.474 3773 7541 E DEBUG : at java.util.concurrent.SynchronousQueue$TransferStack.transfer(SynchronousQueue.java:362)
01-13 09:00:15.474 3773 7541 E DEBUG : at java.util.concurrent.SynchronousQueue.take(SynchronousQueue.java:920)
01-13 09:00:15.474 3773 7541 E DEBUG : at java.util.concurrent.ThreadPoolExecutor.getTask(ThreadPoolExecutor.java:1092)
01-13 09:00:15.474 3773 7541 E DEBUG : at java.util.concurrent.ThreadPoolExecutor.runWorker(ThreadPoolExecutor.java:1152)
01-13 09:00:15.474 3773 7541 E DEBUG : at java.util.concurrent.ThreadPoolExecutor$Worker.run(ThreadPoolExecutor.java:641)
01-13 09:00:15.474 3773 7541 E DEBUG : at java.lang.Thread.run(Thread.java:920)
01-13 09:00:15.474 3773 7541 E DEBUG :
01-13 09:00:15.474 3773 7541 E DEBUG : "​com.cmcc.migux.threading.ConcurrentDispatchQueue#Global-Queue (thread-9)" prio=5 tid=39 Waiting
01-13 09:00:15.474 3773 7541 E DEBUG : | group="main" sCount=0 ucsCount=0 flags=0 obj=0x12ec3208 self=0x777baf2a10
01-13 09:00:15.474 3773 7541 E DEBUG : | sysTid=3867 nice=0 cgrp=default sched=0/0 handle=0x75843e9cb0
01-13 09:00:15.474 3773 7541 E DEBUG : | state=? schedstat=( 0 0 0 ) utm=0 stm=0 core=0 HZ=100
01-13 09:00:15.474 3773 7541 E DEBUG : | stack=0x75842e6000-0x75842e8000 stackSize=1039KB
01-13 09:00:15.474 3773 7541 E DEBUG : | held mutexes=
01-13 09:00:15.474 3773 7541 E DEBUG : at sun.misc.Unsafe.park(Native method)
01-13 09:00:15.474 3773 7541 E DEBUG : - waiting on an unknown object
01-13 09:00:15.474 3773 7541 E DEBUG : at java.util.concurrent.locks.LockSupport.park(LockSupport.java:190)
01-13 09:00:15.474 3773 7541 E DEBUG : at java.util.concurrent.locks.AbstractQueuedSynchronizer$ConditionObject.await(AbstractQueuedSynchronizer.java:2067)
01-13 09:00:15.474 3773 7541 E DEBUG : at java.util.concurrent.ScheduledThreadPoolExecutor$DelayedWorkQueue.take(ScheduledThreadPoolExecutor.java:1127)
01-13 09:00:15.474 3773 7541 E DEBUG : at java.util.concurrent.ScheduledThreadPoolExecutor$DelayedWorkQueue.take(ScheduledThreadPoolExecutor.java:849)
01-13 09:00:15.474 3773 7541 E DEBUG : at java.util.concurrent.ThreadPoolExecutor.getTask(ThreadPoolExecutor.java:1092)
01-13 09:00:15.474 3773 7541 E DEBUG : at java.util.concurrent.ThreadPoolExecutor.runWorker(ThreadPoolExecutor.java:1152)
01-13 09:00:15.474 3773 7541 E DEBUG : at java.util.concurrent.ThreadPoolExecutor$Worker.run(ThreadPoolExecutor.java:641)
01-13 09:00:15.474 3773 7541 E DEBUG : at java.lang.Thread.run(Thread.java:920)
01-13 09:00:15.474 3773 7541 E DEBUG :
01-13 09:00:15.474 3773 7541 E DEBUG : "​com.mgc.downloader.preload.MGDownLoadThread#MGDownLoadThread" prio=10 tid=33 TimedWaiting
01-13 09:00:15.474 3773 7541 E DEBUG : | group="main" sCount=0 ucsCount=0 flags=0 obj=0x12ec32d0 self=0x777bb21900
01-13 09:00:15.474 3773 7541 E DEBUG : | sysTid=3869 nice=-8 cgrp=default sched=0/0 handle=0x7571b31cb0
01-13 09:00:15.474 3773 7541 E DEBUG : | state=? schedstat=( 0 0 0 ) utm=0 stm=0 core=0 HZ=100
01-13 09:00:15.474 3773 7541 E DEBUG : | stack=0x7571a2e000-0x7571a30000 stackSize=1039KB
01-13 09:00:15.474 3773 7541 E DEBUG : | held mutexes=
01-13 09:00:15.474 3773 7541 E DEBUG : at java.lang.Object.wait(Native method)
01-13 09:00:15.474 3773 7541 E DEBUG : - waiting on <0x07bdfaa0> (a java.util.LinkedList)
01-13 09:00:15.474 3773 7541 E DEBUG : at java.lang.Object.wait(Object.java:442)
01-13 09:00:15.474 3773 7541 E DEBUG : at com.mgc.downloader.preload.MGDownLoadThread.run(MGDownLoadThread.java:126)
01-13 09:00:15.474 3773 7541 E DEBUG :
01-13 09:00:15.474 3773 7541 E DEBUG : "​com.mgc.downloader.MGProxy#recordtask" prio=10 tid=41 Native
01-13 09:00:15.474 3773 7541 E DEBUG : | group="main" sCount=0 ucsCount=0 flags=0 obj=0x12ec3450 self=0x777bb234d0
01-13 09:00:15.474 3773 7541 E DEBUG : | sysTid=3872 nice=0 cgrp=default sched=0/0 handle=0x7571813cb0
01-13 09:00:15.474 3773 7541 E DEBUG : | state=? schedstat=( 0 0 0 ) utm=0 stm=0 core=0 HZ=100
01-13 09:00:15.474 3773 7541 E DEBUG : | stack=0x7571710000-0x7571712000 stackSize=1039KB
01-13 09:00:15.474 3773 7541 E DEBUG : | held mutexes=
01-13 09:00:15.474 3773 7541 E DEBUG : at android.os.MessageQueue.nativePollOnce(Native method)
01-13 09:00:15.474 3773 7541 E DEBUG : at android.os.MessageQueue.next(MessageQueue.java:335)
01-13 09:00:15.474 3773 7541 E DEBUG : at android.os.Looper.loopOnce(Looper.java:161)
01-13 09:00:15.474 3773 7541 E DEBUG : at android.os.Looper.loop(Looper.java:288)
01-13 09:00:15.474 3773 7541 E DEBUG : at android.os.HandlerThread.run(HandlerThread.java:67)
01-13 09:00:15.474 3773 7541 E DEBUG : "​com.mgc.downloader.MGProxy" prio=10 tid=44 TimedWaiting
01-13 09:00:15.474 3773 7541 E DEBUG : | group="main" sCount=0 ucsCount=0 flags=0 obj=0x12ec35f8 self=0x777bb250a0
01-13 09:00:15.474 3773 7541 E DEBUG : | sysTid=3875 nice=-8 cgrp=default sched=0/0 handle=0x7571491cb0
01-13 09:00:15.474 3773 7541 E DEBUG : | state=? schedstat=( 0 0 0 ) utm=0 stm=0 core=0 HZ=100
01-13 09:00:15.474 3773 7541 E DEBUG : | stack=0x757138e000-0x7571390000 stackSize=1039KB
01-13 09:00:15.474 3773 7541 E DEBUG : | held mutexes=
01-13 09:00:15.474 3773 7541 E DEBUG : at java.lang.Object.wait(Native method)
01-13 09:00:15.474 3773 7541 E DEBUG : - waiting on <0x0600a659> (a java.util.TaskQueue)
01-13 09:00:15.474 3773 7541 E DEBUG : at java.lang.Object.wait(Object.java:442)
01-13 09:00:15.474 3773 7541 E DEBUG : at java.util.TimerThread.mainLoop(Timer.java:559)
01-13 09:00:15.474 3773 7541 E DEBUG : at java.util.TimerThread.run(Timer.java:512)
01-13 09:00:15.474 3773 7541 E DEBUG :
01-13 09:00:15.474 3773 7541 E DEBUG : "​com.miguplayer.player.sqm.c#SQMHandlerThread_1673570972367" prio=10 tid=42 Native
01-13 09:00:15.474 3773 7541 E DEBUG : | group="main" sCount=0 ucsCount=0 flags=0 obj=0x12ec36b0 self=0x777bb18df0
01-13 09:00:15.474 3773 7541 E DEBUG : | sysTid=3874 nice=0 cgrp=default sched=0/0 handle=0x757159bcb0
01-13 09:00:15.474 3773 7541 E DEBUG : | state=? schedstat=( 0 0 0 ) utm=0 stm=0 core=0 HZ=100
01-13 09:00:15.474 3773 7541 E DEBUG : | stack=0x7571498000-0x757149a000 stackSize=1039KB
01-13 09:00:15.474 3773 7541 E DEBUG : | held mutexes=
01-13 09:00:15.474 3773 7541 E DEBUG : at android.os.MessageQueue.nativePollOnce(Native method)
01-13 09:00:15.474 3773 7541 E DEBUG : at android.os.MessageQueue.next(MessageQueue.java:335)
01-13 09:00:15.474 3773 7541 E DEBUG : at android.os.Looper.loopOnce(Looper.java:161)
01-13 09:00:15.474 3773 7541 E DEBUG : at android.os.Looper.loop(Looper.java:288)
01-13 09:00:15.474 3773 7541 E DEBUG : at android.os.HandlerThread.run(HandlerThread.java:67)
01-13 09:00:15.474 3773 7541 E DEBUG :
01-13 09:00:15.474 3773 7541 E DEBUG : "​com.cmcc.migux.threading.SerialDispatchQueue#serialQueue" prio=10 tid=45 Native
01-13 09:00:15.474 3773 7541 E DEBUG : | group="main" sCount=0 ucsCount=0 flags=0 obj=0x12ec3790 self=0x777bb26c70
01-13 09:00:15.474 3773 7541 E DEBUG : | sysTid=3882 nice=0 cgrp=default sched=0/0 handle=0x7570c9bcb0
01-13 09:00:15.474 3773 7541 E DEBUG : | state=? schedstat=( 0 0 0 ) utm=0 stm=0 core=0 HZ=100
01-13 09:00:15.474 3773 7541 E DEBUG : | stack=0x7570b98000-0x7570b9a000 stackSize=1039KB
01-13 09:00:15.474 3773 7541 E DEBUG : | held mutexes=
01-13 09:00:15.474 3773 7541 E DEBUG : at android.os.MessageQueue.nativePollOnce(Native method)
01-13 09:00:15.474 3773 7541 E DEBUG : at android.os.MessageQueue.next(MessageQueue.java:335)
01-13 09:00:15.474 3773 7541 E DEBUG : at android.os.Looper.loopOnce(Looper.java:161)
01-13 09:00:15.474 3773 7541 E DEBUG : at android.os.Looper.loop(Looper.java:288)
01-13 09:00:15.474 3773 7541 E DEBUG : at android.os.HandlerThread.run(HandlerThread.java:67)
01-13 09:00:15.474 3773 7541 E DEBUG :
01-13 09:00:15.474 3773 7541 E DEBUG : "​com.cmcc.migux.threading.SerialDispatchQueue#com.cmcc.cmvideo" prio=10 tid=46 Native
01-13 09:00:15.474 3773 7541 E DEBUG : | group="main" sCount=0 ucsCount=0 flags=0 obj=0x12ec3870 self=0x777bb1fd30
01-13 09:00:15.474 3773 7541 E DEBUG : | sysTid=3883 nice=0 cgrp=default sched=0/0 handle=0x755f837cb0
01-13 09:00:15.474 3773 7541 E DEBUG : | state=? schedstat=( 0 0 0 ) utm=0 stm=0 core=0 HZ=100
01-13 09:00:15.474 3773 7541 E DEBUG : | stack=0x755f734000-0x755f736000 stackSize=1039KB
01-13 09:00:15.474 3773 7541 E DEBUG : | held mutexes=
01-13 09:00:15.474 3773 7541 E DEBUG : at android.os.MessageQueue.nativePollOnce(Native method)
01-13 09:00:15.474 3773 7541 E DEBUG : at android.os.MessageQueue.next(MessageQueue.java:335)
01-13 09:00:15.474 3773 7541 E DEBUG : at android.os.Looper.loopOnce(Looper.java:161)
01-13 09:00:15.474 3773 7541 E DEBUG : at android.os.Looper.loop(Looper.java:288)
01-13 09:00:15.474 3773 7541 E DEBUG : at android.os.HandlerThread.run(HandlerThread.java:67)
01-13 09:00:15.474 3773 7541 E DEBUG :
01-13 09:00:15.474 3773 7541 E DEBUG : "​com.cmcc.migux.threading.ConcurrentDispatchQueue#NetworkDispatchQueue (thread-1)" prio=10 tid=47 Waiting
01-13 09:00:15.474 3773 7541 E DEBUG : | group="main" sCount=0 ucsCount=0 flags=0 obj=0x12ec3950 self=0x777bb2a410
01-13 09:00:15.474 3773 7541 E DEBUG : | sysTid=3885 nice=-8 cgrp=default sched=0/0 handle=0x755f623cb0
01-13 09:00:15.474 3773 7541 E DEBUG : | state=? schedstat=( 0 0 0 ) utm=0 stm=0 core=0 HZ=100
01-13 09:00:15.474 3773 7541 E DEBUG : | stack=0x755f520000-0x755f522000 stackSize=1039KB
01-13 09:00:15.474 3773 7541 E DEBUG : | held mutexes=
01-13 09:00:15.474 3773 7541 E DEBUG : at sun.misc.Unsafe.park(Native method)
01-13 09:00:15.474 3773 7541 E DEBUG : - waiting on an unknown object
01-13 09:00:15.474 3773 7541 E DEBUG : at java.util.concurrent.locks.LockSupport.park(LockSupport.java:190)
01-13 09:00:15.474 3773 7541 E DEBUG : at java.util.concurrent.SynchronousQueue$TransferStack.awaitFulfill(SynchronousQueue.java:459)
01-13 09:00:15.474 3773 7541 E DEBUG : at java.util.concurrent.SynchronousQueue$TransferStack.transfer(SynchronousQueue.java:362)
01-13 09:00:15.474 3773 7541 E DEBUG : at java.util.concurrent.SynchronousQueue.take(SynchronousQueue.java:920)
01-13 09:00:15.474 3773 7541 E DEBUG : at java.util.concurrent.ThreadPoolExecutor.getTask(ThreadPoolExecutor.java:1092)
01-13 09:00:15.474 3773 7541 E DEBUG : at java.util.concurrent.ThreadPoolExecutor.runWorker(ThreadPoolExecutor.java:1152)
