01-01 08:10:42.330 0 0 I qcom_rpmh DRV: apps_rsc TCS Busy, retrying RPMH message send: addr=0x50000
01-01 08:10:43.761 0 0 I binder : 1477:1758 ioctl 400c620e 755ee745d8 returned -22
01-01 08:10:43.763 0 0 I binder : 1477:1758 ioctl c00c620f 755ee745b8 returned -22
01-13 08:59:54.750 1477 1758 D ActivityManager: freezing 3668 com.android.providers.calendar
01-13 08:59:54.750 1477 1758 E ActivityManager: Unable to freeze binder for 3668 com.android.providers.calendar
01-13 08:59:54.751 1477 1758 D ActivityManager: froze 3668 com.android.providers.calendar
01-13 08:59:54.751 1477 1758 E ActivityManager: Unable to freeze binder for 3668 com.android.providers.calendar
01-13 08:59:54.754 1477 1758 I ActivityManager: Killing 3668:com.android.providers.calendar/u0a34 (adj 945): Unable to freeze binder interface
01-13 08:59:55.595 1477 1930 I GameModeConfig: isGameModeOn = true
01-13 08:59:55.595 1477 1930 I GameModeConfig: isGaming = false
01-01 08:10:44.693 0 0 I binder : 1477:1758 ioctl 400c620e 755ee745d8 returned -22
01-01 08:10:44.696 0 0 I binder : 1477:1758 ioctl c00c620f 755ee745b8 returned -22
01-13 08:59:55.682 1477 1758 D ActivityManager: freezing 5718 com.qualcomm.qti.qms.service.trustzoneaccess
01-13 08:59:55.682 1477 1758 E ActivityManager: Unable to freeze binder for 5718 com.qualcomm.qti.qms.service.trustzoneaccess
01-13 08:59:55.684 1477 1758 D ActivityManager: froze 5718 com.qualcomm.qti.qms.service.trustzoneaccess
01-13 08:59:55.685 1477 1758 E ActivityManager: Unable to freeze binder for 5718 com.qualcomm.qti.qms.service.trustzoneaccess
01-13 08:59:55.689 1477 1758 I ActivityManager: Killing 5718:com.qualcomm.qti.qms.service.trustzoneaccess/u0a59 (adj 945): Unable to freeze binder interface
01-13 08:59:55.789 1477 1930 I GameModeConfig: isGameModeOn = true
01-13 08:59:55.789 1477 1930 I GameModeConfig: isGaming = false
01-01 08:10:45.240 0 0 E DTC_eth,link_delay_work_func: 3002, SQI=15, link=1
01-01 08:10:45.341 0 0 E [soft_i][0x2e28930fb][08:59:56.330006] wlan: [0:E:DP] dp_tx_comp_process_tx_status: 3431: peer is null or deletion in progress
01-13 08:59:58.282 1477 1930 I GameModeConfig: isGameModeOn = true
01-13 08:59:58.282 1477 1930 I GameModeConfig: isGaming = false
01-13 08:59:58.480 1477 1930 I GameModeConfig: isGameModeOn = true
01-13 08:59:58.481 1477 1930 I GameModeConfig: isGaming = false
01-13 09:00:00.157 1477 1510 I ActivityTaskManager: START u0 {act=android.intent.action.MAIN flg=0x10000000 cmp=com.tc.logclient/.LogClientActivity} from uid 1000
01-13 09:00:00.170 1477 1510 I ActivityTaskManager: FOREGROUND_APPLICATION_CHANGED to com.tc.logclient.LogClientActivity
01-13 09:00:00.282 2440 3771 W ContextImpl: Calling a method in the system process without a qualified user: android.app.ContextImpl.startService:1816 android.content.ContextWrapper.startService:774 com.thundercomm.gamemode.ingame.services.GameModeActionUtils.startGameModeService:111 com.thundercomm.gamemode.ingame.services.GameModeActionUtils.startGameModeEntry:22 com.thundercomm.gamemode.ingame.services.ActivityMonitoringService$1.onActivityLaunch:129
01-13 09:00:00.295 1477 1477 I GameModeConfig: Current uri is uri = content://com.thundercomm.gamemode.api/gamemode_settings/gamemode_isgaming
01-13 09:00:00.298 1477 1477 I GameModeConfig: isGameModeOn = true
01-13 09:00:00.298 1477 1477 I GameModeConfig: isGaming = false
01-13 09:00:00.298 1477 1477 I GameModeConfig: isGameModeOn = true
01-13 09:00:00.298 1477 1477 I GameModeConfig: isGaming = false
01-13 09:00:00.298 1477 1477 I GameModeConfig: isDisableVoice = true
01-01 08:10:49.332 0 0 E [soft_i][0x2e71a4068][09:00:00.320399] wlan: [0:E:DP] dp_tx_comp_process_tx_status: 3431: peer is null or deletion in progress
01-13 09:00:00.746 1477 1930 I GameModeConfig: isGameModeOn = true
01-13 09:00:00.746 1477 1930 I GameModeConfig: isGaming = false
01-13 09:00:00.746 1477 1930 I GameModeConfig: isGameModeOn = true
01-13 09:00:00.746 1477 1930 I GameModeConfig: isGaming = false
01-13 09:00:00.747 1477 1930 I GameModeConfig: isGameModeOn = true
01-13 09:00:00.747 1477 1930 I GameModeConfig: isGaming = false
01-13 09:00:00.795 2440 3771 W ContextImpl: Calling a method in the system process without a qualified user: android.app.ContextImpl.startService:1816 android.content.ContextWrapper.startService:774 com.thundercomm.gamemode.ingame.services.GameModeActionUtils.startGameModeService:111 com.thundercomm.gamemode.ingame.services.GameModeActionUtils.startGameModeEntry:22 com.thundercomm.gamemode.ingame.services.ActivityMonitoringService$1.onActivityLaunch:129 --------- beginning of main
01-13 09:00:00.798 1477 1561 W Choreographer: Frame time is 0.192231 ms in the future! Check that graphics HAL is generating vsync timestamps using the correct timebase.
01-13 09:00:00.798 2227 2227 W Choreographer: Frame time is 0.130616 ms in the future! Check that graphics HAL is generating vsync timestamps using the correct timebase.
01-13 09:00:00.800 2015 2015 W View : requestLayout() improperly called by android.widget.FrameLayout{bd54d9c I.E...... ......ID 0,0-780,179 #2bc} during layout: running second layout pass
01-13 09:00:00.800 2015 2015 W View : requestLayout() improperly called by com.android.systemui.statusbar.AlphaOptimizedImageView{399790f VFED..C.. ......ID 0,0-140,179} during layout: running second layout pass
01-13 09:00:00.800 2440 2440 D GameMode_GameSettingsObserver: Game Data change!!!! uri = content://com.thundercomm.gamemode.api/gamemode_settings/gamemode_isgaming
01-13 09:00:00.800 2440 2440 D GameModeIF_GameModeSettings: getUriFor setting_content_uri_root = content://com.thundercomm.gamemode.api/gamemode_settings , name = gamemode_isgaming
01-13 09:00:00.801 1477 1477 I GameModeConfig: Current uri is uri = content://com.thundercomm.gamemode.api/gamemode_settings/gamemode_isgaming
01-13 09:00:00.801 1477 1477 D GameModeIF_GameModeSettings: getUriFor setting_content_uri_root = content://com.thundercomm.gamemode.api/gamemode_settings , name = gamemode_isgaming
01-13 09:00:00.802 2015 2015 W View : requestLayout() improperly called by android.widget.FrameLayout{bd54d9c I.E...... ......ID 0,0-780,179 #2bc} during second layout pass: posting in next frame
01-13 09:00:00.802 2015 2015 W View : requestLayout() improperly called by com.android.systemui.statusbar.AlphaOptimizedImageView{399790f VFED..C.. ......ID 0,0-140,179} during second layout pass: posting in next frame
01-13 09:00:00.803 2440 2440 D GameMode_GameModeService: updateGlobalSettings = gamemode_isgaming
01-13 09:00:00.807 1477 1477 I GameModeConfig: isGameModeOn = true
01-13 09:00:00.807 1477 1477 I GameModeConfig: isGaming = false
01-13 09:00:00.807 1477 1477 I GameModeConfig: isGameModeOn = true
01-13 09:00:00.807 1477 1477 I GameModeConfig: isGaming = false
01-13 09:00:00.807 1477 1477 I GameModeConfig: isDisableVoice = true
01-13 09:00:00.808 2440 3771 D GameModeIF_GameModeSettings: gamemode_isgaming set to 0
01-13 09:00:00.819 2015 2015 W View : requestLayout() improperly called by android.widget.FrameLayout{bd54d9c I.E...... ......ID 0,0-780,179 #2bc} during layout: running second layout pass
01-13 09:00:00.819 2015 2015 W View : requestLayout() improperly called by com.android.systemui.statusbar.AlphaOptimizedImageView{399790f VFED..C.. ......ID 0,0-140,179} during layout: running second layout pass
01-13 09:00:00.820 2015 2015 W View : requestLayout() improperly called by android.widget.FrameLayout{bd54d9c I.E...... ......ID 0,0-780,179 #2bc} during second layout pass: posting in next frame
01-13 09:00:00.820 2015 2015 W View : requestLayout() improperly called by com.android.systemui.statusbar.AlphaOptimizedImageView{399790f VFED..C.. ......ID 0,0-140,179} during second layout pass: posting in next frame
01-13 09:00:00.834 2015 2015 W View : requestLayout() improperly called by android.widget.FrameLayout{bd54d9c I.E...... ......ID 0,0-780,179 #2bc} during layout: running second layout pass
01-13 09:00:00.835 2015 2015 W View : requestLayout() improperly called by com.android.systemui.statusbar.AlphaOptimizedImageView{399790f VFED..C.. ......ID 0,0-140,179} during layout: running second layout pass
01-13 09:00:00.835 2015 2015 W View : requestLayout() improperly called by android.widget.FrameLayout{bd54d9c I.E...... ......ID 0,0-780,179 #2bc} during second layout pass: posting in next frame
01-13 09:00:00.835 2015 2015 W View : requestLayout() improperly called by com.android.systemui.statusbar.AlphaOptimizedImageView{399790f VFED..C.. ......ID 0,0-140,179} during second layout pass: posting in next frame
01-13 09:00:00.851 2015 2015 W View : requestLayout() improperly called by android.widget.FrameLayout{bd54d9c I.E...... ......ID 0,0-780,179 #2bc} during layout: running second layout pass
01-13 09:00:00.851 2015 2015 W View : requestLayout() improperly called by com.android.systemui.statusbar.AlphaOptimizedImageView{399790f VFED..C.. ......ID 0,0-140,179} during layout: running second layout pass
01-13 09:00:00.852 2015 2015 W View : requestLayout() improperly called by android.widget.FrameLayout{bd54d9c I.E...... ......ID 0,0-780,179 #2bc} during second layout pass: posting in next frame
01-13 09:00:00.852 2015 2015 W View : requestLayout() improperly called by com.android.systemui.statusbar.AlphaOptimizedImageView{399790f VFED..C.. ......ID 0,0-140,179} during second layout pass: posting in next frame
01-13 09:00:00.868 2015 2015 W View : requestLayout() improperly called by android.widget.FrameLayout{bd54d9c I.E...... ......ID 0,0-780,179 #2bc} during layout: running second layout pass
01-13 09:00:00.868 2015 2015 W View : requestLayout() improperly called by com.android.systemui.statusbar.AlphaOptimizedImageView{399790f VFED..C.. ......ID 0,0-140,179} during layout: running second layout pass
01-13 09:00:00.869 2015 2015 W View : requestLayout() improperly called by android.widget.FrameLayout{bd54d9c I.E...... ......ID 0,0-780,179 #2bc} during second layout pass: posting in next frame
01-13 09:00:00.869 2015 2015 W View : requestLayout() improperly called by com.android.systemui.statusbar.AlphaOptimizedImageView{399790f VFED..C.. ......ID 0,0-140,179} during second layout pass: posting in next frame
01-13 09:00:00.884 2015 2015 W View : requestLayout() improperly called by android.widget.FrameLayout{bd54d9c I.E...... ......ID 0,0-780,179 #2bc} during layout: running second layout pass
01-13 09:00:00.884 2015 2015 W View : requestLayout() improperly called by com.android.systemui.statusbar.AlphaOptimizedImageView{399790f VFED..C.. ......ID 0,0-140,179} during layout: running second layout pass
01-13 09:00:00.885 2015 2015 W View : requestLayout() improperly called by android.widget.FrameLayout{bd54d9c I.E...... ......ID 0,0-780,179 #2bc} during second layout pass: posting in next frame
01-13 09:00:00.885 2015 2015 W View : requestLayout() improperly called by com.android.systemui.statusbar.AlphaOptimizedImageView{399790f VFED..C.. ......ID 0,0-140,179} during second layout pass: posting in next frame
01-13 09:00:00.901 2015 2015 W View : requestLayout() improperly called by android.widget.FrameLayout{bd54d9c I.E...... ......ID 0,0-780,179 #2bc} during layout: running second layout pass
01-13 09:00:00.901 2015 2015 W View : requestLayout() improperly called by com.android.systemui.statusbar.AlphaOptimizedImageView{399790f VFED..C.. ......ID 0,0-140,179} during layout: running second layout pass
01-13 09:00:00.902 2015 2015 W View : requestLayout() improperly called by android.widget.FrameLayout{bd54d9c I.E...... ......ID 0,0-780,179 #2bc} during second layout pass: posting in next frame
01-13 09:00:00.902 2015 2015 W View : requestLayout() improperly called by com.android.systemui.statusbar.AlphaOptimizedImageView{399790f VFED..C.. ......ID 0,0-140,179} during second layout pass: posting in next frame
01-13 09:00:00.919 2015 2015 W View : requestLayout() improperly called by android.widget.FrameLayout{bd54d9c I.E...... ......ID 0,0-780,179 #2bc} during layout: running second layout pass
01-13 09:00:00.919 2015 2015 W View : requestLayout() improperly called by com.android.systemui.statusbar.AlphaOptimizedImageView{399790f VFED..C.. ......ID 0,0-140,179} during layout: running second layout pass
01-13 09:00:00.921 2015 2015 W View : requestLayout() improperly called by android.widget.FrameLayout{bd54d9c I.E...... ......ID 0,0-780,179 #2bc} during second layout pass: posting in next frame
01-13 09:00:00.921 2015 2015 W View : requestLayout() improperly called by com.android.systemui.statusbar.AlphaOptimizedImageView{399790f VFED..C.. ......ID 0,0-140,179} during second layout pass: posting in next frame
01-13 09:00:00.935 2015 2015 W View : requestLayout() improperly called by android.widget.FrameLayout{bd54d9c I.E...... ......ID 0,0-780,179 #2bc} during layout: running second layout pass
01-13 09:00:00.935 2015 2015 W View : requestLayout() improperly called by com.android.systemui.statusbar.AlphaOptimizedImageView{399790f VFED..C.. ......ID 0,0-140,179} during layout: running second layout pass
01-13 09:00:00.936 2015 2015 W View : requestLayout() improperly called by android.widget.FrameLayout{bd54d9c I.E...... ......ID 0,0-780,179 #2bc} during second layout pass: posting in next frame
01-13 09:00:00.936 2015 2015 W View : requestLayout() improperly called by com.android.systemui.statusbar.AlphaOptimizedImageView{399790f VFED..C.. ......ID 0,0-140,179} during second layout pass: posting in next frame
01-13 09:00:00.952 2015 2015 W View : requestLayout() improperly called by android.widget.FrameLayout{bd54d9c I.E...... ......ID 0,0-780,179 #2bc} during layout: running second layout pass
01-13 09:00:00.952 2015 2015 W View : requestLayout() improperly called by com.android.systemui.statusbar.AlphaOptimizedImageView{399790f VFED..C.. ......ID 0,0-140,179} during layout: running second layout pass
01-13 09:00:00.953 2015 2015 W View : requestLayout() improperly called by android.widget.FrameLayout{bd54d9c I.E...... ......ID 0,0-780,179 #2bc} during second layout pass: posting in next frame
01-13 09:00:00.953 2015 2015 W View : requestLayout() improperly called by com.android.systemui.statusbar.AlphaOptimizedImageView{399790f VFED..C.. ......ID 0,0-140,179} during second layout pass: posting in next frame
01-13 09:00:00.955 1477 1477 I GameModeConfig: isGameModeOn = true
01-13 09:00:00.955 1477 1477 I GameModeConfig: isGaming = false
01-13 09:00:00.959 2440 2440 V GameMode_GameTypeUtils: judge isGame:com.tc.logclient
01-13 09:00:00.959 2440 2440 E GameMode_GameModeNotificationListenerService: title :content :,PackageName:com.android.systemui,isGameModeOn:true,isBulletScreenOn:false,isBulletScreenPackage:false
01-13 09:00:00.974 2015 2015 W View : requestLayout() improperly called by android.widget.FrameLayout{bd54d9c I.E...... ......ID 0,0-780,179 #2bc} during layout: running second layout pass
01-13 09:00:00.974 2015 2015 W View : requestLayout() improperly called by com.android.systemui.statusbar.AlphaOptimizedImageView{399790f VFED..C.. ......ID 0,0-140,179} during layout: running second layout pass
01-13 09:00:00.976 2015 2015 W View : requestLayout() improperly called by android.widget.FrameLayout{bd54d9c I.E...... ......ID 0,0-780,179 #2bc} during second layout pass: posting in next frame
01-13 09:00:00.976 2015 2015 W View : requestLayout() improperly called by com.android.systemui.statusbar.AlphaOptimizedImageView{399790f VFED..C.. ......ID 0,0-140,179} during second layout pass: posting in next frame
01-13 09:00:00.979 2015 2015 D InterruptionStateProvider: No bubble up: not allowed to bubble: 0|com.android.systemui|2048|null|10082
01-13 09:00:00.980 2015 2015 D InterruptionStateProvider: No heads up: unimportant notification: 0|com.android.systemui|2048|null|10082
01-13 09:00:00.986 1274 1400 E tlogd : [TzLogger](isPathReadable) file /sys/kernel/debug/tzdbg/qsee_log isn't exist or no permission, err: No such file or directory
01-13 09:00:00.986 1274 1400 E tlogd : [TzLogger](saveTzlogAsync) /sys/kernel/debug/tzdbg/qsee_log can not read.
01-13 09:00:00.986 1274 1400 E tlogd : [TzLogger](isPathReadable) file /sys/kernel/debug/tzdbg/log isn't exist or no permission, err: No such file or directory
01-13 09:00:00.986 1274 1400 E tlogd : [TzLogger](saveTzlogAsync) /sys/kernel/debug/tzdbg/log can not read.
01-13 09:00:00.986 2015 2326 D PeopleSpaceWidgetMgr: Sbn doesn't contain valid PeopleTileKey: null/0/com.android.systemui
01-13 09:00:00.988 2015 2015 W View : requestLayout() improperly called by android.widget.FrameLayout{bd54d9c I.E...... ......ID 0,0-780,179 #2bc} during layout: running second layout pass
01-13 09:00:00.988 2015 2015 W View : requestLayout() improperly called by com.android.systemui.statusbar.AlphaOptimizedImageView{399790f VFED..C.. ......ID 0,0-140,179} during layout: running second layout pass
01-13 09:00:00.990 2015 2015 W View : requestLayout() improperly called by android.widget.FrameLayout{bd54d9c I.E...... ......ID 0,0-780,179 #2bc} during second layout pass: posting in next frame
01-13 09:00:00.990 2015 2015 W View : requestLayout() improperly called by com.android.systemui.statusbar.AlphaOptimizedImageView{399790f VFED..C.. ......ID 0,0-140,179} during second layout pass: posting in next frame
01-13 09:00:00.990 2015 2015 W View : requestLayout() improperly called by android.widget.FrameLayout{bd54d9c I.E...... ......ID 0,0-780,179 #2bc} during second layout pass: posting in next frame
01-13 09:00:00.990 2015 2015 W View : requestLayout() improperly called by com.android.systemui.statusbar.AlphaOptimizedImageView{399790f VFED..C.. ......ID 0,0-140,179} during second layout pass: posting in next frame
01-13 09:00:01.002 2015 2015 W View : requestLayout() improperly called by android.widget.FrameLayout{bd54d9c I.E...... ......ID 0,0-780,179 #2bc} during layout: running second layout pass
01-13 09:00:01.002 2015 2015 W View : requestLayout() improperly called by com.android.systemui.statusbar.AlphaOptimizedImageView{399790f VFED..C.. ......ID 0,0-140,179} during layout: running second layout pass
01-13 09:00:01.139 652 667 I mpu_uart: [MSG-P:RECV]:No message received in 1000 ms
01-13 09:00:01.319 0 0 W swapper/3: type=1400 audit(0.0:1694): avc: denied { kill } for capability=5 scontext=u:r:kernel:s0 tcontext=u:r:kernel:s0 tclass=capability permissive=0
01-01 08:10:50.361 0 0 E DTC_eth,link_delay_work_func: 3002, SQI=15, link=1
01-13 09:00:01.996 2227 2227 W ContextImpl: Calling a method in the system process without a qualified user: android.app.ContextImpl.startService:1816 android.content.ContextWrapper.startService:774 android.content.ContextWrapper.startService:774 com.tc.logclient.LogZipService.start:38 com.tc.logclient.LogClientFragment.stoppingLog:443
01-13 09:00:02.000 2227 2227 W ContextImpl: Calling a method in the system process without a qualified user: android.app.ContextImpl.stopService:1828 android.content.ContextWrapper.stopService:784 android.content.ContextWrapper.stopService:784 com.tc.logclient.LogClientFragment.stoppingLog:446 com.tc.logclient.LogClientFragment.onClick:279
01-13 09:00:02.002 2227 2227 D TlogClient_AndroidLoggers: stopingLog
01-13 09:00:02.004 2227 2227 D TlogClient_TcpdumpLoggers: stopingLog
01-13 09:00:02.004 2227 2227 D TlogClient_QxdmLoggers: stopingLog
01-13 09:00:02.006 2227 2227 W ContextImpl: Calling a method in the system process without a qualified user: android.app.ContextImpl.startService:1816 android.content.ContextWrapper.startService:774 android.content.ContextWrapper.startService:774 com.tc.logclient.LogZipService.start:38 com.tc.logclient.LogClientFragment.stoppingLog:474
01-01 08:10:51.019 0 0 I init : processing action (sys.tlog.android.active=0) from (/system/etc/init/tlogd.rc:118)
01-01 08:10:51.020 0 0 I init : Sending signal 9 to service 'tlogManual' (pid 7043) process group...
01-13 09:00:02.014 2227 2227 D TlogClient_LogZipService: onStartCommand: 4099
01-13 09:00:02.014 2227 2227 D TlogClient_LogZipService: LogZipService state changed: Collected
01-13 09:00:02.014 2227 2227 D TlogClient_ZipUtils: updateState:=== Stop collect log 01/13 08:58:08 ===
01-13 09:00:02.014 2227 2227 D TlogClient_LogZipService: Receive zip message: === Stop collect log 01/13 08:58:08 ===
01-13 09:00:02.014 2227 2227 D TlogClient_LogZipService: , handler: Handler (com.tc.logclient.LogClientFragment$UiHandler) {c756d6f}
01-13 09:00:02.015 2227 2227 D TlogClient_LogZipService: onStartCommand: 4100
01-01 08:10:51.025 0 0 I libprocessgroup: Successfully killed process cgroup uid 1000 pid 7043 in 5ms
01-01 08:10:51.032 0 0 I init : Service 'tlogManual' (pid 7043) received signal 9 oneshot service took 108.741997 seconds in background
01-01 08:10:51.033 0 0 I init : processing action (sys.tlog.tcpdump.active=0) from (/system/etc/init/tlogd.rc:105)
01-01 08:10:51.033 0 0 I init : Sending signal 9 to service 'tlogTcpdump' (pid 7044) process group...
01-13 09:00:02.021 1477 1477 D CompatibilityChangeReporter: Compat change id reported: 175319604; UID 1000; state: ENABLED
01-13 09:00:02.021 1477 1477 D CompatibilityChangeReporter: Compat change id reported: 175319604; UID 1000; state: DISABLED
01-13 09:00:02.023 2440 2440 D GameMode_GameModeNotificationListenerService: onNotificationRemoved.
01-13 09:00:02.024 1477 1477 D CompatibilityChangeReporter: Compat change id reported: 175319604; UID 10082; state: ENABLED
01-13 09:00:02.025 1477 1477 D CompatibilityChangeReporter: Compat change id reported: 175319604; UID 10097; state: DISABLED
01-01 08:10:51.039 0 0 I libprocessgroup: Successfully killed process cgroup uid 0 pid 7044 in 5ms
01-01 08:10:51.042 0 0 I init : Service 'tlogTcpdump' (pid 7044) received signal 9 oneshot service took 108.748001 seconds in background
01-13 09:00:02.032 2227 2227 D TlogClient_LogCollector: sdcardDir: /storage/emulated/0
01-13 09:00:02.033 2015 2326 D PeopleSpaceWidgetMgr: Sbn doesn't contain valid PeopleTileKey: null/0/com.tc.logclient
01-13 09:00:02.033 2227 2227 D TlogClient_LogCollector: mCommand: [/system/bin/sh, /data/user_de/0/com.tc.logclient/files/save_log.sh, sts40x190119, 693, /storage/emulated/0, Take bugreport may take more than 4 minutes]
01-13 09:00:02.033 2227 2227 D TlogClient_LogZipService: LogZipService state changed: Saving
01-13 09:00:02.033 2227 2227 D TlogClient_ZipUtils: updateState:=== START to save logs 01/13 08:58:08 ===
01-13 09:00:02.033 2227 2227 D TlogClient_LogZipService: Receive zip message: === START to save logs 01/13 08:58:08 ===
01-13 09:00:02.033 2227 2227 D TlogClient_LogZipService: , handler: Handler (com.tc.logclient.LogClientFragment$UiHandler) {c756d6f}
01-13 09:00:02.034 2227 7358 D TlogClient_ZipUtils: Zip start.
01-01 08:10:51.043 0 0 I init : processing action (sys.tlog.qxdm.active=0) from (/system/etc/init/tlogd.rc:112)
01-01 08:10:51.044 0 0 I init : starting service 'tlogQxdmStop'...
01-13 09:00:02.039 2015 2015 W View : requestLayout() improperly called by android.widget.FrameLayout{bd54d9c I.E...... ......ID 0,0-780,179 #2bc} during second layout pass: posting in next frame
01-13 09:00:02.039 2015 2015 W View : requestLayout() improperly called by com.android.systemui.statusbar.AlphaOptimizedImageView{399790f VFED..C.. ......ID 0,0-140,179} during second layout pass: posting in next frame
01-13 09:00:02.055 7360 7360 D tlogd : [MainQxdm](main) =========qxdm start======== u1000, g1000, p7360
01-13 09:00:02.055 7360 7360 D tlogd : [MainQxdm](qxdmMain) status=0.
01-13 09:00:02.055 7360 7360 D tlogd : [MainQxdm](qxdmMain) qxdmCmd=/vendor/bin/diag_mdlog -k.
01-13 09:00:02.061 7360 7360 E Diag_Lib: diag_mdlog: command = k
01-13 09:00:02.061 7360 7360 E Diag_Lib: diag:main: kernel supported: NUM_PERIPHERALS = 7, DIAG_CON_ALL: 255
01-13 09:00:02.061 7360 7360 E Diag_Lib: diag: Session for peripheral mask 255 is active with PID = 7045
01-13 09:00:02.061 7360 7360 E Diag_Lib: diag_mdlog: Closing diag_fd_temp
01-13 09:00:02.061 7360 7360 E Diag_Lib:
01-13 09:00:02.061 7360 7360 E Diag_Lib: diag_mdlog: stopping diag_mdlog instance pid: 7045
01-13 09:00:02.061 7045 7045 E Diag_Lib: diag: Signal received
01-13 09:00:02.061 7045 7045 E Diag_Lib: diag: Sending empty mask MSM
01-13 09:00:02.061 7045 7045 E Diag_Lib: diag: Sending empty mask to device 2
01-13 09:00:02.073 7362 7362 D tlogd : [Main](main) =========tlog start======== u1000, g1000, p7362
01-13 09:00:02.073 7362 7362 D tlogd : [Main](main) current platform word size: 64
01-13 09:00:02.073 7362 7362 W tlogd : [ConfigLoader](ConfigLoader) using default config.xml.
01-13 09:00:02.067 526 526 W auditd : type=1401 audit(0.0:1695): op=security_compute_sid invalid_context=u:r:np_thundercomm_tlog_pstore:s0 scontext=u:r:init:s0 tcontext=u:object_r:np_thundercomm_tlog_pstore_exec:s0 tclass=process
01-13 09:00:02.077 7362 7362 D tlogd : [TlogdFatal](fatalMain) tlog prepare OK!
01-13 09:00:02.088 2227 7359 D TlogClient_LogZipService: Receive zip message: Take bugreport may take more than 4 minutes
01-13 09:00:02.088 2227 7359 D TlogClient_LogZipService: , handler: Handler (com.tc.logclient.LogClientFragment$UiHandler) {c756d6f}
01-13 09:00:02.093 7045 7045 E Diag_Lib: diag: diag_kill_qshrink4_threads: Initiate qshrink threads kill (qshrink_kill_thread: 1)
01-13 09:00:02.093 7045 7045 E Diag_Lib: diag:In diag_kill_qshrink4_threads finished killing qshrink4 threads
01-13 09:00:02.093 7045 7045 E Diag_Lib: diag: diag_kill_diagid_threads: Initiate diagid threads kill (diagid_kill_thread: 1)
01-13 09:00:02.099 2227 7359 D TlogClient_LogZipService: Receive zip message: [09:00:02]Getting bugreport...
01-13 09:00:02.099 2227 7359 D TlogClient_LogZipService: , handler: Handler (com.tc.logclient.LogClientFragment$UiHandler) {c756d6f}
01-13 09:00:02.109 7362 7370 W tlogd : [AndroidLogReader](loggersClose) close android log.
01-13 09:00:02.109 7362 7370 W tlogd : [AndroidLogReader](loggersClose) close android log.
01-13 09:00:02.109 7362 7362 D tlogd : [TlogdFatal](fatalMain) end
01-13 09:00:02.109 7362 7362 E tlogd : [Main](main) =========tlog end========
01-13 09:00:02.139 652 667 I mpu_uart: [MSG-P:RECV]:No message received in 1000 ms
01-13 09:00:02.161 7374 7374 I dumpstate: do_vibrate: 1 stream_to_socket: 0 progress_updates_to_socket: 1 do_screenshot: 0 is_remote_mode: 0 show_header_only: 0 telephony_only: 0 wifi_only: 0 do_progress_updates: 0 fd: -1 bugreport_mode: dumpstate_hal_mode: DEFAULT limited_only: 0 args: /system/bin/dumpstate -S
01-13 09:00:02.161 7374 7374 D dumpstate: dumpstate calling_uid = -1 ; calling package =
01-13 09:00:02.161 7374 7374 D dumpstate: Loading stats from /bugreports/dumpstate-stats.txt
01-13 09:00:02.162 7374 7374 I dumpstate: Could not read stats from /bugreports/dumpstate-stats.txt; using max of 5000
01-13 09:00:02.162 7374 7374 D hw-ProcessState: Binder ioctl to enable oneway spam detection failed: Invalid argument
01-01 08:10:51.174 0 0 I binder : 7374:7374 ioctl 40046210 7fffc4d394 returned -22
01-13 09:00:02.165 7374 7374 D dumpstate: Wake lock acquired.
01-13 09:00:02.165 7374 7374 I dumpstate: dumpstate info: id=1, args='/system/bin/dumpstate -S', bugreport_mode= bugreport format version: 2.0
01-13 09:00:02.165 7374 7374 D dumpstate: Opening control socket
01-13 09:00:02.319 0 0 W swapper/3: type=1400 audit(0.0:1696): avc: denied { kill } for capability=5 scontext=u:r:kernel:s0 tcontext=u:r:kernel:s0 tclass=capability permissive=0
01-13 09:00:03.095 7045 7045 E Diag_Lib: diag:In diag_kill_diagid_threads Cleaned up diagid resources
01-13 09:00:03.095 7045 7045 E Diag_Lib: diag: sending signal to unblock read thread
01-13 09:00:03.096 7045 7049 E Diag_Lib: CreateWaitThread exiting ...[0]..
01-13 09:00:03.100 7045 7050 E Diag_Lib: Exiting....WriteToDisk
01-13 09:00:03.119 7374 7374 D dumpstate: Bugreport dir: [/data/user_de/0/com.android.shell/files/bugreports] Base name: [bugreport-figure_CN-SKQ1.220201.001] Suffix: [2023-01-13-09-00-02] Log path: [/data/user_de/0/com.android.shell/files/bugreports/bugreport-figure_CN-SKQ1.220201.001-2023-01-13-09-00-02-dumpstate_log-7374.txt] Temporary path: [/data/user_de/0/com.android.shell/files/bugreports/bugreport-figure_CN-SKQ1.220201.001-2023-01-13-09-00-02.tmp] Screenshot path: []
01-13 09:00:03.119 7374 7374 D dumpstate: Creating initial .zip file (/data/user_de/0/com.android.shell/files/bugreports/bugreport-figure_CN-SKQ1.220201.001-2023-01-13-09-00-02.zip)
01-13 09:00:03.122 7374 7374 D dumpstate: Adding zip text entry version.txt
01-13 09:00:03.123 7374 7374 I dumpstate: Sending broadcast: '/system/bin/cmd activity broadcast --user 0 --receiver-foreground --receiver-include-background -a com.android.internal.intent.action.BUGREPORT_STARTED --receiver-permission android.permission.DUMP'
01-13 09:00:03.140 652 667 I mpu_uart: [MSG-P:RECV]:No message received in 1000 ms
01-13 09:00:03.154 7377 7377 D ProcessState: Binder ioctl to enable oneway spam detection failed: Invalid argument
01-01 08:10:52.166 0 0 I binder : 7377:7377 ioctl 40046210 7ff2a9a254 returned -22
01-13 09:00:03.161 1477 1575 D CompatibilityChangeReporter: Compat change id reported: 168419799; UID 10025; state: DISABLED
01-13 09:00:03.161 1477 1575 D CompatibilityInfo: mCompatibilityFlags - 4
01-13 09:00:03.161 1477 1575 D CompatibilityInfo: applicationDensity - 240
01-13 09:00:03.161 1477 1575 D CompatibilityInfo: applicationScale - 1.0
01-13 09:00:03.172 2015 2015 I LogBufferFreezer: Freezing log buffers
01-13 09:00:03.176 7374 7374 I dumpstate: Vibrate: 'cmd vibrator_manager synced -f -d dumpstate oneshot 150'
01-13 09:00:03.201 7381 7381 D ProcessState: Binder ioctl to enable oneway spam detection failed: Invalid argument
01-01 08:10:52.213 0 0 I binder : 7381:7381 ioctl 40046210 7fff3c04a4 returned -22
01-13 09:00:03.212 875 875 D vendor.qti.vibrator: Vibrator on for timeoutMs: 150
01-13 09:00:03.212 875 7385 D vendor.qti.vibrator: Starting on on another thread
01-01 08:10:52.227 0 0 I binder : 7374:7374 ioctl 40046210 7fffc4d394 returned -22
01-13 09:00:03.215 7374 7374 D ProcessState: Binder ioctl to enable oneway spam detection failed: Invalid argument
01-13 09:00:03.218 7374 7374 D dumpstate: Module metadata package name: com.android.modulemetadata
01-13 09:00:03.249 965 1641 W DisplayIdentification: Invalid EDID: falling back to serial number due to missing display name.
01-13 09:00:03.249 965 1641 W DisplayIdentification: Invalid EDID: falling back to ASCII text due to missing serial number.
01-13 09:00:03.249 841 841 I SDM : HWCDisplay::GetColorModeCount: Supported color mode count = 1
01-13 09:00:03.249 841 841 I SDM : HWCDisplay::GetColorModes: Color mode = 0 is supported
01-13 09:00:03.247 965 965 W Binder:965_3: type=1400 audit(0.0:1697): avc: denied { open } for path="/proc/841/cmdline" dev="proc" ino=107941 scontext=u:r:surfaceflinger:s0 tcontext=u:r:hal_graphics_composer_default:s0 tclass=file permissive=0
01-13 09:00:03.271 1477 2170 D CompatibilityChangeReporter: Compat change id reported: 184838306; UID 1000; state: DISABLED
01-13 09:00:03.271 1477 2170 D CompatibilityChangeReporter: Compat change id reported: 185004937; UID 1000; state: DISABLED
01-13 09:00:03.319 750 750 W crtc_commit:125: type=1400 audit(0.0:1698): avc: denied { kill } for capability=5 scontext=u:r:kernel:s0 tcontext=u:r:kernel:s0 tclass=capability permissive=0
01-13 09:00:03.363 875 7385 D vendor.qti.vibrator: Notifying on complete
01-13 09:00:03.363 1477 7384 E AppOps : Attribution not found: uid=0 pkg=root(null) op=VIBRATE
01-13 09:00:03.365 875 875 D vendor.qti.vibrator: QTI Vibrator off
01-13 09:00:03.388 2015 2015 D NavigationModeController: getCurrentInteractionMode: mode=2 contextUser=0
01-13 09:00:03.388 2015 2015 D NavigationModeController: contextUser=0
01-13 09:00:03.388 2015 2015 D NavigationModeController: assetPaths=
01-13 09:00:03.388 2015 2015 D NavigationModeController: and /system/framework/framework-res.apk
01-13 09:00:03.388 2015 2015 D NavigationModeController: /product/overlay/FrameworksResCommon_Sys.apk
01-13 09:00:03.388 2015 2015 D NavigationModeController: /product/overlay/FrameworksResCommonQva_Sys.apk
01-13 09:00:03.388 2015 2015 D NavigationModeController: /vendor/overlay/FrameworksResTarget.apk
01-13 09:00:03.388 2015 2015 D NavigationModeController: /product/overlay/FrameworkResource/FrameworksResOverlay.apk
01-13 09:00:03.388 2015 2015 D NavigationModeController: and /system_ext/priv-app/SystemUI/SystemUI.apk
01-13 09:00:03.388 2015 2015 D NavigationModeController: /product/overlay/NavigationBarModeGestural/NavigationBarModeGesturalOverlay.apk
01-13 09:00:03.388 2015 2015 D NavigationModeController: /product/overlay/SystemUIResCommon_Sys.apk
01-13 09:00:03.423 2133 2247 D MicroService: getEvent: clientSocket = Socket[address=/192.168.4.4,port=59928,localPort=9999]
01-13 09:00:03.424 2133 2247 D MicroService: run: called
01-13 09:00:03.424 2133 2247 D MicroService: getEvent: start waiting...
01-13 09:00:03.425 2133 7393 I MicroService: getStringByData(noZero): IDCM_TBoxService
01-13 09:00:03.425 2133 7393 I MicroService: getStringByData(noZero): FSEM_SettingService
01-13 09:00:03.425 2133 7393 I MicroService: getStringByData: {"dstService":"FSEM_SettingService","messageType":0,"methodName":"netstatus","parameters":{"functionInfo":{"IDCM_celltype":40,"IDCM_netstatus":43,"IDCM_signalstrength":41}},"srcService":"IDCM_TBoxService","uuid":1680146835952041000}
01-13 09:00:03.425 2133 7393 I MicroService: Receive message: SocketMessageBean{businessData='21930', srcService='IDCM_TBoxService', destService='FSEM_SettingService', messageType='0', uuid='1680146835952041000', payloadData={"dstService":"FSEM_SettingService","messageType":0,"methodName":"netstatus","parameters":{"functionInfo":{"IDCM_celltype":40,"IDCM_netstatus":43,"IDCM_signalstrength":41}},"srcService":"IDCM_TBoxService","uuid":1680146835952041000}
01-13 09:00:03.425 2133 7393 I MicroService: }
01-13 09:00:03.425 2133 7393 I MicroService: dealMessage: 0
01-13 09:00:03.425 2133 7393 I MicroService: onRequest(netstatus): {"functionInfo":{"IDCM_celltype":40,"IDCM_netstatus":43,"IDCM_signalstrength":41}}
01-13 09:00:03.427 2177 2232 D MicroSettings: SettingMicroservices: get request method = netstatus parameters = {"functionInfo":{"IDCM_celltype":40,"IDCM_netstatus":43,"IDCM_signalstrength":41}}
01-13 09:00:03.427 2177 2232 D MicroSettings: SettingMicroservices: functionInfo.class = class org.json.JSONObject functionInfo = {"IDCM_celltype":40,"IDCM_netstatus":43,"IDCM_signalstrength":41}
01-13 09:00:03.427 2177 2232 D MicroSettings: SettingMicroservices: setNetStatus: 43
01-13 09:00:03.520 652 666 I mpu_uart: [MSG-P:R]:recv sync frame timeout
01-13 09:00:03.603 7405 7405 E perfetto: perfetto_cmd.cc:779 No trace with TraceConfig.bugreport_score > 0 eligible for bug reporting was found
01-13 09:00:03.605 7374 7374 E dumpstate: *** command 'perfetto --save-for-bugreport' failed: exit code 1
01-13 09:00:03.623 7406 7406 D ProcessState: Binder ioctl to enable oneway spam detection failed: Invalid argument
01-13 09:00:03.625 1477 2170 I WindowTracing: Error: Tracing is not supported on user builds.
01-01 08:10:52.634 0 0 I binder : 7406:7406 ioctl 40046210 7ff3f9e344 returned -22
01-13 09:00:03.655 7409 7409 D ProcessState: Binder ioctl to enable oneway spam detection failed: Invalid argument
01-01 08:10:52.666 0 0 I binder : 7409:7409 ioctl 40046210 7feef0b194 returned -22
01-01 08:10:52.700 0 0 I logd : logdr: UID=0 GID=0 PID=7412 n tail=0 logMask=99 pid=0 start=0ns deadline=0ns
01-01 08:10:52.898 0 0 I logd : logdr: UID=0 GID=0 PID=7414 n tail=0 logMask=4 pid=0 start=0ns deadline=0ns
01-13 09:00:03.940 7374 7374 D dumpstate: Duration of 'EVENT LOG': 0.07s
01-13 09:00:03.962 7374 7374 D dumpstate: Duration of 'STATS LOG': 0.02s
01-01 08:10:52.972 0 0 I logd : logdr: UID=0 GID=0 PID=7416 n tail=0 logMask=20 pid=0 start=0ns deadline=0ns
01-01 08:10:52.998 0 0 I logd : logdr: UID=0 GID=0 PID=7418 n tail=0 logMask=2 pid=0 start=0ns deadline=0ns
01-13 09:00:03.993 7374 7374 D dumpstate: Duration of 'RADIO LOG': 0.03s
01-13 09:00:04.054 7374 7374 E dumpstate: *** command 'logcat -L -b all -v threadtime -v printable -v uid -d *:v' failed: exit code 1
01-13 09:00:04.054 7374 7374 I dumpstate: Start thread pool:1
01-13 09:00:04.054 7374 7374 D dumpstate: Adding dir /cache/recovery (recursive: 1)
01-13 09:00:04.054 7374 7374 D dumpstate: Adding dir /data/misc/recovery (recursive: 1)
01-13 09:00:04.062 7374 7374 D dumpstate: Adding dir /data/misc/update_engine_log (recursive: 1)
01-13 09:00:04.066 7374 7374 D dumpstate: Adding dir /data/misc/logd (recursive: 0)
01-13 09:00:04.067 7374 7374 E dumpstate: /data/misc/logd: No such file or directory
01-13 09:00:04.067 7374 7374 D dumpstate: Adding dir /data/misc/prereboot (recursive: 0)
01-13 09:00:04.085 7374 7422 I dumpstate: libdebuggerd_client: started dumping process 671
01-13 09:00:04.086 633 633 I tombstoned: registered intercept for pid 671 and type kDebuggerdNativeBacktrace
01-13 09:00:04.086 671 671 I libc : Requested dump for tid 671 (Binder:671_2)
01-13 09:00:04.095 7045 7045 E Diag_Lib: diag: Sending cond to CreateWaitThread
01-13 09:00:04.096 7045 7045 E Diag_Lib: diag: Diag_LSM_DeInit: invoked for pid: 7045
01-13 09:00:04.096 7045 7049 E Diag_Lib: diag: CreateWaitThread, Exiting...
01-13 09:00:04.096 7045 7045 E Diag_Lib: diag: Diag_LSM_DeInit: Initiating deinit pkt transfer
01-13 09:00:04.096 7045 7045 E Diag_Lib: diag: Diag_LSM_DeInit: Read status in CreateWaitThread, in_read: 0
01-13 09:00:04.096 7045 7045 E Diag_Lib: diag: Diag_LSM_DeInit: status of deinit_rcvd: 0, sig_rcvd: 0
01-13 09:00:04.113 7374 7374 E dumpstate: Unable to read link for /proc/4276/ns/mnt: No such file or directory
01-13 09:00:04.115 7374 7374 E dumpstate: Unable to read link for /proc/5039/ns/mnt: No such file or directory
01-13 09:00:04.116 7425 7425 I crash_dump64: obtaining output fd from tombstoned, type: kDebuggerdNativeBacktrace
01-13 09:00:04.117 633 633 I tombstoned: received crash request for pid 671
01-13 09:00:04.117 633 633 I tombstoned: found intercept fd 512 for pid 671 and type kDebuggerdNativeBacktrace
01-13 09:00:04.117 7425 7425 I crash_dump64: performing dump of process 671 (target tid = 671)
01-13 09:00:04.119 7374 7374 E dumpstate: Unable to read link for /proc/7424/ns/mnt: No such file or directory
01-13 09:00:04.119 7374 7374 E dumpstate: Unable to read link for /proc/7426/ns/mnt: No such file or directory
01-13 09:00:04.119 7374 7374 D dumpstate: MOUNT INFO: 55 entries added to zip file
01-13 09:00:04.140 652 667 I mpu_uart: [MSG-P:RECV]:No message received in 1000 ms
01-13 09:00:04.150 7374 7422 I dumpstate: libdebuggerd_client: done dumping process 671
01-13 09:00:04.151 7374 7422 I dumpstate: libdebuggerd_client: started dumping process 672
01-13 09:00:04.152 633 633 W tombstoned: missing output fd
01-13 09:00:04.152 633 633 I tombstoned: registered intercept for pid 672 and type kDebuggerdNativeBacktrace
01-13 09:00:04.153 672 672 I libc : Requested dump for tid 672 (Binder:672_4)
01-13 09:00:04.178 7433 7433 I crash_dump64: obtaining output fd from tombstoned, type: kDebuggerdNativeBacktrace
01-13 09:00:04.179 633 633 I tombstoned: received crash request for pid 672
01-13 09:00:04.179 633 633 I tombstoned: found intercept fd 512 for pid 672 and type kDebuggerdNativeBacktrace
01-13 09:00:04.179 7433 7433 I crash_dump64: performing dump of process 672 (target tid = 672)
01-13 09:00:04.219 7374 7422 I dumpstate: libdebuggerd_client: done dumping process 672
01-13 09:00:04.219 633 633 W tombstoned: missing output fd
01-13 09:00:04.221 7374 7422 I dumpstate: libdebuggerd_client: started dumping process 819
01-13 09:00:04.221 633 633 I tombstoned: registered intercept for pid 819 and type kDebuggerdNativeBacktrace
01-13 09:00:04.221 819 819 I libc : Requested dump for tid 819 (audio.service)
01-13 09:00:04.274 7443 7443 D ProcessState: Binder ioctl to enable oneway spam detection failed: Invalid argument
01-13 09:00:04.275 7443 7443 I ServiceManager: Waiting for service 'lpdump_service' on '/dev/binder'...
01-01 08:10:53.285 0 0 I binder : 7443:7443 ioctl 40046210 7ff4f60064 returned -22
01-13 09:00:04.281 7444 7444 I crash_dump32: obtaining output fd from tombstoned, type: kDebuggerdNativeBacktrace
01-13 09:00:04.281 633 633 I tombstoned: received crash request for pid 819
01-13 09:00:04.281 633 633 I tombstoned: found intercept fd 512 for pid 819 and type kDebuggerdNativeBacktrace
01-13 09:00:04.282 7444 7444 I crash_dump32: performing dump of process 819 (target tid = 819)
01-13 09:00:04.296 7045 7045 E Diag_Lib: diag: Diag_LSM_DeInit: Timeout while waiting for read thread exit
01-13 09:00:04.296 7045 7045 E Diag_Lib: diag: Diag_LSM_DeInit: Joining the read thread, deinit_rcvd: 0, sig_rcvd: 0
01-13 09:00:04.296 7045 7045 E Diag_Lib: diag: Diag_LSM_DeInit: done for pid: 7045
01-13 09:00:04.297 7045 7045 E Diag_Lib: diag: PID file is not present
01-13 09:00:04.297 7045 7045 E Diag_Lib: diag: Exiting program
01-01 08:10:53.333 0 0 E [soft_i][0x2ebae768c][09:00:04.321547] wlan: [0:E:DP] dp_tx_comp_process_tx_status: 3431: peer is null or deletion in progress
01-13 09:00:04.327 7446 7446 D ProcessState: Binder ioctl to enable oneway spam detection failed: Invalid argument
01-01 08:10:53.338 0 0 I binder : 7446:7446 ioctl 40046210 7fe129a814 returned -22
01-13 09:00:04.330 7374 7422 I dumpstate: libdebuggerd_client: done dumping process 819
01-13 09:00:04.330 633 633 W tombstoned: missing output fd
01-13 09:00:04.332 7374 7422 I dumpstate: libdebuggerd_client: started dumping process 822
01-13 09:00:04.332 633 633 I tombstoned: registered intercept for pid 822 and type kDebuggerdNativeBacktrace
01-13 09:00:04.334 822 822 I libc : Requested dump for tid 822 (bluetooth@1.0-s)
01-13 09:00:04.361 7451 7451 I crash_dump64: obtaining output fd from tombstoned, type: kDebuggerdNativeBacktrace
01-13 09:00:04.362 633 633 I tombstoned: received crash request for pid 822
01-13 09:00:04.362 633 633 I tombstoned: found intercept fd 512 for pid 822 and type kDebuggerdNativeBacktrace
01-13 09:00:04.362 7451 7451 I crash_dump64: performing dump of process 822 (target tid = 822)
01-13 09:00:04.387 7374 7422 I dumpstate: libdebuggerd_client: done dumping process 822
01-13 09:00:04.387 633 633 W tombstoned: missing output fd
01-13 09:00:04.387 7374 7422 I dumpstate: libdebuggerd_client: started dumping process 824
01-13 09:00:04.388 633 633 I tombstoned: registered intercept for pid 824 and type kDebuggerdNativeBacktrace
01-13 09:00:04.389 824 824 I libc : Requested dump for tid 824 (drm@1.3-service)
01-13 09:00:04.408 7457 7457 I crash_dump64: obtaining output fd from tombstoned, type: kDebuggerdNativeBacktrace
01-13 09:00:04.409 633 633 I tombstoned: received crash request for pid 824
01-13 09:00:04.409 633 633 I tombstoned: found intercept fd 512 for pid 824 and type kDebuggerdNativeBacktrace
01-13 09:00:04.409 7457 7457 I crash_dump64: performing dump of process 824 (target tid = 824)
01-13 09:00:04.421 7374 7422 I dumpstate: libdebuggerd_client: done dumping process 824
01-13 09:00:04.422 7374 7422 I dumpstate: libdebuggerd_client: started dumping process 826
01-13 09:00:04.423 826 826 I libc : Requested dump for tid 826 (health@2.1-serv)
01-13 09:00:04.423 633 633 I tombstoned: registered intercept for pid 826 and type kDebuggerdNativeBacktrace
01-13 09:00:04.423 633 633 W tombstoned: missing output fd
01-13 09:00:04.442 7462 7462 I crash_dump64: obtaining output fd from tombstoned, type: kDebuggerdNativeBacktrace
01-13 09:00:04.442 633 633 I tombstoned: received crash request for pid 826
01-13 09:00:04.442 633 633 I tombstoned: found intercept fd 512 for pid 826 and type kDebuggerdNativeBacktrace
01-13 09:00:04.443 7462 7462 I crash_dump64: performing dump of process 826 (target tid = 826)
01-13 09:00:04.448 7374 7422 I dumpstate: libdebuggerd_client: done dumping process 826
01-13 09:00:04.449 7374 7422 I dumpstate: libdebuggerd_client: started dumping process 829
01-13 09:00:04.450 633 633 W tombstoned: missing output fd
01-13 09:00:04.450 633 633 I tombstoned: registered intercept for pid 829 and type kDebuggerdNativeBacktrace
01-13 09:00:04.451 829 829 I libc : Requested dump for tid 829 (neuralnetworks@)
01-13 09:00:04.475 7468 7468 I crash_dump64: obtaining output fd from tombstoned, type: kDebuggerdNativeBacktrace
01-13 09:00:04.476 633 633 I tombstoned: received crash request for pid 829
01-13 09:00:04.476 633 633 I tombstoned: found intercept fd 512 for pid 829 and type kDebuggerdNativeBacktrace
01-13 09:00:04.476 7468 7468 I crash_dump64: performing dump of process 829 (target tid = 829)
01-13 09:00:04.504 7374 7422 I dumpstate: libdebuggerd_client: done dumping process 829
01-13 09:00:04.505 7374 7422 I dumpstate: libdebuggerd_client: started dumping process 832
01-13 09:00:04.506 832 832 I libc : Requested dump for tid 832 (thermal@2.0-ser)
01-13 09:00:04.507 633 633 I tombstoned: registered intercept for pid 832 and type kDebuggerdNativeBacktrace
01-13 09:00:04.507 633 633 W tombstoned: missing output fd
01-13 09:00:04.525 7473 7473 I crash_dump64: obtaining output fd from tombstoned, type: kDebuggerdNativeBacktrace
01-13 09:00:04.526 633 633 I tombstoned: received crash request for pid 832
01-13 09:00:04.526 633 633 I tombstoned: found intercept fd 512 for pid 832 and type kDebuggerdNativeBacktrace
01-13 09:00:04.526 7473 7473 I crash_dump64: performing dump of process 832 (target tid = 832)
01-13 09:00:04.537 7374 7422 I dumpstate: libdebuggerd_client: done dumping process 832
01-13 09:00:04.537 633 633 W tombstoned: missing output fd
01-13 09:00:04.544 7374 7422 I dumpstate: libdebuggerd_client: started dumping process 841
01-13 09:00:04.545 633 633 I tombstoned: registered intercept for pid 841 and type kDebuggerdNativeBacktrace
01-13 09:00:04.546 841 841 I libc : Requested dump for tid 841 (composer-servic)
01-13 09:00:04.582 7478 7478 I crash_dump64: obtaining output fd from tombstoned, type: kDebuggerdNativeBacktrace
01-13 09:00:04.582 633 633 I tombstoned: received crash request for pid 841
01-13 09:00:04.582 633 633 I tombstoned: found intercept fd 512 for pid 841 and type kDebuggerdNativeBacktrace
01-13 09:00:04.583 7478 7478 I crash_dump64: performing dump of process 841 (target tid = 841)
01-13 09:00:04.625 7374 7422 I dumpstate: libdebuggerd_client: done dumping process 841
01-13 09:00:04.627 7374 7422 I dumpstate: libdebuggerd_client: started dumping process 876
01-13 09:00:04.628 633 633 I tombstoned: registered intercept for pid 876 and type kDebuggerdNativeBacktrace
01-13 09:00:04.629 633 633 W tombstoned: missing output fd
01-13 09:00:04.634 633 633 I tombstoned: received crash request for pid 876
01-13 09:00:04.634 633 633 I tombstoned: found intercept fd 512 for pid 876 and type kDebuggerdNativeBacktrace
01-13 09:00:04.886 7374 7422 I dumpstate: libdebuggerd_client: done dumping process 876
01-13 09:00:04.886 633 633 W tombstoned: missing output fd
01-13 09:00:04.889 7374 7422 I dumpstate: libdebuggerd_client: started dumping process 902
01-13 09:00:04.889 633 633 I tombstoned: registered intercept for pid 902 and type kDebuggerdNativeBacktrace
01-13 09:00:04.889 902 902 I libc : Requested dump for tid 902 (audioserver)
01-13 09:00:04.935 7484 7484 I crash_dump64: obtaining output fd from tombstoned, type: kDebuggerdNativeBacktrace
01-13 09:00:04.936 633 633 I tombstoned: received crash request for pid 902
01-13 09:00:04.936 633 633 I tombstoned: found intercept fd 512 for pid 902 and type kDebuggerdNativeBacktrace
01-13 09:00:04.936 7484 7484 I crash_dump64: performing dump of process 902 (target tid = 902)
01-13 09:00:04.977 7374 7422 I dumpstate: libdebuggerd_client: done dumping process 902
01-13 09:00:04.980 633 633 W tombstoned: missing output fd
01-13 09:00:04.980 7374 7422 I dumpstate: libdebuggerd_client: started dumping process 965
01-13 09:00:04.981 633 633 I tombstoned: registered intercept for pid 965 and type kDebuggerdNativeBacktrace
01-13 09:00:04.981 965 965 I libc : Requested dump for tid 965 (surfaceflinger)
01-13 09:00:05.024 7489 7489 I crash_dump64: obtaining output fd from tombstoned, type: kDebuggerdNativeBacktrace
01-13 09:00:05.025 633 633 I tombstoned: received crash request for pid 965
01-13 09:00:05.025 633 633 I tombstoned: found intercept fd 512 for pid 965 and type kDebuggerdNativeBacktrace
01-13 09:00:05.025 7489 7489 I crash_dump64: performing dump of process 965 (target tid = 965)
01-13 09:00:05.058 633 633 W tombstoned: missing output fd
01-13 09:00:05.060 7374 7422 I dumpstate: libdebuggerd_client: done dumping process 965
01-13 09:00:05.061 7374 7422 I dumpstate: libdebuggerd_client: started dumping process 1176
01-13 09:00:05.061 633 633 I tombstoned: registered intercept for pid 1176 and type kDebuggerdNativeBacktrace
01-13 09:00:05.063 1176 1176 I libc : Requested dump for tid 1176 (drmserver)
01-13 09:00:05.083 7494 7494 I crash_dump32: obtaining output fd from tombstoned, type: kDebuggerdNativeBacktrace
01-13 09:00:05.084 633 633 I tombstoned: received crash request for pid 1176
01-13 09:00:05.084 633 633 I tombstoned: found intercept fd 512 for pid 1176 and type kDebuggerdNativeBacktrace
01-13 09:00:05.084 7494 7494 I crash_dump32: performing dump of process 1176 (target tid = 1176)
01-13 09:00:05.110 7374 7422 I dumpstate: libdebuggerd_client: done dumping process 1176
01-13 09:00:05.110 633 633 W tombstoned: missing output fd
01-13 09:00:05.112 7374 7422 I dumpstate: libdebuggerd_client: started dumping process 1197
01-13 09:00:05.112 633 633 I tombstoned: registered intercept for pid 1197 and type kDebuggerdNativeBacktrace
01-13 09:00:05.114 1197 1197 I libc : Requested dump for tid 1197 (cameraserver)
01-13 09:00:05.140 652 667 I mpu_uart: [MSG-P:RECV]:No message received in 1000 ms
01-13 09:00:05.147 7500 7500 I crash_dump64: obtaining output fd from tombstoned, type: kDebuggerdNativeBacktrace
01-13 09:00:05.147 633 633 I tombstoned: received crash request for pid 1197
