01-13 08:49:24.372 1477 1477 D ConditionProviders.SCP: evaluateSubscriptionLocked cal=ScheduleCalendar[mDays={1, 2, 3, 4, 5, 6, 7}, mSchedule=ScheduleInfo{days=[1, 2, 3, 4, 5, 6, 7], startHour=22, startMinute=0, endHour=7, endMinute=0, exitAtAlarm=true, nextAlarm=Thu Jan 01 08:00:00 GMT+08:00 1970 (0)}], now=Fri Jan 13 08:49:24 GMT+08:00 2023 (1673570964370), nextUserAlarmTime=Thu Jan 01 08:00:00 GMT+08:00 1970 (0)
01-13 08:49:24.372 1477 1477 D ConditionProviders.SCP: notifyCondition condition://android/schedule?days=1.2.3.4.5.6.7&start=22.0&end=7.0&exitAtAlarm=true STATE_FALSE reason=!meetsSchedule
01-13 08:49:24.373 1477 1477 D ConditionProviders.SCP: Scheduling evaluate for Fri Jan 13 22:00:00 GMT+08:00 2023 (1673618400000), in +13h10m35s630ms, now=Fri Jan 13 08:49:24 GMT+08:00 2023 (1673570964370)
01-13 08:49:24.374 1477 1477 D CompatibilityChangeReporter: Compat change id reported: 171306433; UID 1000; state: ENABLED
01-13 08:49:24.374 1477 1931 W ActivityThread: Failed to find provider info for com.android.calendar (user not unlocked)
01-13 08:49:24.375 1477 1931 W ActivityThread: Failed to find provider info for com.android.calendar (user not unlocked)
01-13 08:49:24.379 1477 2170 D CompatibilityChangeReporter: Compat change id reported: 135634846; UID 10064; state: DISABLED
01-13 08:49:24.379 1477 2170 D CompatibilityChangeReporter: Compat change id reported: 177438394; UID 10064; state: DISABLED
01-13 08:49:24.379 1477 2170 D CompatibilityChangeReporter: Compat change id reported: 135772972; UID 10064; state: DISABLED
01-13 08:49:24.379 1477 2170 D CompatibilityChangeReporter: Compat change id reported: 135754954; UID 10064; state: ENABLED
01-13 08:49:24.380 1477 1576 D CompatibilityChangeReporter: Compat change id reported: 143937733; UID 10064; state: ENABLED
01-13 08:49:24.386 1477 1477 W BluetoothManagerService: bindBluetoothProfileService:Trying to bind to profile: 1, while Bluetooth is disabled
01-13 08:49:24.389 1477 1477 I Telecom : SystemStateHelper: Registering broadcast receiver: android.content.IntentFilter@f5a199e: TS.init@AAA
01-13 08:49:24.389 1477 1477 I Telecom : SystemStateHelper: Registering broadcast receiver: android.content.IntentFilter@b5f3c7f: TS.init@AAA
01-13 08:49:24.392 1477 2545 I Telecom : BluetoothRouteManager: getBluetoothAudioConnectedDevice: no service available.
01-13 08:49:24.394 1477 2546 I Telecom : Logging.Events: Non-call EVENT: AUDIO_ROUTE, Entering state QuiescentEarpieceRoute
01-13 08:49:24.394 1477 2546 I Telecom : BluetoothRouteManager: getBluetoothAudioConnectedDevice: no service available.
01-13 08:49:24.397 1477 1576 I ActivityManager: Start proc 2548:com.thundercomm.gamemode.provider/u0a64 for content provider {com.thundercomm.gamemode.provider/com.thundercomm.gamemode.provider.SettingsProvider}
01-13 08:49:24.401 1477 2549 I Telecom : CallAudioModeStateMachine: Message received: null.: TS.init->CAMSM.pM_1@AAA
01-13 08:49:24.404 1477 1477 I Telecom : MissedCallNotifierImpl: reloadFromDatabase: Boot not yet complete -- call log db may not be available. Deferring loading until boot complete for user 0: TS.init@AAA
01-13 08:49:24.406 1477 1477 I Telecom : MissedCallNotifierImpl: reloadFromDatabase: Boot not yet complete -- call log db may not be available. Deferring loading until boot complete for user 0: TS.init@AAA
01-13 08:49:24.407 1477 1477 I Telecom : Class: TelecomSystem.INSTANCE being set
01-01 08:00:13.420 0 0 I binder : 2395:2531 ioctl 40046210 75873e31f4 returned -22
01-13 08:49:24.410 1477 1477 I AutofillManagerService: Updating for user 0: disabled=false
01-13 08:49:24.410 1477 2170 D CompatibilityChangeReporter: Compat change id reported: 135634846; UID 10081; state: DISABLED
01-13 08:49:24.410 1477 2170 D CompatibilityChangeReporter: Compat change id reported: 177438394; UID 10081; state: DISABLED
01-13 08:49:24.410 1477 2170 D CompatibilityChangeReporter: Compat change id reported: 135772972; UID 10081; state: DISABLED
01-13 08:49:24.410 1477 2170 D CompatibilityChangeReporter: Compat change id reported: 135754954; UID 10081; state: ENABLED
01-13 08:49:24.410 1477 1576 D CompatibilityChangeReporter: Compat change id reported: 143937733; UID 10081; state: ENABLED
01-13 08:49:24.411 1477 1477 D CompanionDeviceManagerService: Received BT state transition broadcast: OFF -> BLE_TURNING_ON
01-13 08:49:24.412 1477 2502 D CompatibilityChangeReporter: Compat change id reported: 135634846; UID 10086; state: DISABLED
01-13 08:49:24.412 1477 1477 I ConnectivityModuleConnector: Networking module service connected
01-13 08:49:24.412 1477 2502 D CompatibilityChangeReporter: Compat change id reported: 177438394; UID 10086; state: DISABLED
01-13 08:49:24.412 1477 2502 D CompatibilityChangeReporter: Compat change id reported: 135772972; UID 10086; state: DISABLED
01-13 08:49:24.412 1477 2502 D CompatibilityChangeReporter: Compat change id reported: 135754954; UID 10086; state: ENABLED
01-13 08:49:24.414 1477 1477 I ConnectivityModuleConnector: Networking module service connected
01-13 08:49:24.417 1477 1477 I ExplicitHealthCheckController: Explicit health check service is connected ComponentInfo{android.ext.services/android.ext.services.watchdog.ExplicitHealthCheckServiceImpl}
01-13 08:49:24.417 1477 1477 I ExplicitHealthCheckController: Service initialized, syncing requests
01-13 08:49:24.417 1477 1477 V NotificationAssistants: 0 notification assistant service connected: ComponentInfo{android.ext.services/android.ext.services.notification.Assistant}
01-13 08:49:24.420 1477 1576 I ActivityManager: Start proc 2562:com.android.launcher3/u0a81 for service {com.android.launcher3/com.android.quickstep.TouchInteractionService}
01-13 08:49:24.421 1477 1576 D CompatibilityChangeReporter: Compat change id reported: 143937733; UID 10086; state: ENABLED
01-13 08:49:24.421 1477 1477 I Telecom : WiredHeadsetManager: ACTION_HEADSET_PLUG event, plugged in: false, : WHC.oADA@AAI
01-13 08:49:24.426 1477 1477 I PackageWatchdog: Syncing health check requests for packages: {}
01-13 08:49:24.426 1477 1560 I ActivityManagerTiming: FinishBooting
01-13 08:49:24.426 1477 1477 D ExplicitHealthCheckController: Getting health check supported packages
01-13 08:49:24.426 1477 1477 W Looper : Drained
01-13 08:49:24.428 1477 2502 I ExplicitHealthCheckController: Explicit health check supported packages [PackageConfig{com.android.networkstack, 86400000}]
01-13 08:49:24.428 1477 2502 D PackageWatchdog: Received supported packages [PackageConfig{com.android.networkstack, 86400000}]
01-13 08:49:24.428 1477 2502 D ExplicitHealthCheckController: Getting health check requested packages
01-13 08:49:24.429 1477 2502 I ExplicitHealthCheckController: Explicit health check requested packages []
01-01 08:00:13.441 0 0 I binder : 2015:2561 ioctl 40046210 757b675124 returned -22
01-13 08:49:24.432 1477 1560 W KeyguardServiceDelegate: onScreenTurningOn(): no keyguard service!
01-13 08:49:24.433 1477 2502 I ExplicitHealthCheckController: No more health check requests, unbinding...
01-13 08:49:24.436 1477 2502 I ExplicitHealthCheckController: Explicit health check service is unbound
01-13 08:49:24.437 1477 1576 I ActivityManager: Start proc 2564:com.qualcomm.qti.qccauthmgr/u0a86 for content provider {com.qualcomm.qti.qccauthmgr/com.qualcomm.qti.qccauthmgr.providers.SMQContentProvider}
01-01 08:00:13.450 0 0 I binder : 2548:2548 ioctl 40046210 7fffcc9b84 returned -22
01-13 08:49:24.442 1477 2568 D CompatibilityChangeReporter: Compat change id reported: 168419799; UID 10064; state: DISABLED
01-01 08:00:13.470 0 0 I binder : 2564:2564 ioctl 40046210 7fffcc9b84 returned -22
01-01 08:00:13.477 0 0 I binder : 2562:2562 ioctl 40046210 7fffcc9b84 returned -22
01-13 08:49:24.469 1477 2376 D CompatibilityChangeReporter: Compat change id reported: 168419799; UID 10081; state: DISABLED
01-13 08:49:24.475 1477 2568 D CompatibilityChangeReporter: Compat change id reported: 168419799; UID 10086; state: DISABLED
01-13 08:49:24.528 1477 2101 I StatusBarManagerService: registerStatusBar bar=com.android.internal.statusbar.IStatusBar$Stub$Proxy@41de7ba
01-01 08:00:13.604 0 0 D cnss : Received QMI WLFW pin connect result indication
01-01 08:00:13.604 0 0 D cnss : Pin connect Result: pwr_pin: 0x0 phy_io_pin: 0x0 rf_io_pin: 0x2b
01-01 08:00:13.604 0 0 D cnss : Received QMI WLFW calibration done indication
01-01 08:00:13.604 0 0 D cnss : Posting event: COLD_BOOT_CAL_DONE(6), state: 0xf flags: 0x0
01-01 08:00:13.604 0 0 D cnss : PM stay awake, state: 0xf, count: 1
01-01 08:00:13.604 0 0 D cnss : PM relax, state: 0xf, count: 0
01-01 08:00:13.604 0 0 D cnss : PM stay awake, state: 0xf, count: 1
01-01 08:00:13.604 0 0 D cnss : Processing driver event: COLD_BOOT_CAL_DONE(6), state: 0xf
01-01 08:00:13.604 0 0 D cnss : Calibration completed successfully
01-01 08:00:13.604 0 0 D cnss : Sending mode message, mode: OFF(4), state: 0xf
01-01 08:00:13.605 0 0 D cnss : Received QMI WLFW FW ready indication
01-01 08:00:13.605 0 0 D cnss : Posting event: COLD_BOOT_CAL_DONE(6), state: 0xf flags: 0x0
01-01 08:00:13.608 0 0 D cnss : Skip driver remove
01-01 08:00:13.608 0 0 D cnss : Read register offset 0x1f8031c, val = 0x2
01-01 08:00:13.608 0 0 D cnss : Write val 0x3 to register offset 0x1f8031c
01-01 08:00:13.608 0 0 D cnss : WLFW server exiting
01-01 08:00:13.608 0 0 D cnss : Posting event: SERVER_EXIT(1), state: 0x2000f flags: 0x0
01-01 08:00:13.610 0 0 D cnss : Setting MHI state: POWER_OFF(4)
01-01 08:00:13.627 0 0 D cnss : Suspending PCI link
01-13 08:49:24.619 1477 1477 I GameModeConfig: isGameModeOn = false
01-13 08:49:24.620 1477 1477 W NotificationHistory: Attempted to add notif for locked/gone/disabled user 0
01-01 08:00:13.636 0 0 I msm_pcie_disable: PCIe: Assert the reset of endpoint of RC0.
01-01 08:00:13.636 0 0 D cnss : Setting MHI state: DEINIT(1)
01-01 08:00:13.636 0 0 D cnss : De-assert WLAN_EN GPIO successfully
01-01 08:00:13.636 0 0 D cnss : Regulator vdd-wlan-rfa2 is being disabled
01-01 08:00:13.636 0 0 D cnss : Regulator vdd-wlan-rfa1 is being disabled
01-01 08:00:13.636 0 0 D cnss : Regulator vdd-wlan-dig is being disabled
01-01 08:00:13.636 0 0 D cnss : Regulator vdd-wlan-aon is being disabled
01-01 08:00:13.636 0 0 D cnss : Regulator wlan-ant-switch is being disabled
01-01 08:00:13.636 0 0 D cnss : Regulator vdd-wlan-io is being disabled
01-13 08:49:24.640 1477 2101 D CompatibilityChangeReporter: Compat change id reported: 168419799; UID 10082; state: DISABLED
01-13 08:49:24.665 2015 2527 W ActivityThread: Failed to find provider info for com.android.contacts (user not unlocked)
01-01 08:00:13.691 0 0 D cnss : Processing driver event: COLD_BOOT_CAL_DONE(6), state: 0x20001
01-01 08:00:13.691 0 0 D cnss : Processing driver event: SERVER_EXIT(1), state: 0x20001
01-01 08:00:13.691 0 0 I cnss : QMI WLFW service disconnected, state: 0x20000
01-01 08:00:13.691 0 0 D cnss : Posting event: REGISTER_DRIVER(7)-sync, state: 0x0 flags: 0x5
01-01 08:00:13.691 0 0 D cnss : Processing driver event: REGISTER_DRIVER-sync(7), state: 0x0
01-01 08:00:13.691 0 0 D cnss : Regulator vdd-wlan-io is being enabled
01-01 08:00:13.691 0 0 D cnss : Regulator wlan-ant-switch is being enabled
01-01 08:00:13.691 0 0 D cnss : Regulator vdd-wlan-aon is being enabled
01-01 08:00:13.691 0 0 D cnss : Regulator vdd-wlan-dig is being enabled
01-01 08:00:13.691 0 0 D cnss : Regulator vdd-wlan-rfa1 is being enabled
01-01 08:00:13.691 0 0 D cnss : Regulator vdd-wlan-rfa2 is being enabled
01-01 08:00:13.691 0 0 D cnss : BT_EN_GPIO State: On
01-01 08:00:13.692 0 0 D cnss : Assert WLAN_EN GPIO successfully
01-01 08:00:13.692 0 0 D cnss : Resuming PCI link
01-01 08:00:13.692 0 0 I msm_pcie_enable: PCIe: Assert the reset of endpoint of RC0.
01-01 08:00:13.695 0 0 I msm_pcie_enable: PCIe: RC0: PCIE20_PARF_INT_ALL_MASK: 0x7f80d202
01-01 08:00:13.697 0 0 I pcie_phy_init: PCIe RC0 PHY is ready!
01-01 08:00:13.708 0 0 I msm_pcie_enable: PCIe: Release the reset of endpoint of RC0.
01-01 08:00:13.724 0 0 I msm_pcie_link_train: PCIe RC0 link initialized
01-01 08:00:13.739 0 0 I cnss_pci 0000: 01:00.0: enabling device (0000 -> 0002)
01-01 08:00:13.739 0 0 D cnss : Config PCIe remap window register to 0x4000003f
01-01 08:00:13.739 0 0 D cnss : Read register offset 0x1f8031c, val = 0x6
01-01 08:00:13.739 0 0 D cnss : Write val 0x2 to register offset 0x1f8031c
01-01 08:00:13.739 0 0 D cnss : Setting MHI state: INIT(0)
01-01 08:00:13.739 0 0 D cnss : Setting MHI state: POWER_ON(2)
01-01 08:00:13.739 0 0 W cnss_pci 0000: 01:00.0: Falling back to syfs fallback for: qca6390/amss20.bin
01-01 08:00:13.741 0 0 I ueventd : firmware: loading 'qca6390/amss20.bin' for '/devices/platform/soc/1c00000.qcom,pcie/pci0000:00/0000:00:00.0/0000:01:00.0/firmware/qca6390!amss20.bin'
01-01 08:00:13.743 0 0 I ueventd : loading /devices/platform/soc/1c00000.qcom,pcie/pci0000:00/0000:00:00.0/0000:01:00.0/firmware/qca6390!amss20.bin took 2ms
01-13 08:49:24.733 2015 2552 W ActivityThread: Failed to find provider info for com.android.contacts (user not unlocked)
01-13 08:49:24.745 2015 2552 W ActivityThread: Failed to find provider info for com.android.contacts (user not unlocked)
01-13 08:49:24.750 2015 2552 W ActivityThread: Failed to find provider info for com.android.contacts (user not unlocked)
01-13 08:49:24.912 1178 1178 I iorapd : iorapd (the prefetchening) readied up
01-13 08:49:24.913 1477 1560 I ActivityManagerTiming: FinishBooting
01-13 08:49:24.914 1477 1560 I ActivityManager: About to commit checkpoint
01-13 08:49:24.914 1477 1560 W ActivityManager: FinishBooting sync begin
01-13 08:49:24.915 1477 1560 W ActivityManager: FinishBooting sync end
01-13 08:49:24.915 1477 1560 I SystemServiceManager: Starting phase 1000
01-13 08:49:24.915 1477 1560 I ActivityManagerTiming: OnBootPhase_1000
01-13 08:49:24.915 1477 1560 I ActivityManagerTiming: OnBootPhase_1000_com.android.server.security.FileIntegrityService
01-13 08:49:24.915 1477 1560 I ActivityManagerTiming: OnBootPhase_1000_com.android.server.pm.Installer
01-13 08:49:24.915 1477 1560 I ActivityManagerTiming: OnBootPhase_1000_com.android.server.os.DeviceIdentifiersPolicyService
01-13 08:49:24.915 1477 1560 I ActivityManagerTiming: OnBootPhase_1000_com.android.server.uri.UriGrantsManagerService$Lifecycle
01-13 08:49:24.915 1477 1560 I ActivityManagerTiming: OnBootPhase_1000_com.android.server.powerstats.PowerStatsService
01-13 08:49:24.916 1477 1560 E PowerStatsService: Failed to start PowerStatsService loggers
01-13 08:49:24.916 1477 1560 I ActivityManagerTiming: OnBootPhase_1000_com.android.server.wm.ActivityTaskManagerService$Lifecycle
01-13 08:49:24.916 1477 1560 I ActivityManagerTiming: OnBootPhase_1000_com.android.server.am.ActivityManagerService$Lifecycle
01-13 08:49:24.916 1477 1560 I ActivityManagerTiming: OnBootPhase_1000_com.android.server.pm.DataLoaderManagerService
01-13 08:49:24.916 1477 1560 I ActivityManagerTiming: OnBootPhase_1000_com.android.server.power.PowerManagerService
01-13 08:49:24.918 1477 1630 V DisplayPowerController[0]: Brightness [1.0] reason changing to: 'manual', previous reason: 'override'.
01-13 08:49:24.918 1477 1560 I ActivityManagerTiming: OnBootPhase_1000_com.android.server.power.ThermalManagerService
01-13 08:49:24.918 1477 1560 I ActivityManagerTiming: OnBootPhase_1000_com.android.server.power.hint.HintManagerService
01-13 08:49:24.918 1477 1560 I ActivityManagerTiming: OnBootPhase_1000_com.android.server.recoverysystem.RecoverySystemService$Lifecycle
01-13 08:49:24.918 1477 1560 I ActivityManagerTiming: OnBootPhase_1000_com.android.server.lights.LightsService
01-13 08:49:24.918 1477 1560 I ActivityManagerTiming: OnBootPhase_1000_com.android.server.display.DisplayManagerService
01-13 08:49:24.918 1477 1560 I ActivityManagerTiming: OnBootPhase_1000_com.android.server.pm.verify.domain.DomainVerificationService
01-13 08:49:24.918 1477 1560 I ActivityManagerTiming: OnBootPhase_1000_com.android.server.pm.PackageInstallerService$Lifecycle
01-13 08:49:24.918 1477 1560 I ActivityManagerTiming: OnBootPhase_1000_com.android.server.pm.UserManagerService$LifeCycle
01-13 08:49:24.918 1477 1560 I ActivityManagerTiming: OnBootPhase_1000_com.android.server.om.OverlayManagerService
01-13 08:49:24.918 1477 1560 I ActivityManagerTiming: OnBootPhase_1000_com.android.server.SensorPrivacyService
01-13 08:49:24.918 1477 1560 I ActivityManagerTiming: OnBootPhase_1000_com.android.server.thunderperf.ThunderBoostPerfService
01-13 08:49:24.918 1477 1560 I ActivityManagerTiming: OnBootPhase_1000_com.android.server.sensors.SensorService
01-13 08:49:24.918 1477 1560 I ActivityManagerTiming: OnBootPhase_1000_com.android.server.SystemConfigService
01-13 08:49:24.918 1477 1560 I ActivityManagerTiming: OnBootPhase_1000_com.android.server.BatteryService
01-13 08:49:24.918 1477 1560 I ActivityManagerTiming: OnBootPhase_1000_com.android.server.usage.UsageStatsService
01-13 08:49:24.919 1477 1560 I ActivityManagerTiming: OnBootPhase_1000_com.android.server.webkit.WebViewUpdateService
01-13 08:49:24.919 1477 1560 I ActivityManagerTiming: OnBootPhase_1000_com.android.server.CachedDeviceStateService
01-13 08:49:24.919 1477 1560 I ActivityManagerTiming: OnBootPhase_1000_com.android.server.BinderCallsStatsService$LifeCycle
01-13 08:49:24.919 1477 1560 I ActivityManagerTiming: OnBootPhase_1000_com.android.server.LooperStatsService$Lifecycle
01-13 08:49:24.919 1477 1560 I ActivityManagerTiming: OnBootPhase_1000_com.android.server.rollback.RollbackManagerService
01-13 08:49:24.919 1477 1560 I ActivityManagerTiming: OnBootPhase_1000_com.android.server.os.NativeTombstoneManagerService
01-13 08:49:24.919 1477 1560 I ActivityManagerTiming: OnBootPhase_1000_com.android.server.os.BugreportManagerService
01-13 08:49:24.919 1477 1560 I ActivityManagerTiming: OnBootPhase_1000_com.android.server.gpu.GpuService
01-13 08:49:24.919 1477 1713 D RollbackManager: mRollbackLifetimeDurationInMillis=1209600000
01-13 08:49:24.919 1477 1710 D AppStandbyController: Loading headless system app cache. appIdleEnabled=false
01-13 08:49:24.921 1477 1560 I ActivityManagerTiming: OnBootPhase_1000_com.android.server.security.KeyChainSystemService
01-13 08:49:24.921 1477 1560 I ActivityManagerTiming: OnBootPhase_1000_com.android.server.telecom.TelecomLoaderService
01-13 08:49:24.921 1477 1560 I ActivityManagerTiming: OnBootPhase_1000_com.android.server.accounts.AccountManagerService$Lifecycle
01-13 08:49:24.921 1477 1560 I ActivityManagerTiming: OnBootPhase_1000_com.android.server.content.ContentService$Lifecycle
01-13 08:49:24.921 1477 1560 I ActivityManagerTiming: OnBootPhase_1000_com.android.server.DropBoxManagerService
01-13 08:49:24.921 1477 1560 I ActivityManagerTiming: OnBootPhase_1000_com.android.role.RoleService
01-13 08:49:24.921 1477 1560 I ActivityManagerTiming: OnBootPhase_1000_com.android.server.vibrator.VibratorManagerService$Lifecycle
01-13 08:49:24.921 1477 1560 I ActivityManagerTiming: OnBootPhase_1000_com.android.server.alarm.AlarmManagerService
01-13 08:49:24.921 1477 1560 I ActivityManagerTiming: OnBootPhase_1000_com.android.server.devicestate.DeviceStateManagerService
01-13 08:49:24.921 1477 1560 I ActivityManagerTiming: OnBootPhase_1000_com.android.server.camera.CameraServiceProxy
01-13 08:49:24.921 1477 1560 I ActivityManagerTiming: OnBootPhase_1000_com.android.server.BluetoothService
01-13 08:49:24.921 1477 1560 I ActivityManagerTiming: OnBootPhase_1000_com.android.server.connectivity.IpConnectivityMetrics
01-13 08:49:24.921 1477 1560 I ActivityManagerTiming: OnBootPhase_1000_com.android.server.net.watchlist.NetworkWatchlistService$Lifecycle
01-13 08:49:24.921 1477 1560 I ActivityManagerTiming: OnBootPhase_1000_com.android.server.PinnerService
01-13 08:49:24.921 1477 1560 I ActivityManagerTiming: OnBootPhase_1000_com.google.android.startop.iorap.IorapForwardingService
01-13 08:49:24.921 1477 1560 I ActivityManagerTiming: OnBootPhase_1000_com.android.server.ActivityTriggerService
01-13 08:49:24.921 1477 1560 I ActivityManagerTiming: OnBootPhase_1000_com.android.server.integrity.AppIntegrityManagerService
01-13 08:49:24.921 1477 1560 I ActivityManagerTiming: OnBootPhase_1000_com.android.server.inputmethod.InputMethodManagerService$Lifecycle
01-13 08:49:24.922 1477 1560 I ActivityManagerTiming: OnBootPhase_1000_com.android.server.accessibility.AccessibilityManagerService$Lifecycle
01-13 08:49:24.922 1477 1560 I ActivityManagerTiming: OnBootPhase_1000_com.android.server.StorageManagerService$Lifecycle
01-13 08:49:24.922 1477 1560 I ActivityManagerTiming: OnBootPhase_1000_com.android.server.usage.StorageStatsService$Lifecycle
01-13 08:49:24.922 1477 1560 I ActivityManagerTiming: OnBootPhase_1000_com.android.server.UiModeManagerService
01-13 08:49:24.922 1477 1560 I ActivityManagerTiming: OnBootPhase_1000_com.android.server.locksettings.LockSettingsService$Lifecycle
01-13 08:49:24.922 1477 1560 I ActivityManagerTiming: OnBootPhase_1000_com.android.server.PersistentDataBlockService
01-13 08:49:24.922 1477 1840 D StorageManagerService: Thinking about init, mBootCompleted=true, mDaemonConnected=true
01-13 08:49:24.922 1477 1560 I ActivityManagerTiming: OnBootPhase_1000_com.android.server.testharness.TestHarnessModeService
01-13 08:49:24.922 1477 1840 D StorageManagerService: Thinking about reset, mBootCompleted=true, mDaemonConnected=true
01-13 08:49:24.922 1477 1560 D TestHarnessModeService: Completing Test Harness Mode setup.
01-13 08:49:24.922 1477 1840 I StorageSessionController: Started resetting external storage service...
01-13 08:49:24.922 1477 1840 I StorageSessionController: Finished resetting external storage service
01-13 08:49:24.922 1477 1840 I StorageManagerService: Resetting vold...
01-13 08:49:24.922 1477 1840 I StorageManagerService: Reset vold
01-13 08:49:24.922 524 524 I vold : onUserAdded: 0
01-13 08:49:24.927 1477 1560 I ActivityManagerTiming: OnBootPhase_1000_com.android.server.oemlock.OemLockService
01-13 08:49:24.927 1477 1560 I ActivityManagerTiming: OnBootPhase_1000_com.android.server.DeviceIdleController
01-13 08:49:24.927 1477 1560 I ActivityManagerTiming: OnBootPhase_1000_com.android.server.devicepolicy.DevicePolicyManagerService$Lifecycle
01-13 08:49:24.927 1477 1560 I ActivityManagerTiming: OnBootPhase_1000_com.android.server.texttospeech.TextToSpeechManagerService
01-13 08:49:24.927 1477 1560 I ActivityManagerTiming: OnBootPhase_1000_com.android.server.speech.SpeechRecognitionManagerService
01-13 08:49:24.927 1477 1560 I ActivityManagerTiming: OnBootPhase_1000_com.android.server.searchui.SearchUiManagerService
01-13 08:49:24.927 1477 1560 I ActivityManagerTiming: OnBootPhase_1000_com.android.server.smartspace.SmartspaceManagerService
01-13 08:49:24.927 1477 1560 I ActivityManagerTiming: OnBootPhase_1000_com.android.server.graphics.fonts.FontManagerService$Lifecycle
01-13 08:49:24.927 1477 1560 I ActivityManagerTiming: OnBootPhase_1000_com.android.server.textservices.TextServicesManagerService$Lifecycle
01-13 08:49:24.927 1477 1560 I ActivityManagerTiming: OnBootPhase_1000_com.android.server.textclassifier.TextClassificationManagerService$Lifecycle
01-13 08:49:24.927 1477 1560 I ActivityManagerTiming: OnBootPhase_1000_com.android.server.NetworkScoreService$Lifecycle
01-13 08:49:24.927 1477 1560 I ActivityManagerTiming: OnBootPhase_1000_com.android.server.wifi.WifiService
01-13 08:49:24.927 1477 1560 I ActivityManagerTiming: OnBootPhase_1000_com.android.server.wifi.scanner.WifiScanningService
01-13 08:49:24.927 1477 1560 I ActivityManagerTiming: OnBootPhase_1000_com.android.server.wifi.rtt.RttService
01-13 08:49:24.927 1477 1560 I ActivityManagerTiming: OnBootPhase_1000_com.android.server.wifi.aware.WifiAwareService
01-13 08:49:24.927 1477 1560 I ActivityManagerTiming: OnBootPhase_1000_com.android.server.wifi.p2p.WifiP2pService
01-13 08:49:24.927 1477 1560 I ActivityManagerTiming: OnBootPhase_1000_com.android.server.ethernet.EthernetService
01-13 08:49:24.927 1477 1560 I ActivityManagerTiming: OnBootPhase_1000_com.android.server.ConnectivityServiceInitializer
01-13 08:49:24.927 1477 1560 I ActivityManagerTiming: OnBootPhase_1000_com.android.server.notification.NotificationManagerService
01-13 08:49:24.927 1477 1560 I ActivityManagerTiming: OnBootPhase_1000_com.android.server.storage.DeviceStorageMonitorService
01-13 08:49:24.927 1477 1560 I ActivityManagerTiming: OnBootPhase_1000_com.android.server.location.LocationManagerService$Lifecycle
01-13 08:49:24.927 1477 1560 I ActivityManagerTiming: OnBootPhase_1000_com.android.server.timedetector.TimeDetectorService$Lifecycle
01-13 08:49:24.927 1477 1560 I ActivityManagerTiming: OnBootPhase_1000_com.android.server.timezonedetector.TimeZoneDetectorService$Lifecycle
01-13 08:49:24.927 1477 1560 I ActivityManagerTiming: OnBootPhase_1000_com.android.server.timezonedetector.location.LocationTimeZoneManagerService$Lifecycle
01-13 08:49:24.927 1477 1560 I ActivityManagerTiming: OnBootPhase_1000_com.android.server.search.SearchManagerService$Lifecycle
01-13 08:49:24.927 1477 1560 I ActivityManagerTiming: OnBootPhase_1000_com.android.server.wallpaper.WallpaperManagerService$Lifecycle
01-13 08:49:24.927 1477 1560 I ActivityManagerTiming: OnBootPhase_1000_com.android.server.audio.AudioService$Lifecycle
01-13 08:49:24.927 1477 1560 I ActivityManagerTiming: OnBootPhase_1000_com.android.server.soundtrigger_middleware.SoundTriggerMiddlewareService$Lifecycle
01-13 08:49:24.927 1477 1560 I ActivityManagerTiming: OnBootPhase_1000_com.android.server.DockObserver
01-13 08:49:24.927 1477 1560 I ActivityManagerTiming: OnBootPhase_1000_com.android.server.midi.MidiService$Lifecycle
01-13 08:49:24.927 1477 1560 I ActivityManagerTiming: OnBootPhase_1000_com.android.server.adb.AdbService$Lifecycle
01-13 08:49:24.927 1477 1560 I ActivityManagerTiming: OnBootPhase_1000_com.android.server.usb.UsbService$Lifecycle
01-13 08:49:24.927 1477 1560 I ActivityManagerTiming: OnBootPhase_1000_com.android.server.twilight.TwilightService
01-13 08:49:24.928 1477 1560 I ActivityManagerTiming: OnBootPhase_1000_com.android.server.display.color.ColorDisplayService
01-13 08:49:24.928 1477 1560 I ActivityManagerTiming: OnBootPhase_1000_com.android.server.job.JobSchedulerService
01-13 08:49:24.928 1477 1560 I ActivityManagerTiming: OnBootPhase_1000_com.android.server.soundtrigger.SoundTriggerService
01-13 08:49:24.928 1477 1560 D SoundTriggerService: onBootPhase: 1000 : false
01-13 08:49:24.928 1477 1560 I ActivityManagerTiming: OnBootPhase_1000_com.android.server.trust.TrustManagerService
01-13 08:49:24.928 1477 1560 I ActivityManagerTiming: OnBootPhase_1000_com.android.server.backup.BackupManagerService$Lifecycle
01-13 08:49:24.928 1477 1560 I ActivityManagerTiming: OnBootPhase_1000_com.android.server.appwidget.AppWidgetService
01-13 08:49:24.928 1477 1560 I ActivityManagerTiming: OnBootPhase_1000_com.android.server.voiceinteraction.VoiceInteractionManagerService
01-13 08:49:24.928 1477 1560 I ActivityManagerTiming: OnBootPhase_1000_com.android.server.apphibernation.AppHibernationService
01-13 08:49:24.928 1477 1560 I ActivityManagerTiming: OnBootPhase_1000_com.android.server.SensorNotificationService
01-13 08:49:24.929 1477 2678 I HibernationStateDiskStore: No hibernation file on disk for file /data/system/hibernation/states
01-13 08:49:24.929 1477 1560 D CompatibilityChangeReporter: Compat change id reported: 168936375; UID 1000; state: ENABLED
01-13 08:49:24.929 1477 1560 D CompatibilityChangeReporter: Compat change id reported: 168936375; UID 1000; state: DISABLED
01-13 08:49:24.929 1477 1557 E AdbDebuggingManager: Expected keyStore, but got tag=adbKey
01-13 08:49:24.929 1477 1557 E AdbDebuggingManager: Expected keyStore, but got tag=adbKey
01-13 08:49:24.930 1477 1560 D CompatibilityChangeReporter: Compat change id reported: 73144566; UID 1000; state: ENABLED
01-13 08:49:24.930 1477 1560 D CompatibilityChangeReporter: Compat change id reported: 73144566; UID 1000; state: DISABLED
01-13 08:49:24.930 1477 1560 I ActivityManagerTiming: OnBootPhase_1000_com.android.server.emergency.EmergencyAffordanceService
01-13 08:49:24.930 1477 1560 I ActivityManagerTiming: OnBootPhase_1000_com.android.server.blob.BlobStoreManagerService
01-13 08:49:24.930 1477 1560 I ActivityManagerTiming: OnBootPhase_1000_com.android.server.dreams.DreamManagerService
01-13 08:49:24.931 1477 1560 I ActivityManagerTiming: OnBootPhase_1000_com.android.server.companion.CompanionDeviceManagerService
01-13 08:49:24.931 1477 1560 I ActivityManagerTiming: OnBootPhase_1000_com.android.server.restrictions.RestrictionsManagerService
01-13 08:49:24.931 1477 1560 I ActivityManagerTiming: OnBootPhase_1000_com.android.server.media.MediaSessionService
01-13 08:49:24.931 1477 1560 I ActivityManagerTiming: OnBootPhase_1000_com.android.server.media.MediaResourceMonitorService
01-13 08:49:24.931 1477 1560 I ActivityManagerTiming: OnBootPhase_1000_com.android.server.biometrics.sensors.fingerprint.FingerprintService
01-13 08:49:24.931 1477 1560 I ActivityManagerTiming: OnBootPhase_1000_com.android.server.biometrics.BiometricService
01-13 08:49:24.931 1477 1560 I ActivityManagerTiming: OnBootPhase_1000_com.android.server.biometrics.AuthService
01-13 08:49:24.931 1477 1560 I ActivityManagerTiming: OnBootPhase_1000_com.android.server.pm.ShortcutService$Lifecycle
01-13 08:49:24.931 1477 1560 I ActivityManagerTiming: OnBootPhase_1000_com.android.server.pm.LauncherAppsService
01-13 08:49:24.931 1477 1560 I ActivityManagerTiming: OnBootPhase_1000_com.android.server.pm.CrossProfileAppsService
01-13 08:49:24.931 1477 1560 I ActivityManagerTiming: OnBootPhase_1000_com.android.server.people.PeopleService
01-13 08:49:24.931 1477 1560 I ActivityManagerTiming: OnBootPhase_1000_com.android.server.media.metrics.MediaMetricsManagerService
01-13 08:49:24.931 1477 1560 I ActivityManagerTiming: OnBootPhase_1000_com.android.server.media.projection.MediaProjectionManagerService
01-13 08:49:24.931 1477 1560 I ActivityManagerTiming: OnBootPhase_1000_com.android.server.slice.SliceManagerService$Lifecycle
01-13 08:49:24.931 1477 1560 I ActivityManagerTiming: OnBootPhase_1000_com.android.server.stats.StatsCompanion$Lifecycle
01-13 08:49:24.931 1477 1560 I ActivityManagerTiming: OnBootPhase_1000_com.android.server.scheduling.RebootReadinessManagerService$Lifecycle
01-13 08:49:24.931 1477 1560 I ActivityManagerTiming: OnBootPhase_1000_com.android.server.stats.pull.StatsPullAtomService
01-13 08:49:24.931 1477 1560 I ActivityManagerTiming: OnBootPhase_1000_com.android.server.incident.IncidentCompanionService
01-13 08:49:24.931 1477 1560 I ActivityManagerTiming: OnBootPhase_1000_com.android.server.MmsServiceBroker
01-13 08:49:24.931 1477 1560 I ActivityManagerTiming: OnBootPhase_1000_com.android.server.autofill.AutofillManagerService
01-13 08:49:24.931 1477 1560 I ActivityManagerTiming: OnBootPhase_1000_com.android.server.clipboard.ClipboardService
01-13 08:49:24.931 1477 1560 I ActivityManagerTiming: OnBootPhase_1000_com.android.server.appbinding.AppBindingService$Lifecycle
01-13 08:49:24.931 1477 1560 I ActivityManagerTiming: OnBootPhase_1000_com.android.server.tracing.TracingServiceProxy
01-13 08:49:24.931 1477 1560 I ActivityManagerTiming: OnBootPhase_1000_com.android.server.policy.PermissionPolicyService
01-13 08:49:24.931 1477 1560 I ActivityManagerTiming: OnBootPhase_1000_com.android.server.pm.StagingManager$Lifecycle
01-13 08:49:24.931 1477 1560 I ActivityManagerTiming: OnBootPhase_1000_com.android.server.app.GameManagerService$Lifecycle
01-13 08:49:24.931 1477 1560 D GameManagerService: onBootCompleted
01-13 08:49:24.931 1477 1560 I ActivityManagerTiming: OnBootPhase_1000_com.android.server.appsearch.AppSearchManagerService
01-13 08:49:24.932 1477 1560 I ActivityManagerTiming: OnBootPhase_1000_com.android.server.media.MediaCommunicationService
01-13 08:49:24.932 1477 1560 D ActivityManagerTiming: TotalBootTime took to complete: 3653ms
01-13 08:49:24.932 1477 1560 D SystemServerInitThreadPool: Shutdown requested
01-13 08:49:24.932 1477 1560 I SystemServerTiming: WaitInitThreadPoolShutdown
01-13 08:49:24.933 1477 1560 D SystemServerInitThreadPool: Shutdown successful
01-13 08:49:24.933 1477 1560 I ActivityManager: User 0 state changed from BOOTING to RUNNING_LOCKED
01-13 08:49:24.933 1477 1560 W ActivityManager: UserLifecycleEvent 4 received without an active userJourneySession.
01-13 08:49:24.936 1477 1560 D StorageManagerService: unlockUserKey: 0 isFileEncryptedNativeOrEmulated: true hasToken: false hasSecret: false
01-13 08:49:24.936 524 524 D vold : fscrypt_unlock_user_key 0 serial=0
01-13 08:49:24.936 524 524 D vold : Trying user CE key /data/misc/vold/user_keys/ce/0/current
01-13 08:49:24.946 1477 2502 D Fingerprint21: Daemon was null, reconnecting, current operation: null
01-13 08:49:24.946 524 524 D vold : Successfully retrieved key
01-13 08:49:24.947 1477 2502 D Fingerprint21: Fingerprint HAL ready, HAL ID: 5326416
01-13 08:49:24.947 1477 1477 D BiometricScheduler/Fingerprint21: [Added] {[0] FingerprintUpdateActiveUserClient, proto=1, owner=android, cookie=0, requestId=-1, userId=0}, new queue size: 1
01-13 08:49:24.947 1477 1477 D BiometricScheduler/Fingerprint21: [Polled] {[0] FingerprintUpdateActiveUserClient, proto=1, owner=android, cookie=0, requestId=-1, userId=0}, State: 0
01-13 08:49:24.947 1477 1477 D BiometricScheduler/Fingerprint21: [Starting] {[0] FingerprintUpdateActiveUserClient, proto=1, owner=android, cookie=0, requestId=-1, userId=0}, State: 0
01-13 08:49:24.947 1477 1477 D BiometricScheduler/Fingerprint21: [Started] {[0] FingerprintUpdateActiveUserClient, proto=1, owner=android, cookie=0, requestId=-1, userId=0}
01-01 08:00:13.955 0 0 W : Boot completed
01-01 08:00:13.960 0 0 D qbt : qbt_open: entry minor_no=0 fd_available=1
01-01 08:00:13.960 0 0 D qbt : qbt_open: exit : 0 fd_available=0
01-01 08:00:13.960 0 0 D qbt : qbt_open: entry minor_no=1 fd_available=0
01-01 08:00:13.960 0 0 D qbt : qbt_open: exit : 0 fd_available=0
01-01 08:00:13.960 0 0 D qbt : qbt_ioctl: cmd received 107
01-01 08:00:13.960 0 0 D qbt : qbt_ioctl: Acquiring wakelock
01-13 08:49:24.956 2685 2685 F libc : Fatal signal 6 (SIGABRT), code -1 (SI_QUEUE) in tid 2685 (init), pid 2685 (init)
01-13 08:49:24.958 524 524 D vold : Installed fscrypt key with ref 8797abf0ae6379c0441830aa5a6d30be to /data
01-13 08:49:24.958 524 524 D vold : Added fscrypt-provisioning key for 8797abf0ae6379c0441830aa5a6d30be to session keyring
01-13 08:49:24.958 524 524 D vold : Installed ce key for user 0
01-13 08:49:24.959 1477 1560 W ActivityManager: UserLifecycleEvent 5 received without an active userJourneySession.
01-13 08:49:24.959 1477 1560 D ActivityManager: Started unlocking user 0
01-13 08:49:24.959 1477 1560 D ActivityManager: Unlocking user 0 progress 0
01-13 08:49:24.959 1477 1560 D ActivityManager: Unlocking user 0 progress 5
01-13 08:49:24.959 524 524 D vold : fscrypt_prepare_user_storage for volume null, user 0, serial 0, flags 2
01-13 08:49:24.959 524 524 D vold : Preparing: /data/system_ce/0
01-13 08:49:24.959 524 524 D vold : Preparing: /data/misc_ce/0
01-13 08:49:24.959 524 524 D vold : Preparing: /data/vendor_ce/0
01-13 08:49:24.960 524 524 D vold : Preparing: /data/media/0
01-13 08:49:24.960 524 524 D vold : Preparing: /data/data
01-13 08:49:24.960 524 524 I vold : Verified that /data/system_ce/0 has the encryption policy 8797abf0ae6379c0441830aa5a6d30be v2 modes 1/4 flags 0xa
01-13 08:49:24.960 524 524 I vold : Verified that /data/misc_ce/0 has the encryption policy 8797abf0ae6379c0441830aa5a6d30be v2 modes 1/4 flags 0xa
01-13 08:49:24.960 524 524 I vold : Verified that /data/vendor_ce/0 has the encryption policy 8797abf0ae6379c0441830aa5a6d30be v2 modes 1/4 flags 0xa
01-13 08:49:24.961 524 524 I vold : Verified that /data/media/0 has the encryption policy 8797abf0ae6379c0441830aa5a6d30be v2 modes 1/4 flags 0xa
01-13 08:49:24.961 524 524 I vold : Verified that /data/data has the encryption policy 8797abf0ae6379c0441830aa5a6d30be v2 modes 1/4 flags 0xa
01-13 08:49:24.961 524 524 D vold : Starting restorecon of /data/system_ce/0
01-13 08:49:24.962 524 524 D vold : Finished restorecon of /data/system_ce/0
01-13 08:49:24.962 524 524 D vold : Starting restorecon of /data/vendor_ce/0
01-13 08:49:24.962 1477 1560 D ColorDisplayService: setUp: currentUser=0
01-13 08:49:24.962 1477 1575 D CompatibilityChangeReporter: Compat change id reported: 135634846; UID 10069; state: DISABLED
01-13 08:49:24.962 1477 1575 D CompatibilityChangeReporter: Compat change id reported: 177438394; UID 10069; state: DISABLED
01-13 08:49:24.962 1477 1575 D CompatibilityChangeReporter: Compat change id reported: 135772972; UID 10069; state: DISABLED
01-13 08:49:24.962 1477 1575 D CompatibilityChangeReporter: Compat change id reported: 135754954; UID 10069; state: DISABLED
01-13 08:49:24.962 1477 1576 D CompatibilityChangeReporter: Compat change id reported: 143937733; UID 10069; state: DISABLED
01-13 08:49:24.963 2685 2685 F libc : crash_dump helper failed to exec, or was killed
01-13 08:49:24.965 524 524 D vold : Finished restorecon of /data/vendor_ce/0
01-13 08:49:24.965 524 524 D vold : Starting restorecon of /data/misc_ce/0
01-01 08:00:13.975 0 0 I msm-dwc3 a800000.ssusb: DWC3 in low power mode
01-01 08:00:13.975 0 0 I msm-dwc3 a600000.ssusb: DWC3 in low power mode
01-13 08:49:24.968 1477 1560 D ColorDisplayService: onNightDisplayAutoModeChanged: autoMode=0
01-13 08:49:24.968 1477 1560 I ColorDisplayService: Turning off night display
01-13 08:49:24.968 1477 1560 D ColorDisplayService: Setting bright color reduction level: 50
01-13 08:49:24.968 1477 1630 V DisplayPowerController[0]: Brightness [1.0] manual adjustment.
01-13 08:49:24.970 524 524 D vold : Finished restorecon of /data/misc_ce/0
01-13 08:49:24.970 524 524 D vold : /system/bin/vold_prepare_subdirs
01-13 08:49:24.970 524 524 D vold : prepare
01-13 08:49:24.970 524 524 D vold :
01-13 08:49:24.970 524 524 D vold : 0
01-13 08:49:24.970 524 524 D vold : 2
01-01 08:00:13.982 0 0 W QSEECOM : qseecom_load_app: App (fingerpr) does'nt exist, loading apps for first time
01-13 08:49:24.972 1477 1576 I ActivityManager: Start proc 2696:com.android.deskclock/u0a69 for broadcast {com.android.deskclock/com.android.deskclock.AlarmInitReceiver}
01-01 08:00:13.999 0 0 I binder : 2696:2696 ioctl 40046210 7fffcc9b84 returned -22
01-13 08:49:24.990 1477 1557 V UserDataPreparer: Found /data/user/0 with serial number 0
01-13 08:49:24.991 1477 1557 V UserDataPreparer: Found /data/system_ce/0 with serial number 0
01-13 08:49:24.991 1477 1557 D UserDataPreparer: Setting property: sys.user.0.ce_available=true
01-13 08:49:24.991 1477 1557 V PackageManager: reconcileAppsData for null u0 0x2 migrateAppData=false
01-13 08:49:24.994 1477 2502 D CompatibilityChangeReporter: Compat change id reported: 168419799; UID 10069; state: DISABLED
01-13 08:49:25.047 1477 1557 V PackageManager: reconcileAppsData finished 163 packages
01-13 08:49:25.047 1477 1557 I ActivityManager: User 0 state changed from RUNNING_LOCKED to RUNNING_UNLOCKING
01-13 08:49:25.048 1477 1557 D ActivityManager: Unlocking user 0 progress 20
01-13 08:49:25.048 1477 1575 I SystemServerTimingAsync: ssm.UnlockingUser-0
01-13 08:49:25.048 1477 1575 I SystemServiceManager: Calling onUnlockingUser 0
01-13 08:49:25.048 1477 1575 I SystemServerTimingAsync: ssm.onUnlockingUser-0_com.android.server.security.FileIntegrityService
01-13 08:49:25.048 1477 1575 I SystemServerTimingAsync: ssm.onUnlockingUser-0_com.android.server.pm.Installer
01-13 08:49:25.048 1477 1575 I SystemServerTimingAsync: ssm.onUnlockingUser-0_com.android.server.os.DeviceIdentifiersPolicyService
01-13 08:49:25.048 1477 1575 I SystemServerTimingAsync: ssm.onUnlockingUser-0_com.android.server.uri.UriGrantsManagerService$Lifecycle
01-13 08:49:25.048 1477 1575 I SystemServerTimingAsync: ssm.onUnlockingUser-0_com.android.server.powerstats.PowerStatsService
01-13 08:49:25.048 1477 1575 I SystemServerTimingAsync: ssm.onUnlockingUser-0_com.android.server.wm.ActivityTaskManagerService$Lifecycle
01-13 08:49:25.048 1477 1575 I SystemServerTimingAsync: ssm.onUnlockingUser-0_com.android.server.am.ActivityManagerService$Lifecycle
01-13 08:49:25.048 1477 1575 I SystemServerTimingAsync: ssm.onUnlockingUser-0_com.android.server.pm.DataLoaderManagerService
01-13 08:49:25.048 1477 1575 I SystemServerTimingAsync: ssm.onUnlockingUser-0_com.android.server.power.PowerManagerService
01-13 08:49:25.048 1477 1575 I SystemServerTimingAsync: ssm.onUnlockingUser-0_com.android.server.power.ThermalManagerService
01-13 08:49:25.048 1477 1575 I SystemServerTimingAsync: ssm.onUnlockingUser-0_com.android.server.power.hint.HintManagerService
01-13 08:49:25.048 1477 1575 I SystemServerTimingAsync: ssm.onUnlockingUser-0_com.android.server.recoverysystem.RecoverySystemService$Lifecycle
01-13 08:49:25.048 1477 1575 I SystemServerTimingAsync: ssm.onUnlockingUser-0_com.android.server.lights.LightsService
01-13 08:49:25.048 1477 1575 I SystemServerTimingAsync: ssm.onUnlockingUser-0_com.android.server.display.DisplayManagerService
01-13 08:49:25.048 1477 1575 I SystemServerTimingAsync: ssm.onUnlockingUser-0_com.android.server.pm.verify.domain.DomainVerificationService
01-13 08:49:25.048 1477 1575 I SystemServerTimingAsync: ssm.onUnlockingUser-0_com.android.server.pm.PackageInstallerService$Lifecycle
01-13 08:49:25.048 1477 1575 I SystemServerTimingAsync: ssm.onUnlockingUser-0_com.android.server.pm.UserManagerService$LifeCycle
01-13 08:49:25.048 1477 1575 I SystemServerTimingAsync: ssm.onUnlockingUser-0_com.android.server.om.OverlayManagerService
01-13 08:49:25.048 1477 1575 I SystemServerTimingAsync: ssm.onUnlockingUser-0_com.android.server.SensorPrivacyService
01-13 08:49:25.048 1477 1575 I SystemServerTimingAsync: ssm.onUnlockingUser-0_com.android.server.thunderperf.ThunderBoostPerfService
01-13 08:49:25.048 1477 1575 I SystemServerTimingAsync: ssm.onUnlockingUser-0_com.android.server.sensors.SensorService
01-13 08:49:25.048 1477 1575 I SystemServerTimingAsync: ssm.onUnlockingUser-0_com.android.server.SystemConfigService
01-13 08:49:25.048 1477 1575 I SystemServerTimingAsync: ssm.onUnlockingUser-0_com.android.server.BatteryService
01-13 08:49:25.048 1477 1575 I SystemServerTimingAsync: ssm.onUnlockingUser-0_com.android.server.usage.UsageStatsService
01-13 08:49:25.048 1477 1575 I SystemServerTimingAsync: ssm.onUnlockingUser-0_com.android.server.webkit.WebViewUpdateService
01-13 08:49:25.048 1477 1575 I SystemServerTimingAsync: ssm.onUnlockingUser-0_com.android.server.CachedDeviceStateService
01-13 08:49:25.048 1477 1575 I SystemServerTimingAsync: ssm.onUnlockingUser-0_com.android.server.BinderCallsStatsService$LifeCycle
01-13 08:49:25.048 1477 1575 I SystemServerTimingAsync: ssm.onUnlockingUser-0_com.android.server.LooperStatsService$Lifecycle
01-13 08:49:25.048 1477 1575 I SystemServerTimingAsync: ssm.onUnlockingUser-0_com.android.server.rollback.RollbackManagerService
01-13 08:49:25.049 1477 1575 I SystemServerTimingAsync: ssm.onUnlockingUser-0_com.android.server.os.NativeTombstoneManagerService
01-13 08:49:25.049 1477 1575 I SystemServerTimingAsync: ssm.onUnlockingUser-0_com.android.server.os.BugreportManagerService
01-13 08:49:25.049 1477 1575 I SystemServerTimingAsync: ssm.onUnlockingUser-0_com.android.server.gpu.GpuService
01-13 08:49:25.049 1477 1575 I SystemServerTimingAsync: ssm.onUnlockingUser-0_com.android.server.security.KeyChainSystemService
01-13 08:49:25.049 1477 1575 I SystemServerTimingAsync: ssm.onUnlockingUser-0_com.android.server.telecom.TelecomLoaderService
01-13 08:49:25.049 1477 1575 I SystemServerTimingAsync: ssm.onUnlockingUser-0_com.android.server.accounts.AccountManagerService$Lifecycle
01-13 08:49:25.049 1477 1575 I SystemServerTimingAsync: ssm.onUnlockingUser-0_com.android.server.content.ContentService$Lifecycle
01-13 08:49:25.049 1477 1575 I SystemServerTimingAsync: ssm.onUnlockingUser-0_com.android.server.DropBoxManagerService
01-13 08:49:25.049 1477 1575 I SystemServerTimingAsync: ssm.onUnlockingUser-0_com.android.role.RoleService
01-13 08:49:25.049 1477 1575 I SystemServerTimingAsync: ssm.onUnlockingUser-0_com.android.server.vibrator.VibratorManagerService$Lifecycle
01-13 08:49:25.049 1477 1575 I SystemServerTimingAsync: ssm.onUnlockingUser-0_com.android.server.alarm.AlarmManagerService
01-13 08:49:25.049 1477 1575 I SystemServerTimingAsync: ssm.onUnlockingUser-0_com.android.server.devicestate.DeviceStateManagerService
01-13 08:49:25.049 1477 1575 I SystemServerTimingAsync: ssm.onUnlockingUser-0_com.android.server.camera.CameraServiceProxy
01-13 08:49:25.049 1477 1575 I SystemServerTimingAsync: ssm.onUnlockingUser-0_com.android.server.BluetoothService
01-13 08:49:25.049 1477 1575 D BluetoothManagerService: User 0 unlocked
01-13 08:49:25.049 1477 1575 I SystemServerTimingAsync: ssm.onUnlockingUser-0_com.android.server.connectivity.IpConnectivityMetrics
01-13 08:49:25.049 1477 1575 I SystemServerTimingAsync: ssm.onUnlockingUser-0_com.android.server.net.watchlist.NetworkWatchlistService$Lifecycle
01-13 08:49:25.049 1477 1575 I SystemServerTimingAsync: ssm.onUnlockingUser-0_com.android.server.PinnerService
01-13 08:49:25.049 1477 1575 I SystemServerTimingAsync: ssm.onUnlockingUser-0_com.google.android.startop.iorap.IorapForwardingService
01-13 08:49:25.049 1477 1575 I SystemServerTimingAsync: ssm.onUnlockingUser-0_com.android.server.ActivityTriggerService
01-13 08:49:25.049 1477 1575 I SystemServerTimingAsync: ssm.onUnlockingUser-0_com.android.server.integrity.AppIntegrityManagerService
01-13 08:49:25.049 1477 1575 I SystemServerTimingAsync: ssm.onUnlockingUser-0_com.android.server.inputmethod.InputMethodManagerService$Lifecycle
01-13 08:49:25.049 1477 1575 I SystemServerTimingAsync: ssm.onUnlockingUser-0_com.android.server.accessibility.AccessibilityManagerService$Lifecycle
01-13 08:49:25.049 1477 1575 I SystemServerTimingAsync: ssm.onUnlockingUser-0_com.android.server.StorageManagerService$Lifecycle
01-13 08:49:25.049 1477 1575 D StorageManagerService: onUnlockUser 0
01-13 08:49:25.049 1477 1575 I StorageSessionController: On user unlock 0
01-13 08:49:25.049 1477 1575 I StorageSessionController: Initialialising...
01-13 08:49:25.049 1477 1559 D BluetoothManagerService: MESSAGE_USER_UNLOCKED
01-13 08:49:25.053 524 524 I vold : onUserStarted: 0
01-13 08:49:25.055 1477 2502 V StorageManagerService: Found primary storage at VolumeInfo{emulated;0}:
01-13 08:49:25.055 1477 2502 V StorageManagerService: type=EMULATED diskId=null partGuid= mountFlags=0 mountUserId=0
01-13 08:49:25.055 1477 2502 V StorageManagerService: state=UNMOUNTED
01-13 08:49:25.055 1477 2502 V StorageManagerService: fsType=null fsUuid=null fsLabel=null
01-13 08:49:25.055 1477 2502 V StorageManagerService: path=null internalPath=null
01-13 08:49:25.055 1477 1840 I StorageManagerService: Mounting volume VolumeInfo{emulated;0}:
01-13 08:49:25.055 1477 1840 I StorageManagerService: type=EMULATED diskId=null partGuid= mountFlags=PRIMARY|VISIBLE
01-13 08:49:25.055 1477 1840 I StorageManagerService: mountUserId=0 state=UNMOUNTED
01-13 08:49:25.055 1477 1840 I StorageManagerService: fsType=null fsUuid=null fsLabel=null
01-13 08:49:25.055 1477 1840 I StorageManagerService: path=null internalPath=null
01-13 08:49:25.055 524 524 I vold : Executing sdcardfs
01-13 08:49:25.055 524 524 D vold : Waiting for sdcardfs to spin up...
01-01 08:00:14.076 0 0 W QSEECOM : qseecom_load_app: App with id 7 (fingerpr) now loaded
01-13 08:49:25.071 1477 2681 W AdbDebuggingManager: Read failed with count -1
01-13 08:49:25.071 1477 2681 E AdbDebuggingManager: Caught an exception opening the socket: java.io.IOException: Connection refused
01-01 08:00:14.087 0 0 I : sdcardfs version 2.0
01-01 08:00:14.087 0 0 I sdcardfs: dev_name -> /data/media
01-01 08:00:14.087 0 0 I sdcardfs: options -> fsuid=1023,fsgid=1023,multiuser,derive_gid,default_normal,unshared_obb,mask=6,userid=0,gid=1015
01-01 08:00:14.087 0 0 I sdcardfs: mnt -> 00000000e888033e
01-01 08:00:14.087 0 0 I sdcardfs: mounted on top of /data/media type f2fs
01-01 08:00:14.087 0 0 I : Remount options were mask=23,gid=9997 for vfsmnt 00000000289b1d6d.
01-01 08:00:14.087 0 0 I sdcardfs: options - debug:1
01-01 08:00:14.087 0 0 I sdcardfs: options - gid:9997
01-01 08:00:14.087 0 0 I sdcardfs: options - mask:23
01-01 08:00:14.088 0 0 I : Remount options were mask=7,gid=9997 for vfsmnt 0000000089053304.
01-01 08:00:14.088 0 0 I sdcardfs: options - debug:1
01-01 08:00:14.088 0 0 I sdcardfs: options - gid:9997
01-01 08:00:14.088 0 0 I sdcardfs: options - mask:7
01-01 08:00:14.088 0 0 I : Remount options were mask=7,gid=9997 for vfsmnt 000000002cc355c9.
01-01 08:00:14.088 0 0 I sdcardfs: options - debug:1
01-01 08:00:14.088 0 0 I sdcardfs: options - gid:9997
01-01 08:00:14.088 0 0 I sdcardfs: options - mask:7
01-13 08:49:25.073 1477 1575 I SystemServerTimingAsync: ssm.onUnlockingUser-0_com.android.server.usage.StorageStatsService$Lifecycle
01-13 08:49:25.073 1477 1575 I SystemServerTimingAsync: ssm.onUnlockingUser-0_com.android.server.UiModeManagerService
01-13 08:49:25.073 1477 1575 I SystemServerTimingAsync: ssm.onUnlockingUser-0_com.android.server.locksettings.LockSettingsService$Lifecycle
01-13 08:49:25.073 1477 1575 I SystemServerTimingAsync: ssm.onUnlockingUser-0_com.android.server.PersistentDataBlockService
01-13 08:49:25.073 1477 1575 I SystemServerTimingAsync: ssm.onUnlockingUser-0_com.android.server.testharness.TestHarnessModeService
01-13 08:49:25.073 1477 1575 I SystemServerTimingAsync: ssm.onUnlockingUser-0_com.android.server.oemlock.OemLockService
01-13 08:49:25.073 1477 1575 I SystemServerTimingAsync: ssm.onUnlockingUser-0_com.android.server.DeviceIdleController
01-13 08:49:25.073 1477 1575 I SystemServerTimingAsync: ssm.onUnlockingUser-0_com.android.server.devicepolicy.DevicePolicyManagerService$Lifecycle
01-13 08:49:25.073 1477 1575 I SystemServerTimingAsync: ssm.onUnlockingUser-0_com.android.server.texttospeech.TextToSpeechManagerService
