01-13 08:49:23.764 1477 1477 I SystemServerTiming: OnBootPhase_550_com.android.server.incident.IncidentCompanionService
01-13 08:49:23.764 1477 1477 I SystemServerTiming: OnBootPhase_550_com.android.server.MmsServiceBroker
01-13 08:49:23.764 1477 1477 I SystemServerTiming: OnBootPhase_550_com.android.server.autofill.AutofillManagerService
01-13 08:49:23.764 1477 1477 I SystemServerTiming: OnBootPhase_550_com.android.server.clipboard.ClipboardService
01-13 08:49:23.764 1477 1477 I SystemServerTiming: OnBootPhase_550_com.android.server.appbinding.AppBindingService$Lifecycle
01-13 08:49:23.764 1477 1477 I AppBindingService: Updating constants with: null
01-13 08:49:23.764 1477 1477 I SystemServerTiming: OnBootPhase_550_com.android.server.tracing.TracingServiceProxy
01-13 08:49:23.764 1477 1477 I SystemServerTiming: OnBootPhase_550_com.android.server.policy.PermissionPolicyService
01-13 08:49:23.765 1477 1952 I UsbPortManager: ClientCallback V1_2:
01-13 08:49:23.765 1477 1557 I UsbPortManager: USB port added: port=UsbPort{id=, supportedModes=nonesupportedContaminantProtectionModes=0supportsEnableContaminantPresenceProtection=falsesupportsEnableContaminantPresenceDetection=false, status=UsbPortStatus{connected=false, currentMode=none, currentPowerRole=no-power, currentDataRole=no-data, supportedRoleCombinations=[no-power:no-data], contaminantDetectionStatus=0, contaminantProtectionStatus=0}, canChangeMode=false, canChangePowerRole=false, canChangeDataRole=false, connectedAtMillis=0, lastConnectDurationMillis=0
01-01 08:00:12.779 0 0 I msm-dwc3 a600000.ssusb: DWC3 exited from low power mode
01-01 08:00:12.779 0 0 I msm-dwc3 a800000.ssusb: DWC3 exited from low power mode
01-13 08:49:23.777 1477 1576 I ActivityManager: Start proc 2015:com.android.systemui/u0a82 for service {com.android.systemui/com.android.systemui.ImageWallpaper}
01-01 08:00:12.791 0 0 I binder : 2015:2015 ioctl 40046210 7fffcc9b84 returned -22
01-13 08:49:23.783 1477 1477 I PackageManager: Permission ownership changed. Updating all permissions.
01-13 08:49:23.783 1477 1510 D CompatibilityChangeReporter: Compat change id reported: 168419799; UID 10082; state: DISABLED
01-13 08:49:23.795 1477 1477 I SystemServerTiming: OnBootPhase_550_com.android.server.pm.StagingManager$Lifecycle
01-13 08:49:23.795 1477 1477 I SystemServerTiming: OnBootPhase_550_com.android.server.app.GameManagerService$Lifecycle
01-13 08:49:23.795 1477 1477 I SystemServerTiming: OnBootPhase_550_com.android.server.appsearch.AppSearchManagerService
01-13 08:49:23.795 1477 1477 I SystemServerTiming: OnBootPhase_550_com.android.server.media.MediaCommunicationService
01-13 08:49:23.795 1477 1477 I SystemServerTiming: StartObservingNativeCrashes
01-13 08:49:23.795 1477 1477 I SystemServerTiming: RegisterAppOpsPolicy
01-13 08:49:23.796 1477 1477 I SystemServerTiming: MakeNetworkManagementServiceReady
01-13 08:49:23.796 1477 1851 I SystemServerTimingAsync: InitThreadPoolExec:WebViewFactoryPreparation
01-13 08:49:23.796 1477 1851 I SystemServer: WebViewFactoryPreparation
01-13 08:49:23.796 1477 1851 I SystemServerTimingAsync: WebViewFactoryPreparation
01-13 08:49:23.798 1477 1851 D CompatibilityChangeReporter: Compat change id reported: 135634846; UID 1000; state: DISABLED
01-13 08:49:23.798 1477 1851 D CompatibilityChangeReporter: Compat change id reported: 177438394; UID 1000; state: DISABLED
01-13 08:49:23.798 1477 1851 D CompatibilityChangeReporter: Compat change id reported: 135772972; UID 1000; state: DISABLED
01-13 08:49:23.798 1477 1851 D CompatibilityChangeReporter: Compat change id reported: 178038272; UID 1000; state: DISABLED
01-13 08:49:23.800 1477 1477 I SystemServerTiming: MakeIpSecServiceReady
01-13 08:49:23.801 1477 1477 D IpSecService: IpSecService is ready
01-13 08:49:23.801 1477 1477 I SystemServerTiming: MakeNetworkStatsServiceReady
01-13 08:49:23.820 1477 1897 W NetworkPolicy: setRestrictBackgroundUL: already false
01-13 08:49:23.835 1477 1477 I SystemServerTiming: MakeConnectivityServiceReady
01-13 08:49:23.856 1477 1477 I SystemServerTiming: MakeVpnManagerServiceReady
01-13 08:49:23.858 1477 1477 I SystemServerTiming: MakeVcnManagementServiceReady
01-13 08:49:23.859 1477 1477 I SystemServerTiming: MakeNetworkPolicyServiceReady
01-13 08:49:23.860 1477 1477 I SystemServerTiming: PhaseThirdPartyAppsCanStart
01-13 08:49:23.860 1477 1477 I SystemServiceManager: Starting phase 600
01-13 08:49:23.860 1477 1477 I SystemServerTiming: OnBootPhase_600
01-13 08:49:23.860 1477 1477 I SystemServerTiming: OnBootPhase_600_com.android.server.security.FileIntegrityService
01-13 08:49:23.860 1477 1477 I SystemServerTiming: OnBootPhase_600_com.android.server.pm.Installer
01-13 08:49:23.860 1477 1477 I SystemServerTiming: OnBootPhase_600_com.android.server.os.DeviceIdentifiersPolicyService
01-13 08:49:23.860 1477 1477 I SystemServerTiming: OnBootPhase_600_com.android.server.uri.UriGrantsManagerService$Lifecycle
01-13 08:49:23.860 1477 1477 I SystemServerTiming: OnBootPhase_600_com.android.server.powerstats.PowerStatsService
01-13 08:49:23.860 1477 1477 I SystemServerTiming: OnBootPhase_600_com.android.server.wm.ActivityTaskManagerService$Lifecycle
01-13 08:49:23.860 1477 1477 I SystemServerTiming: OnBootPhase_600_com.android.server.am.ActivityManagerService$Lifecycle
01-13 08:49:23.861 1477 1477 I ExplicitHealthCheckController: Explicit health checks enabled.
01-13 08:49:23.861 1477 1477 I PackageWatchdog: Syncing state, reason: health check state enabled
01-13 08:49:23.861 1477 1477 I PackageWatchdog: Discarding observer rollback-observer. All packages expired
01-13 08:49:23.861 1477 1477 I SystemServerTiming: OnBootPhase_600_com.android.server.pm.DataLoaderManagerService
01-13 08:49:23.861 1477 1574 I PackageWatchdog: Saving observer state to file
01-13 08:49:23.861 1477 1477 I SystemServerTiming: OnBootPhase_600_com.android.server.power.PowerManagerService
01-13 08:49:23.863 1477 1477 I SystemServerTiming: OnBootPhase_600_com.android.server.power.ThermalManagerService
01-13 08:49:23.863 1477 1477 I SystemServerTiming: OnBootPhase_600_com.android.server.power.hint.HintManagerService
01-13 08:49:23.863 1477 1477 I SystemServerTiming: OnBootPhase_600_com.android.server.recoverysystem.RecoverySystemService$Lifecycle
01-13 08:49:23.863 1477 1477 I SystemServerTiming: OnBootPhase_600_com.android.server.lights.LightsService
01-13 08:49:23.863 1477 1477 I SystemServerTiming: OnBootPhase_600_com.android.server.display.DisplayManagerService
01-13 08:49:23.863 1477 1477 I SystemServerTiming: OnBootPhase_600_com.android.server.pm.verify.domain.DomainVerificationService
01-13 08:49:23.863 1477 1477 I SystemServerTiming: OnBootPhase_600_com.android.server.pm.PackageInstallerService$Lifecycle
01-13 08:49:23.863 1477 1477 I SystemServerTiming: OnBootPhase_600_com.android.server.pm.UserManagerService$LifeCycle
01-13 08:49:23.863 1477 1477 I SystemServerTiming: OnBootPhase_600_com.android.server.om.OverlayManagerService
01-13 08:49:23.863 1477 1477 I SystemServerTiming: OnBootPhase_600_com.android.server.SensorPrivacyService
01-13 08:49:23.863 1477 1477 I SystemServerTiming: OnBootPhase_600_com.android.server.thunderperf.ThunderBoostPerfService
01-13 08:49:23.863 1477 1477 I SystemServerTiming: OnBootPhase_600_com.android.server.sensors.SensorService
01-13 08:49:23.863 1477 1477 I SystemServerTiming: OnBootPhase_600_com.android.server.SystemConfigService
01-13 08:49:23.863 1477 1477 I SystemServerTiming: OnBootPhase_600_com.android.server.BatteryService
01-13 08:49:23.863 1477 1477 I SystemServerTiming: OnBootPhase_600_com.android.server.usage.UsageStatsService
01-13 08:49:23.863 1477 1477 I SystemServerTiming: OnBootPhase_600_com.android.server.webkit.WebViewUpdateService
01-13 08:49:23.863 1477 1477 I SystemServerTiming: OnBootPhase_600_com.android.server.CachedDeviceStateService
01-13 08:49:23.863 1477 1477 I SystemServerTiming: OnBootPhase_600_com.android.server.BinderCallsStatsService$LifeCycle
01-13 08:49:23.863 1477 1477 I SystemServerTiming: OnBootPhase_600_com.android.server.LooperStatsService$Lifecycle
01-13 08:49:23.863 1477 1477 I SystemServerTiming: OnBootPhase_600_com.android.server.rollback.RollbackManagerService
01-13 08:49:23.863 1477 1477 I SystemServerTiming: OnBootPhase_600_com.android.server.os.NativeTombstoneManagerService
01-13 08:49:23.864 1477 1477 I SystemServerTiming: OnBootPhase_600_com.android.server.os.BugreportManagerService
01-13 08:49:23.864 1477 1477 I SystemServerTiming: OnBootPhase_600_com.android.server.gpu.GpuService
01-13 08:49:23.864 1477 1477 I SystemServerTiming: OnBootPhase_600_com.android.server.security.KeyChainSystemService
01-13 08:49:23.864 1477 1477 I SystemServerTiming: OnBootPhase_600_com.android.server.telecom.TelecomLoaderService
01-13 08:49:23.864 1477 1477 I SystemServerTiming: OnBootPhase_600_com.android.server.accounts.AccountManagerService$Lifecycle
01-13 08:49:23.864 1477 1477 I SystemServerTiming: OnBootPhase_600_com.android.server.content.ContentService$Lifecycle
01-13 08:49:23.864 1477 1477 I SystemServerTiming: OnBootPhase_600_com.android.server.DropBoxManagerService
01-13 08:49:23.864 1477 1477 I SystemServerTiming: OnBootPhase_600_com.android.role.RoleService
01-13 08:49:23.864 1477 1477 I SystemServerTiming: OnBootPhase_600_com.android.server.vibrator.VibratorManagerService$Lifecycle
01-13 08:49:23.864 1477 1477 I SystemServerTiming: OnBootPhase_600_com.android.server.alarm.AlarmManagerService
01-13 08:49:23.864 1477 1477 I SystemServerTiming: OnBootPhase_600_com.android.server.devicestate.DeviceStateManagerService
01-13 08:49:23.864 1477 1477 I SystemServerTiming: OnBootPhase_600_com.android.server.camera.CameraServiceProxy
01-13 08:49:23.864 1477 1477 I SystemServerTiming: OnBootPhase_600_com.android.server.BluetoothService
01-13 08:49:23.864 1477 1477 I SystemServerTiming: OnBootPhase_600_com.android.server.connectivity.IpConnectivityMetrics
01-13 08:49:23.864 1477 1477 I SystemServerTiming: OnBootPhase_600_com.android.server.net.watchlist.NetworkWatchlistService$Lifecycle
01-13 08:49:23.864 1477 1477 I SystemServerTiming: OnBootPhase_600_com.android.server.PinnerService
01-13 08:49:23.864 1477 1477 I SystemServerTiming: OnBootPhase_600_com.google.android.startop.iorap.IorapForwardingService
01-13 08:49:23.864 1477 1477 I SystemServerTiming: OnBootPhase_600_com.android.server.ActivityTriggerService
01-13 08:49:23.864 1477 1477 I SystemServerTiming: OnBootPhase_600_com.android.server.integrity.AppIntegrityManagerService
01-13 08:49:23.864 1477 1477 I SystemServerTiming: OnBootPhase_600_com.android.server.inputmethod.InputMethodManagerService$Lifecycle
01-13 08:49:23.864 1477 1477 I SystemServerTiming: OnBootPhase_600_com.android.server.accessibility.AccessibilityManagerService$Lifecycle
01-13 08:49:23.864 1477 1477 I SystemServerTiming: OnBootPhase_600_com.android.server.StorageManagerService$Lifecycle
01-13 08:49:23.864 1477 1477 I SystemServerTiming: OnBootPhase_600_com.android.server.usage.StorageStatsService$Lifecycle
01-13 08:49:23.864 1477 1477 I SystemServerTiming: OnBootPhase_600_com.android.server.UiModeManagerService
01-13 08:49:23.864 1477 1477 I SystemServerTiming: OnBootPhase_600_com.android.server.locksettings.LockSettingsService$Lifecycle
01-13 08:49:23.864 1477 1477 I SystemServerTiming: OnBootPhase_600_com.android.server.PersistentDataBlockService
01-13 08:49:23.864 1477 1477 I SystemServerTiming: OnBootPhase_600_com.android.server.testharness.TestHarnessModeService
01-13 08:49:23.864 1477 1477 I SystemServerTiming: OnBootPhase_600_com.android.server.oemlock.OemLockService
01-13 08:49:23.864 1477 1477 I SystemServerTiming: OnBootPhase_600_com.android.server.DeviceIdleController
01-13 08:49:23.864 1477 1477 I SystemServerTiming: OnBootPhase_600_com.android.server.devicepolicy.DevicePolicyManagerService$Lifecycle
01-13 08:49:23.864 1477 1477 I SystemServerTiming: OnBootPhase_600_com.android.server.texttospeech.TextToSpeechManagerService
01-13 08:49:23.865 1477 1477 I SystemServerTiming: OnBootPhase_600_com.android.server.speech.SpeechRecognitionManagerService
01-01 08:00:12.876 0 0 I binder : 1221:1395 ioctl 40046210 79c2fd1fc4 returned -22
01-13 08:49:23.865 1477 1477 I SystemServerTiming: OnBootPhase_600_com.android.server.searchui.SearchUiManagerService
01-13 08:49:23.865 1477 1477 I SystemServerTiming: OnBootPhase_600_com.android.server.smartspace.SmartspaceManagerService
01-13 08:49:23.866 1477 1477 I SystemServerTiming: OnBootPhase_600_com.android.server.graphics.fonts.FontManagerService$Lifecycle
01-13 08:49:23.866 1477 1477 I SystemServerTiming: OnBootPhase_600_com.android.server.textservices.TextServicesManagerService$Lifecycle
01-13 08:49:23.866 1477 1477 I SystemServerTiming: OnBootPhase_600_com.android.server.textclassifier.TextClassificationManagerService$Lifecycle
01-13 08:49:23.866 1477 1477 I SystemServerTiming: OnBootPhase_600_com.android.server.NetworkScoreService$Lifecycle
01-13 08:49:23.866 1477 1477 I SystemServerTiming: OnBootPhase_600_com.android.server.wifi.WifiService
01-13 08:49:23.866 1477 1477 I SystemServerTiming: OnBootPhase_600_com.android.server.wifi.scanner.WifiScanningService
01-13 08:49:23.866 1477 1477 I SystemServerTiming: OnBootPhase_600_com.android.server.wifi.rtt.RttService
01-13 08:49:23.866 1477 1477 I SystemServerTiming: OnBootPhase_600_com.android.server.wifi.aware.WifiAwareService
01-13 08:49:23.866 1477 1477 I SystemServerTiming: OnBootPhase_600_com.android.server.wifi.p2p.WifiP2pService
01-13 08:49:23.866 1477 1477 I SystemServerTiming: OnBootPhase_600_com.android.server.ethernet.EthernetService
01-13 08:49:23.866 1477 1477 I SystemServerTiming: OnBootPhase_600_com.android.server.ConnectivityServiceInitializer
01-13 08:49:23.866 1477 1477 I SystemServerTiming: OnBootPhase_600_com.android.server.notification.NotificationManagerService
01-13 08:49:23.868 1477 1477 I SystemServerTiming: OnBootPhase_600_com.android.server.storage.DeviceStorageMonitorService
01-13 08:49:23.869 1477 1477 I SystemServerTiming: OnBootPhase_600_com.android.server.location.LocationManagerService$Lifecycle
01-01 08:00:12.881 0 0 E init : Control message: Could not find 'vendor.qti.hardware.iop@2.0::IIop/default' for ctl.interface_start from pid: 512 (/system/bin/hwservicemanager)
01-13 08:49:23.876 1477 1576 W ActivityManager: Slow operation: 78ms so far, now at startProcess: returned from zygote!
01-13 08:49:23.877 1477 1576 W ActivityManager: Slow operation: 79ms so far, now at startProcess: done updating battery stats
01-13 08:49:23.877 1477 1576 W ActivityManager: Slow operation: 79ms so far, now at startProcess: building log message
01-13 08:49:23.877 1477 1576 I ActivityManager: Start proc 2068:WebViewLoader-armeabi-v7a/1037 [android.webkit.WebViewLibraryLoader$RelroFileCreator] for null
01-13 08:49:23.877 1477 1576 W ActivityManager: Slow operation: 79ms so far, now at startProcess: starting to update pids map
01-13 08:49:23.877 1477 1576 W ActivityManager: Slow operation: 79ms so far, now at startProcess: done updating pids map
01-13 08:49:23.877 1477 1576 W ActivityManager: Slow operation: 79ms so far, now at startProcess: asking zygote to start proc
01-13 08:49:23.881 1477 1576 W ActivityManager: Slow operation: 83ms so far, now at startProcess: returned from zygote!
01-13 08:49:23.881 1477 1576 W ActivityManager: Slow operation: 83ms so far, now at startProcess: done updating battery stats
01-13 08:49:23.881 1477 1576 W ActivityManager: Slow operation: 83ms so far, now at startProcess: building log message
01-13 08:49:23.881 1477 1576 I ActivityManager: Start proc 2069:WebViewLoader-arm64-v8a/1037 [android.webkit.WebViewLibraryLoader$RelroFileCreator] for null
01-13 08:49:23.881 1477 1576 W ActivityManager: Slow operation: 83ms so far, now at startProcess: starting to update pids map
01-13 08:49:23.881 1477 1576 W ActivityManager: Slow operation: 83ms so far, now at startProcess: done updating pids map
01-13 08:49:23.886 1477 2049 W StorageManagerService: No primary storage defined yet; hacking together a stub
01-13 08:49:23.893 1477 1477 I SystemServerTiming: OnBootPhase_600_com.android.server.timedetector.TimeDetectorService$Lifecycle
01-13 08:49:23.893 1477 1477 I SystemServerTiming: OnBootPhase_600_com.android.server.timezonedetector.TimeZoneDetectorService$Lifecycle
01-13 08:49:23.893 1477 1477 I SystemServerTiming: OnBootPhase_600_com.android.server.timezonedetector.location.LocationTimeZoneManagerService$Lifecycle
01-13 08:49:23.893 1477 1477 I SystemServerTiming: OnBootPhase_600_com.android.server.search.SearchManagerService$Lifecycle
01-13 08:49:23.893 1477 1477 I SystemServerTiming: OnBootPhase_600_com.android.server.wallpaper.WallpaperManagerService$Lifecycle
01-13 08:49:23.893 1477 1477 I WallpaperManagerService: switch-user-0
01-13 08:49:23.894 1477 1477 V WallpaperManagerService: bindWallpaperComponentLocked: componentName=ComponentInfo{com.android.systemui/com.android.systemui.ImageWallpaper}
01-13 08:49:23.894 1477 1477 I SystemServerTiming: OnBootPhase_600_com.android.server.audio.AudioService$Lifecycle
01-13 08:49:23.894 1477 1477 I SystemServerTiming: OnBootPhase_600_com.android.server.soundtrigger_middleware.SoundTriggerMiddlewareService$Lifecycle
01-13 08:49:23.894 1477 1477 I SystemServerTiming: OnBootPhase_600_com.android.server.DockObserver
01-13 08:49:23.894 1477 1477 I SystemServerTiming: OnBootPhase_600_com.android.server.midi.MidiService$Lifecycle
01-13 08:49:23.894 1477 1477 I SystemServerTiming: OnBootPhase_600_com.android.server.adb.AdbService$Lifecycle
01-13 08:49:23.894 1477 1477 I SystemServerTiming: OnBootPhase_600_com.android.server.usb.UsbService$Lifecycle
01-13 08:49:23.894 1477 1477 I SystemServerTiming: OnBootPhase_600_com.android.server.twilight.TwilightService
01-13 08:49:23.894 1477 1477 I SystemServerTiming: OnBootPhase_600_com.android.server.display.color.ColorDisplayService
01-13 08:49:23.894 1477 1477 I SystemServerTiming: OnBootPhase_600_com.android.server.job.JobSchedulerService
01-01 08:00:12.907 0 0 I binder : 2068:2068 ioctl 40046210 ff8d8988 returned -22
01-13 08:49:23.900 1477 1557 D CompatibilityChangeReporter: Compat change id reported: 168936375; UID 1000; state: ENABLED
01-13 08:49:23.900 1477 1557 D CompatibilityChangeReporter: Compat change id reported: 168936375; UID 1000; state: DISABLED
01-13 08:49:23.902 1477 1477 I SystemServerTiming: OnBootPhase_600_com.android.server.soundtrigger.SoundTriggerService
01-13 08:49:23.902 1477 1477 D SoundTriggerService: onBootPhase: 600 : false
01-13 08:49:23.902 1477 1477 I SystemServerTiming: OnBootPhase_600_com.android.server.trust.TrustManagerService
01-01 08:00:12.912 0 0 I binder : 2069:2069 ioctl 40046210 7fffcc9b84 returned -22
01-13 08:49:23.903 1477 1477 D BiometricService: Sensor ID(0), oemStrength: 15, updatedStrength: 15, modality 2, state: 0, cookie: 0, props: ID: 0, Strength: 2, Type: 1, sensorId 0, hasEnrollments: false cannot participate in Keystore operations
01-13 08:49:23.906 1477 1477 I SystemServerTiming: OnBootPhase_600_com.android.server.backup.BackupManagerService$Lifecycle
01-13 08:49:23.906 1477 1477 I SystemServerTiming: OnBootPhase_600_com.android.server.appwidget.AppWidgetService
01-13 08:49:23.906 1477 1477 I SystemServerTiming: OnBootPhase_600_com.android.server.voiceinteraction.VoiceInteractionManagerService
01-13 08:49:23.909 1477 1477 I SystemServerTiming: OnBootPhase_600_com.android.server.apphibernation.AppHibernationService
01-13 08:49:23.909 1477 1477 I SystemServerTiming: OnBootPhase_600_com.android.server.SensorNotificationService
01-13 08:49:23.910 1477 1477 I SystemServerTiming: OnBootPhase_600_com.android.server.emergency.EmergencyAffordanceService
01-13 08:49:23.910 1477 1477 I SystemServerTiming: OnBootPhase_600_com.android.server.blob.BlobStoreManagerService
01-13 08:49:23.910 1178 1178 W iorapd : Readahead disabled by system property
01-13 08:49:23.911 1178 1178 W iorapd : Reconnect to package manager service: 1 times
01-13 08:49:23.914 1477 1477 I SystemServerTiming: OnBootPhase_600_com.android.server.dreams.DreamManagerService
01-13 08:49:23.914 1477 1477 I SystemServerTiming: OnBootPhase_600_com.android.server.companion.CompanionDeviceManagerService
01-13 08:49:23.914 1477 1477 I SystemServerTiming: OnBootPhase_600_com.android.server.restrictions.RestrictionsManagerService
01-13 08:49:23.914 1477 1477 I SystemServerTiming: OnBootPhase_600_com.android.server.media.MediaSessionService
01-13 08:49:23.914 1477 1477 I SystemServerTiming: OnBootPhase_600_com.android.server.media.MediaResourceMonitorService
01-13 08:49:23.914 1477 1477 I SystemServerTiming: OnBootPhase_600_com.android.server.biometrics.sensors.fingerprint.FingerprintService
01-13 08:49:23.914 1477 1477 I SystemServerTiming: OnBootPhase_600_com.android.server.biometrics.BiometricService
01-13 08:49:23.914 1477 1477 I SystemServerTiming: OnBootPhase_600_com.android.server.biometrics.AuthService
01-13 08:49:23.914 1477 1477 I SystemServerTiming: OnBootPhase_600_com.android.server.pm.ShortcutService$Lifecycle
01-13 08:49:23.914 1477 1477 I SystemServerTiming: OnBootPhase_600_com.android.server.pm.LauncherAppsService
01-13 08:49:23.914 1477 1477 I SystemServerTiming: OnBootPhase_600_com.android.server.pm.CrossProfileAppsService
01-13 08:49:23.914 1477 1477 I SystemServerTiming: OnBootPhase_600_com.android.server.people.PeopleService
01-13 08:49:23.914 1477 1477 I SystemServerTiming: OnBootPhase_600_com.android.server.media.metrics.MediaMetricsManagerService
01-13 08:49:23.915 1477 1477 I SystemServerTiming: OnBootPhase_600_com.android.server.media.projection.MediaProjectionManagerService
01-13 08:49:23.915 1477 1477 I SystemServerTiming: OnBootPhase_600_com.android.server.slice.SliceManagerService$Lifecycle
01-13 08:49:23.915 1477 1477 I SystemServerTiming: OnBootPhase_600_com.android.server.stats.StatsCompanion$Lifecycle
01-13 08:49:23.915 1477 1477 I SystemServerTiming: OnBootPhase_600_com.android.server.scheduling.RebootReadinessManagerService$Lifecycle
01-13 08:49:23.915 1477 1477 I SystemServerTiming: OnBootPhase_600_com.android.server.stats.pull.StatsPullAtomService
01-13 08:49:23.915 1477 1477 I SystemServerTiming: OnBootPhase_600_com.android.server.incident.IncidentCompanionService
01-13 08:49:23.915 1477 1477 I SystemServerTiming: OnBootPhase_600_com.android.server.MmsServiceBroker
01-13 08:49:23.915 1477 1574 D StatsPullAtomService: Registering NetworkStats pullers with statsd
01-13 08:49:23.915 1477 1477 I SystemServerTiming: OnBootPhase_600_com.android.server.autofill.AutofillManagerService
01-13 08:49:23.915 1477 1477 I SystemServerTiming: OnBootPhase_600_com.android.server.clipboard.ClipboardService
01-13 08:49:23.915 1477 1477 I SystemServerTiming: OnBootPhase_600_com.android.server.appbinding.AppBindingService$Lifecycle
01-13 08:49:23.915 1477 1477 I SystemServerTiming: OnBootPhase_600_com.android.server.tracing.TracingServiceProxy
01-13 08:49:23.915 1477 1477 I SystemServerTiming: OnBootPhase_600_com.android.server.policy.PermissionPolicyService
01-13 08:49:23.915 1477 1477 I SystemServerTiming: OnBootPhase_600_com.android.server.pm.StagingManager$Lifecycle
01-13 08:49:23.915 1477 1477 I SystemServerTiming: OnBootPhase_600_com.android.server.app.GameManagerService$Lifecycle
01-13 08:49:23.915 1477 1477 I SystemServerTiming: OnBootPhase_600_com.android.server.appsearch.AppSearchManagerService
01-13 08:49:23.915 1477 1477 I SystemServerTiming: OnBootPhase_600_com.android.server.media.MediaCommunicationService
01-13 08:49:23.915 1477 1477 I SystemServerTiming: StartNetworkStack
01-13 08:49:23.916 1477 1477 D ConnectivityModuleConnector: Starting networking module android.net.INetworkStackConnector
01-13 08:49:23.916 1477 2101 W PackageManager: Loading a package that does not exist for the calling user. package=null, user=0
01-13 08:49:23.916 1477 1477 D ConnectivityModuleConnector: Starting networking module in network_stack process
01-13 08:49:23.922 2103 2103 D iorap.prefetcherd: Installing minijail
01-13 08:49:23.922 2103 2103 W iorap.prefetcherd: No seccomp filter defined for this architecture.
01-13 08:49:23.924 1477 1510 W PackageManager: Loading a package that does not exist for the calling user. package=null, user=0
01-13 08:49:23.924 1477 1477 D CompatibilityChangeReporter: Compat change id reported: 135634846; UID 1073; state: DISABLED
01-13 08:49:23.924 1477 1477 D CompatibilityChangeReporter: Compat change id reported: 177438394; UID 1073; state: DISABLED
01-13 08:49:23.924 1477 1477 D CompatibilityChangeReporter: Compat change id reported: 135772972; UID 1073; state: DISABLED
01-13 08:49:23.924 1477 1477 D CompatibilityChangeReporter: Compat change id reported: 135754954; UID 1073; state: ENABLED
01-13 08:49:23.925 1477 1477 D ConnectivityModuleConnector: Networking module service start requested
01-13 08:49:23.925 1477 1477 I SystemServerTiming: StartTethering
01-13 08:49:23.925 1477 1477 D ConnectivityModuleConnector: Starting networking module android.net.ITetheringConnector
01-13 08:49:23.925 1477 1477 D ConnectivityModuleConnector: Starting networking module in network_stack process
01-13 08:49:23.928 1477 1477 D ConnectivityModuleConnector: Networking module service start requested
01-13 08:49:23.928 1477 1477 I SystemServerTiming: MakeCountryDetectionServiceReady
01-13 08:49:23.928 1477 1477 I SystemServerTiming: MakeNetworkTimeUpdateReady
01-13 08:49:23.930 1477 1477 I SystemServerTiming: MakeInputManagerServiceReady
01-13 08:49:23.931 1477 1477 I ActivityTaskManager: Config changes=4000 {1.0 ?mcc?mnc [zh_CN] ldltr sw720dp w1706dp h624dp 240dpi lrg long hdr land finger -keyb/v/h -nav/h winConfig={ mBounds=Rect(0, 0 - 2560, 1080) mAppBounds=Rect(0, 0 - 2560, 1008) mMaxBounds=Rect(0, 0 - 2560, 1080) mWindowingMode=fullscreen mDisplayWindowingMode=fullscreen mActivityType=undefined mAlwaysOnTop=undefined mRotation=ROTATION_0} s.10 fontWeightAdjustment=0}
01-13 08:49:23.932 1477 1477 I WindowManager: Override config changes=4000 {1.0 ?mcc?mnc [zh_CN] ldltr sw720dp w1706dp h624dp 240dpi lrg long hdr land finger -keyb/v/h -nav/h winConfig={ mBounds=Rect(0, 0 - 2560, 1080) mAppBounds=Rect(0, 0 - 2560, 1008) mMaxBounds=Rect(0, 0 - 2560, 1080) mWindowingMode=fullscreen mDisplayWindowingMode=fullscreen mActivityType=undefined mAlwaysOnTop=undefined mRotation=ROTATION_0} s.10 fontWeightAdjustment=0} for displayId=0
01-13 08:49:23.934 1477 1576 I ActivityManager: Start proc 2113:com.android.networkstack.process/1073 for service {com.android.networkstack/com.android.server.NetworkStackService}
01-13 08:49:23.934 1477 1477 I SystemServerTiming: MakeTelephonyRegistryReady
01-13 08:49:23.934 1477 1477 I SystemServerTiming: MakeMediaRouterServiceReady
01-13 08:49:23.934 1477 1477 I SystemServerTiming: MakeMmsServiceReady
01-13 08:49:23.934 1477 1477 I MmsServiceBroker: Delay connecting to MmsService until an API is called
01-13 08:49:23.934 1477 1477 I SystemServerTiming: IncidentDaemonReady
01-13 08:49:23.937 1477 1477 I SystemServerTiming: MakeIncrementalServiceReady
01-13 08:49:23.937 1477 1477 I SystemServerTiming: getCurrentUser
01-13 08:49:23.937 1477 1477 I ActivityManager: Current user:0
01-13 08:49:23.937 1477 1477 I SystemServerTiming: ActivityManagerStartApps
01-13 08:49:23.937 1477 1477 I SystemServerTiming: ssm.StartUser-0
01-13 08:49:23.937 1477 1477 I SystemServiceManager: Calling onStartUser 0
01-13 08:49:23.937 1477 1477 I SystemServerTiming: ssm.onStartUser-0_com.android.server.security.FileIntegrityService
01-13 08:49:23.937 1477 1477 I SystemServerTiming: ssm.onStartUser-0_com.android.server.pm.Installer
01-13 08:49:23.937 1477 1477 I SystemServerTiming: ssm.onStartUser-0_com.android.server.os.DeviceIdentifiersPolicyService
01-13 08:49:23.937 1477 1477 I SystemServerTiming: ssm.onStartUser-0_com.android.server.uri.UriGrantsManagerService$Lifecycle
01-13 08:49:23.937 1477 1477 I SystemServerTiming: ssm.onStartUser-0_com.android.server.powerstats.PowerStatsService
01-13 08:49:23.937 1477 1477 I SystemServerTiming: ssm.onStartUser-0_com.android.server.wm.ActivityTaskManagerService$Lifecycle
01-13 08:49:23.937 1477 1477 I SystemServerTiming: ssm.onStartUser-0_com.android.server.am.ActivityManagerService$Lifecycle
01-13 08:49:23.937 1477 1477 I SystemServerTiming: ssm.onStartUser-0_com.android.server.pm.DataLoaderManagerService
01-13 08:49:23.937 1477 1477 I SystemServerTiming: ssm.onStartUser-0_com.android.server.power.PowerManagerService
01-13 08:49:23.937 1477 1477 I SystemServerTiming: ssm.onStartUser-0_com.android.server.power.ThermalManagerService
01-13 08:49:23.937 1477 1477 I SystemServerTiming: ssm.onStartUser-0_com.android.server.power.hint.HintManagerService
01-13 08:49:23.937 1477 1477 I SystemServerTiming: ssm.onStartUser-0_com.android.server.recoverysystem.RecoverySystemService$Lifecycle
01-13 08:49:23.937 1477 1477 I SystemServerTiming: ssm.onStartUser-0_com.android.server.lights.LightsService
01-13 08:49:23.937 1477 1477 I SystemServerTiming: ssm.onStartUser-0_com.android.server.display.DisplayManagerService
01-13 08:49:23.937 1477 1477 I SystemServerTiming: ssm.onStartUser-0_com.android.server.pm.verify.domain.DomainVerificationService
01-13 08:49:23.937 1477 1477 I SystemServerTiming: ssm.onStartUser-0_com.android.server.pm.PackageInstallerService$Lifecycle
01-13 08:49:23.937 1477 1477 I SystemServerTiming: ssm.onStartUser-0_com.android.server.pm.UserManagerService$LifeCycle
01-13 08:49:23.937 1477 1477 I SystemServerTiming: ssm.onStartUser-0_com.android.server.om.OverlayManagerService
01-13 08:49:23.937 1477 1477 I SystemServerTiming: ssm.onStartUser-0_com.android.server.SensorPrivacyService
01-13 08:49:23.937 1477 1477 I SystemServerTiming: ssm.onStartUser-0_com.android.server.thunderperf.ThunderBoostPerfService
01-13 08:49:23.937 1477 1477 I SystemServerTiming: ssm.onStartUser-0_com.android.server.sensors.SensorService
01-13 08:49:23.937 1477 1477 I SystemServerTiming: ssm.onStartUser-0_com.android.server.SystemConfigService
01-13 08:49:23.937 1477 1477 I SystemServerTiming: ssm.onStartUser-0_com.android.server.BatteryService
01-13 08:49:23.937 1477 1477 I SystemServerTiming: ssm.onStartUser-0_com.android.server.usage.UsageStatsService
01-13 08:49:23.937 1477 1477 I SystemServerTiming: ssm.onStartUser-0_com.android.server.webkit.WebViewUpdateService
01-13 08:49:23.937 1477 1477 I SystemServerTiming: ssm.onStartUser-0_com.android.server.CachedDeviceStateService
01-13 08:49:23.937 1477 1477 I SystemServerTiming: ssm.onStartUser-0_com.android.server.BinderCallsStatsService$LifeCycle
01-13 08:49:23.937 1477 1477 I SystemServerTiming: ssm.onStartUser-0_com.android.server.LooperStatsService$Lifecycle
01-13 08:49:23.937 1477 1477 I SystemServerTiming: ssm.onStartUser-0_com.android.server.rollback.RollbackManagerService
01-13 08:49:23.937 1477 1477 I SystemServerTiming: ssm.onStartUser-0_com.android.server.os.NativeTombstoneManagerService
01-13 08:49:23.937 1477 1477 I SystemServerTiming: ssm.onStartUser-0_com.android.server.os.BugreportManagerService
01-13 08:49:23.937 1477 1477 I SystemServerTiming: ssm.onStartUser-0_com.android.server.gpu.GpuService
01-13 08:49:23.937 1477 1477 I SystemServerTiming: ssm.onStartUser-0_com.android.server.security.KeyChainSystemService
01-13 08:49:23.937 1477 1477 I SystemServerTiming: ssm.onStartUser-0_com.android.server.telecom.TelecomLoaderService
01-13 08:49:23.938 1477 1477 I SystemServerTiming: ssm.onStartUser-0_com.android.server.accounts.AccountManagerService$Lifecycle
01-13 08:49:23.938 1477 1477 I SystemServerTiming: ssm.onStartUser-0_com.android.server.content.ContentService$Lifecycle
01-13 08:49:23.938 1477 1477 I SystemServerTiming: ssm.onStartUser-0_com.android.server.DropBoxManagerService
01-13 08:49:23.938 1477 1477 I SystemServerTiming: ssm.onStartUser-0_com.android.role.RoleService
01-13 08:49:23.939 1477 1477 I SystemServerTiming: ssm.onStartUser-0_com.android.server.vibrator.VibratorManagerService$Lifecycle
01-13 08:49:23.939 1477 1477 I SystemServerTiming: ssm.onStartUser-0_com.android.server.alarm.AlarmManagerService
01-13 08:49:23.939 1477 1477 I SystemServerTiming: ssm.onStartUser-0_com.android.server.devicestate.DeviceStateManagerService
01-13 08:49:23.939 1477 1477 I SystemServerTiming: ssm.onStartUser-0_com.android.server.camera.CameraServiceProxy
01-13 08:49:23.941 1477 1477 I SystemServerTiming: ssm.onStartUser-0_com.android.server.BluetoothService
01-13 08:49:23.941 1477 1477 I SystemServerTiming: ssm.onStartUser-0_com.android.server.connectivity.IpConnectivityMetrics
01-13 08:49:23.941 1477 1477 I SystemServerTiming: ssm.onStartUser-0_com.android.server.net.watchlist.NetworkWatchlistService$Lifecycle
01-13 08:49:23.941 1477 1477 I SystemServerTiming: ssm.onStartUser-0_com.android.server.PinnerService
01-13 08:49:23.941 1477 1477 I SystemServerTiming: ssm.onStartUser-0_com.google.android.startop.iorap.IorapForwardingService
01-13 08:49:23.941 1477 1477 I SystemServerTiming: ssm.onStartUser-0_com.android.server.ActivityTriggerService
01-13 08:49:23.941 1477 1477 I SystemServerTiming: ssm.onStartUser-0_com.android.server.integrity.AppIntegrityManagerService
01-13 08:49:23.941 1477 1477 I SystemServerTiming: ssm.onStartUser-0_com.android.server.inputmethod.InputMethodManagerService$Lifecycle
01-13 08:49:23.941 1477 1477 I SystemServerTiming: ssm.onStartUser-0_com.android.server.accessibility.AccessibilityManagerService$Lifecycle
01-13 08:49:23.941 1477 1477 I SystemServerTiming: ssm.onStartUser-0_com.android.server.StorageManagerService$Lifecycle
01-13 08:49:23.942 1477 1477 V StorageManagerService: Package com.sohu.inputmethod.sogou.car has legacy storage
01-13 08:49:23.942 1477 1477 V StorageManagerService: Package android.frameworkres.overlay does not have legacy storage
01-13 08:49:23.942 1477 1477 V StorageManagerService: Package com.android.cts.priv.ctsshim does not have legacy storage
01-13 08:49:23.942 1477 1477 V StorageManagerService: Package com.thundercomm.gamemode.provider does not have legacy storage
01-13 08:49:23.942 1477 1477 V StorageManagerService: Package com.thundercomm.gamemode does not have legacy storage
01-13 08:49:23.942 1477 1477 V StorageManagerService: Package com.thundercomm.microservice does not have legacy storage
01-13 08:49:23.942 1477 1477 V StorageManagerService: Package com.android.dynsystem does not have legacy storage
01-13 08:49:23.942 1477 1477 V StorageManagerService: Package com.hht.lebocast does not have legacy storage
01-13 08:49:23.942 1477 1477 V StorageManagerService: Package com.android.providers.calendar does not have legacy storage
01-13 08:49:23.942 1477 1477 V StorageManagerService: Package com.android.providers.media does not have legacy storage
01-13 08:49:23.942 1477 1477 V StorageManagerService: Package com.tencent.tmgp.sgame has legacy storage
01-13 08:49:23.942 1477 1477 V StorageManagerService: Package com.android.internal.systemui.navbar.gestural_wide_back does not have legacy storage
01-13 08:49:23.942 1477 1477 V StorageManagerService: Package com.sohu.inputmethod.sogou has legacy storage
01-13 08:49:23.942 1477 1477 V StorageManagerService: Package com.android.wallpapercropper does not have legacy storage
01-13 08:49:23.942 1477 1477 V StorageManagerService: Package com.thundercomm.microsettings does not have legacy storage
01-13 08:49:23.942 1477 1477 V StorageManagerService: Package com.yiche.autoeasy has legacy storage
01-13 08:49:23.942 1477 1477 V StorageManagerService: Package com.youku.phone does not have legacy storage
01-13 08:49:23.942 1477 1477 V StorageManagerService: Package com.ss.android.ugc.live does not have legacy storage
01-13 08:49:23.942 1477 1477 V StorageManagerService: Package com.huawei.appmarket does not have legacy storage
01-13 08:49:23.942 1477 1477 V StorageManagerService: Package com.tencent.qqmusic has legacy storage
01-13 08:49:23.942 1477 1477 V StorageManagerService: Package com.qiyi.video.pad does not have legacy storage
01-13 08:49:23.942 1477 1477 V StorageManagerService: Package com.qualcomm.qti.gpudrivers.kona.api30 does not have legacy storage
01-13 08:49:23.942 1477 1477 V StorageManagerService: Package com.android.documentsui does not have legacy storage
01-13 08:49:23.943 1477 1477 V StorageManagerService: Package com.android.externalstorage does not have legacy storage
01-13 08:49:23.943 1477 1477 V StorageManagerService: Package com.android.htmlviewer does not have legacy storage
01-13 08:49:23.943 1477 1477 V StorageManagerService: Package com.qualcomm.qti.uceShimService does not have legacy storage
01-13 08:49:23.943 1477 1477 V StorageManagerService: Package com.android.companiondevicemanager does not have legacy storage
01-13 08:49:23.943 1477 1477 V StorageManagerService: Package com.qualcomm.qti.qms.service.connectionsecurity does not have legacy storage
01-13 08:49:23.943 1477 1477 V StorageManagerService: Package com.android.providers.downloads does not have legacy storage
01-13 08:49:23.943 1477 1477 V StorageManagerService: Package com.android.internal.systemui.onehanded.gestural does not have legacy storage
01-13 08:49:23.943 1477 1477 V StorageManagerService: Package vendor.qti.hardware.cacert.server does not have legacy storage
01-13 08:49:23.943 1477 1477 V StorageManagerService: Package com.thundercomm.tchttpserver does not have legacy storage
01-13 08:49:23.943 1477 1477 V StorageManagerService: Package vendor.qti.iwlan does not have legacy storage
01-13 08:49:23.943 1477 1477 V StorageManagerService: Package com.tc.logclient does not have legacy storage
01-13 08:49:23.943 1477 1477 V StorageManagerService: Package android.qvaoverlay.common does not have legacy storage
01-13 08:49:23.943 1477 1477 V StorageManagerService: Package com.android.providers.downloads.ui does not have legacy storage
01-13 08:49:23.943 1477 1477 V StorageManagerService: Package com.android.pacprocessor does not have legacy storage
01-13 08:49:23.943 1477 1477 V StorageManagerService: Package com.android.networkstack does not have legacy storage
01-13 08:49:23.943 1477 1477 V StorageManagerService: Package com.xingin.xhs does not have legacy storage
01-13 08:49:23.943 1477 1477 V StorageManagerService: Package android.overlay.common does not have legacy storage
01-13 08:49:23.943 1477 1477 V StorageManagerService: Package com.android.connectivity.resources does not have legacy storage
01-13 08:49:23.943 1477 1477 V StorageManagerService: Package com.android.modulemetadata does not have legacy storage
01-13 08:49:23.943 1477 1477 V StorageManagerService: Package com.android.certinstaller does not have legacy storage
01-13 08:49:23.943 1477 1477 V StorageManagerService: Package android does not have legacy storage
01-13 08:49:23.943 1477 1477 V StorageManagerService: Package com.qualcomm.wfd.service does not have legacy storage
01-13 08:49:23.943 1477 1477 V StorageManagerService: Package com.thundercomm.tcsetupwizard does not have legacy storage
01-13 08:49:23.943 1477 1477 V StorageManagerService: Package ts.car.uart does not have legacy storage
01-13 08:49:23.943 1477 1477 V StorageManagerService: Package com.android.egg does not have legacy storage
01-13 08:49:23.943 1477 1477 V StorageManagerService: Package com.android.mtp does not have legacy storage
01-13 08:49:23.943 1477 1477 V StorageManagerService: Package com.android.nfc does not have legacy storage
01-13 08:49:23.943 1477 1477 V StorageManagerService: Package com.android.launcher3 does not have legacy storage
01-13 08:49:23.943 1477 1477 V StorageManagerService: Package com.android.backupconfirm does not have legacy storage
01-13 08:49:23.943 1477 1477 V StorageManagerService: Package vendor.qti.qesdk.sysservice does not have legacy storage
01-13 08:49:23.943 1477 1477 V StorageManagerService: Package com.hryt.hiphishowfsecontrol does not have legacy storage
01-13 08:49:23.943 1477 1477 V StorageManagerService: Package com.android.provision does not have legacy storage
01-13 08:49:23.943 1477 1477 V StorageManagerService: Package android.overlay.target does not have legacy storage
01-13 08:49:23.943 1477 1477 V StorageManagerService: Package com.microsoft.emmx does not have legacy storage
01-13 08:49:23.944 1477 1477 V StorageManagerService: Package com.qti.pasrservice does not have legacy storage
01-13 08:49:23.944 1477 1477 V StorageManagerService: Package com.android.settings.intelligence does not have legacy storage
01-13 08:49:23.944 1477 1477 V StorageManagerService: Package com.android.calendar does not have legacy storage
01-13 08:49:23.944 1477 1477 V StorageManagerService: Package com.android.internal.systemui.navbar.gestural_extra_wide_back does not have legacy storage
01-13 08:49:23.944 1477 1477 V StorageManagerService: Package com.qualcomm.qti.dynamicddsservice does not have legacy storage
01-13 08:49:23.944 1477 1477 V StorageManagerService: Package com.qualcomm.qti.xrvd.service does not have legacy storage
01-13 08:49:23.944 1477 1477 V StorageManagerService: Package com.android.providers.settings does not have legacy storage
01-13 08:49:23.944 1477 1477 V StorageManagerService: Package com.android.sharedstoragebackup does not have legacy storage
01-13 08:49:23.944 1477 1477 V StorageManagerService: Package com.android.printspooler does not have legacy storage
01-13 08:49:23.944 1477 1477 V StorageManagerService: Package com.qti.qualcomm.mstatssystemservice does not have legacy storage
01-13 08:49:23.944 1477 1477 V StorageManagerService: Package com.qualcomm.qti.services.systemhelper does not have legacy storage
01-13 08:49:23.944 1477 1477 V StorageManagerService: Package com.android.wifi.resources.overlay.common does not have legacy storage
01-13 08:49:23.944 1477 1477 V StorageManagerService: Package com.android.dreams.basic does not have legacy storage
01-13 08:49:23.944 1477 1477 V StorageManagerService: Package com.tencent.qqlive does not have legacy storage
01-13 08:49:23.944 1477 1477 V StorageManagerService: Package com.android.webview does not have legacy storage
01-13 08:49:23.944 1477 1477 V StorageManagerService: Package com.android.se does not have legacy storage
01-13 08:49:23.944 1477 1477 V StorageManagerService: Package com.android.inputdevices does not have legacy storage
01-13 08:49:23.944 1477 1477 V StorageManagerService: Package com.android.bips does not have legacy storage
01-13 08:49:23.944 1477 1477 V StorageManagerService: Package com.qti.dpmserviceapp does not have legacy storage
01-13 08:49:23.944 1477 1477 V StorageManagerService: Package com.thundercomm.remotecontrolservice does not have legacy storage
01-13 08:49:23.944 1477 1477 V StorageManagerService: Package com.android.musicfx does not have legacy storage
01-13 08:49:23.944 1477 1477 V StorageManagerService: Package com.android.settings.overlay.common does not have legacy storage
01-13 08:49:23.944 1477 1477 V StorageManagerService: Package com.qualcomm.qti.qccnetstat does not have legacy storage
01-13 08:49:23.944 1477 1477 V StorageManagerService: Package tv.danmaku.bilibilihd does not have legacy storage
01-13 08:49:23.944 1477 1477 V StorageManagerService: Package android.ext.shared does not have legacy storage
01-01 08:00:12.957 0 0 I binder : 1997:1997 ioctl 40046210 7fffcc9344 returned -22
01-13 08:49:23.944 1477 1477 V StorageManagerService: Package com.android.onetimeinitializer does not have legacy storage
01-13 08:49:23.944 1477 1477 V StorageManagerService: Package com.ss.android.article.news has legacy storage
01-13 08:49:23.944 1477 1477 V StorageManagerService: Package com.android.server.telecom does not have legacy storage
01-13 08:49:23.944 1477 1477 V StorageManagerService: Package com.hunantv.imgo.activity does not have legacy storage
01-13 08:49:23.945 1477 1477 V StorageManagerService: Package com.android.keychain does not have legacy storage
01-13 08:49:23.945 1477 1477 V StorageManagerService: Package com.qti.snapdragon.qdcm_ff does not have legacy storage
01-13 08:49:23.945 1477 1477 V StorageManagerService: Package com.android.wifi.resources.overlay.target does not have legacy storage
01-13 08:49:23.945 1477 1477 V StorageManagerService: Package com.android.printservice.recommendation does not have legacy storage
01-13 08:49:23.945 1477 1477 V StorageManagerService: Package com.thundercomm.mcuupgrade does not have legacy storage
01-13 08:49:23.945 1477 1477 V StorageManagerService: Package com.android.gallery3d has legacy storage
01-13 08:49:23.945 1477 1477 V StorageManagerService: Package android.ext.services does not have legacy storage
01-13 08:49:23.945 1477 1477 V StorageManagerService: Package com.android.wifi.resources does not have legacy storage
01-13 08:49:23.945 1477 1477 V StorageManagerService: Package com.baidu.input does not have legacy storage
01-13 08:49:23.945 1477 1477 V StorageManagerService: Package com.android.systemui.overlay.common does not have legacy storage
01-13 08:49:23.945 1477 1477 V StorageManagerService: Package com.android.cameraextensions does not have legacy storage
01-13 08:49:23.945 1477 1477 V StorageManagerService: Package com.thundercomm.tcservice does not have legacy storage
01-13 08:49:23.945 1477 1477 V StorageManagerService: Package com.ss.android.lark does not have legacy storage
01-13 08:49:23.945 1477 1477 V StorageManagerService: Package com.android.localtransport does not have legacy storage
01-13 08:49:23.945 1477 1477 V StorageManagerService: Package com.android.packageinstaller does not have legacy storage
01-13 08:49:23.945 1477 1477 V StorageManagerService: Package com.netease.newsreader.activity does not have legacy storage
01-13 08:49:23.945 1477 1477 V StorageManagerService: Package com.qualcomm.qti.devicestatisticsservice does not have legacy storage
01-13 08:49:23.945 1477 1477 V StorageManagerService: Package com.kugou.android has legacy storage
01-13 08:49:23.945 1477 1477 V StorageManagerService: Package com.android.theme.font.notoserifsource does not have legacy storage
01-13 08:49:23.945 1477 1477 V StorageManagerService: Package com.kuaishou.nebula has legacy storage
01-13 08:49:23.945 1477 1477 V StorageManagerService: Package com.android.proxyhandler does not have legacy storage
01-13 08:49:23.945 1477 1477 V StorageManagerService: Package com.android.internal.display.cutout.emulation.waterfall does not have legacy storage
01-13 08:49:23.945 1477 1477 V StorageManagerService: Package com.qualcomm.qti.workloadclassifier does not have legacy storage
01-13 08:49:23.945 1477 1477 V StorageManagerService: Package com.android.inputmethod.latin does not have legacy storage
01-13 08:49:23.945 1477 1477 V StorageManagerService: Package com.android.providers.settings.overlay does not have legacy storage
01-13 08:49:23.945 1477 1477 V StorageManagerService: Package com.android.managedprovisioning does not have legacy storage
01-13 08:49:23.945 1477 1477 V StorageManagerService: Package com.android.networkstack.tethering does not have legacy storage
01-13 08:49:23.945 1477 1477 V StorageManagerService: Package com.android.soundpicker does not have legacy storage
01-13 08:49:23.945 1477 1477 V StorageManagerService: Package com.android.dreams.phototable does not have legacy storage
01-13 08:49:23.945 1477 1477 V StorageManagerService: Package com.ximalaya.ting.android has legacy storage
01-13 08:49:23.945 1477 1477 V StorageManagerService: Package com.thundercomm.screensaver does not have legacy storage
01-13 08:49:23.945 1477 1477 V StorageManagerService: Package com.coolapk.market does not have legacy storage
01-13 08:49:23.945 1477 1477 V StorageManagerService: Package com.android.wallpaper.livepicker does not have legacy storage
01-13 08:49:23.946 1477 1477 V StorageManagerService: Package com.android.apps.tag does not have legacy storage
01-13 08:49:23.946 1477 1477 V StorageManagerService: Package com.miHoYo.Yuanshen does not have legacy storage
01-13 08:49:23.946 1477 1477 V StorageManagerService: Package com.android.storagemanager does not have legacy storage
01-13 08:49:23.946 1477 1477 V StorageManagerService: Package com.android.bookmarkprovider does not have legacy storage
01-13 08:49:23.946 1477 1477 V StorageManagerService: Package com.android.settings does not have legacy storage
01-13 08:49:23.946 1477 1477 V StorageManagerService: Package com.cmcc.cmvideo has legacy storage
01-13 08:49:23.946 1477 1477 V StorageManagerService: Package com.android.networkstack.permissionconfig does not have legacy storage
01-13 08:49:23.946 1477 1477 V StorageManagerService: Package com.qualcomm.location does not have legacy storage
01-13 08:49:23.946 1477 1477 V StorageManagerService: Package ctrip.android.view has legacy storage
01-13 08:49:23.946 1477 1477 V StorageManagerService: Package com.android.cts.ctsshim does not have legacy storage
01-13 08:49:23.946 1477 1477 V StorageManagerService: Package com.tencent.wemeet.app does not have legacy storage
01-13 08:49:23.946 1477 1477 V StorageManagerService: Package com.qti.diagservices does not have legacy storage
01-13 08:49:23.946 1477 1477 V StorageManagerService: Package com.android.vpndialogs does not have legacy storage
01-13 08:49:23.946 1477 1477 V StorageManagerService: Package com.qualcomm.location.XT does not have legacy storage
01-13 08:49:23.946 1477 1477 V StorageManagerService: Package com.android.music does not have legacy storage
01-13 08:49:23.946 1477 1477 V StorageManagerService: Package com.android.shell does not have legacy storage
01-13 08:49:23.946 1477 1477 V StorageManagerService: Package com.android.wallpaperbackup does not have legacy storage
01-13 08:49:23.946 1477 1477 V StorageManagerService: Package com.android.providers.userdictionary does not have legacy storage
01-13 08:49:23.946 1477 1477 V StorageManagerService: Package com.android.providers.media.module does not have legacy storage
01-13 08:49:23.946 1477 1477 V StorageManagerService: Package com.android.emergency does not have legacy storage
