01-01 08:00:10.971 1477 1477 W android.permission.PermissionManager: Missing ActivityManager; assuming 1000 holds android.permission.SET_PREFERRED_APPLICATIONS
01-01 08:00:10.971 1477 1477 W android.permission.PermissionManager: Missing ActivityManager; assuming 1000 holds android.permission.SET_PREFERRED_APPLICATIONS
01-01 08:00:10.971 1477 1477 W android.permission.PermissionManager: Missing ActivityManager; assuming 1000 holds android.permission.SET_PREFERRED_APPLICATIONS
01-01 08:00:10.972 1477 1477 W android.permission.PermissionManager: Missing ActivityManager; assuming 1000 holds android.permission.SET_PREFERRED_APPLICATIONS
01-01 08:00:10.972 1477 1477 W android.permission.PermissionManager: Missing ActivityManager; assuming 1000 holds android.permission.SET_PREFERRED_APPLICATIONS
01-01 08:00:10.972 1477 1477 W android.permission.PermissionManager: Missing ActivityManager; assuming 1000 holds android.permission.SET_PREFERRED_APPLICATIONS
01-01 08:00:10.972 1477 1477 W android.permission.PermissionManager: Missing ActivityManager; assuming 1000 holds android.permission.SET_PREFERRED_APPLICATIONS
01-01 08:00:10.972 1477 1477 W android.permission.PermissionManager: Missing ActivityManager; assuming 1000 holds android.permission.SET_PREFERRED_APPLICATIONS
01-01 08:00:10.972 1477 1477 W android.permission.PermissionManager: Missing ActivityManager; assuming 1000 holds android.permission.SET_PREFERRED_APPLICATIONS
01-01 08:00:10.972 1477 1477 W android.permission.PermissionManager: Missing ActivityManager; assuming 1000 holds android.permission.SET_PREFERRED_APPLICATIONS
01-01 08:00:10.972 1477 1477 W android.permission.PermissionManager: Missing ActivityManager; assuming 1000 holds android.permission.SET_PREFERRED_APPLICATIONS
01-01 08:00:10.972 1477 1477 W android.permission.PermissionManager: Missing ActivityManager; assuming 1000 holds android.permission.SET_PREFERRED_APPLICATIONS
01-01 08:00:10.972 1477 1477 W android.permission.PermissionManager: Missing ActivityManager; assuming 1000 holds android.permission.SET_PREFERRED_APPLICATIONS
01-01 08:00:10.972 1477 1477 W android.permission.PermissionManager: Missing ActivityManager; assuming 1000 holds android.permission.SET_PREFERRED_APPLICATIONS
01-01 08:00:10.972 1477 1477 W android.permission.PermissionManager: Missing ActivityManager; assuming 1000 holds android.permission.SET_PREFERRED_APPLICATIONS
01-01 08:00:10.973 1477 1477 W android.permission.PermissionManager: Missing ActivityManager; assuming 1000 holds android.permission.SET_PREFERRED_APPLICATIONS
01-01 08:00:10.973 1477 1477 W android.permission.PermissionManager: Missing ActivityManager; assuming 1000 holds android.permission.SET_PREFERRED_APPLICATIONS
01-01 08:00:10.973 1477 1477 W android.permission.PermissionManager: Missing ActivityManager; assuming 1000 holds android.permission.SET_PREFERRED_APPLICATIONS
01-01 08:00:10.973 1477 1477 W android.permission.PermissionManager: Missing ActivityManager; assuming 1000 holds android.permission.SET_PREFERRED_APPLICATIONS
01-01 08:00:10.973 1477 1477 W android.permission.PermissionManager: Missing ActivityManager; assuming 1000 holds android.permission.SET_PREFERRED_APPLICATIONS
01-01 08:00:10.973 1477 1477 W android.permission.PermissionManager: Missing ActivityManager; assuming 1000 holds android.permission.SET_PREFERRED_APPLICATIONS
01-01 08:00:10.973 1477 1477 W android.permission.PermissionManager: Missing ActivityManager; assuming 1000 holds android.permission.SET_PREFERRED_APPLICATIONS
01-01 08:00:10.973 1477 1477 W android.permission.PermissionManager: Missing ActivityManager; assuming 1000 holds android.permission.SET_PREFERRED_APPLICATIONS
01-01 08:00:10.973 1477 1477 W android.permission.PermissionManager: Missing ActivityManager; assuming 1000 holds android.permission.SET_PREFERRED_APPLICATIONS
01-01 08:00:10.973 1477 1477 W android.permission.PermissionManager: Missing ActivityManager; assuming 1000 holds android.permission.SET_PREFERRED_APPLICATIONS
01-01 08:00:10.974 1477 1477 W android.permission.PermissionManager: Missing ActivityManager; assuming 1000 holds android.permission.SET_PREFERRED_APPLICATIONS
01-01 08:00:10.974 1477 1477 W android.permission.PermissionManager: Missing ActivityManager; assuming 1000 holds android.permission.SET_PREFERRED_APPLICATIONS
01-01 08:00:10.974 1477 1477 W android.permission.PermissionManager: Missing ActivityManager; assuming 1000 holds android.permission.SET_PREFERRED_APPLICATIONS
01-01 08:00:10.974 1477 1477 W android.permission.PermissionManager: Missing ActivityManager; assuming 1000 holds android.permission.SET_PREFERRED_APPLICATIONS
01-01 08:00:10.974 1477 1477 W android.permission.PermissionManager: Missing ActivityManager; assuming 1000 holds android.permission.SET_PREFERRED_APPLICATIONS
01-01 08:00:10.974 1477 1477 W android.permission.PermissionManager: Missing ActivityManager; assuming 1000 holds android.permission.SET_PREFERRED_APPLICATIONS
01-01 08:00:10.974 1477 1477 W android.permission.PermissionManager: Missing ActivityManager; assuming 1000 holds android.permission.SET_PREFERRED_APPLICATIONS
01-01 08:00:10.974 1477 1477 W android.permission.PermissionManager: Missing ActivityManager; assuming 1000 holds android.permission.SET_PREFERRED_APPLICATIONS
01-01 08:00:10.974 1477 1477 W android.permission.PermissionManager: Missing ActivityManager; assuming 1000 holds android.permission.SET_PREFERRED_APPLICATIONS
01-01 08:00:10.974 1477 1477 W android.permission.PermissionManager: Missing ActivityManager; assuming 1000 holds android.permission.SET_PREFERRED_APPLICATIONS
01-01 08:00:10.974 1477 1477 W android.permission.PermissionManager: Missing ActivityManager; assuming 1000 holds android.permission.SET_PREFERRED_APPLICATIONS
01-01 08:00:10.975 1477 1477 W android.permission.PermissionManager: Missing ActivityManager; assuming 1000 holds android.permission.SET_PREFERRED_APPLICATIONS
01-01 08:00:10.975 1477 1477 W android.permission.PermissionManager: Missing ActivityManager; assuming 1000 holds android.permission.SET_PREFERRED_APPLICATIONS
01-01 08:00:10.975 1477 1477 W android.permission.PermissionManager: Missing ActivityManager; assuming 1000 holds android.permission.SET_PREFERRED_APPLICATIONS
01-01 08:00:10.975 1477 1477 W android.permission.PermissionManager: Missing ActivityManager; assuming 1000 holds android.permission.SET_PREFERRED_APPLICATIONS
01-01 08:00:10.975 1477 1477 W android.permission.PermissionManager: Missing ActivityManager; assuming 1000 holds android.permission.SET_PREFERRED_APPLICATIONS
01-01 08:00:10.975 1477 1477 W android.permission.PermissionManager: Missing ActivityManager; assuming 1000 holds android.permission.SET_PREFERRED_APPLICATIONS
01-01 08:00:10.975 1477 1477 W android.permission.PermissionManager: Missing ActivityManager; assuming 1000 holds android.permission.SET_PREFERRED_APPLICATIONS
01-01 08:00:10.975 1477 1477 W android.permission.PermissionManager: Missing ActivityManager; assuming 1000 holds android.permission.SET_PREFERRED_APPLICATIONS
01-01 08:00:10.975 1477 1477 W android.permission.PermissionManager: Missing ActivityManager; assuming 1000 holds android.permission.SET_PREFERRED_APPLICATIONS
01-01 08:00:10.975 1477 1477 W android.permission.PermissionManager: Missing ActivityManager; assuming 1000 holds android.permission.SET_PREFERRED_APPLICATIONS
01-01 08:00:10.975 1477 1477 W android.permission.PermissionManager: Missing ActivityManager; assuming 1000 holds android.permission.SET_PREFERRED_APPLICATIONS
01-01 08:00:10.975 1477 1477 W android.permission.PermissionManager: Missing ActivityManager; assuming 1000 holds android.permission.SET_PREFERRED_APPLICATIONS
01-01 08:00:10.975 1477 1477 W android.permission.PermissionManager: Missing ActivityManager; assuming 1000 holds android.permission.SET_PREFERRED_APPLICATIONS
01-01 08:00:10.975 1477 1477 W android.permission.PermissionManager: Missing ActivityManager; assuming 1000 holds android.permission.SET_PREFERRED_APPLICATIONS
01-01 08:00:10.976 1477 1477 W android.permission.PermissionManager: Missing ActivityManager; assuming 1000 holds android.permission.SET_PREFERRED_APPLICATIONS
01-01 08:00:10.976 1477 1477 W android.permission.PermissionManager: Missing ActivityManager; assuming 1000 holds android.permission.SET_PREFERRED_APPLICATIONS
01-01 08:00:10.976 1477 1477 W android.permission.PermissionManager: Missing ActivityManager; assuming 1000 holds android.permission.SET_PREFERRED_APPLICATIONS
01-01 08:00:10.976 1477 1477 W android.permission.PermissionManager: Missing ActivityManager; assuming 1000 holds android.permission.SET_PREFERRED_APPLICATIONS
01-01 08:00:10.976 1477 1477 W android.permission.PermissionManager: Missing ActivityManager; assuming 1000 holds android.permission.SET_PREFERRED_APPLICATIONS
01-01 08:00:10.976 1477 1477 W android.permission.PermissionManager: Missing ActivityManager; assuming 1000 holds android.permission.SET_PREFERRED_APPLICATIONS
01-01 08:00:10.976 1477 1477 W android.permission.PermissionManager: Missing ActivityManager; assuming 1000 holds android.permission.SET_PREFERRED_APPLICATIONS
01-01 08:00:10.976 1477 1477 W android.permission.PermissionManager: Missing ActivityManager; assuming 1000 holds android.permission.SET_PREFERRED_APPLICATIONS
01-01 08:00:10.976 1477 1477 W android.permission.PermissionManager: Missing ActivityManager; assuming 1000 holds android.permission.SET_PREFERRED_APPLICATIONS
01-01 08:00:10.976 1477 1477 W android.permission.PermissionManager: Missing ActivityManager; assuming 1000 holds android.permission.SET_PREFERRED_APPLICATIONS
01-01 08:00:10.976 1477 1477 W android.permission.PermissionManager: Missing ActivityManager; assuming 1000 holds android.permission.SET_PREFERRED_APPLICATIONS
01-01 08:00:10.976 1477 1477 W android.permission.PermissionManager: Missing ActivityManager; assuming 1000 holds android.permission.SET_PREFERRED_APPLICATIONS
01-01 08:00:10.976 1477 1477 W android.permission.PermissionManager: Missing ActivityManager; assuming 1000 holds android.permission.SET_PREFERRED_APPLICATIONS
01-01 08:00:10.976 1477 1477 W android.permission.PermissionManager: Missing ActivityManager; assuming 1000 holds android.permission.SET_PREFERRED_APPLICATIONS
01-01 08:00:10.977 1477 1477 W android.permission.PermissionManager: Missing ActivityManager; assuming 1000 holds android.permission.SET_PREFERRED_APPLICATIONS
01-01 08:00:10.977 1477 1477 W android.permission.PermissionManager: Missing ActivityManager; assuming 1000 holds android.permission.SET_PREFERRED_APPLICATIONS
01-01 08:00:10.977 1477 1477 W android.permission.PermissionManager: Missing ActivityManager; assuming 1000 holds android.permission.SET_PREFERRED_APPLICATIONS
01-01 08:00:10.977 1477 1477 W android.permission.PermissionManager: Missing ActivityManager; assuming 1000 holds android.permission.SET_PREFERRED_APPLICATIONS
01-01 08:00:10.977 1477 1477 W android.permission.PermissionManager: Missing ActivityManager; assuming 1000 holds android.permission.SET_PREFERRED_APPLICATIONS
01-01 08:00:10.977 1477 1477 W android.permission.PermissionManager: Missing ActivityManager; assuming 1000 holds android.permission.SET_PREFERRED_APPLICATIONS
01-01 08:00:10.977 1477 1477 W android.permission.PermissionManager: Missing ActivityManager; assuming 1000 holds android.permission.SET_PREFERRED_APPLICATIONS
01-01 08:00:10.977 1477 1477 W android.permission.PermissionManager: Missing ActivityManager; assuming 1000 holds android.permission.SET_PREFERRED_APPLICATIONS
01-01 08:00:10.977 1477 1477 W android.permission.PermissionManager: Missing ActivityManager; assuming 1000 holds android.permission.SET_PREFERRED_APPLICATIONS
01-01 08:00:10.977 1477 1477 W android.permission.PermissionManager: Missing ActivityManager; assuming 1000 holds android.permission.SET_PREFERRED_APPLICATIONS
01-01 08:00:10.977 1477 1477 W android.permission.PermissionManager: Missing ActivityManager; assuming 1000 holds android.permission.SET_PREFERRED_APPLICATIONS
01-01 08:00:10.977 1477 1477 W android.permission.PermissionManager: Missing ActivityManager; assuming 1000 holds android.permission.SET_PREFERRED_APPLICATIONS
01-01 08:00:10.977 1477 1477 W android.permission.PermissionManager: Missing ActivityManager; assuming 1000 holds android.permission.SET_PREFERRED_APPLICATIONS
01-01 08:00:10.977 1477 1477 W android.permission.PermissionManager: Missing ActivityManager; assuming 1000 holds android.permission.SET_PREFERRED_APPLICATIONS
01-01 08:00:10.978 1477 1477 W android.permission.PermissionManager: Missing ActivityManager; assuming 1000 holds android.permission.SET_PREFERRED_APPLICATIONS
01-01 08:00:10.978 1477 1477 W android.permission.PermissionManager: Missing ActivityManager; assuming 1000 holds android.permission.SET_PREFERRED_APPLICATIONS
01-01 08:00:10.978 1477 1477 W android.permission.PermissionManager: Missing ActivityManager; assuming 1000 holds android.permission.SET_PREFERRED_APPLICATIONS
01-01 08:00:10.978 1477 1477 W android.permission.PermissionManager: Missing ActivityManager; assuming 1000 holds android.permission.SET_PREFERRED_APPLICATIONS
01-01 08:00:10.978 1477 1477 W android.permission.PermissionManager: Missing ActivityManager; assuming 1000 holds android.permission.SET_PREFERRED_APPLICATIONS
01-01 08:00:10.978 1477 1477 W android.permission.PermissionManager: Missing ActivityManager; assuming 1000 holds android.permission.SET_PREFERRED_APPLICATIONS
01-01 08:00:10.978 1477 1477 W android.permission.PermissionManager: Missing ActivityManager; assuming 1000 holds android.permission.SET_PREFERRED_APPLICATIONS
01-01 08:00:10.978 1477 1477 W android.permission.PermissionManager: Missing ActivityManager; assuming 1000 holds android.permission.SET_PREFERRED_APPLICATIONS
01-01 08:00:10.978 1477 1477 W android.permission.PermissionManager: Missing ActivityManager; assuming 1000 holds android.permission.SET_PREFERRED_APPLICATIONS
01-01 08:00:10.978 1477 1477 W android.permission.PermissionManager: Missing ActivityManager; assuming 1000 holds android.permission.SET_PREFERRED_APPLICATIONS
01-01 08:00:10.978 1477 1477 W android.permission.PermissionManager: Missing ActivityManager; assuming 1000 holds android.permission.SET_PREFERRED_APPLICATIONS
01-01 08:00:10.978 1477 1477 W android.permission.PermissionManager: Missing ActivityManager; assuming 1000 holds android.permission.SET_PREFERRED_APPLICATIONS
01-01 08:00:10.978 1477 1477 W android.permission.PermissionManager: Missing ActivityManager; assuming 1000 holds android.permission.SET_PREFERRED_APPLICATIONS
01-01 08:00:10.979 1477 1477 W android.permission.PermissionManager: Missing ActivityManager; assuming 1000 holds android.permission.SET_PREFERRED_APPLICATIONS
01-01 08:00:10.979 1477 1477 W android.permission.PermissionManager: Missing ActivityManager; assuming 1000 holds android.permission.SET_PREFERRED_APPLICATIONS
01-01 08:00:10.979 1477 1477 W android.permission.PermissionManager: Missing ActivityManager; assuming 1000 holds android.permission.SET_PREFERRED_APPLICATIONS
01-01 08:00:10.979 1477 1477 W android.permission.PermissionManager: Missing ActivityManager; assuming 1000 holds android.permission.SET_PREFERRED_APPLICATIONS
01-01 08:00:10.979 1477 1477 W android.permission.PermissionManager: Missing ActivityManager; assuming 1000 holds android.permission.SET_PREFERRED_APPLICATIONS
01-01 08:00:10.979 1477 1477 W android.permission.PermissionManager: Missing ActivityManager; assuming 1000 holds android.permission.SET_PREFERRED_APPLICATIONS
01-01 08:00:10.979 1477 1477 W android.permission.PermissionManager: Missing ActivityManager; assuming 1000 holds android.permission.SET_PREFERRED_APPLICATIONS
01-01 08:00:10.979 1477 1477 W android.permission.PermissionManager: Missing ActivityManager; assuming 1000 holds android.permission.SET_PREFERRED_APPLICATIONS
01-01 08:00:10.979 1477 1477 W android.permission.PermissionManager: Missing ActivityManager; assuming 1000 holds android.permission.SET_PREFERRED_APPLICATIONS
01-01 08:00:10.979 1477 1477 W android.permission.PermissionManager: Missing ActivityManager; assuming 1000 holds android.permission.SET_PREFERRED_APPLICATIONS
01-01 08:00:10.980 1477 1477 W android.permission.PermissionManager: Missing ActivityManager; assuming 1000 holds android.permission.SET_PREFERRED_APPLICATIONS
01-01 08:00:10.980 1477 1477 W android.permission.PermissionManager: Missing ActivityManager; assuming 1000 holds android.permission.SET_PREFERRED_APPLICATIONS
01-01 08:00:10.980 1477 1477 W android.permission.PermissionManager: Missing ActivityManager; assuming 1000 holds android.permission.SET_PREFERRED_APPLICATIONS
01-01 08:00:10.980 1477 1477 W android.permission.PermissionManager: Missing ActivityManager; assuming 1000 holds android.permission.SET_PREFERRED_APPLICATIONS
01-01 08:00:10.980 1477 1477 W android.permission.PermissionManager: Missing ActivityManager; assuming 1000 holds android.permission.SET_PREFERRED_APPLICATIONS
01-01 08:00:10.980 1477 1477 W android.permission.PermissionManager: Missing ActivityManager; assuming 1000 holds android.permission.SET_PREFERRED_APPLICATIONS
01-01 08:00:10.980 1477 1477 W android.permission.PermissionManager: Missing ActivityManager; assuming 1000 holds android.permission.SET_PREFERRED_APPLICATIONS
01-01 08:00:10.980 1477 1477 W android.permission.PermissionManager: Missing ActivityManager; assuming 1000 holds android.permission.SET_PREFERRED_APPLICATIONS
01-01 08:00:10.980 1477 1477 W android.permission.PermissionManager: Missing ActivityManager; assuming 1000 holds android.permission.SET_PREFERRED_APPLICATIONS
01-01 08:00:10.980 1477 1477 W android.permission.PermissionManager: Missing ActivityManager; assuming 1000 holds android.permission.SET_PREFERRED_APPLICATIONS
01-01 08:00:10.980 1477 1477 W android.permission.PermissionManager: Missing ActivityManager; assuming 1000 holds android.permission.SET_PREFERRED_APPLICATIONS
01-01 08:00:10.981 1477 1477 W android.permission.PermissionManager: Missing ActivityManager; assuming 1000 holds android.permission.SET_PREFERRED_APPLICATIONS
01-01 08:00:10.981 1477 1477 W android.permission.PermissionManager: Missing ActivityManager; assuming 1000 holds android.permission.SET_PREFERRED_APPLICATIONS
01-01 08:00:10.981 1477 1477 W android.permission.PermissionManager: Missing ActivityManager; assuming 1000 holds android.permission.SET_PREFERRED_APPLICATIONS
01-01 08:00:10.981 1477 1477 W android.permission.PermissionManager: Missing ActivityManager; assuming 1000 holds android.permission.SET_PREFERRED_APPLICATIONS
01-01 08:00:10.981 1477 1477 W android.permission.PermissionManager: Missing ActivityManager; assuming 1000 holds android.permission.SET_PREFERRED_APPLICATIONS
01-01 08:00:10.981 1477 1477 W android.permission.PermissionManager: Missing ActivityManager; assuming 1000 holds android.permission.SET_PREFERRED_APPLICATIONS
01-01 08:00:10.981 1477 1477 W android.permission.PermissionManager: Missing ActivityManager; assuming 1000 holds android.permission.SET_PREFERRED_APPLICATIONS
01-01 08:00:10.981 1477 1477 W android.permission.PermissionManager: Missing ActivityManager; assuming 1000 holds android.permission.SET_PREFERRED_APPLICATIONS
01-01 08:00:10.992 1477 1477 W PackageSettings: Missing permission state for package: android.frameworkres.overlay
01-01 08:00:10.992 1477 1477 W PackageSettings: Missing permission state for package: com.android.cts.priv.ctsshim
01-01 08:00:10.992 1477 1477 W PackageSettings: Missing permission state for package: com.thundercomm.gamemode.provider
01-01 08:00:10.992 1477 1477 W PackageSettings: Missing permission state for package: com.android.internal.systemui.navbar.gestural_wide_back
01-01 08:00:10.993 1477 1477 W PackageSettings: Missing permission state for package: com.qualcomm.qti.gpudrivers.kona.api30
01-01 08:00:10.993 1477 1477 W PackageSettings: Missing permission state for package: com.android.htmlviewer
01-01 08:00:10.993 1477 1477 W PackageSettings: Missing permission state for package: com.android.internal.systemui.onehanded.gestural
01-01 08:00:10.993 1477 1477 W PackageSettings: Missing permission state for package: android.qvaoverlay.common
01-01 08:00:10.993 1477 1477 W PackageSettings: Missing permission state for package: android.overlay.common
01-01 08:00:10.993 1477 1477 W PackageSettings: Missing permission state for package: com.android.connectivity.resources
01-01 08:00:10.993 1477 1477 W PackageSettings: Missing permission state for package: com.android.modulemetadata
01-01 08:00:10.993 1477 1477 W PackageSettings: Missing permission state for package: android.overlay.target
01-01 08:00:10.993 1477 1477 W PackageSettings: Missing permission state for package: com.android.internal.systemui.navbar.gestural_extra_wide_back
01-01 08:00:10.993 1477 1477 W PackageSettings: Missing permission state for package: com.android.wifi.resources.overlay.common
01-01 08:00:10.993 1477 1477 W PackageSettings: Missing permission state for package: com.android.dreams.basic
01-01 08:00:10.994 1477 1477 W PackageSettings: Missing permission state for package: com.android.settings.overlay.common
01-01 08:00:10.994 1477 1477 W PackageSettings: Missing permission state for package: android.ext.shared
01-01 08:00:10.994 1477 1477 W PackageSettings: Missing permission state for package: com.android.wifi.resources.overlay.target
01-01 08:00:10.994 1477 1477 W PackageSettings: Missing permission state for package: com.android.wifi.resources
01-01 08:00:10.994 1477 1477 W PackageSettings: Missing permission state for package: com.android.systemui.overlay.common
01-01 08:00:10.994 1477 1477 W PackageSettings: Missing permission state for package: com.android.cameraextensions
01-01 08:00:10.994 1477 1477 W PackageSettings: Missing permission state for package: com.android.theme.font.notoserifsource
01-01 08:00:10.994 1477 1477 W PackageSettings: Missing permission state for package: com.android.internal.display.cutout.emulation.waterfall
01-01 08:00:10.994 1477 1477 W PackageSettings: Missing permission state for package: com.android.providers.settings.overlay
01-01 08:00:10.995 1477 1477 W PackageSettings: Missing permission state for package: com.android.bookmarkprovider
01-01 08:00:10.995 1477 1477 W PackageSettings: Missing permission state for package: com.android.cts.ctsshim
01-01 08:00:10.995 1477 1477 W PackageSettings: Missing permission state for package: com.qualcomm.qti.xrcb
01-01 08:00:10.995 1477 1477 W PackageSettings: Missing permission state for package: com.android.internal.systemui.navbar.gestural
01-01 08:00:10.995 1477 1477 W PackageSettings: Missing permission state for package: com.android.internal.systemui.navbar.gestural_narrow_back
01-01 08:00:10.995 1477 1477 W PackageSettings: Missing permission state for package: com.android.cellbroadcastreceiver.overlay.common
01-01 08:00:10.995 1477 1477 W PackageSettings: Missing permission state for shared user: android.uid.log
01-01 08:00:10.995 1477 1477 W PackageSettings: Missing permission state for shared user: android.uid.uwb
01-01 08:00:11.018 1477 1477 D PackageManager: Keeping known cache 1803a40c5ace25fc1389537765726a66f8397fc1
01-01 08:00:11.019 1477 1477 W android.permission.PermissionManager: Missing ActivityManager; assuming 1000 holds android.permission.WATCH_APPOPS
01-01 08:00:11.019 1477 1477 W android.permission.PermissionManager: Missing ActivityManager; assuming 1000 holds android.permission.WATCH_APPOPS
01-01 08:00:11.024 1477 1477 D CompatibilityChangeReporter: Compat change id reported: 143539591; UID -1; state: ENABLED
01-01 08:00:11.034 1477 1477 D CompatibilityChangeReporter: Compat change id reported: 143539591; UID -1; state: DISABLED
01-01 08:00:11.034 1477 1477 D CompatibilityChangeReporter: Compat change id reported: 168782947; UID -1; state: ENABLED
01-01 08:00:11.035 1477 1477 W PackageManager: Failed to parse /system/framework/oat: Missing base APK in /system/framework/oat
01-01 08:00:11.035 1477 1477 W PackageManager: Failed to parse /system/framework/arm64: Missing base APK in /system/framework/arm64
01-01 08:00:11.035 1477 1477 W PackageManager: Failed to parse /system/framework/arm: Missing base APK in /system/framework/arm
01-01 08:00:11.059 1477 1477 D CompatibilityChangeReporter: Compat change id reported: 168782947; UID -1; state: DISABLED
01-01 08:00:11.068 1477 1694 W PackageParsing: No actions in intent-filter at /system/priv-app/BuiltInPrintService/BuiltInPrintService.apk Binary XML file line #53
01-01 08:00:11.077 1477 1694 D CompatibilityChangeReporter: Compat change id reported: 150232615; UID -1; state: DISABLED
01-01 08:00:11.101 1477 1696 W PackageParsing: Ignoring duplicate uses-permissions/uses-permissions-sdk-m: android.permission.ACCESS_WIFI_STATE in package: com.microsoft.emmx at: Binary XML file line #105
01-01 08:00:11.114 1477 1695 W PackageParsing: No actions in intent-filter at /system/priv-app/baidu_ime-mainLine-release/baidu_ime-mainLine-release.apk Binary XML file line #1529
01-01 08:00:11.134 1477 1695 W PackageParsing: No actions in intent-filter at /system/app/Bluetooth/Bluetooth.apk Binary XML file line #186
01-01 08:00:11.134 1477 1695 W PackageParsing: No actions in intent-filter at /system/app/Bluetooth/Bluetooth.apk Binary XML file line #210
01-01 08:00:11.134 1477 1695 W PackageParsing: No actions in intent-filter at /system/app/Bluetooth/Bluetooth.apk Binary XML file line #284
01-01 08:00:11.158 1477 1477 W PackageManager: Failed to parse /vendor/app/CneApp: Missing base APK in /vendor/app/CneApp/lib/arm64
01-01 08:00:11.264 1477 1696 W PackageParsing: Ignoring duplicate uses-permissions/uses-permissions-sdk-m: android.permission.CONFIGURE_WIFI_DISPLAY in package: com.android.systemui at: Binary XML file line #160
01-01 08:00:11.371 1477 1477 I PackageManager: /system_ext/priv-app/Settings changed; collecting certs
01-01 08:00:11.389 1477 1694 W PackageParsing: No actions in intent-filter at /system_ext/app/SnapdragonMusic/SnapdragonMusic.apk Binary XML file line #83
01-01 08:00:11.389 1477 1694 W PackageParsing: No actions in intent-filter at /system_ext/app/SnapdragonMusic/SnapdragonMusic.apk Binary XML file line #206
01-01 08:00:11.390 1477 1696 W PackageParsing: Ignoring duplicate uses-permissions/uses-permissions-sdk-m: android.permission.INTERACT_ACROSS_USERS in package: com.thundercomm.microsettings at: Binary XML file line #13
01-01 08:00:11.390 1477 1696 W PackageParsing: Ignoring duplicate uses-permissions/uses-permissions-sdk-m: android.permission.SET_TIME_ZONE in package: com.thundercomm.microsettings at: Binary XML file line #31
01-01 08:00:11.390 1477 1696 W PackageParsing: Ignoring duplicate uses-permissions/uses-permissions-sdk-m: android.permission.WRITE_EXTERNAL_STORAGE in package: com.thundercomm.microsettings at: Binary XML file line #37
01-01 08:00:11.422 1477 1477 W PackageManager: Skipping provider name com.android.permissioncontroller (in package com.android.permissioncontroller): name already used by com.android.settings
01-01 08:00:11.422 1477 1477 W PackageManager: Skipping provider name com.android.permissioncontroller.role (in package com.android.permissioncontroller): name already used by com.android.settings
01-01 08:00:11.435 1477 1477 I PackageManager: Finished scanning system apps. Time: 418 ms, packageCount: 137 , timePerPackage: 3 , cached: 0
01-01 08:00:11.452 1477 1477 D CompatibilityChangeReporter: Compat change id reported: 133396946; UID -1; state: DISABLED
01-01 08:00:11.465 1477 1477 D CompatibilityChangeReporter: Compat change id reported: 133396946; UID -1; state: ENABLED
01-01 08:00:11.476 1477 1697 W PackageParsing: Unknown element under : meta-data at /data/app/~~nxFSskDbocEW5En_H2W7Vw==/com.huawei.appmarket-5Lmv5Tf0AumJQQoCBXUJtg==/base.apk Binary XML file line #160
01-01 08:00:11.480 1477 1697 W PackageParsing: Unknown element under : state at /data/app/~~nxFSskDbocEW5En_H2W7Vw==/com.huawei.appmarket-5Lmv5Tf0AumJQQoCBXUJtg==/base.apk Binary XML file line #210
01-01 08:00:11.480 1477 1697 W PackageParsing: Unknown element under : state at /data/app/~~nxFSskDbocEW5En_H2W7Vw==/com.huawei.appmarket-5Lmv5Tf0AumJQQoCBXUJtg==/base.apk Binary XML file line #231
01-01 08:00:11.481 1477 1697 W PackageParsing: Unknown element under : intent-downloadFilter at /data/app/~~nxFSskDbocEW5En_H2W7Vw==/com.huawei.appmarket-5Lmv5Tf0AumJQQoCBXUJtg==/base.apk Binary XML file line #370
01-01 08:00:11.481 1477 1696 W PackageParsing: Unknown element under : module at /data/app/~~wNs4OTNSw7FUzOwKpzmEmA==/com.ss.android.lark-HEY8hCu--A7ZDrquuJ9s5Q==/base.apk Binary XML file line #12
01-01 08:00:11.482 1477 1697 W PackageParsing: Unknown element under : state at /data/app/~~nxFSskDbocEW5En_H2W7Vw==/com.huawei.appmarket-5Lmv5Tf0AumJQQoCBXUJtg==/base.apk Binary XML file line #579
01-01 08:00:11.482 1477 1697 W PackageParsing: Unknown element under : state at /data/app/~~nxFSskDbocEW5En_H2W7Vw==/com.huawei.appmarket-5Lmv5Tf0AumJQQoCBXUJtg==/base.apk Binary XML file line #586
01-01 08:00:11.482 1477 1696 W PackageParsing: Ignoring duplicate uses-permissions/uses-permissions-sdk-m: com.htc.launcher.permission.UPDATE_SHORTCUT in package: com.ss.android.lark at: Binary XML file line #144
01-01 08:00:11.491 1477 1477 W PackageManager: Skipping provider name tv.danmaku.bilibilihd.fileprovider (in package tv.danmaku.bilibilihd): name already used by tv.danmaku.bilibilihd
01-01 08:00:11.493 1477 1695 W PackageParsing: Unknown element under : meta-data at /data/app/~~CoZ38GTJLsoV2CnyKuHzDA==/com.qiyi.video.pad-aJNbKjqtcJSyUnKjvq0MsQ==/base.apk Binary XML file line #18
01-01 08:00:11.513 1477 1694 W PackageParsing: Unknown element under : meta-data at /data/app/~~MUJ3DcVchlDNly-Upo6Phg==/com.ss.android.ugc.live-ccDWglJ39h439Xn5o-_uwA==/base.apk Binary XML file line #22
01-01 08:00:11.515 1477 1694 W PackageParsing: Ignoring duplicate uses-permissions/uses-permissions-sdk-m: android.permission.REQUEST_INSTALL_PACKAGES in package: com.ss.android.ugc.live at: Binary XML file line #64
01-01 08:00:11.517 1477 1477 W PackageManager: Skipping provider name com.ss.android.lark.provider (in package com.ss.android.lark): name already used by com.ss.android.lark
01-01 08:00:11.519 1477 1477 W PackageManager: Skipping provider name com.ss.android.lark.fileprovider (in package com.ss.android.lark): name already used by com.ss.android.lark
01-01 08:00:11.529 1477 1477 W PackageManager: Skipping provider name com.qiyi.video.pad.fileprovider (in package com.qiyi.video.pad): name already used by com.qiyi.video.pad
01-01 08:00:11.538 1477 1696 W PackageParsing: Unknown element under : module at /data/app/~~dwmrusuGacs1T6uFUOP0lQ==/com.ximalaya.ting.android-PJjwWxHHYWNVOk5cf1Qu8A==/base.apk Binary XML file line #11
01-01 08:00:11.538 1477 1696 W PackageParsing: Ignoring duplicate uses-permissions/uses-permissions-sdk-m: android.permission.READ_PRIVILEGED_PHONE_STATE in package: com.ximalaya.ting.android at: Binary XML file line #133
01-01 08:00:11.546 1477 1695 W PackageParsing: Ignoring duplicate uses-permissions/uses-permissions-sdk-m: com.huawei.android.launcher.permission.CHANGE_BADGE in package: com.youku.phone at: Binary XML file line #156
01-01 08:00:11.546 1477 1695 W PackageParsing: Unknown element under : meta-data at /data/app/~~9mXoFxWTfQi9uyYu4QWe7Q==/com.youku.phone-z9X33cr-FxJgkmlLrOJtFw==/base.apk Binary XML file line #183
01-01 08:00:11.547 1477 1696 W PackageParsing: No actions in intent-filter at /data/app/~~dwmrusuGacs1T6uFUOP0lQ==/com.ximalaya.ting.android-PJjwWxHHYWNVOk5cf1Qu8A==/base.apk Binary XML file line #2111
01-01 08:00:11.547 1477 1697 W PackageParsing: Unknown element under : uses-split at /data/app/~~i2Ic2HbSbFgV0kW4SvJo1g==/com.smile.gifmaker-heB44Mt6kE9vHv-X6EUJtA==/base.apk Binary XML file line #78
01-01 08:00:11.548 1477 1696 W PackageParsing: No actions in intent-filter at /data/app/~~dwmrusuGacs1T6uFUOP0lQ==/com.ximalaya.ting.android-PJjwWxHHYWNVOk5cf1Qu8A==/base.apk Binary XML file line #2412
01-01 08:00:11.564 1477 1696 W PackageParsing: No actions in intent-filter at /data/app/~~F9_MD0D6nu30BQ-eFzI3uA==/com.miHoYo.Yuanshen-NuqcvS_5F-ozvJh-pms5YA==/base.apk Binary XML file line #731
01-01 08:00:11.569 1477 1694 W PackageParsing: Ignoring duplicate uses-permissions/uses-permissions-sdk-m: android.permission.INTERNET in package: com.ss.android.article.video at: Binary XML file line #19
01-01 08:00:11.575 1477 1695 W PackageParsing: No actions in intent-filter at /data/app/~~9mXoFxWTfQi9uyYu4QWe7Q==/com.youku.phone-z9X33cr-FxJgkmlLrOJtFw==/base.apk Binary XML file line #3597
01-01 08:00:11.577 1477 1697 D CompatibilityChangeReporter: Compat change id reported: 132742131; UID -1; state: DISABLED
01-01 08:00:11.580 1477 1695 W PackageParsing: No actions in intent-filter at /data/app/~~9mXoFxWTfQi9uyYu4QWe7Q==/com.youku.phone-z9X33cr-FxJgkmlLrOJtFw==/base.apk Binary XML file line #4266
01-01 08:00:11.581 1477 1695 W PackageParsing: No actions in intent-filter at /data/app/~~9mXoFxWTfQi9uyYu4QWe7Q==/com.youku.phone-z9X33cr-FxJgkmlLrOJtFw==/base.apk Binary XML file line #4301
01-01 08:00:11.581 1477 1695 W PackageParsing: No actions in intent-filter at /data/app/~~9mXoFxWTfQi9uyYu4QWe7Q==/com.youku.phone-z9X33cr-FxJgkmlLrOJtFw==/base.apk Binary XML file line #4309
01-01 08:00:11.581 1477 1695 W PackageParsing: No actions in intent-filter at /data/app/~~9mXoFxWTfQi9uyYu4QWe7Q==/com.youku.phone-z9X33cr-FxJgkmlLrOJtFw==/base.apk Binary XML file line #4315
01-01 08:00:11.585 1477 1477 W PackageManager: Skipping provider name com.smile.gifmaker.fileprovider (in package com.smile.gifmaker): name already used by com.smile.gifmaker
01-01 08:00:11.590 1477 1696 W PackageParsing: No actions in intent-filter at /data/app/~~mw0jncdNXfUTKOlp_4rp_w==/com.achievo.vipshop-erOyaLxp6rKRIUF_rFzpcA==/base.apk Binary XML file line #2744
01-01 08:00:11.600 1477 1477 W PackageManager: Skipping provider name com.youku.phone.fileprovider (in package com.youku.phone): name already used by com.youku.phone
01-01 08:00:11.618 1477 1695 W PackageParsing: No actions in intent-filter at /data/app/~~KLe8PDTGrYMikbtO4bxdHA==/com.sohu.inputmethod.sogou-BnOXL57wfJzIYc4j0ORPtw==/base.apk Binary XML file line #595
01-01 08:00:11.644 1477 1696 W PackageParsing: No actions in intent-filter at /data/app/~~Fx_X1tg0ztpGSzzp3t92ow==/com.tencent.qqlive-Q6m28FvbfNYndnlIZ6aE8A==/base.apk Binary XML file line #834
01-01 08:00:11.645 1477 1696 W PackageParsing: No actions in intent-filter at /data/app/~~Fx_X1tg0ztpGSzzp3t92ow==/com.tencent.qqlive-Q6m28FvbfNYndnlIZ6aE8A==/base.apk Binary XML file line #903
01-01 08:00:11.653 1477 1696 W PackageParsing: No actions in intent-filter at /data/app/~~Fx_X1tg0ztpGSzzp3t92ow==/com.tencent.qqlive-Q6m28FvbfNYndnlIZ6aE8A==/base.apk Binary XML file line #1481
01-01 08:00:11.654 1477 1477 W PackageManager: Skipping provider name ctrip.android.view.fileprovider (in package ctrip.android.view): name already used by ctrip.android.view
01-01 08:00:11.658 1477 1695 W PackageParsing: Ignoring duplicate uses-permissions/uses-permissions-sdk-m: android.permission.GET_ACCOUNTS in package: com.ss.android.article.news at: Binary XML file line #61
01-01 08:00:11.666 1477 1477 W PackageManager: Skipping provider name com.kuaishou.nebula.fileprovider (in package com.kuaishou.nebula): name already used by com.kuaishou.nebula
01-01 08:00:11.676 1477 1694 W PackageParsing: No actions in intent-filter at /data/app/~~ELCEmG8TVwF2ZfBclZvVsw==/com.xingin.xhs-g6XdeTRlBdToEWsO3wbXdg==/base.apk Binary XML file line #4602
01-01 08:00:11.694 1477 1477 W PackageManager: Skipping provider name com.xingin.xhs.fileprovider (in package com.xingin.xhs): name already used by com.xingin.xhs
01-01 08:00:11.695 1477 1697 W PackageParsing: No actions in intent-filter at /data/app/~~OR4l_350yhc-VRwJeaQKlQ==/com.yiche.autoeasy-T8a4EUDxmkgo_rs1jRgz3A==/base.apk Binary XML file line #-1
01-01 08:00:11.700 1477 1696 W PackageParsing: No actions in intent-filter at /data/app/~~sqOVyfGsHHER8btwnUGEQA==/com.hunantv.imgo.activity-2sTmMDcZZ0qGKZAOeez2fg==/base.apk Binary XML file line #862
01-01 08:00:11.700 1477 1696 W PackageParsing: No actions in intent-filter at /data/app/~~sqOVyfGsHHER8btwnUGEQA==/com.hunantv.imgo.activity-2sTmMDcZZ0qGKZAOeez2fg==/base.apk Binary XML file line #867
01-01 08:00:11.702 1477 1696 W PackageParsing: No actions in intent-filter at /data/app/~~sqOVyfGsHHER8btwnUGEQA==/com.hunantv.imgo.activity-2sTmMDcZZ0qGKZAOeez2fg==/base.apk Binary XML file line #968
01-01 08:00:11.704 1477 1695 W PackageParsing: Unknown element under : supports-gl-texture at /data/app/~~_Dr6Vu3ALS7Hhcgp-yTvGQ==/com.netease.newsreader.activity-5te7s8Sx0WaO8cKGiSZZIA==/base.apk Binary XML file line #235
01-01 08:00:11.704 1477 1695 W PackageParsing: Unknown element under : supports-gl-texture at /data/app/~~_Dr6Vu3ALS7Hhcgp-yTvGQ==/com.netease.newsreader.activity-5te7s8Sx0WaO8cKGiSZZIA==/base.apk Binary XML file line #237
01-01 08:00:11.714 1477 1477 W PackageManager: Skipping provider name com.hunantv.imgo.activity.fileprovider (in package com.hunantv.imgo.activity): name already used by com.hunantv.imgo.activity
01-01 08:00:11.726 1477 1694 W PackageParsing: Ignoring duplicate uses-permissions/uses-permissions-sdk-m: android.permission.WRITE_EXTERNAL_STORAGE in package: com.cmcc.cmvideo at: Binary XML file line #54
01-01 08:00:11.726 1477 1694 W PackageParsing: Ignoring duplicate uses-permissions/uses-permissions-sdk-m: android.permission.READ_EXTERNAL_STORAGE in package: com.cmcc.cmvideo at: Binary XML file line #55
01-01 08:00:11.726 1477 1694 W PackageParsing: Ignoring duplicate uses-permissions/uses-permissions-sdk-m: android.permission.READ_PHONE_STATE in package: com.cmcc.cmvideo at: Binary XML file line #56
01-01 08:00:11.726 1477 1694 W PackageParsing: Ignoring duplicate uses-permissions/uses-permissions-sdk-m: android.permission.REORDER_TASKS in package: com.cmcc.cmvideo at: Binary XML file line #57
01-01 08:00:11.726 1477 1694 W PackageParsing: Ignoring duplicate uses-permissions/uses-permissions-sdk-m: android.permission.VIBRATE in package: com.cmcc.cmvideo at: Binary XML file line #58
01-01 08:00:11.726 1477 1694 W PackageParsing: Ignoring duplicate uses-permissions/uses-permissions-sdk-m: android.permission.ACCESS_NETWORK_STATE in package: com.cmcc.cmvideo at: Binary XML file line #59
01-01 08:00:11.727 1477 1694 W PackageParsing: Unknown element under : supports-gl-texture at /data/app/~~hspR03tsnkciVOTl8YnW3g==/com.cmcc.cmvideo-haa5H_GnUxoPdscEnG1z_Q==/base.apk Binary XML file line #79
01-01 08:00:11.727 1477 1694 W PackageParsing: Unknown element under : supports-gl-texture at /data/app/~~hspR03tsnkciVOTl8YnW3g==/com.cmcc.cmvideo-haa5H_GnUxoPdscEnG1z_Q==/base.apk Binary XML file line #80
01-01 08:00:11.731 1477 1477 W PackageManager: Skipping provider name com.yiche.autoeasy.provider (in package com.yiche.autoeasy): name already used by com.yiche.autoeasy
01-01 08:00:11.731 1477 1477 W PackageManager: Skipping provider name com.yiche.autoeasy.provider (in package com.yiche.autoeasy): name already used by com.yiche.autoeasy
01-01 08:00:11.732 1477 1694 W PackageParsing: No actions in intent-filter at /data/app/~~hspR03tsnkciVOTl8YnW3g==/com.cmcc.cmvideo-haa5H_GnUxoPdscEnG1z_Q==/base.apk Binary XML file line #730
01-01 08:00:11.732 1477 1694 W PackageParsing: No actions in intent-filter at /data/app/~~hspR03tsnkciVOTl8YnW3g==/com.cmcc.cmvideo-haa5H_GnUxoPdscEnG1z_Q==/base.apk Binary XML file line #878
01-01 08:00:11.741 1477 1477 W PackageManager: Skipping provider name com.cmcc.cmvideo.fileProvider (in package com.cmcc.cmvideo): name already used by com.cmcc.cmvideo
01-01 08:00:11.754 0 0 I msm_cvp : warn: DBLP Set: status 0 0
01-01 08:00:11.757 1477 1696 W PackageParsing: Unknown element under : meta-data at /data/app/~~JxXQEhLMnrN_4OnV-JqgoA==/com.kugou.android-zKrACUKyCfE_94OoZdV5jg==/base.apk Binary XML file line #174
01-01 08:00:11.762 1477 1695 W PackageParsing: Unknown element under : supports-gl-texture at /data/app/~~DaTI5B6nfL1F19tiGbT2aw==/com.tencent.qqmusic-QyaH_siPZadxfUh_b2bisg==/base.apk Binary XML file line #141
01-01 08:00:11.762 1477 1695 W PackageParsing: Unknown element under : supports-gl-texture at /data/app/~~DaTI5B6nfL1F19tiGbT2aw==/com.tencent.qqmusic-QyaH_siPZadxfUh_b2bisg==/base.apk Binary XML file line #142
01-01 08:00:11.762 1477 1695 W PackageParsing: Unknown element under : meta-data at /data/app/~~DaTI5B6nfL1F19tiGbT2aw==/com.tencent.qqmusic-QyaH_siPZadxfUh_b2bisg==/base.apk Binary XML file line #182
01-01 08:00:11.762 1477 1695 W PackageParsing: Unknown element under : meta-data at /data/app/~~DaTI5B6nfL1F19tiGbT2aw==/com.tencent.qqmusic-QyaH_siPZadxfUh_b2bisg==/base.apk Binary XML file line #185
01-01 08:00:11.765 1477 1695 W PackageParsing: No actions in intent-filter at /data/app/~~DaTI5B6nfL1F19tiGbT2aw==/com.tencent.qqmusic-QyaH_siPZadxfUh_b2bisg==/base.apk Binary XML file line #1777
01-01 08:00:11.765 1477 1695 W PackageParsing: No actions in intent-filter at /data/app/~~DaTI5B6nfL1F19tiGbT2aw==/com.tencent.qqmusic-QyaH_siPZadxfUh_b2bisg==/base.apk Binary XML file line #1788
01-01 08:00:11.765 1477 1695 W PackageParsing: No actions in intent-filter at /data/app/~~DaTI5B6nfL1F19tiGbT2aw==/com.tencent.qqmusic-QyaH_siPZadxfUh_b2bisg==/base.apk Binary XML file line #1799
01-01 08:00:11.765 1477 1695 W PackageParsing: No actions in intent-filter at /data/app/~~DaTI5B6nfL1F19tiGbT2aw==/com.tencent.qqmusic-QyaH_siPZadxfUh_b2bisg==/base.apk Binary XML file line #1810
01-01 08:00:11.765 1477 1695 W PackageParsing: No actions in intent-filter at /data/app/~~DaTI5B6nfL1F19tiGbT2aw==/com.tencent.qqmusic-QyaH_siPZadxfUh_b2bisg==/base.apk Binary XML file line #1821
01-01 08:00:11.765 1477 1695 W PackageParsing: No actions in intent-filter at /data/app/~~DaTI5B6nfL1F19tiGbT2aw==/com.tencent.qqmusic-QyaH_siPZadxfUh_b2bisg==/base.apk Binary XML file line #1832
01-01 08:00:11.765 1477 1695 W PackageParsing: No actions in intent-filter at /data/app/~~DaTI5B6nfL1F19tiGbT2aw==/com.tencent.qqmusic-QyaH_siPZadxfUh_b2bisg==/base.apk Binary XML file line #1843
01-01 08:00:11.765 1477 1695 W PackageParsing: No actions in intent-filter at /data/app/~~DaTI5B6nfL1F19tiGbT2aw==/com.tencent.qqmusic-QyaH_siPZadxfUh_b2bisg==/base.apk Binary XML file line #1854
01-01 08:00:11.765 1477 1695 W PackageParsing: No actions in intent-filter at /data/app/~~DaTI5B6nfL1F19tiGbT2aw==/com.tencent.qqmusic-QyaH_siPZadxfUh_b2bisg==/base.apk Binary XML file line #1865
01-01 08:00:11.765 1477 1695 W PackageParsing: No actions in intent-filter at /data/app/~~DaTI5B6nfL1F19tiGbT2aw==/com.tencent.qqmusic-QyaH_siPZadxfUh_b2bisg==/base.apk Binary XML file line #1877
01-01 08:00:11.765 1477 1695 W PackageParsing: No actions in intent-filter at /data/app/~~DaTI5B6nfL1F19tiGbT2aw==/com.tencent.qqmusic-QyaH_siPZadxfUh_b2bisg==/base.apk Binary XML file line #1889
01-01 08:00:11.766 1477 1695 W PackageParsing: No actions in intent-filter at /data/app/~~DaTI5B6nfL1F19tiGbT2aw==/com.tencent.qqmusic-QyaH_siPZadxfUh_b2bisg==/base.apk Binary XML file line #1900
01-01 08:00:11.766 1477 1695 W PackageParsing: No actions in intent-filter at /data/app/~~DaTI5B6nfL1F19tiGbT2aw==/com.tencent.qqmusic-QyaH_siPZadxfUh_b2bisg==/base.apk Binary XML file line #1911
01-01 08:00:11.766 1477 1695 W PackageParsing: No actions in intent-filter at /data/app/~~DaTI5B6nfL1F19tiGbT2aw==/com.tencent.qqmusic-QyaH_siPZadxfUh_b2bisg==/base.apk Binary XML file line #1923
01-01 08:00:11.766 1477 1695 W PackageParsing: No actions in intent-filter at /data/app/~~DaTI5B6nfL1F19tiGbT2aw==/com.tencent.qqmusic-QyaH_siPZadxfUh_b2bisg==/base.apk Binary XML file line #1934
01-01 08:00:11.766 1477 1695 W PackageParsing: No actions in intent-filter at /data/app/~~DaTI5B6nfL1F19tiGbT2aw==/com.tencent.qqmusic-QyaH_siPZadxfUh_b2bisg==/base.apk Binary XML file line #1945
01-01 08:00:11.766 1477 1695 W PackageParsing: No actions in intent-filter at /data/app/~~DaTI5B6nfL1F19tiGbT2aw==/com.tencent.qqmusic-QyaH_siPZadxfUh_b2bisg==/base.apk Binary XML file line #1956
01-01 08:00:11.766 1477 1695 W PackageParsing: No actions in intent-filter at /data/app/~~DaTI5B6nfL1F19tiGbT2aw==/com.tencent.qqmusic-QyaH_siPZadxfUh_b2bisg==/base.apk Binary XML file line #1967
01-01 08:00:11.766 1477 1695 W PackageParsing: No actions in intent-filter at /data/app/~~DaTI5B6nfL1F19tiGbT2aw==/com.tencent.qqmusic-QyaH_siPZadxfUh_b2bisg==/base.apk Binary XML file line #1978
01-01 08:00:11.766 1477 1695 W PackageParsing: No actions in intent-filter at /data/app/~~DaTI5B6nfL1F19tiGbT2aw==/com.tencent.qqmusic-QyaH_siPZadxfUh_b2bisg==/base.apk Binary XML file line #1989
01-01 08:00:11.766 1477 1695 W PackageParsing: No actions in intent-filter at /data/app/~~DaTI5B6nfL1F19tiGbT2aw==/com.tencent.qqmusic-QyaH_siPZadxfUh_b2bisg==/base.apk Binary XML file line #2000
01-01 08:00:11.766 1477 1695 W PackageParsing: No actions in intent-filter at /data/app/~~DaTI5B6nfL1F19tiGbT2aw==/com.tencent.qqmusic-QyaH_siPZadxfUh_b2bisg==/base.apk Binary XML file line #2011
01-01 08:00:11.766 1477 1695 W PackageParsing: No actions in intent-filter at /data/app/~~DaTI5B6nfL1F19tiGbT2aw==/com.tencent.qqmusic-QyaH_siPZadxfUh_b2bisg==/base.apk Binary XML file line #2029
01-01 08:00:11.766 1477 1695 W PackageParsing: No actions in intent-filter at /data/app/~~DaTI5B6nfL1F19tiGbT2aw==/com.tencent.qqmusic-QyaH_siPZadxfUh_b2bisg==/base.apk Binary XML file line #2041
01-01 08:00:11.766 1477 1695 W PackageParsing: No actions in intent-filter at /data/app/~~DaTI5B6nfL1F19tiGbT2aw==/com.tencent.qqmusic-QyaH_siPZadxfUh_b2bisg==/base.apk Binary XML file line #2053
01-01 08:00:11.766 1477 1695 W PackageParsing: No actions in intent-filter at /data/app/~~DaTI5B6nfL1F19tiGbT2aw==/com.tencent.qqmusic-QyaH_siPZadxfUh_b2bisg==/base.apk Binary XML file line #2064
01-01 08:00:11.766 1477 1695 W PackageParsing: No actions in intent-filter at /data/app/~~DaTI5B6nfL1F19tiGbT2aw==/com.tencent.qqmusic-QyaH_siPZadxfUh_b2bisg==/base.apk Binary XML file line #2075
01-01 08:00:11.766 1477 1695 W PackageParsing: No actions in intent-filter at /data/app/~~DaTI5B6nfL1F19tiGbT2aw==/com.tencent.qqmusic-QyaH_siPZadxfUh_b2bisg==/base.apk Binary XML file line #2087
01-01 08:00:11.766 1477 1695 W PackageParsing: No actions in intent-filter at /data/app/~~DaTI5B6nfL1F19tiGbT2aw==/com.tencent.qqmusic-QyaH_siPZadxfUh_b2bisg==/base.apk Binary XML file line #2099
01-01 08:00:11.766 1477 1695 W PackageParsing: No actions in intent-filter at /data/app/~~DaTI5B6nfL1F19tiGbT2aw==/com.tencent.qqmusic-QyaH_siPZadxfUh_b2bisg==/base.apk Binary XML file line #2111
01-01 08:00:11.766 1477 1695 W PackageParsing: No actions in intent-filter at /data/app/~~DaTI5B6nfL1F19tiGbT2aw==/com.tencent.qqmusic-QyaH_siPZadxfUh_b2bisg==/base.apk Binary XML file line #2123
01-01 08:00:11.766 1477 1695 W PackageParsing: No actions in intent-filter at /data/app/~~DaTI5B6nfL1F19tiGbT2aw==/com.tencent.qqmusic-QyaH_siPZadxfUh_b2bisg==/base.apk Binary XML file line #2251
01-01 08:00:11.766 1477 1695 W PackageParsing: No actions in intent-filter at /data/app/~~DaTI5B6nfL1F19tiGbT2aw==/com.tencent.qqmusic-QyaH_siPZadxfUh_b2bisg==/base.apk Binary XML file line #2264
01-01 08:00:11.767 1477 1695 W PackageParsing: No actions in intent-filter at /data/app/~~DaTI5B6nfL1F19tiGbT2aw==/com.tencent.qqmusic-QyaH_siPZadxfUh_b2bisg==/base.apk Binary XML file line #2276
01-01 08:00:11.767 1477 1695 W PackageParsing: No actions in intent-filter at /data/app/~~DaTI5B6nfL1F19tiGbT2aw==/com.tencent.qqmusic-QyaH_siPZadxfUh_b2bisg==/base.apk Binary XML file line #2288
01-01 08:00:11.767 1477 1695 W PackageParsing: No actions in intent-filter at /data/app/~~DaTI5B6nfL1F19tiGbT2aw==/com.tencent.qqmusic-QyaH_siPZadxfUh_b2bisg==/base.apk Binary XML file line #2300
01-01 08:00:11.767 1477 1695 W PackageParsing: No actions in intent-filter at /data/app/~~DaTI5B6nfL1F19tiGbT2aw==/com.tencent.qqmusic-QyaH_siPZadxfUh_b2bisg==/base.apk Binary XML file line #2315
01-01 08:00:11.767 1477 1695 W PackageParsing: No actions in intent-filter at /data/app/~~DaTI5B6nfL1F19tiGbT2aw==/com.tencent.qqmusic-QyaH_siPZadxfUh_b2bisg==/base.apk Binary XML file line #2461
01-01 08:00:11.767 1477 1695 W PackageParsing: No actions in intent-filter at /data/app/~~DaTI5B6nfL1F19tiGbT2aw==/com.tencent.qqmusic-QyaH_siPZadxfUh_b2bisg==/base.apk Binary XML file line #2552
01-01 08:00:11.768 1477 1695 W PackageParsing: No actions in intent-filter at /data/app/~~DaTI5B6nfL1F19tiGbT2aw==/com.tencent.qqmusic-QyaH_siPZadxfUh_b2bisg==/base.apk Binary XML file line #3173
01-01 08:00:11.769 1477 1695 W PackageParsing: No actions in intent-filter at /data/app/~~DaTI5B6nfL1F19tiGbT2aw==/com.tencent.qqmusic-QyaH_siPZadxfUh_b2bisg==/base.apk Binary XML file line #3574
01-01 08:00:11.770 1477 1696 W PackageParsing: No actions in intent-filter at /data/app/~~JxXQEhLMnrN_4OnV-JqgoA==/com.kugou.android-zKrACUKyCfE_94OoZdV5jg==/base.apk Binary XML file line #6079
01-01 08:00:11.785 1477 1477 W PackageManager: Skipping provider name com.kugou.android.fileprovider (in package com.kugou.android): name already used by com.kugou.android
01-01 08:00:11.796 1477 1477 W PackageManager: Skipping provider name com.tencent.qqmusic.ShareTaskProvider (in package com.tencent.qqmusic): name already used by com.tencent.qqmusic
01-01 08:00:11.796 1477 1477 I PackageManager: Finished scanning non-system apps. Time: 362 ms, packageCount: 26 , timePerPackage: 13 , cached: 0
01-01 08:00:11.797 1477 1477 E PackageManager: updateAllSharedLibrariesLPw failed: Package com.qualcomm.embms requires unavailable shared library com.qualcomm.qcrilhook; failing!
01-01 08:00:11.797 1477 1477 E PackageManager: updateAllSharedLibrariesLPw failed: Package com.android.systemui requires unavailable shared library com.qti.extphone.extphonelib; failing!
