01-13 08:49:23.589 1477 1477 E DisplayPowerController[0]: failed to set up display white-balance: java.lang.IllegalStateException: cannot find light sensor
01-13 08:49:23.589 1477 1477 W DisplayPowerController[0]: Screen brightness nits configuration is unavailable; falling back
01-13 08:49:23.592 1477 1630 W KeyguardServiceDelegate: onScreenTurningOn(): no keyguard service!
01-13 08:49:23.592 1477 1630 V DisplayPowerController[0]: Brightness [1.0] reason changing to: 'override', previous reason: '0'.
01-13 08:49:23.592 1477 1477 I FaceDownDetector: readValuesFromDeviceConfig():
01-13 08:49:23.592 1477 1477 I FaceDownDetector: mAccelerationThreshold=0.2
01-13 08:49:23.592 1477 1477 I FaceDownDetector: mZAccelerationThreshold=-9.5
01-13 08:49:23.592 1477 1477 I FaceDownDetector: mTimeThreshold=PT1S
01-13 08:49:23.592 1477 1477 I FaceDownDetector: mIsEnabled=true
01-13 08:49:23.592 1477 1477 I ScreenUndimDetector: readValuesFromDeviceConfig():
01-13 08:49:23.592 1477 1477 I ScreenUndimDetector: mKeepScreenOnForMillis=600000
01-13 08:49:23.592 1477 1477 I ScreenUndimDetector: mKeepScreenOnNotificationEnabled=false
01-13 08:49:23.592 1477 1477 I ScreenUndimDetector: mUndimsRequired=2
01-13 08:49:23.593 1477 1587 E KernelCpuSpeedReader: Failed to read cpu-freq: /sys/devices/system/cpu/cpu4/cpufreq/stats/time_in_state: open failed: ENOENT (No such file or directory)
01-13 08:49:23.593 1477 1587 E KernelCpuSpeedReader: Failed to read cpu-freq: /sys/devices/system/cpu/cpu0/cpufreq/stats/time_in_state: open failed: ENOENT (No such file or directory)
01-13 08:49:23.596 1477 1477 I SystemServerTiming: StartPermissionPolicyService
01-13 08:49:23.596 1477 1477 I SystemServiceManager: Starting com.android.server.policy.PermissionPolicyService
01-13 08:49:23.597 1477 1477 I SystemServerTiming: MakePackageManagerServiceReady
01-13 08:49:23.599 1477 1574 I HealthServiceWrapper: health: HealthServiceWrapper listening to instance default
01-13 08:49:23.610 1477 1477 V UserDataPreparer: Found /data/user_de/0 with serial number 0
01-13 08:49:23.610 1477 1477 V UserDataPreparer: Found /data/user/0 with serial number 0
01-13 08:49:23.610 1477 1477 V UserDataPreparer: Found /data/system_de/0 with serial number 0
01-13 08:49:23.610 1477 1477 W UserDataPreparer: Invalid user directory /data/system_de/usagestats
01-13 08:49:23.610 1477 1477 V UserDataPreparer: Found /data/system_ce/0 with serial number 0
01-13 08:49:23.610 1477 1477 V UserDataPreparer: Found /data/misc_ce/0 with serial number 0
01-01 08:00:12.623 0 0 W : [drm:programmable_fetch_get_num_lines:228] low vbp+vfp may lead to perf issues in some cases
01-01 08:00:12.624 0 0 E : [MAX975X:max96755x_drm_notifier_callback] *ERROR* receives BLANK:UNBLANK
01-01 08:00:12.624 0 0 I atmel_mxt_ts 0-004a: FB event:1,blank:0
01-01 08:00:12.624 0 0 I atmel_mxt_ts 0-004a: drm_notifier_callback: UNBLANK! Resume by drm notifier.
01-13 08:49:23.642 1477 1477 I PackageManager: Permission ownership changed. Updating all permissions.
01-13 08:49:23.642 1477 1574 D StatsPullAtomService: Registering pullers with statsd
01-13 08:49:23.656 1477 1574 I StatsPullAtomService: register thermal listener successfully
01-13 08:49:23.659 1477 1477 I SystemServerTiming: MakeDisplayManagerServiceReady
01-13 08:49:23.659 1477 1560 E DisplayModeDirector: Asked about unknown display, returning empty display mode specs!(id=0)
01-13 08:49:23.659 1477 1560 E DisplayModeDirector: Asked about unknown display, returning empty display mode specs!(id=0)
01-13 08:49:23.660 1477 1655 E DefaultPermGrantPolicy: Package not found: com.qualcomm.qti.cne
01-13 08:49:23.661 1477 1477 I SystemServerTiming: StartDeviceSpecificServices
01-13 08:49:23.661 1477 1477 I SystemServerTiming: GameManagerService
01-13 08:49:23.661 1477 1477 I SystemServiceManager: Starting com.android.server.app.GameManagerService$Lifecycle
01-13 08:49:23.662 1477 1477 I SystemServerTiming: StartBootPhaseDeviceSpecificServicesReady
01-13 08:49:23.662 1477 1477 I SystemServiceManager: Starting phase 520
01-13 08:49:23.662 1477 1477 I SystemServerTiming: OnBootPhase_520
01-13 08:49:23.662 1477 1477 I SystemServerTiming: OnBootPhase_520_com.android.server.security.FileIntegrityService
01-13 08:49:23.662 1477 1477 I SystemServerTiming: OnBootPhase_520_com.android.server.pm.Installer
01-13 08:49:23.662 1477 1477 I SystemServerTiming: OnBootPhase_520_com.android.server.os.DeviceIdentifiersPolicyService
01-13 08:49:23.662 1477 1477 I SystemServerTiming: OnBootPhase_520_com.android.server.uri.UriGrantsManagerService$Lifecycle
01-13 08:49:23.662 1477 1477 I SystemServerTiming: OnBootPhase_520_com.android.server.powerstats.PowerStatsService
01-13 08:49:23.662 1477 1477 I SystemServerTiming: OnBootPhase_520_com.android.server.wm.ActivityTaskManagerService$Lifecycle
01-13 08:49:23.662 1477 1477 I SystemServerTiming: OnBootPhase_520_com.android.server.am.ActivityManagerService$Lifecycle
01-13 08:49:23.662 1477 1477 I SystemServerTiming: OnBootPhase_520_com.android.server.pm.DataLoaderManagerService
01-13 08:49:23.662 1477 1477 I SystemServerTiming: OnBootPhase_520_com.android.server.power.PowerManagerService
01-13 08:49:23.662 1477 1477 I SystemServerTiming: OnBootPhase_520_com.android.server.power.ThermalManagerService
01-13 08:49:23.662 1477 1477 I SystemServerTiming: OnBootPhase_520_com.android.server.power.hint.HintManagerService
01-13 08:49:23.662 1477 1477 I SystemServerTiming: OnBootPhase_520_com.android.server.recoverysystem.RecoverySystemService$Lifecycle
01-13 08:49:23.662 1477 1477 I SystemServerTiming: OnBootPhase_520_com.android.server.lights.LightsService
01-13 08:49:23.662 1477 1477 I SystemServerTiming: OnBootPhase_520_com.android.server.display.DisplayManagerService
01-13 08:49:23.662 1477 1477 I SystemServerTiming: OnBootPhase_520_com.android.server.pm.verify.domain.DomainVerificationService
01-13 08:49:23.662 1477 1477 I SystemServerTiming: OnBootPhase_520_com.android.server.pm.PackageInstallerService$Lifecycle
01-13 08:49:23.662 1477 1477 I SystemServerTiming: OnBootPhase_520_com.android.server.pm.UserManagerService$LifeCycle
01-13 08:49:23.662 1477 1477 I SystemServerTiming: OnBootPhase_520_com.android.server.om.OverlayManagerService
01-13 08:49:23.662 1477 1477 I SystemServerTiming: OnBootPhase_520_com.android.server.SensorPrivacyService
01-13 08:49:23.662 1477 1477 I SystemServerTiming: OnBootPhase_520_com.android.server.thunderperf.ThunderBoostPerfService
01-13 08:49:23.662 1477 1477 I SystemServerTiming: OnBootPhase_520_com.android.server.sensors.SensorService
01-13 08:49:23.662 1477 1477 I SystemServerTiming: OnBootPhase_520_com.android.server.SystemConfigService
01-13 08:49:23.662 1477 1477 I SystemServerTiming: OnBootPhase_520_com.android.server.BatteryService
01-13 08:49:23.662 1477 1477 I SystemServerTiming: OnBootPhase_520_com.android.server.usage.UsageStatsService
01-13 08:49:23.662 1477 1477 I SystemServerTiming: OnBootPhase_520_com.android.server.webkit.WebViewUpdateService
01-13 08:49:23.662 1477 1477 I SystemServerTiming: OnBootPhase_520_com.android.server.CachedDeviceStateService
01-13 08:49:23.662 1477 1477 I SystemServerTiming: OnBootPhase_520_com.android.server.BinderCallsStatsService$LifeCycle
01-13 08:49:23.662 1477 1477 I SystemServerTiming: OnBootPhase_520_com.android.server.LooperStatsService$Lifecycle
01-13 08:49:23.662 1477 1477 I SystemServerTiming: OnBootPhase_520_com.android.server.rollback.RollbackManagerService
01-13 08:49:23.662 1477 1477 I SystemServerTiming: OnBootPhase_520_com.android.server.os.NativeTombstoneManagerService
01-13 08:49:23.662 1477 1477 I SystemServerTiming: OnBootPhase_520_com.android.server.os.BugreportManagerService
01-13 08:49:23.662 1477 1477 I SystemServerTiming: OnBootPhase_520_com.android.server.gpu.GpuService
01-13 08:49:23.662 1477 1477 I SystemServerTiming: OnBootPhase_520_com.android.server.security.KeyChainSystemService
01-13 08:49:23.662 1477 1477 I SystemServerTiming: OnBootPhase_520_com.android.server.telecom.TelecomLoaderService
01-13 08:49:23.662 1477 1477 I SystemServerTiming: OnBootPhase_520_com.android.server.accounts.AccountManagerService$Lifecycle
01-13 08:49:23.662 1477 1477 I SystemServerTiming: OnBootPhase_520_com.android.server.content.ContentService$Lifecycle
01-13 08:49:23.663 1477 1477 I SystemServerTiming: OnBootPhase_520_com.android.server.DropBoxManagerService
01-13 08:49:23.663 1477 1477 I SystemServerTiming: OnBootPhase_520_com.android.role.RoleService
01-13 08:49:23.663 1477 1477 I SystemServerTiming: OnBootPhase_520_com.android.server.vibrator.VibratorManagerService$Lifecycle
01-13 08:49:23.663 1477 1477 I SystemServerTiming: OnBootPhase_520_com.android.server.alarm.AlarmManagerService
01-13 08:49:23.663 1477 1477 I SystemServerTiming: OnBootPhase_520_com.android.server.devicestate.DeviceStateManagerService
01-13 08:49:23.663 1477 1477 I SystemServerTiming: OnBootPhase_520_com.android.server.camera.CameraServiceProxy
01-13 08:49:23.663 1477 1477 I SystemServerTiming: OnBootPhase_520_com.android.server.BluetoothService
01-13 08:49:23.663 1477 1477 I SystemServerTiming: OnBootPhase_520_com.android.server.connectivity.IpConnectivityMetrics
01-13 08:49:23.663 1477 1477 I SystemServerTiming: OnBootPhase_520_com.android.server.net.watchlist.NetworkWatchlistService$Lifecycle
01-13 08:49:23.663 1477 1477 I SystemServerTiming: OnBootPhase_520_com.android.server.PinnerService
01-13 08:49:23.663 1477 1477 I SystemServerTiming: OnBootPhase_520_com.google.android.startop.iorap.IorapForwardingService
01-13 08:49:23.663 1477 1477 I SystemServerTiming: OnBootPhase_520_com.android.server.ActivityTriggerService
01-13 08:49:23.663 1477 1477 I SystemServerTiming: OnBootPhase_520_com.android.server.integrity.AppIntegrityManagerService
01-13 08:49:23.663 1477 1477 I SystemServerTiming: OnBootPhase_520_com.android.server.inputmethod.InputMethodManagerService$Lifecycle
01-13 08:49:23.663 1477 1477 I SystemServerTiming: OnBootPhase_520_com.android.server.accessibility.AccessibilityManagerService$Lifecycle
01-13 08:49:23.663 1477 1477 I SystemServerTiming: OnBootPhase_520_com.android.server.StorageManagerService$Lifecycle
01-13 08:49:23.663 1477 1477 I SystemServerTiming: OnBootPhase_520_com.android.server.usage.StorageStatsService$Lifecycle
01-13 08:49:23.663 1477 1477 I SystemServerTiming: OnBootPhase_520_com.android.server.UiModeManagerService
01-13 08:49:23.663 1477 1477 I SystemServerTiming: OnBootPhase_520_com.android.server.locksettings.LockSettingsService$Lifecycle
01-13 08:49:23.663 1477 1477 I SystemServerTiming: OnBootPhase_520_com.android.server.PersistentDataBlockService
01-13 08:49:23.663 1477 1477 I SystemServerTiming: OnBootPhase_520_com.android.server.testharness.TestHarnessModeService
01-13 08:49:23.663 1477 1477 I SystemServerTiming: OnBootPhase_520_com.android.server.oemlock.OemLockService
01-13 08:49:23.663 1477 1477 I SystemServerTiming: OnBootPhase_520_com.android.server.DeviceIdleController
01-13 08:49:23.663 1477 1477 I SystemServerTiming: OnBootPhase_520_com.android.server.devicepolicy.DevicePolicyManagerService$Lifecycle
01-13 08:49:23.663 1477 1477 I SystemServerTiming: OnBootPhase_520_com.android.server.texttospeech.TextToSpeechManagerService
01-13 08:49:23.663 1477 1477 I SystemServerTiming: OnBootPhase_520_com.android.server.speech.SpeechRecognitionManagerService
01-13 08:49:23.663 1477 1477 I SystemServerTiming: OnBootPhase_520_com.android.server.searchui.SearchUiManagerService
01-13 08:49:23.663 1477 1477 I SystemServerTiming: OnBootPhase_520_com.android.server.smartspace.SmartspaceManagerService
01-13 08:49:23.663 1477 1477 I SystemServerTiming: OnBootPhase_520_com.android.server.graphics.fonts.FontManagerService$Lifecycle
01-13 08:49:23.663 1477 1477 I SystemServerTiming: OnBootPhase_520_com.android.server.textservices.TextServicesManagerService$Lifecycle
01-13 08:49:23.663 1477 1477 I SystemServerTiming: OnBootPhase_520_com.android.server.textclassifier.TextClassificationManagerService$Lifecycle
01-13 08:49:23.663 1477 1477 I SystemServerTiming: OnBootPhase_520_com.android.server.NetworkScoreService$Lifecycle
01-13 08:49:23.663 1477 1477 I SystemServerTiming: OnBootPhase_520_com.android.server.wifi.WifiService
01-13 08:49:23.663 1477 1477 I SystemServerTiming: OnBootPhase_520_com.android.server.wifi.scanner.WifiScanningService
01-13 08:49:23.663 1477 1477 I SystemServerTiming: OnBootPhase_520_com.android.server.wifi.rtt.RttService
01-13 08:49:23.663 1477 1477 I SystemServerTiming: OnBootPhase_520_com.android.server.wifi.aware.WifiAwareService
01-13 08:49:23.663 1477 1477 I SystemServerTiming: OnBootPhase_520_com.android.server.wifi.p2p.WifiP2pService
01-13 08:49:23.663 1477 1477 I SystemServerTiming: OnBootPhase_520_com.android.server.ethernet.EthernetService
01-13 08:49:23.663 1477 1477 I SystemServerTiming: OnBootPhase_520_com.android.server.ConnectivityServiceInitializer
01-13 08:49:23.663 1477 1477 I SystemServerTiming: OnBootPhase_520_com.android.server.notification.NotificationManagerService
01-13 08:49:23.663 1477 1477 I SystemServerTiming: OnBootPhase_520_com.android.server.storage.DeviceStorageMonitorService
01-13 08:49:23.663 1477 1477 I SystemServerTiming: OnBootPhase_520_com.android.server.location.LocationManagerService$Lifecycle
01-13 08:49:23.663 1477 1477 I SystemServerTiming: OnBootPhase_520_com.android.server.timedetector.TimeDetectorService$Lifecycle
01-13 08:49:23.663 1477 1477 I SystemServerTiming: OnBootPhase_520_com.android.server.timezonedetector.TimeZoneDetectorService$Lifecycle
01-13 08:49:23.663 1477 1477 I SystemServerTiming: OnBootPhase_520_com.android.server.timezonedetector.location.LocationTimeZoneManagerService$Lifecycle
01-13 08:49:23.663 1477 1477 I SystemServerTiming: OnBootPhase_520_com.android.server.search.SearchManagerService$Lifecycle
01-13 08:49:23.663 1477 1477 I SystemServerTiming: OnBootPhase_520_com.android.server.wallpaper.WallpaperManagerService$Lifecycle
01-13 08:49:23.663 1477 1477 I SystemServerTiming: OnBootPhase_520_com.android.server.audio.AudioService$Lifecycle
01-13 08:49:23.663 1477 1477 I SystemServerTiming: OnBootPhase_520_com.android.server.soundtrigger_middleware.SoundTriggerMiddlewareService$Lifecycle
01-13 08:49:23.663 1477 1477 I SystemServerTiming: OnBootPhase_520_com.android.server.DockObserver
01-13 08:49:23.663 1477 1477 I SystemServerTiming: OnBootPhase_520_com.android.server.midi.MidiService$Lifecycle
01-13 08:49:23.663 1477 1477 I SystemServerTiming: OnBootPhase_520_com.android.server.adb.AdbService$Lifecycle
01-13 08:49:23.663 1477 1477 I SystemServerTiming: OnBootPhase_520_com.android.server.usb.UsbService$Lifecycle
01-13 08:49:23.663 1477 1477 I SystemServerTiming: OnBootPhase_520_com.android.server.twilight.TwilightService
01-13 08:49:23.663 1477 1477 I SystemServerTiming: OnBootPhase_520_com.android.server.display.color.ColorDisplayService
01-13 08:49:23.663 1477 1477 I SystemServerTiming: OnBootPhase_520_com.android.server.job.JobSchedulerService
01-13 08:49:23.663 1477 1477 I SystemServerTiming: OnBootPhase_520_com.android.server.soundtrigger.SoundTriggerService
01-13 08:49:23.663 1477 1477 D SoundTriggerService: onBootPhase: 520 : false
01-13 08:49:23.663 1477 1477 I SystemServerTiming: OnBootPhase_520_com.android.server.trust.TrustManagerService
01-13 08:49:23.663 1477 1477 I SystemServerTiming: OnBootPhase_520_com.android.server.backup.BackupManagerService$Lifecycle
01-13 08:49:23.663 1477 1477 I SystemServerTiming: OnBootPhase_520_com.android.server.appwidget.AppWidgetService
01-13 08:49:23.663 1477 1477 I SystemServerTiming: OnBootPhase_520_com.android.server.voiceinteraction.VoiceInteractionManagerService
01-13 08:49:23.663 1477 1477 I SystemServerTiming: OnBootPhase_520_com.android.server.apphibernation.AppHibernationService
01-13 08:49:23.663 1477 1477 I SystemServerTiming: OnBootPhase_520_com.android.server.SensorNotificationService
01-13 08:49:23.663 1477 1477 I SystemServerTiming: OnBootPhase_520_com.android.server.emergency.EmergencyAffordanceService
01-13 08:49:23.663 1477 1477 I SystemServerTiming: OnBootPhase_520_com.android.server.blob.BlobStoreManagerService
01-13 08:49:23.663 1477 1477 I SystemServerTiming: OnBootPhase_520_com.android.server.dreams.DreamManagerService
01-13 08:49:23.663 1477 1477 I SystemServerTiming: OnBootPhase_520_com.android.server.companion.CompanionDeviceManagerService
01-13 08:49:23.663 1477 1477 I SystemServerTiming: OnBootPhase_520_com.android.server.restrictions.RestrictionsManagerService
01-13 08:49:23.663 1477 1477 I SystemServerTiming: OnBootPhase_520_com.android.server.media.MediaSessionService
01-13 08:49:23.663 1477 1477 I SystemServerTiming: OnBootPhase_520_com.android.server.media.MediaResourceMonitorService
01-13 08:49:23.663 1477 1477 I SystemServerTiming: OnBootPhase_520_com.android.server.biometrics.sensors.fingerprint.FingerprintService
01-13 08:49:23.663 1477 1477 I SystemServerTiming: OnBootPhase_520_com.android.server.biometrics.BiometricService
01-13 08:49:23.663 1477 1477 I SystemServerTiming: OnBootPhase_520_com.android.server.biometrics.AuthService
01-13 08:49:23.663 1477 1477 I SystemServerTiming: OnBootPhase_520_com.android.server.pm.ShortcutService$Lifecycle
01-13 08:49:23.663 1477 1477 I SystemServerTiming: OnBootPhase_520_com.android.server.pm.LauncherAppsService
01-13 08:49:23.663 1477 1477 I SystemServerTiming: OnBootPhase_520_com.android.server.pm.CrossProfileAppsService
01-13 08:49:23.663 1477 1477 I SystemServerTiming: OnBootPhase_520_com.android.server.people.PeopleService
01-13 08:49:23.663 1477 1477 I SystemServerTiming: OnBootPhase_520_com.android.server.media.metrics.MediaMetricsManagerService
01-13 08:49:23.663 1477 1477 I SystemServerTiming: OnBootPhase_520_com.android.server.media.projection.MediaProjectionManagerService
01-13 08:49:23.663 1477 1477 I SystemServerTiming: OnBootPhase_520_com.android.server.slice.SliceManagerService$Lifecycle
01-13 08:49:23.663 1477 1477 I SystemServerTiming: OnBootPhase_520_com.android.server.stats.StatsCompanion$Lifecycle
01-13 08:49:23.663 1477 1477 I SystemServerTiming: OnBootPhase_520_com.android.server.scheduling.RebootReadinessManagerService$Lifecycle
01-13 08:49:23.663 1477 1477 I SystemServerTiming: OnBootPhase_520_com.android.server.stats.pull.StatsPullAtomService
01-13 08:49:23.663 1477 1477 I SystemServerTiming: OnBootPhase_520_com.android.server.incident.IncidentCompanionService
01-13 08:49:23.663 1477 1477 I SystemServerTiming: OnBootPhase_520_com.android.server.MmsServiceBroker
01-13 08:49:23.663 1477 1477 I SystemServerTiming: OnBootPhase_520_com.android.server.autofill.AutofillManagerService
01-13 08:49:23.663 1477 1477 I SystemServerTiming: OnBootPhase_520_com.android.server.clipboard.ClipboardService
01-13 08:49:23.663 1477 1477 I SystemServerTiming: OnBootPhase_520_com.android.server.appbinding.AppBindingService$Lifecycle
01-13 08:49:23.663 1477 1477 I SystemServerTiming: OnBootPhase_520_com.android.server.tracing.TracingServiceProxy
01-13 08:49:23.663 1477 1477 I SystemServerTiming: OnBootPhase_520_com.android.server.policy.PermissionPolicyService
01-13 08:49:23.663 1477 1477 I SystemServerTiming: OnBootPhase_520_com.android.server.pm.StagingManager$Lifecycle
01-13 08:49:23.663 1477 1477 I SystemServerTiming: OnBootPhase_520_com.android.server.app.GameManagerService$Lifecycle
01-13 08:49:23.663 1477 1477 I SystemServerTiming: AppSearchManagerService
01-13 08:49:23.667 1477 1477 I SystemServiceManager: Starting com.android.server.appsearch.AppSearchManagerService
01-13 08:49:23.667 1477 1477 I SystemServerTiming: StartMediaCommunicationService
01-13 08:49:23.668 1477 1477 I SystemServiceManager: Starting com.android.server.media.MediaCommunicationService
01-13 08:49:23.668 1477 1477 I SystemServerTiming: PhaseActivityManagerReady
01-13 08:49:23.668 1477 1477 I SystemServerTiming: controllersReady
01-13 08:49:23.670 1477 1716 I SystemServerTimingAsync: InitThreadPoolExec:Update app-ops uidState in case package com.tencent.qqmusic changed
01-13 08:49:23.670 1477 1813 I SystemServerTimingAsync: InitThreadPoolExec:Update app-ops uidState in case package com.kugou.android changed
01-13 08:49:23.670 1477 1844 I SystemServerTimingAsync: InitThreadPoolExec:Update app-ops uidState in case package com.netease.newsreader.activity changed
01-13 08:49:23.670 1477 1700 I SystemServerTimingAsync: InitThreadPoolExec:Update app-ops uidState in case package com.cmcc.cmvideo changed
01-13 08:49:23.670 1477 1851 I SystemServerTimingAsync: InitThreadPoolExec:Update app-ops uidState in case package com.hunantv.imgo.activity changed
01-13 08:49:23.670 1477 1564 I SystemServerTimingAsync: InitThreadPoolExec:Update app-ops uidState in case package com.yiche.autoeasy changed
01-13 08:49:23.670 1477 1706 I SystemServerTimingAsync: InitThreadPoolExec:Update app-ops uidState in case package com.ss.android.article.news changed
01-13 08:49:23.670 1477 1715 I SystemServerTimingAsync: InitThreadPoolExec:Update app-ops uidState in case package com.tencent.qqlive changed
01-13 08:49:23.670 1477 1716 I SystemServerTimingAsync: InitThreadPoolExec:Update app-ops uidState in case package com.tencent.wemeet.app changed
01-13 08:49:23.670 1477 1813 I SystemServerTimingAsync: InitThreadPoolExec:Update app-ops uidState in case package com.sohu.inputmethod.sogou changed
01-13 08:49:23.670 1477 1716 I SystemServerTimingAsync: InitThreadPoolExec:Update app-ops uidState in case package com.kuaishou.nebula changed
01-13 08:49:23.670 1477 1700 I SystemServerTimingAsync: InitThreadPoolExec:Update app-ops uidState in case package com.achievo.vipshop changed
01-13 08:49:23.670 1477 1716 I SystemServerTimingAsync: InitThreadPoolExec:Update app-ops uidState in case package com.ss.android.article.video changed
01-13 08:49:23.670 1477 1700 I SystemServerTimingAsync: InitThreadPoolExec:Update app-ops uidState in case package com.youku.phone changed
01-13 08:49:23.670 1477 1716 I SystemServerTimingAsync: InitThreadPoolExec:Update app-ops uidState in case package com.ximalaya.ting.android changed
01-13 08:49:23.670 1477 1700 I SystemServerTimingAsync: InitThreadPoolExec:Update app-ops uidState in case package com.ss.android.lark changed
01-13 08:49:23.671 1477 1715 I SystemServerTimingAsync: InitThreadPoolExec:Update app-ops uidState in case package com.smile.gifmaker changed
01-13 08:49:23.671 1477 1716 I SystemServerTimingAsync: InitThreadPoolExec:Update app-ops uidState in case package com.coolapk.market changed
01-13 08:49:23.671 1477 1700 I SystemServerTimingAsync: InitThreadPoolExec:Update app-ops uidState in case package com.miHoYo.Yuanshen changed
01-13 08:49:23.671 1477 1715 I SystemServerTimingAsync: InitThreadPoolExec:Update app-ops uidState in case package tv.danmaku.bilibilihd changed
01-13 08:49:23.671 1477 1700 I SystemServerTimingAsync: InitThreadPoolExec:Update app-ops uidState in case package com.android.providers.media.module changed
01-13 08:49:23.671 1477 1844 I SystemServerTimingAsync: InitThreadPoolExec:Update app-ops uidState in case package com.android.music changed
01-13 08:49:23.671 1477 1844 I SystemServerTimingAsync: InitThreadPoolExec:Update app-ops uidState in case package com.qualcomm.qti.workloadclassifier changed
01-13 08:49:23.671 1477 1700 I SystemServerTimingAsync: InitThreadPoolExec:Update app-ops uidState in case package com.qualcomm.qtil.aptxui changed
01-13 08:49:23.671 1477 1715 I SystemServerTimingAsync: InitThreadPoolExec:Update app-ops uidState in case package com.hht.lebocast changed
01-13 08:49:23.671 1477 1844 I SystemServerTimingAsync: InitThreadPoolExec:Update app-ops uidState in case package com.android.launcher3 changed
01-13 08:49:23.671 1477 1706 I SystemServerTimingAsync: InitThreadPoolExec:Update app-ops uidState in case package com.qiyi.video.pad changed
01-13 08:49:23.671 1477 1715 I SystemServerTimingAsync: InitThreadPoolExec:Update app-ops uidState in case package com.qti.ltebc changed
01-13 08:49:23.671 1477 1851 I SystemServerTimingAsync: InitThreadPoolExec:Update app-ops uidState in case package com.android.permissioncontroller changed
01-13 08:49:23.671 1477 1706 I SystemServerTimingAsync: InitThreadPoolExec:Update app-ops uidState in case package com.qualcomm.location changed
01-13 08:49:23.671 1477 1851 I SystemServerTimingAsync: InitThreadPoolExec:Update app-ops uidState in case package com.android.webview changed
01-13 08:49:23.671 1477 1706 I SystemServerTimingAsync: InitThreadPoolExec:Update app-ops uidState in case package com.android.inputmethod.latin changed
01-13 08:49:23.671 1477 1851 I SystemServerTimingAsync: InitThreadPoolExec:Update app-ops uidState in case package com.android.deskclock changed
01-13 08:49:23.671 1477 1706 I SystemServerTimingAsync: InitThreadPoolExec:Update app-ops uidState in case package com.android.gallery3d changed
01-13 08:49:23.671 1477 1844 I SystemServerTimingAsync: InitThreadPoolExec:Update app-ops uidState in case package com.ss.android.ugc.live changed
01-13 08:49:23.671 1477 1715 I SystemServerTimingAsync: InitThreadPoolExec:Update app-ops uidState in case package com.huawei.appmarket changed
01-13 08:49:23.671 1477 1706 I SystemServerTimingAsync: InitThreadPoolExec:Update app-ops uidState in case package com.qualcomm.timeservice changed
01-13 08:49:23.671 1477 1716 I SystemServerTimingAsync: InitThreadPoolExec:Update app-ops uidState in case package com.tencent.tmgp.sgame changed
01-13 08:49:23.671 1477 1715 I SystemServerTimingAsync: InitThreadPoolExec:Update app-ops uidState in case package com.microsoft.emmx changed
01-13 08:49:23.671 1477 1706 I SystemServerTimingAsync: InitThreadPoolExec:Update app-ops uidState in case package com.android.providers.calendar changed
01-13 08:49:23.671 1477 1715 I SystemServerTimingAsync: InitThreadPoolExec:Update app-ops uidState in case package com.android.providers.userdictionary changed
01-13 08:49:23.671 1477 1844 I SystemServerTimingAsync: InitThreadPoolExec:Update app-ops uidState in case package com.baidu.input changed
01-13 08:49:23.671 1477 1706 I SystemServerTimingAsync: InitThreadPoolExec:Update app-ops uidState in case package com.sohu.inputmethod.sogou.car changed
01-13 08:49:23.671 1477 1844 I SystemServerTimingAsync: InitThreadPoolExec:Update app-ops uidState in case package com.android.externalstorage changed
01-13 08:49:23.671 1477 1715 I SystemServerTimingAsync: InitThreadPoolExec:Update app-ops uidState in case package com.android.packageinstaller changed
01-13 08:49:23.671 1477 1716 I SystemServerTimingAsync: InitThreadPoolExec:Update app-ops uidState in case package com.android.providers.contacts changed
01-13 08:49:23.671 1477 1564 I SystemServerTimingAsync: InitThreadPoolExec:Update app-ops uidState in case package com.android.providers.downloads changed
01-13 08:49:23.671 1477 1844 I SystemServerTimingAsync: InitThreadPoolExec:Update app-ops uidState in case package com.android.providers.media changed
01-13 08:49:23.671 1477 1564 I SystemServerTimingAsync: InitThreadPoolExec:Update app-ops uidState in case package com.android.providers.downloads.ui changed
01-13 08:49:23.671 1477 1716 I SystemServerTimingAsync: InitThreadPoolExec:Update app-ops uidState in case package com.android.soundpicker changed
01-13 08:49:23.671 1477 1851 I SystemServerTimingAsync: InitThreadPoolExec:Update app-ops uidState in case package com.android.calendar changed
01-13 08:49:23.671 1477 1844 I SystemServerTimingAsync: InitThreadPoolExec:Update app-ops uidState in case package com.android.shell changed
01-13 08:49:23.671 1477 1706 I SystemServerTimingAsync: InitThreadPoolExec:Update app-ops uidState in case package com.android.documentsui changed
01-13 08:49:23.671 1477 1851 I SystemServerTimingAsync: InitThreadPoolExec:Update app-ops uidState in case package com.android.bluetooth changed
01-13 08:49:23.671 1477 1564 I SystemServerTimingAsync: InitThreadPoolExec:Update app-ops uidState in case package com.thundercomm.gamemode changed
01-13 08:49:23.671 1477 1706 I SystemServerTimingAsync: InitThreadPoolExec:Update app-ops uidState in case package com.thundercomm.microservice changed
01-13 08:49:23.671 1477 1851 I SystemServerTimingAsync: InitThreadPoolExec:Update app-ops uidState in case package android changed
01-13 08:49:23.671 1477 1706 I SystemServerTimingAsync: InitThreadPoolExec:Update app-ops uidState in case package com.android.server.telecom changed
01-13 08:49:23.671 1477 1564 I SystemServerTimingAsync: InitThreadPoolExec:Update app-ops uidState in case package com.thundercomm.tcsetupwizard changed
01-13 08:49:23.671 1477 1706 I SystemServerTimingAsync: InitThreadPoolExec:Update app-ops uidState in case package com.android.settings changed
01-13 08:49:23.671 1477 1564 I SystemServerTimingAsync: InitThreadPoolExec:Update app-ops uidState in case package com.android.location.fused changed
01-13 08:49:23.671 1477 1716 I SystemServerTimingAsync: InitThreadPoolExec:Update app-ops uidState in case package com.android.networkstack changed
01-13 08:49:23.671 1477 1715 I SystemServerTimingAsync: InitThreadPoolExec:Update app-ops uidState in case package com.android.mtp changed
01-13 08:49:23.671 1477 1700 I SystemServerTimingAsync: InitThreadPoolExec:Update app-ops uidState in case package com.android.systemui changed
01-13 08:49:23.671 1477 1477 I SystemServerTiming: killProcesses
01-13 08:49:23.671 1477 1844 I SystemServerTimingAsync: InitThreadPoolExec:Update app-ops uidState in case package com.tc.logclient changed
01-13 08:49:23.671 1477 1477 I ActivityManager: System now ready
01-13 08:49:23.671 1477 1477 I SystemServerTiming: updateTopComponentForFactoryTest
01-13 08:49:23.671 1477 1477 I SystemServerTiming: registerActivityLaunchObserver
01-13 08:49:23.671 1477 1477 I SystemServerTiming: watchDeviceProvisioning
01-13 08:49:23.674 1477 1477 I SystemServerTiming: retrieveSettings
01-13 08:49:23.675 1477 1477 I ActivityTaskManager: Config changes=10000000 {1.0 ?mcc?mnc [zh_CN] ldltr sw720dp w1706dp h624dp 240dpi lrg long land finger -keyb/v/h -nav/h winConfig={ mBounds=Rect(0, 0 - 2560, 1080) mAppBounds=Rect(0, 0 - 2560, 1008) mMaxBounds=Rect(0, 0 - 2560, 1080) mWindowingMode=fullscreen mDisplayWindowingMode=fullscreen mActivityType=undefined mAlwaysOnTop=undefined mRotation=ROTATION_0} s.8 fontWeightAdjustment=0}
01-13 08:49:23.675 1477 1477 I WindowManager: Override config changes=10000000 {1.0 ?mcc?mnc [zh_CN] ldltr sw720dp w1706dp h624dp 240dpi lrg long land finger -keyb/v/h -nav/h winConfig={ mBounds=Rect(0, 0 - 2560, 1080) mAppBounds=Rect(0, 0 - 2560, 1008) mMaxBounds=Rect(0, 0 - 2560, 1080) mWindowingMode=fullscreen mDisplayWindowingMode=fullscreen mActivityType=undefined mAlwaysOnTop=undefined mRotation=ROTATION_0} s.8 fontWeightAdjustment=0} for displayId=0
01-13 08:49:23.676 1477 1477 I SystemServerTiming: Ugm.onSystemReady
01-13 08:49:23.681 1477 1477 I SystemServerTiming: updateForceBackgroundCheck
01-13 08:49:23.681 1477 1477 I SystemServer: Making services ready
01-13 08:49:23.681 1477 1477 I SystemServerTiming: StartActivityManagerReadyPhase
01-13 08:49:23.681 1477 1477 I SystemServiceManager: Starting phase 550
01-13 08:49:23.681 1477 1477 I SystemServerTiming: OnBootPhase_550
01-13 08:49:23.681 1477 1477 I SystemServerTiming: OnBootPhase_550_com.android.server.security.FileIntegrityService
01-13 08:49:23.681 1477 1477 I SystemServerTiming: OnBootPhase_550_com.android.server.pm.Installer
01-13 08:49:23.681 1477 1477 I SystemServerTiming: OnBootPhase_550_com.android.server.os.DeviceIdentifiersPolicyService
01-13 08:49:23.681 1477 1477 I SystemServerTiming: OnBootPhase_550_com.android.server.uri.UriGrantsManagerService$Lifecycle
01-13 08:49:23.681 1477 1477 I SystemServerTiming: OnBootPhase_550_com.android.server.powerstats.PowerStatsService
01-13 08:49:23.681 1477 1477 I SystemServerTiming: OnBootPhase_550_com.android.server.wm.ActivityTaskManagerService$Lifecycle
01-13 08:49:23.681 1477 1477 I SystemServerTiming: OnBootPhase_550_com.android.server.am.ActivityManagerService$Lifecycle
01-13 08:49:23.681 1477 1477 I SystemServerTiming: OnBootPhase_550_com.android.server.pm.DataLoaderManagerService
01-13 08:49:23.681 1477 1477 I SystemServerTiming: OnBootPhase_550_com.android.server.power.PowerManagerService
01-13 08:49:23.681 1477 1477 I SystemServerTiming: OnBootPhase_550_com.android.server.power.ThermalManagerService
01-13 08:49:23.682 1477 1477 I ThermalHalWrapper: Thermal HAL 2.0 service connected.
01-13 08:49:23.682 1477 1477 E ThermalHalWrapper: Couldn't get temperatures because of HAL error: ThermalHAL not initialized properly.
01-13 08:49:23.682 1477 1477 W ThermalManagerService: Thermal HAL reported invalid data, abort connection
01-13 08:49:23.682 1477 1477 E ThermalHalWrapper: Couldn't get temperature thresholds because of HAL error: ThermalHAL not initialized properly.
01-13 08:49:23.682 1477 1477 I SystemServerTiming: OnBootPhase_550_com.android.server.power.hint.HintManagerService
01-13 08:49:23.682 1477 1477 I SystemServerTiming: OnBootPhase_550_com.android.server.recoverysystem.RecoverySystemService$Lifecycle
01-13 08:49:23.682 1477 1477 I SystemServerTiming: OnBootPhase_550_com.android.server.lights.LightsService
01-13 08:49:23.682 1477 1477 I SystemServerTiming: OnBootPhase_550_com.android.server.display.DisplayManagerService
01-13 08:49:23.682 1477 1477 I SystemServerTiming: OnBootPhase_550_com.android.server.pm.verify.domain.DomainVerificationService
01-13 08:49:23.682 1477 1477 I SystemServerTiming: OnBootPhase_550_com.android.server.pm.PackageInstallerService$Lifecycle
01-13 08:49:23.682 1477 1477 I SystemServerTiming: OnBootPhase_550_com.android.server.pm.UserManagerService$LifeCycle
01-13 08:49:23.682 1477 1477 I SystemServerTiming: OnBootPhase_550_com.android.server.om.OverlayManagerService
01-13 08:49:23.682 1477 1477 I SystemServerTiming: OnBootPhase_550_com.android.server.SensorPrivacyService
01-13 08:49:23.682 1477 1477 I SystemServerTiming: OnBootPhase_550_com.android.server.thunderperf.ThunderBoostPerfService
01-13 08:49:23.682 1477 1477 I SystemServerTiming: OnBootPhase_550_com.android.server.sensors.SensorService
01-13 08:49:23.682 1477 1477 I SystemServerTiming: OnBootPhase_550_com.android.server.SystemConfigService
01-13 08:49:23.682 1477 1477 I SystemServerTiming: OnBootPhase_550_com.android.server.BatteryService
01-13 08:49:23.682 1477 1477 I SystemServerTiming: OnBootPhase_550_com.android.server.usage.UsageStatsService
01-13 08:49:23.683 1477 1477 I SystemServerTiming: OnBootPhase_550_com.android.server.webkit.WebViewUpdateService
01-13 08:49:23.683 1477 1477 I SystemServerTiming: OnBootPhase_550_com.android.server.CachedDeviceStateService
01-13 08:49:23.683 1477 1477 I SystemServerTiming: OnBootPhase_550_com.android.server.BinderCallsStatsService$LifeCycle
01-13 08:49:23.683 1477 1477 I SystemServerTiming: OnBootPhase_550_com.android.server.LooperStatsService$Lifecycle
01-13 08:49:23.683 1477 1477 I SystemServerTiming: OnBootPhase_550_com.android.server.rollback.RollbackManagerService
01-13 08:49:23.683 1477 1477 I SystemServerTiming: OnBootPhase_550_com.android.server.os.NativeTombstoneManagerService
01-13 08:49:23.683 1477 1477 I SystemServerTiming: OnBootPhase_550_com.android.server.os.BugreportManagerService
01-13 08:49:23.683 1477 1477 I SystemServerTiming: OnBootPhase_550_com.android.server.gpu.GpuService
01-13 08:49:23.683 1477 1477 I SystemServerTiming: OnBootPhase_550_com.android.server.security.KeyChainSystemService
01-13 08:49:23.683 1477 1477 I SystemServerTiming: OnBootPhase_550_com.android.server.telecom.TelecomLoaderService
01-13 08:49:23.685 1477 1477 W ActivityManager: Too early to start/bind service in system_server: Phase=550 ComponentInfo{com.android.server.telecom/com.android.server.telecom.components.TelecomService}
01-13 08:49:23.685 1477 1477 D CompatibilityChangeReporter: Compat change id reported: 168419799; UID 1000; state: DISABLED
01-13 08:49:23.685 1477 1477 W ActivityManager: Too early to start/bind service in system_server: Phase=550 ComponentInfo{com.android.server.telecom/com.android.server.telecom.components.TelecomService}
01-13 08:49:23.686 1477 1477 I SystemServerTiming: OnBootPhase_550_com.android.server.accounts.AccountManagerService$Lifecycle
01-13 08:49:23.686 1477 1477 I SystemServerTiming: OnBootPhase_550_com.android.server.content.ContentService$Lifecycle
01-13 08:49:23.687 1477 1714 E NativeTombstoneManager: Tombstone has invalid selinux label (u:r:platform_app:s0:c512,c768), ignoring
01-13 08:49:23.687 1477 1714 I DropBoxManagerService: add tag=SYSTEM_TOMBSTONE_PROTO isTagEnabled=true flags=0x4
01-13 08:49:23.706 1477 1714 I DropBoxManagerService: add tag=SYSTEM_TOMBSTONE_PROTO isTagEnabled=true flags=0x4
01-13 08:49:23.725 1477 1714 I DropBoxManagerService: add tag=SYSTEM_TOMBSTONE_PROTO isTagEnabled=true flags=0x4
01-13 08:49:23.740 1477 1477 W SystemServiceManager: Service com.android.server.content.ContentService$Lifecycle took 54 ms in onBootPhase
01-13 08:49:23.740 1477 1477 I SystemServerTiming: OnBootPhase_550_com.android.server.DropBoxManagerService
01-13 08:49:23.740 1477 1477 I SystemServerTiming: OnBootPhase_550_com.android.role.RoleService
01-13 08:49:23.740 1477 1477 I SystemServerTiming: OnBootPhase_550_com.android.server.vibrator.VibratorManagerService$Lifecycle
01-13 08:49:23.740 1477 1477 I SystemServerTiming: OnBootPhase_550_com.android.server.alarm.AlarmManagerService
01-13 08:49:23.740 1477 1477 I SystemServerTiming: OnBootPhase_550_com.android.server.devicestate.DeviceStateManagerService
01-13 08:49:23.740 1477 1477 I SystemServerTiming: OnBootPhase_550_com.android.server.camera.CameraServiceProxy
01-13 08:49:23.740 1477 1477 I SystemServerTiming: OnBootPhase_550_com.android.server.BluetoothService
01-13 08:49:23.740 1477 1477 D BluetoothManagerService: Bluetooth boot completed
01-13 08:49:23.740 1477 1477 D BluetoothManagerService: Auto-enabling Bluetooth.
01-13 08:49:23.740 1477 1559 D BluetoothManagerService: MESSAGE_ENABLE(0): mBluetooth = null
01-13 08:49:23.740 1477 1559 D BluetoothManagerService: MESSAGE_ENABLE: handleEnable
01-13 08:49:23.740 1477 1559 D BluetoothManagerService: binding Bluetooth service
01-13 08:49:23.741 1477 1559 D CompatibilityChangeReporter: Compat change id reported: 135634846; UID 1002; state: DISABLED
01-13 08:49:23.742 1477 1559 D CompatibilityChangeReporter: Compat change id reported: 177438394; UID 1002; state: DISABLED
01-13 08:49:23.742 1477 1559 D CompatibilityChangeReporter: Compat change id reported: 135772972; UID 1002; state: DISABLED
01-13 08:49:23.742 1477 1559 D CompatibilityChangeReporter: Compat change id reported: 135754954; UID 1002; state: ENABLED
01-13 08:49:23.742 1477 1559 D BluetoothManagerService: Binding BT service. Current user: 0
01-13 08:49:23.742 1477 1477 I SystemServerTiming: OnBootPhase_550_com.android.server.connectivity.IpConnectivityMetrics
01-13 08:49:23.742 1477 1477 I SystemServerTiming: OnBootPhase_550_com.android.server.net.watchlist.NetworkWatchlistService$Lifecycle
01-13 08:49:23.743 1477 1477 I SystemServerTiming: OnBootPhase_550_com.android.server.PinnerService
01-13 08:49:23.743 1477 1477 I SystemServerTiming: OnBootPhase_550_com.google.android.startop.iorap.IorapForwardingService
01-13 08:49:23.743 1477 1477 I SystemServerTiming: OnBootPhase_550_com.android.server.ActivityTriggerService
01-13 08:49:23.743 1477 1477 I SystemServerTiming: OnBootPhase_550_com.android.server.integrity.AppIntegrityManagerService
01-13 08:49:23.743 1477 1477 I SystemServerTiming: OnBootPhase_550_com.android.server.inputmethod.InputMethodManagerService$Lifecycle
01-13 08:49:23.745 1477 1576 I ActivityManager: Start proc 1997:com.android.bluetooth/1002 for service {com.android.bluetooth/com.android.bluetooth.btservice.AdapterService}
01-13 08:49:23.747 1477 1477 W InputMethodManagerService: Default IME is uninstalled. Choose new default IME.
01-01 08:00:12.764 0 0 I binder : 1997:1997 ioctl 40046210 7fffcc9b84 returned -22
01-13 08:49:23.755 1477 1477 I SystemServerTiming: OnBootPhase_550_com.android.server.accessibility.AccessibilityManagerService$Lifecycle
01-13 08:49:23.755 1477 1477 I SystemServerTiming: OnBootPhase_550_com.android.server.StorageManagerService$Lifecycle
01-13 08:49:23.755 1477 1477 I SystemServerTiming: OnBootPhase_550_com.android.server.usage.StorageStatsService$Lifecycle
01-13 08:49:23.755 1477 1477 I SystemServerTiming: OnBootPhase_550_com.android.server.UiModeManagerService
01-13 08:49:23.755 1477 1477 I SystemServerTiming: OnBootPhase_550_com.android.server.locksettings.LockSettingsService$Lifecycle
01-13 08:49:23.755 1477 1477 I RebootEscrowManager: No reboot escrow data found for users, skipping loading escrow data
01-13 08:49:23.755 1477 1995 D CompatibilityChangeReporter: Compat change id reported: 168419799; UID 1002; state: DISABLED
01-13 08:49:23.756 1477 1477 I SystemServerTiming: OnBootPhase_550_com.android.server.PersistentDataBlockService
01-13 08:49:23.756 1477 1477 I SystemServerTiming: OnBootPhase_550_com.android.server.testharness.TestHarnessModeService
01-13 08:49:23.756 1477 1477 I SystemServerTiming: OnBootPhase_550_com.android.server.oemlock.OemLockService
01-13 08:49:23.756 1477 1477 I SystemServerTiming: OnBootPhase_550_com.android.server.DeviceIdleController
01-13 08:49:23.756 1477 1477 I SystemServerTiming: OnBootPhase_550_com.android.server.devicepolicy.DevicePolicyManagerService$Lifecycle
01-13 08:49:23.756 1477 1477 I SystemServerTiming: OnBootPhase_550_com.android.server.texttospeech.TextToSpeechManagerService
01-13 08:49:23.756 1477 1477 I SystemServerTiming: OnBootPhase_550_com.android.server.speech.SpeechRecognitionManagerService
01-13 08:49:23.756 1477 1477 I SystemServerTiming: OnBootPhase_550_com.android.server.searchui.SearchUiManagerService
01-13 08:49:23.756 1477 1477 I SystemServerTiming: OnBootPhase_550_com.android.server.smartspace.SmartspaceManagerService
01-13 08:49:23.756 1477 1477 I SystemServerTiming: OnBootPhase_550_com.android.server.graphics.fonts.FontManagerService$Lifecycle
01-13 08:49:23.756 1477 1477 I SystemServerTiming: OnBootPhase_550_com.android.server.textservices.TextServicesManagerService$Lifecycle
01-13 08:49:23.756 1477 1477 I SystemServerTiming: OnBootPhase_550_com.android.server.textclassifier.TextClassificationManagerService$Lifecycle
01-13 08:49:23.756 1477 1477 I SystemServerTiming: OnBootPhase_550_com.android.server.NetworkScoreService$Lifecycle
01-13 08:49:23.756 1477 1477 I SystemServerTiming: OnBootPhase_550_com.android.server.wifi.WifiService
01-13 08:49:23.756 1477 1477 I SystemServerTiming: OnBootPhase_550_com.android.server.wifi.scanner.WifiScanningService
01-13 08:49:23.756 1477 1477 I SystemServerTiming: OnBootPhase_550_com.android.server.wifi.rtt.RttService
01-13 08:49:23.756 1477 1477 I SystemServerTiming: OnBootPhase_550_com.android.server.wifi.aware.WifiAwareService
01-13 08:49:23.756 1477 1477 I SystemServerTiming: OnBootPhase_550_com.android.server.wifi.p2p.WifiP2pService
01-13 08:49:23.756 1477 1477 I SystemServerTiming: OnBootPhase_550_com.android.server.ethernet.EthernetService
01-13 08:49:23.756 1477 1477 I SystemServerTiming: OnBootPhase_550_com.android.server.ConnectivityServiceInitializer
01-13 08:49:23.756 1477 1477 I SystemServerTiming: OnBootPhase_550_com.android.server.notification.NotificationManagerService
01-13 08:49:23.756 1477 1477 I SystemServerTiming: OnBootPhase_550_com.android.server.storage.DeviceStorageMonitorService
01-13 08:49:23.756 1477 1477 I SystemServerTiming: OnBootPhase_550_com.android.server.location.LocationManagerService$Lifecycle
01-13 08:49:23.756 1477 1477 I SystemServerTiming: OnBootPhase_550_com.android.server.timedetector.TimeDetectorService$Lifecycle
01-13 08:49:23.756 1477 1477 I SystemServerTiming: OnBootPhase_550_com.android.server.timezonedetector.TimeZoneDetectorService$Lifecycle
01-13 08:49:23.756 1477 1477 I SystemServerTiming: OnBootPhase_550_com.android.server.timezonedetector.location.LocationTimeZoneManagerService$Lifecycle
01-13 08:49:23.756 1477 1477 I SystemServerTiming: OnBootPhase_550_com.android.server.search.SearchManagerService$Lifecycle
01-13 08:49:23.756 1477 1477 I SystemServerTiming: OnBootPhase_550_com.android.server.wallpaper.WallpaperManagerService$Lifecycle
01-13 08:49:23.760 1477 1477 I WallpaperManagerService: No static wallpaper imagery; defaults will be shown
01-13 08:49:23.760 1477 1477 V WallpaperManagerService: bindWallpaperComponentLocked: componentName=ComponentInfo{com.android.systemui/com.android.systemui.ImageWallpaper}
01-13 08:49:23.761 1477 1477 D CompatibilityChangeReporter: Compat change id reported: 135634846; UID 10082; state: DISABLED
01-13 08:49:23.761 1477 1477 D CompatibilityChangeReporter: Compat change id reported: 177438394; UID 10082; state: DISABLED
01-13 08:49:23.761 1477 1477 D CompatibilityChangeReporter: Compat change id reported: 135772972; UID 10082; state: DISABLED
01-13 08:49:23.761 1477 1477 D CompatibilityChangeReporter: Compat change id reported: 135754954; UID 10082; state: ENABLED
01-13 08:49:23.761 1477 1576 D CompatibilityChangeReporter: Compat change id reported: 143937733; UID 10082; state: ENABLED
01-13 08:49:23.763 1477 1477 W WallpaperManagerService: Invalid wallpaper data
01-13 08:49:23.763 1477 1477 E WallpaperManagerService: Unable to apply new wallpaper
01-13 08:49:23.763 1477 1477 I SystemServerTiming: OnBootPhase_550_com.android.server.audio.AudioService$Lifecycle
01-13 08:49:23.763 1477 1477 I SystemServerTiming: OnBootPhase_550_com.android.server.soundtrigger_middleware.SoundTriggerMiddlewareService$Lifecycle
01-13 08:49:23.763 1477 1477 I SystemServerTiming: OnBootPhase_550_com.android.server.DockObserver
01-13 08:49:23.763 1477 1477 I SystemServerTiming: OnBootPhase_550_com.android.server.midi.MidiService$Lifecycle
01-13 08:49:23.763 1477 1477 I SystemServerTiming: OnBootPhase_550_com.android.server.adb.AdbService$Lifecycle
01-13 08:49:23.763 1477 1477 I SystemServerTiming: OnBootPhase_550_com.android.server.usb.UsbService$Lifecycle
01-13 08:49:23.763 1477 1940 W BluetoothManagerService: bindBluetoothProfileService:Trying to bind to profile: 1, while Bluetooth is disabled
01-13 08:49:23.763 1477 1477 I SystemServerTiming: OnBootPhase_550_com.android.server.twilight.TwilightService
01-13 08:49:23.763 1477 1706 I SystemServerTimingAsync: InitThreadPoolExec:UsbService$Lifecycle#onBootPhase
01-13 08:49:23.763 1477 1477 I SystemServerTiming: OnBootPhase_550_com.android.server.display.color.ColorDisplayService
01-13 08:49:23.763 1477 1477 I SystemServerTiming: OnBootPhase_550_com.android.server.job.JobSchedulerService
01-13 08:49:23.763 1477 1477 I SystemServerTiming: OnBootPhase_550_com.android.server.soundtrigger.SoundTriggerService
01-13 08:49:23.763 1477 1477 D SoundTriggerService: onBootPhase: 550 : false
01-13 08:49:23.763 1477 1477 I SystemServerTiming: OnBootPhase_550_com.android.server.trust.TrustManagerService
01-13 08:49:23.763 1477 1477 I SystemServerTiming: OnBootPhase_550_com.android.server.backup.BackupManagerService$Lifecycle
01-13 08:49:23.763 1477 1477 I SystemServerTiming: OnBootPhase_550_com.android.server.appwidget.AppWidgetService
01-13 08:49:23.763 1477 1477 I SystemServerTiming: OnBootPhase_550_com.android.server.voiceinteraction.VoiceInteractionManagerService
01-13 08:49:23.763 1477 1477 I SystemServerTiming: OnBootPhase_550_com.android.server.apphibernation.AppHibernationService
01-13 08:49:23.763 1477 1477 I SystemServerTiming: OnBootPhase_550_com.android.server.SensorNotificationService
01-13 08:49:23.763 1477 1477 I SystemServerTiming: OnBootPhase_550_com.android.server.emergency.EmergencyAffordanceService
01-13 08:49:23.763 1477 1477 I SystemServerTiming: OnBootPhase_550_com.android.server.blob.BlobStoreManagerService
01-13 08:49:23.764 1477 1477 I SystemServerTiming: OnBootPhase_550_com.android.server.dreams.DreamManagerService
01-13 08:49:23.764 1477 1477 I SystemServerTiming: OnBootPhase_550_com.android.server.companion.CompanionDeviceManagerService
01-13 08:49:23.764 1477 1477 I SystemServerTiming: OnBootPhase_550_com.android.server.restrictions.RestrictionsManagerService
01-13 08:49:23.764 1477 1477 I SystemServerTiming: OnBootPhase_550_com.android.server.media.MediaSessionService
01-13 08:49:23.764 1477 1477 I SystemServerTiming: OnBootPhase_550_com.android.server.media.MediaResourceMonitorService
01-13 08:49:23.764 1477 1477 I SystemServerTiming: OnBootPhase_550_com.android.server.biometrics.sensors.fingerprint.FingerprintService
01-13 08:49:23.764 1477 1477 I SystemServerTiming: OnBootPhase_550_com.android.server.biometrics.BiometricService
01-13 08:49:23.764 1477 1477 I SystemServerTiming: OnBootPhase_550_com.android.server.biometrics.AuthService
01-13 08:49:23.764 1477 1477 I SystemServerTiming: OnBootPhase_550_com.android.server.pm.ShortcutService$Lifecycle
01-13 08:49:23.764 1477 1477 I SystemServerTiming: OnBootPhase_550_com.android.server.pm.LauncherAppsService
01-13 08:49:23.764 1477 1477 I SystemServerTiming: OnBootPhase_550_com.android.server.pm.CrossProfileAppsService
01-13 08:49:23.764 1477 1477 I SystemServerTiming: OnBootPhase_550_com.android.server.people.PeopleService
01-13 08:49:23.764 1477 1477 I SystemServerTiming: OnBootPhase_550_com.android.server.media.metrics.MediaMetricsManagerService
01-13 08:49:23.764 1477 1477 I SystemServerTiming: OnBootPhase_550_com.android.server.media.projection.MediaProjectionManagerService
01-13 08:49:23.764 1477 1477 I SystemServerTiming: OnBootPhase_550_com.android.server.slice.SliceManagerService$Lifecycle
01-13 08:49:23.764 1477 1477 I SystemServerTiming: OnBootPhase_550_com.android.server.stats.StatsCompanion$Lifecycle
01-13 08:49:23.764 1477 1477 I SystemServerTiming: OnBootPhase_550_com.android.server.scheduling.RebootReadinessManagerService$Lifecycle
01-13 08:49:23.764 1477 1477 I SystemServerTiming: OnBootPhase_550_com.android.server.stats.pull.StatsPullAtomService
