01-13 09:00:30.331 7374 7570 E dumpstate: *** command 'lshal debug -E android.hidl.base@1.0::IBase/qti-gpu' failed: exit code 128
01-13 09:00:30.367 8094 8094 D hw-ProcessState: Binder ioctl to enable oneway spam detection failed: Invalid argument
01-01 08:11:19.379 0 0 I binder : 8094:8094 ioctl 40046210 7fc82ec904 returned -22
01-13 09:00:30.368 8094 8094 E lshal : android.hidl.base@1.0::IBase/qti-hta does not exist, or no permission to connect.
01-13 09:00:30.374 7374 7570 E dumpstate: *** command 'lshal debug -E android.hidl.base@1.0::IBase/qti-hta' failed: exit code 128
01-13 09:00:30.398 8095 8095 D hw-ProcessState: Binder ioctl to enable oneway spam detection failed: Invalid argument
01-13 09:00:30.399 8095 8095 E lshal : android.hidl.base@1.0::IBase/qti.ims.connectionmanagerservice does not exist, or no permission to connect.
01-01 08:11:19.410 0 0 I binder : 8095:8095 ioctl 40046210 7fdca47f24 returned -22
01-13 09:00:30.403 7374 7570 E dumpstate: *** command 'lshal debug -E android.hidl.base@1.0::IBase/qti.ims.connectionmanagerservice' failed: exit code 128
01-13 09:00:30.426 8096 8096 D hw-ProcessState: Binder ioctl to enable oneway spam detection failed: Invalid argument
01-13 09:00:30.427 8096 8096 E lshal : android.hidl.base@1.0::IBase/software does not exist, or no permission to connect.
01-01 08:11:19.437 0 0 I binder : 8096:8096 ioctl 40046210 7fc304f534 returned -22
01-13 09:00:30.430 7374 7570 E dumpstate: *** command 'lshal debug -E android.hidl.base@1.0::IBase/software' failed: exit code 128
01-13 09:00:30.443 2133 2247 D MicroService: getEvent: clientSocket = Socket[address=/192.168.4.4,port=59944,localPort=9999]
01-13 09:00:30.444 2133 2247 D MicroService: run: called
01-13 09:00:30.444 2133 2247 D MicroService: getEvent: start waiting...
01-13 09:00:30.444 2133 8098 I MicroService: getStringByData(noZero): IDCM_TBoxService
01-13 09:00:30.444 2133 8098 I MicroService: getStringByData(noZero): FSEM_SettingService
01-13 09:00:30.444 2133 8098 I MicroService: getStringByData: {"dstService":"FSEM_SettingService","messageType":0,"methodName":"netstatus","parameters":{"functionInfo":{"IDCM_celltype":40,"IDCM_netstatus":43,"IDCM_signalstrength":41}},"srcService":"IDCM_TBoxService","uuid":1680146862973951000}
01-13 09:00:30.444 2133 8098 I MicroService: Receive message: SocketMessageBean{businessData='21930', srcService='IDCM_TBoxService', destService='FSEM_SettingService', messageType='0', uuid='1680146862973951000', payloadData={"dstService":"FSEM_SettingService","messageType":0,"methodName":"netstatus","parameters":{"functionInfo":{"IDCM_celltype":40,"IDCM_netstatus":43,"IDCM_signalstrength":41}},"srcService":"IDCM_TBoxService","uuid":1680146862973951000}
01-13 09:00:30.444 2133 8098 I MicroService: }
01-13 09:00:30.444 2133 8098 I MicroService: dealMessage: 0
01-13 09:00:30.444 2133 8098 I MicroService: onRequest(netstatus): {"functionInfo":{"IDCM_celltype":40,"IDCM_netstatus":43,"IDCM_signalstrength":41}}
01-13 09:00:30.445 2177 2232 D MicroSettings: SettingMicroservices: get request method = netstatus parameters = {"functionInfo":{"IDCM_celltype":40,"IDCM_netstatus":43,"IDCM_signalstrength":41}}
01-13 09:00:30.445 2177 2232 D MicroSettings: SettingMicroservices: functionInfo.class = class org.json.JSONObject functionInfo = {"IDCM_celltype":40,"IDCM_netstatus":43,"IDCM_signalstrength":41}
01-13 09:00:30.445 2177 2232 D MicroSettings: SettingMicroservices: setNetStatus: 43
01-13 09:00:30.452 8097 8097 D hw-ProcessState: Binder ioctl to enable oneway spam detection failed: Invalid argument
01-13 09:00:30.453 8097 8097 E lshal : android.hidl.base@1.0::IBase/vendor.ts.uart does not exist, or no permission to connect.
01-01 08:11:19.464 0 0 I binder : 8097:8097 ioctl 40046210 7ff527a5f4 returned -22
01-13 09:00:30.455 7374 7570 E dumpstate: *** command 'lshal debug -E android.hidl.base@1.0::IBase/vendor.ts.uart' failed: exit code 128
01-13 09:00:30.486 8099 8099 D hw-ProcessState: Binder ioctl to enable oneway spam detection failed: Invalid argument
01-13 09:00:30.487 8099 8099 E lshal : android.hidl.base@1.0::IBase/vppService does not exist, or no permission to connect.
01-01 08:11:19.497 0 0 I binder : 8099:8099 ioctl 40046210 7fce455284 returned -22
01-13 09:00:30.491 7374 7570 E dumpstate: *** command 'lshal debug -E android.hidl.base@1.0::IBase/vppService' failed: exit code 128
01-13 09:00:30.516 8100 8100 D hw-ProcessState: Binder ioctl to enable oneway spam detection failed: Invalid argument
01-13 09:00:30.517 8100 8100 E lshal : android.hidl.base@1.0::IBase/wfdhdcp does not exist, or no permission to connect.
01-13 09:00:30.519 7374 7570 E dumpstate: *** command 'lshal debug -E android.hidl.base@1.0::IBase/wfdhdcp' failed: exit code 128
01-01 08:11:19.528 0 0 I binder : 8100:8100 ioctl 40046210 7fdec457e4 returned -22
01-13 09:00:30.543 652 666 I mpu_uart: [MSG-P:R]:recv sync frame timeout
01-13 09:00:30.555 8101 8101 D hw-ProcessState: Binder ioctl to enable oneway spam detection failed: Invalid argument
01-01 08:11:19.567 0 0 I binder : 8101:8101 ioctl 40046210 7fc0278704 returned -22
01-13 09:00:30.556 8101 8101 E lshal : android.hidl.base@1.0::IBase/wifidisplaysession does not exist, or no permission to connect.
01-13 09:00:30.560 7374 7570 E dumpstate: *** command 'lshal debug -E android.hidl.base@1.0::IBase/wifidisplaysession' failed: exit code 128
01-13 09:00:30.582 8102 8102 D hw-ProcessState: Binder ioctl to enable oneway spam detection failed: Invalid argument
01-13 09:00:30.583 8102 8102 E lshal : android.hidl.base@1.0::IBase/wifidisplaysessionaudiotrack does not exist, or no permission to connect.
01-01 08:11:19.594 0 0 I binder : 8102:8102 ioctl 40046210 7fdfdd6b54 returned -22
01-13 09:00:30.586 7374 7570 E dumpstate: *** command 'lshal debug -E android.hidl.base@1.0::IBase/wifidisplaysessionaudiotrack' failed: exit code 128
01-13 09:00:30.617 8103 8103 D hw-ProcessState: Binder ioctl to enable oneway spam detection failed: Invalid argument
01-01 08:11:19.628 0 0 I binder : 8103:8103 ioctl 40046210 7fd1086314 returned -22
01-13 09:00:30.618 8103 8103 E lshal : android.hidl.base@1.0::IBase/wifidisplaysessionimagetrack does not exist, or no permission to connect.
01-13 09:00:30.622 7374 7570 E dumpstate: *** command 'lshal debug -E android.hidl.base@1.0::IBase/wifidisplaysessionimagetrack' failed: exit code 128
01-13 09:00:30.649 8104 8104 D hw-ProcessState: Binder ioctl to enable oneway spam detection failed: Invalid argument
01-01 08:11:19.661 0 0 I binder : 8104:8104 ioctl 40046210 7fdf587d14 returned -22
01-13 09:00:30.650 8104 8104 E lshal : android.hidl.base@1.0::IBase/wifidisplaysessionvideotrack does not exist, or no permission to connect.
01-13 09:00:30.653 7374 7570 E dumpstate: *** command 'lshal debug -E android.hidl.base@1.0::IBase/wifidisplaysessionvideotrack' failed: exit code 128
01-13 09:00:30.676 8105 8105 D hw-ProcessState: Binder ioctl to enable oneway spam detection failed: Invalid argument
01-01 08:11:19.687 0 0 I binder : 8105:8105 ioctl 40046210 7fcd8ee3d4 returned -22
01-13 09:00:30.710 8106 8106 D hw-ProcessState: Binder ioctl to enable oneway spam detection failed: Invalid argument
01-01 08:11:19.722 0 0 I binder : 8106:8106 ioctl 40046210 7fe70aea54 returned -22
01-13 09:00:30.738 8107 8107 D hw-ProcessState: Binder ioctl to enable oneway spam detection failed: Invalid argument
01-13 09:00:30.740 8107 8107 E lshal : debug() FAILED on android.hidl.manager@1.2::IServiceManager/default: Status(EX_TRANSACTION_FAILED): 'FAILED_TRANSACTION: '
01-01 08:11:19.750 0 0 I binder : 8107:8107 ioctl 40046210 7fe5fdf664 returned -22
01-01 08:11:19.752 0 0 I binder : 8107:8107 transaction failed 29201/-1, size 192-32 line 3431
01-13 09:00:30.735 8107 8107 W lshal : type=1400 audit(0.0:1744): avc: denied { use } for path="pipe:[223651]" dev="pipefs" ino=223651 scontext=u:r:hwservicemanager:s0 tcontext=u:r:dumpstate:s0 tclass=fd permissive=0
01-13 09:00:30.779 8109 8109 D hw-ProcessState: Binder ioctl to enable oneway spam detection failed: Invalid argument
01-01 08:11:19.790 0 0 I binder : 8109:8109 ioctl 40046210 7fdd9b2244 returned -22
01-13 09:00:30.781 8109 8109 E lshal : android.hidl.token@1.0::ITokenManager/default does not exist, or no permission to connect.
01-13 09:00:30.784 7374 7570 E dumpstate: *** command 'lshal debug -E android.hidl.token@1.0::ITokenManager/default' failed: exit code 128
01-13 09:00:30.810 8110 8110 D hw-ProcessState: Binder ioctl to enable oneway spam detection failed: Invalid argument
01-13 09:00:30.811 8110 8110 E lshal : android.system.net.netd@1.0::INetd/default does not exist, or no permission to connect.
01-01 08:11:19.821 0 0 I binder : 8110:8110 ioctl 40046210 7ff4376c84 returned -22
01-13 09:00:30.815 7374 7570 E dumpstate: *** command 'lshal debug -E android.system.net.netd@1.0::INetd/default' failed: exit code 128
01-13 09:00:30.839 8111 8111 D hw-ProcessState: Binder ioctl to enable oneway spam detection failed: Invalid argument
01-13 09:00:30.840 8111 8111 E lshal : android.system.net.netd@1.1::INetd/default does not exist, or no permission to connect.
01-01 08:11:19.850 0 0 I binder : 8111:8111 ioctl 40046210 7fcda040f4 returned -22
01-13 09:00:30.843 7374 7570 E dumpstate: *** command 'lshal debug -E android.system.net.netd@1.1::INetd/default' failed: exit code 128
01-13 09:00:30.867 8112 8112 D hw-ProcessState: Binder ioctl to enable oneway spam detection failed: Invalid argument
01-01 08:11:19.879 0 0 I binder : 8112:8112 ioctl 40046210 7fcbbc8e94 returned -22
01-13 09:00:30.900 8114 8114 D hw-ProcessState: Binder ioctl to enable oneway spam detection failed: Invalid argument
01-13 09:00:30.901 8114 8114 E lshal : android.system.wifi.keystore@1.0::IKeystore/default does not exist, or no permission to connect.
01-01 08:11:19.911 0 0 I binder : 8114:8114 ioctl 40046210 7fdc73ebf4 returned -22
01-13 09:00:30.906 7374 7570 E dumpstate: *** command 'lshal debug -E android.system.wifi.keystore@1.0::IKeystore/default' failed: exit code 128
01-13 09:00:30.933 8115 8115 D hw-ProcessState: Binder ioctl to enable oneway spam detection failed: Invalid argument
01-13 09:00:30.933 8115 8115 E lshal : com.dsi.ant@1.0::IAnt/default does not exist, or no permission to connect.
01-01 08:11:19.944 0 0 I binder : 8115:8115 ioctl 40046210 7ffd17d424 returned -22
01-13 09:00:30.935 7374 7570 E dumpstate: *** command 'lshal debug -E com.dsi.ant@1.0::IAnt/default' failed: exit code 128
01-13 09:00:30.972 8116 8116 D hw-ProcessState: Binder ioctl to enable oneway spam detection failed: Invalid argument
01-13 09:00:30.974 8116 8116 E lshal : com.qualcomm.qti.dpm.api@1.0::IdpmQmi/dpmQmiService does not exist, or no permission to connect.
01-01 08:11:19.984 0 0 I binder : 8116:8116 ioctl 40046210 7fe1a861b4 returned -22
01-13 09:00:30.978 7374 7570 E dumpstate: *** command 'lshal debug -E com.qualcomm.qti.dpm.api@1.0::IdpmQmi/dpmQmiService' failed: exit code 128
01-13 09:00:30.992 1274 1400 E tlogd : [TzLogger](isPathReadable) file /sys/kernel/debug/tzdbg/qsee_log isn't exist or no permission, err: No such file or directory
01-13 09:00:30.992 1274 1400 E tlogd : [TzLogger](saveTzlogAsync) /sys/kernel/debug/tzdbg/qsee_log can not read.
01-13 09:00:30.992 1274 1400 E tlogd : [TzLogger](isPathReadable) file /sys/kernel/debug/tzdbg/log isn't exist or no permission, err: No such file or directory
01-13 09:00:30.992 1274 1400 E tlogd : [TzLogger](saveTzlogAsync) /sys/kernel/debug/tzdbg/log can not read.
01-13 09:00:31.006 8117 8117 D hw-ProcessState: Binder ioctl to enable oneway spam detection failed: Invalid argument
01-01 08:11:20.018 0 0 I binder : 8117:8117 ioctl 40046210 7febb510f4 returned -22
01-13 09:00:31.008 8117 8117 E lshal : com.qualcomm.qti.imscmservice@2.0::IImsCmService/qti.ims.connectionmanagerservice does not exist, or no permission to connect.
01-13 09:00:31.011 7374 7570 E dumpstate: *** command 'lshal debug -E com.qualcomm.qti.imscmservice@2.0::IImsCmService/qti.ims.connectionmanagerservice' failed: exit code 128
01-13 09:00:31.034 8118 8118 D hw-ProcessState: Binder ioctl to enable oneway spam detection failed: Invalid argument
01-13 09:00:31.035 8118 8118 E lshal : com.qualcomm.qti.imscmservice@2.1::IImsCmService/qti.ims.connectionmanagerservice does not exist, or no permission to connect.
01-01 08:11:20.046 0 0 I binder : 8118:8118 ioctl 40046210 7ff87ddae4 returned -22
01-13 09:00:31.040 7374 7570 E dumpstate: *** command 'lshal debug -E com.qualcomm.qti.imscmservice@2.1::IImsCmService/qti.ims.connectionmanagerservice' failed: exit code 128
01-13 09:00:31.077 8119 8119 D hw-ProcessState: Binder ioctl to enable oneway spam detection failed: Invalid argument
01-13 09:00:31.078 8119 8119 E lshal : com.qualcomm.qti.imscmservice@2.2::IImsCmService/qti.ims.connectionmanagerservice does not exist, or no permission to connect.
01-01 08:11:20.089 0 0 I binder : 8119:8119 ioctl 40046210 7fcc6ac724 returned -22
01-13 09:00:31.079 7374 7570 E dumpstate: *** command 'lshal debug -E com.qualcomm.qti.imscmservice@2.2::IImsCmService/qti.ims.connectionmanagerservice' failed: exit code 128
01-13 09:00:31.105 8120 8120 D hw-ProcessState: Binder ioctl to enable oneway spam detection failed: Invalid argument
01-13 09:00:31.105 8120 8120 E lshal : com.qualcomm.qti.uceservice@2.0::IUceService/com.qualcomm.qti.uceservice does not exist, or no permission to connect.
01-01 08:11:20.116 0 0 I binder : 8120:8120 ioctl 40046210 7fe56a67d4 returned -22
01-13 09:00:31.110 7374 7570 E dumpstate: *** command 'lshal debug -E com.qualcomm.qti.uceservice@2.0::IUceService/com.qualcomm.qti.uceservice' failed: exit code 128
01-13 09:00:31.132 8121 8121 D hw-ProcessState: Binder ioctl to enable oneway spam detection failed: Invalid argument
01-01 08:11:20.144 0 0 I binder : 8121:8121 ioctl 40046210 7ffdbd6dd4 returned -22
01-13 09:00:31.133 8121 8121 E lshal : com.qualcomm.qti.uceservice@2.1::IUceService/com.qualcomm.qti.uceservice does not exist, or no permission to connect.
01-13 09:00:31.137 7374 7570 E dumpstate: *** command 'lshal debug -E com.qualcomm.qti.uceservice@2.1::IUceService/com.qualcomm.qti.uceservice' failed: exit code 128
01-13 09:00:31.158 652 667 I mpu_uart: [MSG-P:RECV]:No message received in 1000 ms
01-13 09:00:31.161 8122 8122 D hw-ProcessState: Binder ioctl to enable oneway spam detection failed: Invalid argument
01-01 08:11:20.172 0 0 I binder : 8122:8122 ioctl 40046210 7ff823a7e4 returned -22
01-13 09:00:31.162 8122 8122 E lshal : com.qualcomm.qti.uceservice@2.2::IUceService/com.qualcomm.qti.uceservice does not exist, or no permission to connect.
01-13 09:00:31.165 7374 7570 E dumpstate: *** command 'lshal debug -E com.qualcomm.qti.uceservice@2.2::IUceService/com.qualcomm.qti.uceservice' failed: exit code 128
01-13 09:00:31.194 8123 8123 D hw-ProcessState: Binder ioctl to enable oneway spam detection failed: Invalid argument
01-13 09:00:31.195 8123 8123 E lshal : com.qualcomm.qti.uceservice@2.3::IUceService/com.qualcomm.qti.uceservice does not exist, or no permission to connect.
01-01 08:11:20.206 0 0 I binder : 8123:8123 ioctl 40046210 7fe2262824 returned -22
01-13 09:00:31.198 7374 7570 E dumpstate: *** command 'lshal debug -E com.qualcomm.qti.uceservice@2.3::IUceService/com.qualcomm.qti.uceservice' failed: exit code 128
01-13 09:00:31.226 8124 8124 D hw-ProcessState: Binder ioctl to enable oneway spam detection failed: Invalid argument
01-01 08:11:20.238 0 0 I binder : 8124:8124 ioctl 40046210 7fedd11704 returned -22
01-13 09:00:31.227 8124 8124 E lshal : vendor.display.color@1.0::IDisplayColor/default does not exist, or no permission to connect.
01-13 09:00:31.231 7374 7570 E dumpstate: *** command 'lshal debug -E vendor.display.color@1.0::IDisplayColor/default' failed: exit code 128
01-13 09:00:31.259 8125 8125 D hw-ProcessState: Binder ioctl to enable oneway spam detection failed: Invalid argument
01-01 08:11:20.270 0 0 I binder : 8125:8125 ioctl 40046210 7fde175914 returned -22
01-13 09:00:31.260 8125 8125 E lshal : vendor.display.color@1.1::IDisplayColor/default does not exist, or no permission to connect.
01-13 09:00:31.262 7374 7570 E dumpstate: *** command 'lshal debug -E vendor.display.color@1.1::IDisplayColor/default' failed: exit code 128
01-13 09:00:31.268 1202 1202 D incidentd: Finish incident report section 2003 'cmd top -b -n 1 -H -s 6 -o pid,tid,user,pr,ni,%cpu,s,virt,res,pcy,cmd,name'
01-13 09:00:31.268 1202 1202 D incidentd: Start incident report section 2004 'file /sys/devices/system/cpu/cpufreq/all_time_in_state'
01-13 09:00:31.268 7573 7575 D incident: section 2003 status 2
01-13 09:00:31.268 1202 1202 W incidentd: [file /sys/devices/system/cpu/cpufreq/all_time_in_state] failed to open file
01-13 09:00:31.268 1202 1202 W incidentd: setSectionStats not called for section 2004
01-13 09:00:31.268 1202 1202 D incidentd: Finish incident report section 2004 'file /sys/devices/system/cpu/cpufreq/all_time_in_state'
01-13 09:00:31.268 1202 1202 D incidentd: Start incident report section 2005 'cmd ps -A -T -Z -O pri,nice,rtprio,sched,pcy,time'
01-13 09:00:31.268 7573 7575 D incident: section 2004 status 1
01-13 09:00:31.269 7573 7575 D incident: section 2004 status 2
01-13 09:00:31.269 7573 7575 D incident: section 2005 status 1
01-13 09:00:31.279 8127 8127 W ps : type=1400 audit(0.0:1745): avc: denied { sys_ptrace } for capability=19 scontext=u:r:incidentd:s0 tcontext=u:r:incidentd:s0 tclass=capability permissive=0
01-13 09:00:31.279 8127 8127 W ps : type=1400 audit(0.0:1746): avc: denied { sys_ptrace } for capability=19 scontext=u:r:incidentd:s0 tcontext=u:r:incidentd:s0 tclass=capability permissive=0
01-13 09:00:31.279 8127 8127 W ps : type=1400 audit(0.0:1747): avc: denied { sys_ptrace } for capability=19 scontext=u:r:incidentd:s0 tcontext=u:r:incidentd:s0 tclass=capability permissive=0
01-13 09:00:31.279 8127 8127 W ps : type=1400 audit(0.0:1748): avc: denied { sys_ptrace } for capability=19 scontext=u:r:incidentd:s0 tcontext=u:r:incidentd:s0 tclass=capability permissive=0
01-13 09:00:31.287 8126 8126 D hw-ProcessState: Binder ioctl to enable oneway spam detection failed: Invalid argument
01-13 09:00:31.287 8126 8126 E lshal : vendor.display.color@1.2::IDisplayColor/default does not exist, or no permission to connect.
01-01 08:11:20.297 0 0 W audit : audit_lost=690 audit_rate_limit=5 audit_backlog_limit=64
01-01 08:11:20.297 0 0 E audit : rate limit exceeded
01-01 08:11:20.298 0 0 I binder : 8126:8126 ioctl 40046210 7feb75d234 returned -22
01-13 09:00:31.290 7374 7570 E dumpstate: *** command 'lshal debug -E vendor.display.color@1.2::IDisplayColor/default' failed: exit code 128
01-13 09:00:31.317 8129 8129 D hw-ProcessState: Binder ioctl to enable oneway spam detection failed: Invalid argument
01-13 09:00:31.317 8129 8129 E lshal : vendor.display.color@1.3::IDisplayColor/default does not exist, or no permission to connect.
01-01 08:11:20.328 0 0 I binder : 8129:8129 ioctl 40046210 7ffa6c0d84 returned -22
01-13 09:00:31.319 7374 7570 E dumpstate: *** command 'lshal debug -E vendor.display.color@1.3::IDisplayColor/default' failed: exit code 128
01-13 09:00:31.348 8130 8130 D hw-ProcessState: Binder ioctl to enable oneway spam detection failed: Invalid argument
01-13 09:00:31.349 8130 8130 E lshal : vendor.display.color@1.4::IDisplayColor/default does not exist, or no permission to connect.
01-01 08:11:20.360 0 0 I binder : 8130:8130 ioctl 40046210 7fd3d70164 returned -22
01-13 09:00:31.352 7374 7570 E dumpstate: *** command 'lshal debug -E vendor.display.color@1.4::IDisplayColor/default' failed: exit code 128
01-13 09:00:31.374 8131 8131 D hw-ProcessState: Binder ioctl to enable oneway spam detection failed: Invalid argument
01-01 08:11:20.386 0 0 I binder : 8131:8131 ioctl 40046210 7ff22205f4 returned -22
01-13 09:00:31.376 8131 8131 E lshal : vendor.display.color@1.5::IDisplayColor/default does not exist, or no permission to connect.
01-13 09:00:31.379 7374 7570 E dumpstate: *** command 'lshal debug -E vendor.display.color@1.5::IDisplayColor/default' failed: exit code 128
01-13 09:00:31.407 8132 8132 D hw-ProcessState: Binder ioctl to enable oneway spam detection failed: Invalid argument
01-13 09:00:31.408 8132 8132 E lshal : vendor.display.config@2.0::IDisplayConfig/default does not exist, or no permission to connect.
01-01 08:11:20.418 0 0 I binder : 8132:8132 ioctl 40046210 7fe4bbd854 returned -22
01-13 09:00:31.411 7374 7570 E dumpstate: *** command 'lshal debug -E vendor.display.config@2.0::IDisplayConfig/default' failed: exit code 128
01-13 09:00:31.444 8133 8133 D hw-ProcessState: Binder ioctl to enable oneway spam detection failed: Invalid argument
01-13 09:00:31.444 8133 8133 E lshal : vendor.display.postproc@1.0::IDisplayPostproc/default does not exist, or no permission to connect.
01-01 08:11:20.455 0 0 I binder : 8133:8133 ioctl 40046210 7fec0816c4 returned -22
01-13 09:00:31.446 7374 7570 E dumpstate: *** command 'lshal debug -E vendor.display.postproc@1.0::IDisplayPostproc/default' failed: exit code 128
01-13 09:00:31.473 8134 8134 D hw-ProcessState: Binder ioctl to enable oneway spam detection failed: Invalid argument
01-01 08:11:20.485 0 0 I binder : 8134:8134 ioctl 40046210 7fd3ed7474 returned -22
01-13 09:00:31.476 8134 8134 E lshal : vendor.qti.data.factory@2.0::IFactory/default does not exist, or no permission to connect.
01-13 09:00:31.479 7374 7570 E dumpstate: *** command 'lshal debug -E vendor.qti.data.factory@2.0::IFactory/default' failed: exit code 128
01-13 09:00:31.508 8135 8135 D hw-ProcessState: Binder ioctl to enable oneway spam detection failed: Invalid argument
01-13 09:00:31.509 8135 8135 E lshal : vendor.qti.data.factory@2.1::IFactory/default does not exist, or no permission to connect.
01-01 08:11:20.519 0 0 I binder : 8135:8135 ioctl 40046210 7fc31d4334 returned -22
01-13 09:00:31.513 7374 7570 E dumpstate: *** command 'lshal debug -E vendor.qti.data.factory@2.1::IFactory/default' failed: exit code 128
01-13 09:00:31.536 8136 8136 D hw-ProcessState: Binder ioctl to enable oneway spam detection failed: Invalid argument
01-13 09:00:31.537 8136 8136 E lshal : vendor.qti.data.factory@2.2::IFactory/default does not exist, or no permission to connect.
01-01 08:11:20.547 0 0 I binder : 8136:8136 ioctl 40046210 7ff3828134 returned -22
01-13 09:00:31.541 7374 7570 E dumpstate: *** command 'lshal debug -E vendor.qti.data.factory@2.2::IFactory/default' failed: exit code 128
01-13 09:00:31.562 8137 8137 D hw-ProcessState: Binder ioctl to enable oneway spam detection failed: Invalid argument
01-13 09:00:31.563 8137 8137 E lshal : vendor.qti.esepowermanager@1.0::IEsePowerManager/default does not exist, or no permission to connect.
01-01 08:11:20.574 0 0 I binder : 8137:8137 ioctl 40046210 7fc6128124 returned -22
01-13 09:00:31.566 7374 7570 E dumpstate: *** command 'lshal debug -E vendor.qti.esepowermanager@1.0::IEsePowerManager/default' failed: exit code 128
01-13 09:00:31.593 8138 8138 D hw-ProcessState: Binder ioctl to enable oneway spam detection failed: Invalid argument
01-01 08:11:20.605 0 0 I binder : 8138:8138 ioctl 40046210 7fea6125d4 returned -22
01-13 09:00:31.594 8138 8138 E lshal : vendor.qti.esepowermanager@1.1::IEsePowerManager/default does not exist, or no permission to connect.
01-13 09:00:31.598 7374 7570 E dumpstate: *** command 'lshal debug -E vendor.qti.esepowermanager@1.1::IEsePowerManager/default' failed: exit code 128
01-13 09:00:31.621 8139 8139 D hw-ProcessState: Binder ioctl to enable oneway spam detection failed: Invalid argument
01-01 08:11:20.632 0 0 I binder : 8139:8139 ioctl 40046210 7fe79ef1c4 returned -22
01-13 09:00:31.654 8140 8140 D hw-ProcessState: Binder ioctl to enable oneway spam detection failed: Invalid argument
01-01 08:11:20.666 0 0 I binder : 8140:8140 ioctl 40046210 7fe17b5924 returned -22
01-13 09:00:31.694 8141 8141 D hw-ProcessState: Binder ioctl to enable oneway spam detection failed: Invalid argument
01-01 08:11:20.705 0 0 I binder : 8141:8141 ioctl 40046210 7fd5dd5254 returned -22
01-13 09:00:31.718 8142 8142 D hw-ProcessState: Binder ioctl to enable oneway spam detection failed: Invalid argument
01-01 08:11:20.729 0 0 I binder : 8142:8142 ioctl 40046210 7fdfa036c4 returned -22
01-13 09:00:31.754 8143 8143 D hw-ProcessState: Binder ioctl to enable oneway spam detection failed: Invalid argument
01-01 08:11:20.766 0 0 I binder : 8143:8143 ioctl 40046210 7fd6a07954 returned -22
01-13 09:00:31.779 8144 8144 D hw-ProcessState: Binder ioctl to enable oneway spam detection failed: Invalid argument
01-01 08:11:20.791 0 0 I binder : 8144:8144 ioctl 40046210 7fe4796784 returned -22
01-13 09:00:31.813 8145 8145 D hw-ProcessState: Binder ioctl to enable oneway spam detection failed: Invalid argument
01-01 08:11:20.824 0 0 I binder : 8145:8145 ioctl 40046210 7fd40ff6b4 returned -22
01-13 09:00:31.845 8147 8147 D hw-ProcessState: Binder ioctl to enable oneway spam detection failed: Invalid argument
01-13 09:00:31.845 8147 8147 E lshal : vendor.qti.hardware.bluetooth_audio@2.0::IBluetoothAudioProvidersFactory/default does not exist, or no permission to connect.
01-01 08:11:20.856 0 0 I binder : 8147:8147 ioctl 40046210 7fc9e88514 returned -22
01-13 09:00:31.847 7374 7570 E dumpstate: *** command 'lshal debug -E vendor.qti.hardware.bluetooth_audio@2.0::IBluetoothAudioProvidersFactory/default' failed: exit code 128
01-13 09:00:31.870 8148 8148 D hw-ProcessState: Binder ioctl to enable oneway spam detection failed: Invalid argument
01-01 08:11:20.881 0 0 I binder : 8148:8148 ioctl 40046210 7fe8a5dc84 returned -22
01-13 09:00:31.871 8148 8148 E lshal : vendor.qti.hardware.bluetooth_sar@1.0::IBluetoothSar/default does not exist, or no permission to connect.
01-13 09:00:31.874 7374 7570 E dumpstate: *** command 'lshal debug -E vendor.qti.hardware.bluetooth_sar@1.0::IBluetoothSar/default' failed: exit code 128
01-01 08:11:20.906 0 0 I binder : 8149:8149 ioctl 40046210 7ff753cad4 returned -22
01-13 09:00:31.895 8149 8149 D hw-ProcessState: Binder ioctl to enable oneway spam detection failed: Invalid argument
01-13 09:00:31.895 8149 8149 E lshal : vendor.qti.hardware.bluetooth_sar@1.1::IBluetoothSar/default does not exist, or no permission to connect.
01-13 09:00:31.897 7374 7570 E dumpstate: *** command 'lshal debug -E vendor.qti.hardware.bluetooth_sar@1.1::IBluetoothSar/default' failed: exit code 128
01-13 09:00:31.925 8150 8150 D hw-ProcessState: Binder ioctl to enable oneway spam detection failed: Invalid argument
01-13 09:00:31.925 8150 8150 E lshal : vendor.qti.hardware.btconfigstore@2.0::IBTConfigStore/default does not exist, or no permission to connect.
01-01 08:11:20.936 0 0 I binder : 8150:8150 ioctl 40046210 7fda2089c4 returned -22
01-13 09:00:31.927 7374 7570 E dumpstate: *** command 'lshal debug -E vendor.qti.hardware.btconfigstore@2.0::IBTConfigStore/default' failed: exit code 128
01-13 09:00:31.958 8151 8151 D hw-ProcessState: Binder ioctl to enable oneway spam detection failed: Invalid argument
01-01 08:11:20.970 0 0 I binder : 8151:8151 ioctl 40046210 7fc1f6e604 returned -22
01-13 09:00:31.962 8151 8151 E lshal : vendor.qti.hardware.cacert@1.0::IService/default does not exist, or no permission to connect.
01-13 09:00:31.963 7374 7570 E dumpstate: *** command 'lshal debug -E vendor.qti.hardware.cacert@1.0::IService/default' failed: exit code 128
01-13 09:00:31.991 8152 8152 D hw-ProcessState: Binder ioctl to enable oneway spam detection failed: Invalid argument
01-13 09:00:31.991 8152 8152 E lshal : vendor.qti.hardware.capabilityconfigstore@1.0::ICapabilityConfigStore/default does not exist, or no permission to connect.
01-01 08:11:21.003 0 0 I binder : 8152:8152 ioctl 40046210 7ff760ed14 returned -22
01-13 09:00:31.994 7374 7570 E dumpstate: *** command 'lshal debug -E vendor.qti.hardware.capabilityconfigstore@1.0::ICapabilityConfigStore/default' failed: exit code 128
01-13 09:00:32.021 8153 8153 D hw-ProcessState: Binder ioctl to enable oneway spam detection failed: Invalid argument
01-13 09:00:32.022 8153 8153 E lshal : vendor.qti.hardware.data.latency@1.0::ILinkLatency/default does not exist, or no permission to connect.
01-01 08:11:21.033 0 0 I binder : 8153:8153 ioctl 40046210 7fe4820c14 returned -22
01-13 09:00:32.024 7374 7570 E dumpstate: *** command 'lshal debug -E vendor.qti.hardware.data.latency@1.0::ILinkLatency/default' failed: exit code 128
01-13 09:00:32.053 8154 8154 D hw-ProcessState: Binder ioctl to enable oneway spam detection failed: Invalid argument
01-01 08:11:21.064 0 0 I binder : 8154:8154 ioctl 40046210 7ff6703e94 returned -22
01-01 08:11:21.080 0 0 E DTC_eth,link_delay_work_func: 3002, SQI=15, link=1
01-13 09:00:32.084 8156 8156 D hw-ProcessState: Binder ioctl to enable oneway spam detection failed: Invalid argument
01-13 09:00:32.085 8156 8156 E lshal : vendor.qti.hardware.display.composer@2.0::IQtiComposer/default does not exist, or no permission to connect.
01-01 08:11:21.095 0 0 I binder : 8156:8156 ioctl 40046210 7fec00e104 returned -22
01-13 09:00:32.088 7374 7570 E dumpstate: *** command 'lshal debug -E vendor.qti.hardware.display.composer@2.0::IQtiComposer/default' failed: exit code 128
01-01 08:11:21.131 0 0 I binder : 8157:8157 ioctl 40046210 7ff1b5d674 returned -22
01-13 09:00:32.119 8157 8157 D hw-ProcessState: Binder ioctl to enable oneway spam detection failed: Invalid argument
01-13 09:00:32.120 8157 8157 E lshal : vendor.qti.hardware.display.composer@2.1::IQtiComposer/default does not exist, or no permission to connect.
01-13 09:00:32.122 7374 7570 E dumpstate: *** command 'lshal debug -E vendor.qti.hardware.display.composer@2.1::IQtiComposer/default' failed: exit code 128
01-13 09:00:32.150 8158 8158 D hw-ProcessState: Binder ioctl to enable oneway spam detection failed: Invalid argument
01-13 09:00:32.151 8158 8158 E lshal : vendor.qti.hardware.dsp@1.0::IDspService/dspservice does not exist, or no permission to connect.
01-01 08:11:21.162 0 0 I binder : 8158:8158 ioctl 40046210 7fe382eff4 returned -22
01-13 09:00:32.152 7374 7570 E dumpstate: *** command 'lshal debug -E vendor.qti.hardware.dsp@1.0::IDspService/dspservice' failed: exit code 128
01-13 09:00:32.158 652 667 I mpu_uart: [MSG-P:RECV]:No message received in 1000 ms
01-13 09:00:32.182 8159 8159 D hw-ProcessState: Binder ioctl to enable oneway spam detection failed: Invalid argument
01-01 08:11:21.193 0 0 I binder : 8159:8159 ioctl 40046210 7fd2992eb4 returned -22
01-13 09:00:32.209 8161 8161 D hw-ProcessState: Binder ioctl to enable oneway spam detection failed: Invalid argument
01-13 09:00:32.210 8161 8161 E lshal : vendor.qti.hardware.fm@1.0::IFmHci/default does not exist, or no permission to connect.
01-01 08:11:21.220 0 0 I binder : 8161:8161 ioctl 40046210 7fd21e54d4 returned -22
01-13 09:00:32.213 7374 7570 E dumpstate: *** command 'lshal debug -E vendor.qti.hardware.fm@1.0::IFmHci/default' failed: exit code 128
01-13 09:00:32.236 8162 8162 D hw-ProcessState: Binder ioctl to enable oneway spam detection failed: Invalid argument
01-13 09:00:32.238 8162 8162 E lshal : vendor.qti.hardware.iop@2.0::IIop/default does not exist, or no permission to connect.
01-01 08:11:21.248 0 0 I binder : 8162:8162 ioctl 40046210 7fc669c034 returned -22
01-13 09:00:32.242 7374 7570 E dumpstate: *** command 'lshal debug -E vendor.qti.hardware.iop@2.0::IIop/default' failed: exit code 128
01-13 09:00:32.266 8163 8163 D hw-ProcessState: Binder ioctl to enable oneway spam detection failed: Invalid argument
01-13 09:00:32.267 8163 8163 E lshal : vendor.qti.hardware.limits@1.0::ILimits/default does not exist, or no permission to connect.
01-01 08:11:21.278 0 0 I binder : 8163:8163 ioctl 40046210 7fe0233034 returned -22
01-13 09:00:32.269 7374 7570 E dumpstate: *** command 'lshal debug -E vendor.qti.hardware.limits@1.0::ILimits/default' failed: exit code 128
01-13 09:00:32.292 8164 8164 D hw-ProcessState: Binder ioctl to enable oneway spam detection failed: Invalid argument
01-13 09:00:32.293 8164 8164 E lshal : vendor.qti.hardware.mwqemadapter@1.0::IMwqemAdapter/MwqemAdapter does not exist, or no permission to connect.
01-01 08:11:21.304 0 0 I binder : 8164:8164 ioctl 40046210 7ff89982f4 returned -22
01-13 09:00:32.295 7374 7570 E dumpstate: *** command 'lshal debug -E vendor.qti.hardware.mwqemadapter@1.0::IMwqemAdapter/MwqemAdapter' failed: exit code 128
01-13 09:00:32.323 8165 8165 D hw-ProcessState: Binder ioctl to enable oneway spam detection failed: Invalid argument
01-01 08:11:21.335 0 0 I binder : 8165:8165 ioctl 40046210 7ffa3ca314 returned -22
01-13 09:00:32.319 0 0 W swapper/0: type=1400 audit(0.0:4778): avc: denied { kill } for capability=5 scontext=u:r:kernel:s0 tcontext=u:r:kernel:s0 tclass=capability permissive=0
01-13 09:00:32.327 8165 8165 E lshal : vendor.qti.hardware.perf@2.0::IPerf/default does not exist, or no permission to connect.
01-01 08:11:21.338 0 0 E [soft_i][0x30bbb2896][09:00:32.326907] wlan: [0:E:DP] dp_tx_comp_process_tx_status: 3431: peer is null or deletion in progress
01-13 09:00:32.328 7374 7570 E dumpstate: *** command 'lshal debug -E vendor.qti.hardware.perf@2.0::IPerf/default' failed: exit code 128
01-13 09:00:32.353 8166 8166 D hw-ProcessState: Binder ioctl to enable oneway spam detection failed: Invalid argument
01-13 09:00:32.354 8166 8166 E lshal : vendor.qti.hardware.perf@2.1::IPerf/default does not exist, or no permission to connect.
01-01 08:11:21.364 0 0 I binder : 8166:8166 ioctl 40046210 7fc21d4a84 returned -22
01-13 09:00:32.358 7374 7570 E dumpstate: *** command 'lshal debug -E vendor.qti.hardware.perf@2.1::IPerf/default' failed: exit code 128
01-13 09:00:32.381 8167 8167 D hw-ProcessState: Binder ioctl to enable oneway spam detection failed: Invalid argument
01-13 09:00:32.382 8167 8167 E lshal : vendor.qti.hardware.perf@2.2::IPerf/default does not exist, or no permission to connect.
01-01 08:11:21.393 0 0 I binder : 8167:8167 ioctl 40046210 7ffd80f224 returned -22
01-13 09:00:32.386 7374 7570 E dumpstate: *** command 'lshal debug -E vendor.qti.hardware.perf@2.2::IPerf/default' failed: exit code 128
01-13 09:00:32.407 8168 8168 D hw-ProcessState: Binder ioctl to enable oneway spam detection failed: Invalid argument
01-01 08:11:21.419 0 0 I binder : 8168:8168 ioctl 40046210 7ff28f4c24 returned -22
01-13 09:00:32.410 8168 8168 E lshal : vendor.qti.hardware.qccsyshal@1.0::IQccsyshal/qccsyshal does not exist, or no permission to connect.
01-13 09:00:32.412 7374 7570 E dumpstate: *** command 'lshal debug -E vendor.qti.hardware.qccsyshal@1.0::IQccsyshal/qccsyshal' failed: exit code 128
01-13 09:00:32.435 8169 8169 D hw-ProcessState: Binder ioctl to enable oneway spam detection failed: Invalid argument
01-13 09:00:32.436 8169 8169 E lshal : vendor.qti.hardware.qccsyshal@1.1::IQccsyshal/qccsyshal does not exist, or no permission to connect.
01-01 08:11:21.446 0 0 I binder : 8169:8169 ioctl 40046210 7ff429bdd4 returned -22
01-13 09:00:32.440 7374 7570 E dumpstate: *** command 'lshal debug -E vendor.qti.hardware.qccsyshal@1.1::IQccsyshal/qccsyshal' failed: exit code 128
01-01 08:11:21.479 0 0 I binder : 8170:8170 ioctl 40046210 7fe954ebc4 returned -22
01-13 09:00:32.467 8170 8170 D hw-ProcessState: Binder ioctl to enable oneway spam detection failed: Invalid argument
01-13 09:00:32.469 8170 8170 E lshal : vendor.qti.hardware.qccvndhal@1.0::IQccvndhal/qccvndhal does not exist, or no permission to connect.
01-13 09:00:32.472 7374 7570 E dumpstate: *** command 'lshal debug -E vendor.qti.hardware.qccvndhal@1.0::IQccvndhal/qccvndhal' failed: exit code 128
01-13 09:00:32.492 1477 7568 W system_server: ClassLoaderContext shared library size mismatch. Expected=1, found=0 (PCL[]{PCL[/vendor/framework/androidx.camera.extensions.impl.jar*2178592659]} | PCL[])
01-13 09:00:32.498 8171 8171 D hw-ProcessState: Binder ioctl to enable oneway spam detection failed: Invalid argument
01-01 08:11:21.510 0 0 I binder : 8171:8171 ioctl 40046210 7fdfbd16d4 returned -22
01-13 09:00:32.500 8171 8171 E lshal : vendor.qti.hardware.qseecom@1.0::IQSEECom/default does not exist, or no permission to connect.
01-13 09:00:32.506 7374 7570 E dumpstate: *** command 'lshal debug -E vendor.qti.hardware.qseecom@1.0::IQSEECom/default' failed: exit code 128
01-13 09:00:32.532 8172 8172 D hw-ProcessState: Binder ioctl to enable oneway spam detection failed: Invalid argument
01-13 09:00:32.533 8172 8172 E lshal : vendor.qti.hardware.qteeconnector@1.0::IAppConnector/default does not exist, or no permission to connect.
01-01 08:11:21.544 0 0 I binder : 8172:8172 ioctl 40046210 7ff7d49544 returned -22
01-13 09:00:32.536 7374 7570 E dumpstate: *** command 'lshal debug -E vendor.qti.hardware.qteeconnector@1.0::IAppConnector/default' failed: exit code 128
01-13 09:00:32.574 8173 8173 D hw-ProcessState: Binder ioctl to enable oneway spam detection failed: Invalid argument
01-01 08:11:21.585 0 0 I binder : 8173:8173 ioctl 40046210 7fea09d924 returned -22
01-13 09:00:32.576 8173 8173 E lshal : vendor.qti.hardware.qteeconnector@1.0::IGPAppConnector/default does not exist, or no permission to connect.
01-13 09:00:32.580 7374 7570 E dumpstate: *** command 'lshal debug -E vendor.qti.hardware.qteeconnector@1.0::IGPAppConnector/default' failed: exit code 128
01-13 09:00:32.605 8174 8174 D hw-ProcessState: Binder ioctl to enable oneway spam detection failed: Invalid argument
01-13 09:00:32.606 8174 8174 E lshal : vendor.qti.hardware.sensorscalibrate@1.0::ISensorsCalibrate/default does not exist, or no permission to connect.
01-01 08:11:21.617 0 0 I binder : 8174:8174 ioctl 40046210 7fc80d5d84 returned -22
01-13 09:00:32.609 7374 7570 E dumpstate: *** command 'lshal debug -E vendor.qti.hardware.sensorscalibrate@1.0::ISensorsCalibrate/default' failed: exit code 128
01-13 09:00:32.629 8175 8175 D hw-ProcessState: Binder ioctl to enable oneway spam detection failed: Invalid argument
01-13 09:00:32.630 8175 8175 E lshal : vendor.qti.hardware.servicetracker@1.0::IServicetracker/default does not exist, or no permission to connect.
01-01 08:11:21.641 0 0 I binder : 8175:8175 ioctl 40046210 7ff9adbc24 returned -22
01-13 09:00:32.631 7374 7570 E dumpstate: *** command 'lshal debug -E vendor.qti.hardware.servicetracker@1.0::IServicetracker/default' failed: exit code 128
01-13 09:00:32.662 8176 8176 D hw-ProcessState: Binder ioctl to enable oneway spam detection failed: Invalid argument
01-01 08:11:21.674 0 0 I binder : 8176:8176 ioctl 40046210 7ff5047364 returned -22
01-13 09:00:32.664 8176 8176 E lshal : vendor.qti.hardware.servicetracker@1.1::IServicetracker/default does not exist, or no permission to connect.
01-13 09:00:32.667 7374 7570 E dumpstate: *** command 'lshal debug -E vendor.qti.hardware.servicetracker@1.1::IServicetracker/default' failed: exit code 128
01-01 08:11:21.702 0 0 I binder : 8177:8177 ioctl 40046210 7fca8c6fc4 returned -22
01-13 09:00:32.691 8177 8177 D hw-ProcessState: Binder ioctl to enable oneway spam detection failed: Invalid argument
01-13 09:00:32.692 8177 8177 E lshal : vendor.qti.hardware.servicetracker@1.2::IServicetracker/default does not exist, or no permission to connect.
01-13 09:00:32.693 7374 7570 E dumpstate: *** command 'lshal debug -E vendor.qti.hardware.servicetracker@1.2::IServicetracker/default' failed: exit code 128
01-13 09:00:32.718 8179 8179 D hw-ProcessState: Binder ioctl to enable oneway spam detection failed: Invalid argument
01-13 09:00:32.719 8179 8179 E lshal : vendor.qti.hardware.soter@1.0::ISoter/default does not exist, or no permission to connect.
01-01 08:11:21.729 0 0 I binder : 8179:8179 ioctl 40046210 7fc59cc334 returned -22
01-13 09:00:32.722 7374 7570 E dumpstate: *** command 'lshal debug -E vendor.qti.hardware.soter@1.0::ISoter/default' failed: exit code 128
01-13 09:00:32.742 8180 8180 D hw-ProcessState: Binder ioctl to enable oneway spam detection failed: Invalid argument
01-13 09:00:32.742 8180 8180 E lshal : vendor.qti.hardware.systemhelper@1.0::ISystemEvent/default does not exist, or no permission to connect.
01-01 08:11:21.753 0 0 I binder : 8180:8180 ioctl 40046210 7fd44a85a4 returned -22
01-13 09:00:32.750 7374 7570 E dumpstate: *** command 'lshal debug -E vendor.qti.hardware.systemhelper@1.0::ISystemEvent/default' failed: exit code 128
01-13 09:00:32.784 8181 8181 D hw-ProcessState: Binder ioctl to enable oneway spam detection failed: Invalid argument
01-01 08:11:21.795 0 0 I binder : 8181:8181 ioctl 40046210 7fd3337dd4 returned -22
01-13 09:00:32.785 8181 8181 E lshal : vendor.qti.hardware.systemhelper@1.0::ISystemResource/default does not exist, or no permission to connect.
01-13 09:00:32.788 7374 7570 E dumpstate: *** command 'lshal debug -E vendor.qti.hardware.systemhelper@1.0::ISystemResource/default' failed: exit code 128
01-13 09:00:32.814 8182 8182 D hw-ProcessState: Binder ioctl to enable oneway spam detection failed: Invalid argument
01-01 08:11:21.825 0 0 I binder : 8182:8182 ioctl 40046210 7fce43c5b4 returned -22
01-13 09:00:32.815 8182 8182 E lshal : vendor.qti.hardware.tui_comm@1.0::ITuiComm/default does not exist, or no permission to connect.
01-13 09:00:32.818 7374 7570 E dumpstate: *** command 'lshal debug -E vendor.qti.hardware.tui_comm@1.0::ITuiComm/default' failed: exit code 128
01-13 09:00:32.838 8183 8183 D hw-ProcessState: Binder ioctl to enable oneway spam detection failed: Invalid argument
01-13 09:00:32.838 8183 8183 E lshal : vendor.qti.hardware.vpp@1.1::IHidlVppService/vppService does not exist, or no permission to connect.
01-01 08:11:21.849 0 0 I binder : 8183:8183 ioctl 40046210 7fcd00a3f4 returned -22
01-13 09:00:32.840 7374 7570 E dumpstate: *** command 'lshal debug -E vendor.qti.hardware.vpp@1.1::IHidlVppService/vppService' failed: exit code 128
01-13 09:00:32.873 8184 8184 D hw-ProcessState: Binder ioctl to enable oneway spam detection failed: Invalid argument
01-13 09:00:32.874 8184 8184 E lshal : vendor.qti.hardware.vpp@1.2::IHidlVppService/vppService does not exist, or no permission to connect.
01-01 08:11:21.884 0 0 I binder : 8184:8184 ioctl 40046210 7fed2ae1a4 returned -22
01-13 09:00:32.879 7374 7570 E dumpstate: *** command 'lshal debug -E vendor.qti.hardware.vpp@1.2::IHidlVppService/vppService' failed: exit code 128
01-13 09:00:32.904 8185 8185 D hw-ProcessState: Binder ioctl to enable oneway spam detection failed: Invalid argument
01-13 09:00:32.905 8185 8185 E lshal : vendor.qti.hardware.vpp@1.3::IHidlVppService/vppService does not exist, or no permission to connect.
01-01 08:11:21.916 0 0 I binder : 8185:8185 ioctl 40046210 7fc41663b4 returned -22
01-13 09:00:32.909 7374 7570 E dumpstate: *** command 'lshal debug -E vendor.qti.hardware.vpp@1.3::IHidlVppService/vppService' failed: exit code 128
01-13 09:00:32.940 8186 8186 D hw-ProcessState: Binder ioctl to enable oneway spam detection failed: Invalid argument
01-13 09:00:32.941 8186 8186 E lshal : vendor.qti.hardware.wifi.hostapd@1.0::IHostapdVendor/default does not exist, or no permission to connect.
01-01 08:11:21.952 0 0 I binder : 8186:8186 ioctl 40046210 7fc14f93b4 returned -22
01-13 09:00:32.945 7374 7570 E dumpstate: *** command 'lshal debug -E vendor.qti.hardware.wifi.hostapd@1.0::IHostapdVendor/default' failed: exit code 128
01-13 09:00:32.966 8187 8187 D hw-ProcessState: Binder ioctl to enable oneway spam detection failed: Invalid argument
01-13 09:00:32.966 8187 8187 E lshal : vendor.qti.hardware.wifi.hostapd@1.1::IHostapdVendor/default does not exist, or no permission to connect.
01-01 08:11:21.977 0 0 I binder : 8187:8187 ioctl 40046210 7fc76bde04 returned -22
01-13 09:00:32.969 7374 7570 E dumpstate: *** command 'lshal debug -E vendor.qti.hardware.wifi.hostapd@1.1::IHostapdVendor/default' failed: exit code 128
01-13 09:00:32.999 8188 8188 D hw-ProcessState: Binder ioctl to enable oneway spam detection failed: Invalid argument
01-01 08:11:22.010 0 0 I binder : 8188:8188 ioctl 40046210 7fc7800de4 returned -22
01-13 09:00:33.000 8188 8188 E lshal : vendor.qti.hardware.wifi.hostapd@1.2::IHostapdVendor/default does not exist, or no permission to connect.
01-13 09:00:33.003 7374 7570 E dumpstate: *** command 'lshal debug -E vendor.qti.hardware.wifi.hostapd@1.2::IHostapdVendor/default' failed: exit code 128
01-01 08:11:22.038 0 0 I binder : 8189:8189 ioctl 40046210 7fe9fca344 returned -22
01-13 09:00:33.027 8189 8189 D hw-ProcessState: Binder ioctl to enable oneway spam detection failed: Invalid argument
01-13 09:00:33.031 8189 8189 E lshal : vendor.qti.hardware.wifi.supplicant@2.0::ISupplicantVendor/default does not exist, or no permission to connect.
01-13 09:00:33.033 7374 7570 E dumpstate: *** command 'lshal debug -E vendor.qti.hardware.wifi.supplicant@2.0::ISupplicantVendor/default' failed: exit code 128
01-13 09:00:33.061 8190 8190 D hw-ProcessState: Binder ioctl to enable oneway spam detection failed: Invalid argument
01-13 09:00:33.061 8190 8190 E lshal : vendor.qti.hardware.wifi.supplicant@2.1::ISupplicantVendor/default does not exist, or no permission to connect.
01-01 08:11:22.073 0 0 I binder : 8190:8190 ioctl 40046210 7fdf9e5674 returned -22
01-13 09:00:33.064 7374 7570 E dumpstate: *** command 'lshal debug -E vendor.qti.hardware.wifi.supplicant@2.1::ISupplicantVendor/default' failed: exit code 128
01-13 09:00:33.092 8191 8191 D hw-ProcessState: Binder ioctl to enable oneway spam detection failed: Invalid argument
01-13 09:00:33.093 8191 8191 E lshal : vendor.qti.hardware.wifi.supplicant@2.2::ISupplicantVendor/default does not exist, or no permission to connect.
01-01 08:11:22.104 0 0 I binder : 8191:8191 ioctl 40046210 7fc39ea874 returned -22
01-13 09:00:33.095 7374 7570 E dumpstate: *** command 'lshal debug -E vendor.qti.hardware.wifi.supplicant@2.2::ISupplicantVendor/default' failed: exit code 128
01-13 09:00:33.130 8192 8192 D hw-ProcessState: Binder ioctl to enable oneway spam detection failed: Invalid argument
01-13 09:00:33.131 8192 8192 E lshal : vendor.qti.hardware.wifidisplaysession@1.0::IWifiDisplaySession/wifidisplaysession does not exist, or no permission to connect.
01-01 08:11:22.141 0 0 I binder : 8192:8192 ioctl 40046210 7fd2e7e4e4 returned -22
01-13 09:00:33.134 7374 7570 E dumpstate: *** command 'lshal debug -E vendor.qti.hardware.wifidisplaysession@1.0::IWifiDisplaySession/wifidisplaysession' failed: exit code 128
01-13 09:00:33.157 8193 8193 D hw-ProcessState: Binder ioctl to enable oneway spam detection failed: Invalid argument
01-13 09:00:33.158 8193 8193 E lshal : vendor.qti.hardware.wifidisplaysession@1.0::IWifiDisplaySessionAudioTrack/wifidisplaysessionaudiotrack does not exist, or no permission to connect.
01-01 08:11:22.169 0 0 I binder : 8193:8193 ioctl 40046210 7ff1c543d4 returned -22
01-13 09:00:33.159 652 667 I mpu_uart: [MSG-P:RECV]:No message received in 1000 ms
01-13 09:00:33.160 7374 7570 E dumpstate: *** command 'lshal debug -E vendor.qti.hardware.wifidisplaysession@1.0::IWifiDisplaySessionAudioTrack/wifidisplaysessionaudiotrack' failed: exit code 128
01-13 09:00:33.190 8194 8194 D hw-ProcessState: Binder ioctl to enable oneway spam detection failed: Invalid argument
01-01 08:11:22.202 0 0 I binder : 8194:8194 ioctl 40046210 7fd3351c64 returned -22
01-13 09:00:33.191 8194 8194 E lshal : vendor.qti.hardware.wifidisplaysession@1.0::IWifiDisplaySessionImageTrack/wifidisplaysessionimagetrack does not exist, or no permission to connect.
01-13 09:00:33.195 7374 7570 E dumpstate: *** command 'lshal debug -E vendor.qti.hardware.wifidisplaysession@1.0::IWifiDisplaySessionImageTrack/wifidisplaysessionimagetrack' failed: exit code 128
01-13 09:00:33.231 8195 8195 D hw-ProcessState: Binder ioctl to enable oneway spam detection failed: Invalid argument
01-01 08:11:22.242 0 0 I binder : 8195:8195 ioctl 40046210 7fd2d04fa4 returned -22
01-13 09:00:33.232 8195 8195 E lshal : vendor.qti.hardware.wifidisplaysession@1.0::IWifiDisplaySessionVideoTrack/wifidisplaysessionvideotrack does not exist, or no permission to connect.
01-13 09:00:33.235 7374 7570 E dumpstate: *** command 'lshal debug -E vendor.qti.hardware.wifidisplaysession@1.0::IWifiDisplaySessionVideoTrack/wifidisplaysessionvideotrack' failed: exit code 128
01-13 09:00:33.258 8196 8196 D hw-ProcessState: Binder ioctl to enable oneway spam detection failed: Invalid argument
01-01 08:11:22.270 0 0 I binder : 8196:8196 ioctl 40046210 7ffda869b4 returned -22
01-13 09:00:33.259 8196 8196 E lshal : vendor.qti.ims.callinfo@1.0::IService/default does not exist, or no permission to connect.
01-13 09:00:33.262 7374 7570 E dumpstate: *** command 'lshal debug -E vendor.qti.ims.callinfo@1.0::IService/default' failed: exit code 128
01-13 09:00:33.290 8197 8197 D hw-ProcessState: Binder ioctl to enable oneway spam detection failed: Invalid argument
01-01 08:11:22.301 0 0 I binder : 8197:8197 ioctl 40046210 7fc23a2c44 returned -22
01-13 09:00:33.291 8197 8197 E lshal : vendor.qti.ims.factory@1.0::IImsFactory/default does not exist, or no permission to connect.
01-13 09:00:33.295 7374 7570 E dumpstate: *** command 'lshal debug -E vendor.qti.ims.factory@1.0::IImsFactory/default' failed: exit code 128
01-13 09:00:33.318 8198 8198 D hw-ProcessState: Binder ioctl to enable oneway spam detection failed: Invalid argument
01-13 09:00:33.319 8198 8198 E lshal : vendor.qti.imsrtpservice@3.0::IRTPService/imsrtpservice does not exist, or no permission to connect.
01-01 08:11:22.330 0 0 I binder : 8198:8198 ioctl 40046210 7fdff740f4 returned -22
01-13 09:00:33.321 7374 7570 E dumpstate: *** command 'lshal debug -E vendor.qti.imsrtpservice@3.0::IRTPService/imsrtpservice' failed: exit code 128
01-13 09:00:33.319 0 0 W swapper/0: type=1400 audit(0.0:4779): avc: denied { kill } for capability=5 scontext=u:r:kernel:s0 tcontext=u:r:kernel:s0 tclass=capability permissive=0
01-13 09:00:33.357 8199 8199 D hw-ProcessState: Binder ioctl to enable oneway spam detection failed: Invalid argument
01-13 09:00:33.358 8199 8199 E lshal : vendor.qti.power.pasrmanager@1.0::IPasrManager/default does not exist, or no permission to connect.
