05-07 02:10:44.645 3003 3003 W com.hht.lebocast: type=1400 audit(0.0:8351): avc: granted { getattr } for comm=4173796E635461736B2023323831 path="/proc/3003/net/arp" dev="proc" ino=4026532247 scontext=u:r:platform_app:s0:c512,c768 tcontext=u:object_r:proc_net:s0 tclass=file app=com.hht.lebocast
05-07 02:10:44.681 3003 3003 I auditd : type=1400 audit(0.0:8352): avc: granted { read } for comm=4173796E635461736B2023323832 name="arp" dev="proc" ino=4026532247 scontext=u:r:platform_app:s0:c512,c768 tcontext=u:object_r:proc_net:s0 tclass=file app=com.hht.lebocast
05-07 02:10:44.681 3003 3003 W com.hht.lebocast: type=1400 audit(0.0:8352): avc: granted { read } for comm=4173796E635461736B2023323832 name="arp" dev="proc" ino=4026532247 scontext=u:r:platform_app:s0:c512,c768 tcontext=u:object_r:proc_net:s0 tclass=file app=com.hht.lebocast
01-01 08:18:28.463 0 0 E i2c_geni 980000.i2c: i2c error :-107
01-01 08:18:28.488 0 0 E : [MAX975X:max96755x_vc1_lcd_dtc_check] *ERROR* Failed to read dev:0x15 addr:0x8b
01-01 08:18:28.497 0 0 E i2c_geni 980000.i2c: i2c error :-107
01-01 08:18:28.501 0 0 E : [MAX975X:max96755g_write_bytes] *ERROR* i2c master send 0x8B err
01-01 08:18:28.608 0 0 E i2c_geni 980000.i2c: i2c error :-107
01-01 08:18:28.620 0 0 E : [MAX975X:max96755x_vc1_lcd_dtc_check] *ERROR* Failed to read dev:0x15 addr:0x8b
01-01 08:18:28.629 0 0 E i2c_geni 980000.i2c: i2c error :-107
01-01 08:18:28.634 0 0 E : [MAX975X:max96755g_write_bytes] *ERROR* i2c master send 0x8B err
01-01 08:18:28.739 0 0 E i2c_geni 980000.i2c: i2c error :-107
01-01 08:18:28.751 0 0 E : [MAX975X:max96755x_vc1_lcd_dtc_check] *ERROR* Failed to read dev:0x15 addr:0x8b
01-01 08:18:28.760 0 0 E i2c_geni 980000.i2c: i2c error :-107
01-01 08:18:28.765 0 0 E : [MAX975X:max96755g_write_bytes] *ERROR* i2c master send 0x8B err
01-01 08:18:28.868 0 0 E i2c_geni 980000.i2c: i2c error :-107
01-01 08:18:28.880 0 0 E : [MAX975X:max96755x_vc1_lcd_dtc_check] *ERROR* Failed to read dev:0x15 addr:0x8b
01-01 08:18:28.889 0 0 E i2c_geni 980000.i2c: i2c error :-107
05-07 02:10:45.266 688 5595 I netd : setProcSysNet(4, 2, wlan0, retrans_time_ms, 750) <1.26ms>
05-07 02:10:45.268 688 5595 I netd : setProcSysNet(4, 2, wlan0, ucast_solicit, 10) <0.32ms>
05-07 02:10:45.269 688 5595 I netd : setProcSysNet(6, 2, wlan0, retrans_time_ms, 750) <0.83ms>
05-07 02:10:45.270 688 5595 I netd : setProcSysNet(6, 2, wlan0, ucast_solicit, 10) <0.34ms>
01-01 08:18:28.894 0 0 E : [MAX975X:max96755g_write_bytes] *ERROR* i2c master send 0x8B err
01-01 08:18:28.995 0 0 E i2c_geni 980000.i2c: i2c error :-107
01-01 08:18:29.007 0 0 E : [MAX975X:max96755x_vc1_lcd_dtc_check] *ERROR* Failed to read dev:0x15 addr:0x8b
01-01 08:18:29.016 0 0 E i2c_geni 980000.i2c: i2c error :-107
05-07 02:10:45.426 669 676 I mpu_uart: [MSG-P:RECV]:No message received in 1000 ms
05-07 02:10:45.463 1377 9527 I OMX-VENC: venc_dev: stats: avg. fps 10.40, bitrate 22640
05-07 02:10:45.465 688 9736 D resolv : GetAddrInfoHandler::run: {100 262244 100 983140 10100 0}
05-07 02:10:45.465 688 9736 D resolv : resolv_getaddrinfo: explore_fqdn(): ai_family=0 ai_socktype=1 ai_protocol=6
05-07 02:10:45.468 688 9738 D resolv : doQuery: (1, 1)
05-07 02:10:45.468 688 9737 D resolv : doQuery: (1, 28)
05-07 02:10:45.468 688 9738 D resolv : res_nmkquery: (QUERY, IN, A)
05-07 02:10:45.469 688 9738 D resolv : res_nopt
05-07 02:10:45.469 688 9737 D resolv : res_nmkquery: (QUERY, IN, AAAA)
05-07 02:10:45.469 688 9738 D resolv : res_nopt: ENDS0 DNSSEC
05-07 02:10:45.469 688 9737 D resolv : res_nopt
05-07 02:10:45.469 688 9737 D resolv : res_nopt: ENDS0 DNSSEC
05-07 02:10:45.469 688 9738 D resolv : res_nsend
05-07 02:10:45.469 688 9738 I resolv : resolv_cache_lookup: lookup
05-07 02:10:45.469 688 9737 D resolv : res_nsend
05-07 02:10:45.469 688 9737 I resolv : resolv_cache_lookup: lookup
05-07 02:10:45.469 688 9737 I resolv : resolv_cache_lookup: FOUND IN CACHE entry=0xb400006f5f833bb0
05-07 02:10:45.469 688 9737 D resolv : doQuery: rcode=0, ancount=2
05-07 02:10:45.470 688 9738 I resolv : resolv_cache_lookup: NOT IN CACHE (STALE ENTRY 0xb400006f5f843f10DISCARDED)
05-07 02:10:45.470 688 9738 I resolv : _cache_remove_p: entry 311 removed (count=255)
05-07 02:10:45.470 688 9738 I resolv : resolv_populate_res_for_net: netid=100
05-07 02:10:45.472 688 9738 I resolv : res_tls_send: performing query over TLS
05-07 02:10:45.472 688 9738 D resolv : Sending query of length 128
05-07 02:10:45.472 688 9738 D resolv : No socket for query. Opening socket and sending.
05-07 02:10:45.472 688 9738 D resolv : Constructing new socket
05-07 02:10:45.473 688 9738 D resolv : DnsTlsSocket is initialized with { mConnectTimeoutMs: 127000, mAsyncHandshake: 0 }
05-07 02:10:45.473 688 9738 D resolv : 983140 connecting TCP socket
05-07 02:10:45.475 688 9738 D resolv : Setting session
05-07 02:10:45.475 688 9738 D resolv : Calling SSL_connect with mark 0xf0064
05-07 02:10:45.476 688 9738 D resolv : SSL_connect returned -1 with mark 0xf0064
01-01 08:18:29.123 0 0 E i2c_geni 980000.i2c: i2c error :-107
01-01 08:18:29.135 0 0 E : [MAX975X:max96755x_vc1_lcd_dtc_check] *ERROR* Failed to read dev:0x15 addr:0x8b
01-01 08:18:29.144 0 0 E i2c_geni 980000.i2c: i2c error :-107
01-01 08:18:29.149 0 0 E : [MAX975X:max96755g_write_bytes] *ERROR* i2c master send 0x8B err
01-01 08:18:29.252 0 0 E i2c_geni 980000.i2c: i2c error :-107
01-01 08:18:29.264 0 0 E : [MAX975X:max96755x_vc1_lcd_dtc_check] *ERROR* Failed to read dev:0x15 addr:0x8b
05-07 02:10:45.608 688 9738 D resolv : Calling SSL_connect with mark 0xf0064
05-07 02:10:45.609 688 9738 D resolv : SSL_connect returned 1 with mark 0xf0064
05-07 02:10:45.609 688 9738 D resolv : 983140 handshake complete
05-07 02:10:45.609 688 9738 D resolv : Initialization succeeded. Reissuing 1 queries.
05-07 02:10:45.610 688 9738 D resolv : Awaiting response
05-07 02:10:45.610 688 9739 D resolv : 983140 Writing 130 bytes
05-07 02:10:45.610 688 9739 D resolv : 983140 Wrote 130 bytes
05-07 02:10:45.610 688 9739 D resolv : 983140 SSL_write complete
01-01 08:18:29.273 0 0 E i2c_geni 980000.i2c: i2c error :-107
05-07 02:10:45.649 3003 3003 I auditd : type=1400 audit(0.0:8360): avc: granted { read } for comm=4173796E635461736B2023323834 name="arp" dev="proc" ino=4026532247 scontext=u:r:platform_app:s0:c512,c768 tcontext=u:object_r:proc_net:s0 tclass=file app=com.hht.lebocast
05-07 02:10:45.649 3003 3003 W com.hht.lebocast: type=1400 audit(0.0:8360): avc: granted { read } for comm=4173796E635461736B2023323834 name="arp" dev="proc" ino=4026532247 scontext=u:r:platform_app:s0:c512,c768 tcontext=u:object_r:proc_net:s0 tclass=file app=com.hht.lebocast
01-01 08:18:29.278 0 0 E : [MAX975X:max96755g_write_bytes] *ERROR* i2c master send 0x8B err
05-07 02:10:45.649 3003 3003 I auditd : type=1400 audit(0.0:8361): avc: granted { read open } for comm=4173796E635461736B2023323834 path="/proc/3003/net/arp" dev="proc" ino=4026532247 scontext=u:r:platform_app:s0:c512,c768 tcontext=u:object_r:proc_net:s0 tclass=file app=com.hht.lebocast
05-07 02:10:45.649 3003 3003 W com.hht.lebocast: type=1400 audit(0.0:8361): avc: granted { read open } for comm=4173796E635461736B2023323834 path="/proc/3003/net/arp" dev="proc" ino=4026532247 scontext=u:r:platform_app:s0:c512,c768 tcontext=u:object_r:proc_net:s0 tclass=file app=com.hht.lebocast
05-07 02:10:45.649 3003 3003 I auditd : type=1400 audit(0.0:8362): avc: granted { getattr } for comm=4173796E635461736B2023323834 path="/proc/3003/net/arp" dev="proc" ino=4026532247 scontext=u:r:platform_app:s0:c512,c768 tcontext=u:object_r:proc_net:s0 tclass=file app=com.hht.lebocast
05-07 02:10:45.649 3003 3003 W com.hht.lebocast: type=1400 audit(0.0:8362): avc: granted { getattr } for comm=4173796E635461736B2023323834 path="/proc/3003/net/arp" dev="proc" ino=4026532247 scontext=u:r:platform_app:s0:c512,c768 tcontext=u:object_r:proc_net:s0 tclass=file app=com.hht.lebocast
01-01 08:18:29.380 0 0 E i2c_geni 980000.i2c: i2c error :-107
01-01 08:18:29.406 0 0 E : [MAX975X:max96755x_vc1_lcd_dtc_check] *ERROR* Failed to read dev:0x15 addr:0x8b
05-07 02:10:45.649 3003 3003 I auditd : type=1400 audit(0.0:8363): avc: granted { getattr } for comm=4173796E635461736B2023323834 path="/proc/3003/net/arp" dev="proc" ino=4026532247 scontext=u:r:platform_app:s0:c512,c768 tcontext=u:object_r:proc_net:s0 tclass=file app=com.hht.lebocast
05-07 02:10:45.649 3003 3003 W com.hht.lebocast: type=1400 audit(0.0:8363): avc: granted { getattr } for comm=4173796E635461736B2023323834 path="/proc/3003/net/arp" dev="proc" ino=4026532247 scontext=u:r:platform_app:s0:c512,c768 tcontext=u:object_r:proc_net:s0 tclass=file app=com.hht.lebocast
01-01 08:18:29.407 0 0 E i2c_geni 980000.i2c: i2c error :-107
05-07 02:10:45.866 688 9739 D resolv : reading response
05-07 02:10:45.866 688 9739 D resolv : Recording session
05-07 02:10:45.866 688 9739 D resolv : Recording session
05-07 02:10:45.867 688 9739 D resolv : Too many sessions; trimming
05-07 02:10:45.867 688 9739 D resolv : 983140 Expecting response of size 468
05-07 02:10:45.867 688 9739 D resolv : 983140 SSL_read complete
05-07 02:10:45.867 688 9739 D resolv : Sending result to dispatcher
05-07 02:10:45.867 688 9738 D resolv : Got response successfully
05-07 02:10:45.867 688 9738 I resolv : res_tls_send: TLS query result: 0
05-07 02:10:45.867 688 9738 D resolv : res_nsend: got answer from DoT
05-07 02:10:45.867 688 9738 I resolv : answer_getTTL: TTL = 120
05-07 02:10:45.867 688 9738 I resolv : _cache_add_p: entry 314 added (count=256)
05-07 02:10:45.867 688 9738 I resolv : cache_dump_mru_locked: MRU LIST (256): 314 306 269 313 312 287 285 308 280 307 296 277 273 305 297 303 304 292 291 302 301 300 299 290 257 294 293 279 281 275 270 289 288 286 284 259 256 282 278 249 250 276 271 268 267 266 265 264 263 262 261 260 258 255 253 248 247 246 245 244 243 242 239 238 237 236 235 234 233 208 8 231 228 224 226 230 229 225 223 222 221 220 219 218 217 216 120 212 213 215 214 211 142 196 38 207 206 205 130 203 202 201 200 194 193 107 109 178 177 176 175 161 164 174 173 172 171 113 114 170 169 154 155 168 167 90 92 163 162 160 159 158 147 148 100 101 157 156 126 127 153 152 149 132 133 146 145 144 141 140 139 138 105 104 108 106 128 125 123 122 117 116 112 111 103 102 99 98 97 96 95 93 94 91 89 88 87 63 62 86 85 84 83 82 81 80 79 78 77 76 75 74 73 72 71 70 69 68 67 28 27 66 65 64 61 59 41 42 58 57 56 55 54 53 52 51 50 49 48 47 46 45 44 43 40 39 36 35 34 33 32 31 30 29 24 23 22 21 20 19 18 17 16 15 10 9 11 12 14 13 6 5 4 3 2 1
05-07 02:10:45.867 688 9738 D resolv : doQuery: rcode=0, ancount=3
05-07 02:10:45.869 688 9736 I ResolverController: No valid NAT64 prefix (100, /0)
05-07 02:10:45.885 3003 3003 I auditd : type=1400 audit(0.0:8364): avc: granted { read } for comm=4173796E635461736B2023323835 name="arp" dev="proc" ino=4026532247 scontext=u:r:platform_app:s0:c512,c768 tcontext=u:object_r:proc_net:s0 tclass=file app=com.hht.lebocast
05-07 02:10:45.885 3003 3003 W com.hht.lebocast: type=1400 audit(0.0:8364): avc: granted { read } for comm=4173796E635461736B2023323835 name="arp" dev="proc" ino=4026532247 scontext=u:r:platform_app:s0:c512,c768 tcontext=u:object_r:proc_net:s0 tclass=file app=com.hht.lebocast
01-01 08:18:29.444 0 0 E : [MAX975X:max96755g_write_bytes] *ERROR* i2c master send 0x8B err
01-01 08:18:29.547 0 0 E i2c_geni 980000.i2c: i2c error :-107
01-01 08:18:29.556 0 0 W audit : audit_lost=7347 audit_rate_limit=5 audit_backlog_limit=64
01-01 08:18:29.559 0 0 E : [MAX975X:max96755x_vc1_lcd_dtc_check] *ERROR* Failed to read dev:0x15 addr:0x8b
01-01 08:18:29.567 0 0 E audit : rate limit exceeded
01-01 08:18:29.590 0 0 E i2c_geni 980000.i2c: i2c error :-107
05-07 02:10:45.961 6004 6017 E ocessService0:: failed to create Unix domain socket: Operation not permitted
01-01 08:18:29.607 0 0 E : [MAX975X:max96755g_write_bytes] *ERROR* i2c master send 0x8B err
01-01 08:18:29.707 0 0 E i2c_geni 980000.i2c: i2c error :-107
01-01 08:18:29.719 0 0 E : [MAX975X:max96755x_vc1_lcd_dtc_check] *ERROR* Failed to read dev:0x15 addr:0x8b
01-01 08:18:29.728 0 0 E i2c_geni 980000.i2c: i2c error :-107
01-01 08:18:29.733 0 0 E : [MAX975X:max96755g_write_bytes] *ERROR* i2c master send 0x8B err
01-01 08:18:29.836 0 0 E i2c_geni 980000.i2c: i2c error :-107
01-01 08:18:29.848 0 0 E : [MAX975X:max96755x_vc1_lcd_dtc_check] *ERROR* Failed to read dev:0x15 addr:0x8b
01-01 08:18:29.857 0 0 E i2c_geni 980000.i2c: i2c error :-107
05-07 02:10:46.260 1092 1691 I input_interaction: Interaction with: 5fa43f7 com.taptap/com.taptap.infra.page.core.activity.MainProxyActivity (server), edge-swipe (server), swipe-up (server), PointerEventDispatcher0 (server),
05-07 02:10:46.263 1916 1916 D ViewTouchDebug: mView : com.android.systemui.navigationbar.NavigationBarFrame{e5b3745 V.E...... ........ 0,0-2560,46 #7f0b03f2 app:id/navigation_bar_frame}Receive event : MotionEvent { action=ACTION_OUTSIDE, actionButton=0, id[0]=0, x[0]=0.0, y[0]=-1034.0, toolType[0]=TOOL_TYPE_FINGER, buttonState=0, classification=NONE, metaState=0, flags=0x0, edgeFlags=0x0, pointerCount=1, historySize=0, eventTime=1102794, downTime=1102794, deviceId=-1, source=0x1002, displayId=0, eventId=1151174996 }
05-07 02:10:46.263 8607 8607 D ViewTouchDebug: mView : DecorView@67f3de4[MainProxyActivity]Receive event : MotionEvent { action=ACTION_DOWN, actionButton=0, id[0]=0, x[0]=28.0, y[0]=985.0, toolType[0]=TOOL_TYPE_FINGER, buttonState=0, classification=NONE, metaState=0, flags=0x0, edgeFlags=0x0, pointerCount=1, historySize=0, eventTime=1102794, downTime=1102794, deviceId=-1, source=0x1002, displayId=0, eventId=-556473290 }
01-01 08:18:29.862 0 0 E : [MAX975X:max96755g_write_bytes] *ERROR* i2c master send 0x8B err
01-01 08:18:29.964 0 0 E i2c_geni 980000.i2c: i2c error :-107
01-01 08:18:29.976 0 0 E : [MAX975X:max96755x_vc1_lcd_dtc_check] *ERROR* Failed to read dev:0x15 addr:0x8b
01-01 08:18:29.985 0 0 E i2c_geni 980000.i2c: i2c error :-107
05-07 02:10:46.365 8607 8607 D ViewTouchDebug: mView : DecorView@67f3de4[MainProxyActivity]Receive event : MotionEvent { action=ACTION_UP, actionButton=0, id[0]=0, x[0]=28.0, y[0]=985.0, toolType[0]=TOOL_TYPE_FINGER, buttonState=0, classification=NONE, metaState=0, flags=0x0, edgeFlags=0x0, pointerCount=1, historySize=0, eventTime=1102898, downTime=1102794, deviceId=-1, source=0x1002, displayId=0, eventId=-614284915 }
05-07 02:10:46.380 8607 8607 W System.err: java.lang.IllegalStateException: View com.taptap.other.basic.impl.ui.home.bottombar.HomeBottomItemView{e96dd43 VFE...C.. ...P.... 0,0-87,81} does not have a Fragment set
05-07 02:10:46.380 8607 8607 W System.err: at androidx.fragment.app.FragmentManager.findFragment(FragmentManager.java:795)
05-07 02:10:46.380 8607 8607 W System.err: at com.taptap.infra.log.common.log.extension.NavLogExtensionsKt.findCurFragment(NavLogExtensions.kt:17)
05-07 02:10:46.380 8607 8607 W System.err: at com.taptap.other.basic.impl.application.log.TapLogCallbackImpl.setTopPagerVia(TapLogCallbackImpl.kt:138)
05-07 02:10:46.381 8607 8607 W System.err: at com.taptap.infra.log.common.logs.ViaHelper.recordClick(ViaHelper.java:46)
05-07 02:10:46.381 8607 8607 W System.err: at com.taptap.infra.log.common.track.retrofit.legacy.ClickHelper.storeTrackParams2Pager(ClickHelper.kt:17)
05-07 02:10:46.381 8607 8607 W System.err: at com.taptap.infra.log.common.track.retrofit.aspectj.ClickAspect.clickEvent(ClickAspect.kt:25)
05-07 02:10:46.381 8607 8607 W System.err: at com.taptap.other.basic.impl.ui.HomeBottomBar.onClick(HomeBottomBar.java:364)
05-07 02:10:46.381 8607 8607 W System.err: at android.view.View.performClick(View.java:7441)
05-07 02:10:46.381 8607 8607 W System.err: at android.view.View.performClickInternal(View.java:7418)
05-07 02:10:46.381 8607 8607 W System.err: at android.view.View.access$3700(View.java:835)
05-07 02:10:46.382 8607 8607 W System.err: at android.view.View$PerformClick.run(View.java:28681)
05-07 02:10:46.382 8607 8607 W System.err: at android.os.Handler.handleCallback(Handler.java:938)
05-07 02:10:46.382 8607 8607 W System.err: at android.os.Handler.dispatchMessage(Handler.java:99)
05-07 02:10:46.382 8607 8607 W System.err: at android.os.Looper.loopOnce(Looper.java:201)
05-07 02:10:46.382 8607 8607 W System.err: at android.os.Looper.loop(Looper.java:288)
05-07 02:10:46.382 8607 8607 W System.err: at android.app.ActivityThread.main(ActivityThread.java:7880)
05-07 02:10:46.382 8607 8607 W System.err: at java.lang.reflect.Method.invoke(Native Method)
05-07 02:10:46.383 8607 8607 W System.err: at com.android.internal.os.RuntimeInit$MethodAndArgsCaller.run(RuntimeInit.java:548)
05-07 02:10:46.383 8607 8607 W System.err: at com.android.internal.os.ZygoteInit.main(ZygoteInit.java:1009)
05-07 02:10:46.383 8607 8607 W System.err: java.lang.IllegalStateException: View com.taptap.other.basic.impl.ui.home.bottombar.HomeBottomItemView{e96dd43 VFE...C.. ...P.... 0,0-87,81} does not have a Fragment set
05-07 02:10:46.383 8607 8607 W System.err: at androidx.fragment.app.FragmentManager.findFragment(FragmentManager.java:795)
05-07 02:10:46.384 8607 8607 W System.err: at com.taptap.infra.log.common.log.extension.NavLogExtensionsKt.findCurFragment(NavLogExtensions.kt:17)
05-07 02:10:46.384 8607 8607 W System.err: at com.taptap.other.basic.impl.application.log.TapLogCallbackImpl.setTopPagerProperty(TapLogCallbackImpl.kt:214)
05-07 02:10:46.384 8607 8607 W System.err: at com.taptap.infra.log.common.logs.PropertyHelper$Companion.recordClick(PropertyHelper.kt:33)
05-07 02:10:46.384 8607 8607 W System.err: at com.taptap.infra.log.common.track.retrofit.legacy.ClickHelper.storeTrackParams2Pager(ClickHelper.kt:18)
05-07 02:10:46.384 8607 8607 W System.err: at com.taptap.infra.log.common.track.retrofit.aspectj.ClickAspect.clickEvent(ClickAspect.kt:25)
05-07 02:10:46.384 8607 8607 W System.err: at com.taptap.other.basic.impl.ui.HomeBottomBar.onClick(HomeBottomBar.java:364)
05-07 02:10:46.384 8607 8607 W System.err: at android.view.View.performClick(View.java:7441)
05-07 02:10:46.385 8607 8607 W System.err: at android.view.View.performClickInternal(View.java:7418)
05-07 02:10:46.385 8607 8607 W System.err: at android.view.View.access$3700(View.java:835)
05-07 02:10:46.385 8607 8607 W System.err: at android.view.View$PerformClick.run(View.java:28681)
05-07 02:10:46.385 8607 8607 W System.err: at android.os.Handler.handleCallback(Handler.java:938)
05-07 02:10:46.385 8607 8607 W System.err: at android.os.Handler.dispatchMessage(Handler.java:99)
05-07 02:10:46.385 8607 8607 W System.err: at android.os.Looper.loopOnce(Looper.java:201)
05-07 02:10:46.385 8607 8607 W System.err: at android.os.Looper.loop(Looper.java:288)
05-07 02:10:46.385 8607 8607 W System.err: at android.app.ActivityThread.main(ActivityThread.java:7880)
05-07 02:10:46.385 8607 8607 W System.err: at java.lang.reflect.Method.invoke(Native Method)
05-07 02:10:46.386 8607 8607 W System.err: at com.android.internal.os.RuntimeInit$MethodAndArgsCaller.run(RuntimeInit.java:548)
05-07 02:10:46.386 8607 8607 W System.err: at com.android.internal.os.ZygoteInit.main(ZygoteInit.java:1009)
05-07 02:10:46.386 8607 8607 W System.err: java.lang.IllegalStateException: View com.taptap.other.basic.impl.ui.home.bottombar.HomeBottomItemView{e96dd43 VFE...C.. ...P.... 0,0-87,81} does not have a Fragment set
05-07 02:10:46.386 8607 8607 W System.err: at androidx.fragment.app.FragmentManager.findFragment(FragmentManager.java:795)
05-07 02:10:46.386 8607 8607 W System.err: at com.taptap.infra.log.common.log.extension.NavLogExtensionsKt.findCurFragment(NavLogExtensions.kt:17)
05-07 02:10:46.386 8607 8607 W System.err: at com.taptap.infra.log.common.track.sdk.RealParamsHandler.calculateRTrackIds(RealParamsHandler.kt:80)
05-07 02:10:46.387 8607 8607 W System.err: at com.taptap.infra.log.common.track.sdk.RealParamsHandler.storeParams2TopPager(RealParamsHandler.kt:36)
05-07 02:10:46.387 8607 8607 W System.err: at com.taptap.infra.log.common.track.retrofit.legacy.ClickHelper.storeTrackParams2Pager(ClickHelper.kt:19)
05-07 02:10:46.387 8607 8607 W System.err: at com.taptap.infra.log.common.track.retrofit.aspectj.ClickAspect.clickEvent(ClickAspect.kt:25)
05-07 02:10:46.387 8607 8607 W System.err: at com.taptap.other.basic.impl.ui.HomeBottomBar.onClick(HomeBottomBar.java:364)
05-07 02:10:46.387 8607 8607 W System.err: at android.view.View.performClick(View.java:7441)
05-07 02:10:46.387 8607 8607 W System.err: at android.view.View.performClickInternal(View.java:7418)
05-07 02:10:46.387 8607 8607 W System.err: at android.view.View.access$3700(View.java:835)
05-07 02:10:46.387 8607 8607 W System.err: at android.view.View$PerformClick.run(View.java:28681)
05-07 02:10:46.388 8607 8607 W System.err: at android.os.Handler.handleCallback(Handler.java:938)
05-07 02:10:46.388 8607 8607 W System.err: at android.os.Handler.dispatchMessage(Handler.java:99)
05-07 02:10:46.388 8607 8607 W System.err: at android.os.Looper.loopOnce(Looper.java:201)
05-07 02:10:46.388 8607 8607 W System.err: at android.os.Looper.loop(Looper.java:288)
05-07 02:10:46.388 8607 8607 W System.err: at android.app.ActivityThread.main(ActivityThread.java:7880)
05-07 02:10:46.388 8607 8607 W System.err: at java.lang.reflect.Method.invoke(Native Method)
05-07 02:10:46.388 8607 8607 W System.err: at com.android.internal.os.RuntimeInit$MethodAndArgsCaller.run(RuntimeInit.java:548)
05-07 02:10:46.388 8607 8607 W System.err: at com.android.internal.os.ZygoteInit.main(ZygoteInit.java:1009)
05-07 02:10:46.389 8607 8607 W System.err: java.lang.IllegalStateException: View com.taptap.other.basic.impl.ui.home.bottombar.HomeBottomItemView{e96dd43 VFE...C.. ...P.... 0,0-87,81} does not have a Fragment set
05-07 02:10:46.389 8607 8607 W System.err: at androidx.fragment.app.FragmentManager.findFragment(FragmentManager.java:795)
05-07 02:10:46.389 8607 8607 W System.err: at com.taptap.infra.log.common.log.extension.NavLogExtensionsKt.findCurFragment(NavLogExtensions.kt:17)
05-07 02:10:46.389 8607 8607 W System.err: at com.taptap.other.basic.impl.application.log.TapLogCallbackImpl.setTopPagerParams(TapLogCallbackImpl.kt:160)
05-07 02:10:46.389 8607 8607 W System.err: at com.taptap.infra.log.common.track.sdk.RealParamsHandler.storeParams2TopPager(RealParamsHandler.kt:41)
05-07 02:10:46.389 8607 8607 W System.err: at com.taptap.infra.log.common.track.retrofit.legacy.ClickHelper.storeTrackParams2Pager(ClickHelper.kt:19)
05-07 02:10:46.389 8607 8607 W System.err: at com.taptap.infra.log.common.track.retrofit.aspectj.ClickAspect.clickEvent(ClickAspect.kt:25)
05-07 02:10:46.390 8607 8607 W System.err: at com.taptap.other.basic.impl.ui.HomeBottomBar.onClick(HomeBottomBar.java:364)
05-07 02:10:46.390 8607 8607 W System.err: at android.view.View.performClick(View.java:7441)
05-07 02:10:46.390 8607 8607 W System.err: at android.view.View.performClickInternal(View.java:7418)
05-07 02:10:46.390 8607 8607 W System.err: at android.view.View.access$3700(View.java:835)
05-07 02:10:46.390 8607 8607 W System.err: at android.view.View$PerformClick.run(View.java:28681)
05-07 02:10:46.390 8607 8607 W System.err: at android.os.Handler.handleCallback(Handler.java:938)
05-07 02:10:46.390 8607 8607 W System.err: at android.os.Handler.dispatchMessage(Handler.java:99)
05-07 02:10:46.390 8607 8607 W System.err: at android.os.Looper.loopOnce(Looper.java:201)
05-07 02:10:46.390 8607 8607 W System.err: at android.os.Looper.loop(Looper.java:288)
05-07 02:10:46.391 8607 8607 W System.err: at android.app.ActivityThread.main(ActivityThread.java:7880)
05-07 02:10:46.391 8607 8607 W System.err: at java.lang.reflect.Method.invoke(Native Method)
05-07 02:10:46.391 8607 8607 W System.err: at com.android.internal.os.RuntimeInit$MethodAndArgsCaller.run(RuntimeInit.java:548)
05-07 02:10:46.391 8607 8607 W System.err: at com.android.internal.os.ZygoteInit.main(ZygoteInit.java:1009)
05-07 02:10:46.391 8607 8607 W System.err: java.lang.IllegalStateException: View com.taptap.other.basic.impl.ui.home.bottombar.HomeBottomItemView{e96dd43 VFE...C.. ...P.... 0,0-87,81} does not have a Fragment set
05-07 02:10:46.391 8607 8607 W System.err: at androidx.fragment.app.FragmentManager.findFragment(FragmentManager.java:795)
05-07 02:10:46.392 8607 8607 W System.err: at com.taptap.infra.log.common.log.extension.NavLogExtensionsKt.findCurFragment(NavLogExtensions.kt:17)
05-07 02:10:46.392 8607 8607 W System.err: at com.taptap.other.basic.impl.application.log.TapLogCallbackImpl.setTopPagerCtx(TapLogCallbackImpl.kt:186)
05-07 02:10:46.392 8607 8607 W System.err: at com.taptap.infra.log.common.track.thread.TrackModelRCtxInterceptor.saveRCtx2TopPager(TrackModelRCtxInterceptor.kt:97)
05-07 02:10:46.392 8607 8607 W System.err: at com.taptap.infra.log.common.track.thread.TrackModelRCtxInterceptor.access$saveRCtx2TopPager(TrackModelRCtxInterceptor.kt:21)
05-07 02:10:46.392 8607 8607 W System.err: at com.taptap.infra.log.common.track.thread.TrackModelRCtxInterceptor$invoke$1.invoke(TrackModelRCtxInterceptor.kt:36)
05-07 02:10:46.392 8607 8607 W System.err: at com.taptap.infra.log.common.track.thread.TrackModelRCtxInterceptor$invoke$1.invoke(TrackModelRCtxInterceptor.kt:27)
05-07 02:10:46.392 8607 8607 W System.err: at com.taptap.infra.log.track.common.interceptor.KChainCreatorKt$createChain$1.process(KChainCreator.kt:21)
05-07 02:10:46.393 8607 8607 W System.err: at com.taptap.infra.log.common.track.retrofit.legacy.ClickHelper.storeTrackParams2Pager(ClickHelper.kt:20)
05-07 02:10:46.393 8607 8607 W System.err: at com.taptap.infra.log.common.track.retrofit.aspectj.ClickAspect.clickEvent(ClickAspect.kt:25)
05-07 02:10:46.393 8607 8607 W System.err: at com.taptap.other.basic.impl.ui.HomeBottomBar.onClick(HomeBottomBar.java:364)
05-07 02:10:46.393 8607 8607 W System.err: at android.view.View.performClick(View.java:7441)
05-07 02:10:46.393 8607 8607 W System.err: at android.view.View.performClickInternal(View.java:7418)
05-07 02:10:46.393 8607 8607 W System.err: at android.view.View.access$3700(View.java:835)
05-07 02:10:46.393 8607 8607 W System.err: at android.view.View$PerformClick.run(View.java:28681)
05-07 02:10:46.393 8607 8607 W System.err: at android.os.Handler.handleCallback(Handler.java:938)
05-07 02:10:46.393 8607 8607 W System.err: at android.os.Handler.dispatchMessage(Handler.java:99)
05-07 02:10:46.393 8607 8607 W System.err: at android.os.Looper.loopOnce(Looper.java:201)
05-07 02:10:46.394 8607 8607 W System.err: at android.os.Looper.loop(Looper.java:288)
05-07 02:10:46.394 8607 8607 W System.err: at android.app.ActivityThread.main(ActivityThread.java:7880)
05-07 02:10:46.394 8607 8607 W System.err: at java.lang.reflect.Method.invoke(Native Method)
05-07 02:10:46.394 8607 8607 W System.err: at com.android.internal.os.RuntimeInit$MethodAndArgsCaller.run(RuntimeInit.java:548)
05-07 02:10:46.394 8607 8607 W System.err: at com.android.internal.os.ZygoteInit.main(ZygoteInit.java:1009)
05-07 02:10:46.396 8607 9013 W System.err: java.lang.IllegalStateException: View com.taptap.other.basic.impl.ui.home.bottombar.HomeBottomItemView{e96dd43 VFE...C.. ...P.... 0,0-87,81} does not have a Fragment set
05-07 02:10:46.397 8607 9013 W System.err: at androidx.fragment.app.FragmentManager.findFragment(FragmentManager.java:795)
05-07 02:10:46.397 8607 9013 W System.err: at com.taptap.infra.log.common.log.extension.NavLogExtensionsKt.findCurFragment(NavLogExtensions.kt:17)
05-07 02:10:46.397 8607 9013 W System.err: at com.taptap.infra.log.common.logs.TapLogsHelper$Companion.generateLogs(TapLogsHelper.kt:473)
05-07 02:10:46.397 8607 9013 W System.err: at com.taptap.infra.log.common.logs.TapLogsHelper$Companion$click$1.invokeSuspend(TapLogsHelper.kt:216)
05-07 02:10:46.397 8607 9013 W System.err: at kotlin.coroutines.jvm.internal.BaseContinuationImpl.resumeWith(ContinuationImpl.kt:33)
05-07 02:10:46.397 8607 9013 W System.err: at kotlinx.coroutines.DispatchedTask.run(DispatchedTask.kt:106)
05-07 02:10:46.397 8607 9013 W System.err: at java.util.concurrent.Executors$RunnableAdapter.call(Executors.java:462)
05-07 02:10:46.397 8607 9013 W System.err: at java.util.concurrent.FutureTask.run(FutureTask.java:266)
05-07 02:10:46.398 8607 9013 W System.err: at java.util.concurrent.ScheduledThreadPoolExecutor$ScheduledFutureTask.run(ScheduledThreadPoolExecutor.java:301)
05-07 02:10:46.398 8607 9013 W System.err: at java.util.concurrent.ThreadPoolExecutor.runWorker(ThreadPoolExecutor.java:1167)
05-07 02:10:46.398 8607 9013 W System.err: at java.util.concurrent.ThreadPoolExecutor$Worker.run(ThreadPoolExecutor.java:641)
05-07 02:10:46.398 8607 9013 W System.err: at java.lang.Thread.run(Thread.java:920)
05-07 02:10:46.398 8607 8607 W System.err: kotlin.UninitializedPropertyAccessException: lateinit property tabAdapter has not been initialized
05-07 02:10:46.398 8607 8607 W System.err: at com.taptap.game.home.impl.home.HomeTabFragment.getTabAdapter(HomeTabFragment.kt:116)
05-07 02:10:46.398 8607 8607 W System.err: at com.taptap.game.home.impl.home.HomeTabFragment.resetCurrView(HomeTabFragment.kt:629)
05-07 02:10:46.399 8607 8607 W System.err: at com.taptap.game.home.impl.home.HomeTabFragment.setMenuVisibility(HomeTabFragment.kt:622)
05-07 02:10:46.399 8607 8607 W System.err: at com.taptap.other.basic.impl.widgets.NoDestroyItemFragmentAdapter.setPrimaryItem(NoDestroyItemFragmentAdapter.java:125)
05-07 02:10:46.399 8607 8607 W System.err: at com.taptap.other.basic.impl.widgets.CachedPagerAdapter.setPrimaryItem(CachedPagerAdapter.java:50)
05-07 02:10:46.399 8607 8607 W System.err: at androidx.viewpager.widget.ViewPager.populate(ViewPager.java:1234)
05-07 02:10:46.399 8607 8607 W System.err: at androidx.viewpager.widget.ViewPager.setCurrentItemInternal(ViewPager.java:669)
05-07 02:10:46.399 8607 8607 W System.err: at androidx.viewpager.widget.ViewPager.setCurrentItemInternal(ViewPager.java:631)
05-07 02:10:46.399 8607 8607 W System.err: at androidx.viewpager.widget.ViewPager.setCurrentItem(ViewPager.java:623)
05-07 02:10:46.399 8607 8607 W System.err: at com.taptap.other.basic.impl.ui.home.main.HomeContentWidget$initView$3.onItemTabSelected(HomeContentWidget.kt:194)
05-07 02:10:46.399 8607 8607 W System.err: at com.taptap.other.basic.impl.ui.HomeBottomBar.onClick(HomeBottomBar.java:429)
05-07 02:10:46.399 8607 8607 W System.err: at android.view.View.performClick(View.java:7441)
05-07 02:10:46.399 8607 8607 W System.err: at android.view.View.performClickInternal(View.java:7418)
05-07 02:10:46.399 8607 8607 W System.err: at android.view.View.access$3700(View.java:835)
05-07 02:10:46.399 8607 8607 W System.err: at android.view.View$PerformClick.run(View.java:28681)
05-07 02:10:46.399 8607 8607 W System.err: at android.os.Handler.handleCallback(Handler.java:938)
05-07 02:10:46.399 8607 8607 W System.err: at android.os.Handler.dispatchMessage(Handler.java:99)
05-07 02:10:46.399 8607 8607 W System.err: at android.os.Looper.loopOnce(Looper.java:201)
05-07 02:10:46.399 8607 8607 W System.err: at android.os.Looper.loop(Looper.java:288)
05-07 02:10:46.399 8607 8607 W System.err: at android.app.ActivityThread.main(ActivityThread.java:7880)
05-07 02:10:46.399 8607 8607 W System.err: at java.lang.reflect.Method.invoke(Native Method)
05-07 02:10:46.399 8607 8607 W System.err: at com.android.internal.os.RuntimeInit$MethodAndArgsCaller.run(RuntimeInit.java:548)
05-07 02:10:46.399 8607 8607 W System.err: at com.android.internal.os.ZygoteInit.main(ZygoteInit.java:1009)
05-07 02:10:46.426 669 675 I mpu_uart: [MSG-P:R]:recv sync frame timeout
05-07 02:10:46.426 669 676 I mpu_uart: [MSG-P:RECV]:No message received in 1000 ms
01-01 08:18:29.990 0 0 E : [MAX975X:max96755g_write_bytes] *ERROR* i2c master send 0x8B err
01-01 08:18:30.095 0 0 E i2c_geni 980000.i2c: i2c error :-107
01-01 08:18:30.107 0 0 E : [MAX975X:max96755x_vc1_lcd_dtc_check] *ERROR* Failed to read dev:0x15 addr:0x8b
01-01 08:18:30.116 0 0 E i2c_geni 980000.i2c: i2c error :-107
05-07 02:10:46.470 1377 9527 I OMX-VENC: venc_dev: stats: avg. fps 2.98, bitrate 24143
05-07 02:10:46.483 1092 1203 I commit_sys_config_file: [jobs,10]
01-01 08:18:30.121 0 0 E : [MAX975X:max96755g_write_bytes] *ERROR* i2c master send 0x8B err
01-01 08:18:30.223 0 0 E i2c_geni 980000.i2c: i2c error :-107
01-01 08:18:30.236 0 0 E : [MAX975X:max96755x_vc1_lcd_dtc_check] *ERROR* Failed to read dev:0x15 addr:0x8b
01-01 08:18:30.245 0 0 E i2c_geni 980000.i2c: i2c error :-107
01-01 08:18:30.250 0 0 E : [MAX975X:max96755g_write_bytes] *ERROR* i2c master send 0x8B err
01-01 08:18:30.352 0 0 E i2c_geni 980000.i2c: i2c error :-107
01-01 08:18:30.364 0 0 E : [MAX975X:max96755x_vc1_lcd_dtc_check] *ERROR* Failed to read dev:0x15 addr:0x8b
01-01 08:18:30.373 0 0 E i2c_geni 980000.i2c: i2c error :-107
01-01 08:18:30.378 0 0 E : [MAX975X:max96755g_write_bytes] *ERROR* i2c master send 0x8B err
01-01 08:18:30.483 0 0 E i2c_geni 980000.i2c: i2c error :-107
01-01 08:18:30.495 0 0 E : [MAX975X:max96755x_vc1_lcd_dtc_check] *ERROR* Failed to read dev:0x15 addr:0x8b
01-01 08:18:30.504 0 0 E i2c_geni 980000.i2c: i2c error :-107
01-01 08:18:30.509 0 0 E : [MAX975X:max96755g_write_bytes] *ERROR* i2c master send 0x8B err
01-01 08:18:30.611 0 0 E i2c_geni 980000.i2c: i2c error :-107
01-01 08:18:30.623 0 0 E : [MAX975X:max96755x_vc1_lcd_dtc_check] *ERROR* Failed to read dev:0x15 addr:0x8b
01-01 08:18:30.632 0 0 E i2c_geni 980000.i2c: i2c error :-107
05-07 02:10:46.997 3003 3003 I auditd : type=1400 audit(0.0:8372): avc: granted { read } for comm=4173796E635461736B2023323837 name="arp" dev="proc" ino=4026532247 scontext=u:r:platform_app:s0:c512,c768 tcontext=u:object_r:proc_net:s0 tclass=file app=com.hht.lebocast
05-07 02:10:46.997 3003 3003 W com.hht.lebocast: type=1400 audit(0.0:8372): avc: granted { read } for comm=4173796E635461736B2023323837 name="arp" dev="proc" ino=4026532247 scontext=u:r:platform_app:s0:c512,c768 tcontext=u:object_r:proc_net:s0 tclass=file app=com.hht.lebocast
05-07 02:10:46.997 3003 3003 I auditd : type=1400 audit(0.0:8373): avc: granted { read open } for comm=4173796E635461736B2023323837 path="/proc/3003/net/arp" dev="proc" ino=4026532247 scontext=u:r:platform_app:s0:c512,c768 tcontext=u:object_r:proc_net:s0 tclass=file app=com.hht.lebocast
05-07 02:10:46.997 3003 3003 W com.hht.lebocast: type=1400 audit(0.0:8373): avc: granted { read open } for comm=4173796E635461736B2023323837 path="/proc/3003/net/arp" dev="proc" ino=4026532247 scontext=u:r:platform_app:s0:c512,c768 tcontext=u:object_r:proc_net:s0 tclass=file app=com.hht.lebocast
01-01 08:18:30.637 0 0 E : [MAX975X:max96755g_write_bytes] *ERROR* i2c master send 0x8B err
05-07 02:10:46.997 3003 3003 I auditd : type=1400 audit(0.0:8374): avc: granted { getattr } for comm=4173796E635461736B2023323837 path="/proc/3003/net/arp" dev="proc" ino=4026532247 scontext=u:r:platform_app:s0:c512,c768 tcontext=u:object_r:proc_net:s0 tclass=file app=com.hht.lebocast
05-07 02:10:46.997 3003 3003 W com.hht.lebocast: type=1400 audit(0.0:8374): avc: granted { getattr } for comm=4173796E635461736B2023323837 path="/proc/3003/net/arp" dev="proc" ino=4026532247 scontext=u:r:platform_app:s0:c512,c768 tcontext=u:object_r:proc_net:s0 tclass=file app=com.hht.lebocast
01-01 08:18:30.739 0 0 E i2c_geni 980000.i2c: i2c error :-107
01-01 08:18:30.761 0 0 E : [MAX975X:max96755x_vc1_lcd_dtc_check] *ERROR* Failed to read dev:0x15 addr:0x8b
01-01 08:18:30.761 0 0 E i2c_geni 980000.i2c: i2c error :-107
05-07 02:10:47.001 3003 3003 I auditd : type=1400 audit(0.0:8375): avc: granted { getattr } for comm=4173796E635461736B2023323837 path="/proc/3003/net/arp" dev="proc" ino=4026532247 scontext=u:r:platform_app:s0:c512,c768 tcontext=u:object_r:proc_net:s0 tclass=file app=com.hht.lebocast
05-07 02:10:47.001 3003 3003 W com.hht.lebocast: type=1400 audit(0.0:8375): avc: granted { getattr } for comm=4173796E635461736B2023323837 path="/proc/3003/net/arp" dev="proc" ino=4026532247 scontext=u:r:platform_app:s0:c512,c768 tcontext=u:object_r:proc_net:s0 tclass=file app=com.hht.lebocast
01-01 08:18:30.761 0 0 E : [MAX975X:max96755g_write_bytes] *ERROR* i2c master send 0x8B err
01-01 08:18:30.863 0 0 E i2c_geni 980000.i2c: i2c error :-107
01-01 08:18:30.875 0 0 E : [MAX975X:max96755x_vc1_lcd_dtc_check] *ERROR* Failed to read dev:0x15 addr:0x8b
01-01 08:18:30.884 0 0 E DTC_Display: Abnormal voltage: 0mV
01-01 08:18:30.889 0 0 E DTC_Display: screen not ready(0), bl_sta(0), lvl(0)
01-01 08:18:30.895 0 0 E i2c_geni 980000.i2c: i2c error :-107
01-01 08:18:30.900 0 0 E : [MAX975X:max96755g_write_bytes] *ERROR* i2c master send 0x80 err
01-01 08:18:31.004 0 0 E i2c_geni 980000.i2c: i2c error :-107
01-01 08:18:31.016 0 0 E : [MAX975X:max96755x_vc1_lcd_dtc_check] *ERROR* Failed to read dev:0x15 addr:0x80
01-01 08:18:31.025 0 0 E i2c_geni 980000.i2c: i2c error :-107
05-07 02:10:47.427 669 676 I mpu_uart: [MSG-P:RECV]:No message received in 1000 ms
05-07 02:10:47.475 8607 8607 D ViewTouchDebug: mView : DecorView@67f3de4[MainProxyActivity]Receive event : MotionEvent { action=ACTION_DOWN, actionButton=0, id[0]=0, x[0]=28.0, y[0]=985.0, toolType[0]=TOOL_TYPE_FINGER, buttonState=0, classification=NONE, metaState=0, flags=0x0, edgeFlags=0x0, pointerCount=1, historySize=0, eventTime=1104008, downTime=1104008, deviceId=-1, source=0x1002, displayId=0, eventId=-818263609 }
05-07 02:10:47.476 1916 1916 D ViewTouchDebug: mView : com.android.systemui.navigationbar.NavigationBarFrame{e5b3745 V.E...... ........ 0,0-2560,46 #7f0b03f2 app:id/navigation_bar_frame}Receive event : MotionEvent { action=ACTION_OUTSIDE, actionButton=0, id[0]=0, x[0]=0.0, y[0]=-1034.0, toolType[0]=TOOL_TYPE_FINGER, buttonState=0, classification=NONE, metaState=0, flags=0x0, edgeFlags=0x0, pointerCount=1, historySize=0, eventTime=1104008, downTime=1104008, deviceId=-1, source=0x1002, displayId=0, eventId=1184302199 }
01-01 08:18:31.030 0 0 E : [MAX975X:max96755g_write_bytes] *ERROR* i2c master send 0x80 err
01-01 08:18:31.131 0 0 E i2c_geni 980000.i2c: i2c error :-107
01-01 08:18:31.143 0 0 E : [MAX975X:max96755x_vc1_lcd_dtc_check] *ERROR* Failed to read dev:0x15 addr:0x80
01-01 08:18:31.152 0 0 E i2c_geni 980000.i2c: i2c error :-107
05-07 02:10:47.554 1377 9527 I OMX-VENC: venc_dev: stats: avg. fps 41.51, bitrate 121500
01-01 08:18:31.157 0 0 E : [MAX975X:max96755g_write_bytes] *ERROR* i2c master send 0x80 err
01-01 08:18:31.228 0 0 E link_delay_work_func: DTC_ETH: SQI=0, link=0
01-01 08:18:31.259 0 0 E i2c_geni 980000.i2c: i2c error :-107
01-01 08:18:31.264 0 0 E : [MAX975X:max96755x_vc1_lcd_dtc_check] *ERROR* Failed to read dev:0x15 addr:0x80
05-07 02:10:47.607 8607 8607 D ViewTouchDebug: mView : DecorView@67f3de4[MainProxyActivity]Receive event : MotionEvent { action=ACTION_UP, actionButton=0, id[0]=0, x[0]=28.0, y[0]=985.0, toolType[0]=TOOL_TYPE_FINGER, buttonState=0, classification=NONE, metaState=0, flags=0x0, edgeFlags=0x0, pointerCount=1, historySize=0, eventTime=1104133, downTime=1104008, deviceId=-1, source=0x1002, displayId=0, eventId=-746755934 }
05-07 02:10:47.610 8607 8607 W System.err: java.lang.IllegalStateException: View com.taptap.other.basic.impl.ui.home.bottombar.HomeBottomItemView{e96dd43 VFE...C.. ..SP.... 0,0-87,81} does not have a Fragment set
05-07 02:10:47.610 8607 8607 W System.err: at androidx.fragment.app.FragmentManager.findFragment(FragmentManager.java:795)
05-07 02:10:47.610 8607 8607 W System.err: at com.taptap.infra.log.common.log.extension.NavLogExtensionsKt.findCurFragment(NavLogExtensions.kt:17)
05-07 02:10:47.610 8607 8607 W System.err: at com.taptap.other.basic.impl.application.log.TapLogCallbackImpl.setTopPagerVia(TapLogCallbackImpl.kt:138)
05-07 02:10:47.610 8607 8607 W System.err: at com.taptap.infra.log.common.logs.ViaHelper.recordClick(ViaHelper.java:46)
05-07 02:10:47.610 8607 8607 W System.err: at com.taptap.infra.log.common.track.retrofit.legacy.ClickHelper.storeTrackParams2Pager(ClickHelper.kt:17)
05-07 02:10:47.610 8607 8607 W System.err: at com.taptap.infra.log.common.track.retrofit.aspectj.ClickAspect.clickEvent(ClickAspect.kt:25)
05-07 02:10:47.611 8607 8607 W System.err: at com.taptap.other.basic.impl.ui.HomeBottomBar.onClick(HomeBottomBar.java:364)
05-07 02:10:47.611 8607 8607 W System.err: at android.view.View.performClick(View.java:7441)
05-07 02:10:47.611 8607 8607 W System.err: at android.view.View.performClickInternal(View.java:7418)
05-07 02:10:47.611 8607 8607 W System.err: at android.view.View.access$3700(View.java:835)
05-07 02:10:47.611 8607 8607 W System.err: at android.view.View$PerformClick.run(View.java:28681)
05-07 02:10:47.611 8607 8607 W System.err: at android.os.Handler.handleCallback(Handler.java:938)
05-07 02:10:47.611 8607 8607 W System.err: at android.os.Handler.dispatchMessage(Handler.java:99)
05-07 02:10:47.611 8607 8607 W System.err: at android.os.Looper.loopOnce(Looper.java:201)
05-07 02:10:47.612 8607 8607 W System.err: at android.os.Looper.loop(Looper.java:288)
05-07 02:10:47.612 8607 8607 W System.err: at android.app.ActivityThread.main(ActivityThread.java:7880)
05-07 02:10:47.612 8607 8607 W System.err: at java.lang.reflect.Method.invoke(Native Method)
05-07 02:10:47.612 8607 8607 W System.err: at com.android.internal.os.RuntimeInit$MethodAndArgsCaller.run(RuntimeInit.java:548)
05-07 02:10:47.612 8607 8607 W System.err: at com.android.internal.os.ZygoteInit.main(ZygoteInit.java:1009)
05-07 02:10:47.612 8607 8607 W System.err: java.lang.IllegalStateException: View com.taptap.other.basic.impl.ui.home.bottombar.HomeBottomItemView{e96dd43 VFE...C.. ..SP.... 0,0-87,81} does not have a Fragment set
05-07 02:10:47.613 8607 8607 W System.err: at androidx.fragment.app.FragmentManager.findFragment(FragmentManager.java:795)
05-07 02:10:47.613 8607 8607 W System.err: at com.taptap.infra.log.common.log.extension.NavLogExtensionsKt.findCurFragment(NavLogExtensions.kt:17)
05-07 02:10:47.613 8607 8607 W System.err: at com.taptap.other.basic.impl.application.log.TapLogCallbackImpl.setTopPagerProperty(TapLogCallbackImpl.kt:214)
05-07 02:10:47.613 8607 8607 W System.err: at com.taptap.infra.log.common.logs.PropertyHelper$Companion.recordClick(PropertyHelper.kt:33)
05-07 02:10:47.613 8607 8607 W System.err: at com.taptap.infra.log.common.track.retrofit.legacy.ClickHelper.storeTrackParams2Pager(ClickHelper.kt:18)
05-07 02:10:47.613 8607 8607 W System.err: at com.taptap.infra.log.common.track.retrofit.aspectj.ClickAspect.clickEvent(ClickAspect.kt:25)
05-07 02:10:47.613 8607 8607 W System.err: at com.taptap.other.basic.impl.ui.HomeBottomBar.onClick(HomeBottomBar.java:364)
05-07 02:10:47.613 8607 8607 W System.err: at android.view.View.performClick(View.java:7441)
05-07 02:10:47.614 8607 8607 W System.err: at android.view.View.performClickInternal(View.java:7418)
05-07 02:10:47.614 8607 8607 W System.err: at android.view.View.access$3700(View.java:835)
05-07 02:10:47.614 8607 8607 W System.err: at android.view.View$PerformClick.run(View.java:28681)
05-07 02:10:47.614 8607 8607 W System.err: at android.os.Handler.handleCallback(Handler.java:938)
05-07 02:10:47.614 8607 8607 W System.err: at android.os.Handler.dispatchMessage(Handler.java:99)
05-07 02:10:47.614 8607 8607 W System.err: at android.os.Looper.loopOnce(Looper.java:201)
05-07 02:10:47.614 8607 8607 W System.err: at android.os.Looper.loop(Looper.java:288)
05-07 02:10:47.614 8607 8607 W System.err: at android.app.ActivityThread.main(ActivityThread.java:7880)
05-07 02:10:47.614 8607 8607 W System.err: at java.lang.reflect.Method.invoke(Native Method)
05-07 02:10:47.615 8607 8607 W System.err: at com.android.internal.os.RuntimeInit$MethodAndArgsCaller.run(RuntimeInit.java:548)
05-07 02:10:47.615 8607 8607 W System.err: at com.android.internal.os.ZygoteInit.main(ZygoteInit.java:1009)
05-07 02:10:47.615 8607 8607 W System.err: java.lang.IllegalStateException: View com.taptap.other.basic.impl.ui.home.bottombar.HomeBottomItemView{e96dd43 VFE...C.. ..SP.... 0,0-87,81} does not have a Fragment set
05-07 02:10:47.615 8607 8607 W System.err: at androidx.fragment.app.FragmentManager.findFragment(FragmentManager.java:795)
05-07 02:10:47.615 8607 8607 W System.err: at com.taptap.infra.log.common.log.extension.NavLogExtensionsKt.findCurFragment(NavLogExtensions.kt:17)
05-07 02:10:47.615 8607 8607 W System.err: at com.taptap.infra.log.common.track.sdk.RealParamsHandler.calculateRTrackIds(RealParamsHandler.kt:80)
05-07 02:10:47.616 8607 8607 W System.err: at com.taptap.infra.log.common.track.sdk.RealParamsHandler.storeParams2TopPager(RealParamsHandler.kt:36)
05-07 02:10:47.616 8607 8607 W System.err: at com.taptap.infra.log.common.track.retrofit.legacy.ClickHelper.storeTrackParams2Pager(ClickHelper.kt:19)
05-07 02:10:47.616 8607 8607 W System.err: at com.taptap.infra.log.common.track.retrofit.aspectj.ClickAspect.clickEvent(ClickAspect.kt:25)
05-07 02:10:47.616 8607 8607 W System.err: at com.taptap.other.basic.impl.ui.HomeBottomBar.onClick(HomeBottomBar.java:364)
05-07 02:10:47.616 8607 8607 W System.err: at android.view.View.performClick(View.java:7441)
05-07 02:10:47.616 8607 8607 W System.err: at android.view.View.performClickInternal(View.java:7418)
05-07 02:10:47.616 8607 8607 W System.err: at android.view.View.access$3700(View.java:835)
05-07 02:10:47.616 8607 8607 W System.err: at android.view.View$PerformClick.run(View.java:28681)
05-07 02:10:47.616 8607 8607 W System.err: at android.os.Handler.handleCallback(Handler.java:938)
05-07 02:10:47.617 8607 8607 W System.err: at android.os.Handler.dispatchMessage(Handler.java:99)
05-07 02:10:47.617 8607 8607 W System.err: at android.os.Looper.loopOnce(Looper.java:201)
05-07 02:10:47.617 8607 8607 W System.err: at android.os.Looper.loop(Looper.java:288)
05-07 02:10:47.617 8607 8607 W System.err: at android.app.ActivityThread.main(ActivityThread.java:7880)
05-07 02:10:47.617 8607 8607 W System.err: at java.lang.reflect.Method.invoke(Native Method)
05-07 02:10:47.617 8607 8607 W System.err: at com.android.internal.os.RuntimeInit$MethodAndArgsCaller.run(RuntimeInit.java:548)
05-07 02:10:47.617 8607 8607 W System.err: at com.android.internal.os.ZygoteInit.main(ZygoteInit.java:1009)
05-07 02:10:47.617 8607 8607 W System.err: java.lang.IllegalStateException: View com.taptap.other.basic.impl.ui.home.bottombar.HomeBottomItemView{e96dd43 VFE...C.. ..SP.... 0,0-87,81} does not have a Fragment set
05-07 02:10:47.617 8607 8607 W System.err: at androidx.fragment.app.FragmentManager.findFragment(FragmentManager.java:795)
05-07 02:10:47.617 8607 8607 W System.err: at com.taptap.infra.log.common.log.extension.NavLogExtensionsKt.findCurFragment(NavLogExtensions.kt:17)
05-07 02:10:47.617 8607 8607 W System.err: at com.taptap.other.basic.impl.application.log.TapLogCallbackImpl.setTopPagerParams(TapLogCallbackImpl.kt:160)
05-07 02:10:47.617 8607 8607 W System.err: at com.taptap.infra.log.common.track.sdk.RealParamsHandler.storeParams2TopPager(RealParamsHandler.kt:41)
05-07 02:10:47.618 8607 8607 W System.err: at com.taptap.infra.log.common.track.retrofit.legacy.ClickHelper.storeTrackParams2Pager(ClickHelper.kt:19)
05-07 02:10:47.618 8607 8607 W System.err: at com.taptap.infra.log.common.track.retrofit.aspectj.ClickAspect.clickEvent(ClickAspect.kt:25)
05-07 02:10:47.618 8607 8607 W System.err: at com.taptap.other.basic.impl.ui.HomeBottomBar.onClick(HomeBottomBar.java:364)
05-07 02:10:47.618 8607 8607 W System.err: at android.view.View.performClick(View.java:7441)
05-07 02:10:47.618 8607 8607 W System.err: at android.view.View.performClickInternal(View.java:7418)
05-07 02:10:47.618 8607 8607 W System.err: at android.view.View.access$3700(View.java:835)
01-01 08:18:31.289 0 0 E i2c_geni 980000.i2c: i2c error :-107
05-07 02:10:47.618 8607 8607 W System.err: at android.view.View$PerformClick.run(View.java:28681)
05-07 02:10:47.618 8607 8607 W System.err: at android.os.Handler.handleCallback(Handler.java:938)
05-07 02:10:47.618 8607 8607 W System.err: at android.os.Handler.dispatchMessage(Handler.java:99)
05-07 02:10:47.618 8607 8607 W System.err: at android.os.Looper.loopOnce(Looper.java:201)
05-07 02:10:47.618 8607 8607 W System.err: at android.os.Looper.loop(Looper.java:288)
05-07 02:10:47.618 8607 8607 W System.err: at android.app.ActivityThread.main(ActivityThread.java:7880)
05-07 02:10:47.618 8607 8607 W System.err: at java.lang.reflect.Method.invoke(Native Method)
05-07 02:10:47.618 8607 8607 W System.err: at com.android.internal.os.RuntimeInit$MethodAndArgsCaller.run(RuntimeInit.java:548)
05-07 02:10:47.618 8607 8607 W System.err: at com.android.internal.os.ZygoteInit.main(ZygoteInit.java:1009)
05-07 02:10:47.619 8607 8607 W System.err: java.lang.IllegalStateException: View com.taptap.other.basic.impl.ui.home.bottombar.HomeBottomItemView{e96dd43 VFE...C.. ..SP.... 0,0-87,81} does not have a Fragment set
05-07 02:10:47.619 8607 8607 W System.err: at androidx.fragment.app.FragmentManager.findFragment(FragmentManager.java:795)
05-07 02:10:47.619 8607 8607 W System.err: at com.taptap.infra.log.common.log.extension.NavLogExtensionsKt.findCurFragment(NavLogExtensions.kt:17)
05-07 02:10:47.619 8607 8607 W System.err: at com.taptap.other.basic.impl.application.log.TapLogCallbackImpl.setTopPagerCtx(TapLogCallbackImpl.kt:186)
05-07 02:10:47.619 8607 8607 W System.err: at com.taptap.infra.log.common.track.thread.TrackModelRCtxInterceptor.saveRCtx2TopPager(TrackModelRCtxInterceptor.kt:97)
05-07 02:10:47.619 8607 8607 W System.err: at com.taptap.infra.log.common.track.thread.TrackModelRCtxInterceptor.access$saveRCtx2TopPager(TrackModelRCtxInterceptor.kt:21)
05-07 02:10:47.619 8607 8607 W System.err: at com.taptap.infra.log.common.track.thread.TrackModelRCtxInterceptor$invoke$1.invoke(TrackModelRCtxInterceptor.kt:36)
05-07 02:10:47.619 8607 8607 W System.err: at com.taptap.infra.log.common.track.thread.TrackModelRCtxInterceptor$invoke$1.invoke(TrackModelRCtxInterceptor.kt:27)
05-07 02:10:47.619 8607 8607 W System.err: at com.taptap.infra.log.track.common.interceptor.KChainCreatorKt$createChain$1.process(KChainCreator.kt:21)
