05-07 01:59:55.793 3003 3003 I auditd : type=1400 audit(0.0:5836): avc: granted { read } for comm=4173796E635461736B2023313234 name="arp" dev="proc" ino=4026532247 scontext=u:r:platform_app:s0:c512,c768 tcontext=u:object_r:proc_net:s0 tclass=file app=com.hht.lebocast
05-07 01:59:55.793 3003 3003 I auditd : type=1400 audit(0.0:5837): avc: granted { read open } for comm=4173796E635461736B2023313234 path="/proc/3003/net/arp" dev="proc" ino=4026532247 scontext=u:r:platform_app:s0:c512,c768 tcontext=u:object_r:proc_net:s0 tclass=file app=com.hht.lebocast
05-07 01:59:55.793 3003 3003 I auditd : type=1400 audit(0.0:5838): avc: granted { getattr } for comm=4173796E635461736B2023313234 path="/proc/3003/net/arp" dev="proc" ino=4026532247 scontext=u:r:platform_app:s0:c512,c768 tcontext=u:object_r:proc_net:s0 tclass=file app=com.hht.lebocast
05-07 01:59:55.793 3003 3003 I auditd : type=1400 audit(0.0:5839): avc: granted { getattr } for comm=4173796E635461736B2023313234 path="/proc/3003/net/arp" dev="proc" ino=4026532247 scontext=u:r:platform_app:s0:c512,c768 tcontext=u:object_r:proc_net:s0 tclass=file app=com.hht.lebocast
05-07 01:59:57.649 3003 3003 I auditd : type=1400 audit(0.0:5840): avc: granted { read } for comm=4173796E635461736B2023313235 name="arp" dev="proc" ino=4026532247 scontext=u:r:platform_app:s0:c512,c768 tcontext=u:object_r:proc_net:s0 tclass=file app=com.hht.lebocast
05-07 01:59:57.649 3003 3003 I auditd : type=1400 audit(0.0:5841): avc: granted { read open } for comm=4173796E635461736B2023313235 path="/proc/3003/net/arp" dev="proc" ino=4026532247 scontext=u:r:platform_app:s0:c512,c768 tcontext=u:object_r:proc_net:s0 tclass=file app=com.hht.lebocast
05-07 01:59:57.649 3003 3003 I auditd : type=1400 audit(0.0:5842): avc: granted { getattr } for comm=4173796E635461736B2023313235 path="/proc/3003/net/arp" dev="proc" ino=4026532247 scontext=u:r:platform_app:s0:c512,c768 tcontext=u:object_r:proc_net:s0 tclass=file app=com.hht.lebocast
05-07 01:59:57.653 3003 3003 I auditd : type=1400 audit(0.0:5843): avc: granted { getattr } for comm=4173796E635461736B2023313235 path="/proc/3003/net/arp" dev="proc" ino=4026532247 scontext=u:r:platform_app:s0:c512,c768 tcontext=u:object_r:proc_net:s0 tclass=file app=com.hht.lebocast
05-07 01:59:58.673 1092 1451 I am_uid_running: 90000
05-07 01:59:58.912 1092 1219 I am_proc_start: [0,7685,90000,com.microsoft.emmx:sandboxed_process0:org.chromium.content.app.SandboxedProcessService0:15,,{com.microsoft.emmx/org.chromium.content.app.SandboxedProcessService0:15}]
05-07 01:59:58.889 3003 3003 I auditd : type=1400 audit(0.0:5844): avc: granted { read } for comm=4173796E635461736B2023313236 name="arp" dev="proc" ino=4026532247 scontext=u:r:platform_app:s0:c512,c768 tcontext=u:object_r:proc_net:s0 tclass=file app=com.hht.lebocast
05-07 01:59:58.959 1092 1451 I am_proc_bound: [0,7685,com.microsoft.emmx:sandboxed_process0:org.chromium.content.app.SandboxedProcessService0:15]
05-07 01:59:58.889 3003 3003 I auditd : type=1400 audit(0.0:5845): avc: granted { read open } for comm=4173796E635461736B2023313236 path="/proc/3003/net/arp" dev="proc" ino=4026532247 scontext=u:r:platform_app:s0:c512,c768 tcontext=u:object_r:proc_net:s0 tclass=file app=com.hht.lebocast
05-07 01:59:58.889 3003 3003 I auditd : type=1400 audit(0.0:5846): avc: granted { getattr } for comm=4173796E635461736B2023313236 path="/proc/3003/net/arp" dev="proc" ino=4026532247 scontext=u:r:platform_app:s0:c512,c768 tcontext=u:object_r:proc_net:s0 tclass=file app=com.hht.lebocast
05-07 01:59:58.893 3003 3003 I auditd : type=1400 audit(0.0:5847): avc: granted { getattr } for comm=4173796E635461736B2023313236 path="/proc/3003/net/arp" dev="proc" ino=4026532247 scontext=u:r:platform_app:s0:c512,c768 tcontext=u:object_r:proc_net:s0 tclass=file app=com.hht.lebocast
05-07 01:59:59.121 7685 7685 I auditd : type=1400 audit(0.0:5848): avc: denied { setattr } for comm="ThreadPoolForeg" name="auto_open_controller.js" dev="dm-10" ino=16447 scontext=u:r:isolated_app:s0:c512,c768 tcontext=u:object_r:privapp_data_file:s0:c512,c768 tclass=file permissive=1
05-07 01:59:59.363 1092 1451 I am_kill : [0,7685,com.microsoft.emmx:sandboxed_process0:org.chromium.content.app.SandboxedProcessService0:15,0,isolated not needed]
05-07 01:59:59.491 1092 6328 I am_proc_died: [0,7685,com.microsoft.emmx:sandboxed_process0:org.chromium.content.app.SandboxedProcessService0:15,0,10]
05-07 01:59:59.492 1092 6328 I am_uid_stopped: 90000
05-07 01:59:59.538 1092 1214 I am_pss : [5683,10100,com.tencent.android.qqdownloader,187099136,171372544,0,345714688,0,2,23]
05-07 01:59:59.553 1092 1214 I am_pss : [7438,10047,com.thundercomm.screensaver,38726656,34295808,131072,149475328,0,19,12]
05-07 01:59:59.567 1092 1214 I am_pss : [3465,1000,com.qti.diagservices,6332416,2396160,2823168,62136320,0,10,11]
05-07 02:00:00.278 1092 1723 I netstats_mobile_sample: [0,0,0,0,0,0,0,0,0,0,0,0,1683513862130]
05-07 02:00:00.278 1092 1723 I netstats_wifi_sample: [308,4,568,5,308,4,568,5,228,2,520,4,1683513862130]
05-07 02:00:01.525 3003 3003 I auditd : type=1400 audit(0.0:5855): avc: granted { read } for comm=4173796E635461736B2023313238 name="arp" dev="proc" ino=4026532247 scontext=u:r:platform_app:s0:c512,c768 tcontext=u:object_r:proc_net:s0 tclass=file app=com.hht.lebocast
05-07 02:00:01.525 3003 3003 I auditd : type=1400 audit(0.0:5856): avc: granted { read open } for comm=4173796E635461736B2023313238 path="/proc/3003/net/arp" dev="proc" ino=4026532247 scontext=u:r:platform_app:s0:c512,c768 tcontext=u:object_r:proc_net:s0 tclass=file app=com.hht.lebocast
05-07 02:00:01.525 3003 3003 I auditd : type=1400 audit(0.0:5857): avc: granted { getattr } for comm=4173796E635461736B2023313238 path="/proc/3003/net/arp" dev="proc" ino=4026532247 scontext=u:r:platform_app:s0:c512,c768 tcontext=u:object_r:proc_net:s0 tclass=file app=com.hht.lebocast
05-07 02:00:01.529 3003 3003 I auditd : type=1400 audit(0.0:5858): avc: granted { getattr } for comm=4173796E635461736B2023313238 path="/proc/3003/net/arp" dev="proc" ino=4026532247 scontext=u:r:platform_app:s0:c512,c768 tcontext=u:object_r:proc_net:s0 tclass=file app=com.hht.lebocast
05-07 02:00:04.489 1092 1092 I auditd : type=1400 audit(0.0:5859): avc: denied { getpgid } for comm="ActivityManager" scontext=u:r:system_server:s0 tcontext=u:r:app_zygote:s0:c512,c768 tclass=process permissive=1
05-07 02:00:06.133 3003 3003 I auditd : type=1400 audit(0.0:5860): avc: granted { read } for comm=4173796E635461736B2023313239 name="arp" dev="proc" ino=4026532247 scontext=u:r:platform_app:s0:c512,c768 tcontext=u:object_r:proc_net:s0 tclass=file app=com.hht.lebocast
05-07 02:00:06.137 3003 3003 I auditd : type=1400 audit(0.0:5861): avc: granted { read open } for comm=4173796E635461736B2023313239 path="/proc/3003/net/arp" dev="proc" ino=4026532247 scontext=u:r:platform_app:s0:c512,c768 tcontext=u:object_r:proc_net:s0 tclass=file app=com.hht.lebocast
05-07 02:00:06.137 3003 3003 I auditd : type=1400 audit(0.0:5862): avc: granted { getattr } for comm=4173796E635461736B2023313239 path="/proc/3003/net/arp" dev="proc" ino=4026532247 scontext=u:r:platform_app:s0:c512,c768 tcontext=u:object_r:proc_net:s0 tclass=file app=com.hht.lebocast
05-07 02:00:06.137 3003 3003 I auditd : type=1400 audit(0.0:5863): avc: granted { getattr } for comm=4173796E635461736B2023313239 path="/proc/3003/net/arp" dev="proc" ino=4026532247 scontext=u:r:platform_app:s0:c512,c768 tcontext=u:object_r:proc_net:s0 tclass=file app=com.hht.lebocast
05-07 02:00:09.613 3003 3003 I auditd : type=1400 audit(0.0:5864): avc: granted { read } for comm=4173796E635461736B2023313330 name="arp" dev="proc" ino=4026532247 scontext=u:r:platform_app:s0:c512,c768 tcontext=u:object_r:proc_net:s0 tclass=file app=com.hht.lebocast
05-07 02:00:09.613 3003 3003 I auditd : type=1400 audit(0.0:5865): avc: granted { read open } for comm=4173796E635461736B2023313330 path="/proc/3003/net/arp" dev="proc" ino=4026532247 scontext=u:r:platform_app:s0:c512,c768 tcontext=u:object_r:proc_net:s0 tclass=file app=com.hht.lebocast
05-07 02:00:09.613 3003 3003 I auditd : type=1400 audit(0.0:5866): avc: granted { getattr } for comm=4173796E635461736B2023313330 path="/proc/3003/net/arp" dev="proc" ino=4026532247 scontext=u:r:platform_app:s0:c512,c768 tcontext=u:object_r:proc_net:s0 tclass=file app=com.hht.lebocast
05-07 02:00:09.613 3003 3003 I auditd : type=1400 audit(0.0:5867): avc: granted { getattr } for comm=4173796E635461736B2023313330 path="/proc/3003/net/arp" dev="proc" ino=4026532247 scontext=u:r:platform_app:s0:c512,c768 tcontext=u:object_r:proc_net:s0 tclass=file app=com.hht.lebocast
05-07 02:00:12.277 3003 3003 I auditd : type=1400 audit(0.0:5868): avc: granted { read } for comm=4173796E635461736B2023313331 name="arp" dev="proc" ino=4026532247 scontext=u:r:platform_app:s0:c512,c768 tcontext=u:object_r:proc_net:s0 tclass=file app=com.hht.lebocast
05-07 02:00:12.277 3003 3003 I auditd : type=1400 audit(0.0:5869): avc: granted { read open } for comm=4173796E635461736B2023313331 path="/proc/3003/net/arp" dev="proc" ino=4026532247 scontext=u:r:platform_app:s0:c512,c768 tcontext=u:object_r:proc_net:s0 tclass=file app=com.hht.lebocast
05-07 02:00:12.277 3003 3003 I auditd : type=1400 audit(0.0:5870): avc: granted { getattr } for comm=4173796E635461736B2023313331 path="/proc/3003/net/arp" dev="proc" ino=4026532247 scontext=u:r:platform_app:s0:c512,c768 tcontext=u:object_r:proc_net:s0 tclass=file app=com.hht.lebocast
05-07 02:00:12.281 3003 3003 I auditd : type=1400 audit(0.0:5871): avc: granted { getattr } for comm=4173796E635461736B2023313331 path="/proc/3003/net/arp" dev="proc" ino=4026532247 scontext=u:r:platform_app:s0:c512,c768 tcontext=u:object_r:proc_net:s0 tclass=file app=com.hht.lebocast
05-07 02:00:14.342 1092 1893 I sync : [com.tencent.android.qqdownloader.YYBLiveAccountProvider,0,3,24220937]
05-07 02:00:14.403 1092 1893 I sync : [com.tencent.android.qqdownloader.YYBLiveAccountProvider,1,3,24220937]
05-07 02:00:14.415 1092 1893 I commit_sys_config_file: [sync-status,187699]
05-07 02:00:14.436 1092 1893 I sync : [com.tencent.android.qqdownloader.YYBLiveAccountProvider,0,3,24220937]
05-07 02:00:14.433 3003 3003 I auditd : type=1400 audit(0.0:5872): avc: granted { read } for comm=4173796E635461736B2023313332 name="arp" dev="proc" ino=4026532247 scontext=u:r:platform_app:s0:c512,c768 tcontext=u:object_r:proc_net:s0 tclass=file app=com.hht.lebocast
05-07 02:00:14.496 1092 1893 I sync : [com.tencent.android.qqdownloader.YYBLiveAccountProvider,1,3,24220937]
05-07 02:00:14.433 3003 3003 I auditd : type=1400 audit(0.0:5873): avc: granted { read open } for comm=4173796E635461736B2023313332 path="/proc/3003/net/arp" dev="proc" ino=4026532247 scontext=u:r:platform_app:s0:c512,c768 tcontext=u:object_r:proc_net:s0 tclass=file app=com.hht.lebocast
05-07 02:00:14.504 1092 1893 I commit_sys_config_file: [sync-status,187788]
05-07 02:00:14.433 3003 3003 I auditd : type=1400 audit(0.0:5874): avc: granted { getattr } for comm=4173796E635461736B2023313332 path="/proc/3003/net/arp" dev="proc" ino=4026532247 scontext=u:r:platform_app:s0:c512,c768 tcontext=u:object_r:proc_net:s0 tclass=file app=com.hht.lebocast
05-07 02:00:14.433 3003 3003 I auditd : type=1400 audit(0.0:5875): avc: granted { getattr } for comm=4173796E635461736B2023313332 path="/proc/3003/net/arp" dev="proc" ino=4026532247 scontext=u:r:platform_app:s0:c512,c768 tcontext=u:object_r:proc_net:s0 tclass=file app=com.hht.lebocast
05-07 02:00:16.411 1092 1203 I commit_sys_config_file: [jobs,7]
05-07 02:00:18.034 1092 1217 I am_uid_idle: 10047
05-07 02:00:18.857 3003 3003 I auditd : type=1400 audit(0.0:5876): avc: granted { read } for comm=4173796E635461736B2023313333 name="arp" dev="proc" ino=4026532247 scontext=u:r:platform_app:s0:c512,c768 tcontext=u:object_r:proc_net:s0 tclass=file app=com.hht.lebocast
05-07 02:00:18.857 3003 3003 I auditd : type=1400 audit(0.0:5877): avc: granted { read open } for comm=4173796E635461736B2023313333 path="/proc/3003/net/arp" dev="proc" ino=4026532247 scontext=u:r:platform_app:s0:c512,c768 tcontext=u:object_r:proc_net:s0 tclass=file app=com.hht.lebocast
05-07 02:00:18.857 3003 3003 I auditd : type=1400 audit(0.0:5878): avc: granted { getattr } for comm=4173796E635461736B2023313333 path="/proc/3003/net/arp" dev="proc" ino=4026532247 scontext=u:r:platform_app:s0:c512,c768 tcontext=u:object_r:proc_net:s0 tclass=file app=com.hht.lebocast
05-07 02:00:18.857 3003 3003 I auditd : type=1400 audit(0.0:5879): avc: granted { getattr } for comm=4173796E635461736B2023313333 path="/proc/3003/net/arp" dev="proc" ino=4026532247 scontext=u:r:platform_app:s0:c512,c768 tcontext=u:object_r:proc_net:s0 tclass=file app=com.hht.lebocast
05-07 02:00:18.913 3003 3003 I auditd : type=1400 audit(0.0:5880): avc: granted { read } for comm=4173796E635461736B2023313334 name="arp" dev="proc" ino=4026532247 scontext=u:r:platform_app:s0:c512,c768 tcontext=u:object_r:proc_net:s0 tclass=file app=com.hht.lebocast
05-07 02:00:18.913 3003 3003 I auditd : type=1400 audit(0.0:5881): avc: granted { read open } for comm=4173796E635461736B2023313334 path="/proc/3003/net/arp" dev="proc" ino=4026532247 scontext=u:r:platform_app:s0:c512,c768 tcontext=u:object_r:proc_net:s0 tclass=file app=com.hht.lebocast
05-07 02:00:18.913 3003 3003 I auditd : type=1400 audit(0.0:5882): avc: granted { getattr } for comm=4173796E635461736B2023313334 path="/proc/3003/net/arp" dev="proc" ino=4026532247 scontext=u:r:platform_app:s0:c512,c768 tcontext=u:object_r:proc_net:s0 tclass=file app=com.hht.lebocast
05-07 02:00:18.913 3003 3003 I auditd : type=1400 audit(0.0:5883): avc: granted { getattr } for comm=4173796E635461736B2023313334 path="/proc/3003/net/arp" dev="proc" ino=4026532247 scontext=u:r:platform_app:s0:c512,c768 tcontext=u:object_r:proc_net:s0 tclass=file app=com.hht.lebocast
05-07 02:00:19.353 3003 3003 I auditd : type=1400 audit(0.0:5884): avc: granted { read } for comm=4173796E635461736B2023313335 name="arp" dev="proc" ino=4026532247 scontext=u:r:platform_app:s0:c512,c768 tcontext=u:object_r:proc_net:s0 tclass=file app=com.hht.lebocast
05-07 02:00:20.410 1092 1242 I sysui_multi_action: [757,1696,758,6,759,2]
05-07 02:00:20.414 1092 1217 I am_wtf : [0,1092,system_server,-1,DisplayDeviceConfig,requesting nits when no mapping exists.]
05-07 02:00:20.420 1092 1217 I am_wtf : [0,1092,system_server,-1,DisplayDeviceConfig,requesting nits when no mapping exists.]
05-07 02:00:20.460 1092 1217 I am_wtf : [0,1092,system_server,-1,DisplayDeviceConfig,requesting nits when no mapping exists.]
05-07 02:00:20.464 1092 1217 I am_wtf : [0,1092,system_server,-1,DisplayDeviceConfig,requesting nits when no mapping exists.]
05-07 02:00:20.502 1092 1217 I am_wtf : [0,1092,system_server,-1,DisplayDeviceConfig,requesting nits when no mapping exists.]
05-07 02:00:20.509 1092 1217 I am_wtf : [0,1092,system_server,-1,DisplayDeviceConfig,requesting nits when no mapping exists.]
05-07 02:00:20.547 1092 1217 I am_wtf : [0,1092,system_server,-1,DisplayDeviceConfig,requesting nits when no mapping exists.]
05-07 02:00:20.548 1092 1217 I am_wtf : [0,1092,system_server,-1,DisplayDeviceConfig,requesting nits when no mapping exists.]
05-07 02:00:20.575 1092 1217 I am_wtf : [0,1092,system_server,-1,DisplayDeviceConfig,requesting nits when no mapping exists.]
05-07 02:00:20.579 1092 1217 I am_wtf : [0,1092,system_server,-1,DisplayDeviceConfig,requesting nits when no mapping exists.]
05-07 02:00:20.610 1092 1217 I am_wtf : [0,1092,system_server,-1,DisplayDeviceConfig,requesting nits when no mapping exists.]
05-07 02:00:20.612 1092 1217 I am_wtf : [0,1092,system_server,-1,DisplayDeviceConfig,requesting nits when no mapping exists.]
05-07 02:00:20.651 1092 1217 I am_wtf : [0,1092,system_server,-1,DisplayDeviceConfig,requesting nits when no mapping exists.]
05-07 02:00:20.653 1092 1217 I am_wtf : [0,1092,system_server,-1,DisplayDeviceConfig,requesting nits when no mapping exists.]
05-07 02:00:20.664 1092 1217 I service_manager_slow: [10,dropbox]
05-07 02:00:20.664 1092 1217 I service_manager_stats: [100,102,115370]
05-07 02:00:20.695 1092 1217 I am_wtf : [0,1092,system_server,-1,DisplayDeviceConfig,requesting nits when no mapping exists.]
05-07 02:00:20.698 1092 1217 I am_wtf : [0,1092,system_server,-1,DisplayDeviceConfig,requesting nits when no mapping exists.]
05-07 02:00:20.723 1092 1217 I am_wtf : [0,1092,system_server,-1,DisplayDeviceConfig,requesting nits when no mapping exists.]
05-07 02:00:20.725 1092 1217 I am_wtf : [0,1092,system_server,-1,DisplayDeviceConfig,requesting nits when no mapping exists.]
05-07 02:00:20.756 1092 1217 I am_wtf : [0,1092,system_server,-1,DisplayDeviceConfig,requesting nits when no mapping exists.]
05-07 02:00:20.758 1092 1217 I am_wtf : [0,1092,system_server,-1,DisplayDeviceConfig,requesting nits when no mapping exists.]
05-07 02:00:20.799 1092 1217 I am_wtf : [0,1092,system_server,-1,DisplayDeviceConfig,requesting nits when no mapping exists.]
05-07 02:00:20.803 1092 1217 I am_wtf : [0,1092,system_server,-1,DisplayDeviceConfig,requesting nits when no mapping exists.]
05-07 02:00:20.829 1092 1217 I am_wtf : [0,1092,system_server,-1,DisplayDeviceConfig,requesting nits when no mapping exists.]
05-07 02:00:20.831 1092 1217 I am_wtf : [0,1092,system_server,-1,DisplayDeviceConfig,requesting nits when no mapping exists.]
05-07 02:00:20.854 1092 1217 I am_wtf : [0,1092,system_server,-1,DisplayDeviceConfig,requesting nits when no mapping exists.]
05-07 02:00:20.857 1092 1217 I am_wtf : [0,1092,system_server,-1,DisplayDeviceConfig,requesting nits when no mapping exists.]
05-07 02:00:20.875 1092 1217 I am_wtf : [0,1092,system_server,-1,DisplayDeviceConfig,requesting nits when no mapping exists.]
05-07 02:00:20.880 1092 1217 I am_wtf : [0,1092,system_server,-1,DisplayDeviceConfig,requesting nits when no mapping exists.]
05-07 02:00:20.913 1092 1217 I am_wtf : [0,1092,system_server,-1,DisplayDeviceConfig,requesting nits when no mapping exists.]
05-07 02:00:20.914 1092 1217 I am_wtf : [0,1092,system_server,-1,DisplayDeviceConfig,requesting nits when no mapping exists.]
05-07 02:00:20.952 1092 1217 I am_wtf : [0,1092,system_server,-1,DisplayDeviceConfig,requesting nits when no mapping exists.]
05-07 02:00:20.953 1092 1217 I am_wtf : [0,1092,system_server,-1,DisplayDeviceConfig,requesting nits when no mapping exists.]
05-07 02:00:20.993 1092 1217 I am_wtf : [0,1092,system_server,-1,DisplayDeviceConfig,requesting nits when no mapping exists.]
05-07 02:00:21.000 1092 1217 I am_wtf : [0,1092,system_server,-1,DisplayDeviceConfig,requesting nits when no mapping exists.]
05-07 02:00:21.030 1092 1217 I am_wtf : [0,1092,system_server,-1,DisplayDeviceConfig,requesting nits when no mapping exists.]
05-07 02:00:21.033 1092 1217 I am_wtf : [0,1092,system_server,-1,DisplayDeviceConfig,requesting nits when no mapping exists.]
05-07 02:00:21.067 1092 1217 I am_wtf : [0,1092,system_server,-1,DisplayDeviceConfig,requesting nits when no mapping exists.]
05-07 02:00:21.068 1092 1217 I am_wtf : [0,1092,system_server,-1,DisplayDeviceConfig,requesting nits when no mapping exists.]
05-07 02:00:21.107 1092 1217 I am_wtf : [0,1092,system_server,-1,DisplayDeviceConfig,requesting nits when no mapping exists.]
05-07 02:00:21.110 1092 1217 I am_wtf : [0,1092,system_server,-1,DisplayDeviceConfig,requesting nits when no mapping exists.]
05-07 02:00:21.133 1092 1217 I am_wtf : [0,1092,system_server,-1,DisplayDeviceConfig,requesting nits when no mapping exists.]
05-07 02:00:21.135 1092 1217 I am_wtf : [0,1092,system_server,-1,DisplayDeviceConfig,requesting nits when no mapping exists.]
05-07 02:00:21.162 1092 1217 I am_wtf : [0,1092,system_server,-1,DisplayDeviceConfig,requesting nits when no mapping exists.]
05-07 02:00:21.164 1092 1217 I am_wtf : [0,1092,system_server,-1,DisplayDeviceConfig,requesting nits when no mapping exists.]
05-07 02:00:21.194 1092 1217 I am_wtf : [0,1092,system_server,-1,DisplayDeviceConfig,requesting nits when no mapping exists.]
05-07 02:00:21.198 1092 1217 I am_wtf : [0,1092,system_server,-1,DisplayDeviceConfig,requesting nits when no mapping exists.]
05-07 02:00:21.220 1092 1217 I am_wtf : [0,1092,system_server,-1,DisplayDeviceConfig,requesting nits when no mapping exists.]
05-07 02:00:21.223 1092 1217 I am_wtf : [0,1092,system_server,-1,DisplayDeviceConfig,requesting nits when no mapping exists.]
05-07 02:00:21.270 1092 1217 I am_wtf : [0,1092,system_server,-1,DisplayDeviceConfig,requesting nits when no mapping exists.]
05-07 02:00:21.272 1092 1217 I am_wtf : [0,1092,system_server,-1,DisplayDeviceConfig,requesting nits when no mapping exists.]
05-07 02:00:21.312 1092 1217 I am_wtf : [0,1092,system_server,-1,DisplayDeviceConfig,requesting nits when no mapping exists.]
05-07 02:00:21.314 1092 1217 I am_wtf : [0,1092,system_server,-1,DisplayDeviceConfig,requesting nits when no mapping exists.]
05-07 02:00:21.338 1092 1217 I am_wtf : [0,1092,system_server,-1,DisplayDeviceConfig,requesting nits when no mapping exists.]
05-07 02:00:21.342 1092 1217 I am_wtf : [0,1092,system_server,-1,DisplayDeviceConfig,requesting nits when no mapping exists.]
05-07 02:00:21.392 1092 1217 I am_wtf : [0,1092,system_server,-1,DisplayDeviceConfig,requesting nits when no mapping exists.]
05-07 02:00:21.394 1092 1217 I am_wtf : [0,1092,system_server,-1,DisplayDeviceConfig,requesting nits when no mapping exists.]
05-07 02:00:21.701 3003 3003 I auditd : type=1400 audit(0.0:5892): avc: granted { read } for comm=4173796E635461736B2023313337 name="arp" dev="proc" ino=4026532247 scontext=u:r:platform_app:s0:c512,c768 tcontext=u:object_r:proc_net:s0 tclass=file app=com.hht.lebocast
05-07 02:00:21.701 3003 3003 I auditd : type=1400 audit(0.0:5893): avc: granted { read open } for comm=4173796E635461736B2023313337 path="/proc/3003/net/arp" dev="proc" ino=4026532247 scontext=u:r:platform_app:s0:c512,c768 tcontext=u:object_r:proc_net:s0 tclass=file app=com.hht.lebocast
05-07 02:00:21.701 3003 3003 I auditd : type=1400 audit(0.0:5894): avc: granted { getattr } for comm=4173796E635461736B2023313337 path="/proc/3003/net/arp" dev="proc" ino=4026532247 scontext=u:r:platform_app:s0:c512,c768 tcontext=u:object_r:proc_net:s0 tclass=file app=com.hht.lebocast
05-07 02:00:21.701 3003 3003 I auditd : type=1400 audit(0.0:5895): avc: granted { getattr } for comm=4173796E635461736B2023313337 path="/proc/3003/net/arp" dev="proc" ino=4026532247 scontext=u:r:platform_app:s0:c512,c768 tcontext=u:object_r:proc_net:s0 tclass=file app=com.hht.lebocast
05-07 02:00:22.109 3003 3003 I auditd : type=1400 audit(0.0:5896): avc: granted { read } for comm=4173796E635461736B2023313338 name="arp" dev="proc" ino=4026532247 scontext=u:r:platform_app:s0:c512,c768 tcontext=u:object_r:proc_net:s0 tclass=file app=com.hht.lebocast
05-07 02:00:23.999 1092 1217 I am_uid_idle: 10067
05-07 02:00:26.101 3003 3003 I auditd : type=1400 audit(0.0:5900): avc: granted { read } for comm=4173796E635461736B2023313339 name="arp" dev="proc" ino=4026532247 scontext=u:r:platform_app:s0:c512,c768 tcontext=u:object_r:proc_net:s0 tclass=file app=com.hht.lebocast
05-07 02:00:26.101 3003 3003 I auditd : type=1400 audit(0.0:5901): avc: granted { read open } for comm=4173796E635461736B2023313339 path="/proc/3003/net/arp" dev="proc" ino=4026532247 scontext=u:r:platform_app:s0:c512,c768 tcontext=u:object_r:proc_net:s0 tclass=file app=com.hht.lebocast
05-07 02:00:26.101 3003 3003 I auditd : type=1400 audit(0.0:5902): avc: granted { getattr } for comm=4173796E635461736B2023313339 path="/proc/3003/net/arp" dev="proc" ino=4026532247 scontext=u:r:platform_app:s0:c512,c768 tcontext=u:object_r:proc_net:s0 tclass=file app=com.hht.lebocast
05-07 02:00:26.101 3003 3003 I auditd : type=1400 audit(0.0:5903): avc: granted { getattr } for comm=4173796E635461736B2023313339 path="/proc/3003/net/arp" dev="proc" ino=4026532247 scontext=u:r:platform_app:s0:c512,c768 tcontext=u:object_r:proc_net:s0 tclass=file app=com.hht.lebocast
05-07 02:00:27.412 1092 1201 I sysui_multi_action: [757,222,758,1]
05-07 02:00:27.426 1092 1201 I am_uid_active: 10047
05-07 02:00:27.442 1092 6328 I wm_task_created: [19,-1]
05-07 02:00:27.446 1092 6328 I wm_task_moved: [19,1,8]
05-07 02:00:27.446 1092 6328 I wm_task_to_front: [0,19]
05-07 02:00:27.446 1092 6328 I wm_create_task: [0,19]
05-07 02:00:27.446 1092 6328 I wm_create_activity: [0,154260984,19,com.thundercomm.screensaver/android.service.dreams.DreamActivity,NULL,NULL,NULL,276824064]
05-07 02:00:27.447 1092 6328 I wm_task_moved: [19,1,8]
05-07 02:00:27.448 1092 6328 I wm_pause_activity: [0,76565268,com.android.launcher3/.uioverrides.QuickstepLauncher,userLeaving=true,pauseBackTasks]
05-07 02:00:27.448 2610 2610 I wm_on_paused_called: [76565268,com.android.launcher3.uioverrides.QuickstepLauncher,performPause]
05-07 02:00:27.456 1092 1451 I wm_add_to_stopping: [0,76565268,com.android.launcher3/.uioverrides.QuickstepLauncher,makeInvisible]
05-07 02:00:27.456 1092 1451 I wm_restart_activity: [0,154260984,19,com.thundercomm.screensaver/android.service.dreams.DreamActivity]
05-07 02:00:27.459 1092 1451 I wm_set_resumed_activity: [0,com.thundercomm.screensaver/android.service.dreams.DreamActivity,minimalResumeActivityLocked]
05-07 02:00:27.467 1092 1204 I sysui_multi_action: [757,803,799,window_time_2,802,70]
05-07 02:00:27.469 7438 7438 I wm_on_create_called: [154260984,android.service.dreams.DreamActivity,performCreate]
05-07 02:00:27.470 7438 7438 I wm_on_start_called: [154260984,android.service.dreams.DreamActivity,handleStartActivity]
05-07 02:00:27.470 7438 7438 I wm_on_resume_called: [154260984,android.service.dreams.DreamActivity,RESUME_ACTIVITY]
05-07 02:00:27.481 1092 6328 I am_uid_active: 10067
05-07 02:00:27.489 1092 1206 I input_focus: [Focus request c6f82c2 com.thundercomm.screensaver/android.service.dreams.DreamActivity,reason=UpdateInputWindows]
05-07 02:00:27.490 5683 5683 I wm_on_top_resumed_lost_called: [79324756,com.tencent.assistantv2.activity.MainActivity,topStateChangedWhenResumed]
05-07 02:00:27.503 7438 7438 I wm_on_top_resumed_gained_called: [154260984,android.service.dreams.DreamActivity,topStateChangedWhenResumed]
05-07 02:00:27.516 1092 1242 I sysui_multi_action: [757,1696,758,6,759,3]
05-07 02:00:27.517 1092 1691 I input_focus: [Focus leaving 2c3c297 com.tencent.android.qqdownloader/com.tencent.assistantv2.activity.MainActivity (server),reason=Waiting for window because NOT_VISIBLE]
05-07 02:00:27.521 1092 1201 I sysui_multi_action: [319,68,322,67,325,483,757,761,758,8,759,2,806,com.thundercomm.screensaver,871,android.service.dreams.DreamActivity,904,com.thundercomm.screensaver,905,0,1320,3,1321,21]
05-07 02:00:27.522 1092 1201 I wm_activity_launch_time: [0,154260984,com.thundercomm.screensaver/android.service.dreams.DreamActivity,67]
05-07 02:00:27.532 1092 1217 I am_wtf : [0,1092,system_server,-1,DisplayDeviceConfig,requesting nits when no mapping exists.]
05-07 02:00:27.533 1092 1217 I am_wtf : [0,1092,system_server,-1,DisplayDeviceConfig,requesting nits when no mapping exists.]
05-07 02:00:27.540 1092 1691 I input_focus: [Focus entering c6f82c2 com.thundercomm.screensaver/android.service.dreams.DreamActivity (server),reason=Window became focusable. Previous reason: NOT_VISIBLE]
05-07 02:00:27.581 1092 1217 I am_wtf : [0,1092,system_server,-1,DisplayDeviceConfig,requesting nits when no mapping exists.]
05-07 02:00:27.582 1092 1217 I am_wtf : [0,1092,system_server,-1,DisplayDeviceConfig,requesting nits when no mapping exists.]
05-07 02:00:27.637 1092 1217 I am_wtf : [0,1092,system_server,-1,DisplayDeviceConfig,requesting nits when no mapping exists.]
05-07 02:00:27.637 1092 1217 I am_wtf : [0,1092,system_server,-1,DisplayDeviceConfig,requesting nits when no mapping exists.]
05-07 02:00:27.660 1092 1217 I am_wtf : [0,1092,system_server,-1,DisplayDeviceConfig,requesting nits when no mapping exists.]
05-07 02:00:27.661 1092 1217 I am_wtf : [0,1092,system_server,-1,DisplayDeviceConfig,requesting nits when no mapping exists.]
05-07 02:00:27.692 1092 1217 I am_wtf : [0,1092,system_server,-1,DisplayDeviceConfig,requesting nits when no mapping exists.]
05-07 02:00:27.693 1092 1217 I am_wtf : [0,1092,system_server,-1,DisplayDeviceConfig,requesting nits when no mapping exists.]
05-07 02:00:27.735 1092 1217 I am_wtf : [0,1092,system_server,-1,DisplayDeviceConfig,requesting nits when no mapping exists.]
05-07 02:00:27.736 1092 1217 I am_wtf : [0,1092,system_server,-1,DisplayDeviceConfig,requesting nits when no mapping exists.]
05-07 02:00:27.786 1092 1217 I am_wtf : [0,1092,system_server,-1,DisplayDeviceConfig,requesting nits when no mapping exists.]
05-07 02:00:27.787 1092 1217 I am_wtf : [0,1092,system_server,-1,DisplayDeviceConfig,requesting nits when no mapping exists.]
05-07 02:00:27.799 1092 1204 I wm_stop_activity: [0,76565268,com.android.launcher3/.uioverrides.QuickstepLauncher]
05-07 02:00:27.828 1092 1217 I am_wtf : [0,1092,system_server,-1,DisplayDeviceConfig,requesting nits when no mapping exists.]
05-07 02:00:27.829 1092 1217 I am_wtf : [0,1092,system_server,-1,DisplayDeviceConfig,requesting nits when no mapping exists.]
05-07 02:00:27.834 2610 2610 I wm_on_stop_called: [76565268,com.android.launcher3.uioverrides.QuickstepLauncher,STOP_ACTIVITY_ITEM]
05-07 02:00:27.871 1092 1217 I am_wtf : [0,1092,system_server,-1,DisplayDeviceConfig,requesting nits when no mapping exists.]
05-07 02:00:27.872 1092 1217 I am_wtf : [0,1092,system_server,-1,DisplayDeviceConfig,requesting nits when no mapping exists.]
05-07 02:00:27.900 1092 1217 I am_wtf : [0,1092,system_server,-1,DisplayDeviceConfig,requesting nits when no mapping exists.]
05-07 02:00:27.901 1092 1217 I am_wtf : [0,1092,system_server,-1,DisplayDeviceConfig,requesting nits when no mapping exists.]
05-07 02:00:27.924 1092 1217 I am_wtf : [0,1092,system_server,-1,DisplayDeviceConfig,requesting nits when no mapping exists.]
05-07 02:00:27.924 1092 1217 I am_wtf : [0,1092,system_server,-1,DisplayDeviceConfig,requesting nits when no mapping exists.]
05-07 02:00:27.950 1092 1217 I am_wtf : [0,1092,system_server,-1,DisplayDeviceConfig,requesting nits when no mapping exists.]
05-07 02:00:27.950 1092 1217 I am_wtf : [0,1092,system_server,-1,DisplayDeviceConfig,requesting nits when no mapping exists.]
05-07 02:00:27.976 1092 1217 I am_wtf : [0,1092,system_server,-1,DisplayDeviceConfig,requesting nits when no mapping exists.]
05-07 02:00:27.977 1092 1217 I am_wtf : [0,1092,system_server,-1,DisplayDeviceConfig,requesting nits when no mapping exists.]
05-07 02:00:28.018 1092 1217 I am_wtf : [0,1092,system_server,-1,DisplayDeviceConfig,requesting nits when no mapping exists.]
05-07 02:00:28.019 1092 1217 I am_wtf : [0,1092,system_server,-1,DisplayDeviceConfig,requesting nits when no mapping exists.]
05-07 02:00:28.049 1092 1217 I am_wtf : [0,1092,system_server,-1,DisplayDeviceConfig,requesting nits when no mapping exists.]
05-07 02:00:28.049 1092 1217 I am_wtf : [0,1092,system_server,-1,DisplayDeviceConfig,requesting nits when no mapping exists.]
05-07 02:00:28.045 3003 3003 I auditd : type=1400 audit(0.0:5904): avc: granted { read } for comm=4173796E635461736B2023313430 name="arp" dev="proc" ino=4026532247 scontext=u:r:platform_app:s0:c512,c768 tcontext=u:object_r:proc_net:s0 tclass=file app=com.hht.lebocast
05-07 02:00:28.045 3003 3003 I auditd : type=1400 audit(0.0:5905): avc: granted { read open } for comm=4173796E635461736B2023313430 path="/proc/3003/net/arp" dev="proc" ino=4026532247 scontext=u:r:platform_app:s0:c512,c768 tcontext=u:object_r:proc_net:s0 tclass=file app=com.hht.lebocast
05-07 02:00:28.045 3003 3003 I auditd : type=1400 audit(0.0:5906): avc: granted { getattr } for comm=4173796E635461736B2023313430 path="/proc/3003/net/arp" dev="proc" ino=4026532247 scontext=u:r:platform_app:s0:c512,c768 tcontext=u:object_r:proc_net:s0 tclass=file app=com.hht.lebocast
05-07 02:00:28.045 3003 3003 I auditd : type=1400 audit(0.0:5907): avc: granted { getattr } for comm=4173796E635461736B2023313430 path="/proc/3003/net/arp" dev="proc" ino=4026532247 scontext=u:r:platform_app:s0:c512,c768 tcontext=u:object_r:proc_net:s0 tclass=file app=com.hht.lebocast
05-07 02:00:28.164 1092 1217 I am_wtf : [0,1092,system_server,-1,DisplayDeviceConfig,requesting nits when no mapping exists.]
05-07 02:00:28.165 1092 1217 I am_wtf : [0,1092,system_server,-1,DisplayDeviceConfig,requesting nits when no mapping exists.]
05-07 02:00:28.197 1092 1217 I am_wtf : [0,1092,system_server,-1,DisplayDeviceConfig,requesting nits when no mapping exists.]
05-07 02:00:28.198 1092 1217 I am_wtf : [0,1092,system_server,-1,DisplayDeviceConfig,requesting nits when no mapping exists.]
05-07 02:00:28.239 1092 1217 I am_wtf : [0,1092,system_server,-1,DisplayDeviceConfig,requesting nits when no mapping exists.]
05-07 02:00:28.240 1092 1217 I am_wtf : [0,1092,system_server,-1,DisplayDeviceConfig,requesting nits when no mapping exists.]
05-07 02:00:28.268 1092 1217 I am_wtf : [0,1092,system_server,-1,DisplayDeviceConfig,requesting nits when no mapping exists.]
05-07 02:00:28.269 1092 1217 I am_wtf : [0,1092,system_server,-1,DisplayDeviceConfig,requesting nits when no mapping exists.]
05-07 02:00:28.301 1092 1217 I am_wtf : [0,1092,system_server,-1,DisplayDeviceConfig,requesting nits when no mapping exists.]
05-07 02:00:28.302 1092 1217 I am_wtf : [0,1092,system_server,-1,DisplayDeviceConfig,requesting nits when no mapping exists.]
05-07 02:00:28.325 1092 1217 I am_wtf : [0,1092,system_server,-1,DisplayDeviceConfig,requesting nits when no mapping exists.]
05-07 02:00:28.327 1092 1217 I am_wtf : [0,1092,system_server,-1,DisplayDeviceConfig,requesting nits when no mapping exists.]
05-07 02:00:28.360 1092 1217 I am_wtf : [0,1092,system_server,-1,DisplayDeviceConfig,requesting nits when no mapping exists.]
05-07 02:00:28.361 1092 1217 I am_wtf : [0,1092,system_server,-1,DisplayDeviceConfig,requesting nits when no mapping exists.]
05-07 02:00:28.402 1092 1217 I am_wtf : [0,1092,system_server,-1,DisplayDeviceConfig,requesting nits when no mapping exists.]
05-07 02:00:28.402 1092 1217 I am_wtf : [0,1092,system_server,-1,DisplayDeviceConfig,requesting nits when no mapping exists.]
05-07 02:00:28.436 1092 1217 I am_wtf : [0,1092,system_server,-1,DisplayDeviceConfig,requesting nits when no mapping exists.]
05-07 02:00:28.436 1092 1217 I am_wtf : [0,1092,system_server,-1,DisplayDeviceConfig,requesting nits when no mapping exists.]
05-07 02:00:28.469 1092 1217 I am_wtf : [0,1092,system_server,-1,DisplayDeviceConfig,requesting nits when no mapping exists.]
05-07 02:00:28.470 1092 1217 I am_wtf : [0,1092,system_server,-1,DisplayDeviceConfig,requesting nits when no mapping exists.]
05-07 02:00:28.511 1092 1217 I am_wtf : [0,1092,system_server,-1,DisplayDeviceConfig,requesting nits when no mapping exists.]
05-07 02:00:28.512 1092 1217 I am_wtf : [0,1092,system_server,-1,DisplayDeviceConfig,requesting nits when no mapping exists.]
05-07 02:00:29.605 0 0 I auditd : type=1400 audit(0.0:5908): avc: denied { kill } for comm="swapper/5" capability=5 scontext=u:r:kernel:s0 tcontext=u:r:kernel:s0 tclass=capability permissive=1
05-07 02:00:31.156 1092 1723 I netstats_mobile_sample: [0,0,0,0,0,0,0,0,0,0,0,0,1683513893008]
05-07 02:00:31.156 1092 1723 I netstats_wifi_sample: [308,4,568,5,308,4,568,5,228,2,520,4,1683513893008]
05-07 02:00:32.185 3003 3003 I auditd : type=1400 audit(0.0:5909): avc: granted { read } for comm=4173796E635461736B2023313431 name="arp" dev="proc" ino=4026532247 scontext=u:r:platform_app:s0:c512,c768 tcontext=u:object_r:proc_net:s0 tclass=file app=com.hht.lebocast
05-07 02:00:32.185 3003 3003 I auditd : type=1400 audit(0.0:5910): avc: granted { read open } for comm=4173796E635461736B2023313431 path="/proc/3003/net/arp" dev="proc" ino=4026532247 scontext=u:r:platform_app:s0:c512,c768 tcontext=u:object_r:proc_net:s0 tclass=file app=com.hht.lebocast
05-07 02:00:32.185 3003 3003 I auditd : type=1400 audit(0.0:5911): avc: granted { getattr } for comm=4173796E635461736B2023313431 path="/proc/3003/net/arp" dev="proc" ino=4026532247 scontext=u:r:platform_app:s0:c512,c768 tcontext=u:object_r:proc_net:s0 tclass=file app=com.hht.lebocast
05-07 02:00:32.185 3003 3003 I auditd : type=1400 audit(0.0:5912): avc: granted { getattr } for comm=4173796E635461736B2023313431 path="/proc/3003/net/arp" dev="proc" ino=4026532247 scontext=u:r:platform_app:s0:c512,c768 tcontext=u:object_r:proc_net:s0 tclass=file app=com.hht.lebocast
05-07 02:00:33.021 1092 1723 I service_manager_stats: [100,103,12357]
05-07 02:00:33.021 1092 1723 I netstats_mobile_sample: [0,0,0,0,0,0,0,0,0,0,0,0,1683513894873]
05-07 02:00:33.022 1092 1723 I netstats_wifi_sample: [308,4,568,5,308,4,568,5,228,2,520,4,1683513894873]
05-07 02:00:33.750 1092 6328 I am_uid_running: 90000
05-07 02:00:33.973 1092 1219 I am_proc_start: [0,7813,90000,com.microsoft.emmx:sandboxed_process0:org.chromium.content.app.SandboxedProcessService0:16,,{com.microsoft.emmx/org.chromium.content.app.SandboxedProcessService0:16}]
05-07 02:00:34.030 1092 6328 I am_proc_bound: [0,7813,com.microsoft.emmx:sandboxed_process0:org.chromium.content.app.SandboxedProcessService0:16]
05-07 02:00:34.264 1092 1723 I netstats_mobile_sample: [0,0,0,0,0,0,0,0,0,0,0,0,1683513896116]
05-07 02:00:34.264 1092 1723 I netstats_wifi_sample: [308,4,568,5,308,4,568,5,228,2,520,4,1683513896116]
05-07 02:00:35.009 3003 3003 I auditd : type=1400 audit(0.0:5913): avc: granted { read } for comm=4173796E635461736B2023313432 name="arp" dev="proc" ino=4026532247 scontext=u:r:platform_app:s0:c512,c768 tcontext=u:object_r:proc_net:s0 tclass=file app=com.hht.lebocast
05-07 02:00:35.009 3003 3003 I auditd : type=1400 audit(0.0:5914): avc: granted { read open } for comm=4173796E635461736B2023313432 path="/proc/3003/net/arp" dev="proc" ino=4026532247 scontext=u:r:platform_app:s0:c512,c768 tcontext=u:object_r:proc_net:s0 tclass=file app=com.hht.lebocast
05-07 02:00:35.009 3003 3003 I auditd : type=1400 audit(0.0:5915): avc: granted { getattr } for comm=4173796E635461736B2023313432 path="/proc/3003/net/arp" dev="proc" ino=4026532247 scontext=u:r:platform_app:s0:c512,c768 tcontext=u:object_r:proc_net:s0 tclass=file app=com.hht.lebocast
05-07 02:00:35.119 5683 6829 I dvm_lock_sample: [com.tencent.android.qqdownloader,0,temporary_ext-4,505,,-1,boolean com.tencent.assistant.plugin.mgr.PluginInstalledManager.installPlugin(android.content.Context, java.lang.String, java.lang.String),-,-1,boolean com.tencent.assistant.plugin.mgr.PluginInstalledManager.installPlugin(android.content.Context, java.lang.String, java.lang.String, boolean, boolean, boolean),100]
05-07 02:00:35.274 1092 1092 I notification_enqueue: [10100,5640,com.tencent.android.qqdownloader,127,NULL,0,Notification(channel=channel_id_default_silent shortcut=null contentView=com.tencent.android.qqdownloader/0x7f0a01c2 vibrate=null sound=null defaults=0x0 flags=0x2a2 color=0x00000000 groupKey=com.tencent.android.qqdownloader vis=PRIVATE),1]
05-07 02:00:35.605 0 0 I auditd : type=1400 audit(0.0:5917): avc: denied { kill } for comm="swapper/6" capability=5 scontext=u:r:kernel:s0 tcontext=u:r:kernel:s0 tclass=capability permissive=1
05-07 02:00:36.097 5640 5640 I auditd : type=1400 audit(0.0:5918): avc: granted { execute } for comm="wnloader:daemon" path="/data/user/0/com.tencent.android.qqdownloader/files/plugin/com.tencent.assistant.plugin.tquic/arm64-v8a/libtquic.so" dev="dm-10" ino=17429 scontext=u:r:untrusted_app_27:s0:c512,c768 tcontext=u:object_r:app_data_file:s0:c512,c768 tclass=file app=com.tencent.android.qqdownloader
05-07 02:00:36.125 5640 5640 I auditd : type=1400 audit(0.0:5919): avc: granted { execute } for comm="wnloader:daemon" path="/data/user/0/com.tencent.android.qqdownloader/files/plugin/com.tencent.assistant.plugin.tquic/arm64-v8a/libtquic-jni.so" dev="dm-10" ino=17428 scontext=u:r:untrusted_app_27:s0:c512,c768 tcontext=u:object_r:app_data_file:s0:c512,c768 tclass=file app=com.tencent.android.qqdownloader
05-07 02:00:38.933 3003 3003 I auditd : type=1400 audit(0.0:5920): avc: granted { read } for comm=4173796E635461736B2023313433 name="arp" dev="proc" ino=4026532247 scontext=u:r:platform_app:s0:c512,c768 tcontext=u:object_r:proc_net:s0 tclass=file app=com.hht.lebocast
05-07 02:00:38.933 3003 3003 I auditd : type=1400 audit(0.0:5921): avc: granted { read open } for comm=4173796E635461736B2023313433 path="/proc/3003/net/arp" dev="proc" ino=4026532247 scontext=u:r:platform_app:s0:c512,c768 tcontext=u:object_r:proc_net:s0 tclass=file app=com.hht.lebocast
05-07 02:00:38.933 3003 3003 I auditd : type=1400 audit(0.0:5922): avc: granted { getattr } for comm=4173796E635461736B2023313433 path="/proc/3003/net/arp" dev="proc" ino=4026532247 scontext=u:r:platform_app:s0:c512,c768 tcontext=u:object_r:proc_net:s0 tclass=file app=com.hht.lebocast
05-07 02:00:38.933 3003 3003 I auditd : type=1400 audit(0.0:5923): avc: granted { getattr } for comm=4173796E635461736B2023313433 path="/proc/3003/net/arp" dev="proc" ino=4026532247 scontext=u:r:platform_app:s0:c512,c768 tcontext=u:object_r:proc_net:s0 tclass=file app=com.hht.lebocast
05-07 02:00:39.337 3003 3003 I auditd : type=1400 audit(0.0:5924): avc: granted { read } for comm=4173796E635461736B2023313434 name="arp" dev="proc" ino=4026532247 scontext=u:r:platform_app:s0:c512,c768 tcontext=u:object_r:proc_net:s0 tclass=file app=com.hht.lebocast
05-07 02:00:40.553 3003 3003 I auditd : type=1400 audit(0.0:5928): avc: granted { read } for comm=4173796E635461736B2023313435 name="arp" dev="proc" ino=4026532247 scontext=u:r:platform_app:s0:c512,c768 tcontext=u:object_r:proc_net:s0 tclass=file app=com.hht.lebocast
05-07 02:00:40.553 3003 3003 I auditd : type=1400 audit(0.0:5929): avc: granted { read open } for comm=4173796E635461736B2023313435 path="/proc/3003/net/arp" dev="proc" ino=4026532247 scontext=u:r:platform_app:s0:c512,c768 tcontext=u:object_r:proc_net:s0 tclass=file app=com.hht.lebocast
05-07 02:00:40.553 3003 3003 I auditd : type=1400 audit(0.0:5930): avc: granted { getattr } for comm=4173796E635461736B2023313435 path="/proc/3003/net/arp" dev="proc" ino=4026532247 scontext=u:r:platform_app:s0:c512,c768 tcontext=u:object_r:proc_net:s0 tclass=file app=com.hht.lebocast
05-07 02:00:40.553 3003 3003 I auditd : type=1400 audit(0.0:5931): avc: granted { getattr } for comm=4173796E635461736B2023313435 path="/proc/3003/net/arp" dev="proc" ino=4026532247 scontext=u:r:platform_app:s0:c512,c768 tcontext=u:object_r:proc_net:s0 tclass=file app=com.hht.lebocast
05-07 02:00:45.425 1092 1723 I netstats_mobile_sample: [0,0,0,0,0,0,0,0,0,0,0,0,1683513907277]
05-07 02:00:45.425 1092 1723 I netstats_wifi_sample: [308,4,568,5,308,4,568,5,228,2,520,4,1683513907277]
05-07 02:00:46.197 3003 3003 I auditd : type=1400 audit(0.0:5932): avc: granted { read } for comm=4173796E635461736B2023313436 name="arp" dev="proc" ino=4026532247 scontext=u:r:platform_app:s0:c512,c768 tcontext=u:object_r:proc_net:s0 tclass=file app=com.hht.lebocast
05-07 02:00:46.197 3003 3003 I auditd : type=1400 audit(0.0:5933): avc: granted { read open } for comm=4173796E635461736B2023313436 path="/proc/3003/net/arp" dev="proc" ino=4026532247 scontext=u:r:platform_app:s0:c512,c768 tcontext=u:object_r:proc_net:s0 tclass=file app=com.hht.lebocast
05-07 02:00:46.197 3003 3003 I auditd : type=1400 audit(0.0:5934): avc: granted { getattr } for comm=4173796E635461736B2023313436 path="/proc/3003/net/arp" dev="proc" ino=4026532247 scontext=u:r:platform_app:s0:c512,c768 tcontext=u:object_r:proc_net:s0 tclass=file app=com.hht.lebocast
05-07 02:00:46.197 3003 3003 I auditd : type=1400 audit(0.0:5935): avc: granted { getattr } for comm=4173796E635461736B2023313436 path="/proc/3003/net/arp" dev="proc" ino=4026532247 scontext=u:r:platform_app:s0:c512,c768 tcontext=u:object_r:proc_net:s0 tclass=file app=com.hht.lebocast
05-07 02:00:48.765 3003 3003 I auditd : type=1400 audit(0.0:5936): avc: granted { read } for comm=4173796E635461736B2023313437 name="arp" dev="proc" ino=4026532247 scontext=u:r:platform_app:s0:c512,c768 tcontext=u:object_r:proc_net:s0 tclass=file app=com.hht.lebocast
05-07 02:00:48.769 3003 3003 I auditd : type=1400 audit(0.0:5937): avc: granted { read open } for comm=4173796E635461736B2023313437 path="/proc/3003/net/arp" dev="proc" ino=4026532247 scontext=u:r:platform_app:s0:c512,c768 tcontext=u:object_r:proc_net:s0 tclass=file app=com.hht.lebocast
05-07 02:00:48.769 3003 3003 I auditd : type=1400 audit(0.0:5938): avc: granted { getattr } for comm=4173796E635461736B2023313437 path="/proc/3003/net/arp" dev="proc" ino=4026532247 scontext=u:r:platform_app:s0:c512,c768 tcontext=u:object_r:proc_net:s0 tclass=file app=com.hht.lebocast
05-07 02:00:48.773 3003 3003 I auditd : type=1400 audit(0.0:5939): avc: granted { getattr } for comm=4173796E635461736B2023313437 path="/proc/3003/net/arp" dev="proc" ino=4026532247 scontext=u:r:platform_app:s0:c512,c768 tcontext=u:object_r:proc_net:s0 tclass=file app=com.hht.lebocast
05-07 02:00:49.145 3003 3003 I auditd : type=1400 audit(0.0:5940): avc: granted { read } for comm=4173796E635461736B2023313438 name="arp" dev="proc" ino=4026532247 scontext=u:r:platform_app:s0:c512,c768 tcontext=u:object_r:proc_net:s0 tclass=file app=com.hht.lebocast
05-07 02:00:49.153 3003 3003 I auditd : type=1400 audit(0.0:5941): avc: granted { read open } for comm=4173796E635461736B2023313438 path="/proc/3003/net/arp" dev="proc" ino=4026532247 scontext=u:r:platform_app:s0:c512,c768 tcontext=u:object_r:proc_net:s0 tclass=file app=com.hht.lebocast
05-07 02:00:49.153 3003 3003 I auditd : type=1400 audit(0.0:5942): avc: granted { getattr } for comm=4173796E635461736B2023313438 path="/proc/3003/net/arp" dev="proc" ino=4026532247 scontext=u:r:platform_app:s0:c512,c768 tcontext=u:object_r:proc_net:s0 tclass=file app=com.hht.lebocast
05-07 02:00:49.345 1092 1893 I sync : [com.tencent.android.qqdownloader.YYBLiveAccountProvider,0,3,24220937]
05-07 02:00:49.441 1092 1893 I sync : [com.tencent.android.qqdownloader.YYBLiveAccountProvider,1,3,24220937]
05-07 02:00:49.449 1092 1893 I commit_sys_config_file: [sync-status,222733]
05-07 02:00:49.467 1092 1893 I sync : [com.tencent.android.qqdownloader.YYBLiveAccountProvider,0,3,24220937]
05-07 02:00:49.560 1092 1893 I sync : [com.tencent.android.qqdownloader.YYBLiveAccountProvider,1,3,24220937]
05-07 02:00:49.570 1092 1893 I commit_sys_config_file: [sync-status,222854]
05-07 02:00:49.777 3003 3003 I auditd : type=1400 audit(0.0:5944): avc: granted { read } for comm=4173796E635461736B2023313233 name="arp" dev="proc" ino=4026532247 scontext=u:r:platform_app:s0:c512,c768 tcontext=u:object_r:proc_net:s0 tclass=file app=com.hht.lebocast
05-07 02:00:49.781 3003 3003 I auditd : type=1400 audit(0.0:5945): avc: granted { read open } for comm=4173796E635461736B2023313233 path="/proc/3003/net/arp" dev="proc" ino=4026532247 scontext=u:r:platform_app:s0:c512,c768 tcontext=u:object_r:proc_net:s0 tclass=file app=com.hht.lebocast
05-07 02:00:49.785 3003 3003 I auditd : type=1400 audit(0.0:5946): avc: granted { getattr } for comm=4173796E635461736B2023313233 path="/proc/3003/net/arp" dev="proc" ino=4026532247 scontext=u:r:platform_app:s0:c512,c768 tcontext=u:object_r:proc_net:s0 tclass=file app=com.hht.lebocast
05-07 02:00:49.785 3003 3003 I auditd : type=1400 audit(0.0:5947): avc: granted { getattr } for comm=4173796E635461736B2023313233 path="/proc/3003/net/arp" dev="proc" ino=4026532247 scontext=u:r:platform_app:s0:c512,c768 tcontext=u:object_r:proc_net:s0 tclass=file app=com.hht.lebocast
05-07 02:00:50.185 3003 3003 I auditd : type=1400 audit(0.0:5948): avc: granted { read } for comm=4173796E635461736B2023313234 name="arp" dev="proc" ino=4026532247 scontext=u:r:platform_app:s0:c512,c768 tcontext=u:object_r:proc_net:s0 tclass=file app=com.hht.lebocast
05-07 02:00:50.781 3003 3003 I auditd : type=1400 audit(0.0:5952): avc: granted { read } for comm=4173796E635461736B2023313235 name="arp" dev="proc" ino=4026532247 scontext=u:r:platform_app:s0:c512,c768 tcontext=u:object_r:proc_net:s0 tclass=file app=com.hht.lebocast
05-07 02:00:50.781 3003 3003 I auditd : type=1400 audit(0.0:5953): avc: granted { read open } for comm=4173796E635461736B2023313235 path="/proc/3003/net/arp" dev="proc" ino=4026532247 scontext=u:r:platform_app:s0:c512,c768 tcontext=u:object_r:proc_net:s0 tclass=file app=com.hht.lebocast
05-07 02:00:50.781 3003 3003 I auditd : type=1400 audit(0.0:5954): avc: granted { getattr } for comm=4173796E635461736B2023313235 path="/proc/3003/net/arp" dev="proc" ino=4026532247 scontext=u:r:platform_app:s0:c512,c768 tcontext=u:object_r:proc_net:s0 tclass=file app=com.hht.lebocast
05-07 02:00:50.785 3003 3003 I auditd : type=1400 audit(0.0:5955): avc: granted { getattr } for comm=4173796E635461736B2023313235 path="/proc/3003/net/arp" dev="proc" ino=4026532247 scontext=u:r:platform_app:s0:c512,c768 tcontext=u:object_r:proc_net:s0 tclass=file app=com.hht.lebocast
05-07 02:00:51.448 1092 1203 I commit_sys_config_file: [jobs,11]
05-07 02:00:52.217 3003 3003 I auditd : type=1400 audit(0.0:5956): avc: granted { read } for comm=4173796E635461736B2023313236 name="arp" dev="proc" ino=4026532247 scontext=u:r:platform_app:s0:c512,c768 tcontext=u:object_r:proc_net:s0 tclass=file app=com.hht.lebocast
05-07 02:00:52.217 3003 3003 I auditd : type=1400 audit(0.0:5957): avc: granted { read open } for comm=4173796E635461736B2023313236 path="/proc/3003/net/arp" dev="proc" ino=4026532247 scontext=u:r:platform_app:s0:c512,c768 tcontext=u:object_r:proc_net:s0 tclass=file app=com.hht.lebocast
05-07 02:00:52.217 3003 3003 I auditd : type=1400 audit(0.0:5958): avc: granted { getattr } for comm=4173796E635461736B2023313236 path="/proc/3003/net/arp" dev="proc" ino=4026532247 scontext=u:r:platform_app:s0:c512,c768 tcontext=u:object_r:proc_net:s0 tclass=file app=com.hht.lebocast
