05-07 01:57:17.757 6658 6658 I auditd : type=1400 audit(0.0:4194): avc: denied { getattr } for comm="getprop" path="/dev/__properties__/u:object_r:ab_update_gki_prop:s0" dev="tmpfs" ino=28191 scontext=u:r:untrusted_app_27:s0:c512,c768 tcontext=u:object_r:ab_update_gki_prop:s0 tclass=file permissive=1 app=com.tencent.android.qqdownloader
05-07 01:57:17.757 6658 6658 I auditd : type=1400 audit(0.0:4195): avc: denied { map } for comm="getprop" path="/dev/__properties__/u:object_r:ab_update_gki_prop:s0" dev="tmpfs" ino=28191 scontext=u:r:untrusted_app_27:s0:c512,c768 tcontext=u:object_r:ab_update_gki_prop:s0 tclass=file permissive=1 app=com.tencent.android.qqdownloader
05-07 01:57:18.605 2117 2117 I auditd : type=1400 audit(0.0:4839): avc: denied { kill } for comm="kworker/u16:20" capability=5 scontext=u:r:kernel:s0 tcontext=u:r:kernel:s0 tclass=capability permissive=1
05-07 01:57:18.909 3003 3003 I auditd : type=1400 audit(0.0:4840): avc: granted { read } for comm=4173796E635461736B20233733 name="arp" dev="proc" ino=4026532247 scontext=u:r:platform_app:s0:c512,c768 tcontext=u:object_r:proc_net:s0 tclass=file app=com.hht.lebocast
05-07 01:57:18.909 3003 3003 I auditd : type=1400 audit(0.0:4841): avc: granted { read open } for comm=4173796E635461736B20233733 path="/proc/3003/net/arp" dev="proc" ino=4026532247 scontext=u:r:platform_app:s0:c512,c768 tcontext=u:object_r:proc_net:s0 tclass=file app=com.hht.lebocast
05-07 01:57:18.909 3003 3003 I auditd : type=1400 audit(0.0:4842): avc: granted { getattr } for comm=4173796E635461736B20233733 path="/proc/3003/net/arp" dev="proc" ino=4026532247 scontext=u:r:platform_app:s0:c512,c768 tcontext=u:object_r:proc_net:s0 tclass=file app=com.hht.lebocast
05-07 01:57:18.913 3003 3003 I auditd : type=1400 audit(0.0:4843): avc: granted { getattr } for comm=4173796E635461736B20233733 path="/proc/3003/net/arp" dev="proc" ino=4026532247 scontext=u:r:platform_app:s0:c512,c768 tcontext=u:object_r:proc_net:s0 tclass=file app=com.hht.lebocast
05-07 01:57:19.556 1092 1747 I storage_state: [41217664-9172-527a-b3d5-edabb50a7d69,0,0,115959291904,118610538496]
05-07 01:57:21.500 1092 1723 I netstats_mobile_sample: [0,0,0,0,0,0,0,0,0,0,0,0,1683513703352]
05-07 01:57:21.500 1092 1723 I netstats_wifi_sample: [308,4,568,5,308,4,568,5,228,2,520,4,1683513703352]
05-07 01:57:22.585 1092 1214 I am_pss : [5640,10100,com.tencent.android.qqdownloader:daemon,163649536,139001856,0,346505216,0,2,23]
05-07 01:57:22.726 1092 1723 I netstats_mobile_sample: [0,0,0,0,0,0,0,0,0,0,0,0,1683513704578]
05-07 01:57:22.727 1092 1723 I netstats_wifi_sample: [308,4,568,5,308,4,568,5,228,2,520,4,1683513704578]
05-07 01:57:24.044 1092 1723 I netstats_mobile_sample: [0,0,0,0,0,0,0,0,0,0,0,0,1683513705893]
05-07 01:57:24.044 1092 1723 I netstats_wifi_sample: [308,4,568,5,308,4,568,5,228,2,520,4,1683513705893]
05-07 01:57:24.341 5683 5683 I auditd : type=1400 audit(0.0:4848): avc: granted { nlmsg_readpriv } for comm="TuringFdCore_74" scontext=u:r:untrusted_app_27:s0:c512,c768 tcontext=u:r:untrusted_app_27:s0:c512,c768 tclass=netlink_route_socket app=com.tencent.android.qqdownloader
05-07 01:57:24.381 6723 6723 I auditd : type=1400 audit(0.0:4849): avc: denied { search } for comm="df" name="vendor" dev="tmpfs" ino=28078 scontext=u:r:untrusted_app_27:s0:c512,c768 tcontext=u:object_r:mnt_vendor_file:s0 tclass=dir permissive=1 app=com.tencent.android.qqdownloader
05-07 01:57:24.381 6723 6723 I auditd : type=1400 audit(0.0:4850): avc: denied { getattr } for comm="df" path="/mnt/vendor/persist" dev="sda2" ino=2 scontext=u:r:untrusted_app_27:s0:c512,c768 tcontext=u:object_r:mnt_vendor_file:s0 tclass=dir permissive=1 app=com.tencent.android.qqdownloader
05-07 01:57:24.381 6723 6723 I auditd : type=1400 audit(0.0:4851): avc: denied { getattr } for comm="df" path="/metadata" dev="sda11" ino=2 scontext=u:r:untrusted_app_27:s0:c512,c768 tcontext=u:object_r:metadata_file:s0 tclass=dir permissive=1 app=com.tencent.android.qqdownloader
05-07 01:57:24.504 1092 1451 I sysui_multi_action: [757,803,799,key_back_press,802,1]
05-07 01:57:24.505 1092 1691 I input_interaction: Interaction with: 6e9f91f com.tencent.android.qqdownloader/com.tencent.assistant.activity.BrowserActivity (server), PointerEventDispatcher0 (server),
05-07 01:57:24.381 6723 6723 I auditd : type=1400 audit(0.0:4852): avc: denied { getattr } for comm="df" path="/vendor/firmware_mnt" dev="sde4" ino=1 scontext=u:r:untrusted_app_27:s0:c512,c768 tcontext=u:object_r:firmware_file:s0 tclass=dir permissive=1 app=com.tencent.android.qqdownloader
05-07 01:57:24.537 1092 6553 I wm_task_moved: [17,1,7]
05-07 01:57:24.538 1092 6553 I wm_set_resumed_activity: [0,com.tencent.android.qqdownloader/com.tencent.assistant.activity.BrowserActivity,positionChildAt]
05-07 01:57:24.538 1092 6553 I wm_create_activity: [0,79324756,17,com.tencent.android.qqdownloader/com.tencent.assistantv2.activity.MainActivity,NULL,NULL,NULL,335544320]
05-07 01:57:24.539 1092 6553 I wm_pause_activity: [0,128489076,com.tencent.android.qqdownloader/com.tencent.assistant.activity.BrowserActivity,userLeaving=true,resumeTopActivityInnerLocked]
05-07 01:57:24.542 1092 1138 I wm_finish_activity: [0,128489076,17,com.tencent.android.qqdownloader/com.tencent.assistant.activity.BrowserActivity,app-request]
05-07 01:57:24.545 5640 5640 I wm_on_top_resumed_lost_called: [128489076,com.tencent.assistant.activity.BrowserActivity,topStateChangedWhenResumed]
05-07 01:57:24.550 5640 5640 I wm_on_paused_called: [128489076,com.tencent.assistant.activity.BrowserActivity,performPause]
05-07 01:57:24.550 1092 1451 I wm_add_to_stopping: [0,128489076,com.tencent.android.qqdownloader/com.tencent.assistant.activity.BrowserActivity,completeFinishing]
05-07 01:57:24.554 1092 1451 I wm_restart_activity: [0,79324756,17,com.tencent.android.qqdownloader/com.tencent.assistantv2.activity.MainActivity]
05-07 01:57:24.558 1092 1451 I wm_set_resumed_activity: [0,com.tencent.android.qqdownloader/com.tencent.assistantv2.activity.MainActivity,minimalResumeActivityLocked]
05-07 01:57:24.566 1092 1204 I sysui_multi_action: [757,803,799,window_time_2,802,20]
05-07 01:57:24.569 1092 1691 I input_focus: [Focus leaving 6e9f91f com.tencent.android.qqdownloader/com.tencent.assistant.activity.BrowserActivity (server),reason=NO_WINDOW]
05-07 01:57:24.578 1092 1451 I wm_new_intent: [0,79324756,17,com.tencent.android.qqdownloader/com.tencent.assistantv2.activity.MainActivity,NULL,NULL,NULL,335544320]
05-07 01:57:24.578 1092 1451 I wm_task_moved: [17,1,7]
05-07 01:57:24.578 1092 1451 I wm_set_resumed_activity: [0,com.tencent.android.qqdownloader/com.tencent.assistantv2.activity.MainActivity,positionChildAt]
05-07 01:57:24.593 1092 6558 I wm_new_intent: [0,79324756,17,com.tencent.android.qqdownloader/com.tencent.assistantv2.activity.MainActivity,NULL,NULL,NULL,335544320]
05-07 01:57:24.593 1092 6558 I wm_task_moved: [17,1,7]
05-07 01:57:24.593 1092 6558 I wm_set_resumed_activity: [0,com.tencent.android.qqdownloader/com.tencent.assistantv2.activity.MainActivity,positionChildAt]
05-07 01:57:24.621 5683 5683 I wm_on_create_called: [79324756,com.tencent.assistantv2.activity.MainActivity,performCreate]
05-07 01:57:24.622 5683 5683 I wm_on_start_called: [79324756,com.tencent.assistantv2.activity.MainActivity,handleStartActivity]
05-07 01:57:24.628 5683 5683 I wm_on_resume_called: [79324756,com.tencent.assistantv2.activity.MainActivity,RESUME_ACTIVITY]
05-07 01:57:24.633 5683 5683 I wm_on_top_resumed_gained_called: [79324756,com.tencent.assistantv2.activity.MainActivity,topStateChangedWhenResumed]
05-07 01:57:24.633 5683 5683 I wm_on_top_resumed_lost_called: [79324756,com.tencent.assistantv2.activity.MainActivity,pausing]
05-07 01:57:24.639 5683 5683 I wm_on_paused_called: [79324756,com.tencent.assistantv2.activity.MainActivity,performPause]
05-07 01:57:24.645 5683 5683 I wm_on_resume_called: [79324756,com.tencent.assistantv2.activity.MainActivity,LIFECYCLER_RESUME_ACTIVITY]
05-07 01:57:24.645 5683 5683 I wm_on_top_resumed_gained_called: [79324756,com.tencent.assistantv2.activity.MainActivity,topWhenResuming]
05-07 01:57:24.645 5683 5683 I wm_on_top_resumed_lost_called: [79324756,com.tencent.assistantv2.activity.MainActivity,pausing]
05-07 01:57:24.647 5683 5683 I wm_on_paused_called: [79324756,com.tencent.assistantv2.activity.MainActivity,performPause]
05-07 01:57:24.653 5683 5683 I wm_on_resume_called: [79324756,com.tencent.assistantv2.activity.MainActivity,LIFECYCLER_RESUME_ACTIVITY]
05-07 01:57:24.653 5683 5683 I wm_on_top_resumed_gained_called: [79324756,com.tencent.assistantv2.activity.MainActivity,topWhenResuming]
05-07 01:57:24.689 1092 1206 I input_focus: [Focus request 2c3c297 com.tencent.android.qqdownloader/com.tencent.assistantv2.activity.MainActivity,reason=UpdateInputWindows]
05-07 01:57:24.730 1092 1201 I wm_activity_launch_time: [0,79324756,com.tencent.android.qqdownloader/com.tencent.assistantv2.activity.MainActivity,200]
05-07 01:57:24.752 1092 1204 I wm_destroy_activity: [0,128489076,17,com.tencent.android.qqdownloader/com.tencent.assistant.activity.BrowserActivity,finish-imm:transit]
05-07 01:57:24.763 1092 1691 I input_focus: [Focus entering 2c3c297 com.tencent.android.qqdownloader/com.tencent.assistantv2.activity.MainActivity (server),reason=Window became focusable. Previous reason: NOT_VISIBLE]
05-07 01:57:24.769 5640 5640 I wm_on_stop_called: [128489076,com.tencent.assistant.activity.BrowserActivity,LIFECYCLER_STOP_ACTIVITY]
05-07 01:57:24.794 5640 5640 I wm_on_destroy_called: [128489076,com.tencent.assistant.activity.BrowserActivity,performDestroy]
05-07 01:57:24.902 1092 6802 I wm_finish_activity: [0,156257641,17,com.tencent.android.qqdownloader/com.tencent.assistant.activity.SplashImplActivity,app-request]
05-07 01:57:24.903 1092 6802 I wm_destroy_activity: [0,156257641,17,com.tencent.android.qqdownloader/com.tencent.assistant.activity.SplashImplActivity,finish-imm:finishIfPossible]
05-07 01:57:24.916 5683 5683 I wm_on_stop_called: [156257641,com.tencent.assistant.activity.SplashImplActivity,LIFECYCLER_STOP_ACTIVITY]
05-07 01:57:24.917 5683 5683 I wm_on_destroy_called: [156257641,com.tencent.assistant.activity.SplashImplActivity,performDestroy]
05-07 01:57:24.950 1092 1214 I am_pss : [4715,10037,com.microsoft.emmx:privileged_process0,65906688,29024256,2470912,182824960,0,19,15]
05-07 01:57:24.978 1092 1214 I am_pss : [4502,10037,com.microsoft.emmx,170994688,128061440,1114112,353394688,0,19,19]
05-07 01:57:25.005 1092 1214 I am_pss : [5601,10070,com.android.gallery3d,7946240,4268032,2127872,67325952,0,19,12]
05-07 01:57:25.345 1092 1723 I netstats_mobile_sample: [0,0,0,0,0,0,0,0,0,0,0,0,1683513707197]
05-07 01:57:25.346 1092 1723 I netstats_wifi_sample: [308,4,568,5,308,4,568,5,228,2,520,4,1683513707197]
05-07 01:57:25.349 5683 5683 I auditd : type=1400 audit(0.0:4879): avc: denied { read } for comm="TuringFdCore_74" name="enforce" dev="selinuxfs" ino=4 scontext=u:r:untrusted_app_27:s0:c512,c768 tcontext=u:object_r:selinuxfs:s0 tclass=file permissive=1 app=com.tencent.android.qqdownloader
05-07 01:57:25.349 5683 5683 I auditd : type=1400 audit(0.0:4880): avc: denied { open } for comm="TuringFdCore_74" path="/sys/fs/selinux/enforce" dev="selinuxfs" ino=4 scontext=u:r:untrusted_app_27:s0:c512,c768 tcontext=u:object_r:selinuxfs:s0 tclass=file permissive=1 app=com.tencent.android.qqdownloader
05-07 01:57:25.353 5683 5683 I auditd : type=1400 audit(0.0:4881): avc: denied { read } for comm="TuringFdCore_74" name="bootstrap" dev="dm-5" ino=3042 scontext=u:r:untrusted_app_27:s0:c512,c768 tcontext=u:object_r:system_bootstrap_lib_file:s0 tclass=dir permissive=1 app=com.tencent.android.qqdownloader
05-07 01:57:26.249 3003 3003 I auditd : type=1400 audit(0.0:4882): avc: granted { read } for comm=4173796E635461736B20233735 name="arp" dev="proc" ino=4026532247 scontext=u:r:platform_app:s0:c512,c768 tcontext=u:object_r:proc_net:s0 tclass=file app=com.hht.lebocast
05-07 01:57:26.249 3003 3003 I auditd : type=1400 audit(0.0:4883): avc: granted { read open } for comm=4173796E635461736B20233735 path="/proc/3003/net/arp" dev="proc" ino=4026532247 scontext=u:r:platform_app:s0:c512,c768 tcontext=u:object_r:proc_net:s0 tclass=file app=com.hht.lebocast
05-07 01:57:26.538 1092 1723 I service_manager_stats: [100,118,27737]
05-07 01:57:26.549 1092 1723 I netstats_mobile_sample: [0,0,0,0,0,0,0,0,0,0,0,0,1683513708401]
05-07 01:57:26.549 1092 1723 I netstats_wifi_sample: [308,4,568,5,308,4,568,5,228,2,520,4,1683513708401]
05-07 01:57:27.240 1092 1214 I am_pss : [5683,10100,com.tencent.android.qqdownloader,108281856,98643968,0,267476992,0,2,23]
05-07 01:57:27.260 1092 1214 I am_pss : [6004,99000,com.android.webview:sandboxed_process0:org.chromium.content.app.SandboxedProcessService0:0,85770240,66363392,0,166723584,0,3,14]
05-07 01:57:27.274 1092 1214 I am_pss : [5004,10074,com.android.webview:webview_service,16276480,5505024,0,91627520,0,3,10]
05-07 01:57:27.287 1092 1214 I am_pss : [6097,10100,com.tencent.android.qqdownloader:live,25814016,21266432,0,139640832,0,5,12]
05-07 01:57:27.691 1092 1723 I netstats_mobile_sample: [0,0,0,0,0,0,0,0,0,0,0,0,1683513709543]
05-07 01:57:27.691 1092 1723 I netstats_wifi_sample: [308,4,568,5,308,4,568,5,228,2,520,4,1683513709543]
05-07 01:57:28.835 1092 1723 I netstats_mobile_sample: [0,0,0,0,0,0,0,0,0,0,0,0,1683513710687]
05-07 01:57:28.835 1092 1723 I netstats_wifi_sample: [308,4,568,5,308,4,568,5,228,2,520,4,1683513710687]
05-07 01:57:29.194 1092 1219 I am_proc_start: [0,6862,10100,com.tencent.ilink.ServiceProcess,service,{com.tencent.android.qqdownloader/com.tencent.luggage.services.WxaStartUpService}]
05-07 01:57:29.242 1092 6328 I am_proc_bound: [0,6862,com.tencent.ilink.ServiceProcess]
05-07 01:57:29.346 1092 1214 I am_pss : [6203,10100,com.tencent.android.qqdownloader:cloud,23124992,19398656,0,130760704,0,3,11]
05-07 01:57:29.329 6862 6862 I auditd : type=1400 audit(0.0:4886): avc: granted { execute } for comm=".ServiceProcess" path="/data/user/0/com.tencent.android.qqdownloader/files/res_hub/yyb/online/wx_lib_host_so_64_10/arm64-v8a/libc++_shared.so" dev="dm-10" ino=13273 scontext=u:r:untrusted_app_27:s0:c512,c768 tcontext=u:object_r:app_data_file:s0:c512,c768 tclass=file app=com.tencent.android.qqdownloader
05-07 01:57:29.333 6862 6862 I auditd : type=1400 audit(0.0:4887): avc: granted { execute } for comm=".ServiceProcess" path="/data/user/0/com.tencent.android.qqdownloader/files/res_hub/yyb/online/wx_lib_host_so_64_10/arm64-v8a/libwechatxlog.so" dev="dm-10" ino=13276 scontext=u:r:untrusted_app_27:s0:c512,c768 tcontext=u:object_r:app_data_file:s0:c512,c768 tclass=file app=com.tencent.android.qqdownloader
05-07 01:57:29.881 3003 3003 I auditd : type=1400 audit(0.0:4888): avc: granted { read } for comm=4173796E635461736B20233736 name="arp" dev="proc" ino=4026532247 scontext=u:r:platform_app:s0:c512,c768 tcontext=u:object_r:proc_net:s0 tclass=file app=com.hht.lebocast
05-07 01:57:29.881 3003 3003 I auditd : type=1400 audit(0.0:4889): avc: granted { read open } for comm=4173796E635461736B20233736 path="/proc/3003/net/arp" dev="proc" ino=4026532247 scontext=u:r:platform_app:s0:c512,c768 tcontext=u:object_r:proc_net:s0 tclass=file app=com.hht.lebocast
05-07 01:57:29.885 3003 3003 I auditd : type=1400 audit(0.0:4890): avc: granted { getattr } for comm=4173796E635461736B20233736 path="/proc/3003/net/arp" dev="proc" ino=4026532247 scontext=u:r:platform_app:s0:c512,c768 tcontext=u:object_r:proc_net:s0 tclass=file app=com.hht.lebocast
05-07 01:57:30.093 1092 1206 I input_focus: [Focus request 1c8225c Panel:com.tencent.android.qqdownloader/com.tencent.assistantv2.activity.MainActivity,reason=UpdateInputWindows]
05-07 01:57:30.130 1092 1206 I input_focus: [Focus request 2c3c297 com.tencent.android.qqdownloader/com.tencent.assistantv2.activity.MainActivity,reason=UpdateInputWindows]
05-07 01:57:30.135 1092 1691 I input_focus: [Focus leaving 2c3c297 com.tencent.android.qqdownloader/com.tencent.assistantv2.activity.MainActivity (server),reason=Waiting for window because NO_WINDOW]
05-07 01:57:30.153 1092 1691 I input_focus: [Focus entering 2c3c297 com.tencent.android.qqdownloader/com.tencent.assistantv2.activity.MainActivity (server),reason=setFocusedWindow]
05-07 01:57:31.383 1092 1092 I notification_enqueue: [10100,5640,com.tencent.android.qqdownloader,127,NULL,0,Notification(channel=channel_id_default_silent shortcut=null contentView=com.tencent.android.qqdownloader/0x7f0a01c2 vibrate=null sound=null defaults=0x0 flags=0x2a2 color=0x00000000 groupKey=com.tencent.android.qqdownloader vis=PRIVATE),1]
05-07 01:57:31.729 6862 6862 I auditd : type=1400 audit(0.0:5584): avc: granted { execute } for comm="Binder:6862_4" path="/data/user/0/com.tencent.android.qqdownloader/app_wxa_sdk_plugin/554172673/wxa_libs/libc++_shared.so" dev="dm-10" ino=13992 scontext=u:r:untrusted_app_27:s0:c512,c768 tcontext=u:object_r:app_data_file:s0:c512,c768 tclass=file app=com.tencent.android.qqdownloader
05-07 01:57:31.729 6862 6862 I auditd : type=1400 audit(0.0:5585): avc: granted { execute } for comm="Binder:6862_4" path="/data/user/0/com.tencent.android.qqdownloader/app_wxa_sdk_plugin/554172673/wxa_libs/libwechatxlog.so" dev="dm-10" ino=14092 scontext=u:r:untrusted_app_27:s0:c512,c768 tcontext=u:object_r:app_data_file:s0:c512,c768 tclass=file app=com.tencent.android.qqdownloader
05-07 01:57:31.733 6862 6862 I auditd : type=1400 audit(0.0:5586): avc: granted { execute } for comm="Binder:6862_4" path="/data/user/0/com.tencent.android.qqdownloader/app_wxa_sdk_plugin/554172673/wxa_libs/libstlport_shared.so" dev="dm-10" ino=14069 scontext=u:r:untrusted_app_27:s0:c512,c768 tcontext=u:object_r:app_data_file:s0:c512,c768 tclass=file app=com.tencent.android.qqdownloader
05-07 01:57:31.753 6862 6862 I auditd : type=1400 audit(0.0:5587): avc: granted { execute } for comm="Binder:6862_4" path="/data/user/0/com.tencent.android.qqdownloader/app_wxa_sdk_plugin/554172673/wxa_libs/libwechatcrash.so" dev="dm-10" ino=14090 scontext=u:r:untrusted_app_27:s0:c512,c768 tcontext=u:object_r:app_data_file:s0:c512,c768 tclass=file app=com.tencent.android.qqdownloader
05-07 01:57:31.757 6862 6862 I auditd : type=1400 audit(0.0:5588): avc: granted { execute } for comm="Binder:6862_4" path="/data/user/0/com.tencent.android.qqdownloader/app_wxa_sdk_plugin/554172673/wxa_libs/libwxaopenruntimejni.so" dev="dm-10" ino=14096 scontext=u:r:untrusted_app_27:s0:c512,c768 tcontext=u:object_r:app_data_file:s0:c512,c768 tclass=file app=com.tencent.android.qqdownloader
05-07 01:57:31.974 5640 6807 I dvm_lock_sample: [com.tencent.android.qqdownloader,0,net_dedicated-296,24,,-1,void com.tencent.assistant.module.callback.CallbackHelper.broadcast(com.tencent.assistant.module.callback.CallbackHelper$Caller),-,-1,void com.tencent.assistant.module.callback.CallbackHelper.broadcast(com.tencent.assistant.module.callback.CallbackHelper$Caller),4]
05-07 01:57:32.112 6862 6939 I dvm_lock_sample: [com.tencent.ilink.ServiceProcess,0,AsyncTask #1,27,MultiProcessMMKV.java,193,com.tencent.luggage.wxa.vl.a com.tencent.luggage.wxa.vl.a.b(java.lang.String, int, com.tencent.mmkv.MMKV),-,213,com.tencent.luggage.wxa.vl.a com.tencent.luggage.wxa.vl.a.b(java.lang.String, int, com.tencent.mmkv.MMKV),5]
05-07 01:57:32.116 1092 1219 I am_proc_start: [0,7022,10100,com.tencent.android.qqdownloader:wxa_container0,service,{com.tencent.android.qqdownloader/com.tencent.luggage.services.WxaProxy_WxaIPCContainerService0}]
05-07 01:57:32.163 1092 6539 I am_proc_bound: [0,7022,com.tencent.android.qqdownloader:wxa_container0]
05-07 01:57:32.265 1092 1214 I am_pss : [6022,10074,com.android.webview:webview_apk,31275008,5132288,8820736,93151232,0,19,12]
05-07 01:57:32.710 7022 7061 I dvm_lock_sample: [com.tencent.android.qqdownloader,0,temporary-3,471,,-1,com.tencent.assistant.daemon.BinderManager com.tencent.assistant.daemon.BinderManager.getInsance(),-,-1,com.tencent.assistant.daemon.BinderManager com.tencent.assistant.daemon.BinderManager.getInsance(),94]
05-07 01:57:32.721 7022 7060 I dvm_lock_sample: [com.tencent.android.qqdownloader,0,SendEventDispatcher,484,,-1,com.tencent.assistant.event.g com.tencent.assistant.event.g.a(),-,-1,com.tencent.assistant.event.g com.tencent.assistant.event.g.a(),96]
05-07 01:57:32.853 6862 6862 I auditd : type=1400 audit(0.0:5603): avc: granted { execute } for comm="Binder:6862_5" path="/data/user/0/com.tencent.android.qqdownloader/app_wxa_sdk_plugin/554172673/wxa_libs/libwcdb.so" dev="dm-10" ino=14082 scontext=u:r:untrusted_app_27:s0:c512,c768 tcontext=u:object_r:app_data_file:s0:c512,c768 tclass=file app=com.tencent.android.qqdownloader
05-07 01:57:32.985 7022 7143 I dvm_lock_sample: [com.tencent.android.qqdownloader,0,DefaultDispatcher-worker-2,173,WxaCommLibHolder.kt,24,void com.tencent.mm.plugin.appbrand.appcache.vr.a(),-,24,void com.tencent.mm.plugin.appbrand.appcache.vr.a(),34]
05-07 01:57:32.957 6862 6862 I auditd : type=1400 audit(0.0:5604): avc: granted { execute } for comm="Binder:6862_5" path="/data/user/0/com.tencent.android.qqdownloader/app_wxa_sdk_plugin/554172673/wxa_libs/libappbrandcommon.so" dev="dm-10" ino=13989 scontext=u:r:untrusted_app_27:s0:c512,c768 tcontext=u:object_r:app_data_file:s0:c512,c768 tclass=file app=com.tencent.android.qqdownloader
05-07 01:57:32.965 7022 7022 I auditd : type=1400 audit(0.0:5605): avc: granted { execute } for comm="DefaultDispatch" path="/data/user/0/com.tencent.android.qqdownloader/app_wxa_sdk_plugin/554172673/wxa_libs/libappbrandcommon.so" dev="dm-10" ino=13989 scontext=u:r:untrusted_app_27:s0:c512,c768 tcontext=u:object_r:app_data_file:s0:c512,c768 tclass=file app=com.tencent.android.qqdownloader
05-07 01:57:32.989 7022 7022 I auditd : type=1400 audit(0.0:5606): avc: granted { execute } for comm="[GT]ColdPool#0" path="/data/user/0/com.tencent.android.qqdownloader/app_wxa_sdk_plugin/554172673/wxa_libs/libandromeda.so" dev="dm-10" ino=13985 scontext=u:r:untrusted_app_27:s0:c512,c768 tcontext=u:object_r:app_data_file:s0:c512,c768 tclass=file app=com.tencent.android.qqdownloader
05-07 01:57:33.077 7022 7022 I auditd : type=1400 audit(0.0:5607): avc: granted { execute } for comm="[GT]ColdPool#0" path="/data/user/0/com.tencent.android.qqdownloader/app_wxa_sdk_plugin/554172673/wxa_libs/libmmv8.so" dev="dm-10" ino=14043 scontext=u:r:untrusted_app_27:s0:c512,c768 tcontext=u:object_r:app_data_file:s0:c512,c768 tclass=file app=com.tencent.android.qqdownloader
05-07 01:57:34.373 7022 7022 I auditd : type=1400 audit(0.0:5622): avc: granted { execute } for comm="[GT]ColdPool#1" path="/data/user/0/com.tencent.android.qqdownloader/app_wxa_sdk_plugin/554172673/wxa_libs/libNLog.so" dev="dm-10" ino=13982 scontext=u:r:untrusted_app_27:s0:c512,c768 tcontext=u:object_r:app_data_file:s0:c512,c768 tclass=file app=com.tencent.android.qqdownloader
05-07 01:57:34.377 7022 7022 I auditd : type=1400 audit(0.0:5623): avc: granted { execute } for comm="[GT]ColdPool#1" path="/data/user/0/com.tencent.android.qqdownloader/app_wxa_sdk_plugin/554172673/wxa_libs/libaudio_common.so" dev="dm-10" ino=13990 scontext=u:r:untrusted_app_27:s0:c512,c768 tcontext=u:object_r:app_data_file:s0:c512,c768 tclass=file app=com.tencent.android.qqdownloader
05-07 01:57:34.605 273 273 I auditd : type=1400 audit(0.0:5624): avc: denied { kill } for comm="kworker/u16:3" capability=5 scontext=u:r:kernel:s0 tcontext=u:r:kernel:s0 tclass=capability permissive=1
05-07 01:57:34.677 3003 3003 I auditd : type=1400 audit(0.0:5625): avc: granted { read } for comm=4173796E635461736B20233738 name="arp" dev="proc" ino=4026532247 scontext=u:r:platform_app:s0:c512,c768 tcontext=u:object_r:proc_net:s0 tclass=file app=com.hht.lebocast
05-07 01:57:34.677 3003 3003 I auditd : type=1400 audit(0.0:5626): avc: granted { read open } for comm=4173796E635461736B20233738 path="/proc/3003/net/arp" dev="proc" ino=4026532247 scontext=u:r:platform_app:s0:c512,c768 tcontext=u:object_r:proc_net:s0 tclass=file app=com.hht.lebocast
05-07 01:57:36.585 6862 6862 I auditd : type=1400 audit(0.0:5629): avc: denied { read } for comm="qimei-thread-1" name="/" dev="dm-5" ino=2 scontext=u:r:untrusted_app_27:s0:c512,c768 tcontext=u:object_r:rootfs:s0 tclass=dir permissive=1 app=com.tencent.android.qqdownloader
05-07 01:57:36.585 6862 6862 I auditd : type=1400 audit(0.0:5630): avc: denied { open } for comm="qimei-thread-1" path="/" dev="dm-5" ino=2 scontext=u:r:untrusted_app_27:s0:c512,c768 tcontext=u:object_r:rootfs:s0 tclass=dir permissive=1 app=com.tencent.android.qqdownloader
05-07 01:57:38.877 3003 3003 I auditd : type=1400 audit(0.0:5631): avc: granted { read } for comm=4173796E635461736B20233739 name="arp" dev="proc" ino=4026532247 scontext=u:r:platform_app:s0:c512,c768 tcontext=u:object_r:proc_net:s0 tclass=file app=com.hht.lebocast
05-07 01:57:38.877 3003 3003 I auditd : type=1400 audit(0.0:5632): avc: granted { read open } for comm=4173796E635461736B20233739 path="/proc/3003/net/arp" dev="proc" ino=4026532247 scontext=u:r:platform_app:s0:c512,c768 tcontext=u:object_r:proc_net:s0 tclass=file app=com.hht.lebocast
05-07 01:57:38.877 3003 3003 I auditd : type=1400 audit(0.0:5633): avc: granted { getattr } for comm=4173796E635461736B20233739 path="/proc/3003/net/arp" dev="proc" ino=4026532247 scontext=u:r:platform_app:s0:c512,c768 tcontext=u:object_r:proc_net:s0 tclass=file app=com.hht.lebocast
05-07 01:57:38.877 3003 3003 I auditd : type=1400 audit(0.0:5634): avc: granted { getattr } for comm=4173796E635461736B20233739 path="/proc/3003/net/arp" dev="proc" ino=4026532247 scontext=u:r:platform_app:s0:c512,c768 tcontext=u:object_r:proc_net:s0 tclass=file app=com.hht.lebocast
05-07 01:57:39.225 3003 3003 I auditd : type=1400 audit(0.0:5635): avc: granted { read } for comm=4173796E635461736B20233830 name="arp" dev="proc" ino=4026532247 scontext=u:r:platform_app:s0:c512,c768 tcontext=u:object_r:proc_net:s0 tclass=file app=com.hht.lebocast
05-07 01:57:39.225 3003 3003 I auditd : type=1400 audit(0.0:5636): avc: granted { read open } for comm=4173796E635461736B20233830 path="/proc/3003/net/arp" dev="proc" ino=4026532247 scontext=u:r:platform_app:s0:c512,c768 tcontext=u:object_r:proc_net:s0 tclass=file app=com.hht.lebocast
05-07 01:57:39.225 3003 3003 I auditd : type=1400 audit(0.0:5637): avc: granted { getattr } for comm=4173796E635461736B20233830 path="/proc/3003/net/arp" dev="proc" ino=4026532247 scontext=u:r:platform_app:s0:c512,c768 tcontext=u:object_r:proc_net:s0 tclass=file app=com.hht.lebocast
05-07 01:57:39.225 3003 3003 I auditd : type=1400 audit(0.0:5638): avc: granted { getattr } for comm=4173796E635461736B20233830 path="/proc/3003/net/arp" dev="proc" ino=4026532247 scontext=u:r:platform_app:s0:c512,c768 tcontext=u:object_r:proc_net:s0 tclass=file app=com.hht.lebocast
05-07 01:57:39.868 1092 1723 I netstats_mobile_sample: [0,0,0,0,0,0,0,0,0,0,0,0,1683513721720]
05-07 01:57:39.868 1092 1723 I netstats_wifi_sample: [308,4,568,5,308,4,568,5,228,2,520,4,1683513721720]
05-07 01:57:39.995 1092 1217 I am_uid_idle: 10092
05-07 01:57:40.213 7022 7022 I auditd : type=1400 audit(0.0:5639): avc: granted { nlmsg_readpriv } for comm="qimei-thread-1" scontext=u:r:untrusted_app_27:s0:c512,c768 tcontext=u:r:untrusted_app_27:s0:c512,c768 tclass=netlink_route_socket app=com.tencent.android.qqdownloader
05-07 01:57:43.697 3003 3003 I auditd : type=1400 audit(0.0:5640): avc: granted { read } for comm=4173796E635461736B20233831 name="arp" dev="proc" ino=4026532247 scontext=u:r:platform_app:s0:c512,c768 tcontext=u:object_r:proc_net:s0 tclass=file app=com.hht.lebocast
05-07 01:57:43.709 3003 3003 I auditd : type=1400 audit(0.0:5641): avc: granted { read open } for comm=4173796E635461736B20233831 path="/proc/3003/net/arp" dev="proc" ino=4026532247 scontext=u:r:platform_app:s0:c512,c768 tcontext=u:object_r:proc_net:s0 tclass=file app=com.hht.lebocast
05-07 01:57:43.709 3003 3003 I auditd : type=1400 audit(0.0:5642): avc: granted { getattr } for comm=4173796E635461736B20233831 path="/proc/3003/net/arp" dev="proc" ino=4026532247 scontext=u:r:platform_app:s0:c512,c768 tcontext=u:object_r:proc_net:s0 tclass=file app=com.hht.lebocast
05-07 01:57:43.709 3003 3003 I auditd : type=1400 audit(0.0:5643): avc: granted { getattr } for comm=4173796E635461736B20233831 path="/proc/3003/net/arp" dev="proc" ino=4026532247 scontext=u:r:platform_app:s0:c512,c768 tcontext=u:object_r:proc_net:s0 tclass=file app=com.hht.lebocast
05-07 01:57:44.097 3003 3003 I auditd : type=1400 audit(0.0:5644): avc: granted { read } for comm=4173796E635461736B20233832 name="arp" dev="proc" ino=4026532247 scontext=u:r:platform_app:s0:c512,c768 tcontext=u:object_r:proc_net:s0 tclass=file app=com.hht.lebocast
05-07 01:57:44.097 3003 3003 I auditd : type=1400 audit(0.0:5645): avc: granted { read open } for comm=4173796E635461736B20233832 path="/proc/3003/net/arp" dev="proc" ino=4026532247 scontext=u:r:platform_app:s0:c512,c768 tcontext=u:object_r:proc_net:s0 tclass=file app=com.hht.lebocast
05-07 01:57:44.097 3003 3003 I auditd : type=1400 audit(0.0:5646): avc: granted { getattr } for comm=4173796E635461736B20233832 path="/proc/3003/net/arp" dev="proc" ino=4026532247 scontext=u:r:platform_app:s0:c512,c768 tcontext=u:object_r:proc_net:s0 tclass=file app=com.hht.lebocast
05-07 01:57:44.101 3003 3003 I auditd : type=1400 audit(0.0:5647): avc: granted { getattr } for comm=4173796E635461736B20233832 path="/proc/3003/net/arp" dev="proc" ino=4026532247 scontext=u:r:platform_app:s0:c512,c768 tcontext=u:object_r:proc_net:s0 tclass=file app=com.hht.lebocast
05-07 01:57:48.525 3003 3003 I auditd : type=1400 audit(0.0:5648): avc: granted { read } for comm=4173796E635461736B20233833 name="arp" dev="proc" ino=4026532247 scontext=u:r:platform_app:s0:c512,c768 tcontext=u:object_r:proc_net:s0 tclass=file app=com.hht.lebocast
05-07 01:57:48.525 3003 3003 I auditd : type=1400 audit(0.0:5649): avc: granted { read open } for comm=4173796E635461736B20233833 path="/proc/3003/net/arp" dev="proc" ino=4026532247 scontext=u:r:platform_app:s0:c512,c768 tcontext=u:object_r:proc_net:s0 tclass=file app=com.hht.lebocast
05-07 01:57:48.525 3003 3003 I auditd : type=1400 audit(0.0:5650): avc: granted { getattr } for comm=4173796E635461736B20233833 path="/proc/3003/net/arp" dev="proc" ino=4026532247 scontext=u:r:platform_app:s0:c512,c768 tcontext=u:object_r:proc_net:s0 tclass=file app=com.hht.lebocast
05-07 01:57:48.525 3003 3003 I auditd : type=1400 audit(0.0:5651): avc: granted { getattr } for comm=4173796E635461736B20233833 path="/proc/3003/net/arp" dev="proc" ino=4026532247 scontext=u:r:platform_app:s0:c512,c768 tcontext=u:object_r:proc_net:s0 tclass=file app=com.hht.lebocast
05-07 01:57:48.809 3003 3003 I auditd : type=1400 audit(0.0:5652): avc: granted { read } for comm=4173796E635461736B20233834 name="arp" dev="proc" ino=4026532247 scontext=u:r:platform_app:s0:c512,c768 tcontext=u:object_r:proc_net:s0 tclass=file app=com.hht.lebocast
05-07 01:57:48.809 3003 3003 I auditd : type=1400 audit(0.0:5653): avc: granted { read open } for comm=4173796E635461736B20233834 path="/proc/3003/net/arp" dev="proc" ino=4026532247 scontext=u:r:platform_app:s0:c512,c768 tcontext=u:object_r:proc_net:s0 tclass=file app=com.hht.lebocast
05-07 01:57:49.529 3003 3003 I auditd : type=1400 audit(0.0:5656): avc: granted { read } for comm=4173796E635461736B20233835 name="arp" dev="proc" ino=4026532247 scontext=u:r:platform_app:s0:c512,c768 tcontext=u:object_r:proc_net:s0 tclass=file app=com.hht.lebocast
05-07 01:57:49.537 3003 3003 I auditd : type=1400 audit(0.0:5657): avc: granted { read open } for comm=4173796E635461736B20233835 path="/proc/3003/net/arp" dev="proc" ino=4026532247 scontext=u:r:platform_app:s0:c512,c768 tcontext=u:object_r:proc_net:s0 tclass=file app=com.hht.lebocast
05-07 01:57:49.537 3003 3003 I auditd : type=1400 audit(0.0:5658): avc: granted { getattr } for comm=4173796E635461736B20233835 path="/proc/3003/net/arp" dev="proc" ino=4026532247 scontext=u:r:platform_app:s0:c512,c768 tcontext=u:object_r:proc_net:s0 tclass=file app=com.hht.lebocast
05-07 01:57:49.541 3003 3003 I auditd : type=1400 audit(0.0:5659): avc: granted { getattr } for comm=4173796E635461736B20233835 path="/proc/3003/net/arp" dev="proc" ino=4026532247 scontext=u:r:platform_app:s0:c512,c768 tcontext=u:object_r:proc_net:s0 tclass=file app=com.hht.lebocast
05-07 01:57:52.185 3003 3003 I auditd : type=1400 audit(0.0:5660): avc: granted { read } for comm=4173796E635461736B20233836 name="arp" dev="proc" ino=4026532247 scontext=u:r:platform_app:s0:c512,c768 tcontext=u:object_r:proc_net:s0 tclass=file app=com.hht.lebocast
05-07 01:57:52.193 3003 3003 I auditd : type=1400 audit(0.0:5661): avc: granted { read open } for comm=4173796E635461736B20233836 path="/proc/3003/net/arp" dev="proc" ino=4026532247 scontext=u:r:platform_app:s0:c512,c768 tcontext=u:object_r:proc_net:s0 tclass=file app=com.hht.lebocast
05-07 01:57:52.193 3003 3003 I auditd : type=1400 audit(0.0:5662): avc: granted { getattr } for comm=4173796E635461736B20233836 path="/proc/3003/net/arp" dev="proc" ino=4026532247 scontext=u:r:platform_app:s0:c512,c768 tcontext=u:object_r:proc_net:s0 tclass=file app=com.hht.lebocast
05-07 01:57:52.197 3003 3003 I auditd : type=1400 audit(0.0:5663): avc: granted { getattr } for comm=4173796E635461736B20233836 path="/proc/3003/net/arp" dev="proc" ino=4026532247 scontext=u:r:platform_app:s0:c512,c768 tcontext=u:object_r:proc_net:s0 tclass=file app=com.hht.lebocast
05-07 01:57:52.362 1092 1723 I netstats_mobile_sample: [0,0,0,0,0,0,0,0,0,0,0,0,1683513734214]
05-07 01:57:52.362 1092 1723 I netstats_wifi_sample: [308,4,568,5,308,4,568,5,228,2,520,4,1683513734214]
05-07 01:57:54.297 1092 1893 I sync : [com.tencent.android.qqdownloader.YYBLiveAccountProvider,0,3,24220937]
05-07 01:57:54.316 1092 1214 I am_pss : [6862,10100,com.tencent.ilink.ServiceProcess,96734208,88145920,0,217149440,0,3,14]
05-07 01:57:54.329 1092 1214 I am_pss : [5004,10074,com.android.webview:webview_service,15892480,5390336,0,87961600,0,3,10]
05-07 01:57:54.343 1092 1214 I am_pss : [6203,10100,com.tencent.android.qqdownloader:cloud,26699776,21680128,0,131911680,0,3,12]
05-07 01:57:54.357 1092 1893 I sync : [com.tencent.android.qqdownloader.YYBLiveAccountProvider,1,3,24220937]
05-07 01:57:54.361 1092 1893 I commit_sys_config_file: [sync-status,47645]
05-07 01:57:54.367 1092 1214 I am_pss : [5640,10100,com.tencent.android.qqdownloader:daemon,145011712,119439360,0,321888256,0,3,20]
05-07 01:57:54.369 1092 1893 I sync : [com.tencent.android.qqdownloader.YYBLiveAccountProvider,0,3,24220937]
05-07 01:57:54.392 1092 1214 I am_pss : [6004,99000,com.android.webview:sandboxed_process0:org.chromium.content.app.SandboxedProcessService0:0,61859840,42610688,0,140148736,0,3,12]
05-07 01:57:54.414 1092 1214 I am_pss : [7022,10100,com.tencent.android.qqdownloader:wxa_container0,149819392,141012992,0,276455424,0,19,18]
05-07 01:57:54.429 1092 1214 I am_pss : [6022,10074,com.android.webview:webview_apk,31223808,5144576,8749056,93249536,0,19,10]
05-07 01:57:54.430 1092 1893 I sync : [com.tencent.android.qqdownloader.YYBLiveAccountProvider,1,3,24220937]
05-07 01:57:54.436 1092 1893 I commit_sys_config_file: [sync-status,47720]
05-07 01:57:54.443 1092 1214 I am_pss : [6097,10100,com.tencent.android.qqdownloader:live,29487104,24088576,0,140414976,0,5,11]
05-07 01:57:55.570 1092 1723 I netstats_mobile_sample: [0,0,0,0,0,0,0,0,0,0,0,0,1683513737422]
05-07 01:57:55.570 1092 1723 I netstats_wifi_sample: [308,4,568,5,308,4,568,5,228,2,520,4,1683513737422]
05-07 01:57:55.794 1092 6539 I am_uid_running: 90000
05-07 01:57:56.000 1092 1219 I am_proc_start: [0,7335,90000,com.microsoft.emmx:sandboxed_process0:org.chromium.content.app.SandboxedProcessService0:13,,{com.microsoft.emmx/org.chromium.content.app.SandboxedProcessService0:13}]
05-07 01:57:56.053 1092 6539 I am_proc_bound: [0,7335,com.microsoft.emmx:sandboxed_process0:org.chromium.content.app.SandboxedProcessService0:13]
05-07 01:57:56.201 7335 7335 I auditd : type=1400 audit(0.0:5664): avc: denied { setattr } for comm="ThreadPoolForeg" name="adblock_snippet.js" dev="dm-10" ino=12404 scontext=u:r:isolated_app:s0:c512,c768 tcontext=u:object_r:privapp_data_file:s0:c512,c768 tclass=file permissive=1
05-07 01:57:56.368 1092 1203 I commit_sys_config_file: [jobs,11]
05-07 01:57:56.398 1092 1451 I am_kill : [0,7335,com.microsoft.emmx:sandboxed_process0:org.chromium.content.app.SandboxedProcessService0:13,0,isolated not needed]
05-07 01:57:56.432 1092 1214 I am_pss : [4502,10037,com.microsoft.emmx,161556480,122957824,2875392,344100864,0,19,19]
05-07 01:57:56.632 1092 1451 I am_proc_died: [0,7335,com.microsoft.emmx:sandboxed_process0:org.chromium.content.app.SandboxedProcessService0:13,0,10]
05-07 01:57:56.632 1092 1451 I am_uid_stopped: 90000
05-07 01:57:56.613 162 162 I auditd : type=1400 audit(0.0:5665): avc: denied { kill } for comm="kworker/2:1" capability=5 scontext=u:r:kernel:s0 tcontext=u:r:kernel:s0 tclass=capability permissive=1
05-07 01:57:56.683 1092 1214 I am_pss : [4715,10037,com.microsoft.emmx:privileged_process0,60702720,28536832,2609152,178688000,0,19,15]
05-07 01:57:56.704 1092 1214 I am_pss : [6131,10072,com.android.inputmethod.latin,9206784,6049792,2345984,62300160,0,19,11]
05-07 01:57:56.718 1092 1214 I am_pss : [5601,10070,com.android.gallery3d,7888896,3969024,2462720,64188416,0,19,11]
05-07 01:57:58.410 1092 6328 I am_uid_running: 90001
05-07 01:57:58.473 1092 1219 I am_proc_start: [0,7360,90001,com.microsoft.emmx:sandboxed_process0:org.chromium.content.app.SandboxedProcessService0:14,,{com.microsoft.emmx/org.chromium.content.app.SandboxedProcessService0:14}]
05-07 01:57:58.521 1092 6328 I am_proc_bound: [0,7360,com.microsoft.emmx:sandboxed_process0:org.chromium.content.app.SandboxedProcessService0:14]
05-07 01:57:58.669 7360 7360 I auditd : type=1400 audit(0.0:5666): avc: denied { setattr } for comm="ThreadPoolForeg" name="domain_list_output_encoded_base64.txt" dev="dm-10" ino=12420 scontext=u:r:isolated_app:s0:c512,c768 tcontext=u:object_r:privapp_data_file:s0:c512,c768 tclass=file permissive=1
05-07 01:57:58.718 1092 6328 I am_kill : [0,7360,com.microsoft.emmx:sandboxed_process0:org.chromium.content.app.SandboxedProcessService0:14,0,isolated not needed]
05-07 01:57:58.845 3003 3003 I auditd : type=1400 audit(0.0:5667): avc: granted { read } for comm=4173796E635461736B20233837 name="arp" dev="proc" ino=4026532247 scontext=u:r:platform_app:s0:c512,c768 tcontext=u:object_r:proc_net:s0 tclass=file app=com.hht.lebocast
05-07 01:57:58.845 3003 3003 I auditd : type=1400 audit(0.0:5668): avc: granted { read open } for comm=4173796E635461736B20233837 path="/proc/3003/net/arp" dev="proc" ino=4026532247 scontext=u:r:platform_app:s0:c512,c768 tcontext=u:object_r:proc_net:s0 tclass=file app=com.hht.lebocast
05-07 01:57:58.845 3003 3003 I auditd : type=1400 audit(0.0:5669): avc: granted { getattr } for comm=4173796E635461736B20233837 path="/proc/3003/net/arp" dev="proc" ino=4026532247 scontext=u:r:platform_app:s0:c512,c768 tcontext=u:object_r:proc_net:s0 tclass=file app=com.hht.lebocast
05-07 01:57:58.950 1092 6328 I am_proc_died: [0,7360,com.microsoft.emmx:sandboxed_process0:org.chromium.content.app.SandboxedProcessService0:14,0,10]
05-07 01:57:58.952 1092 6328 I am_uid_stopped: 90001
05-07 01:57:58.849 3003 3003 I auditd : type=1400 audit(0.0:5670): avc: granted { getattr } for comm=4173796E635461736B20233837 path="/proc/3003/net/arp" dev="proc" ino=4026532247 scontext=u:r:platform_app:s0:c512,c768 tcontext=u:object_r:proc_net:s0 tclass=file app=com.hht.lebocast
05-07 01:58:00.381 3003 3003 I auditd : type=1400 audit(0.0:5676): avc: granted { read } for comm=4173796E635461736B20233839 name="arp" dev="proc" ino=4026532247 scontext=u:r:platform_app:s0:c512,c768 tcontext=u:object_r:proc_net:s0 tclass=file app=com.hht.lebocast
05-07 01:58:00.381 3003 3003 I auditd : type=1400 audit(0.0:5677): avc: granted { read open } for comm=4173796E635461736B20233839 path="/proc/3003/net/arp" dev="proc" ino=4026532247 scontext=u:r:platform_app:s0:c512,c768 tcontext=u:object_r:proc_net:s0 tclass=file app=com.hht.lebocast
05-07 01:58:00.381 3003 3003 I auditd : type=1400 audit(0.0:5678): avc: granted { getattr } for comm=4173796E635461736B20233839 path="/proc/3003/net/arp" dev="proc" ino=4026532247 scontext=u:r:platform_app:s0:c512,c768 tcontext=u:object_r:proc_net:s0 tclass=file app=com.hht.lebocast
05-07 01:58:00.381 3003 3003 I auditd : type=1400 audit(0.0:5679): avc: granted { getattr } for comm=4173796E635461736B20233839 path="/proc/3003/net/arp" dev="proc" ino=4026532247 scontext=u:r:platform_app:s0:c512,c768 tcontext=u:object_r:proc_net:s0 tclass=file app=com.hht.lebocast
05-07 01:58:01.497 3003 3003 I auditd : type=1400 audit(0.0:5680): avc: granted { read } for comm=4173796E635461736B20233930 name="arp" dev="proc" ino=4026532247 scontext=u:r:platform_app:s0:c512,c768 tcontext=u:object_r:proc_net:s0 tclass=file app=com.hht.lebocast
05-07 01:58:01.497 3003 3003 I auditd : type=1400 audit(0.0:5681): avc: granted { read open } for comm=4173796E635461736B20233930 path="/proc/3003/net/arp" dev="proc" ino=4026532247 scontext=u:r:platform_app:s0:c512,c768 tcontext=u:object_r:proc_net:s0 tclass=file app=com.hht.lebocast
05-07 01:58:01.497 3003 3003 I auditd : type=1400 audit(0.0:5682): avc: granted { getattr } for comm=4173796E635461736B20233930 path="/proc/3003/net/arp" dev="proc" ino=4026532247 scontext=u:r:platform_app:s0:c512,c768 tcontext=u:object_r:proc_net:s0 tclass=file app=com.hht.lebocast
05-07 01:58:01.501 3003 3003 I auditd : type=1400 audit(0.0:5683): avc: granted { getattr } for comm=4173796E635461736B20233930 path="/proc/3003/net/arp" dev="proc" ino=4026532247 scontext=u:r:platform_app:s0:c512,c768 tcontext=u:object_r:proc_net:s0 tclass=file app=com.hht.lebocast
05-07 01:58:01.753 1092 1217 I am_uid_idle: 10037
05-07 01:58:01.863 1092 1217 I am_uid_idle: 10029
05-07 01:58:03.949 1092 1092 I auditd : type=1400 audit(0.0:5684): avc: denied { getpgid } for comm="ActivityManager" scontext=u:r:system_server:s0 tcontext=u:r:app_zygote:s0:c512,c768 tclass=process permissive=1
05-07 01:58:04.373 3003 3003 I auditd : type=1400 audit(0.0:5685): avc: granted { read } for comm=4173796E635461736B20233931 name="arp" dev="proc" ino=4026532247 scontext=u:r:platform_app:s0:c512,c768 tcontext=u:object_r:proc_net:s0 tclass=file app=com.hht.lebocast
05-07 01:58:04.373 3003 3003 I auditd : type=1400 audit(0.0:5686): avc: granted { read open } for comm=4173796E635461736B20233931 path="/proc/3003/net/arp" dev="proc" ino=4026532247 scontext=u:r:platform_app:s0:c512,c768 tcontext=u:object_r:proc_net:s0 tclass=file app=com.hht.lebocast
05-07 01:58:04.373 3003 3003 I auditd : type=1400 audit(0.0:5687): avc: granted { getattr } for comm=4173796E635461736B20233931 path="/proc/3003/net/arp" dev="proc" ino=4026532247 scontext=u:r:platform_app:s0:c512,c768 tcontext=u:object_r:proc_net:s0 tclass=file app=com.hht.lebocast
05-07 01:58:04.373 3003 3003 I auditd : type=1400 audit(0.0:5688): avc: granted { getattr } for comm=4173796E635461736B20233931 path="/proc/3003/net/arp" dev="proc" ino=4026532247 scontext=u:r:platform_app:s0:c512,c768 tcontext=u:object_r:proc_net:s0 tclass=file app=com.hht.lebocast
05-07 01:58:07.959 1092 1217 I am_uid_idle: 10067
05-07 01:58:10.465 1092 1723 I service_manager_slow: [10,alarm]
05-07 01:58:10.512 1092 1723 I netstats_mobile_sample: [0,0,0,0,0,0,0,0,0,0,0,0,1683513752364]
05-07 01:58:10.512 1092 1723 I netstats_wifi_sample: [308,4,568,5,308,4,568,5,228,2,520,4,1683513752364]
05-07 01:58:10.825 3003 3003 I auditd : type=1400 audit(0.0:5689): avc: granted { read } for comm=4173796E635461736B20233932 name="arp" dev="proc" ino=4026532247 scontext=u:r:platform_app:s0:c512,c768 tcontext=u:object_r:proc_net:s0 tclass=file app=com.hht.lebocast
05-07 01:58:10.825 3003 3003 I auditd : type=1400 audit(0.0:5690): avc: granted { read open } for comm=4173796E635461736B20233932 path="/proc/3003/net/arp" dev="proc" ino=4026532247 scontext=u:r:platform_app:s0:c512,c768 tcontext=u:object_r:proc_net:s0 tclass=file app=com.hht.lebocast
05-07 01:58:10.825 3003 3003 I auditd : type=1400 audit(0.0:5691): avc: granted { getattr } for comm=4173796E635461736B20233932 path="/proc/3003/net/arp" dev="proc" ino=4026532247 scontext=u:r:platform_app:s0:c512,c768 tcontext=u:object_r:proc_net:s0 tclass=file app=com.hht.lebocast
05-07 01:58:10.825 3003 3003 I auditd : type=1400 audit(0.0:5692): avc: granted { getattr } for comm=4173796E635461736B20233932 path="/proc/3003/net/arp" dev="proc" ino=4026532247 scontext=u:r:platform_app:s0:c512,c768 tcontext=u:object_r:proc_net:s0 tclass=file app=com.hht.lebocast
05-07 01:58:10.861 3003 3003 I auditd : type=1400 audit(0.0:5693): avc: granted { read } for comm=4173796E635461736B20233933 name="arp" dev="proc" ino=4026532247 scontext=u:r:platform_app:s0:c512,c768 tcontext=u:object_r:proc_net:s0 tclass=file app=com.hht.lebocast
05-07 01:58:10.861 3003 3003 I auditd : type=1400 audit(0.0:5694): avc: granted { read open } for comm=4173796E635461736B20233933 path="/proc/3003/net/arp" dev="proc" ino=4026532247 scontext=u:r:platform_app:s0:c512,c768 tcontext=u:object_r:proc_net:s0 tclass=file app=com.hht.lebocast
05-07 01:58:10.861 3003 3003 I auditd : type=1400 audit(0.0:5695): avc: granted { getattr } for comm=4173796E635461736B20233933 path="/proc/3003/net/arp" dev="proc" ino=4026532247 scontext=u:r:platform_app:s0:c512,c768 tcontext=u:object_r:proc_net:s0 tclass=file app=com.hht.lebocast
05-07 01:58:12.257 3003 3003 I auditd : type=1400 audit(0.0:5697): avc: granted { read } for comm=4173796E635461736B20233934 name="arp" dev="proc" ino=4026532247 scontext=u:r:platform_app:s0:c512,c768 tcontext=u:object_r:proc_net:s0 tclass=file app=com.hht.lebocast
05-07 01:58:12.257 3003 3003 I auditd : type=1400 audit(0.0:5698): avc: granted { read open } for comm=4173796E635461736B20233934 path="/proc/3003/net/arp" dev="proc" ino=4026532247 scontext=u:r:platform_app:s0:c512,c768 tcontext=u:object_r:proc_net:s0 tclass=file app=com.hht.lebocast
05-07 01:58:12.261 3003 3003 I auditd : type=1400 audit(0.0:5699): avc: granted { getattr } for comm=4173796E635461736B20233934 path="/proc/3003/net/arp" dev="proc" ino=4026532247 scontext=u:r:platform_app:s0:c512,c768 tcontext=u:object_r:proc_net:s0 tclass=file app=com.hht.lebocast
05-07 01:58:12.261 3003 3003 I auditd : type=1400 audit(0.0:5700): avc: granted { getattr } for comm=4173796E635461736B20233934 path="/proc/3003/net/arp" dev="proc" ino=4026532247 scontext=u:r:platform_app:s0:c512,c768 tcontext=u:object_r:proc_net:s0 tclass=file app=com.hht.lebocast
05-07 01:58:12.903 1092 1217 I am_uid_idle: 10026
05-07 01:58:17.606 1092 1242 I sysui_multi_action: [757,1696,758,6,759,2]
05-07 01:58:17.612 1092 1217 I am_wtf : [0,1092,system_server,-1,DisplayDeviceConfig,requesting nits when no mapping exists.]
05-07 01:58:17.618 1092 1217 I am_wtf : [0,1092,system_server,-1,DisplayDeviceConfig,requesting nits when no mapping exists.]
05-07 01:58:17.655 1092 1217 I am_wtf : [0,1092,system_server,-1,DisplayDeviceConfig,requesting nits when no mapping exists.]
05-07 01:58:17.667 1092 1217 I am_wtf : [0,1092,system_server,-1,DisplayDeviceConfig,requesting nits when no mapping exists.]
05-07 01:58:17.683 1092 1217 I am_wtf : [0,1092,system_server,-1,DisplayDeviceConfig,requesting nits when no mapping exists.]
05-07 01:58:17.690 1092 1217 I am_wtf : [0,1092,system_server,-1,DisplayDeviceConfig,requesting nits when no mapping exists.]
05-07 01:58:17.742 1092 1217 I am_wtf : [0,1092,system_server,-1,DisplayDeviceConfig,requesting nits when no mapping exists.]
05-07 01:58:17.746 1092 1217 I am_wtf : [0,1092,system_server,-1,DisplayDeviceConfig,requesting nits when no mapping exists.]
05-07 01:58:17.775 1092 1217 I am_wtf : [0,1092,system_server,-1,DisplayDeviceConfig,requesting nits when no mapping exists.]
05-07 01:58:17.779 1092 1217 I am_wtf : [0,1092,system_server,-1,DisplayDeviceConfig,requesting nits when no mapping exists.]
05-07 01:58:17.803 1092 1217 I am_wtf : [0,1092,system_server,-1,DisplayDeviceConfig,requesting nits when no mapping exists.]
05-07 01:58:17.804 1092 1217 I am_wtf : [0,1092,system_server,-1,DisplayDeviceConfig,requesting nits when no mapping exists.]
05-07 01:58:17.854 1092 1217 I am_wtf : [0,1092,system_server,-1,DisplayDeviceConfig,requesting nits when no mapping exists.]
05-07 01:58:17.855 1092 1217 I am_wtf : [0,1092,system_server,-1,DisplayDeviceConfig,requesting nits when no mapping exists.]
05-07 01:58:17.903 1092 1217 I am_wtf : [0,1092,system_server,-1,DisplayDeviceConfig,requesting nits when no mapping exists.]
05-07 01:58:17.906 1092 1217 I am_wtf : [0,1092,system_server,-1,DisplayDeviceConfig,requesting nits when no mapping exists.]
05-07 01:58:17.932 1092 1217 I am_wtf : [0,1092,system_server,-1,DisplayDeviceConfig,requesting nits when no mapping exists.]
05-07 01:58:17.935 1092 1217 I am_wtf : [0,1092,system_server,-1,DisplayDeviceConfig,requesting nits when no mapping exists.]
05-07 01:58:17.983 1092 1217 I am_wtf : [0,1092,system_server,-1,DisplayDeviceConfig,requesting nits when no mapping exists.]
05-07 01:58:17.985 1092 1217 I am_wtf : [0,1092,system_server,-1,DisplayDeviceConfig,requesting nits when no mapping exists.]
05-07 01:58:18.029 1092 1217 I am_wtf : [0,1092,system_server,-1,DisplayDeviceConfig,requesting nits when no mapping exists.]
05-07 01:58:18.032 1092 1217 I am_wtf : [0,1092,system_server,-1,DisplayDeviceConfig,requesting nits when no mapping exists.]
05-07 01:58:18.068 1092 1217 I am_wtf : [0,1092,system_server,-1,DisplayDeviceConfig,requesting nits when no mapping exists.]
05-07 01:58:18.070 1092 1217 I am_wtf : [0,1092,system_server,-1,DisplayDeviceConfig,requesting nits when no mapping exists.]
05-07 01:58:18.097 1092 1217 I am_wtf : [0,1092,system_server,-1,DisplayDeviceConfig,requesting nits when no mapping exists.]
05-07 01:58:18.101 1092 1217 I am_wtf : [0,1092,system_server,-1,DisplayDeviceConfig,requesting nits when no mapping exists.]
