05-07 02:10:47.619 8607 8607 W System.err: at com.taptap.infra.log.common.track.retrofit.legacy.ClickHelper.storeTrackParams2Pager(ClickHelper.kt:20)
05-07 02:10:47.619 8607 8607 W System.err: at com.taptap.infra.log.common.track.retrofit.aspectj.ClickAspect.clickEvent(ClickAspect.kt:25)
05-07 02:10:47.619 8607 8607 W System.err: at com.taptap.other.basic.impl.ui.HomeBottomBar.onClick(HomeBottomBar.java:364)
05-07 02:10:47.619 8607 8607 W System.err: at android.view.View.performClick(View.java:7441)
05-07 02:10:47.619 8607 8607 W System.err: at android.view.View.performClickInternal(View.java:7418)
05-07 02:10:47.619 8607 8607 W System.err: at android.view.View.access$3700(View.java:835)
05-07 02:10:47.619 8607 8607 W System.err: at android.view.View$PerformClick.run(View.java:28681)
05-07 02:10:47.619 8607 8607 W System.err: at android.os.Handler.handleCallback(Handler.java:938)
05-07 02:10:47.620 8607 8607 W System.err: at android.os.Handler.dispatchMessage(Handler.java:99)
05-07 02:10:47.620 8607 8607 W System.err: at android.os.Looper.loopOnce(Looper.java:201)
05-07 02:10:47.620 8607 8607 W System.err: at android.os.Looper.loop(Looper.java:288)
05-07 02:10:47.620 8607 8607 W System.err: at android.app.ActivityThread.main(ActivityThread.java:7880)
05-07 02:10:47.620 8607 8607 W System.err: at java.lang.reflect.Method.invoke(Native Method)
05-07 02:10:47.620 8607 8607 W System.err: at com.android.internal.os.RuntimeInit$MethodAndArgsCaller.run(RuntimeInit.java:548)
05-07 02:10:47.620 8607 8607 W System.err: at com.android.internal.os.ZygoteInit.main(ZygoteInit.java:1009)
05-07 02:10:47.621 8607 9013 W System.err: java.lang.IllegalStateException: View com.taptap.other.basic.impl.ui.home.bottombar.HomeBottomItemView{e96dd43 VFE...C.. ..SP.... 0,0-87,81} does not have a Fragment set
05-07 02:10:47.621 8607 9013 W System.err: at androidx.fragment.app.FragmentManager.findFragment(FragmentManager.java:795)
05-07 02:10:47.621 8607 9013 W System.err: at com.taptap.infra.log.common.log.extension.NavLogExtensionsKt.findCurFragment(NavLogExtensions.kt:17)
05-07 02:10:47.621 8607 9013 W System.err: at com.taptap.infra.log.common.logs.TapLogsHelper$Companion.generateLogs(TapLogsHelper.kt:473)
05-07 02:10:47.622 8607 9013 W System.err: at com.taptap.infra.log.common.logs.TapLogsHelper$Companion$click$1.invokeSuspend(TapLogsHelper.kt:216)
05-07 02:10:47.622 8607 9013 W System.err: at kotlin.coroutines.jvm.internal.BaseContinuationImpl.resumeWith(ContinuationImpl.kt:33)
05-07 02:10:47.622 8607 9013 W System.err: at kotlinx.coroutines.DispatchedTask.run(DispatchedTask.kt:106)
05-07 02:10:47.622 8607 9013 W System.err: at java.util.concurrent.Executors$RunnableAdapter.call(Executors.java:462)
05-07 02:10:47.622 8607 9013 W System.err: at java.util.concurrent.FutureTask.run(FutureTask.java:266)
05-07 02:10:47.622 8607 9013 W System.err: at java.util.concurrent.ScheduledThreadPoolExecutor$ScheduledFutureTask.run(ScheduledThreadPoolExecutor.java:301)
05-07 02:10:47.622 8607 9013 W System.err: at java.util.concurrent.ThreadPoolExecutor.runWorker(ThreadPoolExecutor.java:1167)
05-07 02:10:47.622 8607 9013 W System.err: at java.util.concurrent.ThreadPoolExecutor$Worker.run(ThreadPoolExecutor.java:641)
05-07 02:10:47.622 8607 9013 W System.err: at java.lang.Thread.run(Thread.java:920)
01-01 08:18:31.294 0 0 E : [MAX975X:max96755g_write_bytes] *ERROR* i2c master send 0x80 err
01-01 08:18:31.395 0 0 E i2c_geni 980000.i2c: i2c error :-107
01-01 08:18:31.407 0 0 E : [MAX975X:max96755x_vc1_lcd_dtc_check] *ERROR* Failed to read dev:0x15 addr:0x80
01-01 08:18:31.416 0 0 E i2c_geni 980000.i2c: i2c error :-107
01-01 08:18:31.421 0 0 E : [MAX975X:max96755g_write_bytes] *ERROR* i2c master send 0x80 err
01-01 08:18:31.467 0 0 I [dp_rx_][0x4f76ff071][02:10:47.801341] wlan: [2661:I:QDF] DHCP-R RX: SA:26:d0:6e:f2:6f:1c DA:ff:ff:ff:ff:ff:ff
01-01 08:18:31.523 0 0 E i2c_geni 980000.i2c: i2c error :-107
01-01 08:18:31.528 0 0 E : [MAX975X:max96755x_vc1_lcd_dtc_check] *ERROR* Failed to read dev:0x15 addr:0x80
01-01 08:18:31.537 0 0 E i2c_geni 980000.i2c: i2c error :-107
05-07 02:10:47.961 6004 6017 E ocessService0:: failed to create Unix domain socket: Operation not permitted
01-01 08:18:31.542 0 0 E : [MAX975X:max96755g_write_bytes] *ERROR* i2c master send 0x80 err
01-01 08:18:31.644 0 0 E i2c_geni 980000.i2c: i2c error :-107
01-01 08:18:31.656 0 0 E : [MAX975X:max96755x_vc1_lcd_dtc_check] *ERROR* Failed to read dev:0x15 addr:0x80
01-01 08:18:31.665 0 0 E i2c_geni 980000.i2c: i2c error :-107
05-07 02:10:48.100 8607 8607 D ViewTouchDebug: mView : DecorView@67f3de4[MainProxyActivity]Receive event : MotionEvent { action=ACTION_DOWN, actionButton=0, id[0]=0, x[0]=28.0, y[0]=985.0, toolType[0]=TOOL_TYPE_FINGER, buttonState=0, classification=NONE, metaState=0, flags=0x0, edgeFlags=0x0, pointerCount=1, historySize=0, eventTime=1104634, downTime=1104634, deviceId=-1, source=0x1002, displayId=0, eventId=-817391505 }
05-07 02:10:48.101 1916 1916 D ViewTouchDebug: mView : com.android.systemui.navigationbar.NavigationBarFrame{e5b3745 V.E...... ........ 0,0-2560,46 #7f0b03f2 app:id/navigation_bar_frame}Receive event : MotionEvent { action=ACTION_OUTSIDE, actionButton=0, id[0]=0, x[0]=0.0, y[0]=-1034.0, toolType[0]=TOOL_TYPE_FINGER, buttonState=0, classification=NONE, metaState=0, flags=0x0, edgeFlags=0x0, pointerCount=1, historySize=0, eventTime=1104634, downTime=1104634, deviceId=-1, source=0x1002, displayId=0, eventId=2093833375 }
01-01 08:18:31.670 0 0 E : [MAX975X:max96755g_write_bytes] *ERROR* i2c master send 0x80 err
01-01 08:18:31.771 0 0 E i2c_geni 980000.i2c: i2c error :-107
01-01 08:18:31.783 0 0 E : [MAX975X:max96755x_vc1_lcd_dtc_check] *ERROR* Failed to read dev:0x15 addr:0x80
01-01 08:18:31.792 0 0 E i2c_geni 980000.i2c: i2c error :-107
05-07 02:10:48.230 8607 8607 D ViewTouchDebug: mView : DecorView@67f3de4[MainProxyActivity]Receive event : MotionEvent { action=ACTION_UP, actionButton=0, id[0]=0, x[0]=28.0, y[0]=985.0, toolType[0]=TOOL_TYPE_FINGER, buttonState=0, classification=NONE, metaState=0, flags=0x0, edgeFlags=0x0, pointerCount=1, historySize=0, eventTime=1104764, downTime=1104634, deviceId=-1, source=0x1002, displayId=0, eventId=-635445783 }
05-07 02:10:48.232 8607 8607 W System.err: java.lang.IllegalStateException: View com.taptap.other.basic.impl.ui.home.bottombar.HomeBottomItemView{e96dd43 VFE...C.. ..SP.... 0,0-87,81} does not have a Fragment set
05-07 02:10:48.232 8607 8607 W System.err: at androidx.fragment.app.FragmentManager.findFragment(FragmentManager.java:795)
05-07 02:10:48.232 8607 8607 W System.err: at com.taptap.infra.log.common.log.extension.NavLogExtensionsKt.findCurFragment(NavLogExtensions.kt:17)
05-07 02:10:48.232 8607 8607 W System.err: at com.taptap.other.basic.impl.application.log.TapLogCallbackImpl.setTopPagerVia(TapLogCallbackImpl.kt:138)
05-07 02:10:48.232 8607 8607 W System.err: at com.taptap.infra.log.common.logs.ViaHelper.recordClick(ViaHelper.java:46)
05-07 02:10:48.232 8607 8607 W System.err: at com.taptap.infra.log.common.track.retrofit.legacy.ClickHelper.storeTrackParams2Pager(ClickHelper.kt:17)
05-07 02:10:48.232 8607 8607 W System.err: at com.taptap.infra.log.common.track.retrofit.aspectj.ClickAspect.clickEvent(ClickAspect.kt:25)
05-07 02:10:48.232 8607 8607 W System.err: at com.taptap.other.basic.impl.ui.HomeBottomBar.onClick(HomeBottomBar.java:364)
05-07 02:10:48.232 8607 8607 W System.err: at android.view.View.performClick(View.java:7441)
05-07 02:10:48.232 8607 8607 W System.err: at android.view.View.performClickInternal(View.java:7418)
05-07 02:10:48.232 8607 8607 W System.err: at android.view.View.access$3700(View.java:835)
05-07 02:10:48.233 8607 8607 W System.err: at android.view.View$PerformClick.run(View.java:28681)
05-07 02:10:48.233 8607 8607 W System.err: at android.os.Handler.handleCallback(Handler.java:938)
05-07 02:10:48.233 8607 8607 W System.err: at android.os.Handler.dispatchMessage(Handler.java:99)
05-07 02:10:48.233 8607 8607 W System.err: at android.os.Looper.loopOnce(Looper.java:201)
05-07 02:10:48.233 8607 8607 W System.err: at android.os.Looper.loop(Looper.java:288)
05-07 02:10:48.233 8607 8607 W System.err: at android.app.ActivityThread.main(ActivityThread.java:7880)
05-07 02:10:48.233 8607 8607 W System.err: at java.lang.reflect.Method.invoke(Native Method)
05-07 02:10:48.233 8607 8607 W System.err: at com.android.internal.os.RuntimeInit$MethodAndArgsCaller.run(RuntimeInit.java:548)
05-07 02:10:48.233 8607 8607 W System.err: at com.android.internal.os.ZygoteInit.main(ZygoteInit.java:1009)
05-07 02:10:48.233 8607 8607 W System.err: java.lang.IllegalStateException: View com.taptap.other.basic.impl.ui.home.bottombar.HomeBottomItemView{e96dd43 VFE...C.. ..SP.... 0,0-87,81} does not have a Fragment set
05-07 02:10:48.233 8607 8607 W System.err: at androidx.fragment.app.FragmentManager.findFragment(FragmentManager.java:795)
05-07 02:10:48.233 8607 8607 W System.err: at com.taptap.infra.log.common.log.extension.NavLogExtensionsKt.findCurFragment(NavLogExtensions.kt:17)
05-07 02:10:48.233 8607 8607 W System.err: at com.taptap.other.basic.impl.application.log.TapLogCallbackImpl.setTopPagerProperty(TapLogCallbackImpl.kt:214)
05-07 02:10:48.234 8607 8607 W System.err: at com.taptap.infra.log.common.logs.PropertyHelper$Companion.recordClick(PropertyHelper.kt:33)
05-07 02:10:48.234 8607 8607 W System.err: at com.taptap.infra.log.common.track.retrofit.legacy.ClickHelper.storeTrackParams2Pager(ClickHelper.kt:18)
05-07 02:10:48.234 8607 8607 W System.err: at com.taptap.infra.log.common.track.retrofit.aspectj.ClickAspect.clickEvent(ClickAspect.kt:25)
05-07 02:10:48.234 8607 8607 W System.err: at com.taptap.other.basic.impl.ui.HomeBottomBar.onClick(HomeBottomBar.java:364)
05-07 02:10:48.234 8607 8607 W System.err: at android.view.View.performClick(View.java:7441)
05-07 02:10:48.234 8607 8607 W System.err: at android.view.View.performClickInternal(View.java:7418)
05-07 02:10:48.234 8607 8607 W System.err: at android.view.View.access$3700(View.java:835)
05-07 02:10:48.234 8607 8607 W System.err: at android.view.View$PerformClick.run(View.java:28681)
05-07 02:10:48.234 8607 8607 W System.err: at android.os.Handler.handleCallback(Handler.java:938)
05-07 02:10:48.234 8607 8607 W System.err: at android.os.Handler.dispatchMessage(Handler.java:99)
05-07 02:10:48.234 8607 8607 W System.err: at android.os.Looper.loopOnce(Looper.java:201)
05-07 02:10:48.234 8607 8607 W System.err: at android.os.Looper.loop(Looper.java:288)
05-07 02:10:48.234 8607 8607 W System.err: at android.app.ActivityThread.main(ActivityThread.java:7880)
05-07 02:10:48.234 8607 8607 W System.err: at java.lang.reflect.Method.invoke(Native Method)
05-07 02:10:48.234 8607 8607 W System.err: at com.android.internal.os.RuntimeInit$MethodAndArgsCaller.run(RuntimeInit.java:548)
05-07 02:10:48.234 8607 8607 W System.err: at com.android.internal.os.ZygoteInit.main(ZygoteInit.java:1009)
05-07 02:10:48.235 8607 8607 W System.err: java.lang.IllegalStateException: View com.taptap.other.basic.impl.ui.home.bottombar.HomeBottomItemView{e96dd43 VFE...C.. ..SP.... 0,0-87,81} does not have a Fragment set
05-07 02:10:48.235 8607 8607 W System.err: at androidx.fragment.app.FragmentManager.findFragment(FragmentManager.java:795)
05-07 02:10:48.235 8607 8607 W System.err: at com.taptap.infra.log.common.log.extension.NavLogExtensionsKt.findCurFragment(NavLogExtensions.kt:17)
05-07 02:10:48.235 8607 8607 W System.err: at com.taptap.infra.log.common.track.sdk.RealParamsHandler.calculateRTrackIds(RealParamsHandler.kt:80)
05-07 02:10:48.235 8607 8607 W System.err: at com.taptap.infra.log.common.track.sdk.RealParamsHandler.storeParams2TopPager(RealParamsHandler.kt:36)
05-07 02:10:48.235 8607 8607 W System.err: at com.taptap.infra.log.common.track.retrofit.legacy.ClickHelper.storeTrackParams2Pager(ClickHelper.kt:19)
05-07 02:10:48.235 8607 8607 W System.err: at com.taptap.infra.log.common.track.retrofit.aspectj.ClickAspect.clickEvent(ClickAspect.kt:25)
05-07 02:10:48.235 8607 8607 W System.err: at com.taptap.other.basic.impl.ui.HomeBottomBar.onClick(HomeBottomBar.java:364)
05-07 02:10:48.235 8607 8607 W System.err: at android.view.View.performClick(View.java:7441)
05-07 02:10:48.235 8607 8607 W System.err: at android.view.View.performClickInternal(View.java:7418)
05-07 02:10:48.235 8607 8607 W System.err: at android.view.View.access$3700(View.java:835)
05-07 02:10:48.235 8607 8607 W System.err: at android.view.View$PerformClick.run(View.java:28681)
05-07 02:10:48.235 8607 8607 W System.err: at android.os.Handler.handleCallback(Handler.java:938)
05-07 02:10:48.235 8607 8607 W System.err: at android.os.Handler.dispatchMessage(Handler.java:99)
05-07 02:10:48.235 8607 8607 W System.err: at android.os.Looper.loopOnce(Looper.java:201)
05-07 02:10:48.235 8607 8607 W System.err: at android.os.Looper.loop(Looper.java:288)
05-07 02:10:48.235 8607 8607 W System.err: at android.app.ActivityThread.main(ActivityThread.java:7880)
05-07 02:10:48.235 8607 8607 W System.err: at java.lang.reflect.Method.invoke(Native Method)
05-07 02:10:48.236 8607 8607 W System.err: at com.android.internal.os.RuntimeInit$MethodAndArgsCaller.run(RuntimeInit.java:548)
05-07 02:10:48.236 8607 8607 W System.err: at com.android.internal.os.ZygoteInit.main(ZygoteInit.java:1009)
05-07 02:10:48.236 8607 8607 W System.err: java.lang.IllegalStateException: View com.taptap.other.basic.impl.ui.home.bottombar.HomeBottomItemView{e96dd43 VFE...C.. ..SP.... 0,0-87,81} does not have a Fragment set
05-07 02:10:48.236 8607 8607 W System.err: at androidx.fragment.app.FragmentManager.findFragment(FragmentManager.java:795)
05-07 02:10:48.236 8607 8607 W System.err: at com.taptap.infra.log.common.log.extension.NavLogExtensionsKt.findCurFragment(NavLogExtensions.kt:17)
05-07 02:10:48.236 8607 8607 W System.err: at com.taptap.other.basic.impl.application.log.TapLogCallbackImpl.setTopPagerParams(TapLogCallbackImpl.kt:160)
05-07 02:10:48.236 8607 8607 W System.err: at com.taptap.infra.log.common.track.sdk.RealParamsHandler.storeParams2TopPager(RealParamsHandler.kt:41)
05-07 02:10:48.236 8607 8607 W System.err: at com.taptap.infra.log.common.track.retrofit.legacy.ClickHelper.storeTrackParams2Pager(ClickHelper.kt:19)
05-07 02:10:48.236 8607 8607 W System.err: at com.taptap.infra.log.common.track.retrofit.aspectj.ClickAspect.clickEvent(ClickAspect.kt:25)
05-07 02:10:48.236 8607 8607 W System.err: at com.taptap.other.basic.impl.ui.HomeBottomBar.onClick(HomeBottomBar.java:364)
05-07 02:10:48.236 8607 8607 W System.err: at android.view.View.performClick(View.java:7441)
05-07 02:10:48.236 8607 8607 W System.err: at android.view.View.performClickInternal(View.java:7418)
05-07 02:10:48.236 8607 8607 W System.err: at android.view.View.access$3700(View.java:835)
05-07 02:10:48.236 8607 8607 W System.err: at android.view.View$PerformClick.run(View.java:28681)
05-07 02:10:48.236 8607 8607 W System.err: at android.os.Handler.handleCallback(Handler.java:938)
05-07 02:10:48.237 8607 8607 W System.err: at android.os.Handler.dispatchMessage(Handler.java:99)
05-07 02:10:48.237 8607 8607 W System.err: at android.os.Looper.loopOnce(Looper.java:201)
05-07 02:10:48.237 8607 8607 W System.err: at android.os.Looper.loop(Looper.java:288)
05-07 02:10:48.237 8607 8607 W System.err: at android.app.ActivityThread.main(ActivityThread.java:7880)
05-07 02:10:48.237 8607 8607 W System.err: at java.lang.reflect.Method.invoke(Native Method)
05-07 02:10:48.237 8607 8607 W System.err: at com.android.internal.os.RuntimeInit$MethodAndArgsCaller.run(RuntimeInit.java:548)
05-07 02:10:48.237 8607 8607 W System.err: at com.android.internal.os.ZygoteInit.main(ZygoteInit.java:1009)
05-07 02:10:48.237 8607 8607 W System.err: java.lang.IllegalStateException: View com.taptap.other.basic.impl.ui.home.bottombar.HomeBottomItemView{e96dd43 VFE...C.. ..SP.... 0,0-87,81} does not have a Fragment set
05-07 02:10:48.237 8607 8607 W System.err: at androidx.fragment.app.FragmentManager.findFragment(FragmentManager.java:795)
05-07 02:10:48.237 8607 8607 W System.err: at com.taptap.infra.log.common.log.extension.NavLogExtensionsKt.findCurFragment(NavLogExtensions.kt:17)
05-07 02:10:48.237 8607 8607 W System.err: at com.taptap.other.basic.impl.application.log.TapLogCallbackImpl.setTopPagerCtx(TapLogCallbackImpl.kt:186)
05-07 02:10:48.237 8607 8607 W System.err: at com.taptap.infra.log.common.track.thread.TrackModelRCtxInterceptor.saveRCtx2TopPager(TrackModelRCtxInterceptor.kt:97)
05-07 02:10:48.237 8607 8607 W System.err: at com.taptap.infra.log.common.track.thread.TrackModelRCtxInterceptor.access$saveRCtx2TopPager(TrackModelRCtxInterceptor.kt:21)
05-07 02:10:48.237 8607 8607 W System.err: at com.taptap.infra.log.common.track.thread.TrackModelRCtxInterceptor$invoke$1.invoke(TrackModelRCtxInterceptor.kt:36)
05-07 02:10:48.237 8607 8607 W System.err: at com.taptap.infra.log.common.track.thread.TrackModelRCtxInterceptor$invoke$1.invoke(TrackModelRCtxInterceptor.kt:27)
05-07 02:10:48.237 8607 8607 W System.err: at com.taptap.infra.log.track.common.interceptor.KChainCreatorKt$createChain$1.process(KChainCreator.kt:21)
05-07 02:10:48.238 8607 8607 W System.err: at com.taptap.infra.log.common.track.retrofit.legacy.ClickHelper.storeTrackParams2Pager(ClickHelper.kt:20)
05-07 02:10:48.238 8607 8607 W System.err: at com.taptap.infra.log.common.track.retrofit.aspectj.ClickAspect.clickEvent(ClickAspect.kt:25)
05-07 02:10:48.238 8607 8607 W System.err: at com.taptap.other.basic.impl.ui.HomeBottomBar.onClick(HomeBottomBar.java:364)
05-07 02:10:48.238 8607 8607 W System.err: at android.view.View.performClick(View.java:7441)
05-07 02:10:48.238 8607 8607 W System.err: at android.view.View.performClickInternal(View.java:7418)
05-07 02:10:48.238 8607 8607 W System.err: at android.view.View.access$3700(View.java:835)
05-07 02:10:48.238 8607 8607 W System.err: at android.view.View$PerformClick.run(View.java:28681)
05-07 02:10:48.238 8607 8607 W System.err: at android.os.Handler.handleCallback(Handler.java:938)
05-07 02:10:48.238 8607 8607 W System.err: at android.os.Handler.dispatchMessage(Handler.java:99)
05-07 02:10:48.238 8607 8607 W System.err: at android.os.Looper.loopOnce(Looper.java:201)
05-07 02:10:48.238 8607 8607 W System.err: at android.os.Looper.loop(Looper.java:288)
05-07 02:10:48.238 8607 8607 W System.err: at android.app.ActivityThread.main(ActivityThread.java:7880)
05-07 02:10:48.238 8607 8607 W System.err: at java.lang.reflect.Method.invoke(Native Method)
05-07 02:10:48.238 8607 8607 W System.err: at com.android.internal.os.RuntimeInit$MethodAndArgsCaller.run(RuntimeInit.java:548)
05-07 02:10:48.238 8607 8607 W System.err: at com.android.internal.os.ZygoteInit.main(ZygoteInit.java:1009)
05-07 02:10:48.239 8607 9013 W System.err: java.lang.IllegalStateException: View com.taptap.other.basic.impl.ui.home.bottombar.HomeBottomItemView{e96dd43 VFE...C.. ..S..... 0,0-87,81} does not have a Fragment set
05-07 02:10:48.239 8607 9013 W System.err: at androidx.fragment.app.FragmentManager.findFragment(FragmentManager.java:795)
05-07 02:10:48.240 8607 9013 W System.err: at com.taptap.infra.log.common.log.extension.NavLogExtensionsKt.findCurFragment(NavLogExtensions.kt:17)
05-07 02:10:48.240 8607 9013 W System.err: at com.taptap.infra.log.common.logs.TapLogsHelper$Companion.generateLogs(TapLogsHelper.kt:473)
05-07 02:10:48.240 8607 9013 W System.err: at com.taptap.infra.log.common.logs.TapLogsHelper$Companion$click$1.invokeSuspend(TapLogsHelper.kt:216)
05-07 02:10:48.240 8607 9013 W System.err: at kotlin.coroutines.jvm.internal.BaseContinuationImpl.resumeWith(ContinuationImpl.kt:33)
05-07 02:10:48.240 8607 9013 W System.err: at kotlinx.coroutines.DispatchedTask.run(DispatchedTask.kt:106)
05-07 02:10:48.240 8607 9013 W System.err: at java.util.concurrent.Executors$RunnableAdapter.call(Executors.java:462)
05-07 02:10:48.240 8607 9013 W System.err: at java.util.concurrent.FutureTask.run(FutureTask.java:266)
05-07 02:10:48.240 8607 9013 W System.err: at java.util.concurrent.ScheduledThreadPoolExecutor$ScheduledFutureTask.run(ScheduledThreadPoolExecutor.java:301)
05-07 02:10:48.240 8607 9013 W System.err: at java.util.concurrent.ThreadPoolExecutor.runWorker(ThreadPoolExecutor.java:1167)
05-07 02:10:48.240 8607 9013 W System.err: at java.util.concurrent.ThreadPoolExecutor$Worker.run(ThreadPoolExecutor.java:641)
05-07 02:10:48.240 8607 9013 W System.err: at java.lang.Thread.run(Thread.java:920)
01-01 08:18:31.797 0 0 E : [MAX975X:max96755g_write_bytes] *ERROR* i2c master send 0x80 err
01-01 08:18:31.899 0 0 E i2c_geni 980000.i2c: i2c error :-107
01-01 08:18:31.911 0 0 E : [MAX975X:max96755x_vc1_lcd_dtc_check] *ERROR* Failed to read dev:0x15 addr:0x80
01-01 08:18:31.920 0 0 E i2c_geni 980000.i2c: i2c error :-107
05-07 02:10:48.254 8607 8833 I service_manager_stats: [200,173,258701]
01-01 08:18:31.925 0 0 E : [MAX975X:max96755g_write_bytes] *ERROR* i2c master send 0x80 err
01-01 08:18:32.027 0 0 E i2c_geni 980000.i2c: i2c error :-107
01-01 08:18:32.039 0 0 E : [MAX975X:max96755x_vc1_lcd_dtc_check] *ERROR* Failed to read dev:0x15 addr:0x80
01-01 08:18:32.048 0 0 E i2c_geni 980000.i2c: i2c error :-107
05-07 02:10:48.427 669 676 I mpu_uart: [MSG-P:RECV]:No message received in 1000 ms
01-01 08:18:32.053 0 0 E : [MAX975X:max96755g_write_bytes] *ERROR* i2c master send 0x80 err
01-01 08:18:32.155 0 0 E i2c_geni 980000.i2c: i2c error :-107
01-01 08:18:32.167 0 0 E : [MAX975X:max96755x_vc1_lcd_dtc_check] *ERROR* Failed to read dev:0x15 addr:0x80
01-01 08:18:32.176 0 0 E i2c_geni 980000.i2c: i2c error :-107
01-01 08:18:32.181 0 0 E : [MAX975X:max96755g_write_bytes] *ERROR* i2c master send 0x80 err
01-01 08:18:32.283 0 0 E i2c_geni 980000.i2c: i2c error :-107
01-01 08:18:32.295 0 0 E : [MAX975X:max96755x_vc1_lcd_dtc_check] *ERROR* Failed to read dev:0x15 addr:0x80
01-01 08:18:32.304 0 0 E i2c_geni 980000.i2c: i2c error :-107
01-01 08:18:32.309 0 0 E : [MAX975X:max96755g_write_bytes] *ERROR* i2c master send 0x80 err
01-01 08:18:32.411 0 0 E i2c_geni 980000.i2c: i2c error :-107
01-01 08:18:32.423 0 0 E : [MAX975X:max96755x_vc1_lcd_dtc_check] *ERROR* Failed to read dev:0x15 addr:0x80
01-01 08:18:32.433 0 0 E i2c_geni 980000.i2c: i2c error :-107
05-07 02:10:48.805 1916 1916 D ViewTouchDebug: mView : com.android.systemui.navigationbar.NavigationBarFrame{e5b3745 V.E...... ........ 0,0-2560,46 #7f0b03f2 app:id/navigation_bar_frame}Receive event : MotionEvent { action=ACTION_OUTSIDE, actionButton=0, id[0]=0, x[0]=0.0, y[0]=-1034.0, toolType[0]=TOOL_TYPE_FINGER, buttonState=0, classification=NONE, metaState=0, flags=0x0, edgeFlags=0x0, pointerCount=1, historySize=0, eventTime=1105337, downTime=1105337, deviceId=-1, source=0x1002, displayId=0, eventId=1590262349 }
05-07 02:10:48.804 8607 8607 D ViewTouchDebug: mView : DecorView@67f3de4[MainProxyActivity]Receive event : MotionEvent { action=ACTION_DOWN, actionButton=0, id[0]=0, x[0]=40.0, y[0]=985.0, toolType[0]=TOOL_TYPE_FINGER, buttonState=0, classification=NONE, metaState=0, flags=0x0, edgeFlags=0x0, pointerCount=1, historySize=0, eventTime=1105337, downTime=1105337, deviceId=-1, source=0x1002, displayId=0, eventId=-350268132 }
05-07 02:10:48.833 3003 3003 I auditd : type=1400 audit(0.0:8376): avc: granted { read } for comm=4173796E635461736B2023323838 name="arp" dev="proc" ino=4026532247 scontext=u:r:platform_app:s0:c512,c768 tcontext=u:object_r:proc_net:s0 tclass=file app=com.hht.lebocast
05-07 02:10:48.833 3003 3003 W com.hht.lebocast: type=1400 audit(0.0:8376): avc: granted { read } for comm=4173796E635461736B2023323838 name="arp" dev="proc" ino=4026532247 scontext=u:r:platform_app:s0:c512,c768 tcontext=u:object_r:proc_net:s0 tclass=file app=com.hht.lebocast
01-01 08:18:32.438 0 0 E : [MAX975X:max96755g_write_bytes] *ERROR* i2c master send 0x80 err
05-07 02:10:48.833 3003 3003 I auditd : type=1400 audit(0.0:8377): avc: granted { read open } for comm=4173796E635461736B2023323838 path="/proc/3003/net/arp" dev="proc" ino=4026532247 scontext=u:r:platform_app:s0:c512,c768 tcontext=u:object_r:proc_net:s0 tclass=file app=com.hht.lebocast
01-01 08:18:32.543 0 0 E i2c_geni 980000.i2c: i2c error :-107
05-07 02:10:48.833 3003 3003 W com.hht.lebocast: type=1400 audit(0.0:8377): avc: granted { read open } for comm=4173796E635461736B2023323838 path="/proc/3003/net/arp" dev="proc" ino=4026532247 scontext=u:r:platform_app:s0:c512,c768 tcontext=u:object_r:proc_net:s0 tclass=file app=com.hht.lebocast
01-01 08:18:32.567 0 0 E : [MAX975X:max96755x_vc1_lcd_dtc_check] *ERROR* Failed to read dev:0x15 addr:0x80
05-07 02:10:48.928 8607 8607 D ViewTouchDebug: mView : DecorView@67f3de4[MainProxyActivity]Receive event : MotionEvent { action=ACTION_UP, actionButton=0, id[0]=0, x[0]=40.0, y[0]=985.0, toolType[0]=TOOL_TYPE_FINGER, buttonState=0, classification=NONE, metaState=0, flags=0x0, edgeFlags=0x0, pointerCount=1, historySize=0, eventTime=1105461, downTime=1105337, deviceId=-1, source=0x1002, displayId=0, eventId=-180844074 }
05-07 02:10:48.930 8607 8607 W System.err: java.lang.IllegalStateException: View com.taptap.other.basic.impl.ui.home.bottombar.HomeBottomItemView{e96dd43 VFE...C.. ..SP.... 0,0-87,81} does not have a Fragment set
05-07 02:10:48.930 8607 8607 W System.err: at androidx.fragment.app.FragmentManager.findFragment(FragmentManager.java:795)
05-07 02:10:48.931 8607 8607 W System.err: at com.taptap.infra.log.common.log.extension.NavLogExtensionsKt.findCurFragment(NavLogExtensions.kt:17)
05-07 02:10:48.931 8607 8607 W System.err: at com.taptap.other.basic.impl.application.log.TapLogCallbackImpl.setTopPagerVia(TapLogCallbackImpl.kt:138)
05-07 02:10:48.931 8607 8607 W System.err: at com.taptap.infra.log.common.logs.ViaHelper.recordClick(ViaHelper.java:46)
05-07 02:10:48.931 8607 8607 W System.err: at com.taptap.infra.log.common.track.retrofit.legacy.ClickHelper.storeTrackParams2Pager(ClickHelper.kt:17)
05-07 02:10:48.931 8607 8607 W System.err: at com.taptap.infra.log.common.track.retrofit.aspectj.ClickAspect.clickEvent(ClickAspect.kt:25)
05-07 02:10:48.931 8607 8607 W System.err: at com.taptap.other.basic.impl.ui.HomeBottomBar.onClick(HomeBottomBar.java:364)
05-07 02:10:48.931 8607 8607 W System.err: at android.view.View.performClick(View.java:7441)
05-07 02:10:48.931 8607 8607 W System.err: at android.view.View.performClickInternal(View.java:7418)
05-07 02:10:48.932 8607 8607 W System.err: at android.view.View.access$3700(View.java:835)
05-07 02:10:48.932 8607 8607 W System.err: at android.view.View$PerformClick.run(View.java:28681)
05-07 02:10:48.932 8607 8607 W System.err: at android.os.Handler.handleCallback(Handler.java:938)
05-07 02:10:48.932 8607 8607 W System.err: at android.os.Handler.dispatchMessage(Handler.java:99)
05-07 02:10:48.932 8607 8607 W System.err: at android.os.Looper.loopOnce(Looper.java:201)
05-07 02:10:48.932 8607 8607 W System.err: at android.os.Looper.loop(Looper.java:288)
05-07 02:10:48.932 8607 8607 W System.err: at android.app.ActivityThread.main(ActivityThread.java:7880)
05-07 02:10:48.932 8607 8607 W System.err: at java.lang.reflect.Method.invoke(Native Method)
05-07 02:10:48.932 8607 8607 W System.err: at com.android.internal.os.RuntimeInit$MethodAndArgsCaller.run(RuntimeInit.java:548)
05-07 02:10:48.933 8607 8607 W System.err: at com.android.internal.os.ZygoteInit.main(ZygoteInit.java:1009)
05-07 02:10:48.933 8607 8607 W System.err: java.lang.IllegalStateException: View com.taptap.other.basic.impl.ui.home.bottombar.HomeBottomItemView{e96dd43 VFE...C.. ..SP.... 0,0-87,81} does not have a Fragment set
05-07 02:10:48.933 8607 8607 W System.err: at androidx.fragment.app.FragmentManager.findFragment(FragmentManager.java:795)
05-07 02:10:48.933 8607 8607 W System.err: at com.taptap.infra.log.common.log.extension.NavLogExtensionsKt.findCurFragment(NavLogExtensions.kt:17)
05-07 02:10:48.933 8607 8607 W System.err: at com.taptap.other.basic.impl.application.log.TapLogCallbackImpl.setTopPagerProperty(TapLogCallbackImpl.kt:214)
05-07 02:10:48.934 8607 8607 W System.err: at com.taptap.infra.log.common.logs.PropertyHelper$Companion.recordClick(PropertyHelper.kt:33)
05-07 02:10:48.934 8607 8607 W System.err: at com.taptap.infra.log.common.track.retrofit.legacy.ClickHelper.storeTrackParams2Pager(ClickHelper.kt:18)
05-07 02:10:48.934 8607 8607 W System.err: at com.taptap.infra.log.common.track.retrofit.aspectj.ClickAspect.clickEvent(ClickAspect.kt:25)
05-07 02:10:48.934 8607 8607 W System.err: at com.taptap.other.basic.impl.ui.HomeBottomBar.onClick(HomeBottomBar.java:364)
05-07 02:10:48.934 8607 8607 W System.err: at android.view.View.performClick(View.java:7441)
05-07 02:10:48.833 3003 3003 I auditd : type=1400 audit(0.0:8378): avc: granted { getattr } for comm=4173796E635461736B2023323838 path="/proc/3003/net/arp" dev="proc" ino=4026532247 scontext=u:r:platform_app:s0:c512,c768 tcontext=u:object_r:proc_net:s0 tclass=file app=com.hht.lebocast
05-07 02:10:48.934 8607 8607 W System.err: at android.view.View.performClickInternal(View.java:7418)
05-07 02:10:48.833 3003 3003 W com.hht.lebocast: type=1400 audit(0.0:8378): avc: granted { getattr } for comm=4173796E635461736B2023323838 path="/proc/3003/net/arp" dev="proc" ino=4026532247 scontext=u:r:platform_app:s0:c512,c768 tcontext=u:object_r:proc_net:s0 tclass=file app=com.hht.lebocast
05-07 02:10:48.934 8607 8607 W System.err: at android.view.View.access$3700(View.java:835)
05-07 02:10:48.935 8607 8607 W System.err: at android.view.View$PerformClick.run(View.java:28681)
05-07 02:10:48.935 8607 8607 W System.err: at android.os.Handler.handleCallback(Handler.java:938)
05-07 02:10:48.935 8607 8607 W System.err: at android.os.Handler.dispatchMessage(Handler.java:99)
05-07 02:10:48.935 8607 8607 W System.err: at android.os.Looper.loopOnce(Looper.java:201)
05-07 02:10:48.936 8607 8607 W System.err: at android.os.Looper.loop(Looper.java:288)
05-07 02:10:48.936 8607 8607 W System.err: at android.app.ActivityThread.main(ActivityThread.java:7880)
05-07 02:10:48.936 8607 8607 W System.err: at java.lang.reflect.Method.invoke(Native Method)
05-07 02:10:48.936 8607 8607 W System.err: at com.android.internal.os.RuntimeInit$MethodAndArgsCaller.run(RuntimeInit.java:548)
05-07 02:10:48.936 8607 8607 W System.err: at com.android.internal.os.ZygoteInit.main(ZygoteInit.java:1009)
05-07 02:10:48.937 8607 8607 W System.err: java.lang.IllegalStateException: View com.taptap.other.basic.impl.ui.home.bottombar.HomeBottomItemView{e96dd43 VFE...C.. ..SP.... 0,0-87,81} does not have a Fragment set
05-07 02:10:48.937 8607 8607 W System.err: at androidx.fragment.app.FragmentManager.findFragment(FragmentManager.java:795)
05-07 02:10:48.937 8607 8607 W System.err: at com.taptap.infra.log.common.log.extension.NavLogExtensionsKt.findCurFragment(NavLogExtensions.kt:17)
05-07 02:10:48.937 8607 8607 W System.err: at com.taptap.infra.log.common.track.sdk.RealParamsHandler.calculateRTrackIds(RealParamsHandler.kt:80)
05-07 02:10:48.938 8607 8607 W System.err: at com.taptap.infra.log.common.track.sdk.RealParamsHandler.storeParams2TopPager(RealParamsHandler.kt:36)
05-07 02:10:48.938 8607 8607 W System.err: at com.taptap.infra.log.common.track.retrofit.legacy.ClickHelper.storeTrackParams2Pager(ClickHelper.kt:19)
05-07 02:10:48.938 8607 8607 W System.err: at com.taptap.infra.log.common.track.retrofit.aspectj.ClickAspect.clickEvent(ClickAspect.kt:25)
05-07 02:10:48.939 8607 8607 W System.err: at com.taptap.other.basic.impl.ui.HomeBottomBar.onClick(HomeBottomBar.java:364)
05-07 02:10:48.939 8607 8607 W System.err: at android.view.View.performClick(View.java:7441)
05-07 02:10:48.939 8607 8607 W System.err: at android.view.View.performClickInternal(View.java:7418)
05-07 02:10:48.939 8607 8607 W System.err: at android.view.View.access$3700(View.java:835)
05-07 02:10:48.939 8607 8607 W System.err: at android.view.View$PerformClick.run(View.java:28681)
05-07 02:10:48.939 8607 8607 W System.err: at android.os.Handler.handleCallback(Handler.java:938)
01-01 08:18:32.600 0 0 E i2c_geni 980000.i2c: i2c error :-107
01-01 08:18:32.600 0 0 E : [MAX975X:max96755g_write_bytes] *ERROR* i2c master send 0x80 err
05-07 02:10:48.940 8607 8607 W System.err: at android.os.Handler.dispatchMessage(Handler.java:99)
05-07 02:10:48.940 8607 8607 W System.err: at android.os.Looper.loopOnce(Looper.java:201)
05-07 02:10:48.940 8607 8607 W System.err: at android.os.Looper.loop(Looper.java:288)
05-07 02:10:48.940 8607 8607 W System.err: at android.app.ActivityThread.main(ActivityThread.java:7880)
05-07 02:10:48.940 8607 8607 W System.err: at java.lang.reflect.Method.invoke(Native Method)
05-07 02:10:48.940 8607 8607 W System.err: at com.android.internal.os.RuntimeInit$MethodAndArgsCaller.run(RuntimeInit.java:548)
05-07 02:10:48.941 8607 8607 W System.err: at com.android.internal.os.ZygoteInit.main(ZygoteInit.java:1009)
05-07 02:10:48.941 8607 8607 W System.err: java.lang.IllegalStateException: View com.taptap.other.basic.impl.ui.home.bottombar.HomeBottomItemView{e96dd43 VFE...C.. ..SP.... 0,0-87,81} does not have a Fragment set
05-07 02:10:48.941 8607 8607 W System.err: at androidx.fragment.app.FragmentManager.findFragment(FragmentManager.java:795)
05-07 02:10:48.941 8607 8607 W System.err: at com.taptap.infra.log.common.log.extension.NavLogExtensionsKt.findCurFragment(NavLogExtensions.kt:17)
05-07 02:10:48.941 8607 8607 W System.err: at com.taptap.other.basic.impl.application.log.TapLogCallbackImpl.setTopPagerParams(TapLogCallbackImpl.kt:160)
05-07 02:10:48.942 8607 8607 W System.err: at com.taptap.infra.log.common.track.sdk.RealParamsHandler.storeParams2TopPager(RealParamsHandler.kt:41)
05-07 02:10:48.942 8607 8607 W System.err: at com.taptap.infra.log.common.track.retrofit.legacy.ClickHelper.storeTrackParams2Pager(ClickHelper.kt:19)
05-07 02:10:48.942 8607 8607 W System.err: at com.taptap.infra.log.common.track.retrofit.aspectj.ClickAspect.clickEvent(ClickAspect.kt:25)
05-07 02:10:48.942 8607 8607 W System.err: at com.taptap.other.basic.impl.ui.HomeBottomBar.onClick(HomeBottomBar.java:364)
05-07 02:10:48.942 8607 8607 W System.err: at android.view.View.performClick(View.java:7441)
05-07 02:10:48.942 8607 8607 W System.err: at android.view.View.performClickInternal(View.java:7418)
05-07 02:10:48.942 8607 8607 W System.err: at android.view.View.access$3700(View.java:835)
05-07 02:10:48.942 8607 8607 W System.err: at android.view.View$PerformClick.run(View.java:28681)
05-07 02:10:48.942 8607 8607 W System.err: at android.os.Handler.handleCallback(Handler.java:938)
05-07 02:10:48.943 8607 8607 W System.err: at android.os.Handler.dispatchMessage(Handler.java:99)
05-07 02:10:48.943 8607 8607 W System.err: at android.os.Looper.loopOnce(Looper.java:201)
05-07 02:10:48.943 8607 8607 W System.err: at android.os.Looper.loop(Looper.java:288)
05-07 02:10:48.943 8607 8607 W System.err: at android.app.ActivityThread.main(ActivityThread.java:7880)
05-07 02:10:48.943 8607 8607 W System.err: at java.lang.reflect.Method.invoke(Native Method)
05-07 02:10:48.943 8607 8607 W System.err: at com.android.internal.os.RuntimeInit$MethodAndArgsCaller.run(RuntimeInit.java:548)
05-07 02:10:48.943 8607 8607 W System.err: at com.android.internal.os.ZygoteInit.main(ZygoteInit.java:1009)
05-07 02:10:48.944 8607 8607 W System.err: java.lang.IllegalStateException: View com.taptap.other.basic.impl.ui.home.bottombar.HomeBottomItemView{e96dd43 VFE...C.. ..SP.... 0,0-87,81} does not have a Fragment set
05-07 02:10:48.944 8607 8607 W System.err: at androidx.fragment.app.FragmentManager.findFragment(FragmentManager.java:795)
05-07 02:10:48.944 8607 8607 W System.err: at com.taptap.infra.log.common.log.extension.NavLogExtensionsKt.findCurFragment(NavLogExtensions.kt:17)
05-07 02:10:48.944 8607 8607 W System.err: at com.taptap.other.basic.impl.application.log.TapLogCallbackImpl.setTopPagerCtx(TapLogCallbackImpl.kt:186)
05-07 02:10:48.944 8607 8607 W System.err: at com.taptap.infra.log.common.track.thread.TrackModelRCtxInterceptor.saveRCtx2TopPager(TrackModelRCtxInterceptor.kt:97)
05-07 02:10:48.944 8607 8607 W System.err: at com.taptap.infra.log.common.track.thread.TrackModelRCtxInterceptor.access$saveRCtx2TopPager(TrackModelRCtxInterceptor.kt:21)
05-07 02:10:48.944 8607 8607 W System.err: at com.taptap.infra.log.common.track.thread.TrackModelRCtxInterceptor$invoke$1.invoke(TrackModelRCtxInterceptor.kt:36)
05-07 02:10:48.944 8607 8607 W System.err: at com.taptap.infra.log.common.track.thread.TrackModelRCtxInterceptor$invoke$1.invoke(TrackModelRCtxInterceptor.kt:27)
05-07 02:10:48.944 8607 8607 W System.err: at com.taptap.infra.log.track.common.interceptor.KChainCreatorKt$createChain$1.process(KChainCreator.kt:21)
05-07 02:10:48.945 8607 8607 W System.err: at com.taptap.infra.log.common.track.retrofit.legacy.ClickHelper.storeTrackParams2Pager(ClickHelper.kt:20)
05-07 02:10:48.945 8607 8607 W System.err: at com.taptap.infra.log.common.track.retrofit.aspectj.ClickAspect.clickEvent(ClickAspect.kt:25)
05-07 02:10:48.945 8607 8607 W System.err: at com.taptap.other.basic.impl.ui.HomeBottomBar.onClick(HomeBottomBar.java:364)
05-07 02:10:48.945 8607 8607 W System.err: at android.view.View.performClick(View.java:7441)
05-07 02:10:48.945 8607 8607 W System.err: at android.view.View.performClickInternal(View.java:7418)
05-07 02:10:48.945 8607 8607 W System.err: at android.view.View.access$3700(View.java:835)
05-07 02:10:48.945 8607 8607 W System.err: at android.view.View$PerformClick.run(View.java:28681)
05-07 02:10:48.945 8607 8607 W System.err: at android.os.Handler.handleCallback(Handler.java:938)
05-07 02:10:48.945 8607 8607 W System.err: at android.os.Handler.dispatchMessage(Handler.java:99)
05-07 02:10:48.945 8607 8607 W System.err: at android.os.Looper.loopOnce(Looper.java:201)
05-07 02:10:48.945 8607 8607 W System.err: at android.os.Looper.loop(Looper.java:288)
05-07 02:10:48.945 8607 8607 W System.err: at android.app.ActivityThread.main(ActivityThread.java:7880)
05-07 02:10:48.945 8607 8607 W System.err: at java.lang.reflect.Method.invoke(Native Method)
05-07 02:10:48.945 8607 8607 W System.err: at com.android.internal.os.RuntimeInit$MethodAndArgsCaller.run(RuntimeInit.java:548)
05-07 02:10:48.945 8607 8607 W System.err: at com.android.internal.os.ZygoteInit.main(ZygoteInit.java:1009)
05-07 02:10:48.947 8607 9013 W System.err: java.lang.IllegalStateException: View com.taptap.other.basic.impl.ui.home.bottombar.HomeBottomItemView{e96dd43 VFE...C.. ..S..... 0,0-87,81} does not have a Fragment set
05-07 02:10:48.947 8607 9013 W System.err: at androidx.fragment.app.FragmentManager.findFragment(FragmentManager.java:795)
05-07 02:10:48.947 8607 9013 W System.err: at com.taptap.infra.log.common.log.extension.NavLogExtensionsKt.findCurFragment(NavLogExtensions.kt:17)
05-07 02:10:48.947 8607 9013 W System.err: at com.taptap.infra.log.common.logs.TapLogsHelper$Companion.generateLogs(TapLogsHelper.kt:473)
05-07 02:10:48.947 8607 9013 W System.err: at com.taptap.infra.log.common.logs.TapLogsHelper$Companion$click$1.invokeSuspend(TapLogsHelper.kt:216)
05-07 02:10:48.947 8607 9013 W System.err: at kotlin.coroutines.jvm.internal.BaseContinuationImpl.resumeWith(ContinuationImpl.kt:33)
05-07 02:10:48.947 8607 9013 W System.err: at kotlinx.coroutines.DispatchedTask.run(DispatchedTask.kt:106)
05-07 02:10:48.947 8607 9013 W System.err: at java.util.concurrent.Executors$RunnableAdapter.call(Executors.java:462)
05-07 02:10:48.947 8607 9013 W System.err: at java.util.concurrent.FutureTask.run(FutureTask.java:266)
05-07 02:10:48.947 8607 9013 W System.err: at java.util.concurrent.ScheduledThreadPoolExecutor$ScheduledFutureTask.run(ScheduledThreadPoolExecutor.java:301)
05-07 02:10:48.947 8607 9013 W System.err: at java.util.concurrent.ThreadPoolExecutor.runWorker(ThreadPoolExecutor.java:1167)
05-07 02:10:48.947 8607 9013 W System.err: at java.util.concurrent.ThreadPoolExecutor$Worker.run(ThreadPoolExecutor.java:641)
05-07 02:10:48.947 8607 9013 W System.err: at java.lang.Thread.run(Thread.java:920)
05-07 02:10:48.837 3003 3003 I auditd : type=1400 audit(0.0:8379): avc: granted { getattr } for comm=4173796E635461736B2023323838 path="/proc/3003/net/arp" dev="proc" ino=4026532247 scontext=u:r:platform_app:s0:c512,c768 tcontext=u:object_r:proc_net:s0 tclass=file app=com.hht.lebocast
05-07 02:10:48.837 3003 3003 W com.hht.lebocast: type=1400 audit(0.0:8379): avc: granted { getattr } for comm=4173796E635461736B2023323838 path="/proc/3003/net/arp" dev="proc" ino=4026532247 scontext=u:r:platform_app:s0:c512,c768 tcontext=u:object_r:proc_net:s0 tclass=file app=com.hht.lebocast
01-01 08:18:32.703 0 0 E i2c_geni 980000.i2c: i2c error :-107
01-01 08:18:32.708 0 0 E : [MAX975X:max96755x_vc1_lcd_dtc_check] *ERROR* Failed to read dev:0x15 addr:0x80
01-01 08:18:32.717 0 0 E i2c_geni 980000.i2c: i2c error :-107
01-01 08:18:32.722 0 0 E : [MAX975X:max96755g_write_bytes] *ERROR* i2c master send 0x80 err
01-01 08:18:32.827 0 0 E i2c_geni 980000.i2c: i2c error :-107
01-01 08:18:32.839 0 0 E : [MAX975X:max96755x_vc1_lcd_dtc_check] *ERROR* Failed to read dev:0x15 addr:0x80
01-01 08:18:32.848 0 0 E i2c_geni 980000.i2c: i2c error :-107
05-07 02:10:49.233 3003 3003 I auditd : type=1400 audit(0.0:8380): avc: granted { read } for comm=4173796E635461736B2023323839 name="arp" dev="proc" ino=4026532247 scontext=u:r:platform_app:s0:c512,c768 tcontext=u:object_r:proc_net:s0 tclass=file app=com.hht.lebocast
05-07 02:10:49.233 3003 3003 W com.hht.lebocast: type=1400 audit(0.0:8380): avc: granted { read } for comm=4173796E635461736B2023323839 name="arp" dev="proc" ino=4026532247 scontext=u:r:platform_app:s0:c512,c768 tcontext=u:object_r:proc_net:s0 tclass=file app=com.hht.lebocast
01-01 08:18:32.853 0 0 E : [MAX975X:max96755g_write_bytes] *ERROR* i2c master send 0x80 err
01-01 08:18:32.904 0 0 W audit : audit_lost=7354 audit_rate_limit=5 audit_backlog_limit=64
05-07 02:10:49.233 3003 3003 I auditd : type=1400 audit(0.0:8381): avc: granted { read open } for comm=4173796E635461736B2023323839 path="/proc/3003/net/arp" dev="proc" ino=4026532247 scontext=u:r:platform_app:s0:c512,c768 tcontext=u:object_r:proc_net:s0 tclass=file app=com.hht.lebocast
05-07 02:10:49.233 3003 3003 W com.hht.lebocast: type=1400 audit(0.0:8381): avc: granted { read open } for comm=4173796E635461736B2023323839 path="/proc/3003/net/arp" dev="proc" ino=4026532247 scontext=u:r:platform_app:s0:c512,c768 tcontext=u:object_r:proc_net:s0 tclass=file app=com.hht.lebocast
01-01 08:18:32.913 0 0 E audit : rate limit exceeded
01-01 08:18:32.967 0 0 E i2c_geni 980000.i2c: i2c error :-107
01-01 08:18:32.976 0 0 E : [MAX975X:max96755x_vc1_lcd_dtc_check] *ERROR* Failed to read dev:0x15 addr:0x80
01-01 08:18:32.985 0 0 E i2c_geni 980000.i2c: i2c error :-107
05-07 02:10:49.356 1092 1691 W InputDispatcher: Asynchronous input event injection failed.
05-07 02:10:49.428 669 676 I mpu_uart: [MSG-P:RECV]:No message received in 1000 ms
05-07 02:10:49.429 669 675 I mpu_uart: [MSG-P:R]:recv sync frame timeout
01-01 08:18:32.989 0 0 E : [MAX975X:max96755g_write_bytes] *ERROR* i2c master send 0x80 err
01-01 08:18:33.091 0 0 E i2c_geni 980000.i2c: i2c error :-107
01-01 08:18:33.103 0 0 E : [MAX975X:max96755x_vc1_lcd_dtc_check] *ERROR* Failed to read dev:0x15 addr:0x80
01-01 08:18:33.112 0 0 E i2c_geni 980000.i2c: i2c error :-107
05-07 02:10:49.501 1656 1656 W livelock: sample 4.800s
05-07 02:10:49.520 8607 8607 D ViewTouchDebug: mView : DecorView@67f3de4[MainProxyActivity]Receive event : MotionEvent { action=ACTION_DOWN, actionButton=0, id[0]=0, x[0]=40.0, y[0]=985.0, toolType[0]=TOOL_TYPE_FINGER, buttonState=0, classification=NONE, metaState=0, flags=0x0, edgeFlags=0x0, pointerCount=1, historySize=0, eventTime=1106053, downTime=1106053, deviceId=-1, source=0x1002, displayId=0, eventId=-860291675 }
05-07 02:10:49.520 1916 1916 D ViewTouchDebug: mView : com.android.systemui.navigationbar.NavigationBarFrame{e5b3745 V.E...... ........ 0,0-2560,46 #7f0b03f2 app:id/navigation_bar_frame}Receive event : MotionEvent { action=ACTION_OUTSIDE, actionButton=0, id[0]=0, x[0]=0.0, y[0]=-1034.0, toolType[0]=TOOL_TYPE_FINGER, buttonState=0, classification=NONE, metaState=0, flags=0x0, edgeFlags=0x0, pointerCount=1, historySize=0, eventTime=1106053, downTime=1106053, deviceId=-1, source=0x1002, displayId=0, eventId=1580047677 }
01-01 08:18:33.117 0 0 E : [MAX975X:max96755g_write_bytes] *ERROR* i2c master send 0x80 err
01-01 08:18:33.220 0 0 E i2c_geni 980000.i2c: i2c error :-107
01-01 08:18:33.232 0 0 E : [MAX975X:max96755x_vc1_lcd_dtc_check] *ERROR* Failed to read dev:0x15 addr:0x80
01-01 08:18:33.241 0 0 E i2c_geni 980000.i2c: i2c error :-107
05-07 02:10:49.615 8607 8607 D ViewTouchDebug: mView : DecorView@67f3de4[MainProxyActivity]Receive event : MotionEvent { action=ACTION_UP, actionButton=0, id[0]=0, x[0]=40.0, y[0]=985.0, toolType[0]=TOOL_TYPE_FINGER, buttonState=0, classification=NONE, metaState=0, flags=0x0, edgeFlags=0x0, pointerCount=1, historySize=0, eventTime=1106148, downTime=1106053, deviceId=-1, source=0x1002, displayId=0, eventId=-884232405 }
05-07 02:10:49.618 8607 8607 W System.err: java.lang.IllegalStateException: View com.taptap.other.basic.impl.ui.home.bottombar.HomeBottomItemView{e96dd43 VFE...C.. ..SP.... 0,0-87,81} does not have a Fragment set
05-07 02:10:49.619 8607 8607 W System.err: at androidx.fragment.app.FragmentManager.findFragment(FragmentManager.java:795)
05-07 02:10:49.619 8607 8607 W System.err: at com.taptap.infra.log.common.log.extension.NavLogExtensionsKt.findCurFragment(NavLogExtensions.kt:17)
05-07 02:10:49.619 8607 8607 W System.err: at com.taptap.other.basic.impl.application.log.TapLogCallbackImpl.setTopPagerVia(TapLogCallbackImpl.kt:138)
05-07 02:10:49.619 8607 8607 W System.err: at com.taptap.infra.log.common.logs.ViaHelper.recordClick(ViaHelper.java:46)
05-07 02:10:49.619 8607 8607 W System.err: at com.taptap.infra.log.common.track.retrofit.legacy.ClickHelper.storeTrackParams2Pager(ClickHelper.kt:17)
05-07 02:10:49.619 8607 8607 W System.err: at com.taptap.infra.log.common.track.retrofit.aspectj.ClickAspect.clickEvent(ClickAspect.kt:25)
05-07 02:10:49.620 8607 8607 W System.err: at com.taptap.other.basic.impl.ui.HomeBottomBar.onClick(HomeBottomBar.java:364)
05-07 02:10:49.620 8607 8607 W System.err: at android.view.View.performClick(View.java:7441)
05-07 02:10:49.620 8607 8607 W System.err: at android.view.View.performClickInternal(View.java:7418)
05-07 02:10:49.620 8607 8607 W System.err: at android.view.View.access$3700(View.java:835)
05-07 02:10:49.620 8607 8607 W System.err: at android.view.View$PerformClick.run(View.java:28681)
05-07 02:10:49.620 8607 8607 W System.err: at android.os.Handler.handleCallback(Handler.java:938)
05-07 02:10:49.620 8607 8607 W System.err: at android.os.Handler.dispatchMessage(Handler.java:99)
05-07 02:10:49.620 8607 8607 W System.err: at android.os.Looper.loopOnce(Looper.java:201)
05-07 02:10:49.621 8607 8607 W System.err: at android.os.Looper.loop(Looper.java:288)
05-07 02:10:49.621 8607 8607 W System.err: at android.app.ActivityThread.main(ActivityThread.java:7880)
05-07 02:10:49.621 8607 8607 W System.err: at java.lang.reflect.Method.invoke(Native Method)
05-07 02:10:49.621 8607 8607 W System.err: at com.android.internal.os.RuntimeInit$MethodAndArgsCaller.run(RuntimeInit.java:548)
05-07 02:10:49.621 8607 8607 W System.err: at com.android.internal.os.ZygoteInit.main(ZygoteInit.java:1009)
05-07 02:10:49.621 8607 8607 W System.err: java.lang.IllegalStateException: View com.taptap.other.basic.impl.ui.home.bottombar.HomeBottomItemView{e96dd43 VFE...C.. ..SP.... 0,0-87,81} does not have a Fragment set
05-07 02:10:49.622 8607 8607 W System.err: at androidx.fragment.app.FragmentManager.findFragment(FragmentManager.java:795)
05-07 02:10:49.622 8607 8607 W System.err: at com.taptap.infra.log.common.log.extension.NavLogExtensionsKt.findCurFragment(NavLogExtensions.kt:17)
05-07 02:10:49.622 8607 8607 W System.err: at com.taptap.other.basic.impl.application.log.TapLogCallbackImpl.setTopPagerProperty(TapLogCallbackImpl.kt:214)
05-07 02:10:49.622 8607 8607 W System.err: at com.taptap.infra.log.common.logs.PropertyHelper$Companion.recordClick(PropertyHelper.kt:33)
05-07 02:10:49.622 8607 8607 W System.err: at com.taptap.infra.log.common.track.retrofit.legacy.ClickHelper.storeTrackParams2Pager(ClickHelper.kt:18)
05-07 02:10:49.623 8607 8607 W System.err: at com.taptap.infra.log.common.track.retrofit.aspectj.ClickAspect.clickEvent(ClickAspect.kt:25)
05-07 02:10:49.623 8607 8607 W System.err: at com.taptap.other.basic.impl.ui.HomeBottomBar.onClick(HomeBottomBar.java:364)
05-07 02:10:49.623 8607 8607 W System.err: at android.view.View.performClick(View.java:7441)
05-07 02:10:49.623 8607 8607 W System.err: at android.view.View.performClickInternal(View.java:7418)
05-07 02:10:49.623 8607 8607 W System.err: at android.view.View.access$3700(View.java:835)
05-07 02:10:49.623 8607 8607 W System.err: at android.view.View$PerformClick.run(View.java:28681)
05-07 02:10:49.623 8607 8607 W System.err: at android.os.Handler.handleCallback(Handler.java:938)
05-07 02:10:49.625 8607 8607 W System.err: at android.os.Handler.dispatchMessage(Handler.java:99)
05-07 02:10:49.625 8607 8607 W System.err: at android.os.Looper.loopOnce(Looper.java:201)
05-07 02:10:49.625 8607 8607 W System.err: at android.os.Looper.loop(Looper.java:288)
05-07 02:10:49.625 8607 8607 W System.err: at android.app.ActivityThread.main(ActivityThread.java:7880)
05-07 02:10:49.625 8607 8607 W System.err: at java.lang.reflect.Method.invoke(Native Method)
05-07 02:10:49.625 8607 8607 W System.err: at com.android.internal.os.RuntimeInit$MethodAndArgsCaller.run(RuntimeInit.java:548)
05-07 02:10:49.625 8607 8607 W System.err: at com.android.internal.os.ZygoteInit.main(ZygoteInit.java:1009)
