05-07 01:56:56.311 1092 1206 I input_focus: [Focus request e0fc5ff com.android.packageinstaller/com.android.packageinstaller.InstallInstalling,reason=UpdateInputWindows]
05-07 01:56:56.384 1092 1201 I wm_activity_launch_time: [0,163227548,com.android.packageinstaller/.InstallInstalling,214]
05-07 01:56:56.386 1092 1204 I wm_destroy_activity: [0,89641586,16,com.android.packageinstaller/.PackageInstallerActivity,finish-imm:transit]
05-07 01:56:56.400 1092 1691 I input_focus: [Focus entering e0fc5ff com.android.packageinstaller/com.android.packageinstaller.InstallInstalling (server),reason=Window became focusable. Previous reason: NOT_VISIBLE]
05-07 01:56:56.435 1092 1303 I commit_sys_config_file: [package-session,215502]
05-07 01:56:56.451 3729 3729 I wm_on_stop_called: [89641586,com.android.packageinstaller.PackageInstallerActivity,LIFECYCLER_STOP_ACTIVITY]
05-07 01:56:56.451 3729 3729 I wm_on_destroy_called: [89641586,com.android.packageinstaller.PackageInstallerActivity,performDestroy]
05-07 01:56:57.205 1092 1257 I commit_sys_config_file: [package-user-0,3]
05-07 01:56:57.205 1092 1257 I commit_sys_config_file: [package,86]
05-07 01:56:58.733 3003 3003 I auditd : type=1400 audit(0.0:1390): avc: granted { read } for comm=4173796E635461736B20233639 name="arp" dev="proc" ino=4026532247 scontext=u:r:platform_app:s0:c512,c768 tcontext=u:object_r:proc_net:s0 tclass=file app=com.hht.lebocast
05-07 01:56:58.781 1092 1257 I unknown_sources_enabled: 1
05-07 01:56:58.782 1092 1092 I am_uid_active: 10097
05-07 01:56:58.733 3003 3003 I auditd : type=1400 audit(0.0:1391): avc: granted { read open } for comm=4173796E635461736B20233639 path="/proc/3003/net/arp" dev="proc" ino=4026532247 scontext=u:r:platform_app:s0:c512,c768 tcontext=u:object_r:proc_net:s0 tclass=file app=com.hht.lebocast
05-07 01:56:58.797 1092 1303 I commit_sys_config_file: [package-session,217864]
05-07 01:56:58.801 1092 1257 I service_manager_stats: [100,112,21755]
05-07 01:56:58.808 1092 1309 I commit_sys_config_file: [overlays,221415]
05-07 01:56:58.814 1092 1740 I service_manager_slow: [11,isub]
05-07 01:56:58.733 3003 3003 I auditd : type=1400 audit(0.0:1392): avc: granted { getattr } for comm=4173796E635461736B20233639 path="/proc/3003/net/arp" dev="proc" ino=4026532247 scontext=u:r:platform_app:s0:c512,c768 tcontext=u:object_r:proc_net:s0 tclass=file app=com.hht.lebocast
05-07 01:56:58.834 1092 1214 I dvm_lock_sample: [system_server,0,android.bg,12,PackageManagerService.java,27857,boolean com.android.server.pm.PackageManagerService$PackageManagerInternalImpl.userNeedsBadging(int),,0,null,2]
05-07 01:56:58.840 1092 2567 I dvm_lock_sample: [system_server,1,Binder:1092_9,17,PackageManagerService.java,6029,com.android.server.pm.PackageManagerService$Computer com.android.server.pm.PackageManagerService.snapshotComputer(),,0,null,3]
05-07 01:56:58.737 3003 3003 I auditd : type=1400 audit(0.0:1393): avc: granted { getattr } for comm=4173796E635461736B20233639 path="/proc/3003/net/arp" dev="proc" ino=4026532247 scontext=u:r:platform_app:s0:c512,c768 tcontext=u:object_r:proc_net:s0 tclass=file app=com.hht.lebocast
05-07 01:56:58.863 1092 1092 I notification_cancel_all: [1000,1092,com.tencent.android.qqdownloader,0,0,0,5,NULL]
05-07 01:56:58.867 1092 4750 I wm_task_moved: [16,1,8]
05-07 01:56:58.867 1092 4750 I wm_set_resumed_activity: [0,com.android.packageinstaller/.InstallInstalling,positionChildAt]
05-07 01:56:58.867 1092 4750 I wm_create_activity: [0,182260003,16,com.android.packageinstaller/.InstallSuccess,NULL,NULL,file:///data/user_de/0/com.android.packageinstaller/no_backup/package9206029595837875013.apk,33554432]
05-07 01:56:58.869 1092 4750 I wm_pause_activity: [0,163227548,com.android.packageinstaller/.InstallInstalling,userLeaving=true,resumeTopActivityInnerLocked]
05-07 01:56:58.923 1092 2567 I wm_finish_activity: [0,163227548,16,com.android.packageinstaller/.InstallInstalling,app-request]
05-07 01:56:58.923 3729 3729 I wm_on_top_resumed_lost_called: [163227548,com.android.packageinstaller.InstallInstalling,topStateChangedWhenResumed]
05-07 01:56:58.924 3729 3729 I wm_on_paused_called: [163227548,com.android.packageinstaller.InstallInstalling,performPause]
05-07 01:56:58.927 1092 4750 I wm_add_to_stopping: [0,163227548,com.android.packageinstaller/.InstallInstalling,completeFinishing]
05-07 01:56:58.930 1092 4750 I wm_restart_activity: [0,182260003,16,com.android.packageinstaller/.InstallSuccess]
05-07 01:56:58.932 1092 4750 I wm_set_resumed_activity: [0,com.android.packageinstaller/.InstallSuccess,minimalResumeActivityLocked]
05-07 01:56:58.949 1092 1204 I sysui_multi_action: [757,803,799,window_time_0,802,3]
05-07 01:56:58.949 1092 2832 I am_uid_running: 10070
05-07 01:56:58.956 1092 1691 I input_focus: [Focus leaving e0fc5ff com.android.packageinstaller/com.android.packageinstaller.InstallInstalling (server),reason=NO_WINDOW]
05-07 01:56:58.969 3729 3729 I wm_on_create_called: [182260003,com.android.packageinstaller.InstallSuccess,performCreate]
05-07 01:56:58.970 3729 3729 I wm_on_start_called: [182260003,com.android.packageinstaller.InstallSuccess,handleStartActivity]
05-07 01:56:58.974 3729 3729 I wm_on_resume_called: [182260003,com.android.packageinstaller.InstallSuccess,RESUME_ACTIVITY]
05-07 01:56:58.991 1092 1219 I am_proc_start: [0,5601,10070,com.android.gallery3d,broadcast,{com.android.gallery3d/com.android.gallery3d.app.PackagesMonitor}]
05-07 01:56:58.999 3729 3729 I wm_on_top_resumed_gained_called: [182260003,com.android.packageinstaller.InstallSuccess,topStateChangedWhenResumed]
05-07 01:56:59.051 1092 2620 I am_proc_bound: [0,5601,com.android.gallery3d]
05-07 01:56:59.056 1092 1206 I input_focus: [Focus request c1a49e5 com.android.packageinstaller/com.android.packageinstaller.InstallSuccess,reason=UpdateInputWindows]
05-07 01:56:59.119 1092 1201 I wm_activity_launch_time: [0,182260003,com.android.packageinstaller/.InstallSuccess,261]
05-07 01:56:59.122 1092 1204 I wm_destroy_activity: [0,163227548,16,com.android.packageinstaller/.InstallInstalling,finish-imm:transit]
05-07 01:56:59.141 1092 1691 I input_focus: [Focus entering c1a49e5 com.android.packageinstaller/com.android.packageinstaller.InstallSuccess (server),reason=Window became focusable. Previous reason: NOT_VISIBLE]
05-07 01:56:59.164 3729 3729 I wm_on_stop_called: [163227548,com.android.packageinstaller.InstallInstalling,LIFECYCLER_STOP_ACTIVITY]
05-07 01:56:59.164 3729 3729 I wm_on_destroy_called: [163227548,com.android.packageinstaller.InstallInstalling,performDestroy]
05-07 01:56:59.245 3003 3003 I auditd : type=1400 audit(0.0:1394): avc: granted { read } for comm=4173796E635461736B20233730 name="arp" dev="proc" ino=4026532247 scontext=u:r:platform_app:s0:c512,c768 tcontext=u:object_r:proc_net:s0 tclass=file app=com.hht.lebocast
05-07 01:57:00.605 0 0 I auditd : type=1400 audit(0.0:1398): avc: denied { kill } for comm="swapper/2" capability=5 scontext=u:r:kernel:s0 tcontext=u:r:kernel:s0 tclass=capability permissive=1
05-07 01:57:01.499 1092 1691 I input_interaction: Interaction with: c1a49e5 com.android.packageinstaller/com.android.packageinstaller.InstallSuccess (server), edge-swipe (server), swipe-up (server), PointerEventDispatcher0 (server),
05-07 01:57:01.688 1092 2568 I wm_task_created: [17,-1]
05-07 01:57:01.690 1092 2568 I wm_finish_activity: [0,204520842,12,com.microsoft.emmx/com.microsoft.ruby.Main,finish-activity]
05-07 01:57:01.703 1092 2568 I wm_pause_activity: [0,204520842,com.microsoft.emmx/com.microsoft.ruby.Main,userLeaving=false,finish]
05-07 01:57:01.711 1092 2568 I wm_task_moved: [17,1,9]
05-07 01:57:01.711 1092 2568 I wm_task_to_front: [0,17]
05-07 01:57:01.711 1092 2568 I wm_create_task: [0,17]
05-07 01:57:01.711 1092 2568 I wm_create_activity: [0,58096062,17,com.tencent.android.qqdownloader/com.tencent.pangu.link.SplashActivity,android.intent.action.MAIN,NULL,NULL,268435456]
05-07 01:57:01.711 1092 2568 I wm_task_moved: [17,1,9]
05-07 01:57:01.719 1092 1832 I wm_finish_activity: [0,182260003,16,com.android.packageinstaller/.InstallSuccess,app-request]
05-07 01:57:01.723 4502 4502 I wm_on_paused_called: [204520842,com.microsoft.ruby.Main,performPause]
05-07 01:57:01.729 1092 1832 I wm_pause_activity: [0,182260003,com.android.packageinstaller/.InstallSuccess,userLeaving=false,finish]
05-07 01:57:01.732 1092 2832 I wm_add_to_stopping: [0,204520842,com.microsoft.emmx/com.microsoft.ruby.Main,completeFinishing]
05-07 01:57:01.741 1092 1204 I sysui_multi_action: [757,803,799,window_time_0,802,3]
05-07 01:57:01.747 1092 1204 I am_uid_running: 10100
05-07 01:57:01.750 1092 1204 I sysui_multi_action: [757,803,799,window_time_2,802,0]
05-07 01:57:01.760 1092 1691 I input_focus: [Focus leaving c1a49e5 com.android.packageinstaller/com.android.packageinstaller.InstallSuccess (server),reason=NO_WINDOW]
05-07 01:57:01.761 3729 3729 I wm_on_top_resumed_lost_called: [182260003,com.android.packageinstaller.InstallSuccess,topStateChangedWhenResumed]
05-07 01:57:01.767 3729 3729 I wm_on_paused_called: [182260003,com.android.packageinstaller.InstallSuccess,performPause]
05-07 01:57:01.767 1092 2568 I wm_add_to_stopping: [0,182260003,com.android.packageinstaller/.InstallSuccess,completeFinishing]
05-07 01:57:01.779 1092 2568 I wm_resume_activity: [0,156659496,16,com.android.packageinstaller/.DeleteStagedFileOnResult]
05-07 01:57:01.783 1092 1219 I am_proc_start: [0,5640,10100,com.tencent.android.qqdownloader:daemon,top-activity,{com.tencent.android.qqdownloader/com.tencent.pangu.link.SplashActivity}]
05-07 01:57:01.783 1092 1204 I sysui_multi_action: [757,803,799,window_time_2,802,0]
05-07 01:57:01.788 1092 2567 I wm_finish_activity: [0,156659496,16,com.android.packageinstaller/.DeleteStagedFileOnResult,app-request]
05-07 01:57:01.813 1092 2567 I wm_pause_activity: [0,156659496,com.android.packageinstaller/.DeleteStagedFileOnResult,userLeaving=false,finish]
05-07 01:57:01.816 3729 3729 I wm_on_activity_result_called: [156659496,com.android.packageinstaller.DeleteStagedFileOnResult,ACTIVITY_RESULT]
05-07 01:57:01.838 1092 2567 I wm_add_to_stopping: [0,156659496,com.android.packageinstaller/.DeleteStagedFileOnResult,completeFinishing]
05-07 01:57:01.850 1092 2567 I wm_resume_activity: [0,76565268,8,com.android.launcher3/.uioverrides.QuickstepLauncher]
05-07 01:57:01.856 2610 2610 I wm_on_resume_called: [76565268,com.android.launcher3.uioverrides.QuickstepLauncher,RESUME_ACTIVITY]
05-07 01:57:01.861 1092 1204 I sysui_multi_action: [757,803,799,window_time_2,802,0]
05-07 01:57:01.922 1092 2568 I am_proc_bound: [0,5640,com.tencent.android.qqdownloader:daemon]
05-07 01:57:01.926 1092 2568 I wm_restart_activity: [0,58096062,17,com.tencent.android.qqdownloader/com.tencent.pangu.link.SplashActivity]
05-07 01:57:01.930 1092 2568 I wm_set_resumed_activity: [0,com.tencent.android.qqdownloader/com.tencent.pangu.link.SplashActivity,minimalResumeActivityLocked]
05-07 01:57:01.931 1092 1204 I am_uid_active: 10100
05-07 01:57:02.057 1092 1219 I am_proc_start: [0,5683,10100,com.tencent.android.qqdownloader,content provider,{com.tencent.android.qqdownloader/com.tencent.assistant.db.contentprovider.WallpaperProvider}]
05-07 01:57:02.066 5640 5640 I wm_on_create_called: [58096062,com.tencent.pangu.link.SplashActivity,performCreate]
05-07 01:57:02.096 5640 5640 I wm_on_start_called: [58096062,com.tencent.pangu.link.SplashActivity,handleStartActivity]
05-07 01:57:02.097 5640 5640 I wm_on_resume_called: [58096062,com.tencent.pangu.link.SplashActivity,RESUME_ACTIVITY]
05-07 01:57:02.100 1092 2832 I am_proc_bound: [0,5683,com.tencent.android.qqdownloader]
05-07 01:57:02.108 5640 5640 I wm_on_top_resumed_gained_called: [58096062,com.tencent.pangu.link.SplashActivity,topStateChangedWhenResumed]
05-07 01:57:02.122 1092 1206 I input_focus: [Focus request 9769fc com.tencent.android.qqdownloader/com.tencent.pangu.link.SplashActivity,reason=UpdateInputWindows]
05-07 01:57:02.236 5640 5664 I dvm_lock_sample: [com.tencent.android.qqdownloader,0,temporary-2,231,,-1,com.tencent.assistant.event.g com.tencent.assistant.event.g.a(),-,-1,com.tencent.assistant.event.g com.tencent.assistant.event.g.a(),46]
05-07 01:57:02.245 1092 1201 I sysui_multi_action: [319,563,322,561,325,278,757,761,758,7,759,2,806,com.tencent.android.qqdownloader,871,com.tencent.pangu.link.SplashActivity,904,com.android.packageinstaller,905,0,945,245,1320,4,1321,4]
05-07 01:57:02.253 1092 1204 I wm_destroy_activity: [0,156659496,16,com.android.packageinstaller/.DeleteStagedFileOnResult,finish-imm:transit]
05-07 01:57:02.254 1092 1204 I wm_destroy_activity: [0,182260003,16,com.android.packageinstaller/.InstallSuccess,finish-imm:transit]
05-07 01:57:02.255 1092 1204 I wm_destroy_activity: [0,204520842,12,com.microsoft.emmx/com.microsoft.ruby.Main,finish-imm:transit]
05-07 01:57:02.257 1092 1201 I wm_activity_launch_time: [0,58096062,com.tencent.android.qqdownloader/com.tencent.pangu.link.SplashActivity,561]
05-07 01:57:02.281 1092 1691 I input_focus: [Focus entering 9769fc com.tencent.android.qqdownloader/com.tencent.pangu.link.SplashActivity (server),reason=Window became focusable. Previous reason: NOT_VISIBLE]
05-07 01:57:02.281 5751 5751 I auditd : type=1400 audit(0.0:1399): avc: denied { search } for comm="mount" name="vendor" dev="tmpfs" ino=28078 scontext=u:r:untrusted_app_27:s0:c512,c768 tcontext=u:object_r:mnt_vendor_file:s0 tclass=dir permissive=1 app=com.tencent.android.qqdownloader
05-07 01:57:02.281 5751 5751 I auditd : type=1400 audit(0.0:1400): avc: denied { getattr } for comm="mount" path="/mnt/vendor/persist" dev="sda2" ino=2 scontext=u:r:untrusted_app_27:s0:c512,c768 tcontext=u:object_r:mnt_vendor_file:s0 tclass=dir permissive=1 app=com.tencent.android.qqdownloader
05-07 01:57:02.359 1092 3148 I dvm_lock_sample: [system_server,1,Binder:1092_D,37,WindowManagerService.java,2228,int com.android.server.wm.WindowManagerService.relayoutWindow(com.android.server.wm.Session, android.view.IWindow, android.view.WindowManager$LayoutParams, int, int, int, int, long, android.window.ClientWindowFrames, android.util.MergedConfiguration, android.view.SurfaceControl, android.view.InsetsState, android.view.InsetsSourceControl[], android.graphics.Point),WindowAnimator.java,110,void com.android.server.wm.WindowAnimator.lambda$new$1$WindowAnimator(long),7]
05-07 01:57:02.281 5751 5751 I auditd : type=1400 audit(0.0:1401): avc: denied { getattr } for comm="mount" path="/metadata" dev="sda11" ino=2 scontext=u:r:untrusted_app_27:s0:c512,c768 tcontext=u:object_r:metadata_file:s0 tclass=dir permissive=1 app=com.tencent.android.qqdownloader
05-07 01:57:02.404 4502 4502 I wm_on_stop_called: [204520842,com.microsoft.ruby.Main,LIFECYCLER_STOP_ACTIVITY]
05-07 01:57:02.281 5751 5751 I auditd : type=1400 audit(0.0:1402): avc: denied { getattr } for comm="mount" path="/vendor/firmware_mnt" dev="sde4" ino=1 scontext=u:r:untrusted_app_27:s0:c512,c768 tcontext=u:object_r:firmware_file:s0 tclass=dir permissive=1 app=com.tencent.android.qqdownloader
05-07 01:57:02.451 1092 1217 I am_wtf : [0,1092,system_server,-1,ProcessStats,Executing service ServiceState{fa5cc60 org.chromium.content.app.SandboxedProcessService0 pkg=com.microsoft.emmx proc=1d7519} without owner]
05-07 01:57:02.452 3729 3729 I wm_on_stop_called: [156659496,com.android.packageinstaller.DeleteStagedFileOnResult,LIFECYCLER_STOP_ACTIVITY]
05-07 01:57:02.453 1092 3148 I am_kill : [0,4659,com.microsoft.emmx:sandboxed_process0:org.chromium.content.app.SandboxedProcessService0:0,0,isolated not needed]
05-07 01:57:02.453 3729 3729 I wm_on_destroy_called: [156659496,com.android.packageinstaller.DeleteStagedFileOnResult,performDestroy]
05-07 01:57:02.454 1092 1217 I am_wtf : [0,1092,system_server,-1,ProcessStats,Binding service ServiceState{fa5cc60 org.chromium.content.app.SandboxedProcessService0 pkg=com.microsoft.emmx proc=1d7519} without owner]
05-07 01:57:02.456 1092 1217 I am_wtf : [0,1092,system_server,-1,ProcessStats,Starting service ServiceState{fa5cc60 org.chromium.content.app.SandboxedProcessService0 pkg=com.microsoft.emmx proc=1d7519} without owner]
05-07 01:57:02.457 1092 1217 I am_wtf : [0,1092,system_server,-1,ProcessStats,Binding service ServiceState{fa5cc60 org.chromium.content.app.SandboxedProcessService0 pkg=com.microsoft.emmx proc=1d7519} without owner]
05-07 01:57:02.281 5751 5751 I auditd : type=1400 audit(0.0:1403): avc: denied { getattr } for comm="mount" name="/" dev="sde4" ino=1 scontext=u:r:untrusted_app_27:s0:c512,c768 tcontext=u:object_r:firmware_file:s0 tclass=filesystem permissive=1 app=com.tencent.android.qqdownloader
05-07 01:57:02.466 3729 3729 I wm_on_stop_called: [182260003,com.android.packageinstaller.InstallSuccess,LIFECYCLER_STOP_ACTIVITY]
05-07 01:57:02.466 3729 3729 I wm_on_destroy_called: [182260003,com.android.packageinstaller.InstallSuccess,performDestroy]
05-07 01:57:02.476 1092 3148 I wm_task_removed: [16,removeChild:removeChild last r=ActivityRecord{add1123 u0 com.android.packageinstaller/.InstallSuccess t-1 f}} in t=Task{844f4d1 #16 type=standard A=10029:com.android.packageinstaller U=0 visible=false mode=fullscreen translucent=true sz=0}]
05-07 01:57:02.476 1092 3148 I wm_task_removed: [16,removeChild]
05-07 01:57:02.281 5751 5751 I auditd : type=1400 audit(0.0:1404): avc: denied { getattr } for comm="mount" path="/vendor/dsp" dev="sde9" ino=2 scontext=u:r:untrusted_app_27:s0:c512,c768 tcontext=u:object_r:adsprpcd_file:s0 tclass=dir permissive=1 app=com.tencent.android.qqdownloader
05-07 01:57:02.495 4502 4502 I wm_on_destroy_called: [204520842,com.microsoft.ruby.Main,performDestroy]
05-07 01:57:02.511 1092 3148 I wm_task_removed: [12,removeChild:removeChild last r=ActivityRecord{c30bd8a u0 com.microsoft.emmx/com.microsoft.ruby.Main t-1 f}} in t=Task{e0b952c #12 type=standard A=10037:com.microsoft.emmx U=0 visible=false mode=freeform translucent=true sz=0}]
05-07 01:57:02.511 1092 3148 I wm_task_removed: [12,removeChild]
05-07 01:57:02.281 5751 5751 I auditd : type=1400 audit(0.0:1405): avc: denied { getattr } for comm="mount" path="/vendor/bt_firmware" dev="sde5" ino=1 scontext=u:r:untrusted_app_27:s0:c512,c768 tcontext=u:object_r:bt_firmware_file:s0 tclass=dir permissive=1 app=com.tencent.android.qqdownloader
05-07 01:57:02.281 5751 5751 I auditd : type=1400 audit(0.0:1406): avc: denied { getattr } for comm="mount" name="/" dev="sde5" ino=1 scontext=u:r:untrusted_app_27:s0:c512,c768 tcontext=u:object_r:bt_firmware_file:s0 tclass=filesystem permissive=1 app=com.tencent.android.qqdownloader
05-07 01:57:02.285 5751 5751 I auditd : type=1400 audit(0.0:1407): avc: denied { getattr } for comm="mount" path="/linkerconfig" dev="tmpfs" ino=28614 scontext=u:r:untrusted_app_27:s0:c512,c768 tcontext=u:object_r:linkerconfig_file:s0 tclass=dir permissive=1 app=com.tencent.android.qqdownloader
05-07 01:57:02.627 1092 3148 I am_proc_died: [0,4659,com.microsoft.emmx:sandboxed_process0:org.chromium.content.app.SandboxedProcessService0:0,0,10]
05-07 01:57:02.628 1092 3148 I am_uid_stopped: 90000
05-07 01:57:03.609 0 0 I auditd : type=1400 audit(0.0:1415): avc: denied { kill } for comm="swapper/2" capability=5 scontext=u:r:kernel:s0 tcontext=u:r:kernel:s0 tclass=capability permissive=1
05-07 01:57:04.438 1092 1691 I input_interaction: Interaction with: 9769fc com.tencent.android.qqdownloader/com.tencent.pangu.link.SplashActivity (server), edge-swipe (server), swipe-up (server), PointerEventDispatcher0 (server),
05-07 01:57:04.650 1092 1206 I input_focus: [Focus request a58d33d com.tencent.android.qqdownloader/com.tencent.pangu.link.SplashActivity,reason=UpdateInputWindows]
05-07 01:57:04.664 1092 1691 I input_focus: [Focus entering a58d33d com.tencent.android.qqdownloader/com.tencent.pangu.link.SplashActivity (server),reason=setFocusedWindow]
05-07 01:57:04.710 1092 2568 I wm_task_moved: [17,1,7]
05-07 01:57:04.710 1092 2568 I wm_set_resumed_activity: [0,com.tencent.android.qqdownloader/com.tencent.pangu.link.SplashActivity,positionChildAt]
05-07 01:57:04.710 1092 2568 I wm_create_activity: [0,156257641,17,com.tencent.android.qqdownloader/com.tencent.assistant.activity.SplashImplActivity,NULL,NULL,NULL,268500992]
05-07 01:57:04.711 1092 2568 I wm_pause_activity: [0,58096062,com.tencent.android.qqdownloader/com.tencent.pangu.link.SplashActivity,userLeaving=true,resumeTopActivityInnerLocked]
05-07 01:57:04.720 1092 3148 I wm_finish_activity: [0,58096062,17,com.tencent.android.qqdownloader/com.tencent.pangu.link.SplashActivity,app-request]
05-07 01:57:04.701 5640 5640 I auditd : type=1400 audit(0.0:1416): avc: granted { nlmsg_readpriv } for comm="temporary-5" scontext=u:r:untrusted_app_27:s0:c512,c768 tcontext=u:r:untrusted_app_27:s0:c512,c768 tclass=netlink_route_socket app=com.tencent.android.qqdownloader
05-07 01:57:04.745 5640 5640 I wm_on_top_resumed_lost_called: [58096062,com.tencent.pangu.link.SplashActivity,topStateChangedWhenResumed]
05-07 01:57:04.747 5640 5640 I wm_on_paused_called: [58096062,com.tencent.pangu.link.SplashActivity,performPause]
05-07 01:57:04.747 1092 2568 I wm_add_to_stopping: [0,58096062,com.tencent.android.qqdownloader/com.tencent.pangu.link.SplashActivity,completeFinishing]
05-07 01:57:04.749 1092 2568 I wm_restart_activity: [0,156257641,17,com.tencent.android.qqdownloader/com.tencent.assistant.activity.SplashImplActivity]
05-07 01:57:04.751 1092 2568 I wm_set_resumed_activity: [0,com.tencent.android.qqdownloader/com.tencent.assistant.activity.SplashImplActivity,minimalResumeActivityLocked]
05-07 01:57:04.755 1092 1204 I sysui_multi_action: [757,803,799,window_time_2,802,3]
05-07 01:57:04.729 5683 5683 I auditd : type=1400 audit(0.0:1417): avc: granted { nlmsg_readpriv } for comm="halley_2800_Tem" scontext=u:r:untrusted_app_27:s0:c512,c768 tcontext=u:r:untrusted_app_27:s0:c512,c768 tclass=netlink_route_socket app=com.tencent.android.qqdownloader
05-07 01:57:04.782 1092 1691 I input_focus: [Focus leaving a58d33d com.tencent.android.qqdownloader/com.tencent.pangu.link.SplashActivity (server),reason=NO_WINDOW]
05-07 01:57:04.773 5640 5640 I auditd : type=1400 audit(0.0:1418): avc: denied { read } for comm="temporary-5" name="u:object_r:wifi_hal_prop:s0" dev="tmpfs" ino=28534 scontext=u:r:untrusted_app_27:s0:c512,c768 tcontext=u:object_r:wifi_hal_prop:s0 tclass=file permissive=1 app=com.tencent.android.qqdownloader
05-07 01:57:04.773 5640 5640 I auditd : type=1400 audit(0.0:1419): avc: denied { open } for comm="temporary-5" path="/dev/__properties__/u:object_r:wifi_hal_prop:s0" dev="tmpfs" ino=28534 scontext=u:r:untrusted_app_27:s0:c512,c768 tcontext=u:object_r:wifi_hal_prop:s0 tclass=file permissive=1 app=com.tencent.android.qqdownloader
05-07 01:57:04.773 5640 5640 I auditd : type=1400 audit(0.0:1420): avc: denied { getattr } for comm="temporary-5" path="/dev/__properties__/u:object_r:wifi_hal_prop:s0" dev="tmpfs" ino=28534 scontext=u:r:untrusted_app_27:s0:c512,c768 tcontext=u:object_r:wifi_hal_prop:s0 tclass=file permissive=1 app=com.tencent.android.qqdownloader
05-07 01:57:04.773 5640 5640 I auditd : type=1400 audit(0.0:1421): avc: denied { map } for comm="temporary-5" path="/dev/__properties__/u:object_r:wifi_hal_prop:s0" dev="tmpfs" ino=28534 scontext=u:r:untrusted_app_27:s0:c512,c768 tcontext=u:object_r:wifi_hal_prop:s0 tclass=file permissive=1 app=com.tencent.android.qqdownloader
05-07 01:57:04.935 5683 5842 I dvm_lock_sample: [com.tencent.android.qqdownloader,0,pool-1-rapid_thread_pool-thread-3,17,,-1,com.tencent.assistant.db.a.f com.tencent.assistant.db.a.f.a(),-,-1,com.tencent.assistant.db.a.f com.tencent.assistant.db.a.f.a(),3]
05-07 01:57:04.773 5640 5640 I auditd : type=1400 audit(0.0:1422): avc: granted { nlmsg_readpriv } for comm="temporary-5" scontext=u:r:untrusted_app_27:s0:c512,c768 tcontext=u:r:untrusted_app_27:s0:c512,c768 tclass=netlink_route_socket app=com.tencent.android.qqdownloader
05-07 01:57:04.785 5640 5640 I auditd : type=1400 audit(0.0:1423): avc: granted { nlmsg_readpriv } for comm="temporary-5" scontext=u:r:untrusted_app_27:s0:c512,c768 tcontext=u:r:untrusted_app_27:s0:c512,c768 tclass=netlink_route_socket app=com.tencent.android.qqdownloader
05-07 01:57:04.985 1092 1832 I wm_task_moved: [17,1,7]
05-07 01:57:04.985 1092 1832 I wm_set_resumed_activity: [0,com.tencent.android.qqdownloader/com.tencent.assistant.activity.SplashImplActivity,positionChildAt]
05-07 01:57:04.986 1092 1832 I wm_create_activity: [0,128489076,17,com.tencent.android.qqdownloader/com.tencent.assistant.activity.BrowserActivity,NULL,NULL,NULL,872415232]
05-07 01:57:04.987 1092 1832 I wm_pause_activity: [0,156257641,com.tencent.android.qqdownloader/com.tencent.assistant.activity.SplashImplActivity,userLeaving=true,resumeTopActivityInnerLocked]
05-07 01:57:04.990 5683 5683 I wm_on_create_called: [156257641,com.tencent.assistant.activity.SplashImplActivity,performCreate]
05-07 01:57:04.813 5843 5843 I auditd : type=1400 audit(0.0:1424): avc: denied { open } for comm="getprop" path="/dev/__properties__/u:object_r:ab_update_gki_prop:s0" dev="tmpfs" ino=28191 scontext=u:r:untrusted_app_27:s0:c512,c768 tcontext=u:object_r:ab_update_gki_prop:s0 tclass=file permissive=1
05-07 01:57:05.028 1092 1663 I commit_sys_config_file: [settings-3-0,123]
05-07 01:57:05.037 5683 5683 I wm_on_start_called: [156257641,com.tencent.assistant.activity.SplashImplActivity,handleStartActivity]
05-07 01:57:05.043 5683 5683 I wm_on_resume_called: [156257641,com.tencent.assistant.activity.SplashImplActivity,RESUME_ACTIVITY]
05-07 01:57:05.062 5683 5683 I wm_on_top_resumed_gained_called: [156257641,com.tencent.assistant.activity.SplashImplActivity,topStateChangedWhenResumed]
05-07 01:57:05.062 5683 5683 I wm_on_top_resumed_lost_called: [156257641,com.tencent.assistant.activity.SplashImplActivity,topStateChangedWhenResumed]
05-07 01:57:05.066 5683 5683 I wm_on_paused_called: [156257641,com.tencent.assistant.activity.SplashImplActivity,performPause]
05-07 01:57:05.068 1092 2832 I wm_restart_activity: [0,128489076,17,com.tencent.android.qqdownloader/com.tencent.assistant.activity.BrowserActivity]
05-07 01:57:05.069 5640 5826 I dvm_lock_sample: [com.tencent.android.qqdownloader,0,beacon-thread-1,193,,-1,java.lang.Object com.tencent.beacon.a.d.g.a(java.lang.String, java.lang.Object),-,-1,void com.tencent.beacon.a.d.f.run(),38]
05-07 01:57:05.069 1092 2832 I wm_set_resumed_activity: [0,com.tencent.android.qqdownloader/com.tencent.assistant.activity.BrowserActivity,minimalResumeActivityLocked]
05-07 01:57:05.072 1092 1204 I sysui_multi_action: [757,803,799,window_time_2,802,0]
05-07 01:57:05.146 5640 5662 I dvm_lock_sample: [com.tencent.android.qqdownloader,0,temporary-1,319,SQLiteOpenHelper.java,339,android.database.sqlite.SQLiteDatabase android.database.sqlite.SQLiteOpenHelper.getReadableDatabase(),-,340,android.database.sqlite.SQLiteDatabase android.database.sqlite.SQLiteOpenHelper.getReadableDatabase(),63]
05-07 01:57:05.156 5683 5703 I dvm_lock_sample: [com.tencent.android.qqdownloader,0,temporary-1,390,,-1,com.tencent.assistant.plugin.mgr.PluginInstalledManager com.tencent.assistant.plugin.mgr.PluginInstalledManager.get(),-,-1,com.tencent.assistant.plugin.mgr.PluginInstalledManager com.tencent.assistant.plugin.mgr.PluginInstalledManager.get(),78]
05-07 01:57:05.306 5640 5844 I dvm_lock_sample: [com.tencent.android.qqdownloader,0,BuglyThread-2,476,,-1,java.util.List com.tencent.bugly.proguard.x.c(int),-,-1,long com.tencent.bugly.proguard.x.a(java.lang.String, android.content.ContentValues, com.tencent.bugly.proguard.w),95]
05-07 01:57:05.308 5640 5848 I dvm_lock_sample: [com.tencent.android.qqdownloader,0,BuglyThread-3,479,,-1,android.database.Cursor com.tencent.bugly.proguard.x.a(boolean, java.lang.String, java.lang.String[], java.lang.String, java.lang.String[], java.lang.String, java.lang.String, java.lang.String, java.lang.String, com.tencent.bugly.proguard.w),-,-1,long com.tencent.bugly.proguard.x.a(java.lang.String, android.content.ContentValues, com.tencent.bugly.proguard.w),95]
05-07 01:57:05.370 1092 2411 I am_uid_active: 10074
05-07 01:57:05.375 5683 5869 I dvm_lock_sample: [com.tencent.android.qqdownloader,0,BuglyThread-1,351,,-1,java.util.List com.tencent.bugly.proguard.x.c(int),-,-1,long com.tencent.bugly.proguard.x.a(java.lang.String, android.content.ContentValues, com.tencent.bugly.proguard.w),70]
05-07 01:57:05.377 5640 5640 I wm_on_create_called: [128489076,com.tencent.assistant.activity.BrowserActivity,performCreate]
05-07 01:57:05.378 5640 5640 I wm_on_start_called: [128489076,com.tencent.assistant.activity.BrowserActivity,handleStartActivity]
05-07 01:57:05.453 5683 5943 I dvm_lock_sample: [com.tencent.android.qqdownloader,0,beacon-thread-4,128,,-1,com.tencent.beacon.event.a.a com.tencent.beacon.event.a.a.a(),-,-1,com.tencent.beacon.event.a.a com.tencent.beacon.event.a.a.a(),25]
05-07 01:57:05.832 5640 5640 I dvm_lock_sample: [com.tencent.android.qqdownloader,1,main,394,,-1,boolean com.tencent.assistant.Global.hasInit(),-,-1,void com.tencent.assistant.Global.genPatch64ControlInfo(),78]
05-07 01:57:05.832 5640 5681 I dvm_lock_sample: [com.tencent.android.qqdownloader,0,temporary-6,1070,,-1,void com.tencent.assistant.Global.init(),-,-1,void com.tencent.assistant.Global.init(),100]
05-07 01:57:05.835 5640 5640 I wm_on_resume_called: [128489076,com.tencent.assistant.activity.BrowserActivity,RESUME_ACTIVITY]
05-07 01:57:05.844 1092 1206 I input_focus: [Focus request 6e9f91f com.tencent.android.qqdownloader/com.tencent.assistant.activity.BrowserActivity,reason=UpdateInputWindows]
05-07 01:57:05.869 5640 5640 I wm_on_top_resumed_gained_called: [128489076,com.tencent.assistant.activity.BrowserActivity,topStateChangedWhenResumed]
05-07 01:57:05.883 1092 1201 I sysui_multi_action: [319,1187,322,1186,325,281,757,761,758,8,759,2,806,com.tencent.android.qqdownloader,871,com.tencent.assistant.activity.BrowserActivity,904,com.tencent.android.qqdownloader,905,0,1320,4,1321,4]
05-07 01:57:05.884 1092 1201 I wm_activity_launch_time: [0,128489076,com.tencent.android.qqdownloader/com.tencent.assistant.activity.BrowserActivity,1186]
05-07 01:57:05.896 1092 1691 I input_focus: [Focus entering 6e9f91f com.tencent.android.qqdownloader/com.tencent.assistant.activity.BrowserActivity (server),reason=Window became focusable. Previous reason: NOT_VISIBLE]
05-07 01:57:05.917 1092 2411 I am_uid_running: 99000
05-07 01:57:05.966 1092 1219 I am_proc_start: [0,6004,99000,com.android.webview:sandboxed_process0:org.chromium.content.app.SandboxedProcessService0:0,,{com.tencent.android.qqdownloader/org.chromium.content.app.SandboxedProcessService0:0}]
05-07 01:57:06.016 1092 1219 I am_proc_start: [0,6022,10074,com.android.webview:webview_apk,service,{com.android.webview/org.chromium.android_webview.nonembedded.AwComponentUpdateService}]
05-07 01:57:06.031 1092 2567 I am_proc_bound: [0,6004,com.android.webview:sandboxed_process0:org.chromium.content.app.SandboxedProcessService0:0]
05-07 01:57:06.033 1092 2567 I am_uid_active: 99000
05-07 01:57:06.087 1092 2567 I am_proc_bound: [0,6022,com.android.webview:webview_apk]
05-07 01:57:06.150 1092 1204 I wm_destroy_activity: [0,58096062,17,com.tencent.android.qqdownloader/com.tencent.pangu.link.SplashActivity,finish-imm:idle]
05-07 01:57:06.185 5640 5640 I wm_on_stop_called: [58096062,com.tencent.pangu.link.SplashActivity,LIFECYCLER_STOP_ACTIVITY]
05-07 01:57:06.192 5640 5640 I wm_on_destroy_called: [58096062,com.tencent.pangu.link.SplashActivity,performDestroy]
05-07 01:57:06.428 1092 3148 I sysui_multi_action: [757,856,758,1,806,com.tencent.android.qqdownloader,857,channel_id_default,858,3]
05-07 01:57:06.429 1092 3148 I sysui_multi_action: [757,856,758,1,806,com.tencent.android.qqdownloader,857,channel_id_default_silent,858,3]
05-07 01:57:06.405 5640 5640 I auditd : type=1400 audit(0.0:2749): avc: denied { read } for comm="protocalManager" name="/" dev="dm-5" ino=2 scontext=u:r:untrusted_app_27:s0:c512,c768 tcontext=u:object_r:rootfs:s0 tclass=dir permissive=1 app=com.tencent.android.qqdownloader
05-07 01:57:06.405 5640 5640 I auditd : type=1400 audit(0.0:2750): avc: denied { open } for comm="protocalManager" path="/" dev="dm-5" ino=2 scontext=u:r:untrusted_app_27:s0:c512,c768 tcontext=u:object_r:rootfs:s0 tclass=dir permissive=1 app=com.tencent.android.qqdownloader
05-07 01:57:06.487 1092 1219 I am_proc_start: [0,6097,10100,com.tencent.android.qqdownloader:live,service,{com.tencent.android.qqdownloader/com.tencent.assistant.syscomponent.MediaRouteProviderService2}]
05-07 01:57:06.531 1092 2832 I am_proc_bound: [0,6097,com.tencent.android.qqdownloader:live]
05-07 01:57:06.604 1092 1217 I am_uid_running: 10072
05-07 01:57:06.607 1092 2568 I commit_sys_config_file: [sync-accounts,2]
05-07 01:57:06.608 1092 2568 I commit_sys_config_file: [sync-accounts,3]
05-07 01:57:06.610 1092 2832 I commit_sys_config_file: [sync-accounts,5]
05-07 01:57:06.613 1092 2568 I commit_sys_config_file: [sync-accounts,8]
05-07 01:57:06.616 1092 2832 I commit_sys_config_file: [sync-accounts,11]
05-07 01:57:06.605 0 0 I auditd : type=1400 audit(0.0:2751): avc: denied { kill } for comm="swapper/2" capability=5 scontext=u:r:kernel:s0 tcontext=u:r:kernel:s0 tclass=capability permissive=1
05-07 01:57:06.636 1092 1893 I sync : [com.tencent.android.qqdownloader.YYBLiveAccountProvider,0,0,24220937]
05-07 01:57:06.639 1092 1219 I am_proc_start: [0,6131,10072,com.android.inputmethod.latin,broadcast,{com.android.inputmethod.latin/com.android.inputmethod.latin.accounts.AccountsChangedReceiver}]
05-07 01:57:06.653 6097 6117 I dvm_lock_sample: [com.tencent.android.qqdownloader,0,SendEventDispatcher,74,,-1,com.tencent.assistant.event.g com.tencent.assistant.event.g.a(),-,-1,com.tencent.assistant.event.g com.tencent.assistant.event.g.a(),14]
05-07 01:57:06.681 1092 1203 I commit_sys_config_file: [notification-policy,227148]
05-07 01:57:06.712 1092 2832 I am_proc_bound: [0,6131,com.android.inputmethod.latin]
05-07 01:57:06.716 1092 1893 I sync : [com.tencent.android.qqdownloader.YYBLiveAccountProvider,1,0,24220937]
05-07 01:57:06.733 1092 1893 I commit_sys_config_file: [sync-status,17]
05-07 01:57:06.759 1092 1893 I sync : [com.tencent.android.qqdownloader.YYBLiveAccountProvider,0,3,24220937]
05-07 01:57:06.809 1092 1893 I sync : [com.tencent.android.qqdownloader.YYBLiveAccountProvider,1,3,24220937]
05-07 01:57:06.819 1092 1893 I commit_sys_config_file: [sync-status,103]
05-07 01:57:06.843 1092 1214 I am_uid_active: 10026
05-07 01:57:06.845 6097 6097 I auditd : type=1400 audit(0.0:2752): avc: denied { read } for comm="qimei-thread-1" name="/" dev="dm-5" ino=2 scontext=u:r:untrusted_app_27:s0:c512,c768 tcontext=u:object_r:rootfs:s0 tclass=dir permissive=1 app=com.tencent.android.qqdownloader
05-07 01:57:06.845 6097 6097 I auditd : type=1400 audit(0.0:2753): avc: denied { open } for comm="qimei-thread-1" path="/" dev="dm-5" ino=2 scontext=u:r:untrusted_app_27:s0:c512,c768 tcontext=u:object_r:rootfs:s0 tclass=dir permissive=1 app=com.tencent.android.qqdownloader
05-07 01:57:07.605 0 0 I auditd : type=1400 audit(0.0:2756): avc: denied { kill } for comm="swapper/7" capability=5 scontext=u:r:kernel:s0 tcontext=u:r:kernel:s0 tclass=capability permissive=1
05-07 01:57:07.625 1092 1092 I auditd : type=1400 audit(0.0:2757): avc: denied { getpgid } for comm="ActivityManager" scontext=u:r:system_server:s0 tcontext=u:r:app_zygote:s0:c512,c768 tclass=process permissive=1
05-07 01:57:07.734 1092 1219 I am_proc_start: [0,6203,10100,com.tencent.android.qqdownloader:cloud,service,{com.tencent.android.qqdownloader/com.live.watermelon.service.SentryAlphaService}]
05-07 01:57:07.737 6204 6204 I auditd : type=1400 audit(0.0:2758): avc: granted { execute } for comm="Thread-21" name="daemon2_64_v2.2.2" dev="dm-10" ino=13041 scontext=u:r:untrusted_app_27:s0:c512,c768 tcontext=u:object_r:app_data_file:s0:c512,c768 tclass=file app=com.tencent.android.qqdownloader
05-07 01:57:07.789 1092 2567 I am_proc_bound: [0,6203,com.tencent.android.qqdownloader:cloud]
05-07 01:57:07.737 6204 6204 I auditd : type=1400 audit(0.0:2759): avc: granted { execute_no_trans } for comm="Thread-21" path="/data/user/0/com.tencent.android.qqdownloader/app_bin/daemon2_64_v2.2.2" dev="dm-10" ino=13041 scontext=u:r:untrusted_app_27:s0:c512,c768 tcontext=u:object_r:app_data_file:s0:c512,c768 tclass=file app=com.tencent.android.qqdownloader
05-07 01:57:07.765 6204 6204 I auditd : type=1400 audit(0.0:2760): avc: granted { execute } for comm="daemon2_64_v2.2" path="/data/user/0/com.tencent.android.qqdownloader/app_bin/daemon2_64_v2.2.2" dev="dm-10" ino=13041 scontext=u:r:untrusted_app_27:s0:c512,c768 tcontext=u:object_r:app_data_file:s0:c512,c768 tclass=file app=com.tencent.android.qqdownloader
05-07 01:57:08.233 6097 6129 I dvm_lock_sample: [com.tencent.android.qqdownloader,0,temporary-4,9,,-1,void com.tencent.assistant.db.contentprovider.g.handleCommonEvent(android.os.Message),-,-1,void com.tencent.assistant.db.contentprovider.g.handleCommonEvent(android.os.Message),1]
05-07 01:57:08.630 1092 1203 I commit_sys_config_file: [jobs,11]
05-07 01:57:08.677 5640 5640 I auditd : type=1400 audit(0.0:3473): avc: denied { read } for comm="TuringFdCore_68" name="/" dev="dm-5" ino=2 scontext=u:r:untrusted_app_27:s0:c512,c768 tcontext=u:object_r:rootfs:s0 tclass=dir permissive=1 app=com.tencent.android.qqdownloader
05-07 01:57:08.677 5640 5640 I auditd : type=1400 audit(0.0:3474): avc: denied { open } for comm="TuringFdCore_68" path="/" dev="dm-5" ino=2 scontext=u:r:untrusted_app_27:s0:c512,c768 tcontext=u:object_r:rootfs:s0 tclass=dir permissive=1 app=com.tencent.android.qqdownloader
05-07 01:57:08.677 5640 5640 I auditd : type=1400 audit(0.0:3475): avc: denied { read } for comm="TuringFdCore_68" name="/" dev="sda11" ino=2 scontext=u:r:untrusted_app_27:s0:c512,c768 tcontext=u:object_r:metadata_file:s0 tclass=dir permissive=1 app=com.tencent.android.qqdownloader
05-07 01:57:08.677 5640 5640 I auditd : type=1400 audit(0.0:3476): avc: denied { open } for comm="TuringFdCore_68" path="/metadata" dev="sda11" ino=2 scontext=u:r:untrusted_app_27:s0:c512,c768 tcontext=u:object_r:metadata_file:s0 tclass=dir permissive=1 app=com.tencent.android.qqdownloader
05-07 01:57:08.677 5640 5640 I auditd : type=1400 audit(0.0:3477): avc: denied { search } for comm="TuringFdCore_68" name="/" dev="sda11" ino=2 scontext=u:r:untrusted_app_27:s0:c512,c768 tcontext=u:object_r:metadata_file:s0 tclass=dir permissive=1 app=com.tencent.android.qqdownloader
05-07 01:57:09.074 5683 5703 I dvm_lock_sample: [com.tencent.android.qqdownloader,0,temporary-1,7,,-1,long com.tencent.pangu.module.wisepredownload.f.f(),-,-1,com.tencent.assistant.protocol.jce.WisePreDownloadGlobalCfg com.tencent.pangu.module.wisepredownload.f.i(),1]
05-07 01:57:09.629 1092 1691 I input_interaction: Interaction with: 6e9f91f com.tencent.android.qqdownloader/com.tencent.assistant.activity.BrowserActivity (server), edge-swipe (server), swipe-up (server), PointerEventDispatcher0 (server),
05-07 01:57:09.833 5640 5640 I auditd : type=1400 audit(0.0:3503): avc: denied { read } for comm="StartThread-68" name="drivers" dev="proc" ino=4026531852 scontext=u:r:untrusted_app_27:s0:c512,c768 tcontext=u:object_r:proc_tty_drivers:s0 tclass=file permissive=1 app=com.tencent.android.qqdownloader
05-07 01:57:09.833 5640 5640 I auditd : type=1400 audit(0.0:3504): avc: denied { open } for comm="StartThread-68" path="/proc/tty/drivers" dev="proc" ino=4026531852 scontext=u:r:untrusted_app_27:s0:c512,c768 tcontext=u:object_r:proc_tty_drivers:s0 tclass=file permissive=1 app=com.tencent.android.qqdownloader
05-07 01:57:09.833 5640 5640 I auditd : type=1400 audit(0.0:3505): avc: denied { getattr } for comm="StartThread-68" path="/proc/tty/drivers" dev="proc" ino=4026531852 scontext=u:r:untrusted_app_27:s0:c512,c768 tcontext=u:object_r:proc_tty_drivers:s0 tclass=file permissive=1 app=com.tencent.android.qqdownloader
05-07 01:57:10.605 0 0 I auditd : type=1400 audit(0.0:3506): avc: denied { kill } for comm="swapper/1" capability=5 scontext=u:r:kernel:s0 tcontext=u:r:kernel:s0 tclass=capability permissive=1
05-07 01:57:10.944 1092 1092 I notification_enqueue: [10100,5640,com.tencent.android.qqdownloader,127,NULL,0,Notification(channel=channel_id_default_silent shortcut=null contentView=com.tencent.android.qqdownloader/0x7f0a01c2 vibrate=null sound=null defaults=0x0 flags=0x2a2 color=0x00000000 groupKey=com.tencent.android.qqdownloader vis=PRIVATE),0]
05-07 01:57:10.947 1092 1092 I sysui_multi_action: [757,128,758,5,759,8,793,5,794,0,795,5,796,127,806,com.tencent.android.qqdownloader,857,channel_id_default_silent,858,3,946,com.tencent.android.qqdownloader,947,1,1500,5]
05-07 01:57:10.948 1092 1092 I notification_canceled: [0|com.tencent.android.qqdownloader|127|null|10100,8,5,5,0,-1,-1,NULL]
05-07 01:57:11.273 5683 5683 I auditd : type=1400 audit(0.0:3507): avc: denied { open } for comm="qimei-s-thread-" path="/proc/uptime" dev="proc" ino=4026532237 scontext=u:r:untrusted_app_27:s0:c512,c768 tcontext=u:object_r:proc_uptime:s0 tclass=file permissive=1 app=com.tencent.android.qqdownloader
05-07 01:57:11.273 5683 5683 I auditd : type=1400 audit(0.0:3508): avc: denied { read } for comm="qimei-s-thread-" name="u:object_r:wifi_hal_prop:s0" dev="tmpfs" ino=28534 scontext=u:r:untrusted_app_27:s0:c512,c768 tcontext=u:object_r:wifi_hal_prop:s0 tclass=file permissive=1 app=com.tencent.android.qqdownloader
05-07 01:57:11.273 5683 5683 I auditd : type=1400 audit(0.0:3509): avc: denied { open } for comm="qimei-s-thread-" path="/dev/__properties__/u:object_r:wifi_hal_prop:s0" dev="tmpfs" ino=28534 scontext=u:r:untrusted_app_27:s0:c512,c768 tcontext=u:object_r:wifi_hal_prop:s0 tclass=file permissive=1 app=com.tencent.android.qqdownloader
05-07 01:57:11.273 5683 5683 I auditd : type=1400 audit(0.0:3510): avc: denied { getattr } for comm="qimei-s-thread-" path="/dev/__properties__/u:object_r:wifi_hal_prop:s0" dev="tmpfs" ino=28534 scontext=u:r:untrusted_app_27:s0:c512,c768 tcontext=u:object_r:wifi_hal_prop:s0 tclass=file permissive=1 app=com.tencent.android.qqdownloader
05-07 01:57:11.273 5683 5683 I auditd : type=1400 audit(0.0:3511): avc: denied { map } for comm="qimei-s-thread-" path="/dev/__properties__/u:object_r:wifi_hal_prop:s0" dev="tmpfs" ino=28534 scontext=u:r:untrusted_app_27:s0:c512,c768 tcontext=u:object_r:wifi_hal_prop:s0 tclass=file permissive=1 app=com.tencent.android.qqdownloader
05-07 01:57:11.277 5683 5683 I auditd : type=1400 audit(0.0:3512): avc: denied { read } for comm="qimei-s-thread-" name="ioports" dev="proc" ino=4026532275 scontext=u:r:untrusted_app_27:s0:c512,c768 tcontext=u:object_r:proc:s0 tclass=file permissive=1 app=com.tencent.android.qqdownloader
05-07 01:57:11.812 1092 1257 I commit_sys_config_file: [package-user-0,11]
05-07 01:57:11.948 1092 1092 I notification_enqueue: [10100,5640,com.tencent.android.qqdownloader,127,NULL,0,Notification(channel=channel_id_default_silent shortcut=null contentView=com.tencent.android.qqdownloader/0x7f0a01c2 vibrate=null sound=null defaults=0x0 flags=0x2a2 color=0x00000000 groupKey=com.tencent.android.qqdownloader vis=PRIVATE),0]
05-07 01:57:12.091 1092 1214 I am_pss : [5640,10100,com.tencent.android.qqdownloader:daemon,150687744,126291968,0,335089664,0,2,25]
05-07 01:57:12.490 1092 1723 I netstats_mobile_sample: [0,0,0,0,0,0,0,0,0,0,0,0,1683513694342]
05-07 01:57:12.490 1092 1723 I netstats_wifi_sample: [308,4,568,5,308,4,568,5,228,2,520,4,1683513694342]
05-07 01:57:13.129 5683 5683 I auditd : type=1400 audit(0.0:4140): avc: granted { execute } for comm="id.qqdownloader" path="/data/user/0/com.tencent.android.qqdownloader/files/res_hub/yyb/online/wx_lib_host_so_64_10/arm64-v8a/libc++_shared.so" dev="dm-10" ino=13273 scontext=u:r:untrusted_app_27:s0:c512,c768 tcontext=u:object_r:app_data_file:s0:c512,c768 tclass=file app=com.tencent.android.qqdownloader
05-07 01:57:13.133 5683 5683 I auditd : type=1400 audit(0.0:4141): avc: granted { execute } for comm="id.qqdownloader" path="/data/user/0/com.tencent.android.qqdownloader/files/res_hub/yyb/online/wx_lib_host_so_64_10/arm64-v8a/libwechatxlog.so" dev="dm-10" ino=13276 scontext=u:r:untrusted_app_27:s0:c512,c768 tcontext=u:object_r:app_data_file:s0:c512,c768 tclass=file app=com.tencent.android.qqdownloader
05-07 01:57:13.240 5640 5747 I dvm_lock_sample: [com.tencent.android.qqdownloader,0,temporary-9,204,,-1,java.util.List com.tencent.pangu.db.table.k.d(),-,-1,boolean com.tencent.pangu.db.table.k.a(com.tencent.pangu.smartcard.model.f),40]
05-07 01:57:13.345 5683 5683 I auditd : type=1400 audit(0.0:4142): avc: denied { read } for comm="TuringFdCore_68" name="tcp" dev="proc" ino=4026532258 scontext=u:r:untrusted_app_27:s0:c512,c768 tcontext=u:object_r:proc_net_tcp_udp:s0 tclass=file permissive=1 app=com.tencent.android.qqdownloader
05-07 01:57:13.394 1092 1092 I sysui_multi_action: [757,128,758,5,759,8,793,1446,794,0,795,1446,796,127,806,com.tencent.android.qqdownloader,857,channel_id_default_silent,858,3,946,com.tencent.android.qqdownloader,947,1,1500,1446,1688,1]
05-07 01:57:13.394 1092 1092 I notification_canceled: [0|com.tencent.android.qqdownloader|127|null|10100,8,1446,1446,0,-1,-1,NULL]
05-07 01:57:13.345 5683 5683 I auditd : type=1400 audit(0.0:4143): avc: denied { open } for comm="TuringFdCore_68" path="/proc/5683/net/tcp" dev="proc" ino=4026532258 scontext=u:r:untrusted_app_27:s0:c512,c768 tcontext=u:object_r:proc_net_tcp_udp:s0 tclass=file permissive=1 app=com.tencent.android.qqdownloader
05-07 01:57:13.345 5683 5683 I auditd : type=1400 audit(0.0:4144): avc: denied { getattr } for comm="TuringFdCore_68" path="/proc/5683/net/tcp" dev="proc" ino=4026532258 scontext=u:r:untrusted_app_27:s0:c512,c768 tcontext=u:object_r:proc_net_tcp_udp:s0 tclass=file permissive=1 app=com.tencent.android.qqdownloader
05-07 01:57:13.926 1092 1092 I notification_enqueue: [10100,5640,com.tencent.android.qqdownloader,127,NULL,0,Notification(channel=channel_id_default_silent shortcut=null contentView=com.tencent.android.qqdownloader/0x7f0a01c2 vibrate=null sound=null defaults=0x0 flags=0x2a2 color=0x00000000 groupKey=com.tencent.android.qqdownloader vis=PRIVATE),0]
05-07 01:57:13.929 1092 1092 I sysui_multi_action: [757,128,758,5,759,8,793,4,794,0,795,4,796,127,806,com.tencent.android.qqdownloader,857,channel_id_default_silent,858,3,946,com.tencent.android.qqdownloader,947,1,1500,4]
05-07 01:57:13.930 1092 1092 I notification_canceled: [0|com.tencent.android.qqdownloader|127|null|10100,8,4,4,0,-1,-1,NULL]
05-07 01:57:14.197 5683 5683 I auditd : type=1400 audit(0.0:4159): avc: denied { read } for comm="TuringFdCore_68" name="/" dev="dm-5" ino=2 scontext=u:r:untrusted_app_27:s0:c512,c768 tcontext=u:object_r:rootfs:s0 tclass=dir permissive=1 app=com.tencent.android.qqdownloader
05-07 01:57:14.197 5683 5683 I auditd : type=1400 audit(0.0:4160): avc: denied { open } for comm="TuringFdCore_68" path="/" dev="dm-5" ino=2 scontext=u:r:untrusted_app_27:s0:c512,c768 tcontext=u:object_r:rootfs:s0 tclass=dir permissive=1 app=com.tencent.android.qqdownloader
05-07 01:57:14.197 5683 5683 I auditd : type=1400 audit(0.0:4161): avc: denied { read } for comm="TuringFdCore_68" name="/" dev="sda11" ino=2 scontext=u:r:untrusted_app_27:s0:c512,c768 tcontext=u:object_r:metadata_file:s0 tclass=dir permissive=1 app=com.tencent.android.qqdownloader
05-07 01:57:14.197 5683 5683 I auditd : type=1400 audit(0.0:4162): avc: denied { open } for comm="TuringFdCore_68" path="/metadata" dev="sda11" ino=2 scontext=u:r:untrusted_app_27:s0:c512,c768 tcontext=u:object_r:metadata_file:s0 tclass=dir permissive=1 app=com.tencent.android.qqdownloader
05-07 01:57:14.197 5683 5683 I auditd : type=1400 audit(0.0:4163): avc: denied { search } for comm="TuringFdCore_68" name="/" dev="sda11" ino=2 scontext=u:r:untrusted_app_27:s0:c512,c768 tcontext=u:object_r:metadata_file:s0 tclass=dir permissive=1 app=com.tencent.android.qqdownloader
05-07 01:57:14.849 1092 1723 I netstats_mobile_sample: [0,0,0,0,0,0,0,0,0,0,0,0,1683513696701]
05-07 01:57:14.849 1092 1723 I netstats_wifi_sample: [308,4,568,5,308,4,568,5,228,2,520,4,1683513696701]
05-07 01:57:14.931 1092 1092 I notification_enqueue: [10100,5640,com.tencent.android.qqdownloader,127,NULL,0,Notification(channel=channel_id_default_silent shortcut=null contentView=com.tencent.android.qqdownloader/0x7f0a01c2 vibrate=null sound=null defaults=0x0 flags=0x2a2 color=0x00000000 groupKey=com.tencent.android.qqdownloader vis=PRIVATE),0]
05-07 01:57:16.032 1092 1214 I am_pss : [5683,10100,com.tencent.android.qqdownloader,90939392,80662528,0,244383744,0,2,16]
05-07 01:57:16.813 5683 5683 I auditd : type=1400 audit(0.0:4191): avc: granted { nlmsg_readpriv } for comm="pool-19-thread-" scontext=u:r:untrusted_app_27:s0:c512,c768 tcontext=u:r:untrusted_app_27:s0:c512,c768 tclass=netlink_route_socket app=com.tencent.android.qqdownloader
05-07 01:57:17.611 1092 1723 I netstats_mobile_sample: [0,0,0,0,0,0,0,0,0,0,0,0,1683513699462]
05-07 01:57:17.611 1092 1723 I netstats_wifi_sample: [308,4,568,5,308,4,568,5,228,2,520,4,1683513699462]
05-07 01:57:17.721 5683 5683 I auditd : type=1400 audit(0.0:4192): avc: granted { execute } for comm="gatherer-1-thre" path="/data/user/0/com.tencent.android.qqdownloader/app_e_qq_com_plugin_new_84e5596443427f53efca4e1d48972f33/libturingga.so" dev="dm-10" ino=13451 scontext=u:r:untrusted_app_27:s0:c512,c768 tcontext=u:object_r:app_data_file:s0:c512,c768 tclass=file app=com.tencent.android.qqdownloader
05-07 01:57:17.757 6658 6658 I auditd : type=1400 audit(0.0:4193): avc: denied { open } for comm="getprop" path="/dev/__properties__/u:object_r:ab_update_gki_prop:s0" dev="tmpfs" ino=28191 scontext=u:r:untrusted_app_27:s0:c512,c768 tcontext=u:object_r:ab_update_gki_prop:s0 tclass=file permissive=1 app=com.tencent.android.qqdownloader
