05-07 01:58:18.154 1092 1217 I am_wtf : [0,1092,system_server,-1,DisplayDeviceConfig,requesting nits when no mapping exists.]
05-07 01:58:18.155 1092 1217 I am_wtf : [0,1092,system_server,-1,DisplayDeviceConfig,requesting nits when no mapping exists.]
05-07 01:58:18.179 1092 1217 I am_wtf : [0,1092,system_server,-1,DisplayDeviceConfig,requesting nits when no mapping exists.]
05-07 01:58:18.180 1092 1217 I am_wtf : [0,1092,system_server,-1,DisplayDeviceConfig,requesting nits when no mapping exists.]
05-07 01:58:18.217 1092 1217 I am_wtf : [0,1092,system_server,-1,DisplayDeviceConfig,requesting nits when no mapping exists.]
05-07 01:58:18.219 1092 1217 I am_wtf : [0,1092,system_server,-1,DisplayDeviceConfig,requesting nits when no mapping exists.]
05-07 01:58:18.272 1092 1217 I am_wtf : [0,1092,system_server,-1,DisplayDeviceConfig,requesting nits when no mapping exists.]
05-07 01:58:18.274 1092 1217 I am_wtf : [0,1092,system_server,-1,DisplayDeviceConfig,requesting nits when no mapping exists.]
05-07 01:58:18.311 1092 1217 I am_wtf : [0,1092,system_server,-1,DisplayDeviceConfig,requesting nits when no mapping exists.]
05-07 01:58:18.313 1092 1217 I am_wtf : [0,1092,system_server,-1,DisplayDeviceConfig,requesting nits when no mapping exists.]
05-07 01:58:18.339 1092 1217 I am_wtf : [0,1092,system_server,-1,DisplayDeviceConfig,requesting nits when no mapping exists.]
05-07 01:58:18.341 1092 1217 I am_wtf : [0,1092,system_server,-1,DisplayDeviceConfig,requesting nits when no mapping exists.]
05-07 01:58:18.364 1092 1217 I am_wtf : [0,1092,system_server,-1,DisplayDeviceConfig,requesting nits when no mapping exists.]
05-07 01:58:18.367 1092 1217 I am_wtf : [0,1092,system_server,-1,DisplayDeviceConfig,requesting nits when no mapping exists.]
05-07 01:58:18.405 1092 1217 I am_wtf : [0,1092,system_server,-1,DisplayDeviceConfig,requesting nits when no mapping exists.]
05-07 01:58:18.406 1092 1217 I am_wtf : [0,1092,system_server,-1,DisplayDeviceConfig,requesting nits when no mapping exists.]
05-07 01:58:18.441 1092 1217 I am_wtf : [0,1092,system_server,-1,DisplayDeviceConfig,requesting nits when no mapping exists.]
05-07 01:58:18.443 1092 1217 I am_wtf : [0,1092,system_server,-1,DisplayDeviceConfig,requesting nits when no mapping exists.]
05-07 01:58:18.467 1092 1217 I am_wtf : [0,1092,system_server,-1,DisplayDeviceConfig,requesting nits when no mapping exists.]
05-07 01:58:18.471 1092 1217 I am_wtf : [0,1092,system_server,-1,DisplayDeviceConfig,requesting nits when no mapping exists.]
05-07 01:58:18.512 1092 1217 I am_wtf : [0,1092,system_server,-1,DisplayDeviceConfig,requesting nits when no mapping exists.]
05-07 01:58:18.513 1092 1217 I am_wtf : [0,1092,system_server,-1,DisplayDeviceConfig,requesting nits when no mapping exists.]
05-07 01:58:18.549 1092 1217 I am_wtf : [0,1092,system_server,-1,DisplayDeviceConfig,requesting nits when no mapping exists.]
05-07 01:58:18.551 1092 1217 I am_wtf : [0,1092,system_server,-1,DisplayDeviceConfig,requesting nits when no mapping exists.]
05-07 01:58:18.592 1092 1217 I am_wtf : [0,1092,system_server,-1,DisplayDeviceConfig,requesting nits when no mapping exists.]
05-07 01:58:18.595 1092 1217 I am_wtf : [0,1092,system_server,-1,DisplayDeviceConfig,requesting nits when no mapping exists.]
05-07 01:58:18.913 3003 3003 I auditd : type=1400 audit(0.0:5701): avc: granted { read } for comm=4173796E635461736B20233935 name="arp" dev="proc" ino=4026532247 scontext=u:r:platform_app:s0:c512,c768 tcontext=u:object_r:proc_net:s0 tclass=file app=com.hht.lebocast
05-07 01:58:18.913 3003 3003 I auditd : type=1400 audit(0.0:5702): avc: granted { read open } for comm=4173796E635461736B20233935 path="/proc/3003/net/arp" dev="proc" ino=4026532247 scontext=u:r:platform_app:s0:c512,c768 tcontext=u:object_r:proc_net:s0 tclass=file app=com.hht.lebocast
05-07 01:58:18.913 3003 3003 I auditd : type=1400 audit(0.0:5703): avc: granted { getattr } for comm=4173796E635461736B20233935 path="/proc/3003/net/arp" dev="proc" ino=4026532247 scontext=u:r:platform_app:s0:c512,c768 tcontext=u:object_r:proc_net:s0 tclass=file app=com.hht.lebocast
05-07 01:58:18.917 3003 3003 I auditd : type=1400 audit(0.0:5704): avc: granted { getattr } for comm=4173796E635461736B20233935 path="/proc/3003/net/arp" dev="proc" ino=4026532247 scontext=u:r:platform_app:s0:c512,c768 tcontext=u:object_r:proc_net:s0 tclass=file app=com.hht.lebocast
05-07 01:58:19.125 3003 3003 I auditd : type=1400 audit(0.0:5705): avc: granted { read } for comm=4173796E635461736B20233936 name="arp" dev="proc" ino=4026532247 scontext=u:r:platform_app:s0:c512,c768 tcontext=u:object_r:proc_net:s0 tclass=file app=com.hht.lebocast
05-07 01:58:19.125 3003 3003 I auditd : type=1400 audit(0.0:5706): avc: granted { read open } for comm=4173796E635461736B20233936 path="/proc/3003/net/arp" dev="proc" ino=4026532247 scontext=u:r:platform_app:s0:c512,c768 tcontext=u:object_r:proc_net:s0 tclass=file app=com.hht.lebocast
05-07 01:58:19.589 1092 1747 I storage_state: [41217664-9172-527a-b3d5-edabb50a7d69,0,0,115550879744,118610538496]
05-07 01:58:20.141 3003 3003 I auditd : type=1400 audit(0.0:5713): avc: granted { read } for comm=4173796E635461736B20233938 name="arp" dev="proc" ino=4026532247 scontext=u:r:platform_app:s0:c512,c768 tcontext=u:object_r:proc_net:s0 tclass=file app=com.hht.lebocast
05-07 01:58:20.141 3003 3003 I auditd : type=1400 audit(0.0:5714): avc: granted { read open } for comm=4173796E635461736B20233938 path="/proc/3003/net/arp" dev="proc" ino=4026532247 scontext=u:r:platform_app:s0:c512,c768 tcontext=u:object_r:proc_net:s0 tclass=file app=com.hht.lebocast
05-07 01:58:20.145 3003 3003 I auditd : type=1400 audit(0.0:5715): avc: granted { getattr } for comm=4173796E635461736B20233938 path="/proc/3003/net/arp" dev="proc" ino=4026532247 scontext=u:r:platform_app:s0:c512,c768 tcontext=u:object_r:proc_net:s0 tclass=file app=com.hht.lebocast
05-07 01:58:20.145 3003 3003 I auditd : type=1400 audit(0.0:5716): avc: granted { getattr } for comm=4173796E635461736B20233938 path="/proc/3003/net/arp" dev="proc" ino=4026532247 scontext=u:r:platform_app:s0:c512,c768 tcontext=u:object_r:proc_net:s0 tclass=file app=com.hht.lebocast
05-07 01:58:22.545 1092 1217 I am_uid_idle: 10097
05-07 01:58:23.525 3003 3003 I auditd : type=1400 audit(0.0:5717): avc: granted { read } for comm=4173796E635461736B20233939 name="arp" dev="proc" ino=4026532247 scontext=u:r:platform_app:s0:c512,c768 tcontext=u:object_r:proc_net:s0 tclass=file app=com.hht.lebocast
05-07 01:58:23.525 3003 3003 I auditd : type=1400 audit(0.0:5718): avc: granted { read open } for comm=4173796E635461736B20233939 path="/proc/3003/net/arp" dev="proc" ino=4026532247 scontext=u:r:platform_app:s0:c512,c768 tcontext=u:object_r:proc_net:s0 tclass=file app=com.hht.lebocast
05-07 01:58:23.525 3003 3003 I auditd : type=1400 audit(0.0:5719): avc: granted { getattr } for comm=4173796E635461736B20233939 path="/proc/3003/net/arp" dev="proc" ino=4026532247 scontext=u:r:platform_app:s0:c512,c768 tcontext=u:object_r:proc_net:s0 tclass=file app=com.hht.lebocast
05-07 01:58:23.529 3003 3003 I auditd : type=1400 audit(0.0:5720): avc: granted { getattr } for comm=4173796E635461736B20233939 path="/proc/3003/net/arp" dev="proc" ino=4026532247 scontext=u:r:platform_app:s0:c512,c768 tcontext=u:object_r:proc_net:s0 tclass=file app=com.hht.lebocast
05-07 01:58:23.652 1092 1723 I netstats_mobile_sample: [0,0,0,0,0,0,0,0,0,0,0,0,1683513765504]
05-07 01:58:23.652 1092 1723 I netstats_wifi_sample: [308,4,568,5,308,4,568,5,228,2,520,4,1683513765504]
05-07 01:58:24.609 1092 1201 I sysui_multi_action: [757,222,758,1]
05-07 01:58:24.623 1092 1201 I am_uid_running: 10047
05-07 01:58:24.636 1092 1214 I am_pss : [6862,10100,com.tencent.ilink.ServiceProcess,97360896,88739840,0,217935872,0,3,16]
05-07 01:58:24.655 1092 1214 I am_pss : [2610,10083,com.android.launcher3,113008640,107294720,0,242888704,0,2,14]
05-07 01:58:24.667 1092 1219 I am_proc_start: [0,7438,10047,com.thundercomm.screensaver,service,{com.thundercomm.screensaver/com.thundercomm.screensaver.service.SystemDream}]
05-07 01:58:24.684 1092 1214 I am_pss : [5640,10100,com.tencent.android.qqdownloader:daemon,154834944,129101824,0,331702272,0,3,22]
05-07 01:58:24.705 1092 1214 I am_pss : [7022,10100,com.tencent.android.qqdownloader:wxa_container0,150727680,141922304,0,277479424,0,19,18]
05-07 01:58:24.719 1092 1214 I am_pss : [6131,10072,com.android.inputmethod.latin,9209856,6049792,2345984,62300160,0,19,11]
05-07 01:58:24.734 1092 6328 I am_proc_bound: [0,7438,com.thundercomm.screensaver]
05-07 01:58:24.737 1092 6328 I am_uid_active: 10047
05-07 01:58:24.943 1092 6328 I wm_task_created: [18,-1]
05-07 01:58:24.954 1092 6328 I wm_task_moved: [18,1,8]
05-07 01:58:24.954 1092 6328 I wm_task_to_front: [0,18]
05-07 01:58:24.954 1092 6328 I wm_create_task: [0,18]
05-07 01:58:24.954 1092 6328 I wm_create_activity: [0,107991779,18,com.thundercomm.screensaver/android.service.dreams.DreamActivity,NULL,NULL,NULL,276824064]
05-07 01:58:24.954 1092 6328 I wm_task_moved: [18,1,8]
05-07 01:58:24.956 1092 6328 I wm_pause_activity: [0,76565268,com.android.launcher3/.uioverrides.QuickstepLauncher,userLeaving=true,pauseBackTasks]
05-07 01:58:24.956 2610 2610 I wm_on_paused_called: [76565268,com.android.launcher3.uioverrides.QuickstepLauncher,performPause]
05-07 01:58:24.977 1092 1451 I wm_add_to_stopping: [0,76565268,com.android.launcher3/.uioverrides.QuickstepLauncher,makeInvisible]
05-07 01:58:24.977 1092 1451 I wm_restart_activity: [0,107991779,18,com.thundercomm.screensaver/android.service.dreams.DreamActivity]
05-07 01:58:24.980 1092 1451 I wm_set_resumed_activity: [0,com.thundercomm.screensaver/android.service.dreams.DreamActivity,minimalResumeActivityLocked]
05-07 01:58:24.990 5683 5683 I wm_on_top_resumed_lost_called: [79324756,com.tencent.assistantv2.activity.MainActivity,topStateChangedWhenResumed]
05-07 01:58:24.991 1092 1204 I sysui_multi_action: [757,803,799,window_time_2,802,60]
05-07 01:58:25.009 1092 6539 I am_uid_active: 10067
05-07 01:58:25.014 7438 7438 I wm_on_create_called: [107991779,android.service.dreams.DreamActivity,performCreate]
05-07 01:58:25.015 7438 7438 I wm_on_start_called: [107991779,android.service.dreams.DreamActivity,handleStartActivity]
05-07 01:58:25.015 7438 7438 I wm_on_resume_called: [107991779,android.service.dreams.DreamActivity,RESUME_ACTIVITY]
05-07 01:58:25.030 7438 7438 I wm_on_top_resumed_gained_called: [107991779,android.service.dreams.DreamActivity,topStateChangedWhenResumed]
05-07 01:58:25.087 1092 1206 I input_focus: [Focus request 157450d com.thundercomm.screensaver/android.service.dreams.DreamActivity,reason=UpdateInputWindows]
05-07 01:58:25.088 1092 6328 I am_wtf : [0,1916,com.android.systemui,818462221,KeyguardBouncer,onFullyShown when view was null]
05-07 01:58:25.093 1916 1916 I sysui_multi_action: [757,196,758,2,759,0]
05-07 01:58:25.093 1916 1916 I sysui_status_bar_state: [0,0,1,0,0,1]
05-07 01:58:25.103 1092 1691 I input_focus: [Focus leaving 2c3c297 com.tencent.android.qqdownloader/com.tencent.assistantv2.activity.MainActivity (server),reason=Waiting for window because NOT_VISIBLE]
05-07 01:58:25.155 1092 1242 I sysui_multi_action: [757,1696,758,6,759,3]
05-07 01:58:25.158 1092 1201 I sysui_multi_action: [319,220,322,219,325,361,757,761,758,8,759,2,806,com.thundercomm.screensaver,871,android.service.dreams.DreamActivity,904,com.thundercomm.screensaver,905,0,1320,3,1321,21]
05-07 01:58:25.159 1092 1201 I wm_activity_launch_time: [0,107991779,com.thundercomm.screensaver/android.service.dreams.DreamActivity,219]
05-07 01:58:25.163 1092 1217 I am_wtf : [0,1092,system_server,-1,DisplayDeviceConfig,requesting nits when no mapping exists.]
05-07 01:58:25.164 1092 1217 I am_wtf : [0,1092,system_server,-1,DisplayDeviceConfig,requesting nits when no mapping exists.]
05-07 01:58:25.181 1092 1691 I input_focus: [Focus entering 157450d com.thundercomm.screensaver/android.service.dreams.DreamActivity (server),reason=Window became focusable. Previous reason: NOT_VISIBLE]
05-07 01:58:25.215 1092 1217 I am_wtf : [0,1092,system_server,-1,DisplayDeviceConfig,requesting nits when no mapping exists.]
05-07 01:58:25.216 1092 1217 I am_wtf : [0,1092,system_server,-1,DisplayDeviceConfig,requesting nits when no mapping exists.]
05-07 01:58:25.254 1092 1217 I am_wtf : [0,1092,system_server,-1,DisplayDeviceConfig,requesting nits when no mapping exists.]
05-07 01:58:25.255 1092 1217 I am_wtf : [0,1092,system_server,-1,DisplayDeviceConfig,requesting nits when no mapping exists.]
05-07 01:58:25.293 1092 1217 I am_wtf : [0,1092,system_server,-1,DisplayDeviceConfig,requesting nits when no mapping exists.]
05-07 01:58:25.293 1092 1217 I am_wtf : [0,1092,system_server,-1,DisplayDeviceConfig,requesting nits when no mapping exists.]
05-07 01:58:25.294 1092 1217 I service_manager_stats: [100,120,58756]
05-07 01:58:25.329 1092 1217 I am_wtf : [0,1092,system_server,-1,DisplayDeviceConfig,requesting nits when no mapping exists.]
05-07 01:58:25.330 1092 1217 I am_wtf : [0,1092,system_server,-1,DisplayDeviceConfig,requesting nits when no mapping exists.]
05-07 01:58:25.373 1092 1217 I am_wtf : [0,1092,system_server,-1,DisplayDeviceConfig,requesting nits when no mapping exists.]
05-07 01:58:25.374 1092 1217 I am_wtf : [0,1092,system_server,-1,DisplayDeviceConfig,requesting nits when no mapping exists.]
05-07 01:58:25.365 3003 3003 I auditd : type=1400 audit(0.0:5721): avc: granted { read } for comm=4173796E635461736B2023313030 name="arp" dev="proc" ino=4026532247 scontext=u:r:platform_app:s0:c512,c768 tcontext=u:object_r:proc_net:s0 tclass=file app=com.hht.lebocast
05-07 01:58:25.409 1092 1217 I am_wtf : [0,1092,system_server,-1,DisplayDeviceConfig,requesting nits when no mapping exists.]
05-07 01:58:25.410 1092 1217 I am_wtf : [0,1092,system_server,-1,DisplayDeviceConfig,requesting nits when no mapping exists.]
05-07 01:58:25.365 3003 3003 I auditd : type=1400 audit(0.0:5722): avc: granted { read open } for comm=4173796E635461736B2023313030 path="/proc/3003/net/arp" dev="proc" ino=4026532247 scontext=u:r:platform_app:s0:c512,c768 tcontext=u:object_r:proc_net:s0 tclass=file app=com.hht.lebocast
05-07 01:58:25.449 1092 1204 I wm_stop_activity: [0,76565268,com.android.launcher3/.uioverrides.QuickstepLauncher]
05-07 01:58:25.365 3003 3003 I auditd : type=1400 audit(0.0:5723): avc: granted { getattr } for comm=4173796E635461736B2023313030 path="/proc/3003/net/arp" dev="proc" ino=4026532247 scontext=u:r:platform_app:s0:c512,c768 tcontext=u:object_r:proc_net:s0 tclass=file app=com.hht.lebocast
05-07 01:58:25.365 3003 3003 I auditd : type=1400 audit(0.0:5724): avc: granted { getattr } for comm=4173796E635461736B2023313030 path="/proc/3003/net/arp" dev="proc" ino=4026532247 scontext=u:r:platform_app:s0:c512,c768 tcontext=u:object_r:proc_net:s0 tclass=file app=com.hht.lebocast
05-07 01:58:25.486 2610 2610 I wm_on_stop_called: [76565268,com.android.launcher3.uioverrides.QuickstepLauncher,STOP_ACTIVITY_ITEM]
05-07 01:58:25.486 1092 1217 I am_wtf : [0,1092,system_server,-1,DisplayDeviceConfig,requesting nits when no mapping exists.]
05-07 01:58:25.487 1092 1217 I am_wtf : [0,1092,system_server,-1,DisplayDeviceConfig,requesting nits when no mapping exists.]
05-07 01:58:25.545 1092 1217 I am_wtf : [0,1092,system_server,-1,DisplayDeviceConfig,requesting nits when no mapping exists.]
05-07 01:58:25.546 1092 1217 I am_wtf : [0,1092,system_server,-1,DisplayDeviceConfig,requesting nits when no mapping exists.]
05-07 01:58:25.587 1092 1217 I am_wtf : [0,1092,system_server,-1,DisplayDeviceConfig,requesting nits when no mapping exists.]
05-07 01:58:25.587 1092 1217 I am_wtf : [0,1092,system_server,-1,DisplayDeviceConfig,requesting nits when no mapping exists.]
05-07 01:58:25.612 1092 1217 I am_wtf : [0,1092,system_server,-1,DisplayDeviceConfig,requesting nits when no mapping exists.]
05-07 01:58:25.613 1092 1217 I am_wtf : [0,1092,system_server,-1,DisplayDeviceConfig,requesting nits when no mapping exists.]
05-07 01:58:25.605 0 0 I auditd : type=1400 audit(0.0:5725): avc: denied { kill } for comm="swapper/0" capability=5 scontext=u:r:kernel:s0 tcontext=u:r:kernel:s0 tclass=capability permissive=1
05-07 01:58:25.651 1092 1217 I am_wtf : [0,1092,system_server,-1,DisplayDeviceConfig,requesting nits when no mapping exists.]
05-07 01:58:25.652 1092 1217 I am_wtf : [0,1092,system_server,-1,DisplayDeviceConfig,requesting nits when no mapping exists.]
05-07 01:58:25.666 1092 1217 I am_wtf : [0,1092,system_server,-1,DisplayDeviceConfig,requesting nits when no mapping exists.]
05-07 01:58:25.666 1092 1217 I am_wtf : [0,1092,system_server,-1,DisplayDeviceConfig,requesting nits when no mapping exists.]
05-07 01:58:25.700 1092 1217 I am_wtf : [0,1092,system_server,-1,DisplayDeviceConfig,requesting nits when no mapping exists.]
05-07 01:58:25.701 1092 1217 I am_wtf : [0,1092,system_server,-1,DisplayDeviceConfig,requesting nits when no mapping exists.]
05-07 01:58:25.742 1092 1217 I am_wtf : [0,1092,system_server,-1,DisplayDeviceConfig,requesting nits when no mapping exists.]
05-07 01:58:25.743 1092 1217 I am_wtf : [0,1092,system_server,-1,DisplayDeviceConfig,requesting nits when no mapping exists.]
05-07 01:58:25.765 1092 1217 I am_wtf : [0,1092,system_server,-1,DisplayDeviceConfig,requesting nits when no mapping exists.]
05-07 01:58:25.766 1092 1217 I am_wtf : [0,1092,system_server,-1,DisplayDeviceConfig,requesting nits when no mapping exists.]
05-07 01:58:25.795 1092 1217 I am_wtf : [0,1092,system_server,-1,DisplayDeviceConfig,requesting nits when no mapping exists.]
05-07 01:58:25.796 1092 1217 I am_wtf : [0,1092,system_server,-1,DisplayDeviceConfig,requesting nits when no mapping exists.]
05-07 01:58:25.819 1092 1217 I am_wtf : [0,1092,system_server,-1,DisplayDeviceConfig,requesting nits when no mapping exists.]
05-07 01:58:25.820 1092 1217 I am_wtf : [0,1092,system_server,-1,DisplayDeviceConfig,requesting nits when no mapping exists.]
05-07 01:58:25.845 1092 1217 I am_wtf : [0,1092,system_server,-1,DisplayDeviceConfig,requesting nits when no mapping exists.]
05-07 01:58:25.846 1092 1217 I am_wtf : [0,1092,system_server,-1,DisplayDeviceConfig,requesting nits when no mapping exists.]
05-07 01:58:25.887 1092 1217 I am_wtf : [0,1092,system_server,-1,DisplayDeviceConfig,requesting nits when no mapping exists.]
05-07 01:58:25.888 1092 1217 I am_wtf : [0,1092,system_server,-1,DisplayDeviceConfig,requesting nits when no mapping exists.]
05-07 01:58:25.913 1092 1217 I am_wtf : [0,1092,system_server,-1,DisplayDeviceConfig,requesting nits when no mapping exists.]
05-07 01:58:25.914 1092 1217 I am_wtf : [0,1092,system_server,-1,DisplayDeviceConfig,requesting nits when no mapping exists.]
05-07 01:58:25.937 1092 1217 I am_wtf : [0,1092,system_server,-1,DisplayDeviceConfig,requesting nits when no mapping exists.]
05-07 01:58:25.937 1092 1217 I am_wtf : [0,1092,system_server,-1,DisplayDeviceConfig,requesting nits when no mapping exists.]
05-07 01:58:25.960 1092 1217 I am_wtf : [0,1092,system_server,-1,DisplayDeviceConfig,requesting nits when no mapping exists.]
05-07 01:58:25.961 1092 1217 I am_wtf : [0,1092,system_server,-1,DisplayDeviceConfig,requesting nits when no mapping exists.]
05-07 01:58:25.988 1092 1217 I am_wtf : [0,1092,system_server,-1,DisplayDeviceConfig,requesting nits when no mapping exists.]
05-07 01:58:25.990 1092 1217 I am_wtf : [0,1092,system_server,-1,DisplayDeviceConfig,requesting nits when no mapping exists.]
05-07 01:58:26.031 1092 1217 I am_wtf : [0,1092,system_server,-1,DisplayDeviceConfig,requesting nits when no mapping exists.]
05-07 01:58:26.031 1092 1217 I am_wtf : [0,1092,system_server,-1,DisplayDeviceConfig,requesting nits when no mapping exists.]
05-07 01:58:26.054 1092 1217 I am_wtf : [0,1092,system_server,-1,DisplayDeviceConfig,requesting nits when no mapping exists.]
05-07 01:58:26.055 1092 1217 I am_wtf : [0,1092,system_server,-1,DisplayDeviceConfig,requesting nits when no mapping exists.]
05-07 01:58:26.080 1092 1217 I am_wtf : [0,1092,system_server,-1,DisplayDeviceConfig,requesting nits when no mapping exists.]
05-07 01:58:26.080 1092 1217 I am_wtf : [0,1092,system_server,-1,DisplayDeviceConfig,requesting nits when no mapping exists.]
05-07 01:58:26.103 1092 1217 I am_wtf : [0,1092,system_server,-1,DisplayDeviceConfig,requesting nits when no mapping exists.]
05-07 01:58:26.104 1092 1217 I am_wtf : [0,1092,system_server,-1,DisplayDeviceConfig,requesting nits when no mapping exists.]
05-07 01:58:26.130 1092 1217 I am_wtf : [0,1092,system_server,-1,DisplayDeviceConfig,requesting nits when no mapping exists.]
05-07 01:58:26.130 1092 1217 I am_wtf : [0,1092,system_server,-1,DisplayDeviceConfig,requesting nits when no mapping exists.]
05-07 01:58:28.605 0 0 I auditd : type=1400 audit(0.0:5726): avc: denied { kill } for comm="swapper/1" capability=5 scontext=u:r:kernel:s0 tcontext=u:r:kernel:s0 tclass=capability permissive=1
05-07 01:58:29.343 1092 1893 I sync : [com.tencent.android.qqdownloader.YYBLiveAccountProvider,0,3,24220937]
05-07 01:58:29.377 1092 1893 I sync : [com.tencent.android.qqdownloader.YYBLiveAccountProvider,1,3,24220937]
05-07 01:58:29.380 1092 1893 I commit_sys_config_file: [sync-status,82664]
05-07 01:58:29.385 1092 1214 I am_pss : [5683,10100,com.tencent.android.qqdownloader,184861696,169771008,0,342704128,0,2,23]
05-07 01:58:29.385 1092 1893 I sync : [com.tencent.android.qqdownloader.YYBLiveAccountProvider,0,3,24220937]
05-07 01:58:29.424 1092 1893 I sync : [com.tencent.android.qqdownloader.YYBLiveAccountProvider,1,3,24220937]
05-07 01:58:29.428 1092 1893 I commit_sys_config_file: [sync-status,82712]
05-07 01:58:31.387 1092 1203 I commit_sys_config_file: [jobs,8]
05-07 01:58:32.229 3003 3003 I auditd : type=1400 audit(0.0:5727): avc: granted { read } for comm=4173796E635461736B2023313031 name="arp" dev="proc" ino=4026532247 scontext=u:r:platform_app:s0:c512,c768 tcontext=u:object_r:proc_net:s0 tclass=file app=com.hht.lebocast
05-07 01:58:32.229 3003 3003 I auditd : type=1400 audit(0.0:5728): avc: granted { read open } for comm=4173796E635461736B2023313031 path="/proc/3003/net/arp" dev="proc" ino=4026532247 scontext=u:r:platform_app:s0:c512,c768 tcontext=u:object_r:proc_net:s0 tclass=file app=com.hht.lebocast
05-07 01:58:32.308 1092 1092 I notification_enqueue: [10100,5640,com.tencent.android.qqdownloader,127,NULL,0,Notification(channel=channel_id_default_silent shortcut=null contentView=com.tencent.android.qqdownloader/0x7f0a01c2 vibrate=null sound=null defaults=0x0 flags=0x2a2 color=0x00000000 groupKey=com.tencent.android.qqdownloader vis=PRIVATE),1]
05-07 01:58:32.229 3003 3003 I auditd : type=1400 audit(0.0:5729): avc: granted { getattr } for comm=4173796E635461736B2023313031 path="/proc/3003/net/arp" dev="proc" ino=4026532247 scontext=u:r:platform_app:s0:c512,c768 tcontext=u:object_r:proc_net:s0 tclass=file app=com.hht.lebocast
05-07 01:58:32.229 3003 3003 I auditd : type=1400 audit(0.0:5730): avc: granted { getattr } for comm=4173796E635461736B2023313031 path="/proc/3003/net/arp" dev="proc" ino=4026532247 scontext=u:r:platform_app:s0:c512,c768 tcontext=u:object_r:proc_net:s0 tclass=file app=com.hht.lebocast
05-07 01:58:35.605 273 273 I auditd : type=1400 audit(0.0:5731): avc: denied { kill } for comm="kworker/u16:3" capability=5 scontext=u:r:kernel:s0 tcontext=u:r:kernel:s0 tclass=capability permissive=1
05-07 01:58:35.613 3003 3003 I auditd : type=1400 audit(0.0:5732): avc: granted { read } for comm=4173796E635461736B2023313032 name="arp" dev="proc" ino=4026532247 scontext=u:r:platform_app:s0:c512,c768 tcontext=u:object_r:proc_net:s0 tclass=file app=com.hht.lebocast
05-07 01:58:35.613 3003 3003 I auditd : type=1400 audit(0.0:5733): avc: granted { read open } for comm=4173796E635461736B2023313032 path="/proc/3003/net/arp" dev="proc" ino=4026532247 scontext=u:r:platform_app:s0:c512,c768 tcontext=u:object_r:proc_net:s0 tclass=file app=com.hht.lebocast
05-07 01:58:35.613 3003 3003 I auditd : type=1400 audit(0.0:5734): avc: granted { getattr } for comm=4173796E635461736B2023313032 path="/proc/3003/net/arp" dev="proc" ino=4026532247 scontext=u:r:platform_app:s0:c512,c768 tcontext=u:object_r:proc_net:s0 tclass=file app=com.hht.lebocast
05-07 01:58:35.613 3003 3003 I auditd : type=1400 audit(0.0:5735): avc: granted { getattr } for comm=4173796E635461736B2023313032 path="/proc/3003/net/arp" dev="proc" ino=4026532247 scontext=u:r:platform_app:s0:c512,c768 tcontext=u:object_r:proc_net:s0 tclass=file app=com.hht.lebocast
05-07 01:58:38.901 3003 3003 I auditd : type=1400 audit(0.0:5736): avc: granted { read } for comm=4173796E635461736B2023313033 name="arp" dev="proc" ino=4026532247 scontext=u:r:platform_app:s0:c512,c768 tcontext=u:object_r:proc_net:s0 tclass=file app=com.hht.lebocast
05-07 01:58:38.901 3003 3003 I auditd : type=1400 audit(0.0:5737): avc: granted { read open } for comm=4173796E635461736B2023313033 path="/proc/3003/net/arp" dev="proc" ino=4026532247 scontext=u:r:platform_app:s0:c512,c768 tcontext=u:object_r:proc_net:s0 tclass=file app=com.hht.lebocast
05-07 01:58:38.901 3003 3003 I auditd : type=1400 audit(0.0:5738): avc: granted { getattr } for comm=4173796E635461736B2023313033 path="/proc/3003/net/arp" dev="proc" ino=4026532247 scontext=u:r:platform_app:s0:c512,c768 tcontext=u:object_r:proc_net:s0 tclass=file app=com.hht.lebocast
05-07 01:58:38.901 3003 3003 I auditd : type=1400 audit(0.0:5739): avc: granted { getattr } for comm=4173796E635461736B2023313033 path="/proc/3003/net/arp" dev="proc" ino=4026532247 scontext=u:r:platform_app:s0:c512,c768 tcontext=u:object_r:proc_net:s0 tclass=file app=com.hht.lebocast
05-07 01:58:39.297 3003 3003 I auditd : type=1400 audit(0.0:5740): avc: granted { read } for comm=4173796E635461736B2023313034 name="arp" dev="proc" ino=4026532247 scontext=u:r:platform_app:s0:c512,c768 tcontext=u:object_r:proc_net:s0 tclass=file app=com.hht.lebocast
05-07 01:58:39.297 3003 3003 I auditd : type=1400 audit(0.0:5741): avc: granted { read open } for comm=4173796E635461736B2023313034 path="/proc/3003/net/arp" dev="proc" ino=4026532247 scontext=u:r:platform_app:s0:c512,c768 tcontext=u:object_r:proc_net:s0 tclass=file app=com.hht.lebocast
05-07 01:58:39.297 3003 3003 I auditd : type=1400 audit(0.0:5742): avc: granted { getattr } for comm=4173796E635461736B2023313034 path="/proc/3003/net/arp" dev="proc" ino=4026532247 scontext=u:r:platform_app:s0:c512,c768 tcontext=u:object_r:proc_net:s0 tclass=file app=com.hht.lebocast
05-07 01:58:44.187 1092 1723 I netstats_mobile_sample: [0,0,0,0,0,0,0,0,0,0,0,0,1683513786039]
05-07 01:58:44.187 1092 1723 I netstats_wifi_sample: [308,4,568,5,308,4,568,5,228,2,520,4,1683513786039]
05-07 01:58:52.197 3003 3003 I auditd : type=1400 audit(0.0:5744): avc: granted { read } for comm=4173796E635461736B2023313035 name="arp" dev="proc" ino=4026532247 scontext=u:r:platform_app:s0:c512,c768 tcontext=u:object_r:proc_net:s0 tclass=file app=com.hht.lebocast
05-07 01:58:52.197 3003 3003 I auditd : type=1400 audit(0.0:5745): avc: granted { read open } for comm=4173796E635461736B2023313035 path="/proc/3003/net/arp" dev="proc" ino=4026532247 scontext=u:r:platform_app:s0:c512,c768 tcontext=u:object_r:proc_net:s0 tclass=file app=com.hht.lebocast
05-07 01:58:52.197 3003 3003 I auditd : type=1400 audit(0.0:5746): avc: granted { getattr } for comm=4173796E635461736B2023313035 path="/proc/3003/net/arp" dev="proc" ino=4026532247 scontext=u:r:platform_app:s0:c512,c768 tcontext=u:object_r:proc_net:s0 tclass=file app=com.hht.lebocast
05-07 01:58:52.197 3003 3003 I auditd : type=1400 audit(0.0:5747): avc: granted { getattr } for comm=4173796E635461736B2023313035 path="/proc/3003/net/arp" dev="proc" ino=4026532247 scontext=u:r:platform_app:s0:c512,c768 tcontext=u:object_r:proc_net:s0 tclass=file app=com.hht.lebocast
05-07 01:58:53.837 3003 3003 I auditd : type=1400 audit(0.0:5748): avc: granted { read } for comm=4173796E635461736B2023313036 name="arp" dev="proc" ino=4026532247 scontext=u:r:platform_app:s0:c512,c768 tcontext=u:object_r:proc_net:s0 tclass=file app=com.hht.lebocast
05-07 01:58:53.837 3003 3003 I auditd : type=1400 audit(0.0:5749): avc: granted { read open } for comm=4173796E635461736B2023313036 path="/proc/3003/net/arp" dev="proc" ino=4026532247 scontext=u:r:platform_app:s0:c512,c768 tcontext=u:object_r:proc_net:s0 tclass=file app=com.hht.lebocast
05-07 01:58:53.841 3003 3003 I auditd : type=1400 audit(0.0:5750): avc: granted { getattr } for comm=4173796E635461736B2023313036 path="/proc/3003/net/arp" dev="proc" ino=4026532247 scontext=u:r:platform_app:s0:c512,c768 tcontext=u:object_r:proc_net:s0 tclass=file app=com.hht.lebocast
05-07 01:58:53.841 3003 3003 I auditd : type=1400 audit(0.0:5751): avc: granted { getattr } for comm=4173796E635461736B2023313036 path="/proc/3003/net/arp" dev="proc" ino=4026532247 scontext=u:r:platform_app:s0:c512,c768 tcontext=u:object_r:proc_net:s0 tclass=file app=com.hht.lebocast
05-07 01:58:54.557 3003 3003 I auditd : type=1400 audit(0.0:5752): avc: granted { read } for comm=4173796E635461736B2023313037 name="arp" dev="proc" ino=4026532247 scontext=u:r:platform_app:s0:c512,c768 tcontext=u:object_r:proc_net:s0 tclass=file app=com.hht.lebocast
05-07 01:58:54.557 3003 3003 I auditd : type=1400 audit(0.0:5753): avc: granted { read open } for comm=4173796E635461736B2023313037 path="/proc/3003/net/arp" dev="proc" ino=4026532247 scontext=u:r:platform_app:s0:c512,c768 tcontext=u:object_r:proc_net:s0 tclass=file app=com.hht.lebocast
05-07 01:58:54.861 3003 3003 I auditd : type=1400 audit(0.0:5756): avc: granted { read } for comm=4173796E635461736B2023313038 name="arp" dev="proc" ino=4026532247 scontext=u:r:platform_app:s0:c512,c768 tcontext=u:object_r:proc_net:s0 tclass=file app=com.hht.lebocast
05-07 01:58:54.861 3003 3003 I auditd : type=1400 audit(0.0:5757): avc: granted { read open } for comm=4173796E635461736B2023313038 path="/proc/3003/net/arp" dev="proc" ino=4026532247 scontext=u:r:platform_app:s0:c512,c768 tcontext=u:object_r:proc_net:s0 tclass=file app=com.hht.lebocast
05-07 01:58:54.861 3003 3003 I auditd : type=1400 audit(0.0:5758): avc: granted { getattr } for comm=4173796E635461736B2023313038 path="/proc/3003/net/arp" dev="proc" ino=4026532247 scontext=u:r:platform_app:s0:c512,c768 tcontext=u:object_r:proc_net:s0 tclass=file app=com.hht.lebocast
05-07 01:58:54.861 3003 3003 I auditd : type=1400 audit(0.0:5759): avc: granted { getattr } for comm=4173796E635461736B2023313038 path="/proc/3003/net/arp" dev="proc" ino=4026532247 scontext=u:r:platform_app:s0:c512,c768 tcontext=u:object_r:proc_net:s0 tclass=file app=com.hht.lebocast
05-07 01:58:55.473 3003 3003 I auditd : type=1400 audit(0.0:5760): avc: granted { read } for comm=4173796E635461736B2023313039 name="arp" dev="proc" ino=4026532247 scontext=u:r:platform_app:s0:c512,c768 tcontext=u:object_r:proc_net:s0 tclass=file app=com.hht.lebocast
05-07 01:58:58.853 3003 3003 I auditd : type=1400 audit(0.0:5764): avc: granted { read } for comm=4173796E635461736B2023313130 name="arp" dev="proc" ino=4026532247 scontext=u:r:platform_app:s0:c512,c768 tcontext=u:object_r:proc_net:s0 tclass=file app=com.hht.lebocast
05-07 01:58:58.853 3003 3003 I auditd : type=1400 audit(0.0:5765): avc: granted { read open } for comm=4173796E635461736B2023313130 path="/proc/3003/net/arp" dev="proc" ino=4026532247 scontext=u:r:platform_app:s0:c512,c768 tcontext=u:object_r:proc_net:s0 tclass=file app=com.hht.lebocast
05-07 01:58:58.853 3003 3003 I auditd : type=1400 audit(0.0:5766): avc: granted { getattr } for comm=4173796E635461736B2023313130 path="/proc/3003/net/arp" dev="proc" ino=4026532247 scontext=u:r:platform_app:s0:c512,c768 tcontext=u:object_r:proc_net:s0 tclass=file app=com.hht.lebocast
05-07 01:58:58.853 3003 3003 I auditd : type=1400 audit(0.0:5767): avc: granted { getattr } for comm=4173796E635461736B2023313130 path="/proc/3003/net/arp" dev="proc" ino=4026532247 scontext=u:r:platform_app:s0:c512,c768 tcontext=u:object_r:proc_net:s0 tclass=file app=com.hht.lebocast
05-07 01:58:59.285 3003 3003 I auditd : type=1400 audit(0.0:5768): avc: granted { read } for comm=4173796E635461736B2023313131 name="arp" dev="proc" ino=4026532247 scontext=u:r:platform_app:s0:c512,c768 tcontext=u:object_r:proc_net:s0 tclass=file app=com.hht.lebocast
05-07 01:59:04.343 1092 1893 I sync : [com.tencent.android.qqdownloader.YYBLiveAccountProvider,0,3,24220937]
05-07 01:59:04.362 1092 1214 I am_pss : [7438,10047,com.thundercomm.screensaver,72342528,68014080,0,183279616,0,2,13]
05-07 01:59:04.381 1092 1214 I am_pss : [2610,10083,com.android.launcher3,79022080,73420800,0,208916480,0,6,14]
05-07 01:59:04.392 1092 1893 I sync : [com.tencent.android.qqdownloader.YYBLiveAccountProvider,1,3,24220937]
05-07 01:59:04.399 1092 1893 I commit_sys_config_file: [sync-status,117683]
05-07 01:59:04.412 1092 1893 I sync : [com.tencent.android.qqdownloader.YYBLiveAccountProvider,0,3,24220937]
05-07 01:59:04.493 1092 1893 I sync : [com.tencent.android.qqdownloader.YYBLiveAccountProvider,1,3,24220937]
05-07 01:59:04.499 1092 1893 I commit_sys_config_file: [sync-status,117783]
05-07 01:59:06.398 1092 1203 I commit_sys_config_file: [jobs,10]
05-07 01:59:06.400 1092 1723 I netstats_mobile_sample: [0,0,0,0,0,0,0,0,0,0,0,0,1683513808252]
05-07 01:59:06.400 1092 1723 I netstats_wifi_sample: [308,4,568,5,308,4,568,5,228,2,520,4,1683513808252]
05-07 01:59:12.169 3003 3003 I auditd : type=1400 audit(0.0:5772): avc: granted { read } for comm=4173796E635461736B2023313132 name="arp" dev="proc" ino=4026532247 scontext=u:r:platform_app:s0:c512,c768 tcontext=u:object_r:proc_net:s0 tclass=file app=com.hht.lebocast
05-07 01:59:12.169 3003 3003 I auditd : type=1400 audit(0.0:5773): avc: granted { read open } for comm=4173796E635461736B2023313132 path="/proc/3003/net/arp" dev="proc" ino=4026532247 scontext=u:r:platform_app:s0:c512,c768 tcontext=u:object_r:proc_net:s0 tclass=file app=com.hht.lebocast
05-07 01:59:12.169 3003 3003 I auditd : type=1400 audit(0.0:5774): avc: granted { getattr } for comm=4173796E635461736B2023313132 path="/proc/3003/net/arp" dev="proc" ino=4026532247 scontext=u:r:platform_app:s0:c512,c768 tcontext=u:object_r:proc_net:s0 tclass=file app=com.hht.lebocast
05-07 01:59:12.169 3003 3003 I auditd : type=1400 audit(0.0:5775): avc: granted { getattr } for comm=4173796E635461736B2023313132 path="/proc/3003/net/arp" dev="proc" ino=4026532247 scontext=u:r:platform_app:s0:c512,c768 tcontext=u:object_r:proc_net:s0 tclass=file app=com.hht.lebocast
05-07 01:59:17.889 1092 1691 I input_interaction: Interaction with: 157450d com.thundercomm.screensaver/android.service.dreams.DreamActivity (server), edge-swipe (server), swipe-up (server), PointerEventDispatcher0 (server),
05-07 01:59:17.893 1092 1832 I wm_finish_activity: [0,107991779,18,com.thundercomm.screensaver/android.service.dreams.DreamActivity,finish-activity]
05-07 01:59:17.893 1092 1832 I wm_task_moved: [17,1,7]
05-07 01:59:17.893 1092 1832 I wm_task_to_front: [0,17]
05-07 01:59:17.894 1092 1832 I wm_set_resumed_activity: [0,com.tencent.android.qqdownloader/com.tencent.assistantv2.activity.MainActivity,positionChildAt]
05-07 01:59:17.894 1092 1832 I wm_focused_root_task: [0,0,17,18,finish-top adjustFocusToNextFocusableTask]
05-07 01:59:17.894 1092 1832 I wm_set_resumed_activity: [0,com.tencent.android.qqdownloader/com.tencent.assistantv2.activity.MainActivity,finish-top]
05-07 01:59:17.896 1092 1832 I wm_pause_activity: [0,107991779,com.thundercomm.screensaver/android.service.dreams.DreamActivity,userLeaving=false,finish]
05-07 01:59:17.907 7438 7438 I wm_on_top_resumed_lost_called: [107991779,android.service.dreams.DreamActivity,topStateChangedWhenResumed]
05-07 01:59:17.911 7438 7438 I wm_on_paused_called: [107991779,android.service.dreams.DreamActivity,performPause]
05-07 01:59:17.921 1092 6539 I wm_resume_activity: [0,76565268,8,com.android.launcher3/.uioverrides.QuickstepLauncher]
05-07 01:59:17.931 1092 1204 I dvm_lock_sample: [system_server,1,android.display,19,TaskChangeNotificationController.java,199,void com.android.server.wm.TaskChangeNotificationController$MainHandler.handleMessage(android.os.Message),TaskSnapshotCache.java,68,android.window.TaskSnapshot com.android.server.wm.TaskSnapshotCache.getSnapshot(int, int, boolean, boolean),3]
05-07 01:59:17.931 1092 1204 I sysui_multi_action: [757,803,799,window_time_0,802,53]
05-07 01:59:17.934 5683 5683 I wm_on_top_resumed_gained_called: [79324756,com.tencent.assistantv2.activity.MainActivity,topStateChangedWhenResumed]
05-07 01:59:17.935 1092 1691 I input_focus: [Focus leaving 157450d com.thundercomm.screensaver/android.service.dreams.DreamActivity (server),reason=NO_WINDOW]
05-07 01:59:17.935 7438 7438 I view_enqueue_input_event: [Motion - Cancel,com.thundercomm.screensaver/android.service.dreams.DreamActivity]
05-07 01:59:17.949 1092 1204 I sysui_multi_action: [757,803,799,window_time_2,802,0]
05-07 01:59:17.951 1092 1206 I input_focus: [Focus request 2c3c297 com.tencent.android.qqdownloader/com.tencent.assistantv2.activity.MainActivity,reason=UpdateInputWindows]
05-07 01:59:17.952 2610 2610 I wm_on_restart_called: [76565268,com.android.launcher3.uioverrides.QuickstepLauncher,performRestartActivity]
05-07 01:59:17.953 2610 2610 I wm_on_start_called: [76565268,com.android.launcher3.uioverrides.QuickstepLauncher,handleStartActivity]
05-07 01:59:17.954 2610 2610 I wm_on_resume_called: [76565268,com.android.launcher3.uioverrides.QuickstepLauncher,RESUME_ACTIVITY]
05-07 01:59:17.972 1092 1691 I input_focus: [Focus entering 2c3c297 com.tencent.android.qqdownloader/com.tencent.assistantv2.activity.MainActivity (server),reason=setFocusedWindow]
05-07 01:59:18.013 1092 1832 I wm_destroy_activity: [0,107991779,18,com.thundercomm.screensaver/android.service.dreams.DreamActivity,finish-idle]
05-07 01:59:18.015 7438 7438 I wm_on_stop_called: [107991779,android.service.dreams.DreamActivity,LIFECYCLER_STOP_ACTIVITY]
05-07 01:59:18.017 7438 7438 I wm_on_destroy_called: [107991779,android.service.dreams.DreamActivity,performDestroy]
05-07 01:59:18.019 1092 1201 I sysui_multi_action: [757,222,758,2]
05-07 01:59:18.019 1092 1201 I sysui_multi_action: [757,804,799,dreaming_minutes,801,0,802,1]
05-07 01:59:18.263 1092 1206 I wm_task_removed: [18,removeChild:removeChild last r=ActivityRecord{66fd2e3 u0 com.thundercomm.screensaver/android.service.dreams.DreamActivity t-1 f}} in t=Task{dbd08c5 #18 type=dream A=10047:android:com.thundercomm.screensaver/dream U=0 visible=false mode=fullscreen translucent=true sz=0}]
05-07 01:59:18.263 1092 1206 I wm_task_removed: [18,removeChild]
05-07 01:59:18.921 3003 3003 I auditd : type=1400 audit(0.0:5776): avc: granted { read } for comm=4173796E635461736B2023313133 name="arp" dev="proc" ino=4026532247 scontext=u:r:platform_app:s0:c512,c768 tcontext=u:object_r:proc_net:s0 tclass=file app=com.hht.lebocast
05-07 01:59:18.921 3003 3003 I auditd : type=1400 audit(0.0:5777): avc: granted { read open } for comm=4173796E635461736B2023313133 path="/proc/3003/net/arp" dev="proc" ino=4026532247 scontext=u:r:platform_app:s0:c512,c768 tcontext=u:object_r:proc_net:s0 tclass=file app=com.hht.lebocast
05-07 01:59:18.925 3003 3003 I auditd : type=1400 audit(0.0:5778): avc: granted { getattr } for comm=4173796E635461736B2023313133 path="/proc/3003/net/arp" dev="proc" ino=4026532247 scontext=u:r:platform_app:s0:c512,c768 tcontext=u:object_r:proc_net:s0 tclass=file app=com.hht.lebocast
05-07 01:59:18.925 3003 3003 I auditd : type=1400 audit(0.0:5779): avc: granted { getattr } for comm=4173796E635461736B2023313133 path="/proc/3003/net/arp" dev="proc" ino=4026532247 scontext=u:r:platform_app:s0:c512,c768 tcontext=u:object_r:proc_net:s0 tclass=file app=com.hht.lebocast
05-07 01:59:19.333 3003 3003 I auditd : type=1400 audit(0.0:5780): avc: granted { read } for comm=4173796E635461736B2023313134 name="arp" dev="proc" ino=4026532247 scontext=u:r:platform_app:s0:c512,c768 tcontext=u:object_r:proc_net:s0 tclass=file app=com.hht.lebocast
05-07 01:59:19.337 3003 3003 I auditd : type=1400 audit(0.0:5781): avc: granted { read open } for comm=4173796E635461736B2023313134 path="/proc/3003/net/arp" dev="proc" ino=4026532247 scontext=u:r:platform_app:s0:c512,c768 tcontext=u:object_r:proc_net:s0 tclass=file app=com.hht.lebocast
05-07 01:59:23.806 1092 1691 I input_interaction: Interaction with: 2c3c297 com.tencent.android.qqdownloader/com.tencent.assistantv2.activity.MainActivity (server), PointerEventDispatcher0 (server),
05-07 01:59:24.609 1092 1723 I netstats_mobile_sample: [0,0,0,0,0,0,0,0,0,0,0,0,1683513826461]
05-07 01:59:24.609 1092 1723 I netstats_wifi_sample: [308,4,568,5,308,4,568,5,228,2,520,4,1683513826461]
05-07 01:59:26.181 1092 1691 I input_interaction: Interaction with: 2c3c297 com.tencent.android.qqdownloader/com.tencent.assistantv2.activity.MainActivity (server), edge-swipe (server), swipe-up (server), PointerEventDispatcher0 (server),
05-07 01:59:29.389 5683 5704 I dvm_lock_sample: [com.tencent.android.qqdownloader,0,temporary-2,9,,-1,java.lang.Object com.tencent.assistant.daemon.f.getService(int),-,0,null,1]
05-07 01:59:32.337 3003 3003 I auditd : type=1400 audit(0.0:5788): avc: granted { read } for comm=4173796E635461736B2023313136 name="arp" dev="proc" ino=4026532247 scontext=u:r:platform_app:s0:c512,c768 tcontext=u:object_r:proc_net:s0 tclass=file app=com.hht.lebocast
05-07 01:59:32.337 3003 3003 I auditd : type=1400 audit(0.0:5789): avc: granted { read open } for comm=4173796E635461736B2023313136 path="/proc/3003/net/arp" dev="proc" ino=4026532247 scontext=u:r:platform_app:s0:c512,c768 tcontext=u:object_r:proc_net:s0 tclass=file app=com.hht.lebocast
05-07 01:59:32.341 3003 3003 I auditd : type=1400 audit(0.0:5790): avc: granted { getattr } for comm=4173796E635461736B2023313136 path="/proc/3003/net/arp" dev="proc" ino=4026532247 scontext=u:r:platform_app:s0:c512,c768 tcontext=u:object_r:proc_net:s0 tclass=file app=com.hht.lebocast
05-07 01:59:32.341 3003 3003 I auditd : type=1400 audit(0.0:5791): avc: granted { getattr } for comm=4173796E635461736B2023313136 path="/proc/3003/net/arp" dev="proc" ino=4026532247 scontext=u:r:platform_app:s0:c512,c768 tcontext=u:object_r:proc_net:s0 tclass=file app=com.hht.lebocast
05-07 01:59:32.961 3003 3003 I auditd : type=1400 audit(0.0:5792): avc: granted { read } for comm=4173796E635461736B2023313137 name="arp" dev="proc" ino=4026532247 scontext=u:r:platform_app:s0:c512,c768 tcontext=u:object_r:proc_net:s0 tclass=file app=com.hht.lebocast
05-07 01:59:33.798 1092 1092 I notification_enqueue: [10100,5640,com.tencent.android.qqdownloader,127,NULL,0,Notification(channel=channel_id_default_silent shortcut=null contentView=com.tencent.android.qqdownloader/0x7f0a01c2 vibrate=null sound=null defaults=0x0 flags=0x2a2 color=0x00000000 groupKey=com.tencent.android.qqdownloader vis=PRIVATE),1]
05-07 01:59:38.893 3003 3003 I auditd : type=1400 audit(0.0:5796): avc: granted { read } for comm=4173796E635461736B2023313138 name="arp" dev="proc" ino=4026532247 scontext=u:r:platform_app:s0:c512,c768 tcontext=u:object_r:proc_net:s0 tclass=file app=com.hht.lebocast
05-07 01:59:38.893 3003 3003 I auditd : type=1400 audit(0.0:5797): avc: granted { read open } for comm=4173796E635461736B2023313138 path="/proc/3003/net/arp" dev="proc" ino=4026532247 scontext=u:r:platform_app:s0:c512,c768 tcontext=u:object_r:proc_net:s0 tclass=file app=com.hht.lebocast
05-07 01:59:38.893 3003 3003 I auditd : type=1400 audit(0.0:5798): avc: granted { getattr } for comm=4173796E635461736B2023313138 path="/proc/3003/net/arp" dev="proc" ino=4026532247 scontext=u:r:platform_app:s0:c512,c768 tcontext=u:object_r:proc_net:s0 tclass=file app=com.hht.lebocast
05-07 01:59:38.893 3003 3003 I auditd : type=1400 audit(0.0:5799): avc: granted { getattr } for comm=4173796E635461736B2023313138 path="/proc/3003/net/arp" dev="proc" ino=4026532247 scontext=u:r:platform_app:s0:c512,c768 tcontext=u:object_r:proc_net:s0 tclass=file app=com.hht.lebocast
05-07 01:59:39.120 1092 1723 I netstats_mobile_sample: [0,0,0,0,0,0,0,0,0,0,0,0,1683513840972]
05-07 01:59:39.121 1092 1723 I netstats_wifi_sample: [308,4,568,5,308,4,568,5,228,2,520,4,1683513840972]
05-07 01:59:39.245 3003 3003 I auditd : type=1400 audit(0.0:5800): avc: granted { read } for comm=4173796E635461736B2023313139 name="arp" dev="proc" ino=4026532247 scontext=u:r:platform_app:s0:c512,c768 tcontext=u:object_r:proc_net:s0 tclass=file app=com.hht.lebocast
05-07 01:59:39.348 1092 1893 I sync : [com.tencent.android.qqdownloader.YYBLiveAccountProvider,0,3,24220937]
05-07 01:59:39.421 1092 1893 I sync : [com.tencent.android.qqdownloader.YYBLiveAccountProvider,1,3,24220937]
05-07 01:59:39.428 1092 1893 I commit_sys_config_file: [sync-status,152712]
05-07 01:59:39.440 1092 1893 I sync : [com.tencent.android.qqdownloader.YYBLiveAccountProvider,0,3,24220937]
05-07 01:59:39.517 1092 1893 I sync : [com.tencent.android.qqdownloader.YYBLiveAccountProvider,1,3,24220937]
05-07 01:59:39.525 1092 1893 I commit_sys_config_file: [sync-status,152809]
05-07 01:59:40.637 3380 3380 I auditd : type=1400 audit(0.0:5804): avc: denied { open } for comm="BackgroundThrea" path="/proc/3380/net/route" dev="proc" ino=4026532250 scontext=u:r:priv_app:s0:c512,c768 tcontext=u:object_r:proc_net:s0 tclass=file permissive=1 app=com.baidu.input
05-07 01:59:40.653 3380 3380 I auditd : type=1400 audit(0.0:5805): avc: denied { search } for comm="BackgroundThrea" name="asound" dev="proc" ino=4026532151 scontext=u:r:priv_app:s0:c512,c768 tcontext=u:object_r:proc_asound:s0 tclass=dir permissive=1 app=com.baidu.input
05-07 01:59:40.657 3380 3380 I auditd : type=1400 audit(0.0:5806): avc: denied { read } for comm="BackgroundThrea" name="id" dev="proc" ino=4026534059 scontext=u:r:priv_app:s0:c512,c768 tcontext=u:object_r:proc_asound:s0 tclass=file permissive=1 app=com.baidu.input
05-07 01:59:40.657 3380 3380 I auditd : type=1400 audit(0.0:5807): avc: denied { open } for comm="BackgroundThrea" path="/proc/asound/card0/id" dev="proc" ino=4026534059 scontext=u:r:priv_app:s0:c512,c768 tcontext=u:object_r:proc_asound:s0 tclass=file permissive=1 app=com.baidu.input
05-07 01:59:40.657 3380 3380 I auditd : type=1400 audit(0.0:5808): avc: denied { getattr } for comm="BackgroundThrea" path="/proc/asound/card0/id" dev="proc" ino=4026534059 scontext=u:r:priv_app:s0:c512,c768 tcontext=u:object_r:proc_asound:s0 tclass=file permissive=1 app=com.baidu.input
05-07 01:59:41.426 1092 1203 I commit_sys_config_file: [jobs,10]
05-07 01:59:44.117 3003 3003 I auditd : type=1400 audit(0.0:5824): avc: granted { read } for comm=4173796E635461736B2023313231 name="arp" dev="proc" ino=4026532247 scontext=u:r:platform_app:s0:c512,c768 tcontext=u:object_r:proc_net:s0 tclass=file app=com.hht.lebocast
05-07 01:59:44.117 3003 3003 I auditd : type=1400 audit(0.0:5825): avc: granted { read open } for comm=4173796E635461736B2023313231 path="/proc/3003/net/arp" dev="proc" ino=4026532247 scontext=u:r:platform_app:s0:c512,c768 tcontext=u:object_r:proc_net:s0 tclass=file app=com.hht.lebocast
05-07 01:59:44.117 3003 3003 I auditd : type=1400 audit(0.0:5826): avc: granted { getattr } for comm=4173796E635461736B2023313231 path="/proc/3003/net/arp" dev="proc" ino=4026532247 scontext=u:r:platform_app:s0:c512,c768 tcontext=u:object_r:proc_net:s0 tclass=file app=com.hht.lebocast
05-07 01:59:44.117 3003 3003 I auditd : type=1400 audit(0.0:5827): avc: granted { getattr } for comm=4173796E635461736B2023313231 path="/proc/3003/net/arp" dev="proc" ino=4026532247 scontext=u:r:platform_app:s0:c512,c768 tcontext=u:object_r:proc_net:s0 tclass=file app=com.hht.lebocast
05-07 01:59:45.957 3003 3003 I auditd : type=1400 audit(0.0:5828): avc: granted { read } for comm=4173796E635461736B2023313232 name="arp" dev="proc" ino=4026532247 scontext=u:r:platform_app:s0:c512,c768 tcontext=u:object_r:proc_net:s0 tclass=file app=com.hht.lebocast
05-07 01:59:45.957 3003 3003 I auditd : type=1400 audit(0.0:5829): avc: granted { read open } for comm=4173796E635461736B2023313232 path="/proc/3003/net/arp" dev="proc" ino=4026532247 scontext=u:r:platform_app:s0:c512,c768 tcontext=u:object_r:proc_net:s0 tclass=file app=com.hht.lebocast
05-07 01:59:45.957 3003 3003 I auditd : type=1400 audit(0.0:5830): avc: granted { getattr } for comm=4173796E635461736B2023313232 path="/proc/3003/net/arp" dev="proc" ino=4026532247 scontext=u:r:platform_app:s0:c512,c768 tcontext=u:object_r:proc_net:s0 tclass=file app=com.hht.lebocast
05-07 01:59:45.957 3003 3003 I auditd : type=1400 audit(0.0:5831): avc: granted { getattr } for comm=4173796E635461736B2023313232 path="/proc/3003/net/arp" dev="proc" ino=4026532247 scontext=u:r:platform_app:s0:c512,c768 tcontext=u:object_r:proc_net:s0 tclass=file app=com.hht.lebocast
05-07 01:59:52.205 3003 3003 I auditd : type=1400 audit(0.0:5832): avc: granted { read } for comm=4173796E635461736B2023313233 name="arp" dev="proc" ino=4026532247 scontext=u:r:platform_app:s0:c512,c768 tcontext=u:object_r:proc_net:s0 tclass=file app=com.hht.lebocast
05-07 01:59:52.205 3003 3003 I auditd : type=1400 audit(0.0:5833): avc: granted { read open } for comm=4173796E635461736B2023313233 path="/proc/3003/net/arp" dev="proc" ino=4026532247 scontext=u:r:platform_app:s0:c512,c768 tcontext=u:object_r:proc_net:s0 tclass=file app=com.hht.lebocast
05-07 01:59:52.205 3003 3003 I auditd : type=1400 audit(0.0:5834): avc: granted { getattr } for comm=4173796E635461736B2023313233 path="/proc/3003/net/arp" dev="proc" ino=4026532247 scontext=u:r:platform_app:s0:c512,c768 tcontext=u:object_r:proc_net:s0 tclass=file app=com.hht.lebocast
05-07 01:59:52.209 3003 3003 I auditd : type=1400 audit(0.0:5835): avc: granted { getattr } for comm=4173796E635461736B2023313233 path="/proc/3003/net/arp" dev="proc" ino=4026532247 scontext=u:r:platform_app:s0:c512,c768 tcontext=u:object_r:proc_net:s0 tclass=file app=com.hht.lebocast
