05-07 02:10:58.709 8607 8607 D ViewTouchDebug: mView : DecorView@67f3de4[MainProxyActivity]Receive event : MotionEvent { action=ACTION_DOWN, actionButton=0, id[0]=0, x[0]=26.0, y[0]=987.0, toolType[0]=TOOL_TYPE_FINGER, buttonState=0, classification=NONE, metaState=0, flags=0x0, edgeFlags=0x0, pointerCount=1, historySize=0, eventTime=1115242, downTime=1115242, deviceId=-1, source=0x1002, displayId=0, eventId=-494499464 }
01-01 08:18:42.333 0 0 E : [MAX975X:max96755g_write_bytes] *ERROR* i2c master send 0x85 err
01-01 08:18:42.435 0 0 E i2c_geni 980000.i2c: i2c error :-107
01-01 08:18:42.447 0 0 E : [MAX975X:max96755x_vc1_lcd_dtc_check] *ERROR* Failed to read dev:0x15 addr:0x85
01-01 08:18:42.456 0 0 E i2c_geni 980000.i2c: i2c error :-107
05-07 02:10:58.820 8607 8607 D ViewTouchDebug: mView : DecorView@67f3de4[MainProxyActivity]Receive event : MotionEvent { action=ACTION_UP, actionButton=0, id[0]=0, x[0]=26.0, y[0]=987.0, toolType[0]=TOOL_TYPE_FINGER, buttonState=0, classification=NONE, metaState=0, flags=0x0, edgeFlags=0x0, pointerCount=1, historySize=0, eventTime=1115353, downTime=1115242, deviceId=-1, source=0x1002, displayId=0, eventId=-833842626 }
05-07 02:10:58.823 8607 8607 W System.err: java.lang.IllegalStateException: View com.taptap.other.basic.impl.ui.home.bottombar.HomeBottomItemView{e96dd43 VFE...C.. ..SP.... 0,0-87,81} does not have a Fragment set
05-07 02:10:58.823 8607 8607 W System.err: at androidx.fragment.app.FragmentManager.findFragment(FragmentManager.java:795)
05-07 02:10:58.823 8607 8607 W System.err: at com.taptap.infra.log.common.log.extension.NavLogExtensionsKt.findCurFragment(NavLogExtensions.kt:17)
05-07 02:10:58.824 8607 8607 W System.err: at com.taptap.other.basic.impl.application.log.TapLogCallbackImpl.setTopPagerVia(TapLogCallbackImpl.kt:138)
05-07 02:10:58.824 8607 8607 W System.err: at com.taptap.infra.log.common.logs.ViaHelper.recordClick(ViaHelper.java:46)
05-07 02:10:58.824 8607 8607 W System.err: at com.taptap.infra.log.common.track.retrofit.legacy.ClickHelper.storeTrackParams2Pager(ClickHelper.kt:17)
05-07 02:10:58.824 8607 8607 W System.err: at com.taptap.infra.log.common.track.retrofit.aspectj.ClickAspect.clickEvent(ClickAspect.kt:25)
05-07 02:10:58.824 8607 8607 W System.err: at com.taptap.other.basic.impl.ui.HomeBottomBar.onClick(HomeBottomBar.java:364)
05-07 02:10:58.824 8607 8607 W System.err: at android.view.View.performClick(View.java:7441)
05-07 02:10:58.824 8607 8607 W System.err: at android.view.View.performClickInternal(View.java:7418)
05-07 02:10:58.825 8607 8607 W System.err: at android.view.View.access$3700(View.java:835)
05-07 02:10:58.825 8607 8607 W System.err: at android.view.View$PerformClick.run(View.java:28681)
05-07 02:10:58.825 8607 8607 W System.err: at android.os.Handler.handleCallback(Handler.java:938)
05-07 02:10:58.825 8607 8607 W System.err: at android.os.Handler.dispatchMessage(Handler.java:99)
05-07 02:10:58.825 8607 8607 W System.err: at android.os.Looper.loopOnce(Looper.java:201)
05-07 02:10:58.825 8607 8607 W System.err: at android.os.Looper.loop(Looper.java:288)
05-07 02:10:58.825 8607 8607 W System.err: at android.app.ActivityThread.main(ActivityThread.java:7880)
05-07 02:10:58.825 8607 8607 W System.err: at java.lang.reflect.Method.invoke(Native Method)
05-07 02:10:58.825 8607 8607 W System.err: at com.android.internal.os.RuntimeInit$MethodAndArgsCaller.run(RuntimeInit.java:548)
05-07 02:10:58.826 8607 8607 W System.err: at com.android.internal.os.ZygoteInit.main(ZygoteInit.java:1009)
05-07 02:10:58.826 8607 8607 W System.err: java.lang.IllegalStateException: View com.taptap.other.basic.impl.ui.home.bottombar.HomeBottomItemView{e96dd43 VFE...C.. ..SP.... 0,0-87,81} does not have a Fragment set
05-07 02:10:58.826 8607 8607 W System.err: at androidx.fragment.app.FragmentManager.findFragment(FragmentManager.java:795)
05-07 02:10:58.826 8607 8607 W System.err: at com.taptap.infra.log.common.log.extension.NavLogExtensionsKt.findCurFragment(NavLogExtensions.kt:17)
05-07 02:10:58.826 8607 8607 W System.err: at com.taptap.other.basic.impl.application.log.TapLogCallbackImpl.setTopPagerProperty(TapLogCallbackImpl.kt:214)
05-07 02:10:58.827 8607 8607 W System.err: at com.taptap.infra.log.common.logs.PropertyHelper$Companion.recordClick(PropertyHelper.kt:33)
05-07 02:10:58.827 8607 8607 W System.err: at com.taptap.infra.log.common.track.retrofit.legacy.ClickHelper.storeTrackParams2Pager(ClickHelper.kt:18)
05-07 02:10:58.827 8607 8607 W System.err: at com.taptap.infra.log.common.track.retrofit.aspectj.ClickAspect.clickEvent(ClickAspect.kt:25)
05-07 02:10:58.827 8607 8607 W System.err: at com.taptap.other.basic.impl.ui.HomeBottomBar.onClick(HomeBottomBar.java:364)
05-07 02:10:58.827 8607 8607 W System.err: at android.view.View.performClick(View.java:7441)
05-07 02:10:58.827 8607 8607 W System.err: at android.view.View.performClickInternal(View.java:7418)
05-07 02:10:58.828 8607 8607 W System.err: at android.view.View.access$3700(View.java:835)
05-07 02:10:58.828 8607 8607 W System.err: at android.view.View$PerformClick.run(View.java:28681)
05-07 02:10:58.828 8607 8607 W System.err: at android.os.Handler.handleCallback(Handler.java:938)
05-07 02:10:58.828 8607 8607 W System.err: at android.os.Handler.dispatchMessage(Handler.java:99)
05-07 02:10:58.828 8607 8607 W System.err: at android.os.Looper.loopOnce(Looper.java:201)
05-07 02:10:58.828 8607 8607 W System.err: at android.os.Looper.loop(Looper.java:288)
05-07 02:10:58.828 8607 8607 W System.err: at android.app.ActivityThread.main(ActivityThread.java:7880)
05-07 02:10:58.829 8607 8607 W System.err: at java.lang.reflect.Method.invoke(Native Method)
05-07 02:10:58.829 8607 8607 W System.err: at com.android.internal.os.RuntimeInit$MethodAndArgsCaller.run(RuntimeInit.java:548)
05-07 02:10:58.829 8607 8607 W System.err: at com.android.internal.os.ZygoteInit.main(ZygoteInit.java:1009)
05-07 02:10:58.829 8607 8607 W System.err: java.lang.IllegalStateException: View com.taptap.other.basic.impl.ui.home.bottombar.HomeBottomItemView{e96dd43 VFE...C.. ..SP.... 0,0-87,81} does not have a Fragment set
05-07 02:10:58.829 8607 8607 W System.err: at androidx.fragment.app.FragmentManager.findFragment(FragmentManager.java:795)
05-07 02:10:58.830 8607 8607 W System.err: at com.taptap.infra.log.common.log.extension.NavLogExtensionsKt.findCurFragment(NavLogExtensions.kt:17)
05-07 02:10:58.830 8607 8607 W System.err: at com.taptap.infra.log.common.track.sdk.RealParamsHandler.calculateRTrackIds(RealParamsHandler.kt:80)
05-07 02:10:58.830 8607 8607 W System.err: at com.taptap.infra.log.common.track.sdk.RealParamsHandler.storeParams2TopPager(RealParamsHandler.kt:36)
05-07 02:10:58.830 8607 8607 W System.err: at com.taptap.infra.log.common.track.retrofit.legacy.ClickHelper.storeTrackParams2Pager(ClickHelper.kt:19)
05-07 02:10:58.830 8607 8607 W System.err: at com.taptap.infra.log.common.track.retrofit.aspectj.ClickAspect.clickEvent(ClickAspect.kt:25)
05-07 02:10:58.830 8607 8607 W System.err: at com.taptap.other.basic.impl.ui.HomeBottomBar.onClick(HomeBottomBar.java:364)
05-07 02:10:58.830 8607 8607 W System.err: at android.view.View.performClick(View.java:7441)
05-07 02:10:58.830 8607 8607 W System.err: at android.view.View.performClickInternal(View.java:7418)
05-07 02:10:58.831 8607 8607 W System.err: at android.view.View.access$3700(View.java:835)
05-07 02:10:58.831 8607 8607 W System.err: at android.view.View$PerformClick.run(View.java:28681)
05-07 02:10:58.831 8607 8607 W System.err: at android.os.Handler.handleCallback(Handler.java:938)
05-07 02:10:58.831 8607 8607 W System.err: at android.os.Handler.dispatchMessage(Handler.java:99)
05-07 02:10:58.831 8607 8607 W System.err: at android.os.Looper.loopOnce(Looper.java:201)
05-07 02:10:58.831 8607 8607 W System.err: at android.os.Looper.loop(Looper.java:288)
05-07 02:10:58.832 8607 8607 W System.err: at android.app.ActivityThread.main(ActivityThread.java:7880)
05-07 02:10:58.832 8607 8607 W System.err: at java.lang.reflect.Method.invoke(Native Method)
05-07 02:10:58.832 8607 8607 W System.err: at com.android.internal.os.RuntimeInit$MethodAndArgsCaller.run(RuntimeInit.java:548)
05-07 02:10:58.832 8607 8607 W System.err: at com.android.internal.os.ZygoteInit.main(ZygoteInit.java:1009)
05-07 02:10:58.832 8607 8607 W System.err: java.lang.IllegalStateException: View com.taptap.other.basic.impl.ui.home.bottombar.HomeBottomItemView{e96dd43 VFE...C.. ..SP.... 0,0-87,81} does not have a Fragment set
05-07 02:10:58.833 8607 8607 W System.err: at androidx.fragment.app.FragmentManager.findFragment(FragmentManager.java:795)
05-07 02:10:58.833 8607 8607 W System.err: at com.taptap.infra.log.common.log.extension.NavLogExtensionsKt.findCurFragment(NavLogExtensions.kt:17)
05-07 02:10:58.833 8607 8607 W System.err: at com.taptap.other.basic.impl.application.log.TapLogCallbackImpl.setTopPagerParams(TapLogCallbackImpl.kt:160)
05-07 02:10:58.833 8607 8607 W System.err: at com.taptap.infra.log.common.track.sdk.RealParamsHandler.storeParams2TopPager(RealParamsHandler.kt:41)
05-07 02:10:58.833 8607 8607 W System.err: at com.taptap.infra.log.common.track.retrofit.legacy.ClickHelper.storeTrackParams2Pager(ClickHelper.kt:19)
05-07 02:10:58.833 8607 8607 W System.err: at com.taptap.infra.log.common.track.retrofit.aspectj.ClickAspect.clickEvent(ClickAspect.kt:25)
05-07 02:10:58.833 8607 8607 W System.err: at com.taptap.other.basic.impl.ui.HomeBottomBar.onClick(HomeBottomBar.java:364)
05-07 02:10:58.834 8607 8607 W System.err: at android.view.View.performClick(View.java:7441)
05-07 02:10:58.834 8607 8607 W System.err: at android.view.View.performClickInternal(View.java:7418)
05-07 02:10:58.834 8607 8607 W System.err: at android.view.View.access$3700(View.java:835)
05-07 02:10:58.834 8607 8607 W System.err: at android.view.View$PerformClick.run(View.java:28681)
05-07 02:10:58.834 8607 8607 W System.err: at android.os.Handler.handleCallback(Handler.java:938)
05-07 02:10:58.834 8607 8607 W System.err: at android.os.Handler.dispatchMessage(Handler.java:99)
05-07 02:10:58.834 8607 8607 W System.err: at android.os.Looper.loopOnce(Looper.java:201)
05-07 02:10:58.834 8607 8607 W System.err: at android.os.Looper.loop(Looper.java:288)
05-07 02:10:58.835 8607 8607 W System.err: at android.app.ActivityThread.main(ActivityThread.java:7880)
05-07 02:10:58.835 8607 8607 W System.err: at java.lang.reflect.Method.invoke(Native Method)
05-07 02:10:58.835 8607 8607 W System.err: at com.android.internal.os.RuntimeInit$MethodAndArgsCaller.run(RuntimeInit.java:548)
05-07 02:10:58.835 8607 8607 W System.err: at com.android.internal.os.ZygoteInit.main(ZygoteInit.java:1009)
05-07 02:10:58.835 8607 8607 W System.err: java.lang.IllegalStateException: View com.taptap.other.basic.impl.ui.home.bottombar.HomeBottomItemView{e96dd43 VFE...C.. ..SP.... 0,0-87,81} does not have a Fragment set
05-07 02:10:58.836 8607 8607 W System.err: at androidx.fragment.app.FragmentManager.findFragment(FragmentManager.java:795)
05-07 02:10:58.836 8607 8607 W System.err: at com.taptap.infra.log.common.log.extension.NavLogExtensionsKt.findCurFragment(NavLogExtensions.kt:17)
05-07 02:10:58.836 8607 8607 W System.err: at com.taptap.other.basic.impl.application.log.TapLogCallbackImpl.setTopPagerCtx(TapLogCallbackImpl.kt:186)
05-07 02:10:58.836 8607 8607 W System.err: at com.taptap.infra.log.common.track.thread.TrackModelRCtxInterceptor.saveRCtx2TopPager(TrackModelRCtxInterceptor.kt:97)
05-07 02:10:58.836 8607 8607 W System.err: at com.taptap.infra.log.common.track.thread.TrackModelRCtxInterceptor.access$saveRCtx2TopPager(TrackModelRCtxInterceptor.kt:21)
05-07 02:10:58.836 8607 8607 W System.err: at com.taptap.infra.log.common.track.thread.TrackModelRCtxInterceptor$invoke$1.invoke(TrackModelRCtxInterceptor.kt:36)
05-07 02:10:58.836 8607 8607 W System.err: at com.taptap.infra.log.common.track.thread.TrackModelRCtxInterceptor$invoke$1.invoke(TrackModelRCtxInterceptor.kt:27)
05-07 02:10:58.836 8607 8607 W System.err: at com.taptap.infra.log.track.common.interceptor.KChainCreatorKt$createChain$1.process(KChainCreator.kt:21)
05-07 02:10:58.836 8607 8607 W System.err: at com.taptap.infra.log.common.track.retrofit.legacy.ClickHelper.storeTrackParams2Pager(ClickHelper.kt:20)
05-07 02:10:58.837 8607 8607 W System.err: at com.taptap.infra.log.common.track.retrofit.aspectj.ClickAspect.clickEvent(ClickAspect.kt:25)
05-07 02:10:58.837 8607 8607 W System.err: at com.taptap.other.basic.impl.ui.HomeBottomBar.onClick(HomeBottomBar.java:364)
05-07 02:10:58.837 8607 8607 W System.err: at android.view.View.performClick(View.java:7441)
05-07 02:10:58.837 8607 8607 W System.err: at android.view.View.performClickInternal(View.java:7418)
05-07 02:10:58.837 8607 8607 W System.err: at android.view.View.access$3700(View.java:835)
05-07 02:10:58.837 8607 8607 W System.err: at android.view.View$PerformClick.run(View.java:28681)
05-07 02:10:58.837 8607 8607 W System.err: at android.os.Handler.handleCallback(Handler.java:938)
05-07 02:10:58.837 8607 8607 W System.err: at android.os.Handler.dispatchMessage(Handler.java:99)
05-07 02:10:58.837 8607 8607 W System.err: at android.os.Looper.loopOnce(Looper.java:201)
05-07 02:10:58.837 8607 8607 W System.err: at android.os.Looper.loop(Looper.java:288)
05-07 02:10:58.838 8607 8607 W System.err: at android.app.ActivityThread.main(ActivityThread.java:7880)
05-07 02:10:58.838 8607 8607 W System.err: at java.lang.reflect.Method.invoke(Native Method)
05-07 02:10:58.838 8607 8607 W System.err: at com.android.internal.os.RuntimeInit$MethodAndArgsCaller.run(RuntimeInit.java:548)
05-07 02:10:58.838 8607 8607 W System.err: at com.android.internal.os.ZygoteInit.main(ZygoteInit.java:1009)
05-07 02:10:58.840 8607 9013 W System.err: java.lang.IllegalStateException: View com.taptap.other.basic.impl.ui.home.bottombar.HomeBottomItemView{e96dd43 VFE...C.. ..S..... 0,0-87,81} does not have a Fragment set
05-07 02:10:58.840 8607 9013 W System.err: at androidx.fragment.app.FragmentManager.findFragment(FragmentManager.java:795)
05-07 02:10:58.840 8607 9013 W System.err: at com.taptap.infra.log.common.log.extension.NavLogExtensionsKt.findCurFragment(NavLogExtensions.kt:17)
05-07 02:10:58.840 8607 9013 W System.err: at com.taptap.infra.log.common.logs.TapLogsHelper$Companion.generateLogs(TapLogsHelper.kt:473)
05-07 02:10:58.840 8607 9013 W System.err: at com.taptap.infra.log.common.logs.TapLogsHelper$Companion$click$1.invokeSuspend(TapLogsHelper.kt:216)
05-07 02:10:58.840 8607 9013 W System.err: at kotlin.coroutines.jvm.internal.BaseContinuationImpl.resumeWith(ContinuationImpl.kt:33)
05-07 02:10:58.841 8607 9013 W System.err: at kotlinx.coroutines.DispatchedTask.run(DispatchedTask.kt:106)
05-07 02:10:58.841 8607 9013 W System.err: at java.util.concurrent.Executors$RunnableAdapter.call(Executors.java:462)
05-07 02:10:58.841 8607 9013 W System.err: at java.util.concurrent.FutureTask.run(FutureTask.java:266)
05-07 02:10:58.841 8607 9013 W System.err: at java.util.concurrent.ScheduledThreadPoolExecutor$ScheduledFutureTask.run(ScheduledThreadPoolExecutor.java:301)
05-07 02:10:58.841 8607 9013 W System.err: at java.util.concurrent.ThreadPoolExecutor.runWorker(ThreadPoolExecutor.java:1167)
05-07 02:10:58.841 8607 9013 W System.err: at java.util.concurrent.ThreadPoolExecutor$Worker.run(ThreadPoolExecutor.java:641)
05-07 02:10:58.841 8607 9013 W System.err: at java.lang.Thread.run(Thread.java:920)
01-01 08:18:42.461 0 0 E : [MAX975X:max96755g_write_bytes] *ERROR* i2c master send 0x85 err
01-01 08:18:42.563 0 0 E i2c_geni 980000.i2c: i2c error :-107
01-01 08:18:42.575 0 0 E : [MAX975X:max96755x_vc1_lcd_dtc_check] *ERROR* Failed to read dev:0x15 addr:0x85
01-01 08:18:42.584 0 0 E i2c_geni 980000.i2c: i2c error :-107
05-07 02:10:58.961 3003 3003 I auditd : type=1400 audit(0.0:8404): avc: granted { read } for comm=4173796E635461736B2023323639 name="arp" dev="proc" ino=4026532247 scontext=u:r:platform_app:s0:c512,c768 tcontext=u:object_r:proc_net:s0 tclass=file app=com.hht.lebocast
05-07 02:10:58.961 3003 3003 W com.hht.lebocast: type=1400 audit(0.0:8404): avc: granted { read } for comm=4173796E635461736B2023323639 name="arp" dev="proc" ino=4026532247 scontext=u:r:platform_app:s0:c512,c768 tcontext=u:object_r:proc_net:s0 tclass=file app=com.hht.lebocast
01-01 08:18:42.589 0 0 E : [MAX975X:max96755g_write_bytes] *ERROR* i2c master send 0x85 err
05-07 02:10:58.961 3003 3003 I auditd : type=1400 audit(0.0:8405): avc: granted { read open } for comm=4173796E635461736B2023323639 path="/proc/3003/net/arp" dev="proc" ino=4026532247 scontext=u:r:platform_app:s0:c512,c768 tcontext=u:object_r:proc_net:s0 tclass=file app=com.hht.lebocast
05-07 02:10:58.961 3003 3003 W com.hht.lebocast: type=1400 audit(0.0:8405): avc: granted { read open } for comm=4173796E635461736B2023323639 path="/proc/3003/net/arp" dev="proc" ino=4026532247 scontext=u:r:platform_app:s0:c512,c768 tcontext=u:object_r:proc_net:s0 tclass=file app=com.hht.lebocast
01-01 08:18:42.692 0 0 E i2c_geni 980000.i2c: i2c error :-107
01-01 08:18:42.696 0 0 E : [MAX975X:max96755x_vc1_lcd_dtc_check] *ERROR* Failed to read dev:0x15 addr:0x85
01-01 08:18:42.721 0 0 E i2c_geni 980000.i2c: i2c error :-107
05-07 02:10:58.961 3003 3003 I auditd : type=1400 audit(0.0:8406): avc: granted { getattr } for comm=4173796E635461736B2023323639 path="/proc/3003/net/arp" dev="proc" ino=4026532247 scontext=u:r:platform_app:s0:c512,c768 tcontext=u:object_r:proc_net:s0 tclass=file app=com.hht.lebocast
05-07 02:10:58.961 3003 3003 W com.hht.lebocast: type=1400 audit(0.0:8406): avc: granted { getattr } for comm=4173796E635461736B2023323639 path="/proc/3003/net/arp" dev="proc" ino=4026532247 scontext=u:r:platform_app:s0:c512,c768 tcontext=u:object_r:proc_net:s0 tclass=file app=com.hht.lebocast
01-01 08:18:42.721 0 0 E : [MAX975X:max96755g_write_bytes] *ERROR* i2c master send 0x85 err
05-07 02:10:58.965 3003 3003 I auditd : type=1400 audit(0.0:8407): avc: granted { getattr } for comm=4173796E635461736B2023323639 path="/proc/3003/net/arp" dev="proc" ino=4026532247 scontext=u:r:platform_app:s0:c512,c768 tcontext=u:object_r:proc_net:s0 tclass=file app=com.hht.lebocast
05-07 02:10:58.965 3003 3003 W com.hht.lebocast: type=1400 audit(0.0:8407): avc: granted { getattr } for comm=4173796E635461736B2023323639 path="/proc/3003/net/arp" dev="proc" ino=4026532247 scontext=u:r:platform_app:s0:c512,c768 tcontext=u:object_r:proc_net:s0 tclass=file app=com.hht.lebocast
01-01 08:18:42.823 0 0 E i2c_geni 980000.i2c: i2c error :-107
01-01 08:18:42.828 0 0 E : [MAX975X:max96755x_vc1_lcd_dtc_check] *ERROR* Failed to read dev:0x15 addr:0x85
01-01 08:18:42.837 0 0 E i2c_geni 980000.i2c: i2c error :-107
01-01 08:18:42.842 0 0 E : [MAX975X:max96755g_write_bytes] *ERROR* i2c master send 0x85 err
01-01 08:18:42.943 0 0 E i2c_geni 980000.i2c: i2c error :-107
01-01 08:18:42.955 0 0 E : [MAX975X:max96755x_vc1_lcd_dtc_check] *ERROR* Failed to read dev:0x15 addr:0x85
01-01 08:18:42.964 0 0 E i2c_geni 980000.i2c: i2c error :-107
01-01 08:18:42.969 0 0 E : [MAX975X:max96755g_write_bytes] *ERROR* i2c master send 0x85 err
01-01 08:18:43.071 0 0 E i2c_geni 980000.i2c: i2c error :-107
01-01 08:18:43.084 0 0 E : [MAX975X:max96755x_vc1_lcd_dtc_check] *ERROR* Failed to read dev:0x15 addr:0x85
01-01 08:18:43.092 0 0 E i2c_geni 980000.i2c: i2c error :-107
05-07 02:10:59.431 669 676 I mpu_uart: [MSG-P:RECV]:No message received in 1000 ms
05-07 02:10:59.501 1377 9527 I OMX-VENC: venc_dev: stats: avg. fps 12.17, bitrate 25632
01-01 08:18:43.097 0 0 E : [MAX975X:max96755g_write_bytes] *ERROR* i2c master send 0x85 err
01-01 08:18:43.200 0 0 E i2c_geni 980000.i2c: i2c error :-107
01-01 08:18:43.212 0 0 E : [MAX975X:max96755x_vc1_lcd_dtc_check] *ERROR* Failed to read dev:0x15 addr:0x85
01-01 08:18:43.221 0 0 E i2c_geni 980000.i2c: i2c error :-107
01-01 08:18:43.226 0 0 E : [MAX975X:max96755g_write_bytes] *ERROR* i2c master send 0x85 err
01-01 08:18:43.328 0 0 E i2c_geni 980000.i2c: i2c error :-107
01-01 08:18:43.340 0 0 E : [MAX975X:max96755x_vc1_lcd_dtc_check] *ERROR* Failed to read dev:0x15 addr:0x85
01-01 08:18:43.349 0 0 E i2c_geni 980000.i2c: i2c error :-107
01-01 08:18:43.354 0 0 E : [MAX975X:max96755g_write_bytes] *ERROR* i2c master send 0x85 err
01-01 08:18:43.456 0 0 E i2c_geni 980000.i2c: i2c error :-107
01-01 08:18:43.469 0 0 E : [MAX975X:max96755x_vc1_lcd_dtc_check] *ERROR* Failed to read dev:0x15 addr:0x85
01-01 08:18:43.477 0 0 E i2c_geni 980000.i2c: i2c error :-107