05-07 02:03:30.845 3003 3003 I auditd : type=1400 audit(0.0:6122): avc: granted { read } for comm=4173796E635461736B2023313737 name="arp" dev="proc" ino=4026532247 scontext=u:r:platform_app:s0:c512,c768 tcontext=u:object_r:proc_net:s0 tclass=file app=com.hht.lebocast
05-07 02:03:31.579 1092 1674 I am_freeze: [3218,com.android.traceur]
05-07 02:03:31.596 1092 1674 I am_kill : [0,3218,com.android.traceur,995,Unable to freeze binder interface]
05-07 02:03:31.717 1092 1674 I am_freeze: [3195,com.android.keychain]
05-07 02:03:31.727 1092 1674 I am_kill : [0,3195,com.android.keychain,985,Unable to freeze binder interface]
05-07 02:03:31.814 1092 2164 I am_proc_died: [0,3218,com.android.traceur,995,19]
05-07 02:03:31.815 1092 2164 I am_uid_stopped: 10021
05-07 02:03:31.899 1092 1674 I am_freeze: [3427,com.qualcomm.qti.qmmi]
05-07 02:03:31.908 1092 1674 I am_kill : [0,3427,com.qualcomm.qti.qmmi,985,Unable to freeze binder interface]
05-07 02:03:31.969 1092 2164 I am_proc_died: [0,3195,com.android.keychain,985,19]
05-07 02:03:32.126 1092 2164 I am_proc_died: [0,3427,com.qualcomm.qti.qmmi,985,19]
05-07 02:03:32.158 1092 1214 I am_pss : [3463,10065,com.qualcomm.qti.devicestatisticsservice,5171200,3588096,0,87924736,0,0,10]
05-07 02:03:32.273 3003 3003 I auditd : type=1400 audit(0.0:6126): avc: granted { read } for comm=4173796E635461736B2023313738 name="arp" dev="proc" ino=4026532247 scontext=u:r:platform_app:s0:c512,c768 tcontext=u:object_r:proc_net:s0 tclass=file app=com.hht.lebocast
05-07 02:03:32.273 3003 3003 I auditd : type=1400 audit(0.0:6127): avc: granted { read open } for comm=4173796E635461736B2023313738 path="/proc/3003/net/arp" dev="proc" ino=4026532247 scontext=u:r:platform_app:s0:c512,c768 tcontext=u:object_r:proc_net:s0 tclass=file app=com.hht.lebocast
05-07 02:03:32.273 3003 3003 I auditd : type=1400 audit(0.0:6128): avc: granted { getattr } for comm=4173796E635461736B2023313738 path="/proc/3003/net/arp" dev="proc" ino=4026532247 scontext=u:r:platform_app:s0:c512,c768 tcontext=u:object_r:proc_net:s0 tclass=file app=com.hht.lebocast
05-07 02:03:32.273 3003 3003 I auditd : type=1400 audit(0.0:6129): avc: granted { getattr } for comm=4173796E635461736B2023313738 path="/proc/3003/net/arp" dev="proc" ino=4026532247 scontext=u:r:platform_app:s0:c512,c768 tcontext=u:object_r:proc_net:s0 tclass=file app=com.hht.lebocast
05-07 02:03:32.670 1092 1674 I am_freeze: [3506,com.android.dynsystem]
05-07 02:03:32.680 1092 1674 I am_kill : [0,3506,com.android.dynsystem,985,Unable to freeze binder interface]
05-07 02:03:32.861 1092 2164 I am_proc_died: [0,3506,com.android.dynsystem,985,19]
05-07 02:03:32.919 1092 1674 I am_freeze: [3534,com.android.dynsystem:dynsystem]
05-07 02:03:32.928 1092 1674 I am_kill : [0,3534,com.android.dynsystem:dynsystem,975,Unable to freeze binder interface]
05-07 02:03:33.062 1092 1674 I am_freeze: [3578,com.android.localtransport]
05-07 02:03:33.074 1092 1674 I am_kill : [0,3578,com.android.localtransport,975,Unable to freeze binder interface]
05-07 02:03:33.139 1092 2164 I am_proc_died: [0,3534,com.android.dynsystem:dynsystem,975,19]
05-07 02:03:33.251 1092 2832 I am_proc_died: [0,3578,com.android.localtransport,975,19]
05-07 02:03:34.136 1092 1674 I am_freeze: [3678,com.android.music]
05-07 02:03:34.148 1092 1674 I am_kill : [0,3678,com.android.music,965,Unable to freeze binder interface]
05-07 02:03:34.362 1092 2832 I am_proc_died: [0,3678,com.android.music,965,19]
05-07 02:03:34.364 1092 2832 I am_uid_stopped: 10088
05-07 02:03:34.436 1092 1674 I am_freeze: [3704,com.android.onetimeinitializer]
05-07 02:03:34.446 1092 1674 I am_kill : [0,3704,com.android.onetimeinitializer,995,Unable to freeze binder interface]
05-07 02:03:34.605 0 0 I auditd : type=1400 audit(0.0:6130): avc: denied { kill } for comm="swapper/2" capability=5 scontext=u:r:kernel:s0 tcontext=u:r:kernel:s0 tclass=capability permissive=1
05-07 02:03:34.665 1092 2832 I am_proc_died: [0,3704,com.android.onetimeinitializer,995,19]
05-07 02:03:34.667 1092 2832 I am_uid_stopped: 10063
05-07 02:03:38.213 3003 3003 I auditd : type=1400 audit(0.0:6131): avc: granted { read } for comm=4173796E635461736B2023313739 name="arp" dev="proc" ino=4026532247 scontext=u:r:platform_app:s0:c512,c768 tcontext=u:object_r:proc_net:s0 tclass=file app=com.hht.lebocast
05-07 02:03:38.213 3003 3003 I auditd : type=1400 audit(0.0:6132): avc: granted { read open } for comm=4173796E635461736B2023313739 path="/proc/3003/net/arp" dev="proc" ino=4026532247 scontext=u:r:platform_app:s0:c512,c768 tcontext=u:object_r:proc_net:s0 tclass=file app=com.hht.lebocast
05-07 02:03:38.217 3003 3003 I auditd : type=1400 audit(0.0:6133): avc: granted { getattr } for comm=4173796E635461736B2023313739 path="/proc/3003/net/arp" dev="proc" ino=4026532247 scontext=u:r:platform_app:s0:c512,c768 tcontext=u:object_r:proc_net:s0 tclass=file app=com.hht.lebocast
05-07 02:03:38.217 3003 3003 I auditd : type=1400 audit(0.0:6134): avc: granted { getattr } for comm=4173796E635461736B2023313739 path="/proc/3003/net/arp" dev="proc" ino=4026532247 scontext=u:r:platform_app:s0:c512,c768 tcontext=u:object_r:proc_net:s0 tclass=file app=com.hht.lebocast
05-07 02:03:38.933 3003 3003 I auditd : type=1400 audit(0.0:6135): avc: granted { read } for comm=4173796E635461736B2023313830 name="arp" dev="proc" ino=4026532247 scontext=u:r:platform_app:s0:c512,c768 tcontext=u:object_r:proc_net:s0 tclass=file app=com.hht.lebocast
05-07 02:03:39.807 1092 1092 I notification_enqueue: [10100,5640,com.tencent.android.qqdownloader,127,NULL,0,Notification(channel=channel_id_default_silent shortcut=null contentView=com.tencent.android.qqdownloader/0x7f0a01c2 vibrate=null sound=null defaults=0x0 flags=0x2a2 color=0x00000000 groupKey=com.tencent.android.qqdownloader vis=PRIVATE),1]
05-07 02:03:41.892 1092 1674 I am_freeze: [3941,com.qualcomm.qti.qms.service.connectionsecurity]
05-07 02:03:41.921 1092 1674 I am_freeze: [2906,com.qualcomm.qtil.aptxui]
05-07 02:03:41.930 1092 1674 I am_kill : [0,3941,com.qualcomm.qti.qms.service.connectionsecurity,985,Unable to freeze binder interface]
05-07 02:03:41.932 1092 1674 I am_kill : [0,2906,com.qualcomm.qtil.aptxui,985,Unable to freeze binder interface]
05-07 02:03:42.170 1092 2832 I am_proc_died: [0,3941,com.qualcomm.qti.qms.service.connectionsecurity,985,19]
05-07 02:03:42.171 1092 2832 I am_uid_stopped: 10061
05-07 02:03:42.183 1092 6559 I am_proc_died: [0,2906,com.qualcomm.qtil.aptxui,985,19]
05-07 02:03:42.185 1092 6559 I am_uid_stopped: 10089
05-07 02:03:42.295 1092 1723 I netstats_mobile_sample: [0,0,0,0,0,0,0,0,0,0,0,0,1683514084147]
05-07 02:03:42.295 1092 1723 I netstats_wifi_sample: [308,4,568,5,308,4,568,5,228,2,520,4,1683514084147]
05-07 02:03:42.324 1092 1674 I am_freeze: [3970,com.android.externalstorage]
05-07 02:03:42.333 1092 1674 I am_kill : [0,3970,com.android.externalstorage,975,Unable to freeze binder interface]
05-07 02:03:42.443 1092 1674 I am_freeze: [3786,com.android.providers.calendar]
05-07 02:03:42.454 1092 1674 I am_kill : [0,3786,com.android.providers.calendar,965,Unable to freeze binder interface]
05-07 02:03:42.637 1092 1137 I am_proc_died: [0,3970,com.android.externalstorage,975,19]
05-07 02:03:42.638 1092 1137 I am_uid_stopped: 10032
05-07 02:03:42.720 1092 1137 I am_proc_died: [0,3786,com.android.providers.calendar,965,19]
05-07 02:03:42.723 1092 1137 I am_uid_stopped: 10019
05-07 02:03:43.037 5640 5640 I auditd : type=1400 audit(0.0:6139): avc: granted { execute } for comm="temporary-2" path="/data/user/0/com.tencent.android.qqdownloader/files/plugin/com.tencent.assistant.paganimation/arm64-v8a/libpag.so" dev="dm-10" ino=17697 scontext=u:r:untrusted_app_27:s0:c512,c768 tcontext=u:object_r:app_data_file:s0:c512,c768 tclass=file app=com.tencent.android.qqdownloader
05-07 02:03:43.061 5683 5683 I auditd : type=1400 audit(0.0:6140): avc: granted { execute } for comm="temporary-1" path="/data/user/0/com.tencent.android.qqdownloader/files/plugin/com.tencent.assistant.paganimation/arm64-v8a/libpag.so" dev="dm-10" ino=17697 scontext=u:r:untrusted_app_27:s0:c512,c768 tcontext=u:object_r:app_data_file:s0:c512,c768 tclass=file app=com.tencent.android.qqdownloader
05-07 02:03:44.367 1092 1893 I sync : [com.tencent.android.qqdownloader.YYBLiveAccountProvider,0,3,24220937]
05-07 02:03:44.439 1092 1893 I sync : [com.tencent.android.qqdownloader.YYBLiveAccountProvider,1,3,24220937]
05-07 02:03:44.443 1092 1893 I commit_sys_config_file: [sync-status,397727]
05-07 02:03:44.450 1092 1893 I sync : [com.tencent.android.qqdownloader.YYBLiveAccountProvider,0,3,24220937]
05-07 02:03:44.481 1092 1893 I sync : [com.tencent.android.qqdownloader.YYBLiveAccountProvider,1,3,24220937]
05-07 02:03:44.485 1092 1893 I commit_sys_config_file: [sync-status,397769]
05-07 02:03:46.453 1092 1203 I commit_sys_config_file: [jobs,11]
05-07 02:03:52.349 3003 3003 I auditd : type=1400 audit(0.0:6141): avc: granted { read } for comm=4173796E635461736B2023313831 name="arp" dev="proc" ino=4026532247 scontext=u:r:platform_app:s0:c512,c768 tcontext=u:object_r:proc_net:s0 tclass=file app=com.hht.lebocast
05-07 02:03:52.349 3003 3003 I auditd : type=1400 audit(0.0:6142): avc: granted { read open } for comm=4173796E635461736B2023313831 path="/proc/3003/net/arp" dev="proc" ino=4026532247 scontext=u:r:platform_app:s0:c512,c768 tcontext=u:object_r:proc_net:s0 tclass=file app=com.hht.lebocast
05-07 02:03:52.349 3003 3003 I auditd : type=1400 audit(0.0:6143): avc: granted { getattr } for comm=4173796E635461736B2023313831 path="/proc/3003/net/arp" dev="proc" ino=4026532247 scontext=u:r:platform_app:s0:c512,c768 tcontext=u:object_r:proc_net:s0 tclass=file app=com.hht.lebocast
05-07 02:03:52.349 3003 3003 I auditd : type=1400 audit(0.0:6144): avc: granted { getattr } for comm=4173796E635461736B2023313831 path="/proc/3003/net/arp" dev="proc" ino=4026532247 scontext=u:r:platform_app:s0:c512,c768 tcontext=u:object_r:proc_net:s0 tclass=file app=com.hht.lebocast
05-07 02:03:57.869 1092 1674 I am_freeze: [4096,com.qualcomm.qti.qms.service.trustzoneaccess]
05-07 02:03:57.878 1092 1674 I am_kill : [0,4096,com.qualcomm.qti.qms.service.trustzoneaccess,965,Unable to freeze binder interface]
05-07 02:03:58.029 1092 1674 I am_freeze: [3305,android.process.media]
05-07 02:03:58.040 1092 1674 I am_kill : [0,3305,android.process.media,965,Unable to freeze binder interface]
05-07 02:03:58.102 1092 2164 I am_proc_died: [0,4096,com.qualcomm.qti.qms.service.trustzoneaccess,965,19]
05-07 02:03:58.103 1092 2164 I am_uid_stopped: 10059
05-07 02:03:58.139 1092 1214 I am_pss : [2507,10099,android.ext.services,14827520,9179136,0,124264448,0,5,11]
05-07 02:03:58.253 1092 1137 I am_proc_died: [0,3305,android.process.media,965,19]
05-07 02:03:58.255 1092 1137 I am_uid_stopped: 10027
05-07 02:03:58.905 3003 3003 I auditd : type=1400 audit(0.0:6145): avc: granted { read } for comm=4173796E635461736B2023313832 name="arp" dev="proc" ino=4026532247 scontext=u:r:platform_app:s0:c512,c768 tcontext=u:object_r:proc_net:s0 tclass=file app=com.hht.lebocast
05-07 02:03:58.905 3003 3003 I auditd : type=1400 audit(0.0:6146): avc: granted { read open } for comm=4173796E635461736B2023313832 path="/proc/3003/net/arp" dev="proc" ino=4026532247 scontext=u:r:platform_app:s0:c512,c768 tcontext=u:object_r:proc_net:s0 tclass=file app=com.hht.lebocast
05-07 02:03:58.905 3003 3003 I auditd : type=1400 audit(0.0:6147): avc: granted { getattr } for comm=4173796E635461736B2023313832 path="/proc/3003/net/arp" dev="proc" ino=4026532247 scontext=u:r:platform_app:s0:c512,c768 tcontext=u:object_r:proc_net:s0 tclass=file app=com.hht.lebocast
05-07 02:03:58.905 3003 3003 I auditd : type=1400 audit(0.0:6148): avc: granted { getattr } for comm=4173796E635461736B2023313832 path="/proc/3003/net/arp" dev="proc" ino=4026532247 scontext=u:r:platform_app:s0:c512,c768 tcontext=u:object_r:proc_net:s0 tclass=file app=com.hht.lebocast
05-07 02:04:05.353 3003 3003 I auditd : type=1400 audit(0.0:6149): avc: granted { read } for comm=4173796E635461736B2023313833 name="arp" dev="proc" ino=4026532247 scontext=u:r:platform_app:s0:c512,c768 tcontext=u:object_r:proc_net:s0 tclass=file app=com.hht.lebocast
05-07 02:04:05.369 3003 3003 I auditd : type=1400 audit(0.0:6150): avc: granted { read open } for comm=4173796E635461736B2023313833 path="/proc/3003/net/arp" dev="proc" ino=4026532247 scontext=u:r:platform_app:s0:c512,c768 tcontext=u:object_r:proc_net:s0 tclass=file app=com.hht.lebocast
05-07 02:04:05.369 3003 3003 I auditd : type=1400 audit(0.0:6151): avc: granted { getattr } for comm=4173796E635461736B2023313833 path="/proc/3003/net/arp" dev="proc" ino=4026532247 scontext=u:r:platform_app:s0:c512,c768 tcontext=u:object_r:proc_net:s0 tclass=file app=com.hht.lebocast
05-07 02:04:05.369 3003 3003 I auditd : type=1400 audit(0.0:6152): avc: granted { getattr } for comm=4173796E635461736B2023313833 path="/proc/3003/net/arp" dev="proc" ino=4026532247 scontext=u:r:platform_app:s0:c512,c768 tcontext=u:object_r:proc_net:s0 tclass=file app=com.hht.lebocast
05-07 02:04:06.249 1092 1723 I netstats_mobile_sample: [0,0,0,0,0,0,0,0,0,0,0,0,1683514108101]
05-07 02:04:06.249 1092 1723 I netstats_wifi_sample: [308,4,568,5,308,4,568,5,228,2,520,4,1683514108101]
05-07 02:04:06.477 3003 3003 I auditd : type=1400 audit(0.0:6153): avc: granted { read } for comm=4173796E635461736B2023313834 name="arp" dev="proc" ino=4026532247 scontext=u:r:platform_app:s0:c512,c768 tcontext=u:object_r:proc_net:s0 tclass=file app=com.hht.lebocast
05-07 02:04:06.477 3003 3003 I auditd : type=1400 audit(0.0:6154): avc: granted { read open } for comm=4173796E635461736B2023313834 path="/proc/3003/net/arp" dev="proc" ino=4026532247 scontext=u:r:platform_app:s0:c512,c768 tcontext=u:object_r:proc_net:s0 tclass=file app=com.hht.lebocast
05-07 02:04:06.481 3003 3003 I auditd : type=1400 audit(0.0:6155): avc: granted { getattr } for comm=4173796E635461736B2023313834 path="/proc/3003/net/arp" dev="proc" ino=4026532247 scontext=u:r:platform_app:s0:c512,c768 tcontext=u:object_r:proc_net:s0 tclass=file app=com.hht.lebocast
05-07 02:04:06.481 3003 3003 I auditd : type=1400 audit(0.0:6156): avc: granted { getattr } for comm=4173796E635461736B2023313834 path="/proc/3003/net/arp" dev="proc" ino=4026532247 scontext=u:r:platform_app:s0:c512,c768 tcontext=u:object_r:proc_net:s0 tclass=file app=com.hht.lebocast
05-07 02:04:08.469 3003 3003 I auditd : type=1400 audit(0.0:6157): avc: granted { read } for comm=4173796E635461736B2023313835 name="arp" dev="proc" ino=4026532247 scontext=u:r:platform_app:s0:c512,c768 tcontext=u:object_r:proc_net:s0 tclass=file app=com.hht.lebocast
05-07 02:04:08.469 3003 3003 I auditd : type=1400 audit(0.0:6158): avc: granted { read open } for comm=4173796E635461736B2023313835 path="/proc/3003/net/arp" dev="proc" ino=4026532247 scontext=u:r:platform_app:s0:c512,c768 tcontext=u:object_r:proc_net:s0 tclass=file app=com.hht.lebocast
05-07 02:04:08.469 3003 3003 I auditd : type=1400 audit(0.0:6159): avc: granted { getattr } for comm=4173796E635461736B2023313835 path="/proc/3003/net/arp" dev="proc" ino=4026532247 scontext=u:r:platform_app:s0:c512,c768 tcontext=u:object_r:proc_net:s0 tclass=file app=com.hht.lebocast
05-07 02:04:08.469 3003 3003 I auditd : type=1400 audit(0.0:6160): avc: granted { getattr } for comm=4173796E635461736B2023313835 path="/proc/3003/net/arp" dev="proc" ino=4026532247 scontext=u:r:platform_app:s0:c512,c768 tcontext=u:object_r:proc_net:s0 tclass=file app=com.hht.lebocast
05-07 02:04:08.729 3003 3003 I auditd : type=1400 audit(0.0:6161): avc: granted { read } for comm=4173796E635461736B2023313836 name="arp" dev="proc" ino=4026532247 scontext=u:r:platform_app:s0:c512,c768 tcontext=u:object_r:proc_net:s0 tclass=file app=com.hht.lebocast
05-07 02:04:08.729 3003 3003 I auditd : type=1400 audit(0.0:6162): avc: granted { read open } for comm=4173796E635461736B2023313836 path="/proc/3003/net/arp" dev="proc" ino=4026532247 scontext=u:r:platform_app:s0:c512,c768 tcontext=u:object_r:proc_net:s0 tclass=file app=com.hht.lebocast
05-07 02:04:08.729 3003 3003 I auditd : type=1400 audit(0.0:6163): avc: granted { getattr } for comm=4173796E635461736B2023313836 path="/proc/3003/net/arp" dev="proc" ino=4026532247 scontext=u:r:platform_app:s0:c512,c768 tcontext=u:object_r:proc_net:s0 tclass=file app=com.hht.lebocast
05-07 02:04:11.686 1092 2832 I am_uid_running: 90000
05-07 02:04:11.923 1092 1219 I am_proc_start: [0,8055,90000,com.microsoft.emmx:sandboxed_process0:org.chromium.content.app.SandboxedProcessService0:18,,{com.microsoft.emmx/org.chromium.content.app.SandboxedProcessService0:18}]
05-07 02:04:11.988 1092 2832 I am_proc_bound: [0,8055,com.microsoft.emmx:sandboxed_process0:org.chromium.content.app.SandboxedProcessService0:18]
05-07 02:04:12.155 1092 1137 I am_kill : [0,8055,com.microsoft.emmx:sandboxed_process0:org.chromium.content.app.SandboxedProcessService0:18,0,isolated not needed]
05-07 02:04:12.129 8055 8055 I auditd : type=1400 audit(0.0:6165): avc: denied { setattr } for comm="ThreadPoolForeg" name="deny_domains.list" dev="dm-10" ino=17742 scontext=u:r:isolated_app:s0:c512,c768 tcontext=u:object_r:privapp_data_file:s0:c512,c768 tclass=file permissive=1
05-07 02:04:12.217 3003 3003 I auditd : type=1400 audit(0.0:6166): avc: granted { read } for comm=4173796E635461736B2023313837 name="arp" dev="proc" ino=4026532247 scontext=u:r:platform_app:s0:c512,c768 tcontext=u:object_r:proc_net:s0 tclass=file app=com.hht.lebocast
05-07 02:04:12.217 3003 3003 I auditd : type=1400 audit(0.0:6167): avc: granted { read open } for comm=4173796E635461736B2023313837 path="/proc/3003/net/arp" dev="proc" ino=4026532247 scontext=u:r:platform_app:s0:c512,c768 tcontext=u:object_r:proc_net:s0 tclass=file app=com.hht.lebocast
05-07 02:04:12.221 3003 3003 I auditd : type=1400 audit(0.0:6168): avc: granted { getattr } for comm=4173796E635461736B2023313837 path="/proc/3003/net/arp" dev="proc" ino=4026532247 scontext=u:r:platform_app:s0:c512,c768 tcontext=u:object_r:proc_net:s0 tclass=file app=com.hht.lebocast
05-07 02:04:12.221 3003 3003 I auditd : type=1400 audit(0.0:6169): avc: granted { getattr } for comm=4173796E635461736B2023313837 path="/proc/3003/net/arp" dev="proc" ino=4026532247 scontext=u:r:platform_app:s0:c512,c768 tcontext=u:object_r:proc_net:s0 tclass=file app=com.hht.lebocast
05-07 02:04:12.387 1092 1137 I am_proc_died: [0,8055,com.microsoft.emmx:sandboxed_process0:org.chromium.content.app.SandboxedProcessService0:18,0,10]
05-07 02:04:12.388 1092 1137 I am_uid_stopped: 90000
05-07 02:04:12.416 1092 1214 I am_pss : [1895,1002,com.android.bluetooth,29886464,25792512,0,137834496,0,0,13]
05-07 02:04:12.430 1092 1214 I am_pss : [2467,1000,com.qualcomm.qti.qdma,20770816,17760256,0,121946112,0,0,11]
05-07 02:04:12.443 1092 1214 I am_pss : [2399,1000,com.thundercomm.tcservice,11823104,9891840,0,100573184,0,0,11]
05-07 02:04:12.455 1092 1214 I am_pss : [2359,1000,com.thundercomm.remotecontrolservice,9434112,7204864,0,102158336,0,0,10]
05-07 02:04:12.468 1092 1214 I am_pss : [2332,1068,com.android.se,6059008,4243456,0,92299264,0,0,10]
05-07 02:04:12.481 1092 1214 I am_pss : [2322,10086,com.qti.qualcomm.mstatssystemservice,5449728,3739648,0,88637440,0,0,9]
05-07 02:04:12.493 1092 1214 I am_pss : [2296,1000,vendor.qti.qesdk.sysservice,5505024,3751936,0,90103808,0,0,9]
05-07 02:04:12.505 1092 1214 I am_pss : [2271,1000,com.thundercomm.tcsetupwizard,6827008,5128192,0,90042368,0,0,9]
05-07 02:04:12.517 1092 1214 I am_pss : [2244,1000,com.tc.logclient,7426048,5459968,0,97476608,0,0,10]
05-07 02:04:12.529 1092 1214 I am_pss : [2219,1000,com.thundercomm.tchttpserver,7592960,5795840,0,93696000,0,0,10]
05-07 02:04:12.542 1092 1214 I am_pss : [2191,10055,.qtidataservices,5859328,4108288,0,90628096,0,0,10]
05-07 02:04:12.555 1092 1214 I am_pss : [2158,1001,.dataservices,8297472,6467584,0,94138368,0,0,10]
05-07 02:04:12.569 1092 1214 I am_pss : [2137,1000,com.thundercomm.microsettings,19371008,12869632,0,118865920,0,0,10]
05-07 02:04:12.580 1092 1214 I am_pss : [2089,1000,com.thundercomm.microservice,8922112,7135232,0,94879744,0,0,9]
05-07 02:04:12.594 1092 1214 I am_pss : [2022,1000,com.thundercomm.gamemode,29688832,24772608,0,138575872,0,0,11]
05-07 02:04:12.610 1092 1214 I am_pss : [1980,1073,com.android.networkstack.process,22525952,20164608,0,117338112,0,0,11]
05-07 02:04:12.644 1092 1214 I am_pss : [1092,1000,system,232942592,151351296,0,546783232,0,0,28]
05-07 02:04:13.237 3003 3003 I auditd : type=1400 audit(0.0:6175): avc: granted { read } for comm=4173796E635461736B2023313839 name="arp" dev="proc" ino=4026532247 scontext=u:r:platform_app:s0:c512,c768 tcontext=u:object_r:proc_net:s0 tclass=file app=com.hht.lebocast
05-07 02:04:13.237 3003 3003 I auditd : type=1400 audit(0.0:6176): avc: granted { read open } for comm=4173796E635461736B2023313839 path="/proc/3003/net/arp" dev="proc" ino=4026532247 scontext=u:r:platform_app:s0:c512,c768 tcontext=u:object_r:proc_net:s0 tclass=file app=com.hht.lebocast
05-07 02:04:13.237 3003 3003 I auditd : type=1400 audit(0.0:6177): avc: granted { getattr } for comm=4173796E635461736B2023313839 path="/proc/3003/net/arp" dev="proc" ino=4026532247 scontext=u:r:platform_app:s0:c512,c768 tcontext=u:object_r:proc_net:s0 tclass=file app=com.hht.lebocast
05-07 02:04:13.237 3003 3003 I auditd : type=1400 audit(0.0:6178): avc: granted { getattr } for comm=4173796E635461736B2023313839 path="/proc/3003/net/arp" dev="proc" ino=4026532247 scontext=u:r:platform_app:s0:c512,c768 tcontext=u:object_r:proc_net:s0 tclass=file app=com.hht.lebocast
05-07 02:04:14.605 0 0 I auditd : type=1400 audit(0.0:6179): avc: denied { kill } for comm="swapper/0" capability=5 scontext=u:r:kernel:s0 tcontext=u:r:kernel:s0 tclass=capability permissive=1
05-07 02:04:17.385 1092 1092 I auditd : type=1400 audit(0.0:6180): avc: denied { getpgid } for comm="ActivityManager" scontext=u:r:system_server:s0 tcontext=u:r:app_zygote:s0:c512,c768 tclass=process permissive=1
05-07 02:04:18.989 3003 3003 I auditd : type=1400 audit(0.0:6181): avc: granted { read } for comm=4173796E635461736B2023313930 name="arp" dev="proc" ino=4026532247 scontext=u:r:platform_app:s0:c512,c768 tcontext=u:object_r:proc_net:s0 tclass=file app=com.hht.lebocast
05-07 02:04:18.989 3003 3003 I auditd : type=1400 audit(0.0:6182): avc: granted { read open } for comm=4173796E635461736B2023313930 path="/proc/3003/net/arp" dev="proc" ino=4026532247 scontext=u:r:platform_app:s0:c512,c768 tcontext=u:object_r:proc_net:s0 tclass=file app=com.hht.lebocast
05-07 02:04:18.989 3003 3003 I auditd : type=1400 audit(0.0:6183): avc: granted { getattr } for comm=4173796E635461736B2023313930 path="/proc/3003/net/arp" dev="proc" ino=4026532247 scontext=u:r:platform_app:s0:c512,c768 tcontext=u:object_r:proc_net:s0 tclass=file app=com.hht.lebocast
05-07 02:04:18.989 3003 3003 I auditd : type=1400 audit(0.0:6184): avc: granted { getattr } for comm=4173796E635461736B2023313930 path="/proc/3003/net/arp" dev="proc" ino=4026532247 scontext=u:r:platform_app:s0:c512,c768 tcontext=u:object_r:proc_net:s0 tclass=file app=com.hht.lebocast
05-07 02:04:19.367 1092 1893 I sync : [com.tencent.android.qqdownloader.YYBLiveAccountProvider,0,3,24220937]
05-07 02:04:19.458 1092 1893 I sync : [com.tencent.android.qqdownloader.YYBLiveAccountProvider,1,3,24220937]
05-07 02:04:19.463 1092 1893 I commit_sys_config_file: [sync-status,432747]
05-07 02:04:19.481 1092 1893 I sync : [com.tencent.android.qqdownloader.YYBLiveAccountProvider,0,3,24220937]
05-07 02:04:19.563 1092 1893 I sync : [com.tencent.android.qqdownloader.YYBLiveAccountProvider,1,3,24220937]
05-07 02:04:19.569 1092 1893 I commit_sys_config_file: [sync-status,432853]
05-07 02:04:21.475 1092 1203 I commit_sys_config_file: [jobs,14]
05-07 02:04:28.497 3003 3003 I auditd : type=1400 audit(0.0:6185): avc: granted { read } for comm=4173796E635461736B2023313931 name="arp" dev="proc" ino=4026532247 scontext=u:r:platform_app:s0:c512,c768 tcontext=u:object_r:proc_net:s0 tclass=file app=com.hht.lebocast
05-07 02:04:28.497 3003 3003 I auditd : type=1400 audit(0.0:6186): avc: granted { read open } for comm=4173796E635461736B2023313931 path="/proc/3003/net/arp" dev="proc" ino=4026532247 scontext=u:r:platform_app:s0:c512,c768 tcontext=u:object_r:proc_net:s0 tclass=file app=com.hht.lebocast
05-07 02:04:28.501 3003 3003 I auditd : type=1400 audit(0.0:6187): avc: granted { getattr } for comm=4173796E635461736B2023313931 path="/proc/3003/net/arp" dev="proc" ino=4026532247 scontext=u:r:platform_app:s0:c512,c768 tcontext=u:object_r:proc_net:s0 tclass=file app=com.hht.lebocast
05-07 02:04:28.501 3003 3003 I auditd : type=1400 audit(0.0:6188): avc: granted { getattr } for comm=4173796E635461736B2023313931 path="/proc/3003/net/arp" dev="proc" ino=4026532247 scontext=u:r:platform_app:s0:c512,c768 tcontext=u:object_r:proc_net:s0 tclass=file app=com.hht.lebocast
05-07 02:04:32.305 3003 3003 I auditd : type=1400 audit(0.0:6189): avc: granted { read } for comm=4173796E635461736B2023313932 name="arp" dev="proc" ino=4026532247 scontext=u:r:platform_app:s0:c512,c768 tcontext=u:object_r:proc_net:s0 tclass=file app=com.hht.lebocast
05-07 02:04:32.305 3003 3003 I auditd : type=1400 audit(0.0:6190): avc: granted { read open } for comm=4173796E635461736B2023313932 path="/proc/3003/net/arp" dev="proc" ino=4026532247 scontext=u:r:platform_app:s0:c512,c768 tcontext=u:object_r:proc_net:s0 tclass=file app=com.hht.lebocast
05-07 02:04:32.305 3003 3003 I auditd : type=1400 audit(0.0:6191): avc: granted { getattr } for comm=4173796E635461736B2023313932 path="/proc/3003/net/arp" dev="proc" ino=4026532247 scontext=u:r:platform_app:s0:c512,c768 tcontext=u:object_r:proc_net:s0 tclass=file app=com.hht.lebocast
05-07 02:04:32.305 3003 3003 I auditd : type=1400 audit(0.0:6192): avc: granted { getattr } for comm=4173796E635461736B2023313932 path="/proc/3003/net/arp" dev="proc" ino=4026532247 scontext=u:r:platform_app:s0:c512,c768 tcontext=u:object_r:proc_net:s0 tclass=file app=com.hht.lebocast
05-07 02:04:35.253 3003 3003 I auditd : type=1400 audit(0.0:6193): avc: granted { read } for comm=4173796E635461736B2023313933 name="arp" dev="proc" ino=4026532247 scontext=u:r:platform_app:s0:c512,c768 tcontext=u:object_r:proc_net:s0 tclass=file app=com.hht.lebocast
05-07 02:04:35.265 3003 3003 I auditd : type=1400 audit(0.0:6194): avc: granted { read open } for comm=4173796E635461736B2023313933 path="/proc/3003/net/arp" dev="proc" ino=4026532247 scontext=u:r:platform_app:s0:c512,c768 tcontext=u:object_r:proc_net:s0 tclass=file app=com.hht.lebocast
05-07 02:04:35.265 3003 3003 I auditd : type=1400 audit(0.0:6195): avc: granted { getattr } for comm=4173796E635461736B2023313933 path="/proc/3003/net/arp" dev="proc" ino=4026532247 scontext=u:r:platform_app:s0:c512,c768 tcontext=u:object_r:proc_net:s0 tclass=file app=com.hht.lebocast
05-07 02:04:35.379 1092 1691 I input_interaction: Interaction with: c6f82c2 com.thundercomm.screensaver/android.service.dreams.DreamActivity (server), edge-swipe (server), swipe-up (server), PointerEventDispatcher0 (server),
05-07 02:04:35.386 1092 1451 I wm_finish_activity: [0,154260984,19,com.thundercomm.screensaver/android.service.dreams.DreamActivity,finish-activity]
05-07 02:04:35.386 1092 1451 I wm_task_moved: [17,1,7]
05-07 02:04:35.265 3003 3003 I auditd : type=1400 audit(0.0:6196): avc: granted { getattr } for comm=4173796E635461736B2023313933 path="/proc/3003/net/arp" dev="proc" ino=4026532247 scontext=u:r:platform_app:s0:c512,c768 tcontext=u:object_r:proc_net:s0 tclass=file app=com.hht.lebocast
05-07 02:04:35.386 1092 1451 I wm_task_to_front: [0,17]
05-07 02:04:35.388 1092 1451 I wm_set_resumed_activity: [0,com.tencent.android.qqdownloader/com.tencent.assistantv2.activity.MainActivity,positionChildAt]
05-07 02:04:35.388 1092 1451 I wm_focused_root_task: [0,0,17,19,finish-top adjustFocusToNextFocusableTask]
05-07 02:04:35.388 1092 1451 I wm_set_resumed_activity: [0,com.tencent.android.qqdownloader/com.tencent.assistantv2.activity.MainActivity,finish-top]
05-07 02:04:35.391 1092 1451 I wm_pause_activity: [0,154260984,com.thundercomm.screensaver/android.service.dreams.DreamActivity,userLeaving=false,finish]
05-07 02:04:35.411 1092 1204 I sysui_multi_action: [757,803,799,window_time_0,802,247]
05-07 02:04:35.412 7438 7438 I wm_on_top_resumed_lost_called: [154260984,android.service.dreams.DreamActivity,topStateChangedWhenResumed]
05-07 02:04:35.413 5683 5683 I wm_on_top_resumed_gained_called: [79324756,com.tencent.assistantv2.activity.MainActivity,topStateChangedWhenResumed]
05-07 02:04:35.413 7438 7438 I wm_on_paused_called: [154260984,android.service.dreams.DreamActivity,performPause]
05-07 02:04:35.418 1092 1137 I wm_resume_activity: [0,76565268,8,com.android.launcher3/.uioverrides.QuickstepLauncher]
05-07 02:04:35.429 1092 1204 I sysui_multi_action: [757,803,799,window_time_2,802,0]
05-07 02:04:35.445 1092 1214 I dvm_lock_sample: [system_server,0,android.bg,10,ActivityTaskManagerService.java,1873,android.app.ActivityTaskManager$RootTaskInfo com.android.server.wm.ActivityTaskManagerService.getFocusedRootTaskInfo(),WindowManagerService.java,5336,void com.android.server.wm.WindowManagerService$H.handleMessage(android.os.Message),2]
05-07 02:04:35.446 2610 2610 I wm_on_restart_called: [76565268,com.android.launcher3.uioverrides.QuickstepLauncher,performRestartActivity]
05-07 02:04:35.447 2610 2610 I wm_on_start_called: [76565268,com.android.launcher3.uioverrides.QuickstepLauncher,handleStartActivity]
05-07 02:04:35.449 2610 2610 I wm_on_resume_called: [76565268,com.android.launcher3.uioverrides.QuickstepLauncher,RESUME_ACTIVITY]
05-07 02:04:35.451 1092 1691 I input_focus: [Focus leaving c6f82c2 com.thundercomm.screensaver/android.service.dreams.DreamActivity (server),reason=NO_WINDOW]
05-07 02:04:35.452 1092 1206 I input_focus: [Focus request 2c3c297 com.tencent.android.qqdownloader/com.tencent.assistantv2.activity.MainActivity,reason=UpdateInputWindows]
05-07 02:04:35.466 1092 1137 I am_uid_active: 10067
05-07 02:04:35.471 1092 1691 I input_focus: [Focus entering 2c3c297 com.tencent.android.qqdownloader/com.tencent.assistantv2.activity.MainActivity (server),reason=setFocusedWindow]
05-07 02:04:35.476 1092 1214 I am_pss : [3380,10025,com.baidu.input,117582848,98484224,0,271183872,0,7,17]
05-07 02:04:35.490 1092 1214 I am_pss : [3262,10079,com.qualcomm.location.XT,6438912,4603904,0,92553216,0,6,9]
05-07 02:04:35.498 1092 2832 I wm_destroy_activity: [0,154260984,19,com.thundercomm.screensaver/android.service.dreams.DreamActivity,finish-idle]
05-07 02:04:35.505 7438 7438 I wm_on_stop_called: [154260984,android.service.dreams.DreamActivity,LIFECYCLER_STOP_ACTIVITY]
05-07 02:04:35.505 7438 7438 I wm_on_destroy_called: [154260984,android.service.dreams.DreamActivity,performDestroy]
05-07 02:04:35.509 1092 1201 I sysui_multi_action: [757,222,758,2]
05-07 02:04:35.510 1092 1201 I sysui_multi_action: [757,804,799,dreaming_minutes,801,4,802,1]
05-07 02:04:35.753 1092 1206 I wm_task_removed: [19,removeChild:removeChild last r=ActivityRecord{931d5f8 u0 com.thundercomm.screensaver/android.service.dreams.DreamActivity t-1 f}} in t=Task{c69d6c5 #19 type=dream A=10047:android:com.thundercomm.screensaver/dream U=0 visible=false mode=fullscreen translucent=true sz=0}]
05-07 02:04:35.753 1092 1206 I wm_task_removed: [19,removeChild]
05-07 02:04:37.391 1092 1691 I input_interaction: Interaction with: 2c3c297 com.tencent.android.qqdownloader/com.tencent.assistantv2.activity.MainActivity (server), PointerEventDispatcher0 (server),
05-07 02:04:38.937 3003 3003 I auditd : type=1400 audit(0.0:6197): avc: granted { read } for comm=4173796E635461736B2023313934 name="arp" dev="proc" ino=4026532247 scontext=u:r:platform_app:s0:c512,c768 tcontext=u:object_r:proc_net:s0 tclass=file app=com.hht.lebocast
05-07 02:04:38.937 3003 3003 I auditd : type=1400 audit(0.0:6198): avc: granted { read open } for comm=4173796E635461736B2023313934 path="/proc/3003/net/arp" dev="proc" ino=4026532247 scontext=u:r:platform_app:s0:c512,c768 tcontext=u:object_r:proc_net:s0 tclass=file app=com.hht.lebocast
05-07 02:04:38.941 3003 3003 I auditd : type=1400 audit(0.0:6199): avc: granted { getattr } for comm=4173796E635461736B2023313934 path="/proc/3003/net/arp" dev="proc" ino=4026532247 scontext=u:r:platform_app:s0:c512,c768 tcontext=u:object_r:proc_net:s0 tclass=file app=com.hht.lebocast
05-07 02:04:38.941 3003 3003 I auditd : type=1400 audit(0.0:6200): avc: granted { getattr } for comm=4173796E635461736B2023313934 path="/proc/3003/net/arp" dev="proc" ino=4026532247 scontext=u:r:platform_app:s0:c512,c768 tcontext=u:object_r:proc_net:s0 tclass=file app=com.hht.lebocast
05-07 02:04:39.777 1092 1691 I input_interaction: Interaction with: 2c3c297 com.tencent.android.qqdownloader/com.tencent.assistantv2.activity.MainActivity (server), edge-swipe (server), swipe-up (server), PointerEventDispatcher0 (server),
05-07 02:04:39.761 3003 3003 I auditd : type=1400 audit(0.0:6201): avc: granted { read } for comm=4173796E635461736B2023313935 name="arp" dev="proc" ino=4026532247 scontext=u:r:platform_app:s0:c512,c768 tcontext=u:object_r:proc_net:s0 tclass=file app=com.hht.lebocast
05-07 02:04:39.761 3003 3003 I auditd : type=1400 audit(0.0:6202): avc: granted { read open } for comm=4173796E635461736B2023313935 path="/proc/3003/net/arp" dev="proc" ino=4026532247 scontext=u:r:platform_app:s0:c512,c768 tcontext=u:object_r:proc_net:s0 tclass=file app=com.hht.lebocast
05-07 02:04:39.765 3003 3003 I auditd : type=1400 audit(0.0:6203): avc: granted { getattr } for comm=4173796E635461736B2023313935 path="/proc/3003/net/arp" dev="proc" ino=4026532247 scontext=u:r:platform_app:s0:c512,c768 tcontext=u:object_r:proc_net:s0 tclass=file app=com.hht.lebocast
05-07 02:04:39.765 3003 3003 I auditd : type=1400 audit(0.0:6204): avc: granted { getattr } for comm=4173796E635461736B2023313935 path="/proc/3003/net/arp" dev="proc" ino=4026532247 scontext=u:r:platform_app:s0:c512,c768 tcontext=u:object_r:proc_net:s0 tclass=file app=com.hht.lebocast
05-07 02:04:40.609 3380 3380 I auditd : type=1400 audit(0.0:6205): avc: denied { open } for comm="pool-27-thread-" path="/proc/3380/net/dev" dev="proc" ino=4026532156 scontext=u:r:priv_app:s0:c512,c768 tcontext=u:object_r:proc_net:s0 tclass=file permissive=1 app=com.baidu.input
05-07 02:04:40.613 3380 3380 I auditd : type=1400 audit(0.0:6206): avc: denied { getattr } for comm="pool-27-thread-" path="/proc/3380/net/dev" dev="proc" ino=4026532156 scontext=u:r:priv_app:s0:c512,c768 tcontext=u:object_r:proc_net:s0 tclass=file permissive=1 app=com.baidu.input
05-07 02:04:41.305 1092 1206 I input_focus: [Focus request da281ca com.tencent.android.qqdownloader/com.tencent.assistantv2.activity.MainActivity,reason=UpdateInputWindows]
05-07 02:04:41.319 1092 1092 I notification_enqueue: [10100,5640,com.tencent.android.qqdownloader,127,NULL,0,Notification(channel=channel_id_default_silent shortcut=null contentView=com.tencent.android.qqdownloader/0x7f0a01c2 vibrate=null sound=null defaults=0x0 flags=0x2a2 color=0x00000000 groupKey=com.tencent.android.qqdownloader vis=PRIVATE),1]
05-07 02:04:41.329 1092 1691 I input_focus: [Focus leaving 2c3c297 com.tencent.android.qqdownloader/com.tencent.assistantv2.activity.MainActivity (server),reason=setFocusedWindow]
05-07 02:04:41.330 1092 1691 I input_focus: [Focus entering da281ca com.tencent.android.qqdownloader/com.tencent.assistantv2.activity.MainActivity (server),reason=setFocusedWindow]
05-07 02:04:41.605 0 0 I auditd : type=1400 audit(0.0:6207): avc: denied { kill } for comm="swapper/1" capability=5 scontext=u:r:kernel:s0 tcontext=u:r:kernel:s0 tclass=capability permissive=1
05-07 02:04:41.837 1092 1723 I netstats_mobile_sample: [0,0,0,0,0,0,0,0,0,0,0,0,1683514143689]
05-07 02:04:41.837 1092 1723 I netstats_wifi_sample: [308,4,568,5,308,4,568,5,228,2,520,4,1683514143689]
05-07 02:04:42.806 1092 1691 I input_interaction: Interaction with: da281ca com.tencent.android.qqdownloader/com.tencent.assistantv2.activity.MainActivity (server), edge-swipe (server), swipe-up (server), PointerEventDispatcher0 (server),
05-07 02:04:43.040 1092 1206 I input_focus: [Focus request 2c3c297 com.tencent.android.qqdownloader/com.tencent.assistantv2.activity.MainActivity,reason=UpdateInputWindows]
05-07 02:04:43.075 1092 1691 I input_focus: [Focus entering 2c3c297 com.tencent.android.qqdownloader/com.tencent.assistantv2.activity.MainActivity (server),reason=setFocusedWindow]
05-07 02:04:45.393 1092 1691 I input_interaction: Interaction with: 2c3c297 com.tencent.android.qqdownloader/com.tencent.assistantv2.activity.MainActivity (server), PointerEventDispatcher0 (server),
05-07 02:04:46.704 1092 1691 I input_interaction: Interaction with: 2c3c297 com.tencent.android.qqdownloader/com.tencent.assistantv2.activity.MainActivity (server), edge-swipe (server), swipe-up (server), PointerEventDispatcher0 (server),
05-07 02:04:46.881 1092 2832 I wm_task_moved: [17,1,7]
05-07 02:04:46.881 1092 2832 I wm_set_resumed_activity: [0,com.tencent.android.qqdownloader/com.tencent.assistantv2.activity.MainActivity,positionChildAt]
05-07 02:04:46.881 1092 2832 I wm_create_activity: [0,85185484,17,com.tencent.android.qqdownloader/com.tencent.nucleus.search.SearchActivity,NULL,NULL,NULL,0]
05-07 02:04:46.882 1092 2832 I wm_pause_activity: [0,79324756,com.tencent.android.qqdownloader/com.tencent.assistantv2.activity.MainActivity,userLeaving=true,resumeTopActivityInnerLocked]
05-07 02:04:46.887 5683 5683 I wm_on_top_resumed_lost_called: [79324756,com.tencent.assistantv2.activity.MainActivity,topStateChangedWhenResumed]
05-07 02:04:46.894 5683 5683 I wm_on_paused_called: [79324756,com.tencent.assistantv2.activity.MainActivity,performPause]
05-07 02:04:46.899 1092 4750 I wm_restart_activity: [0,85185484,17,com.tencent.android.qqdownloader/com.tencent.nucleus.search.SearchActivity]
05-07 02:04:46.902 1092 4750 I wm_set_resumed_activity: [0,com.tencent.android.qqdownloader/com.tencent.nucleus.search.SearchActivity,minimalResumeActivityLocked]
05-07 02:04:46.905 1092 1204 I sysui_multi_action: [757,803,799,window_time_2,802,12]
05-07 02:04:46.946 5683 5683 I wm_on_create_called: [85185484,com.tencent.nucleus.search.SearchActivity,performCreate]
05-07 02:04:46.947 5683 5683 I wm_on_start_called: [85185484,com.tencent.nucleus.search.SearchActivity,handleStartActivity]
05-07 02:04:46.950 5683 5683 I wm_on_resume_called: [85185484,com.tencent.nucleus.search.SearchActivity,RESUME_ACTIVITY]
05-07 02:04:46.956 5683 5683 I wm_on_top_resumed_gained_called: [85185484,com.tencent.nucleus.search.SearchActivity,topStateChangedWhenResumed]
05-07 02:04:46.963 1092 1206 I input_focus: [Focus request 2f7a9f7 com.tencent.android.qqdownloader/com.tencent.nucleus.search.SearchActivity,reason=UpdateInputWindows]
05-07 02:04:46.978 1092 1201 I wm_activity_launch_time: [0,85185484,com.tencent.android.qqdownloader/com.tencent.nucleus.search.SearchActivity,106]
05-07 02:04:46.997 1092 1691 I input_focus: [Focus leaving 2c3c297 com.tencent.android.qqdownloader/com.tencent.assistantv2.activity.MainActivity (server),reason=NOT_FOCUSABLE]
05-07 02:04:46.997 1092 1691 I input_focus: [Focus entering 2f7a9f7 com.tencent.android.qqdownloader/com.tencent.nucleus.search.SearchActivity (server),reason=setFocusedWindow]
05-07 02:04:47.081 1092 1691 I input_interaction: Interaction with: 2f7a9f7 com.tencent.android.qqdownloader/com.tencent.nucleus.search.SearchActivity (server), edge-swipe (server), swipe-up (server), PointerEventDispatcher0 (server),
05-07 02:04:47.467 1092 1206 I input_focus: [Focus request 3b944a6 com.tencent.android.qqdownloader/com.tencent.nucleus.search.SearchActivity,reason=UpdateInputWindows]
05-07 02:04:47.492 1092 1691 I input_focus: [Focus leaving 2f7a9f7 com.tencent.android.qqdownloader/com.tencent.nucleus.search.SearchActivity (server),reason=setFocusedWindow]
05-07 02:04:47.492 1092 1691 I input_focus: [Focus entering 3b944a6 com.tencent.android.qqdownloader/com.tencent.nucleus.search.SearchActivity (server),reason=setFocusedWindow]
05-07 02:04:47.738 1092 1214 I am_pss : [3290,10098,com.android.providers.media.module,22204416,19173376,0,125390848,0,0,12]
05-07 02:04:47.751 1092 1214 I am_pss : [2860,10077,com.qualcomm.location,10366976,7946240,0,102871040,0,0,11]
05-07 02:04:47.782 1092 1214 I am_pss : [1916,10085,com.android.systemui,227619840,211738624,0,384983040,0,0,21]
05-07 02:04:48.461 3003 3003 I auditd : type=1400 audit(0.0:6208): avc: granted { read } for comm=4173796E635461736B2023313936 name="arp" dev="proc" ino=4026532247 scontext=u:r:platform_app:s0:c512,c768 tcontext=u:object_r:proc_net:s0 tclass=file app=com.hht.lebocast
05-07 02:04:48.461 3003 3003 I auditd : type=1400 audit(0.0:6209): avc: granted { read open } for comm=4173796E635461736B2023313936 path="/proc/3003/net/arp" dev="proc" ino=4026532247 scontext=u:r:platform_app:s0:c512,c768 tcontext=u:object_r:proc_net:s0 tclass=file app=com.hht.lebocast
05-07 02:04:48.461 3003 3003 I auditd : type=1400 audit(0.0:6210): avc: granted { getattr } for comm=4173796E635461736B2023313936 path="/proc/3003/net/arp" dev="proc" ino=4026532247 scontext=u:r:platform_app:s0:c512,c768 tcontext=u:object_r:proc_net:s0 tclass=file app=com.hht.lebocast
05-07 02:04:48.461 3003 3003 I auditd : type=1400 audit(0.0:6211): avc: granted { getattr } for comm=4173796E635461736B2023313936 path="/proc/3003/net/arp" dev="proc" ino=4026532247 scontext=u:r:platform_app:s0:c512,c768 tcontext=u:object_r:proc_net:s0 tclass=file app=com.hht.lebocast
05-07 02:04:48.830 1092 1691 I input_interaction: Interaction with: 3b944a6 com.tencent.android.qqdownloader/com.tencent.nucleus.search.SearchActivity (server), edge-swipe (server), swipe-up (server), PointerEventDispatcher0 (server),
05-07 02:04:49.029 1092 1206 I input_focus: [Focus request 2f7a9f7 com.tencent.android.qqdownloader/com.tencent.nucleus.search.SearchActivity,reason=UpdateInputWindows]
05-07 02:04:49.060 1092 1691 I input_focus: [Focus entering 2f7a9f7 com.tencent.android.qqdownloader/com.tencent.nucleus.search.SearchActivity (server),reason=setFocusedWindow]
05-07 02:04:52.196 1092 1691 I input_interaction: Interaction with: e8a9b18 PopupWindow:1819385 (server), edge-swipe (server), swipe-up (server), PointerEventDispatcher0 (server),
05-07 02:04:52.353 3003 3003 I auditd : type=1400 audit(0.0:6212): avc: granted { read } for comm=4173796E635461736B2023313937 dev="proc" ino=4026532247 scontext=u:r:platform_app:s0:c512,c768 tcontext=u:object_r:proc_net:s0 tclass=file app=com.hht.lebocast
05-07 02:04:52.353 3003 3003 I auditd : type=1400 audit(0.0:6213): avc: granted { read } for comm=4173796E635461736B2023313938 name="arp" dev="proc" ino=4026532247 scontext=u:r:platform_app:s0:c512,c768 tcontext=u:object_r:proc_net:s0 tclass=file app=com.hht.lebocast
05-07 02:04:52.353 3003 3003 I auditd : type=1400 audit(0.0:6214): avc: granted { read open } for comm=4173796E635461736B2023313938 path="/proc/3003/net/arp" dev="proc" ino=4026532247 scontext=u:r:platform_app:s0:c512,c768 tcontext=u:object_r:proc_net:s0 tclass=file app=com.hht.lebocast
05-07 02:04:52.353 3003 3003 I auditd : type=1400 audit(0.0:6215): avc: granted { read open } for comm=4173796E635461736B2023313937 path=2F70726F632F333030332F6E65742F617270202864656C6574656429 dev="proc" ino=4026532247 scontext=u:r:platform_app:s0:c512,c768 tcontext=u:object_r:proc_net:s0 tclass=file app=com.hht.lebocast
05-07 02:04:52.357 3003 3003 I auditd : type=1400 audit(0.0:6216): avc: granted { getattr } for comm=4173796E635461736B2023313937 path=2F70726F632F333030332F6E65742F617270202864656C6574656429 dev="proc" ino=4026532247 scontext=u:r:platform_app:s0:c512,c768 tcontext=u:object_r:proc_net:s0 tclass=file app=com.hht.lebocast
05-07 02:04:52.357 3003 3003 I auditd : type=1400 audit(0.0:6217): avc: granted { getattr } for comm=4173796E635461736B2023313937 path=2F70726F632F333030332F6E65742F617270202864656C6574656429 dev="proc" ino=4026532247 scontext=u:r:platform_app:s0:c512,c768 tcontext=u:object_r:proc_net:s0 tclass=file app=com.hht.lebocast
05-07 02:04:52.361 3003 3003 I auditd : type=1400 audit(0.0:6218): avc: granted { getattr } for comm=4173796E635461736B2023313938 path="/proc/3003/net/arp" dev="proc" ino=4026532247 scontext=u:r:platform_app:s0:c512,c768 tcontext=u:object_r:proc_net:s0 tclass=file app=com.hht.lebocast
05-07 02:04:52.361 3003 3003 I auditd : type=1400 audit(0.0:6219): avc: granted { getattr } for comm=4173796E635461736B2023313938 path="/proc/3003/net/arp" dev="proc" ino=4026532247 scontext=u:r:platform_app:s0:c512,c768 tcontext=u:object_r:proc_net:s0 tclass=file app=com.hht.lebocast
05-07 02:04:54.369 1092 1893 I sync : [com.tencent.android.qqdownloader.YYBLiveAccountProvider,0,3,24220937]
05-07 02:04:54.424 1092 1893 I sync : [com.tencent.android.qqdownloader.YYBLiveAccountProvider,1,3,24220937]
05-07 02:04:54.431 1092 1893 I commit_sys_config_file: [sync-status,467715]
05-07 02:04:54.455 1092 1893 I sync : [com.tencent.android.qqdownloader.YYBLiveAccountProvider,0,3,24220937]
05-07 02:04:54.534 1092 1893 I sync : [com.tencent.android.qqdownloader.YYBLiveAccountProvider,1,3,24220937]
05-07 02:04:54.542 1092 1893 I commit_sys_config_file: [sync-status,467826]
05-07 02:04:54.844 1092 1092 I service_manager_slow: [15,phone]
05-07 02:04:56.245 3003 3003 I auditd : type=1400 audit(0.0:6220): avc: granted { read } for comm=4173796E635461736B2023313939 name="arp" dev="proc" ino=4026532247 scontext=u:r:platform_app:s0:c512,c768 tcontext=u:object_r:proc_net:s0 tclass=file app=com.hht.lebocast
05-07 02:04:56.245 3003 3003 I auditd : type=1400 audit(0.0:6221): avc: granted { read open } for comm=4173796E635461736B2023313939 path="/proc/3003/net/arp" dev="proc" ino=4026532247 scontext=u:r:platform_app:s0:c512,c768 tcontext=u:object_r:proc_net:s0 tclass=file app=com.hht.lebocast
05-07 02:04:56.245 3003 3003 I auditd : type=1400 audit(0.0:6222): avc: granted { getattr } for comm=4173796E635461736B2023313939 path="/proc/3003/net/arp" dev="proc" ino=4026532247 scontext=u:r:platform_app:s0:c512,c768 tcontext=u:object_r:proc_net:s0 tclass=file app=com.hht.lebocast
05-07 02:04:56.245 3003 3003 I auditd : type=1400 audit(0.0:6223): avc: granted { getattr } for comm=4173796E635461736B2023313939 path="/proc/3003/net/arp" dev="proc" ino=4026532247 scontext=u:r:platform_app:s0:c512,c768 tcontext=u:object_r:proc_net:s0 tclass=file app=com.hht.lebocast
05-07 02:04:56.429 1092 1203 I commit_sys_config_file: [jobs,6]
05-07 02:04:57.169 1092 1723 I netstats_mobile_sample: [0,0,0,0,0,0,0,0,0,0,0,0,1683514159020]
05-07 02:04:57.170 1092 1723 I netstats_wifi_sample: [308,4,568,5,308,4,568,5,228,2,520,4,1683514159020]
05-07 02:04:58.909 3003 3003 I auditd : type=1400 audit(0.0:6224): avc: granted { read } for comm=4173796E635461736B2023323030 name="arp" dev="proc" ino=4026532247 scontext=u:r:platform_app:s0:c512,c768 tcontext=u:object_r:proc_net:s0 tclass=file app=com.hht.lebocast
05-07 02:04:58.909 3003 3003 I auditd : type=1400 audit(0.0:6225): avc: granted { read open } for comm=4173796E635461736B2023323030 path="/proc/3003/net/arp" dev="proc" ino=4026532247 scontext=u:r:platform_app:s0:c512,c768 tcontext=u:object_r:proc_net:s0 tclass=file app=com.hht.lebocast
05-07 02:04:58.909 3003 3003 I auditd : type=1400 audit(0.0:6226): avc: granted { getattr } for comm=4173796E635461736B2023323030 path="/proc/3003/net/arp" dev="proc" ino=4026532247 scontext=u:r:platform_app:s0:c512,c768 tcontext=u:object_r:proc_net:s0 tclass=file app=com.hht.lebocast
05-07 02:04:58.909 3003 3003 I auditd : type=1400 audit(0.0:6227): avc: granted { getattr } for comm=4173796E635461736B2023323030 path="/proc/3003/net/arp" dev="proc" ino=4026532247 scontext=u:r:platform_app:s0:c512,c768 tcontext=u:object_r:proc_net:s0 tclass=file app=com.hht.lebocast
05-07 02:04:59.605 0 0 I auditd : type=1400 audit(0.0:6228): avc: denied { kill } for comm="swapper/2" capability=5 scontext=u:r:kernel:s0 tcontext=u:r:kernel:s0 tclass=capability permissive=1
05-07 02:05:01.162 1092 1691 I input_interaction: Interaction with: 2f7a9f7 com.tencent.android.qqdownloader/com.tencent.nucleus.search.SearchActivity (server), edge-swipe (server), swipe-up (server), PointerEventDispatcher0 (server),
05-07 02:05:01.777 3003 3003 I auditd : type=1400 audit(0.0:6229): avc: granted { read } for comm=4173796E635461736B2023323031 name="arp" dev="proc" ino=4026532247 scontext=u:r:platform_app:s0:c512,c768 tcontext=u:object_r:proc_net:s0 tclass=file app=com.hht.lebocast
05-07 02:05:01.777 3003 3003 I auditd : type=1400 audit(0.0:6230): avc: granted { read open } for comm=4173796E635461736B2023323031 path="/proc/3003/net/arp" dev="proc" ino=4026532247 scontext=u:r:platform_app:s0:c512,c768 tcontext=u:object_r:proc_net:s0 tclass=file app=com.hht.lebocast
05-07 02:05:01.777 3003 3003 I auditd : type=1400 audit(0.0:6231): avc: granted { getattr } for comm=4173796E635461736B2023323031 path="/proc/3003/net/arp" dev="proc" ino=4026532247 scontext=u:r:platform_app:s0:c512,c768 tcontext=u:object_r:proc_net:s0 tclass=file app=com.hht.lebocast
05-07 02:05:01.777 3003 3003 I auditd : type=1400 audit(0.0:6232): avc: granted { getattr } for comm=4173796E635461736B2023323031 path="/proc/3003/net/arp" dev="proc" ino=4026532247 scontext=u:r:platform_app:s0:c512,c768 tcontext=u:object_r:proc_net:s0 tclass=file app=com.hht.lebocast
05-07 02:05:02.185 3003 3003 I auditd : type=1400 audit(0.0:6233): avc: granted { read } for comm=4173796E635461736B2023323032 name="arp" dev="proc" ino=4026532247 scontext=u:r:platform_app:s0:c512,c768 tcontext=u:object_r:proc_net:s0 tclass=file app=com.hht.lebocast
05-07 02:05:02.185 3003 3003 I auditd : type=1400 audit(0.0:6234): avc: granted { read open } for comm=4173796E635461736B2023323032 path="/proc/3003/net/arp" dev="proc" ino=4026532247 scontext=u:r:platform_app:s0:c512,c768 tcontext=u:object_r:proc_net:s0 tclass=file app=com.hht.lebocast
