05-07 02:10:56.387 8607 8607 W System.err: at com.taptap.other.basic.impl.ui.HomeBottomBar.onClick(HomeBottomBar.java:364)
05-07 02:10:56.387 8607 8607 W System.err: at android.view.View.performClick(View.java:7441)
05-07 02:10:56.387 8607 8607 W System.err: at android.view.View.performClickInternal(View.java:7418)
05-07 02:10:56.387 8607 8607 W System.err: at android.view.View.access$3700(View.java:835)
05-07 02:10:56.388 8607 8607 W System.err: at android.view.View$PerformClick.run(View.java:28681)
05-07 02:10:56.388 8607 8607 W System.err: at android.os.Handler.handleCallback(Handler.java:938)
05-07 02:10:56.388 8607 8607 W System.err: at android.os.Handler.dispatchMessage(Handler.java:99)
05-07 02:10:56.388 8607 8607 W System.err: at android.os.Looper.loopOnce(Looper.java:201)
05-07 02:10:56.388 8607 8607 W System.err: at android.os.Looper.loop(Looper.java:288)
05-07 02:10:56.388 8607 8607 W System.err: at android.app.ActivityThread.main(ActivityThread.java:7880)
05-07 02:10:56.388 8607 8607 W System.err: at java.lang.reflect.Method.invoke(Native Method)
05-07 02:10:56.388 8607 8607 W System.err: at com.android.internal.os.RuntimeInit$MethodAndArgsCaller.run(RuntimeInit.java:548)
05-07 02:10:56.388 8607 8607 W System.err: at com.android.internal.os.ZygoteInit.main(ZygoteInit.java:1009)
05-07 02:10:56.389 8607 8607 W System.err: java.lang.IllegalStateException: View com.taptap.other.basic.impl.ui.home.bottombar.HomeBottomItemView{6e16801 VFE...C.. ...P.... 87,0-174,81} does not have a Fragment set
05-07 02:10:56.389 8607 8607 W System.err: at androidx.fragment.app.FragmentManager.findFragment(FragmentManager.java:795)
05-07 02:10:56.389 8607 8607 W System.err: at com.taptap.infra.log.common.log.extension.NavLogExtensionsKt.findCurFragment(NavLogExtensions.kt:17)
05-07 02:10:56.389 8607 8607 W System.err: at com.taptap.other.basic.impl.application.log.TapLogCallbackImpl.setTopPagerCtx(TapLogCallbackImpl.kt:186)
05-07 02:10:56.389 8607 8607 W System.err: at com.taptap.infra.log.common.track.thread.TrackModelRCtxInterceptor.saveRCtx2TopPager(TrackModelRCtxInterceptor.kt:97)
05-07 02:10:56.389 8607 8607 W System.err: at com.taptap.infra.log.common.track.thread.TrackModelRCtxInterceptor.access$saveRCtx2TopPager(TrackModelRCtxInterceptor.kt:21)
05-07 02:10:56.390 8607 8607 W System.err: at com.taptap.infra.log.common.track.thread.TrackModelRCtxInterceptor$invoke$1.invoke(TrackModelRCtxInterceptor.kt:36)
05-07 02:10:56.390 8607 8607 W System.err: at com.taptap.infra.log.common.track.thread.TrackModelRCtxInterceptor$invoke$1.invoke(TrackModelRCtxInterceptor.kt:27)
05-07 02:10:56.390 8607 8607 W System.err: at com.taptap.infra.log.track.common.interceptor.KChainCreatorKt$createChain$1.process(KChainCreator.kt:21)
05-07 02:10:56.390 8607 8607 W System.err: at com.taptap.infra.log.common.track.retrofit.legacy.ClickHelper.storeTrackParams2Pager(ClickHelper.kt:20)
05-07 02:10:56.390 8607 8607 W System.err: at com.taptap.infra.log.common.track.retrofit.aspectj.ClickAspect.clickEvent(ClickAspect.kt:25)
05-07 02:10:56.390 8607 8607 W System.err: at com.taptap.other.basic.impl.ui.HomeBottomBar.onClick(HomeBottomBar.java:364)
05-07 02:10:56.390 8607 8607 W System.err: at android.view.View.performClick(View.java:7441)
05-07 02:10:56.390 8607 8607 W System.err: at android.view.View.performClickInternal(View.java:7418)
05-07 02:10:56.391 8607 8607 W System.err: at android.view.View.access$3700(View.java:835)
05-07 02:10:56.391 8607 8607 W System.err: at android.view.View$PerformClick.run(View.java:28681)
05-07 02:10:56.391 8607 8607 W System.err: at android.os.Handler.handleCallback(Handler.java:938)
05-07 02:10:56.391 8607 8607 W System.err: at android.os.Handler.dispatchMessage(Handler.java:99)
05-07 02:10:56.391 8607 8607 W System.err: at android.os.Looper.loopOnce(Looper.java:201)
05-07 02:10:56.391 8607 8607 W System.err: at android.os.Looper.loop(Looper.java:288)
05-07 02:10:56.391 8607 8607 W System.err: at android.app.ActivityThread.main(ActivityThread.java:7880)
05-07 02:10:56.392 8607 8607 W System.err: at java.lang.reflect.Method.invoke(Native Method)
05-07 02:10:56.392 8607 8607 W System.err: at com.android.internal.os.RuntimeInit$MethodAndArgsCaller.run(RuntimeInit.java:548)
05-07 02:10:56.392 8607 8607 W System.err: at com.android.internal.os.ZygoteInit.main(ZygoteInit.java:1009)
05-07 02:10:56.394 8607 9013 W System.err: java.lang.IllegalStateException: View com.taptap.other.basic.impl.ui.home.bottombar.HomeBottomItemView{6e16801 VFE...C.. ...P.... 87,0-174,81} does not have a Fragment set
05-07 02:10:56.394 8607 9013 W System.err: at androidx.fragment.app.FragmentManager.findFragment(FragmentManager.java:795)
05-07 02:10:56.394 8607 9013 W System.err: at com.taptap.infra.log.common.log.extension.NavLogExtensionsKt.findCurFragment(NavLogExtensions.kt:17)
05-07 02:10:56.394 8607 9013 W System.err: at com.taptap.infra.log.common.logs.TapLogsHelper$Companion.generateLogs(TapLogsHelper.kt:473)
05-07 02:10:56.394 8607 9013 W System.err: at com.taptap.infra.log.common.logs.TapLogsHelper$Companion$click$1.invokeSuspend(TapLogsHelper.kt:216)
05-07 02:10:56.394 8607 9013 W System.err: at kotlin.coroutines.jvm.internal.BaseContinuationImpl.resumeWith(ContinuationImpl.kt:33)
05-07 02:10:56.394 8607 9013 W System.err: at kotlinx.coroutines.DispatchedTask.run(DispatchedTask.kt:106)
05-07 02:10:56.394 8607 9013 W System.err: at java.util.concurrent.Executors$RunnableAdapter.call(Executors.java:462)
05-07 02:10:56.394 8607 9013 W System.err: at java.util.concurrent.FutureTask.run(FutureTask.java:266)
05-07 02:10:56.395 8607 9013 W System.err: at java.util.concurrent.ScheduledThreadPoolExecutor$ScheduledFutureTask.run(ScheduledThreadPoolExecutor.java:301)
05-07 02:10:56.395 8607 9013 W System.err: at java.util.concurrent.ThreadPoolExecutor.runWorker(ThreadPoolExecutor.java:1167)
05-07 02:10:56.395 8607 9013 W System.err: at java.util.concurrent.ThreadPoolExecutor$Worker.run(ThreadPoolExecutor.java:641)
05-07 02:10:56.395 8607 9013 W System.err: at java.lang.Thread.run(Thread.java:920)
05-07 02:10:56.416 1377 9527 I OMX-VENC: venc_dev: stats: avg. fps 2.07, bitrate 3802
05-07 02:10:56.430 669 676 I mpu_uart: [MSG-P:RECV]:No message received in 1000 ms
01-01 08:18:40.005 0 0 E : [MAX975X:max96755g_write_bytes] *ERROR* i2c master send 0x80 err
01-01 08:18:40.107 0 0 E i2c_geni 980000.i2c: i2c error :-107
01-01 08:18:40.119 0 0 E : [MAX975X:max96755x_vc1_lcd_dtc_check] *ERROR* Failed to read dev:0x15 addr:0x80
01-01 08:18:40.128 0 0 E i2c_geni 980000.i2c: i2c error :-107
01-01 08:18:40.133 0 0 E : [MAX975X:max96755g_write_bytes] *ERROR* i2c master send 0x80 err
01-01 08:18:40.235 0 0 E i2c_geni 980000.i2c: i2c error :-107
01-01 08:18:40.247 0 0 E : [MAX975X:max96755x_vc1_lcd_dtc_check] *ERROR* Failed to read dev:0x15 addr:0x80
01-01 08:18:40.256 0 0 E i2c_geni 980000.i2c: i2c error :-107
01-01 08:18:40.261 0 0 E : [MAX975X:max96755g_write_bytes] *ERROR* i2c master send 0x80 err
01-01 08:18:40.363 0 0 E i2c_geni 980000.i2c: i2c error :-107
01-01 08:18:40.376 0 0 E : [MAX975X:max96755x_vc1_lcd_dtc_check] *ERROR* Failed to read dev:0x15 addr:0x80
01-01 08:18:40.385 0 0 E i2c_geni 980000.i2c: i2c error :-107
01-01 08:18:40.389 0 0 E : [MAX975X:max96755g_write_bytes] *ERROR* i2c master send 0x80 err
01-01 08:18:40.492 0 0 E i2c_geni 980000.i2c: i2c error :-107
01-01 08:18:40.504 0 0 E : [MAX975X:max96755x_vc1_lcd_dtc_check] *ERROR* Failed to read dev:0x15 addr:0x80
01-01 08:18:40.513 0 0 E i2c_geni 980000.i2c: i2c error :-107
01-01 08:18:40.518 0 0 E : [MAX975X:max96755g_write_bytes] *ERROR* i2c master send 0x80 err
01-01 08:18:40.619 0 0 E i2c_geni 980000.i2c: i2c error :-107
01-01 08:18:40.631 0 0 E : [MAX975X:max96755x_vc1_lcd_dtc_check] *ERROR* Failed to read dev:0x15 addr:0x80
01-01 08:18:40.640 0 0 E i2c_geni 980000.i2c: i2c error :-107
01-01 08:18:40.645 0 0 E : [MAX975X:max96755g_write_bytes] *ERROR* i2c master send 0x80 err
01-01 08:18:40.749 0 0 E i2c_geni 980000.i2c: i2c error :-107
01-01 08:18:40.761 0 0 E : [MAX975X:max96755x_vc1_lcd_dtc_check] *ERROR* Failed to read dev:0x15 addr:0x80
01-01 08:18:40.770 0 0 E i2c_geni 980000.i2c: i2c error :-107
01-01 08:18:40.775 0 0 E : [MAX975X:max96755g_write_bytes] *ERROR* i2c master send 0x80 err
01-01 08:18:40.876 0 0 E i2c_geni 980000.i2c: i2c error :-107
01-01 08:18:40.888 0 0 E : [MAX975X:max96755x_vc1_lcd_dtc_check] *ERROR* Failed to read dev:0x15 addr:0x80
01-01 08:18:40.897 0 0 E i2c_geni 980000.i2c: i2c error :-107
01-01 08:18:40.902 0 0 E : [MAX975X:max96755g_write_bytes] *ERROR* i2c master send 0x80 err
01-01 08:18:41.003 0 0 E i2c_geni 980000.i2c: i2c error :-107
01-01 08:18:41.015 0 0 E : [MAX975X:max96755x_vc1_lcd_dtc_check] *ERROR* Failed to read dev:0x15 addr:0x80
01-01 08:18:41.024 0 0 E i2c_geni 980000.i2c: i2c error :-107
05-07 02:10:57.422 1377 9527 I OMX-VENC: venc_dev: stats: avg. fps 53.66, bitrate 190793
05-07 02:10:57.431 669 676 I mpu_uart: [MSG-P:RECV]:No message received in 1000 ms
01-01 08:18:41.029 0 0 E : [MAX975X:max96755g_write_bytes] *ERROR* i2c master send 0x80 err
01-01 08:18:41.132 0 0 E i2c_geni 980000.i2c: i2c error :-107
01-01 08:18:41.144 0 0 E : [MAX975X:max96755x_vc1_lcd_dtc_check] *ERROR* Failed to read dev:0x15 addr:0x80
01-01 08:18:41.153 0 0 E i2c_geni 980000.i2c: i2c error :-107
05-07 02:10:57.520 8607 8607 D ViewTouchDebug: mView : DecorView@67f3de4[MainProxyActivity]Receive event : MotionEvent { action=ACTION_DOWN, actionButton=0, id[0]=0, x[0]=26.0, y[0]=987.0, toolType[0]=TOOL_TYPE_FINGER, buttonState=0, classification=NONE, metaState=0, flags=0x0, edgeFlags=0x0, pointerCount=1, historySize=0, eventTime=1114054, downTime=1114054, deviceId=-1, source=0x1002, displayId=0, eventId=-301730172 }
05-07 02:10:57.522 1916 1916 D ViewTouchDebug: mView : com.android.systemui.navigationbar.NavigationBarFrame{e5b3745 V.E...... ........ 0,0-2560,46 #7f0b03f2 app:id/navigation_bar_frame}Receive event : MotionEvent { action=ACTION_OUTSIDE, actionButton=0, id[0]=0, x[0]=0.0, y[0]=-1034.0, toolType[0]=TOOL_TYPE_FINGER, buttonState=0, classification=NONE, metaState=0, flags=0x0, edgeFlags=0x0, pointerCount=1, historySize=0, eventTime=1114054, downTime=1114054, deviceId=-1, source=0x1002, displayId=0, eventId=1400904392 }
01-01 08:18:41.158 0 0 E : [MAX975X:max96755g_write_bytes] *ERROR* i2c master send 0x80 err
01-01 08:18:41.260 0 0 E i2c_geni 980000.i2c: i2c error :-107
01-01 08:18:41.272 0 0 E : [MAX975X:max96755x_vc1_lcd_dtc_check] *ERROR* Failed to read dev:0x15 addr:0x80
01-01 08:18:41.281 0 0 E i2c_geni 980000.i2c: i2c error :-107
05-07 02:10:57.638 8607 8607 D ViewTouchDebug: mView : DecorView@67f3de4[MainProxyActivity]Receive event : MotionEvent { action=ACTION_UP, actionButton=0, id[0]=0, x[0]=26.0, y[0]=987.0, toolType[0]=TOOL_TYPE_FINGER, buttonState=0, classification=NONE, metaState=0, flags=0x0, edgeFlags=0x0, pointerCount=1, historySize=0, eventTime=1114171, downTime=1114054, deviceId=-1, source=0x1002, displayId=0, eventId=-679262560 }
05-07 02:10:57.640 8607 8607 W System.err: java.lang.IllegalStateException: View com.taptap.other.basic.impl.ui.home.bottombar.HomeBottomItemView{e96dd43 VFE...C.. ...P.... 0,0-87,81} does not have a Fragment set
05-07 02:10:57.641 8607 8607 W System.err: at androidx.fragment.app.FragmentManager.findFragment(FragmentManager.java:795)
05-07 02:10:57.641 8607 8607 W System.err: at com.taptap.infra.log.common.log.extension.NavLogExtensionsKt.findCurFragment(NavLogExtensions.kt:17)
05-07 02:10:57.641 8607 8607 W System.err: at com.taptap.other.basic.impl.application.log.TapLogCallbackImpl.setTopPagerVia(TapLogCallbackImpl.kt:138)
05-07 02:10:57.641 8607 8607 W System.err: at com.taptap.infra.log.common.logs.ViaHelper.recordClick(ViaHelper.java:46)
05-07 02:10:57.641 8607 8607 W System.err: at com.taptap.infra.log.common.track.retrofit.legacy.ClickHelper.storeTrackParams2Pager(ClickHelper.kt:17)
05-07 02:10:57.641 8607 8607 W System.err: at com.taptap.infra.log.common.track.retrofit.aspectj.ClickAspect.clickEvent(ClickAspect.kt:25)
05-07 02:10:57.642 8607 8607 W System.err: at com.taptap.other.basic.impl.ui.HomeBottomBar.onClick(HomeBottomBar.java:364)
05-07 02:10:57.642 8607 8607 W System.err: at android.view.View.performClick(View.java:7441)
05-07 02:10:57.642 8607 8607 W System.err: at android.view.View.performClickInternal(View.java:7418)
05-07 02:10:57.642 8607 8607 W System.err: at android.view.View.access$3700(View.java:835)
05-07 02:10:57.642 8607 8607 W System.err: at android.view.View$PerformClick.run(View.java:28681)
05-07 02:10:57.642 8607 8607 W System.err: at android.os.Handler.handleCallback(Handler.java:938)
05-07 02:10:57.642 8607 8607 W System.err: at android.os.Handler.dispatchMessage(Handler.java:99)
05-07 02:10:57.642 8607 8607 W System.err: at android.os.Looper.loopOnce(Looper.java:201)
05-07 02:10:57.642 8607 8607 W System.err: at android.os.Looper.loop(Looper.java:288)
05-07 02:10:57.643 8607 8607 W System.err: at android.app.ActivityThread.main(ActivityThread.java:7880)
05-07 02:10:57.643 8607 8607 W System.err: at java.lang.reflect.Method.invoke(Native Method)
05-07 02:10:57.643 8607 8607 W System.err: at com.android.internal.os.RuntimeInit$MethodAndArgsCaller.run(RuntimeInit.java:548)
05-07 02:10:57.643 8607 8607 W System.err: at com.android.internal.os.ZygoteInit.main(ZygoteInit.java:1009)
05-07 02:10:57.643 8607 8607 W System.err: java.lang.IllegalStateException: View com.taptap.other.basic.impl.ui.home.bottombar.HomeBottomItemView{e96dd43 VFE...C.. ...P.... 0,0-87,81} does not have a Fragment set
05-07 02:10:57.644 8607 8607 W System.err: at androidx.fragment.app.FragmentManager.findFragment(FragmentManager.java:795)
05-07 02:10:57.644 8607 8607 W System.err: at com.taptap.infra.log.common.log.extension.NavLogExtensionsKt.findCurFragment(NavLogExtensions.kt:17)
05-07 02:10:57.644 8607 8607 W System.err: at com.taptap.other.basic.impl.application.log.TapLogCallbackImpl.setTopPagerProperty(TapLogCallbackImpl.kt:214)
05-07 02:10:57.644 8607 8607 W System.err: at com.taptap.infra.log.common.logs.PropertyHelper$Companion.recordClick(PropertyHelper.kt:33)
05-07 02:10:57.644 8607 8607 W System.err: at com.taptap.infra.log.common.track.retrofit.legacy.ClickHelper.storeTrackParams2Pager(ClickHelper.kt:18)
05-07 02:10:57.644 8607 8607 W System.err: at com.taptap.infra.log.common.track.retrofit.aspectj.ClickAspect.clickEvent(ClickAspect.kt:25)
05-07 02:10:57.644 8607 8607 W System.err: at com.taptap.other.basic.impl.ui.HomeBottomBar.onClick(HomeBottomBar.java:364)
05-07 02:10:57.645 8607 8607 W System.err: at android.view.View.performClick(View.java:7441)
05-07 02:10:57.645 8607 8607 W System.err: at android.view.View.performClickInternal(View.java:7418)
05-07 02:10:57.645 8607 8607 W System.err: at android.view.View.access$3700(View.java:835)
05-07 02:10:57.645 8607 8607 W System.err: at android.view.View$PerformClick.run(View.java:28681)
05-07 02:10:57.645 8607 8607 W System.err: at android.os.Handler.handleCallback(Handler.java:938)
05-07 02:10:57.645 8607 8607 W System.err: at android.os.Handler.dispatchMessage(Handler.java:99)
05-07 02:10:57.645 8607 8607 W System.err: at android.os.Looper.loopOnce(Looper.java:201)
05-07 02:10:57.645 8607 8607 W System.err: at android.os.Looper.loop(Looper.java:288)
05-07 02:10:57.646 8607 8607 W System.err: at android.app.ActivityThread.main(ActivityThread.java:7880)
05-07 02:10:57.646 8607 8607 W System.err: at java.lang.reflect.Method.invoke(Native Method)
05-07 02:10:57.646 8607 8607 W System.err: at com.android.internal.os.RuntimeInit$MethodAndArgsCaller.run(RuntimeInit.java:548)
05-07 02:10:57.646 8607 8607 W System.err: at com.android.internal.os.ZygoteInit.main(ZygoteInit.java:1009)
05-07 02:10:57.646 8607 8607 W System.err: java.lang.IllegalStateException: View com.taptap.other.basic.impl.ui.home.bottombar.HomeBottomItemView{e96dd43 VFE...C.. ...P.... 0,0-87,81} does not have a Fragment set
05-07 02:10:57.646 8607 8607 W System.err: at androidx.fragment.app.FragmentManager.findFragment(FragmentManager.java:795)
05-07 02:10:57.647 8607 8607 W System.err: at com.taptap.infra.log.common.log.extension.NavLogExtensionsKt.findCurFragment(NavLogExtensions.kt:17)
05-07 02:10:57.647 8607 8607 W System.err: at com.taptap.infra.log.common.track.sdk.RealParamsHandler.calculateRTrackIds(RealParamsHandler.kt:80)
05-07 02:10:57.647 8607 8607 W System.err: at com.taptap.infra.log.common.track.sdk.RealParamsHandler.storeParams2TopPager(RealParamsHandler.kt:36)
05-07 02:10:57.647 8607 8607 W System.err: at com.taptap.infra.log.common.track.retrofit.legacy.ClickHelper.storeTrackParams2Pager(ClickHelper.kt:19)
05-07 02:10:57.647 8607 8607 W System.err: at com.taptap.infra.log.common.track.retrofit.aspectj.ClickAspect.clickEvent(ClickAspect.kt:25)
05-07 02:10:57.647 8607 8607 W System.err: at com.taptap.other.basic.impl.ui.HomeBottomBar.onClick(HomeBottomBar.java:364)
05-07 02:10:57.647 8607 8607 W System.err: at android.view.View.performClick(View.java:7441)
05-07 02:10:57.648 8607 8607 W System.err: at android.view.View.performClickInternal(View.java:7418)
05-07 02:10:57.648 8607 8607 W System.err: at android.view.View.access$3700(View.java:835)
05-07 02:10:57.648 8607 8607 W System.err: at android.view.View$PerformClick.run(View.java:28681)
05-07 02:10:57.648 8607 8607 W System.err: at android.os.Handler.handleCallback(Handler.java:938)
05-07 02:10:57.648 8607 8607 W System.err: at android.os.Handler.dispatchMessage(Handler.java:99)
05-07 02:10:57.648 8607 8607 W System.err: at android.os.Looper.loopOnce(Looper.java:201)
05-07 02:10:57.649 8607 8607 W System.err: at android.os.Looper.loop(Looper.java:288)
05-07 02:10:57.649 8607 8607 W System.err: at android.app.ActivityThread.main(ActivityThread.java:7880)
05-07 02:10:57.649 8607 8607 W System.err: at java.lang.reflect.Method.invoke(Native Method)
05-07 02:10:57.649 8607 8607 W System.err: at com.android.internal.os.RuntimeInit$MethodAndArgsCaller.run(RuntimeInit.java:548)
05-07 02:10:57.649 8607 8607 W System.err: at com.android.internal.os.ZygoteInit.main(ZygoteInit.java:1009)
05-07 02:10:57.649 8607 8607 W System.err: java.lang.IllegalStateException: View com.taptap.other.basic.impl.ui.home.bottombar.HomeBottomItemView{e96dd43 VFE...C.. ...P.... 0,0-87,81} does not have a Fragment set
05-07 02:10:57.650 8607 8607 W System.err: at androidx.fragment.app.FragmentManager.findFragment(FragmentManager.java:795)
05-07 02:10:57.650 8607 8607 W System.err: at com.taptap.infra.log.common.log.extension.NavLogExtensionsKt.findCurFragment(NavLogExtensions.kt:17)
05-07 02:10:57.650 8607 8607 W System.err: at com.taptap.other.basic.impl.application.log.TapLogCallbackImpl.setTopPagerParams(TapLogCallbackImpl.kt:160)
05-07 02:10:57.650 8607 8607 W System.err: at com.taptap.infra.log.common.track.sdk.RealParamsHandler.storeParams2TopPager(RealParamsHandler.kt:41)
05-07 02:10:57.650 8607 8607 W System.err: at com.taptap.infra.log.common.track.retrofit.legacy.ClickHelper.storeTrackParams2Pager(ClickHelper.kt:19)
05-07 02:10:57.650 8607 8607 W System.err: at com.taptap.infra.log.common.track.retrofit.aspectj.ClickAspect.clickEvent(ClickAspect.kt:25)
05-07 02:10:57.650 8607 8607 W System.err: at com.taptap.other.basic.impl.ui.HomeBottomBar.onClick(HomeBottomBar.java:364)
05-07 02:10:57.651 8607 8607 W System.err: at android.view.View.performClick(View.java:7441)
05-07 02:10:57.651 8607 8607 W System.err: at android.view.View.performClickInternal(View.java:7418)
05-07 02:10:57.651 8607 8607 W System.err: at android.view.View.access$3700(View.java:835)
05-07 02:10:57.651 8607 8607 W System.err: at android.view.View$PerformClick.run(View.java:28681)
05-07 02:10:57.651 8607 8607 W System.err: at android.os.Handler.handleCallback(Handler.java:938)
05-07 02:10:57.651 8607 8607 W System.err: at android.os.Handler.dispatchMessage(Handler.java:99)
05-07 02:10:57.651 8607 8607 W System.err: at android.os.Looper.loopOnce(Looper.java:201)
05-07 02:10:57.651 8607 8607 W System.err: at android.os.Looper.loop(Looper.java:288)
05-07 02:10:57.651 8607 8607 W System.err: at android.app.ActivityThread.main(ActivityThread.java:7880)
05-07 02:10:57.652 8607 8607 W System.err: at java.lang.reflect.Method.invoke(Native Method)
05-07 02:10:57.652 8607 8607 W System.err: at com.android.internal.os.RuntimeInit$MethodAndArgsCaller.run(RuntimeInit.java:548)
05-07 02:10:57.652 8607 8607 W System.err: at com.android.internal.os.ZygoteInit.main(ZygoteInit.java:1009)
05-07 02:10:57.652 8607 8607 W System.err: java.lang.IllegalStateException: View com.taptap.other.basic.impl.ui.home.bottombar.HomeBottomItemView{e96dd43 VFE...C.. ...P.... 0,0-87,81} does not have a Fragment set
05-07 02:10:57.653 8607 8607 W System.err: at androidx.fragment.app.FragmentManager.findFragment(FragmentManager.java:795)
05-07 02:10:57.653 8607 8607 W System.err: at com.taptap.infra.log.common.log.extension.NavLogExtensionsKt.findCurFragment(NavLogExtensions.kt:17)
05-07 02:10:57.653 8607 8607 W System.err: at com.taptap.other.basic.impl.application.log.TapLogCallbackImpl.setTopPagerCtx(TapLogCallbackImpl.kt:186)
05-07 02:10:57.653 8607 8607 W System.err: at com.taptap.infra.log.common.track.thread.TrackModelRCtxInterceptor.saveRCtx2TopPager(TrackModelRCtxInterceptor.kt:97)
05-07 02:10:57.653 8607 8607 W System.err: at com.taptap.infra.log.common.track.thread.TrackModelRCtxInterceptor.access$saveRCtx2TopPager(TrackModelRCtxInterceptor.kt:21)
05-07 02:10:57.653 8607 8607 W System.err: at com.taptap.infra.log.common.track.thread.TrackModelRCtxInterceptor$invoke$1.invoke(TrackModelRCtxInterceptor.kt:36)
05-07 02:10:57.653 8607 8607 W System.err: at com.taptap.infra.log.common.track.thread.TrackModelRCtxInterceptor$invoke$1.invoke(TrackModelRCtxInterceptor.kt:27)
05-07 02:10:57.654 8607 8607 W System.err: at com.taptap.infra.log.track.common.interceptor.KChainCreatorKt$createChain$1.process(KChainCreator.kt:21)
05-07 02:10:57.654 8607 8607 W System.err: at com.taptap.infra.log.common.track.retrofit.legacy.ClickHelper.storeTrackParams2Pager(ClickHelper.kt:20)
05-07 02:10:57.654 8607 8607 W System.err: at com.taptap.infra.log.common.track.retrofit.aspectj.ClickAspect.clickEvent(ClickAspect.kt:25)
05-07 02:10:57.654 8607 8607 W System.err: at com.taptap.other.basic.impl.ui.HomeBottomBar.onClick(HomeBottomBar.java:364)
05-07 02:10:57.654 8607 8607 W System.err: at android.view.View.performClick(View.java:7441)
05-07 02:10:57.654 8607 8607 W System.err: at android.view.View.performClickInternal(View.java:7418)
05-07 02:10:57.654 8607 8607 W System.err: at android.view.View.access$3700(View.java:835)
05-07 02:10:57.654 8607 8607 W System.err: at android.view.View$PerformClick.run(View.java:28681)
05-07 02:10:57.654 8607 8607 W System.err: at android.os.Handler.handleCallback(Handler.java:938)
05-07 02:10:57.655 8607 8607 W System.err: at android.os.Handler.dispatchMessage(Handler.java:99)
05-07 02:10:57.655 8607 8607 W System.err: at android.os.Looper.loopOnce(Looper.java:201)
05-07 02:10:57.655 8607 8607 W System.err: at android.os.Looper.loop(Looper.java:288)
05-07 02:10:57.655 8607 8607 W System.err: at android.app.ActivityThread.main(ActivityThread.java:7880)
05-07 02:10:57.655 8607 8607 W System.err: at java.lang.reflect.Method.invoke(Native Method)
05-07 02:10:57.655 8607 8607 W System.err: at com.android.internal.os.RuntimeInit$MethodAndArgsCaller.run(RuntimeInit.java:548)
05-07 02:10:57.655 8607 8607 W System.err: at com.android.internal.os.ZygoteInit.main(ZygoteInit.java:1009)
05-07 02:10:57.657 8607 9013 W System.err: java.lang.IllegalStateException: View com.taptap.other.basic.impl.ui.home.bottombar.HomeBottomItemView{e96dd43 VFE...C.. ...P.... 0,0-87,81} does not have a Fragment set
05-07 02:10:57.657 8607 9013 W System.err: at androidx.fragment.app.FragmentManager.findFragment(FragmentManager.java:795)
05-07 02:10:57.658 8607 9013 W System.err: at com.taptap.infra.log.common.log.extension.NavLogExtensionsKt.findCurFragment(NavLogExtensions.kt:17)
05-07 02:10:57.658 8607 9013 W System.err: at com.taptap.infra.log.common.logs.TapLogsHelper$Companion.generateLogs(TapLogsHelper.kt:473)
05-07 02:10:57.658 8607 9013 W System.err: at com.taptap.infra.log.common.logs.TapLogsHelper$Companion$click$1.invokeSuspend(TapLogsHelper.kt:216)
05-07 02:10:57.658 8607 9013 W System.err: at kotlin.coroutines.jvm.internal.BaseContinuationImpl.resumeWith(ContinuationImpl.kt:33)
05-07 02:10:57.658 8607 9013 W System.err: at kotlinx.coroutines.DispatchedTask.run(DispatchedTask.kt:106)
05-07 02:10:57.658 8607 9013 W System.err: at java.util.concurrent.Executors$RunnableAdapter.call(Executors.java:462)
05-07 02:10:57.658 8607 9013 W System.err: at java.util.concurrent.FutureTask.run(FutureTask.java:266)
05-07 02:10:57.658 8607 9013 W System.err: at java.util.concurrent.ScheduledThreadPoolExecutor$ScheduledFutureTask.run(ScheduledThreadPoolExecutor.java:301)
05-07 02:10:57.659 8607 9013 W System.err: at java.util.concurrent.ThreadPoolExecutor.runWorker(ThreadPoolExecutor.java:1167)
05-07 02:10:57.659 8607 9013 W System.err: at java.util.concurrent.ThreadPoolExecutor$Worker.run(ThreadPoolExecutor.java:641)
05-07 02:10:57.659 8607 9013 W System.err: at java.lang.Thread.run(Thread.java:920)
05-07 02:10:57.659 8607 8607 W System.err: kotlin.UninitializedPropertyAccessException: lateinit property tabAdapter has not been initialized
05-07 02:10:57.659 8607 8607 W System.err: at com.taptap.game.home.impl.home.HomeTabFragment.getTabAdapter(HomeTabFragment.kt:116)
05-07 02:10:57.659 8607 8607 W System.err: at com.taptap.game.home.impl.home.HomeTabFragment.resetCurrView(HomeTabFragment.kt:629)
05-07 02:10:57.659 8607 8607 W System.err: at com.taptap.game.home.impl.home.HomeTabFragment.setMenuVisibility(HomeTabFragment.kt:622)
05-07 02:10:57.659 8607 8607 W System.err: at com.taptap.other.basic.impl.widgets.NoDestroyItemFragmentAdapter.setPrimaryItem(NoDestroyItemFragmentAdapter.java:125)
05-07 02:10:57.660 8607 8607 W System.err: at com.taptap.other.basic.impl.widgets.CachedPagerAdapter.setPrimaryItem(CachedPagerAdapter.java:50)
05-07 02:10:57.660 8607 8607 W System.err: at androidx.viewpager.widget.ViewPager.populate(ViewPager.java:1234)
05-07 02:10:57.660 8607 8607 W System.err: at androidx.viewpager.widget.ViewPager.setCurrentItemInternal(ViewPager.java:669)
05-07 02:10:57.660 8607 8607 W System.err: at androidx.viewpager.widget.ViewPager.setCurrentItemInternal(ViewPager.java:631)
05-07 02:10:57.660 8607 8607 W System.err: at androidx.viewpager.widget.ViewPager.setCurrentItem(ViewPager.java:623)
05-07 02:10:57.660 8607 8607 W System.err: at com.taptap.other.basic.impl.ui.home.main.HomeContentWidget$initView$3.onItemTabSelected(HomeContentWidget.kt:194)
05-07 02:10:57.660 8607 8607 W System.err: at com.taptap.other.basic.impl.ui.HomeBottomBar.onClick(HomeBottomBar.java:429)
05-07 02:10:57.660 8607 8607 W System.err: at android.view.View.performClick(View.java:7441)
05-07 02:10:57.660 8607 8607 W System.err: at android.view.View.performClickInternal(View.java:7418)
05-07 02:10:57.661 8607 8607 W System.err: at android.view.View.access$3700(View.java:835)
05-07 02:10:57.661 8607 8607 W System.err: at android.view.View$PerformClick.run(View.java:28681)
05-07 02:10:57.661 8607 8607 W System.err: at android.os.Handler.handleCallback(Handler.java:938)
05-07 02:10:57.661 8607 8607 W System.err: at android.os.Handler.dispatchMessage(Handler.java:99)
05-07 02:10:57.661 8607 8607 W System.err: at android.os.Looper.loopOnce(Looper.java:201)
05-07 02:10:57.661 8607 8607 W System.err: at android.os.Looper.loop(Looper.java:288)
05-07 02:10:57.661 8607 8607 W System.err: at android.app.ActivityThread.main(ActivityThread.java:7880)
05-07 02:10:57.661 8607 8607 W System.err: at java.lang.reflect.Method.invoke(Native Method)
05-07 02:10:57.662 8607 8607 W System.err: at com.android.internal.os.RuntimeInit$MethodAndArgsCaller.run(RuntimeInit.java:548)
05-07 02:10:57.662 8607 8607 W System.err: at com.android.internal.os.ZygoteInit.main(ZygoteInit.java:1009)
01-01 08:18:41.286 0 0 E : [MAX975X:max96755g_write_bytes] *ERROR* i2c master send 0x85 err
01-01 08:18:41.387 0 0 E i2c_geni 980000.i2c: i2c error :-107
01-01 08:18:41.400 0 0 E : [MAX975X:max96755x_vc1_lcd_dtc_check] *ERROR* Failed to read dev:0x15 addr:0x85
01-01 08:18:41.409 0 0 E i2c_geni 980000.i2c: i2c error :-107
01-01 08:18:41.413 0 0 E : [MAX975X:max96755g_write_bytes] *ERROR* i2c master send 0x85 err
05-07 02:10:57.741 3003 3003 I auditd : type=1400 audit(0.0:8400): avc: granted { read } for comm=4173796E635461736B2023323638 name="arp" dev="proc" ino=4026532247 scontext=u:r:platform_app:s0:c512,c768 tcontext=u:object_r:proc_net:s0 tclass=file app=com.hht.lebocast
05-07 02:10:57.741 3003 3003 W com.hht.lebocast: type=1400 audit(0.0:8400): avc: granted { read } for comm=4173796E635461736B2023323638 name="arp" dev="proc" ino=4026532247 scontext=u:r:platform_app:s0:c512,c768 tcontext=u:object_r:proc_net:s0 tclass=file app=com.hht.lebocast
01-01 08:18:41.467 0 0 E link_delay_work_func: DTC_ETH: SQI=0, link=0
05-07 02:10:57.741 3003 3003 I auditd : type=1400 audit(0.0:8401): avc: granted { read open } for comm=4173796E635461736B2023323638 path="/proc/3003/net/arp" dev="proc" ino=4026532247 scontext=u:r:platform_app:s0:c512,c768 tcontext=u:object_r:proc_net:s0 tclass=file app=com.hht.lebocast
05-07 02:10:57.741 3003 3003 W com.hht.lebocast: type=1400 audit(0.0:8401): avc: granted { read open } for comm=4173796E635461736B2023323638 path="/proc/3003/net/arp" dev="proc" ino=4026532247 scontext=u:r:platform_app:s0:c512,c768 tcontext=u:object_r:proc_net:s0 tclass=file app=com.hht.lebocast
05-07 02:10:57.741 3003 3003 I auditd : type=1400 audit(0.0:8402): avc: granted { getattr } for comm=4173796E635461736B2023323638 path="/proc/3003/net/arp" dev="proc" ino=4026532247 scontext=u:r:platform_app:s0:c512,c768 tcontext=u:object_r:proc_net:s0 tclass=file app=com.hht.lebocast
05-07 02:10:57.741 3003 3003 W com.hht.lebocast: type=1400 audit(0.0:8402): avc: granted { getattr } for comm=4173796E635461736B2023323638 path="/proc/3003/net/arp" dev="proc" ino=4026532247 scontext=u:r:platform_app:s0:c512,c768 tcontext=u:object_r:proc_net:s0 tclass=file app=com.hht.lebocast
01-01 08:18:41.515 0 0 E i2c_geni 980000.i2c: i2c error :-107
05-07 02:10:57.741 3003 3003 I auditd : type=1400 audit(0.0:8403): avc: granted { getattr } for comm=4173796E635461736B2023323638 path="/proc/3003/net/arp" dev="proc" ino=4026532247 scontext=u:r:platform_app:s0:c512,c768 tcontext=u:object_r:proc_net:s0 tclass=file app=com.hht.lebocast
05-07 02:10:57.741 3003 3003 W com.hht.lebocast: type=1400 audit(0.0:8403): avc: granted { getattr } for comm=4173796E635461736B2023323638 path="/proc/3003/net/arp" dev="proc" ino=4026532247 scontext=u:r:platform_app:s0:c512,c768 tcontext=u:object_r:proc_net:s0 tclass=file app=com.hht.lebocast
01-01 08:18:41.531 0 0 E : [MAX975X:max96755x_vc1_lcd_dtc_check] *ERROR* Failed to read dev:0x15 addr:0x85
01-01 08:18:41.539 0 0 E i2c_geni 980000.i2c: i2c error :-107
05-07 02:10:57.963 6004 6017 E ocessService0:: failed to create Unix domain socket: Operation not permitted
01-01 08:18:41.544 0 0 E : [MAX975X:max96755g_write_bytes] *ERROR* i2c master send 0x85 err
01-01 08:18:41.663 0 0 E i2c_geni 980000.i2c: i2c error :-107
01-01 08:18:41.675 0 0 E : [MAX975X:max96755x_vc1_lcd_dtc_check] *ERROR* Failed to read dev:0x15 addr:0x85
01-01 08:18:41.684 0 0 E i2c_geni 980000.i2c: i2c error :-107
01-01 08:18:41.689 0 0 E : [MAX975X:max96755g_write_bytes] *ERROR* i2c master send 0x85 err
01-01 08:18:41.792 0 0 E i2c_geni 980000.i2c: i2c error :-107
01-01 08:18:41.804 0 0 E : [MAX975X:max96755x_vc1_lcd_dtc_check] *ERROR* Failed to read dev:0x15 addr:0x85
01-01 08:18:41.813 0 0 E i2c_geni 980000.i2c: i2c error :-107
01-01 08:18:41.817 0 0 E : [MAX975X:max96755g_write_bytes] *ERROR* i2c master send 0x85 err
01-01 08:18:41.919 0 0 E i2c_geni 980000.i2c: i2c error :-107
01-01 08:18:41.931 0 0 E : [MAX975X:max96755x_vc1_lcd_dtc_check] *ERROR* Failed to read dev:0x15 addr:0x85
01-01 08:18:41.940 0 0 E i2c_geni 980000.i2c: i2c error :-107
05-07 02:10:58.342 1916 1916 D ViewTouchDebug: mView : com.android.systemui.navigationbar.NavigationBarFrame{e5b3745 V.E...... ........ 0,0-2560,46 #7f0b03f2 app:id/navigation_bar_frame}Receive event : MotionEvent { action=ACTION_OUTSIDE, actionButton=0, id[0]=0, x[0]=0.0, y[0]=-1034.0, toolType[0]=TOOL_TYPE_FINGER, buttonState=0, classification=NONE, metaState=0, flags=0x0, edgeFlags=0x0, pointerCount=1, historySize=0, eventTime=1114875, downTime=1114875, deviceId=-1, source=0x1002, displayId=0, eventId=2100610355 }
05-07 02:10:58.346 8607 8607 D ViewTouchDebug: mView : DecorView@67f3de4[MainProxyActivity]Receive event : MotionEvent { action=ACTION_DOWN, actionButton=0, id[0]=0, x[0]=26.0, y[0]=987.0, toolType[0]=TOOL_TYPE_FINGER, buttonState=0, classification=NONE, metaState=0, flags=0x0, edgeFlags=0x0, pointerCount=1, historySize=0, eventTime=1114875, downTime=1114875, deviceId=-1, source=0x1002, displayId=0, eventId=-657948602 }
01-01 08:18:41.945 0 0 E : [MAX975X:max96755g_write_bytes] *ERROR* i2c master send 0x85 err
01-01 08:18:42.047 0 0 E i2c_geni 980000.i2c: i2c error :-107
01-01 08:18:42.059 0 0 E : [MAX975X:max96755x_vc1_lcd_dtc_check] *ERROR* Failed to read dev:0x15 addr:0x85
01-01 08:18:42.068 0 0 E i2c_geni 980000.i2c: i2c error :-107
05-07 02:10:58.431 669 676 I mpu_uart: [MSG-P:RECV]:No message received in 1000 ms
05-07 02:10:58.433 8607 8607 D ViewTouchDebug: mView : DecorView@67f3de4[MainProxyActivity]Receive event : MotionEvent { action=ACTION_UP, actionButton=0, id[0]=0, x[0]=26.0, y[0]=987.0, toolType[0]=TOOL_TYPE_FINGER, buttonState=0, classification=NONE, metaState=0, flags=0x0, edgeFlags=0x0, pointerCount=1, historySize=0, eventTime=1114958, downTime=1114875, deviceId=-1, source=0x1002, displayId=0, eventId=-863026653 }
05-07 02:10:58.433 1377 9527 I OMX-VENC: venc_dev: stats: avg. fps 44.52, bitrate 153111
05-07 02:10:58.436 8607 8607 W System.err: java.lang.IllegalStateException: View com.taptap.other.basic.impl.ui.home.bottombar.HomeBottomItemView{e96dd43 VFE...C.. ..SP.... 0,0-87,81} does not have a Fragment set
05-07 02:10:58.436 8607 8607 W System.err: at androidx.fragment.app.FragmentManager.findFragment(FragmentManager.java:795)
05-07 02:10:58.436 8607 8607 W System.err: at com.taptap.infra.log.common.log.extension.NavLogExtensionsKt.findCurFragment(NavLogExtensions.kt:17)
05-07 02:10:58.436 8607 8607 W System.err: at com.taptap.other.basic.impl.application.log.TapLogCallbackImpl.setTopPagerVia(TapLogCallbackImpl.kt:138)
05-07 02:10:58.436 8607 8607 W System.err: at com.taptap.infra.log.common.logs.ViaHelper.recordClick(ViaHelper.java:46)
05-07 02:10:58.437 8607 8607 W System.err: at com.taptap.infra.log.common.track.retrofit.legacy.ClickHelper.storeTrackParams2Pager(ClickHelper.kt:17)
05-07 02:10:58.437 8607 8607 W System.err: at com.taptap.infra.log.common.track.retrofit.aspectj.ClickAspect.clickEvent(ClickAspect.kt:25)
05-07 02:10:58.437 8607 8607 W System.err: at com.taptap.other.basic.impl.ui.HomeBottomBar.onClick(HomeBottomBar.java:364)
05-07 02:10:58.437 8607 8607 W System.err: at android.view.View.performClick(View.java:7441)
05-07 02:10:58.437 8607 8607 W System.err: at android.view.View.performClickInternal(View.java:7418)
05-07 02:10:58.437 8607 8607 W System.err: at android.view.View.access$3700(View.java:835)
05-07 02:10:58.437 8607 8607 W System.err: at android.view.View$PerformClick.run(View.java:28681)
05-07 02:10:58.437 669 675 I mpu_uart: [MSG-P:R]:recv sync frame timeout
05-07 02:10:58.437 8607 8607 W System.err: at android.os.Handler.handleCallback(Handler.java:938)
05-07 02:10:58.437 8607 8607 W System.err: at android.os.Handler.dispatchMessage(Handler.java:99)
05-07 02:10:58.438 8607 8607 W System.err: at android.os.Looper.loopOnce(Looper.java:201)
05-07 02:10:58.438 8607 8607 W System.err: at android.os.Looper.loop(Looper.java:288)
05-07 02:10:58.438 8607 8607 W System.err: at android.app.ActivityThread.main(ActivityThread.java:7880)
05-07 02:10:58.438 8607 8607 W System.err: at java.lang.reflect.Method.invoke(Native Method)
05-07 02:10:58.438 8607 8607 W System.err: at com.android.internal.os.RuntimeInit$MethodAndArgsCaller.run(RuntimeInit.java:548)
05-07 02:10:58.438 8607 8607 W System.err: at com.android.internal.os.ZygoteInit.main(ZygoteInit.java:1009)
05-07 02:10:58.439 8607 8607 W System.err: java.lang.IllegalStateException: View com.taptap.other.basic.impl.ui.home.bottombar.HomeBottomItemView{e96dd43 VFE...C.. ..SP.... 0,0-87,81} does not have a Fragment set
05-07 02:10:58.439 8607 8607 W System.err: at androidx.fragment.app.FragmentManager.findFragment(FragmentManager.java:795)
05-07 02:10:58.439 8607 8607 W System.err: at com.taptap.infra.log.common.log.extension.NavLogExtensionsKt.findCurFragment(NavLogExtensions.kt:17)
05-07 02:10:58.439 8607 8607 W System.err: at com.taptap.other.basic.impl.application.log.TapLogCallbackImpl.setTopPagerProperty(TapLogCallbackImpl.kt:214)
05-07 02:10:58.439 8607 8607 W System.err: at com.taptap.infra.log.common.logs.PropertyHelper$Companion.recordClick(PropertyHelper.kt:33)
05-07 02:10:58.439 8607 8607 W System.err: at com.taptap.infra.log.common.track.retrofit.legacy.ClickHelper.storeTrackParams2Pager(ClickHelper.kt:18)
05-07 02:10:58.441 8607 8607 W System.err: at com.taptap.infra.log.common.track.retrofit.aspectj.ClickAspect.clickEvent(ClickAspect.kt:25)
05-07 02:10:58.441 8607 8607 W System.err: at com.taptap.other.basic.impl.ui.HomeBottomBar.onClick(HomeBottomBar.java:364)
05-07 02:10:58.441 8607 8607 W System.err: at android.view.View.performClick(View.java:7441)
05-07 02:10:58.441 8607 8607 W System.err: at android.view.View.performClickInternal(View.java:7418)
05-07 02:10:58.441 8607 8607 W System.err: at android.view.View.access$3700(View.java:835)
05-07 02:10:58.441 8607 8607 W System.err: at android.view.View$PerformClick.run(View.java:28681)
05-07 02:10:58.441 8607 8607 W System.err: at android.os.Handler.handleCallback(Handler.java:938)
05-07 02:10:58.441 8607 8607 W System.err: at android.os.Handler.dispatchMessage(Handler.java:99)
05-07 02:10:58.442 8607 8607 W System.err: at android.os.Looper.loopOnce(Looper.java:201)
05-07 02:10:58.442 8607 8607 W System.err: at android.os.Looper.loop(Looper.java:288)
05-07 02:10:58.442 8607 8607 W System.err: at android.app.ActivityThread.main(ActivityThread.java:7880)
05-07 02:10:58.442 8607 8607 W System.err: at java.lang.reflect.Method.invoke(Native Method)
05-07 02:10:58.442 8607 8607 W System.err: at com.android.internal.os.RuntimeInit$MethodAndArgsCaller.run(RuntimeInit.java:548)
05-07 02:10:58.442 8607 8607 W System.err: at com.android.internal.os.ZygoteInit.main(ZygoteInit.java:1009)
05-07 02:10:58.442 8607 8607 W System.err: java.lang.IllegalStateException: View com.taptap.other.basic.impl.ui.home.bottombar.HomeBottomItemView{e96dd43 VFE...C.. ..SP.... 0,0-87,81} does not have a Fragment set
05-07 02:10:58.442 8607 8607 W System.err: at androidx.fragment.app.FragmentManager.findFragment(FragmentManager.java:795)
05-07 02:10:58.442 8607 8607 W System.err: at com.taptap.infra.log.common.log.extension.NavLogExtensionsKt.findCurFragment(NavLogExtensions.kt:17)
05-07 02:10:58.442 8607 8607 W System.err: at com.taptap.infra.log.common.track.sdk.RealParamsHandler.calculateRTrackIds(RealParamsHandler.kt:80)
05-07 02:10:58.442 8607 8607 W System.err: at com.taptap.infra.log.common.track.sdk.RealParamsHandler.storeParams2TopPager(RealParamsHandler.kt:36)
05-07 02:10:58.443 8607 8607 W System.err: at com.taptap.infra.log.common.track.retrofit.legacy.ClickHelper.storeTrackParams2Pager(ClickHelper.kt:19)
05-07 02:10:58.443 8607 8607 W System.err: at com.taptap.infra.log.common.track.retrofit.aspectj.ClickAspect.clickEvent(ClickAspect.kt:25)
05-07 02:10:58.443 8607 8607 W System.err: at com.taptap.other.basic.impl.ui.HomeBottomBar.onClick(HomeBottomBar.java:364)
05-07 02:10:58.443 8607 8607 W System.err: at android.view.View.performClick(View.java:7441)
05-07 02:10:58.443 8607 8607 W System.err: at android.view.View.performClickInternal(View.java:7418)
05-07 02:10:58.443 8607 8607 W System.err: at android.view.View.access$3700(View.java:835)
05-07 02:10:58.443 8607 8607 W System.err: at android.view.View$PerformClick.run(View.java:28681)
05-07 02:10:58.443 8607 8607 W System.err: at android.os.Handler.handleCallback(Handler.java:938)
05-07 02:10:58.443 8607 8607 W System.err: at android.os.Handler.dispatchMessage(Handler.java:99)
05-07 02:10:58.443 8607 8607 W System.err: at android.os.Looper.loopOnce(Looper.java:201)
05-07 02:10:58.443 8607 8607 W System.err: at android.os.Looper.loop(Looper.java:288)
05-07 02:10:58.443 8607 8607 W System.err: at android.app.ActivityThread.main(ActivityThread.java:7880)
05-07 02:10:58.443 8607 8607 W System.err: at java.lang.reflect.Method.invoke(Native Method)
05-07 02:10:58.443 8607 8607 W System.err: at com.android.internal.os.RuntimeInit$MethodAndArgsCaller.run(RuntimeInit.java:548)
05-07 02:10:58.443 8607 8607 W System.err: at com.android.internal.os.ZygoteInit.main(ZygoteInit.java:1009)
05-07 02:10:58.444 8607 8607 W System.err: java.lang.IllegalStateException: View com.taptap.other.basic.impl.ui.home.bottombar.HomeBottomItemView{e96dd43 VFE...C.. ..SP.... 0,0-87,81} does not have a Fragment set
05-07 02:10:58.444 8607 8607 W System.err: at androidx.fragment.app.FragmentManager.findFragment(FragmentManager.java:795)
05-07 02:10:58.444 8607 8607 W System.err: at com.taptap.infra.log.common.log.extension.NavLogExtensionsKt.findCurFragment(NavLogExtensions.kt:17)
05-07 02:10:58.444 8607 8607 W System.err: at com.taptap.other.basic.impl.application.log.TapLogCallbackImpl.setTopPagerParams(TapLogCallbackImpl.kt:160)
05-07 02:10:58.444 8607 8607 W System.err: at com.taptap.infra.log.common.track.sdk.RealParamsHandler.storeParams2TopPager(RealParamsHandler.kt:41)
05-07 02:10:58.444 8607 8607 W System.err: at com.taptap.infra.log.common.track.retrofit.legacy.ClickHelper.storeTrackParams2Pager(ClickHelper.kt:19)
05-07 02:10:58.444 8607 8607 W System.err: at com.taptap.infra.log.common.track.retrofit.aspectj.ClickAspect.clickEvent(ClickAspect.kt:25)
05-07 02:10:58.444 8607 8607 W System.err: at com.taptap.other.basic.impl.ui.HomeBottomBar.onClick(HomeBottomBar.java:364)
05-07 02:10:58.444 8607 8607 W System.err: at android.view.View.performClick(View.java:7441)
05-07 02:10:58.444 8607 8607 W System.err: at android.view.View.performClickInternal(View.java:7418)
05-07 02:10:58.444 8607 8607 W System.err: at android.view.View.access$3700(View.java:835)
05-07 02:10:58.444 8607 8607 W System.err: at android.view.View$PerformClick.run(View.java:28681)
05-07 02:10:58.444 8607 8607 W System.err: at android.os.Handler.handleCallback(Handler.java:938)
05-07 02:10:58.444 8607 8607 W System.err: at android.os.Handler.dispatchMessage(Handler.java:99)
05-07 02:10:58.445 8607 8607 W System.err: at android.os.Looper.loopOnce(Looper.java:201)
05-07 02:10:58.445 8607 8607 W System.err: at android.os.Looper.loop(Looper.java:288)
05-07 02:10:58.446 8607 8607 W System.err: at android.app.ActivityThread.main(ActivityThread.java:7880)
05-07 02:10:58.446 8607 8607 W System.err: at java.lang.reflect.Method.invoke(Native Method)
05-07 02:10:58.446 8607 8607 W System.err: at com.android.internal.os.RuntimeInit$MethodAndArgsCaller.run(RuntimeInit.java:548)
05-07 02:10:58.446 8607 8607 W System.err: at com.android.internal.os.ZygoteInit.main(ZygoteInit.java:1009)
05-07 02:10:58.446 8607 8607 W System.err: java.lang.IllegalStateException: View com.taptap.other.basic.impl.ui.home.bottombar.HomeBottomItemView{e96dd43 VFE...C.. ..SP.... 0,0-87,81} does not have a Fragment set
05-07 02:10:58.446 8607 8607 W System.err: at androidx.fragment.app.FragmentManager.findFragment(FragmentManager.java:795)
05-07 02:10:58.447 8607 8607 W System.err: at com.taptap.infra.log.common.log.extension.NavLogExtensionsKt.findCurFragment(NavLogExtensions.kt:17)
05-07 02:10:58.447 8607 8607 W System.err: at com.taptap.other.basic.impl.application.log.TapLogCallbackImpl.setTopPagerCtx(TapLogCallbackImpl.kt:186)
05-07 02:10:58.447 8607 8607 W System.err: at com.taptap.infra.log.common.track.thread.TrackModelRCtxInterceptor.saveRCtx2TopPager(TrackModelRCtxInterceptor.kt:97)
05-07 02:10:58.447 8607 8607 W System.err: at com.taptap.infra.log.common.track.thread.TrackModelRCtxInterceptor.access$saveRCtx2TopPager(TrackModelRCtxInterceptor.kt:21)
05-07 02:10:58.447 8607 8607 W System.err: at com.taptap.infra.log.common.track.thread.TrackModelRCtxInterceptor$invoke$1.invoke(TrackModelRCtxInterceptor.kt:36)
05-07 02:10:58.447 8607 8607 W System.err: at com.taptap.infra.log.common.track.thread.TrackModelRCtxInterceptor$invoke$1.invoke(TrackModelRCtxInterceptor.kt:27)
05-07 02:10:58.448 8607 8607 W System.err: at com.taptap.infra.log.track.common.interceptor.KChainCreatorKt$createChain$1.process(KChainCreator.kt:21)
05-07 02:10:58.448 8607 8607 W System.err: at com.taptap.infra.log.common.track.retrofit.legacy.ClickHelper.storeTrackParams2Pager(ClickHelper.kt:20)
05-07 02:10:58.448 8607 8607 W System.err: at com.taptap.infra.log.common.track.retrofit.aspectj.ClickAspect.clickEvent(ClickAspect.kt:25)
05-07 02:10:58.448 8607 8607 W System.err: at com.taptap.other.basic.impl.ui.HomeBottomBar.onClick(HomeBottomBar.java:364)
05-07 02:10:58.448 8607 8607 W System.err: at android.view.View.performClick(View.java:7441)
05-07 02:10:58.448 8607 8607 W System.err: at android.view.View.performClickInternal(View.java:7418)
05-07 02:10:58.448 8607 8607 W System.err: at android.view.View.access$3700(View.java:835)
05-07 02:10:58.449 8607 8607 W System.err: at android.view.View$PerformClick.run(View.java:28681)
05-07 02:10:58.449 8607 8607 W System.err: at android.os.Handler.handleCallback(Handler.java:938)
05-07 02:10:58.449 8607 8607 W System.err: at android.os.Handler.dispatchMessage(Handler.java:99)
05-07 02:10:58.449 8607 8607 W System.err: at android.os.Looper.loopOnce(Looper.java:201)
05-07 02:10:58.449 8607 8607 W System.err: at android.os.Looper.loop(Looper.java:288)
05-07 02:10:58.449 8607 8607 W System.err: at android.app.ActivityThread.main(ActivityThread.java:7880)
05-07 02:10:58.449 8607 8607 W System.err: at java.lang.reflect.Method.invoke(Native Method)
05-07 02:10:58.449 8607 8607 W System.err: at com.android.internal.os.RuntimeInit$MethodAndArgsCaller.run(RuntimeInit.java:548)
05-07 02:10:58.449 8607 8607 W System.err: at com.android.internal.os.ZygoteInit.main(ZygoteInit.java:1009)
05-07 02:10:58.451 8607 9013 W System.err: java.lang.IllegalStateException: View com.taptap.other.basic.impl.ui.home.bottombar.HomeBottomItemView{e96dd43 VFE...C.. ..SP.... 0,0-87,81} does not have a Fragment set
05-07 02:10:58.451 8607 9013 W System.err: at androidx.fragment.app.FragmentManager.findFragment(FragmentManager.java:795)
05-07 02:10:58.451 8607 9013 W System.err: at com.taptap.infra.log.common.log.extension.NavLogExtensionsKt.findCurFragment(NavLogExtensions.kt:17)
05-07 02:10:58.452 8607 9013 W System.err: at com.taptap.infra.log.common.logs.TapLogsHelper$Companion.generateLogs(TapLogsHelper.kt:473)
05-07 02:10:58.452 8607 9013 W System.err: at com.taptap.infra.log.common.logs.TapLogsHelper$Companion$click$1.invokeSuspend(TapLogsHelper.kt:216)
05-07 02:10:58.452 8607 9013 W System.err: at kotlin.coroutines.jvm.internal.BaseContinuationImpl.resumeWith(ContinuationImpl.kt:33)
05-07 02:10:58.452 8607 9013 W System.err: at kotlinx.coroutines.DispatchedTask.run(DispatchedTask.kt:106)
05-07 02:10:58.452 8607 9013 W System.err: at java.util.concurrent.Executors$RunnableAdapter.call(Executors.java:462)
05-07 02:10:58.452 8607 9013 W System.err: at java.util.concurrent.FutureTask.run(FutureTask.java:266)
05-07 02:10:58.452 8607 9013 W System.err: at java.util.concurrent.ScheduledThreadPoolExecutor$ScheduledFutureTask.run(ScheduledThreadPoolExecutor.java:301)
05-07 02:10:58.452 8607 9013 W System.err: at java.util.concurrent.ThreadPoolExecutor.runWorker(ThreadPoolExecutor.java:1167)
05-07 02:10:58.452 8607 9013 W System.err: at java.util.concurrent.ThreadPoolExecutor$Worker.run(ThreadPoolExecutor.java:641)
05-07 02:10:58.453 8607 9013 W System.err: at java.lang.Thread.run(Thread.java:920)
01-01 08:18:42.073 0 0 E : [MAX975X:max96755g_write_bytes] *ERROR* i2c master send 0x85 err
01-01 08:18:42.180 0 0 E i2c_geni 980000.i2c: i2c error :-107
01-01 08:18:42.192 0 0 E : [MAX975X:max96755x_vc1_lcd_dtc_check] *ERROR* Failed to read dev:0x15 addr:0x85
01-01 08:18:42.201 0 0 E i2c_geni 980000.i2c: i2c error :-107
05-07 02:10:58.631 1092 1691 W InputDispatcher: Asynchronous input event injection failed.
01-01 08:18:42.205 0 0 E : [MAX975X:max96755g_write_bytes] *ERROR* i2c master send 0x85 err
01-01 08:18:42.307 0 0 E i2c_geni 980000.i2c: i2c error :-107
01-01 08:18:42.319 0 0 E : [MAX975X:max96755x_vc1_lcd_dtc_check] *ERROR* Failed to read dev:0x15 addr:0x85
01-01 08:18:42.328 0 0 E i2c_geni 980000.i2c: i2c error :-107
05-07 02:10:58.709 1916 1916 D ViewTouchDebug: mView : com.android.systemui.navigationbar.NavigationBarFrame{e5b3745 V.E...... ........ 0,0-2560,46 #7f0b03f2 app:id/navigation_bar_frame}Receive event : MotionEvent { action=ACTION_OUTSIDE, actionButton=0, id[0]=0, x[0]=0.0, y[0]=-1034.0, toolType[0]=TOOL_TYPE_FINGER, buttonState=0, classification=NONE, metaState=0, flags=0x0, edgeFlags=0x0, pointerCount=1, historySize=0, eventTime=1115242, downTime=1115242, deviceId=-1, source=0x1002, displayId=0, eventId=1814945440 }
