05-07 02:10:53.927 8607 8607 D ViewTouchDebug: mView : DecorView@67f3de4[MainProxyActivity]Receive event : MotionEvent { action=ACTION_UP, actionButton=0, id[0]=0, x[0]=206.0, y[0]=658.0, toolType[0]=TOOL_TYPE_FINGER, buttonState=0, classification=NONE, metaState=0, flags=0x0, edgeFlags=0x0, pointerCount=1, historySize=0, eventTime=1110460, downTime=1110347, deviceId=-1, source=0x1002, displayId=0, eventId=-754729913 }
05-07 02:10:53.963 6004 6017 E ocessService0:: failed to create Unix domain socket: Operation not permitted
01-01 08:18:37.506 0 0 E : [MAX975X:max96755g_write_bytes] *ERROR* i2c master send 0x8B err
01-01 08:18:37.607 0 0 E i2c_geni 980000.i2c: i2c error :-107
01-01 08:18:37.619 0 0 E : [MAX975X:max96755x_vc1_lcd_dtc_check] *ERROR* Failed to read dev:0x15 addr:0x8b
01-01 08:18:37.628 0 0 E i2c_geni 980000.i2c: i2c error :-107
05-07 02:10:53.968 1377 9527 I OMX-VENC: venc_dev: stats: avg. fps 16.75, bitrate 52052
05-07 02:10:54.041 3003 3003 I auditd : type=1400 audit(0.0:8396): avc: granted { read } for comm=4173796E635461736B2023323637 name="arp" dev="proc" ino=4026532247 scontext=u:r:platform_app:s0:c512,c768 tcontext=u:object_r:proc_net:s0 tclass=file app=com.hht.lebocast
05-07 02:10:54.041 3003 3003 W com.hht.lebocast: type=1400 audit(0.0:8396): avc: granted { read } for comm=4173796E635461736B2023323637 name="arp" dev="proc" ino=4026532247 scontext=u:r:platform_app:s0:c512,c768 tcontext=u:object_r:proc_net:s0 tclass=file app=com.hht.lebocast
01-01 08:18:37.633 0 0 E : [MAX975X:max96755g_write_bytes] *ERROR* i2c master send 0x8B err
01-01 08:18:37.716 0 0 W audit : audit_lost=7360 audit_rate_limit=5 audit_backlog_limit=64
01-01 08:18:37.745 0 0 E audit : rate limit exceeded
01-01 08:18:37.752 0 0 E i2c_geni 980000.i2c: i2c error :-107
01-01 08:18:37.752 0 0 E : [MAX975X:max96755x_vc1_lcd_dtc_check] *ERROR* Failed to read dev:0x15 addr:0x8b
05-07 02:10:54.041 3003 3003 I auditd : type=1400 audit(0.0:8397): avc: granted { read open } for comm=4173796E635461736B2023323637 path="/proc/3003/net/arp" dev="proc" ino=4026532247 scontext=u:r:platform_app:s0:c512,c768 tcontext=u:object_r:proc_net:s0 tclass=file app=com.hht.lebocast
05-07 02:10:54.041 3003 3003 W com.hht.lebocast: type=1400 audit(0.0:8397): avc: granted { read open } for comm=4173796E635461736B2023323637 path="/proc/3003/net/arp" dev="proc" ino=4026532247 scontext=u:r:platform_app:s0:c512,c768 tcontext=u:object_r:proc_net:s0 tclass=file app=com.hht.lebocast
01-01 08:18:37.794 0 0 E i2c_geni 980000.i2c: i2c error :-107
01-01 08:18:37.799 0 0 E : [MAX975X:max96755g_write_bytes] *ERROR* i2c master send 0x8B err
01-01 08:18:37.904 0 0 E i2c_geni 980000.i2c: i2c error :-107
01-01 08:18:37.916 0 0 E : [MAX975X:max96755x_vc1_lcd_dtc_check] *ERROR* Failed to read dev:0x15 addr:0x8b
01-01 08:18:37.925 0 0 E i2c_geni 980000.i2c: i2c error :-107
01-01 08:18:37.930 0 0 E : [MAX975X:max96755g_write_bytes] *ERROR* i2c master send 0x8B err
01-01 08:18:38.032 0 0 E i2c_geni 980000.i2c: i2c error :-107
01-01 08:18:38.044 0 0 E : [MAX975X:max96755x_vc1_lcd_dtc_check] *ERROR* Failed to read dev:0x15 addr:0x8b
01-01 08:18:38.053 0 0 E i2c_geni 980000.i2c: i2c error :-107
05-07 02:10:54.430 669 676 I mpu_uart: [MSG-P:RECV]:No message received in 1000 ms
01-01 08:18:38.057 0 0 E : [MAX975X:max96755g_write_bytes] *ERROR* i2c master send 0x8B err
01-01 08:18:38.160 0 0 E i2c_geni 980000.i2c: i2c error :-107
01-01 08:18:38.172 0 0 E : [MAX975X:max96755x_vc1_lcd_dtc_check] *ERROR* Failed to read dev:0x15 addr:0x8b
01-01 08:18:38.181 0 0 E i2c_geni 980000.i2c: i2c error :-107
01-01 08:18:38.186 0 0 E : [MAX975X:max96755g_write_bytes] *ERROR* i2c master send 0x8B err
01-01 08:18:38.288 0 0 E i2c_geni 980000.i2c: i2c error :-107
01-01 08:18:38.300 0 0 E : [MAX975X:max96755x_vc1_lcd_dtc_check] *ERROR* Failed to read dev:0x15 addr:0x8b
01-01 08:18:38.309 0 0 E i2c_geni 980000.i2c: i2c error :-107
01-01 08:18:38.313 0 0 E : [MAX975X:max96755g_write_bytes] *ERROR* i2c master send 0x8B err
01-01 08:18:38.416 0 0 E i2c_geni 980000.i2c: i2c error :-107
01-01 08:18:38.428 0 0 E : [MAX975X:max96755x_vc1_lcd_dtc_check] *ERROR* Failed to read dev:0x15 addr:0x8b
01-01 08:18:38.437 0 0 E i2c_geni 980000.i2c: i2c error :-107
01-01 08:18:38.442 0 0 E : [MAX975X:max96755g_write_bytes] *ERROR* i2c master send 0x8B err
01-01 08:18:38.545 0 0 E i2c_geni 980000.i2c: i2c error :-107
01-01 08:18:38.557 0 0 E : [MAX975X:max96755x_vc1_lcd_dtc_check] *ERROR* Failed to read dev:0x15 addr:0x8b
01-01 08:18:38.568 0 0 E i2c_geni 980000.i2c: i2c error :-107
05-07 02:10:54.898 8607 8607 D ViewTouchDebug: mView : DecorView@67f3de4[MainProxyActivity]Receive event : MotionEvent { action=ACTION_DOWN, actionButton=0, id[0]=0, x[0]=30.0, y[0]=978.0, toolType[0]=TOOL_TYPE_FINGER, buttonState=0, classification=NONE, metaState=0, flags=0x0, edgeFlags=0x0, pointerCount=1, historySize=0, eventTime=1111429, downTime=1111429, deviceId=-1, source=0x1002, displayId=0, eventId=-1063238345 }
05-07 02:10:54.899 1916 1916 D ViewTouchDebug: mView : com.android.systemui.navigationbar.NavigationBarFrame{e5b3745 V.E...... ........ 0,0-2560,46 #7f0b03f2 app:id/navigation_bar_frame}Receive event : MotionEvent { action=ACTION_OUTSIDE, actionButton=0, id[0]=0, x[0]=0.0, y[0]=-1034.0, toolType[0]=TOOL_TYPE_FINGER, buttonState=0, classification=NONE, metaState=0, flags=0x0, edgeFlags=0x0, pointerCount=1, historySize=0, eventTime=1111429, downTime=1111429, deviceId=-1, source=0x1002, displayId=0, eventId=1217750811 }
05-07 02:10:54.968 1377 9527 I OMX-VENC: venc_dev: stats: avg. fps 15.99, bitrate 53090
05-07 02:10:55.006 8607 8607 D ViewTouchDebug: mView : DecorView@67f3de4[MainProxyActivity]Receive event : MotionEvent { action=ACTION_UP, actionButton=0, id[0]=0, x[0]=30.0, y[0]=978.0, toolType[0]=TOOL_TYPE_FINGER, buttonState=0, classification=NONE, metaState=0, flags=0x0, edgeFlags=0x0, pointerCount=1, historySize=0, eventTime=1111538, downTime=1111429, deviceId=-1, source=0x1002, displayId=0, eventId=-642043736 }
05-07 02:10:55.011 8607 8607 W System.err: java.lang.IllegalStateException: View com.taptap.other.basic.impl.ui.home.bottombar.HomeBottomItemView{e96dd43 VFE...C.. ..SP.... 0,0-87,81} does not have a Fragment set
05-07 02:10:55.011 8607 8607 W System.err: at androidx.fragment.app.FragmentManager.findFragment(FragmentManager.java:795)
05-07 02:10:55.011 8607 8607 W System.err: at com.taptap.infra.log.common.log.extension.NavLogExtensionsKt.findCurFragment(NavLogExtensions.kt:17)
05-07 02:10:55.012 8607 8607 W System.err: at com.taptap.other.basic.impl.application.log.TapLogCallbackImpl.setTopPagerVia(TapLogCallbackImpl.kt:138)
05-07 02:10:55.012 8607 8607 W System.err: at com.taptap.infra.log.common.logs.ViaHelper.recordClick(ViaHelper.java:46)
05-07 02:10:55.012 8607 8607 W System.err: at com.taptap.infra.log.common.track.retrofit.legacy.ClickHelper.storeTrackParams2Pager(ClickHelper.kt:17)
05-07 02:10:55.012 8607 8607 W System.err: at com.taptap.infra.log.common.track.retrofit.aspectj.ClickAspect.clickEvent(ClickAspect.kt:25)
05-07 02:10:55.012 8607 8607 W System.err: at com.taptap.other.basic.impl.ui.HomeBottomBar.onClick(HomeBottomBar.java:364)
05-07 02:10:55.012 8607 8607 W System.err: at android.view.View.performClick(View.java:7441)
05-07 02:10:55.012 8607 8607 W System.err: at android.view.View.performClickInternal(View.java:7418)
05-07 02:10:55.012 8607 8607 W System.err: at android.view.View.access$3700(View.java:835)
05-07 02:10:55.013 8607 8607 W System.err: at android.view.View$PerformClick.run(View.java:28681)
05-07 02:10:55.013 8607 8607 W System.err: at android.os.Handler.handleCallback(Handler.java:938)
05-07 02:10:55.013 8607 8607 W System.err: at android.os.Handler.dispatchMessage(Handler.java:99)
05-07 02:10:55.013 8607 8607 W System.err: at android.os.Looper.loopOnce(Looper.java:201)
05-07 02:10:55.013 8607 8607 W System.err: at android.os.Looper.loop(Looper.java:288)
05-07 02:10:55.013 8607 8607 W System.err: at android.app.ActivityThread.main(ActivityThread.java:7880)
05-07 02:10:55.013 8607 8607 W System.err: at java.lang.reflect.Method.invoke(Native Method)
05-07 02:10:55.013 8607 8607 W System.err: at com.android.internal.os.RuntimeInit$MethodAndArgsCaller.run(RuntimeInit.java:548)
05-07 02:10:55.013 8607 8607 W System.err: at com.android.internal.os.ZygoteInit.main(ZygoteInit.java:1009)
05-07 02:10:55.014 8607 8607 W System.err: java.lang.IllegalStateException: View com.taptap.other.basic.impl.ui.home.bottombar.HomeBottomItemView{e96dd43 VFE...C.. ..SP.... 0,0-87,81} does not have a Fragment set
05-07 02:10:55.014 8607 8607 W System.err: at androidx.fragment.app.FragmentManager.findFragment(FragmentManager.java:795)
05-07 02:10:55.014 8607 8607 W System.err: at com.taptap.infra.log.common.log.extension.NavLogExtensionsKt.findCurFragment(NavLogExtensions.kt:17)
05-07 02:10:55.014 8607 8607 W System.err: at com.taptap.other.basic.impl.application.log.TapLogCallbackImpl.setTopPagerProperty(TapLogCallbackImpl.kt:214)
05-07 02:10:55.014 8607 8607 W System.err: at com.taptap.infra.log.common.logs.PropertyHelper$Companion.recordClick(PropertyHelper.kt:33)
05-07 02:10:55.014 8607 8607 W System.err: at com.taptap.infra.log.common.track.retrofit.legacy.ClickHelper.storeTrackParams2Pager(ClickHelper.kt:18)
05-07 02:10:55.014 8607 8607 W System.err: at com.taptap.infra.log.common.track.retrofit.aspectj.ClickAspect.clickEvent(ClickAspect.kt:25)
05-07 02:10:55.014 8607 8607 W System.err: at com.taptap.other.basic.impl.ui.HomeBottomBar.onClick(HomeBottomBar.java:364)
05-07 02:10:55.015 8607 8607 W System.err: at android.view.View.performClick(View.java:7441)
05-07 02:10:55.015 8607 8607 W System.err: at android.view.View.performClickInternal(View.java:7418)
05-07 02:10:55.015 8607 8607 W System.err: at android.view.View.access$3700(View.java:835)
05-07 02:10:55.015 8607 8607 W System.err: at android.view.View$PerformClick.run(View.java:28681)
05-07 02:10:55.015 8607 8607 W System.err: at android.os.Handler.handleCallback(Handler.java:938)
05-07 02:10:55.015 8607 8607 W System.err: at android.os.Handler.dispatchMessage(Handler.java:99)
05-07 02:10:55.015 8607 8607 W System.err: at android.os.Looper.loopOnce(Looper.java:201)
05-07 02:10:55.015 8607 8607 W System.err: at android.os.Looper.loop(Looper.java:288)
05-07 02:10:55.015 8607 8607 W System.err: at android.app.ActivityThread.main(ActivityThread.java:7880)
05-07 02:10:55.015 8607 8607 W System.err: at java.lang.reflect.Method.invoke(Native Method)
05-07 02:10:55.015 8607 8607 W System.err: at com.android.internal.os.RuntimeInit$MethodAndArgsCaller.run(RuntimeInit.java:548)
05-07 02:10:55.015 8607 8607 W System.err: at com.android.internal.os.ZygoteInit.main(ZygoteInit.java:1009)
05-07 02:10:55.016 8607 8607 W System.err: java.lang.IllegalStateException: View com.taptap.other.basic.impl.ui.home.bottombar.HomeBottomItemView{e96dd43 VFE...C.. ..SP.... 0,0-87,81} does not have a Fragment set
05-07 02:10:55.016 8607 8607 W System.err: at androidx.fragment.app.FragmentManager.findFragment(FragmentManager.java:795)
05-07 02:10:55.016 8607 8607 W System.err: at com.taptap.infra.log.common.log.extension.NavLogExtensionsKt.findCurFragment(NavLogExtensions.kt:17)
05-07 02:10:55.016 8607 8607 W System.err: at com.taptap.infra.log.common.track.sdk.RealParamsHandler.calculateRTrackIds(RealParamsHandler.kt:80)
05-07 02:10:55.016 8607 8607 W System.err: at com.taptap.infra.log.common.track.sdk.RealParamsHandler.storeParams2TopPager(RealParamsHandler.kt:36)
05-07 02:10:55.017 8607 8607 W System.err: at com.taptap.infra.log.common.track.retrofit.legacy.ClickHelper.storeTrackParams2Pager(ClickHelper.kt:19)
05-07 02:10:55.017 8607 8607 W System.err: at com.taptap.infra.log.common.track.retrofit.aspectj.ClickAspect.clickEvent(ClickAspect.kt:25)
05-07 02:10:55.017 8607 8607 W System.err: at com.taptap.other.basic.impl.ui.HomeBottomBar.onClick(HomeBottomBar.java:364)
05-07 02:10:55.017 8607 8607 W System.err: at android.view.View.performClick(View.java:7441)
05-07 02:10:55.017 8607 8607 W System.err: at android.view.View.performClickInternal(View.java:7418)
05-07 02:10:55.017 8607 8607 W System.err: at android.view.View.access$3700(View.java:835)
05-07 02:10:55.017 8607 8607 W System.err: at android.view.View$PerformClick.run(View.java:28681)
05-07 02:10:55.017 8607 8607 W System.err: at android.os.Handler.handleCallback(Handler.java:938)
05-07 02:10:55.017 8607 8607 W System.err: at android.os.Handler.dispatchMessage(Handler.java:99)
05-07 02:10:55.017 8607 8607 W System.err: at android.os.Looper.loopOnce(Looper.java:201)
05-07 02:10:55.017 8607 8607 W System.err: at android.os.Looper.loop(Looper.java:288)
05-07 02:10:55.018 8607 8607 W System.err: at android.app.ActivityThread.main(ActivityThread.java:7880)
05-07 02:10:55.018 8607 8607 W System.err: at java.lang.reflect.Method.invoke(Native Method)
05-07 02:10:55.018 8607 8607 W System.err: at com.android.internal.os.RuntimeInit$MethodAndArgsCaller.run(RuntimeInit.java:548)
05-07 02:10:55.018 8607 8607 W System.err: at com.android.internal.os.ZygoteInit.main(ZygoteInit.java:1009)
05-07 02:10:55.018 8607 8607 W System.err: java.lang.IllegalStateException: View com.taptap.other.basic.impl.ui.home.bottombar.HomeBottomItemView{e96dd43 VFE...C.. ..SP.... 0,0-87,81} does not have a Fragment set
05-07 02:10:55.018 8607 8607 W System.err: at androidx.fragment.app.FragmentManager.findFragment(FragmentManager.java:795)
05-07 02:10:55.019 8607 8607 W System.err: at com.taptap.infra.log.common.log.extension.NavLogExtensionsKt.findCurFragment(NavLogExtensions.kt:17)
05-07 02:10:55.019 8607 8607 W System.err: at com.taptap.other.basic.impl.application.log.TapLogCallbackImpl.setTopPagerParams(TapLogCallbackImpl.kt:160)
05-07 02:10:55.019 8607 8607 W System.err: at com.taptap.infra.log.common.track.sdk.RealParamsHandler.storeParams2TopPager(RealParamsHandler.kt:41)
05-07 02:10:55.019 8607 8607 W System.err: at com.taptap.infra.log.common.track.retrofit.legacy.ClickHelper.storeTrackParams2Pager(ClickHelper.kt:19)
05-07 02:10:55.019 8607 8607 W System.err: at com.taptap.infra.log.common.track.retrofit.aspectj.ClickAspect.clickEvent(ClickAspect.kt:25)
05-07 02:10:55.019 8607 8607 W System.err: at com.taptap.other.basic.impl.ui.HomeBottomBar.onClick(HomeBottomBar.java:364)
05-07 02:10:55.019 8607 8607 W System.err: at android.view.View.performClick(View.java:7441)
05-07 02:10:55.019 8607 8607 W System.err: at android.view.View.performClickInternal(View.java:7418)
05-07 02:10:55.019 8607 8607 W System.err: at android.view.View.access$3700(View.java:835)
05-07 02:10:55.019 8607 8607 W System.err: at android.view.View$PerformClick.run(View.java:28681)
05-07 02:10:55.019 8607 8607 W System.err: at android.os.Handler.handleCallback(Handler.java:938)
05-07 02:10:55.019 8607 8607 W System.err: at android.os.Handler.dispatchMessage(Handler.java:99)
05-07 02:10:55.020 8607 8607 W System.err: at android.os.Looper.loopOnce(Looper.java:201)
05-07 02:10:55.020 8607 8607 W System.err: at android.os.Looper.loop(Looper.java:288)
05-07 02:10:55.020 8607 8607 W System.err: at android.app.ActivityThread.main(ActivityThread.java:7880)
05-07 02:10:55.020 8607 8607 W System.err: at java.lang.reflect.Method.invoke(Native Method)
05-07 02:10:55.020 8607 8607 W System.err: at com.android.internal.os.RuntimeInit$MethodAndArgsCaller.run(RuntimeInit.java:548)
05-07 02:10:55.020 8607 8607 W System.err: at com.android.internal.os.ZygoteInit.main(ZygoteInit.java:1009)
05-07 02:10:55.020 8607 8607 W System.err: java.lang.IllegalStateException: View com.taptap.other.basic.impl.ui.home.bottombar.HomeBottomItemView{e96dd43 VFE...C.. ..SP.... 0,0-87,81} does not have a Fragment set
05-07 02:10:55.022 8607 8607 W System.err: at androidx.fragment.app.FragmentManager.findFragment(FragmentManager.java:795)
05-07 02:10:55.022 8607 8607 W System.err: at com.taptap.infra.log.common.log.extension.NavLogExtensionsKt.findCurFragment(NavLogExtensions.kt:17)
05-07 02:10:55.022 8607 8607 W System.err: at com.taptap.other.basic.impl.application.log.TapLogCallbackImpl.setTopPagerCtx(TapLogCallbackImpl.kt:186)
05-07 02:10:55.023 8607 8607 W System.err: at com.taptap.infra.log.common.track.thread.TrackModelRCtxInterceptor.saveRCtx2TopPager(TrackModelRCtxInterceptor.kt:97)
05-07 02:10:55.023 8607 8607 W System.err: at com.taptap.infra.log.common.track.thread.TrackModelRCtxInterceptor.access$saveRCtx2TopPager(TrackModelRCtxInterceptor.kt:21)
05-07 02:10:55.023 8607 8607 W System.err: at com.taptap.infra.log.common.track.thread.TrackModelRCtxInterceptor$invoke$1.invoke(TrackModelRCtxInterceptor.kt:36)
05-07 02:10:55.023 8607 8607 W System.err: at com.taptap.infra.log.common.track.thread.TrackModelRCtxInterceptor$invoke$1.invoke(TrackModelRCtxInterceptor.kt:27)
05-07 02:10:55.023 8607 8607 W System.err: at com.taptap.infra.log.track.common.interceptor.KChainCreatorKt$createChain$1.process(KChainCreator.kt:21)
05-07 02:10:55.023 8607 8607 W System.err: at com.taptap.infra.log.common.track.retrofit.legacy.ClickHelper.storeTrackParams2Pager(ClickHelper.kt:20)
05-07 02:10:55.023 8607 8607 W System.err: at com.taptap.infra.log.common.track.retrofit.aspectj.ClickAspect.clickEvent(ClickAspect.kt:25)
05-07 02:10:55.023 8607 8607 W System.err: at com.taptap.other.basic.impl.ui.HomeBottomBar.onClick(HomeBottomBar.java:364)
05-07 02:10:55.023 8607 8607 W System.err: at android.view.View.performClick(View.java:7441)
05-07 02:10:55.023 8607 8607 W System.err: at android.view.View.performClickInternal(View.java:7418)
05-07 02:10:55.023 8607 8607 W System.err: at android.view.View.access$3700(View.java:835)
05-07 02:10:55.023 8607 8607 W System.err: at android.view.View$PerformClick.run(View.java:28681)
05-07 02:10:55.023 8607 8607 W System.err: at android.os.Handler.handleCallback(Handler.java:938)
05-07 02:10:55.023 8607 8607 W System.err: at android.os.Handler.dispatchMessage(Handler.java:99)
05-07 02:10:55.023 8607 8607 W System.err: at android.os.Looper.loopOnce(Looper.java:201)
05-07 02:10:55.024 8607 8607 W System.err: at android.os.Looper.loop(Looper.java:288)
01-01 08:18:38.572 0 0 E : [MAX975X:max96755g_write_bytes] *ERROR* i2c master send 0x8B err
05-07 02:10:55.024 8607 8607 W System.err: at android.app.ActivityThread.main(ActivityThread.java:7880)
01-01 08:18:38.676 0 0 E i2c_geni 980000.i2c: i2c error :-107
05-07 02:10:55.024 8607 8607 W System.err: at java.lang.reflect.Method.invoke(Native Method)
01-01 08:18:38.688 0 0 E : [MAX975X:max96755x_vc1_lcd_dtc_check] *ERROR* Failed to read dev:0x15 addr:0x8b
05-07 02:10:55.024 8607 8607 W System.err: at com.android.internal.os.RuntimeInit$MethodAndArgsCaller.run(RuntimeInit.java:548)
05-07 02:10:55.024 8607 8607 W System.err: at com.android.internal.os.ZygoteInit.main(ZygoteInit.java:1009)
05-07 02:10:55.029 8607 9013 W System.err: java.lang.IllegalStateException: View com.taptap.other.basic.impl.ui.home.bottombar.HomeBottomItemView{e96dd43 VFE...C.. ..SP.... 0,0-87,81} does not have a Fragment set
05-07 02:10:55.029 8607 9013 W System.err: at androidx.fragment.app.FragmentManager.findFragment(FragmentManager.java:795)
05-07 02:10:55.029 8607 9013 W System.err: at com.taptap.infra.log.common.log.extension.NavLogExtensionsKt.findCurFragment(NavLogExtensions.kt:17)
05-07 02:10:55.029 8607 9013 W System.err: at com.taptap.infra.log.common.logs.TapLogsHelper$Companion.generateLogs(TapLogsHelper.kt:473)
01-01 08:18:38.697 0 0 E DTC_Display: Abnormal voltage: 0mV
05-07 02:10:55.029 8607 9013 W System.err: at com.taptap.infra.log.common.logs.TapLogsHelper$Companion$click$1.invokeSuspend(TapLogsHelper.kt:216)
05-07 02:10:55.029 8607 9013 W System.err: at kotlin.coroutines.jvm.internal.BaseContinuationImpl.resumeWith(ContinuationImpl.kt:33)
05-07 02:10:55.030 8607 9013 W System.err: at kotlinx.coroutines.DispatchedTask.run(DispatchedTask.kt:106)
05-07 02:10:55.030 8607 9013 W System.err: at java.util.concurrent.Executors$RunnableAdapter.call(Executors.java:462)
05-07 02:10:55.030 8607 9013 W System.err: at java.util.concurrent.FutureTask.run(FutureTask.java:266)
05-07 02:10:55.030 8607 9013 W System.err: at java.util.concurrent.ScheduledThreadPoolExecutor$ScheduledFutureTask.run(ScheduledThreadPoolExecutor.java:301)
05-07 02:10:55.030 8607 9013 W System.err: at java.util.concurrent.ThreadPoolExecutor.runWorker(ThreadPoolExecutor.java:1167)
05-07 02:10:55.030 8607 9013 W System.err: at java.util.concurrent.ThreadPoolExecutor$Worker.run(ThreadPoolExecutor.java:641)
05-07 02:10:55.030 8607 9013 W System.err: at java.lang.Thread.run(Thread.java:920)
01-01 08:18:38.701 0 0 E DTC_Display: screen not ready(0), bl_sta(0), lvl(0)
01-01 08:18:38.709 0 0 E i2c_geni 980000.i2c: i2c error :-107
01-01 08:18:38.714 0 0 E : [MAX975X:max96755g_write_bytes] *ERROR* i2c master send 0x80 err
01-01 08:18:38.815 0 0 E i2c_geni 980000.i2c: i2c error :-107
01-01 08:18:38.827 0 0 E : [MAX975X:max96755x_vc1_lcd_dtc_check] *ERROR* Failed to read dev:0x15 addr:0x80
01-01 08:18:38.836 0 0 E i2c_geni 980000.i2c: i2c error :-107
01-01 08:18:38.841 0 0 E : [MAX975X:max96755g_write_bytes] *ERROR* i2c master send 0x80 err
01-01 08:18:38.944 0 0 E i2c_geni 980000.i2c: i2c error :-107
01-01 08:18:38.957 0 0 E : [MAX975X:max96755x_vc1_lcd_dtc_check] *ERROR* Failed to read dev:0x15 addr:0x80
01-01 08:18:38.966 0 0 E i2c_geni 980000.i2c: i2c error :-107
05-07 02:10:55.422 8607 8607 D ViewTouchDebug: mView : DecorView@67f3de4[MainProxyActivity]Receive event : MotionEvent { action=ACTION_DOWN, actionButton=0, id[0]=0, x[0]=30.0, y[0]=978.0, toolType[0]=TOOL_TYPE_FINGER, buttonState=0, classification=NONE, metaState=0, flags=0x0, edgeFlags=0x0, pointerCount=1, historySize=0, eventTime=1111954, downTime=1111954, deviceId=-1, source=0x1002, displayId=0, eventId=-975541322 }
05-07 02:10:55.422 1916 1916 D ViewTouchDebug: mView : com.android.systemui.navigationbar.NavigationBarFrame{e5b3745 V.E...... ........ 0,0-2560,46 #7f0b03f2 app:id/navigation_bar_frame}Receive event : MotionEvent { action=ACTION_OUTSIDE, actionButton=0, id[0]=0, x[0]=0.0, y[0]=-1034.0, toolType[0]=TOOL_TYPE_FINGER, buttonState=0, classification=NONE, metaState=0, flags=0x0, edgeFlags=0x0, pointerCount=1, historySize=0, eventTime=1111954, downTime=1111954, deviceId=-1, source=0x1002, displayId=0, eventId=1411106077 }
05-07 02:10:55.430 669 676 I mpu_uart: [MSG-P:RECV]:No message received in 1000 ms
01-01 08:18:38.970 0 0 E : [MAX975X:max96755g_write_bytes] *ERROR* i2c master send 0x80 err
01-01 08:18:39.071 0 0 E i2c_geni 980000.i2c: i2c error :-107
01-01 08:18:39.091 0 0 E : [MAX975X:max96755x_vc1_lcd_dtc_check] *ERROR* Failed to read dev:0x15 addr:0x80
01-01 08:18:39.100 0 0 E i2c_geni 980000.i2c: i2c error :-107
05-07 02:10:55.436 669 675 I mpu_uart: [MSG-P:R]:recv sync frame timeout
05-07 02:10:55.527 8607 8607 D ViewTouchDebug: mView : DecorView@67f3de4[MainProxyActivity]Receive event : MotionEvent { action=ACTION_UP, actionButton=0, id[0]=0, x[0]=30.0, y[0]=978.0, toolType[0]=TOOL_TYPE_FINGER, buttonState=0, classification=NONE, metaState=0, flags=0x0, edgeFlags=0x0, pointerCount=1, historySize=0, eventTime=1112060, downTime=1111954, deviceId=-1, source=0x1002, displayId=0, eventId=-169451454 }
05-07 02:10:55.530 8607 8607 W System.err: java.lang.IllegalStateException: View com.taptap.other.basic.impl.ui.home.bottombar.HomeBottomItemView{e96dd43 VFE...C.. ..SP.... 0,0-87,81} does not have a Fragment set
05-07 02:10:55.531 8607 8607 W System.err: at androidx.fragment.app.FragmentManager.findFragment(FragmentManager.java:795)
05-07 02:10:55.531 8607 8607 W System.err: at com.taptap.infra.log.common.log.extension.NavLogExtensionsKt.findCurFragment(NavLogExtensions.kt:17)
05-07 02:10:55.531 8607 8607 W System.err: at com.taptap.other.basic.impl.application.log.TapLogCallbackImpl.setTopPagerVia(TapLogCallbackImpl.kt:138)
05-07 02:10:55.531 8607 8607 W System.err: at com.taptap.infra.log.common.logs.ViaHelper.recordClick(ViaHelper.java:46)
05-07 02:10:55.531 8607 8607 W System.err: at com.taptap.infra.log.common.track.retrofit.legacy.ClickHelper.storeTrackParams2Pager(ClickHelper.kt:17)
05-07 02:10:55.531 8607 8607 W System.err: at com.taptap.infra.log.common.track.retrofit.aspectj.ClickAspect.clickEvent(ClickAspect.kt:25)
05-07 02:10:55.531 8607 8607 W System.err: at com.taptap.other.basic.impl.ui.HomeBottomBar.onClick(HomeBottomBar.java:364)
05-07 02:10:55.532 8607 8607 W System.err: at android.view.View.performClick(View.java:7441)
05-07 02:10:55.532 8607 8607 W System.err: at android.view.View.performClickInternal(View.java:7418)
05-07 02:10:55.532 8607 8607 W System.err: at android.view.View.access$3700(View.java:835)
05-07 02:10:55.532 8607 8607 W System.err: at android.view.View$PerformClick.run(View.java:28681)
05-07 02:10:55.532 8607 8607 W System.err: at android.os.Handler.handleCallback(Handler.java:938)
05-07 02:10:55.532 8607 8607 W System.err: at android.os.Handler.dispatchMessage(Handler.java:99)
05-07 02:10:55.532 8607 8607 W System.err: at android.os.Looper.loopOnce(Looper.java:201)
05-07 02:10:55.532 8607 8607 W System.err: at android.os.Looper.loop(Looper.java:288)
05-07 02:10:55.533 8607 8607 W System.err: at android.app.ActivityThread.main(ActivityThread.java:7880)
05-07 02:10:55.533 8607 8607 W System.err: at java.lang.reflect.Method.invoke(Native Method)
05-07 02:10:55.533 8607 8607 W System.err: at com.android.internal.os.RuntimeInit$MethodAndArgsCaller.run(RuntimeInit.java:548)
05-07 02:10:55.533 8607 8607 W System.err: at com.android.internal.os.ZygoteInit.main(ZygoteInit.java:1009)
05-07 02:10:55.533 8607 8607 W System.err: java.lang.IllegalStateException: View com.taptap.other.basic.impl.ui.home.bottombar.HomeBottomItemView{e96dd43 VFE...C.. ..SP.... 0,0-87,81} does not have a Fragment set
05-07 02:10:55.534 8607 8607 W System.err: at androidx.fragment.app.FragmentManager.findFragment(FragmentManager.java:795)
05-07 02:10:55.534 8607 8607 W System.err: at com.taptap.infra.log.common.log.extension.NavLogExtensionsKt.findCurFragment(NavLogExtensions.kt:17)
05-07 02:10:55.534 8607 8607 W System.err: at com.taptap.other.basic.impl.application.log.TapLogCallbackImpl.setTopPagerProperty(TapLogCallbackImpl.kt:214)
05-07 02:10:55.534 8607 8607 W System.err: at com.taptap.infra.log.common.logs.PropertyHelper$Companion.recordClick(PropertyHelper.kt:33)
05-07 02:10:55.534 8607 8607 W System.err: at com.taptap.infra.log.common.track.retrofit.legacy.ClickHelper.storeTrackParams2Pager(ClickHelper.kt:18)
05-07 02:10:55.534 8607 8607 W System.err: at com.taptap.infra.log.common.track.retrofit.aspectj.ClickAspect.clickEvent(ClickAspect.kt:25)
05-07 02:10:55.534 8607 8607 W System.err: at com.taptap.other.basic.impl.ui.HomeBottomBar.onClick(HomeBottomBar.java:364)
05-07 02:10:55.534 8607 8607 W System.err: at android.view.View.performClick(View.java:7441)
05-07 02:10:55.535 8607 8607 W System.err: at android.view.View.performClickInternal(View.java:7418)
05-07 02:10:55.535 8607 8607 W System.err: at android.view.View.access$3700(View.java:835)
05-07 02:10:55.535 8607 8607 W System.err: at android.view.View$PerformClick.run(View.java:28681)
05-07 02:10:55.535 8607 8607 W System.err: at android.os.Handler.handleCallback(Handler.java:938)
05-07 02:10:55.535 8607 8607 W System.err: at android.os.Handler.dispatchMessage(Handler.java:99)
05-07 02:10:55.535 8607 8607 W System.err: at android.os.Looper.loopOnce(Looper.java:201)
05-07 02:10:55.535 8607 8607 W System.err: at android.os.Looper.loop(Looper.java:288)
05-07 02:10:55.535 8607 8607 W System.err: at android.app.ActivityThread.main(ActivityThread.java:7880)
05-07 02:10:55.535 8607 8607 W System.err: at java.lang.reflect.Method.invoke(Native Method)
05-07 02:10:55.536 8607 8607 W System.err: at com.android.internal.os.RuntimeInit$MethodAndArgsCaller.run(RuntimeInit.java:548)
05-07 02:10:55.536 8607 8607 W System.err: at com.android.internal.os.ZygoteInit.main(ZygoteInit.java:1009)
05-07 02:10:55.536 8607 8607 W System.err: java.lang.IllegalStateException: View com.taptap.other.basic.impl.ui.home.bottombar.HomeBottomItemView{e96dd43 VFE...C.. ..SP.... 0,0-87,81} does not have a Fragment set
05-07 02:10:55.536 8607 8607 W System.err: at androidx.fragment.app.FragmentManager.findFragment(FragmentManager.java:795)
05-07 02:10:55.536 8607 8607 W System.err: at com.taptap.infra.log.common.log.extension.NavLogExtensionsKt.findCurFragment(NavLogExtensions.kt:17)
05-07 02:10:55.537 8607 8607 W System.err: at com.taptap.infra.log.common.track.sdk.RealParamsHandler.calculateRTrackIds(RealParamsHandler.kt:80)
05-07 02:10:55.537 8607 8607 W System.err: at com.taptap.infra.log.common.track.sdk.RealParamsHandler.storeParams2TopPager(RealParamsHandler.kt:36)
05-07 02:10:55.537 8607 8607 W System.err: at com.taptap.infra.log.common.track.retrofit.legacy.ClickHelper.storeTrackParams2Pager(ClickHelper.kt:19)
05-07 02:10:55.538 8607 8607 W System.err: at com.taptap.infra.log.common.track.retrofit.aspectj.ClickAspect.clickEvent(ClickAspect.kt:25)
05-07 02:10:55.538 8607 8607 W System.err: at com.taptap.other.basic.impl.ui.HomeBottomBar.onClick(HomeBottomBar.java:364)
05-07 02:10:55.538 8607 8607 W System.err: at android.view.View.performClick(View.java:7441)
05-07 02:10:55.538 8607 8607 W System.err: at android.view.View.performClickInternal(View.java:7418)
05-07 02:10:55.538 8607 8607 W System.err: at android.view.View.access$3700(View.java:835)
05-07 02:10:55.538 8607 8607 W System.err: at android.view.View$PerformClick.run(View.java:28681)
05-07 02:10:55.538 8607 8607 W System.err: at android.os.Handler.handleCallback(Handler.java:938)
05-07 02:10:55.538 8607 8607 W System.err: at android.os.Handler.dispatchMessage(Handler.java:99)
05-07 02:10:55.538 8607 8607 W System.err: at android.os.Looper.loopOnce(Looper.java:201)
05-07 02:10:55.538 8607 8607 W System.err: at android.os.Looper.loop(Looper.java:288)
05-07 02:10:55.538 8607 8607 W System.err: at android.app.ActivityThread.main(ActivityThread.java:7880)
05-07 02:10:55.538 8607 8607 W System.err: at java.lang.reflect.Method.invoke(Native Method)
05-07 02:10:55.538 8607 8607 W System.err: at com.android.internal.os.RuntimeInit$MethodAndArgsCaller.run(RuntimeInit.java:548)
05-07 02:10:55.538 8607 8607 W System.err: at com.android.internal.os.ZygoteInit.main(ZygoteInit.java:1009)
05-07 02:10:55.539 8607 8607 W System.err: java.lang.IllegalStateException: View com.taptap.other.basic.impl.ui.home.bottombar.HomeBottomItemView{e96dd43 VFE...C.. ..SP.... 0,0-87,81} does not have a Fragment set
05-07 02:10:55.539 8607 8607 W System.err: at androidx.fragment.app.FragmentManager.findFragment(FragmentManager.java:795)
05-07 02:10:55.539 8607 8607 W System.err: at com.taptap.infra.log.common.log.extension.NavLogExtensionsKt.findCurFragment(NavLogExtensions.kt:17)
05-07 02:10:55.539 8607 8607 W System.err: at com.taptap.other.basic.impl.application.log.TapLogCallbackImpl.setTopPagerParams(TapLogCallbackImpl.kt:160)
05-07 02:10:55.539 8607 8607 W System.err: at com.taptap.infra.log.common.track.sdk.RealParamsHandler.storeParams2TopPager(RealParamsHandler.kt:41)
05-07 02:10:55.539 8607 8607 W System.err: at com.taptap.infra.log.common.track.retrofit.legacy.ClickHelper.storeTrackParams2Pager(ClickHelper.kt:19)
05-07 02:10:55.539 8607 8607 W System.err: at com.taptap.infra.log.common.track.retrofit.aspectj.ClickAspect.clickEvent(ClickAspect.kt:25)
05-07 02:10:55.539 8607 8607 W System.err: at com.taptap.other.basic.impl.ui.HomeBottomBar.onClick(HomeBottomBar.java:364)
05-07 02:10:55.539 8607 8607 W System.err: at android.view.View.performClick(View.java:7441)
05-07 02:10:55.540 8607 8607 W System.err: at android.view.View.performClickInternal(View.java:7418)
05-07 02:10:55.540 8607 8607 W System.err: at android.view.View.access$3700(View.java:835)
05-07 02:10:55.540 8607 8607 W System.err: at android.view.View$PerformClick.run(View.java:28681)
05-07 02:10:55.540 8607 8607 W System.err: at android.os.Handler.handleCallback(Handler.java:938)
05-07 02:10:55.540 8607 8607 W System.err: at android.os.Handler.dispatchMessage(Handler.java:99)
05-07 02:10:55.540 8607 8607 W System.err: at android.os.Looper.loopOnce(Looper.java:201)
05-07 02:10:55.540 8607 8607 W System.err: at android.os.Looper.loop(Looper.java:288)
05-07 02:10:55.540 8607 8607 W System.err: at android.app.ActivityThread.main(ActivityThread.java:7880)
05-07 02:10:55.540 8607 8607 W System.err: at java.lang.reflect.Method.invoke(Native Method)
05-07 02:10:55.540 8607 8607 W System.err: at com.android.internal.os.RuntimeInit$MethodAndArgsCaller.run(RuntimeInit.java:548)
05-07 02:10:55.540 8607 8607 W System.err: at com.android.internal.os.ZygoteInit.main(ZygoteInit.java:1009)
05-07 02:10:55.541 8607 8607 W System.err: java.lang.IllegalStateException: View com.taptap.other.basic.impl.ui.home.bottombar.HomeBottomItemView{e96dd43 VFE...C.. ..SP.... 0,0-87,81} does not have a Fragment set
05-07 02:10:55.541 8607 8607 W System.err: at androidx.fragment.app.FragmentManager.findFragment(FragmentManager.java:795)
05-07 02:10:55.541 8607 8607 W System.err: at com.taptap.infra.log.common.log.extension.NavLogExtensionsKt.findCurFragment(NavLogExtensions.kt:17)
05-07 02:10:55.541 8607 8607 W System.err: at com.taptap.other.basic.impl.application.log.TapLogCallbackImpl.setTopPagerCtx(TapLogCallbackImpl.kt:186)
05-07 02:10:55.541 8607 8607 W System.err: at com.taptap.infra.log.common.track.thread.TrackModelRCtxInterceptor.saveRCtx2TopPager(TrackModelRCtxInterceptor.kt:97)
05-07 02:10:55.541 8607 8607 W System.err: at com.taptap.infra.log.common.track.thread.TrackModelRCtxInterceptor.access$saveRCtx2TopPager(TrackModelRCtxInterceptor.kt:21)
05-07 02:10:55.541 8607 8607 W System.err: at com.taptap.infra.log.common.track.thread.TrackModelRCtxInterceptor$invoke$1.invoke(TrackModelRCtxInterceptor.kt:36)
05-07 02:10:55.541 8607 8607 W System.err: at com.taptap.infra.log.common.track.thread.TrackModelRCtxInterceptor$invoke$1.invoke(TrackModelRCtxInterceptor.kt:27)
05-07 02:10:55.541 8607 8607 W System.err: at com.taptap.infra.log.track.common.interceptor.KChainCreatorKt$createChain$1.process(KChainCreator.kt:21)
05-07 02:10:55.541 8607 8607 W System.err: at com.taptap.infra.log.common.track.retrofit.legacy.ClickHelper.storeTrackParams2Pager(ClickHelper.kt:20)
05-07 02:10:55.542 8607 8607 W System.err: at com.taptap.infra.log.common.track.retrofit.aspectj.ClickAspect.clickEvent(ClickAspect.kt:25)
05-07 02:10:55.542 8607 8607 W System.err: at com.taptap.other.basic.impl.ui.HomeBottomBar.onClick(HomeBottomBar.java:364)
05-07 02:10:55.542 8607 8607 W System.err: at android.view.View.performClick(View.java:7441)
05-07 02:10:55.542 8607 8607 W System.err: at android.view.View.performClickInternal(View.java:7418)
05-07 02:10:55.542 8607 8607 W System.err: at android.view.View.access$3700(View.java:835)
05-07 02:10:55.542 8607 8607 W System.err: at android.view.View$PerformClick.run(View.java:28681)
05-07 02:10:55.542 8607 8607 W System.err: at android.os.Handler.handleCallback(Handler.java:938)
05-07 02:10:55.542 8607 8607 W System.err: at android.os.Handler.dispatchMessage(Handler.java:99)
05-07 02:10:55.542 8607 8607 W System.err: at android.os.Looper.loopOnce(Looper.java:201)
05-07 02:10:55.542 8607 8607 W System.err: at android.os.Looper.loop(Looper.java:288)
05-07 02:10:55.542 8607 8607 W System.err: at android.app.ActivityThread.main(ActivityThread.java:7880)
05-07 02:10:55.542 8607 8607 W System.err: at java.lang.reflect.Method.invoke(Native Method)
05-07 02:10:55.542 8607 8607 W System.err: at com.android.internal.os.RuntimeInit$MethodAndArgsCaller.run(RuntimeInit.java:548)
05-07 02:10:55.542 8607 8607 W System.err: at com.android.internal.os.ZygoteInit.main(ZygoteInit.java:1009)
05-07 02:10:55.545 8607 9013 W System.err: java.lang.IllegalStateException: View com.taptap.other.basic.impl.ui.home.bottombar.HomeBottomItemView{e96dd43 VFE...C.. ..S..... 0,0-87,81} does not have a Fragment set
05-07 02:10:55.545 8607 9013 W System.err: at androidx.fragment.app.FragmentManager.findFragment(FragmentManager.java:795)
05-07 02:10:55.545 8607 9013 W System.err: at com.taptap.infra.log.common.log.extension.NavLogExtensionsKt.findCurFragment(NavLogExtensions.kt:17)
05-07 02:10:55.545 8607 9013 W System.err: at com.taptap.infra.log.common.logs.TapLogsHelper$Companion.generateLogs(TapLogsHelper.kt:473)
05-07 02:10:55.545 8607 9013 W System.err: at com.taptap.infra.log.common.logs.TapLogsHelper$Companion$click$1.invokeSuspend(TapLogsHelper.kt:216)
05-07 02:10:55.545 8607 9013 W System.err: at kotlin.coroutines.jvm.internal.BaseContinuationImpl.resumeWith(ContinuationImpl.kt:33)
05-07 02:10:55.545 8607 9013 W System.err: at kotlinx.coroutines.DispatchedTask.run(DispatchedTask.kt:106)
05-07 02:10:55.545 8607 9013 W System.err: at java.util.concurrent.Executors$RunnableAdapter.call(Executors.java:462)
05-07 02:10:55.545 8607 9013 W System.err: at java.util.concurrent.FutureTask.run(FutureTask.java:266)
05-07 02:10:55.545 8607 9013 W System.err: at java.util.concurrent.ScheduledThreadPoolExecutor$ScheduledFutureTask.run(ScheduledThreadPoolExecutor.java:301)
05-07 02:10:55.545 8607 9013 W System.err: at java.util.concurrent.ThreadPoolExecutor.runWorker(ThreadPoolExecutor.java:1167)
05-07 02:10:55.545 8607 9013 W System.err: at java.util.concurrent.ThreadPoolExecutor$Worker.run(ThreadPoolExecutor.java:641)
05-07 02:10:55.545 8607 9013 W System.err: at java.lang.Thread.run(Thread.java:920)
01-01 08:18:39.105 0 0 E : [MAX975X:max96755g_write_bytes] *ERROR* i2c master send 0x80 err
01-01 08:18:39.212 0 0 E i2c_geni 980000.i2c: i2c error :-107
01-01 08:18:39.224 0 0 E : [MAX975X:max96755x_vc1_lcd_dtc_check] *ERROR* Failed to read dev:0x15 addr:0x80
01-01 08:18:39.233 0 0 E i2c_geni 980000.i2c: i2c error :-107
01-01 08:18:39.238 0 0 E : [MAX975X:max96755g_write_bytes] *ERROR* i2c master send 0x80 err
01-01 08:18:39.340 0 0 E i2c_geni 980000.i2c: i2c error :-107
01-01 08:18:39.352 0 0 E : [MAX975X:max96755x_vc1_lcd_dtc_check] *ERROR* Failed to read dev:0x15 addr:0x80
01-01 08:18:39.361 0 0 E i2c_geni 980000.i2c: i2c error :-107
05-07 02:10:55.737 1092 1691 W InputDispatcher: Asynchronous input event injection failed.
01-01 08:18:39.365 0 0 E : [MAX975X:max96755g_write_bytes] *ERROR* i2c master send 0x80 err
01-01 08:18:39.468 0 0 E i2c_geni 980000.i2c: i2c error :-107
01-01 08:18:39.480 0 0 E : [MAX975X:max96755x_vc1_lcd_dtc_check] *ERROR* Failed to read dev:0x15 addr:0x80
01-01 08:18:39.489 0 0 E i2c_geni 980000.i2c: i2c error :-107
01-01 08:18:39.494 0 0 E : [MAX975X:max96755g_write_bytes] *ERROR* i2c master send 0x80 err
01-01 08:18:39.596 0 0 E i2c_geni 980000.i2c: i2c error :-107
01-01 08:18:39.608 0 0 E : [MAX975X:max96755x_vc1_lcd_dtc_check] *ERROR* Failed to read dev:0x15 addr:0x80
01-01 08:18:39.617 0 0 E i2c_geni 980000.i2c: i2c error :-107
05-07 02:10:55.963 6004 6017 E ocessService0:: failed to create Unix domain socket: Operation not permitted
01-01 08:18:39.622 0 0 E : [MAX975X:max96755g_write_bytes] *ERROR* i2c master send 0x80 err
01-01 08:18:39.725 0 0 E i2c_geni 980000.i2c: i2c error :-107
01-01 08:18:39.737 0 0 E : [MAX975X:max96755x_vc1_lcd_dtc_check] *ERROR* Failed to read dev:0x15 addr:0x80
01-01 08:18:39.746 0 0 E i2c_geni 980000.i2c: i2c error :-107
01-01 08:18:39.751 0 0 E : [MAX975X:max96755g_write_bytes] *ERROR* i2c master send 0x80 err
01-01 08:18:39.852 0 0 E i2c_geni 980000.i2c: i2c error :-107
01-01 08:18:39.864 0 0 E : [MAX975X:max96755x_vc1_lcd_dtc_check] *ERROR* Failed to read dev:0x15 addr:0x80
01-01 08:18:39.873 0 0 E i2c_geni 980000.i2c: i2c error :-107
05-07 02:10:56.267 8607 8607 D ViewTouchDebug: mView : DecorView@67f3de4[MainProxyActivity]Receive event : MotionEvent { action=ACTION_DOWN, actionButton=0, id[0]=0, x[0]=146.0, y[0]=985.0, toolType[0]=TOOL_TYPE_FINGER, buttonState=0, classification=NONE, metaState=0, flags=0x0, edgeFlags=0x0, pointerCount=1, historySize=0, eventTime=1112800, downTime=1112800, deviceId=-1, source=0x1002, displayId=0, eventId=-420574710 }
05-07 02:10:56.267 1916 1916 D ViewTouchDebug: mView : com.android.systemui.navigationbar.NavigationBarFrame{e5b3745 V.E...... ........ 0,0-2560,46 #7f0b03f2 app:id/navigation_bar_frame}Receive event : MotionEvent { action=ACTION_OUTSIDE, actionButton=0, id[0]=0, x[0]=0.0, y[0]=-1034.0, toolType[0]=TOOL_TYPE_FINGER, buttonState=0, classification=NONE, metaState=0, flags=0x0, edgeFlags=0x0, pointerCount=1, historySize=0, eventTime=1112800, downTime=1112800, deviceId=-1, source=0x1002, displayId=0, eventId=1253847533 }
01-01 08:18:39.878 0 0 E : [MAX975X:max96755g_write_bytes] *ERROR* i2c master send 0x80 err
01-01 08:18:39.979 0 0 E i2c_geni 980000.i2c: i2c error :-107
01-01 08:18:39.991 0 0 E : [MAX975X:max96755x_vc1_lcd_dtc_check] *ERROR* Failed to read dev:0x15 addr:0x80
01-01 08:18:40.000 0 0 E i2c_geni 980000.i2c: i2c error :-107
05-07 02:10:56.344 8607 8607 D ViewTouchDebug: mView : DecorView@67f3de4[MainProxyActivity]Receive event : MotionEvent { action=ACTION_MOVE, actionButton=0, id[0]=0, x[0]=144.0, y[0]=985.0, toolType[0]=TOOL_TYPE_FINGER, buttonState=0, classification=NONE, metaState=0, flags=0x0, edgeFlags=0x0, pointerCount=1, historySize=0, eventTime=1112877, downTime=1112800, deviceId=-1, source=0x1002, displayId=0, eventId=-848939903 }
05-07 02:10:56.365 8607 8607 D ViewTouchDebug: mView : DecorView@67f3de4[MainProxyActivity]Receive event : MotionEvent { action=ACTION_UP, actionButton=0, id[0]=0, x[0]=144.0, y[0]=985.0, toolType[0]=TOOL_TYPE_FINGER, buttonState=0, classification=NONE, metaState=0, flags=0x0, edgeFlags=0x0, pointerCount=1, historySize=0, eventTime=1112898, downTime=1112800, deviceId=-1, source=0x1002, displayId=0, eventId=-869504685 }
05-07 02:10:56.377 8607 8607 W System.err: java.lang.IllegalStateException: View com.taptap.other.basic.impl.ui.home.bottombar.HomeBottomItemView{6e16801 VFE...C.. ...P.... 87,0-174,81} does not have a Fragment set
05-07 02:10:56.378 8607 8607 W System.err: at androidx.fragment.app.FragmentManager.findFragment(FragmentManager.java:795)
05-07 02:10:56.378 8607 8607 W System.err: at com.taptap.infra.log.common.log.extension.NavLogExtensionsKt.findCurFragment(NavLogExtensions.kt:17)
05-07 02:10:56.378 8607 8607 W System.err: at com.taptap.other.basic.impl.application.log.TapLogCallbackImpl.setTopPagerVia(TapLogCallbackImpl.kt:138)
05-07 02:10:56.378 8607 8607 W System.err: at com.taptap.infra.log.common.logs.ViaHelper.recordClick(ViaHelper.java:46)
05-07 02:10:56.378 8607 8607 W System.err: at com.taptap.infra.log.common.track.retrofit.legacy.ClickHelper.storeTrackParams2Pager(ClickHelper.kt:17)
05-07 02:10:56.378 8607 8607 W System.err: at com.taptap.infra.log.common.track.retrofit.aspectj.ClickAspect.clickEvent(ClickAspect.kt:25)
05-07 02:10:56.379 8607 8607 W System.err: at com.taptap.other.basic.impl.ui.HomeBottomBar.onClick(HomeBottomBar.java:364)
05-07 02:10:56.379 8607 8607 W System.err: at android.view.View.performClick(View.java:7441)
05-07 02:10:56.379 8607 8607 W System.err: at android.view.View.performClickInternal(View.java:7418)
05-07 02:10:56.379 8607 8607 W System.err: at android.view.View.access$3700(View.java:835)
05-07 02:10:56.379 8607 8607 W System.err: at android.view.View$PerformClick.run(View.java:28681)
05-07 02:10:56.379 8607 8607 W System.err: at android.os.Handler.handleCallback(Handler.java:938)
05-07 02:10:56.379 8607 8607 W System.err: at android.os.Handler.dispatchMessage(Handler.java:99)
05-07 02:10:56.379 8607 8607 W System.err: at android.os.Looper.loopOnce(Looper.java:201)
05-07 02:10:56.379 8607 8607 W System.err: at android.os.Looper.loop(Looper.java:288)
05-07 02:10:56.380 8607 8607 W System.err: at android.app.ActivityThread.main(ActivityThread.java:7880)
05-07 02:10:56.380 8607 8607 W System.err: at java.lang.reflect.Method.invoke(Native Method)
05-07 02:10:56.380 8607 8607 W System.err: at com.android.internal.os.RuntimeInit$MethodAndArgsCaller.run(RuntimeInit.java:548)
05-07 02:10:56.380 8607 8607 W System.err: at com.android.internal.os.ZygoteInit.main(ZygoteInit.java:1009)
05-07 02:10:56.380 8607 8607 W System.err: java.lang.IllegalStateException: View com.taptap.other.basic.impl.ui.home.bottombar.HomeBottomItemView{6e16801 VFE...C.. ...P.... 87,0-174,81} does not have a Fragment set
05-07 02:10:56.381 8607 8607 W System.err: at androidx.fragment.app.FragmentManager.findFragment(FragmentManager.java:795)
05-07 02:10:56.381 8607 8607 W System.err: at com.taptap.infra.log.common.log.extension.NavLogExtensionsKt.findCurFragment(NavLogExtensions.kt:17)
05-07 02:10:56.381 8607 8607 W System.err: at com.taptap.other.basic.impl.application.log.TapLogCallbackImpl.setTopPagerProperty(TapLogCallbackImpl.kt:214)
05-07 02:10:56.381 8607 8607 W System.err: at com.taptap.infra.log.common.logs.PropertyHelper$Companion.recordClick(PropertyHelper.kt:33)
05-07 02:10:56.381 8607 8607 W System.err: at com.taptap.infra.log.common.track.retrofit.legacy.ClickHelper.storeTrackParams2Pager(ClickHelper.kt:18)
05-07 02:10:56.381 8607 8607 W System.err: at com.taptap.infra.log.common.track.retrofit.aspectj.ClickAspect.clickEvent(ClickAspect.kt:25)
05-07 02:10:56.381 8607 8607 W System.err: at com.taptap.other.basic.impl.ui.HomeBottomBar.onClick(HomeBottomBar.java:364)
05-07 02:10:56.382 8607 8607 W System.err: at android.view.View.performClick(View.java:7441)
05-07 02:10:56.382 8607 8607 W System.err: at android.view.View.performClickInternal(View.java:7418)
05-07 02:10:56.382 8607 8607 W System.err: at android.view.View.access$3700(View.java:835)
05-07 02:10:56.382 8607 8607 W System.err: at android.view.View$PerformClick.run(View.java:28681)
05-07 02:10:56.382 8607 8607 W System.err: at android.os.Handler.handleCallback(Handler.java:938)
05-07 02:10:56.382 8607 8607 W System.err: at android.os.Handler.dispatchMessage(Handler.java:99)
05-07 02:10:56.382 8607 8607 W System.err: at android.os.Looper.loopOnce(Looper.java:201)
05-07 02:10:56.382 8607 8607 W System.err: at android.os.Looper.loop(Looper.java:288)
05-07 02:10:56.382 8607 8607 W System.err: at android.app.ActivityThread.main(ActivityThread.java:7880)
05-07 02:10:56.383 8607 8607 W System.err: at java.lang.reflect.Method.invoke(Native Method)
05-07 02:10:56.383 8607 8607 W System.err: at com.android.internal.os.RuntimeInit$MethodAndArgsCaller.run(RuntimeInit.java:548)
05-07 02:10:56.383 8607 8607 W System.err: at com.android.internal.os.ZygoteInit.main(ZygoteInit.java:1009)
05-07 02:10:56.383 8607 8607 W System.err: java.lang.IllegalStateException: View com.taptap.other.basic.impl.ui.home.bottombar.HomeBottomItemView{6e16801 VFE...C.. ...P.... 87,0-174,81} does not have a Fragment set
05-07 02:10:56.383 8607 8607 W System.err: at androidx.fragment.app.FragmentManager.findFragment(FragmentManager.java:795)
05-07 02:10:56.384 8607 8607 W System.err: at com.taptap.infra.log.common.log.extension.NavLogExtensionsKt.findCurFragment(NavLogExtensions.kt:17)
05-07 02:10:56.384 8607 8607 W System.err: at com.taptap.infra.log.common.track.sdk.RealParamsHandler.calculateRTrackIds(RealParamsHandler.kt:80)
05-07 02:10:56.384 8607 8607 W System.err: at com.taptap.infra.log.common.track.sdk.RealParamsHandler.storeParams2TopPager(RealParamsHandler.kt:36)
05-07 02:10:56.384 8607 8607 W System.err: at com.taptap.infra.log.common.track.retrofit.legacy.ClickHelper.storeTrackParams2Pager(ClickHelper.kt:19)
05-07 02:10:56.384 8607 8607 W System.err: at com.taptap.infra.log.common.track.retrofit.aspectj.ClickAspect.clickEvent(ClickAspect.kt:25)
05-07 02:10:56.384 8607 8607 W System.err: at com.taptap.other.basic.impl.ui.HomeBottomBar.onClick(HomeBottomBar.java:364)
05-07 02:10:56.384 8607 8607 W System.err: at android.view.View.performClick(View.java:7441)
05-07 02:10:56.384 8607 8607 W System.err: at android.view.View.performClickInternal(View.java:7418)
05-07 02:10:56.385 8607 8607 W System.err: at android.view.View.access$3700(View.java:835)
05-07 02:10:56.385 8607 8607 W System.err: at android.view.View$PerformClick.run(View.java:28681)
05-07 02:10:56.385 8607 8607 W System.err: at android.os.Handler.handleCallback(Handler.java:938)
05-07 02:10:56.385 8607 8607 W System.err: at android.os.Handler.dispatchMessage(Handler.java:99)
05-07 02:10:56.385 8607 8607 W System.err: at android.os.Looper.loopOnce(Looper.java:201)
05-07 02:10:56.385 8607 8607 W System.err: at android.os.Looper.loop(Looper.java:288)
05-07 02:10:56.385 8607 8607 W System.err: at android.app.ActivityThread.main(ActivityThread.java:7880)
05-07 02:10:56.386 8607 8607 W System.err: at java.lang.reflect.Method.invoke(Native Method)
05-07 02:10:56.386 8607 8607 W System.err: at com.android.internal.os.RuntimeInit$MethodAndArgsCaller.run(RuntimeInit.java:548)
05-07 02:10:56.386 8607 8607 W System.err: at com.android.internal.os.ZygoteInit.main(ZygoteInit.java:1009)
05-07 02:10:56.386 8607 8607 W System.err: java.lang.IllegalStateException: View com.taptap.other.basic.impl.ui.home.bottombar.HomeBottomItemView{6e16801 VFE...C.. ...P.... 87,0-174,81} does not have a Fragment set
05-07 02:10:56.386 8607 8607 W System.err: at androidx.fragment.app.FragmentManager.findFragment(FragmentManager.java:795)
05-07 02:10:56.386 8607 8607 W System.err: at com.taptap.infra.log.common.log.extension.NavLogExtensionsKt.findCurFragment(NavLogExtensions.kt:17)
05-07 02:10:56.387 8607 8607 W System.err: at com.taptap.other.basic.impl.application.log.TapLogCallbackImpl.setTopPagerParams(TapLogCallbackImpl.kt:160)
05-07 02:10:56.387 8607 8607 W System.err: at com.taptap.infra.log.common.track.sdk.RealParamsHandler.storeParams2TopPager(RealParamsHandler.kt:41)
05-07 02:10:56.387 8607 8607 W System.err: at com.taptap.infra.log.common.track.retrofit.legacy.ClickHelper.storeTrackParams2Pager(ClickHelper.kt:19)
05-07 02:10:56.387 8607 8607 W System.err: at com.taptap.infra.log.common.track.retrofit.aspectj.ClickAspect.clickEvent(ClickAspect.kt:25)
