05-07 02:10:05.721 3003 3003 I auditd : type=1400 audit(0.0:8247): avc: granted { getattr } for comm=4173796E635461736B2023323833 path="/proc/3003/net/arp" dev="proc" ino=4026532247 scontext=u:r:platform_app:s0:c512,c768 tcontext=u:object_r:proc_net:s0 tclass=file app=com.hht.lebocast
05-07 02:10:05.721 3003 3003 I auditd : type=1400 audit(0.0:8248): avc: granted { getattr } for comm=4173796E635461736B2023323833 path="/proc/3003/net/arp" dev="proc" ino=4026532247 scontext=u:r:platform_app:s0:c512,c768 tcontext=u:object_r:proc_net:s0 tclass=file app=com.hht.lebocast
05-07 02:10:07.129 1092 6559 I wm_task_moved: [21,1,7]
05-07 02:10:07.129 1092 6559 I wm_set_resumed_activity: [0,com.taptap/.infra.page.core.activity.MainProxyActivity,positionChildAt]
05-07 02:10:07.129 1092 6559 I wm_create_activity: [0,219745550,21,com.taptap/.common.account.ui.login.CheckOneKeyLoginActivity,NULL,NULL,NULL,0]
05-07 02:10:07.131 1092 6559 I wm_pause_activity: [0,66471529,com.taptap/.infra.page.core.activity.MainProxyActivity,userLeaving=true,resumeTopActivityInnerLocked]
05-07 02:10:07.136 8607 8607 I wm_on_top_resumed_lost_called: [66471529,com.taptap.infra.page.core.activity.MainProxyActivity,topStateChangedWhenResumed]
05-07 02:10:07.142 8607 8607 I wm_on_paused_called: [66471529,com.taptap.infra.page.core.activity.MainProxyActivity,performPause]
05-07 02:10:07.144 1092 6349 I wm_restart_activity: [0,219745550,21,com.taptap/.common.account.ui.login.CheckOneKeyLoginActivity]
05-07 02:10:07.145 1092 6349 I wm_set_resumed_activity: [0,com.taptap/.common.account.ui.login.CheckOneKeyLoginActivity,minimalResumeActivityLocked]
05-07 02:10:07.148 1092 1204 I sysui_multi_action: [757,803,799,window_time_0,802,103]
05-07 02:10:07.162 8607 8607 I wm_on_create_called: [219745550,com.taptap.common.account.ui.login.CheckOneKeyLoginActivity,performCreate]
05-07 02:10:07.165 8607 8607 I wm_on_start_called: [219745550,com.taptap.common.account.ui.login.CheckOneKeyLoginActivity,handleStartActivity]
05-07 02:10:07.170 8607 8607 I wm_on_resume_called: [219745550,com.taptap.common.account.ui.login.CheckOneKeyLoginActivity,RESUME_ACTIVITY]
05-07 02:10:07.176 8607 8607 I wm_on_top_resumed_gained_called: [219745550,com.taptap.common.account.ui.login.CheckOneKeyLoginActivity,topStateChangedWhenResumed]
05-07 02:10:07.183 1092 1206 I input_focus: [Focus request 4dcec1a com.taptap/com.taptap.common.account.ui.login.CheckOneKeyLoginActivity,reason=UpdateInputWindows]
05-07 02:10:07.161 8607 8607 I auditd : type=1400 audit(0.0:8249): avc: granted { nlmsg_readpriv } for comm="pool-11-thread-" scontext=u:r:untrusted_app_27:s0:c512,c768 tcontext=u:r:untrusted_app_27:s0:c512,c768 tclass=netlink_route_socket app=com.taptap
05-07 02:10:07.203 1092 1201 I wm_activity_launch_time: [0,219745550,com.taptap/.common.account.ui.login.CheckOneKeyLoginActivity,76]
05-07 02:10:07.204 1092 1691 I input_focus: [Focus leaving 5fa43f7 com.taptap/com.taptap.infra.page.core.activity.MainProxyActivity (server),reason=NOT_FOCUSABLE]
05-07 02:10:07.236 1092 1691 I input_focus: [Focus entering 4dcec1a com.taptap/com.taptap.common.account.ui.login.CheckOneKeyLoginActivity (server),reason=Window became focusable. Previous reason: NOT_VISIBLE]
05-07 02:10:07.525 1092 9387 I wm_task_moved: [21,1,7]
05-07 02:10:07.525 1092 9387 I wm_set_resumed_activity: [0,com.taptap/.common.account.ui.login.CheckOneKeyLoginActivity,positionChildAt]
05-07 02:10:07.525 1092 9387 I wm_create_activity: [0,216059701,21,com.taptap/.common.account.ui.login.LoginActivity,NULL,NULL,NULL,0]
05-07 02:10:07.526 1092 9387 I wm_pause_activity: [0,219745550,com.taptap/.common.account.ui.login.CheckOneKeyLoginActivity,userLeaving=true,resumeTopActivityInnerLocked]
05-07 02:10:07.531 8607 8607 I wm_on_top_resumed_lost_called: [219745550,com.taptap.common.account.ui.login.CheckOneKeyLoginActivity,topStateChangedWhenResumed]
05-07 02:10:07.535 8607 8607 I wm_on_paused_called: [219745550,com.taptap.common.account.ui.login.CheckOneKeyLoginActivity,performPause]
05-07 02:10:07.538 1092 6349 I wm_restart_activity: [0,216059701,21,com.taptap/.common.account.ui.login.LoginActivity]
05-07 02:10:07.539 1092 6349 I wm_set_resumed_activity: [0,com.taptap/.common.account.ui.login.LoginActivity,minimalResumeActivityLocked]
05-07 02:10:07.543 1092 1204 I sysui_multi_action: [757,803,799,window_time_0,802,1]
05-07 02:10:07.555 8607 8607 I wm_on_create_called: [216059701,com.taptap.common.account.ui.login.LoginActivity,performCreate]
05-07 02:10:07.570 8607 8607 I wm_on_start_called: [216059701,com.taptap.common.account.ui.login.LoginActivity,handleStartActivity]
05-07 02:10:07.577 8607 8607 I wm_on_resume_called: [216059701,com.taptap.common.account.ui.login.LoginActivity,RESUME_ACTIVITY]
05-07 02:10:07.584 8607 8607 I wm_on_top_resumed_gained_called: [216059701,com.taptap.common.account.ui.login.LoginActivity,topStateChangedWhenResumed]
05-07 02:10:07.593 1092 1206 I input_focus: [Focus request 95c29b1 com.taptap/com.taptap.common.account.ui.login.LoginActivity,reason=UpdateInputWindows]
05-07 02:10:07.611 1092 1691 I input_focus: [Focus leaving 4dcec1a com.taptap/com.taptap.common.account.ui.login.CheckOneKeyLoginActivity (server),reason=NOT_FOCUSABLE]
05-07 02:10:07.620 1092 1201 I wm_activity_launch_time: [0,216059701,com.taptap/.common.account.ui.login.LoginActivity,98]
05-07 02:10:07.630 1092 1691 I input_focus: [Focus entering 95c29b1 com.taptap/com.taptap.common.account.ui.login.LoginActivity (server),reason=Window became focusable. Previous reason: NOT_VISIBLE]
05-07 02:10:07.706 1092 1691 I input_interaction: Interaction with: 95c29b1 com.taptap/com.taptap.common.account.ui.login.LoginActivity (server), edge-swipe (server), swipe-up (server), PointerEventDispatcher0 (server),
05-07 02:10:07.817 8607 8607 I auditd : type=1400 audit(0.0:8250): avc: granted { nlmsg_readpriv } for comm="pool-11-thread-" scontext=u:r:untrusted_app_27:s0:c512,c768 tcontext=u:r:untrusted_app_27:s0:c512,c768 tclass=netlink_route_socket app=com.taptap
05-07 02:10:08.401 8607 8607 I auditd : type=1400 audit(0.0:8251): avc: granted { nlmsg_readpriv } for comm="pool-11-thread-" scontext=u:r:untrusted_app_27:s0:c512,c768 tcontext=u:r:untrusted_app_27:s0:c512,c768 tclass=netlink_route_socket app=com.taptap
05-07 02:10:08.953 8607 8607 I auditd : type=1400 audit(0.0:8252): avc: granted { nlmsg_readpriv } for comm="pool-11-thread-" scontext=u:r:untrusted_app_27:s0:c512,c768 tcontext=u:r:untrusted_app_27:s0:c512,c768 tclass=netlink_route_socket app=com.taptap
05-07 02:10:09.193 3003 3003 I auditd : type=1400 audit(0.0:8253): avc: granted { read } for comm=4173796E635461736B2023323834 name="arp" dev="proc" ino=4026532247 scontext=u:r:platform_app:s0:c512,c768 tcontext=u:object_r:proc_net:s0 tclass=file app=com.hht.lebocast
05-07 02:10:09.193 3003 3003 I auditd : type=1400 audit(0.0:8254): avc: granted { read open } for comm=4173796E635461736B2023323834 path="/proc/3003/net/arp" dev="proc" ino=4026532247 scontext=u:r:platform_app:s0:c512,c768 tcontext=u:object_r:proc_net:s0 tclass=file app=com.hht.lebocast
05-07 02:10:09.193 3003 3003 I auditd : type=1400 audit(0.0:8255): avc: granted { getattr } for comm=4173796E635461736B2023323834 path="/proc/3003/net/arp" dev="proc" ino=4026532247 scontext=u:r:platform_app:s0:c512,c768 tcontext=u:object_r:proc_net:s0 tclass=file app=com.hht.lebocast
05-07 02:10:09.197 3003 3003 I auditd : type=1400 audit(0.0:8256): avc: granted { getattr } for comm=4173796E635461736B2023323834 path="/proc/3003/net/arp" dev="proc" ino=4026532247 scontext=u:r:platform_app:s0:c512,c768 tcontext=u:object_r:proc_net:s0 tclass=file app=com.hht.lebocast
05-07 02:10:09.383 1092 1893 I sync : [com.tencent.android.qqdownloader.YYBLiveAccountProvider,0,3,24220937]
05-07 02:10:09.417 3003 3003 I auditd : type=1400 audit(0.0:8257): avc: granted { read } for comm=4173796E635461736B2023323835 name="arp" dev="proc" ino=4026532247 scontext=u:r:platform_app:s0:c512,c768 tcontext=u:object_r:proc_net:s0 tclass=file app=com.hht.lebocast
05-07 02:10:09.452 1092 1893 I sync : [com.tencent.android.qqdownloader.YYBLiveAccountProvider,1,3,24220937]
05-07 02:10:09.455 1092 1893 I commit_sys_config_file: [sync-status,782739]
05-07 02:10:09.469 1092 1893 I sync : [com.tencent.android.qqdownloader.YYBLiveAccountProvider,0,3,24220937]
05-07 02:10:09.417 3003 3003 I auditd : type=1400 audit(0.0:8258): avc: granted { read open } for comm=4173796E635461736B2023323835 path="/proc/3003/net/arp" dev="proc" ino=4026532247 scontext=u:r:platform_app:s0:c512,c768 tcontext=u:object_r:proc_net:s0 tclass=file app=com.hht.lebocast
05-07 02:10:09.417 3003 3003 I auditd : type=1400 audit(0.0:8259): avc: granted { getattr } for comm=4173796E635461736B2023323835 path="/proc/3003/net/arp" dev="proc" ino=4026532247 scontext=u:r:platform_app:s0:c512,c768 tcontext=u:object_r:proc_net:s0 tclass=file app=com.hht.lebocast
05-07 02:10:09.553 1092 1893 I sync : [com.tencent.android.qqdownloader.YYBLiveAccountProvider,1,3,24220937]
05-07 02:10:09.556 1092 1893 I commit_sys_config_file: [sync-status,782840]
05-07 02:10:10.341 3003 3003 I auditd : type=1400 audit(0.0:8265): avc: granted { read } for comm=4173796E635461736B2023323837 name="arp" dev="proc" ino=4026532247 scontext=u:r:platform_app:s0:c512,c768 tcontext=u:object_r:proc_net:s0 tclass=file app=com.hht.lebocast
05-07 02:10:10.341 3003 3003 I auditd : type=1400 audit(0.0:8266): avc: granted { read open } for comm=4173796E635461736B2023323837 path="/proc/3003/net/arp" dev="proc" ino=4026532247 scontext=u:r:platform_app:s0:c512,c768 tcontext=u:object_r:proc_net:s0 tclass=file app=com.hht.lebocast
05-07 02:10:10.341 3003 3003 I auditd : type=1400 audit(0.0:8267): avc: granted { getattr } for comm=4173796E635461736B2023323837 path="/proc/3003/net/arp" dev="proc" ino=4026532247 scontext=u:r:platform_app:s0:c512,c768 tcontext=u:object_r:proc_net:s0 tclass=file app=com.hht.lebocast
05-07 02:10:10.345 3003 3003 I auditd : type=1400 audit(0.0:8268): avc: granted { getattr } for comm=4173796E635461736B2023323837 path="/proc/3003/net/arp" dev="proc" ino=4026532247 scontext=u:r:platform_app:s0:c512,c768 tcontext=u:object_r:proc_net:s0 tclass=file app=com.hht.lebocast
05-07 02:10:10.729 3003 3003 I auditd : type=1400 audit(0.0:8269): avc: granted { read } for comm=4173796E635461736B2023323838 name="arp" dev="proc" ino=4026532247 scontext=u:r:platform_app:s0:c512,c768 tcontext=u:object_r:proc_net:s0 tclass=file app=com.hht.lebocast
05-07 02:10:11.345 3003 3003 I auditd : type=1400 audit(0.0:8274): avc: granted { read } for comm=4173796E635461736B2023323839 name="arp" dev="proc" ino=4026532247 scontext=u:r:platform_app:s0:c512,c768 tcontext=u:object_r:proc_net:s0 tclass=file app=com.hht.lebocast
05-07 02:10:11.345 3003 3003 I auditd : type=1400 audit(0.0:8275): avc: granted { read open } for comm=4173796E635461736B2023323839 path="/proc/3003/net/arp" dev="proc" ino=4026532247 scontext=u:r:platform_app:s0:c512,c768 tcontext=u:object_r:proc_net:s0 tclass=file app=com.hht.lebocast
05-07 02:10:11.345 3003 3003 I auditd : type=1400 audit(0.0:8276): avc: granted { getattr } for comm=4173796E635461736B2023323839 path="/proc/3003/net/arp" dev="proc" ino=4026532247 scontext=u:r:platform_app:s0:c512,c768 tcontext=u:object_r:proc_net:s0 tclass=file app=com.hht.lebocast
05-07 02:10:11.345 3003 3003 I auditd : type=1400 audit(0.0:8277): avc: granted { getattr } for comm=4173796E635461736B2023323839 path="/proc/3003/net/arp" dev="proc" ino=4026532247 scontext=u:r:platform_app:s0:c512,c768 tcontext=u:object_r:proc_net:s0 tclass=file app=com.hht.lebocast
05-07 02:10:11.478 1092 1203 I commit_sys_config_file: [jobs,9]
05-07 02:10:12.061 3003 3003 I auditd : type=1400 audit(0.0:8278): avc: granted { read } for comm=4173796E635461736B2023323930 name="arp" dev="proc" ino=4026532247 scontext=u:r:platform_app:s0:c512,c768 tcontext=u:object_r:proc_net:s0 tclass=file app=com.hht.lebocast
05-07 02:10:12.469 3003 3003 I auditd : type=1400 audit(0.0:8282): avc: granted { read } for comm=4173796E635461736B2023323931 name="arp" dev="proc" ino=4026532247 scontext=u:r:platform_app:s0:c512,c768 tcontext=u:object_r:proc_net:s0 tclass=file app=com.hht.lebocast
05-07 02:10:12.469 3003 3003 I auditd : type=1400 audit(0.0:8283): avc: granted { read open } for comm=4173796E635461736B2023323931 path="/proc/3003/net/arp" dev="proc" ino=4026532247 scontext=u:r:platform_app:s0:c512,c768 tcontext=u:object_r:proc_net:s0 tclass=file app=com.hht.lebocast
05-07 02:10:12.469 3003 3003 I auditd : type=1400 audit(0.0:8284): avc: granted { getattr } for comm=4173796E635461736B2023323931 path="/proc/3003/net/arp" dev="proc" ino=4026532247 scontext=u:r:platform_app:s0:c512,c768 tcontext=u:object_r:proc_net:s0 tclass=file app=com.hht.lebocast
05-07 02:10:12.469 3003 3003 I auditd : type=1400 audit(0.0:8285): avc: granted { getattr } for comm=4173796E635461736B2023323931 path="/proc/3003/net/arp" dev="proc" ino=4026532247 scontext=u:r:platform_app:s0:c512,c768 tcontext=u:object_r:proc_net:s0 tclass=file app=com.hht.lebocast
05-07 02:10:13.081 3003 3003 I auditd : type=1400 audit(0.0:8286): avc: granted { read } for comm=4173796E635461736B2023323636 name="arp" dev="proc" ino=4026532247 scontext=u:r:platform_app:s0:c512,c768 tcontext=u:object_r:proc_net:s0 tclass=file app=com.hht.lebocast
05-07 02:10:17.336 1092 1092 I notification_enqueue: [10100,5640,com.tencent.android.qqdownloader,127,NULL,0,Notification(channel=channel_id_default_silent shortcut=null contentView=com.tencent.android.qqdownloader/0x7f0a01c2 vibrate=null sound=null defaults=0x0 flags=0x2a2 color=0x00000000 groupKey=com.tencent.android.qqdownloader vis=PRIVATE),1]
05-07 02:10:18.521 3003 3003 I auditd : type=1400 audit(0.0:8290): avc: granted { read } for comm=4173796E635461736B2023323637 name="arp" dev="proc" ino=4026532247 scontext=u:r:platform_app:s0:c512,c768 tcontext=u:object_r:proc_net:s0 tclass=file app=com.hht.lebocast
05-07 02:10:18.521 3003 3003 I auditd : type=1400 audit(0.0:8291): avc: granted { read open } for comm=4173796E635461736B2023323637 path="/proc/3003/net/arp" dev="proc" ino=4026532247 scontext=u:r:platform_app:s0:c512,c768 tcontext=u:object_r:proc_net:s0 tclass=file app=com.hht.lebocast
05-07 02:10:18.525 3003 3003 I auditd : type=1400 audit(0.0:8292): avc: granted { getattr } for comm=4173796E635461736B2023323637 path="/proc/3003/net/arp" dev="proc" ino=4026532247 scontext=u:r:platform_app:s0:c512,c768 tcontext=u:object_r:proc_net:s0 tclass=file app=com.hht.lebocast
05-07 02:10:18.525 3003 3003 I auditd : type=1400 audit(0.0:8293): avc: granted { getattr } for comm=4173796E635461736B2023323637 path="/proc/3003/net/arp" dev="proc" ino=4026532247 scontext=u:r:platform_app:s0:c512,c768 tcontext=u:object_r:proc_net:s0 tclass=file app=com.hht.lebocast
05-07 02:10:19.021 3003 3003 I auditd : type=1400 audit(0.0:8294): avc: granted { read } for comm=4173796E635461736B2023323638 name="arp" dev="proc" ino=4026532247 scontext=u:r:platform_app:s0:c512,c768 tcontext=u:object_r:proc_net:s0 tclass=file app=com.hht.lebocast
05-07 02:10:19.537 3003 3003 I auditd : type=1400 audit(0.0:8302): avc: granted { read } for comm=4173796E635461736B2023323730 name="arp" dev="proc" ino=4026532247 scontext=u:r:platform_app:s0:c512,c768 tcontext=u:object_r:proc_net:s0 tclass=file app=com.hht.lebocast
05-07 02:10:19.537 3003 3003 I auditd : type=1400 audit(0.0:8303): avc: granted { read open } for comm=4173796E635461736B2023323730 path="/proc/3003/net/arp" dev="proc" ino=4026532247 scontext=u:r:platform_app:s0:c512,c768 tcontext=u:object_r:proc_net:s0 tclass=file app=com.hht.lebocast
05-07 02:10:19.537 3003 3003 I auditd : type=1400 audit(0.0:8304): avc: granted { getattr } for comm=4173796E635461736B2023323730 path="/proc/3003/net/arp" dev="proc" ino=4026532247 scontext=u:r:platform_app:s0:c512,c768 tcontext=u:object_r:proc_net:s0 tclass=file app=com.hht.lebocast
05-07 02:10:19.541 3003 3003 I auditd : type=1400 audit(0.0:8305): avc: granted { getattr } for comm=4173796E635461736B2023323730 path="/proc/3003/net/arp" dev="proc" ino=4026532247 scontext=u:r:platform_app:s0:c512,c768 tcontext=u:object_r:proc_net:s0 tclass=file app=com.hht.lebocast
05-07 02:10:20.253 3003 3003 I auditd : type=1400 audit(0.0:8306): avc: granted { read } for comm=4173796E635461736B2023323731 name="arp" dev="proc" ino=4026532247 scontext=u:r:platform_app:s0:c512,c768 tcontext=u:object_r:proc_net:s0 tclass=file app=com.hht.lebocast
05-07 02:10:20.973 3003 3003 I auditd : type=1400 audit(0.0:8310): avc: granted { read } for comm=4173796E635461736B2023323732 name="arp" dev="proc" ino=4026532247 scontext=u:r:platform_app:s0:c512,c768 tcontext=u:object_r:proc_net:s0 tclass=file app=com.hht.lebocast
05-07 02:10:20.973 3003 3003 I auditd : type=1400 audit(0.0:8311): avc: granted { read open } for comm=4173796E635461736B2023323732 path="/proc/3003/net/arp" dev="proc" ino=4026532247 scontext=u:r:platform_app:s0:c512,c768 tcontext=u:object_r:proc_net:s0 tclass=file app=com.hht.lebocast
05-07 02:10:20.973 3003 3003 I auditd : type=1400 audit(0.0:8312): avc: granted { getattr } for comm=4173796E635461736B2023323732 path="/proc/3003/net/arp" dev="proc" ino=4026532247 scontext=u:r:platform_app:s0:c512,c768 tcontext=u:object_r:proc_net:s0 tclass=file app=com.hht.lebocast
05-07 02:10:21.073 1092 1723 I netstats_mobile_sample: [0,0,0,0,0,0,0,0,0,0,0,0,1683514482925]
05-07 02:10:21.073 1092 1723 I netstats_wifi_sample: [308,4,568,5,308,4,568,5,228,2,520,4,1683514482925]
05-07 02:10:20.973 3003 3003 I auditd : type=1400 audit(0.0:8313): avc: granted { getattr } for comm=4173796E635461736B2023323732 path="/proc/3003/net/arp" dev="proc" ino=4026532247 scontext=u:r:platform_app:s0:c512,c768 tcontext=u:object_r:proc_net:s0 tclass=file app=com.hht.lebocast
05-07 02:10:21.076 1092 1724 I service_manager_stats: [100,148,40293]
05-07 02:10:21.193 3003 3003 I auditd : type=1400 audit(0.0:8314): avc: granted { read } for comm=4173796E635461736B2023323733 name="arp" dev="proc" ino=4026532247 scontext=u:r:platform_app:s0:c512,c768 tcontext=u:object_r:proc_net:s0 tclass=file app=com.hht.lebocast
05-07 02:10:21.997 3003 3003 I auditd : type=1400 audit(0.0:8318): avc: granted { read } for comm=4173796E635461736B2023323734 name="arp" dev="proc" ino=4026532247 scontext=u:r:platform_app:s0:c512,c768 tcontext=u:object_r:proc_net:s0 tclass=file app=com.hht.lebocast
05-07 02:10:21.997 3003 3003 I auditd : type=1400 audit(0.0:8319): avc: granted { read open } for comm=4173796E635461736B2023323734 path="/proc/3003/net/arp" dev="proc" ino=4026532247 scontext=u:r:platform_app:s0:c512,c768 tcontext=u:object_r:proc_net:s0 tclass=file app=com.hht.lebocast
05-07 02:10:21.997 3003 3003 I auditd : type=1400 audit(0.0:8320): avc: granted { getattr } for comm=4173796E635461736B2023323734 path="/proc/3003/net/arp" dev="proc" ino=4026532247 scontext=u:r:platform_app:s0:c512,c768 tcontext=u:object_r:proc_net:s0 tclass=file app=com.hht.lebocast
05-07 02:10:21.997 3003 3003 I auditd : type=1400 audit(0.0:8321): avc: granted { getattr } for comm=4173796E635461736B2023323734 path="/proc/3003/net/arp" dev="proc" ino=4026532247 scontext=u:r:platform_app:s0:c512,c768 tcontext=u:object_r:proc_net:s0 tclass=file app=com.hht.lebocast --------- beginning of main
05-07 02:10:28.316 1345 1362 I selfinstaller: create socket failed: No route to host 113 --------- beginning of kernel
01-01 08:18:11.957 0 0 E : [MAX975X:max96755g_write_bytes] *ERROR* i2c master send 0x85 err
01-01 08:18:12.067 0 0 E i2c_geni 980000.i2c: i2c error :-107
01-01 08:18:12.083 0 0 E : [MAX975X:max96755x_vc1_lcd_dtc_check] *ERROR* Failed to read dev:0x15 addr:0x85
01-01 08:18:12.092 0 0 E i2c_geni 980000.i2c: i2c error :-107
01-01 08:18:12.097 0 0 E : [MAX975X:max96755g_write_bytes] *ERROR* i2c master send 0x85 err
01-01 08:18:12.199 0 0 E i2c_geni 980000.i2c: i2c error :-107
01-01 08:18:12.211 0 0 E : [MAX975X:max96755x_vc1_lcd_dtc_check] *ERROR* Failed to read dev:0x15 addr:0x85
01-01 08:18:12.220 0 0 E i2c_geni 980000.i2c: i2c error :-107
01-01 08:18:12.225 0 0 E : [MAX975X:max96755g_write_bytes] *ERROR* i2c master send 0x85 err
01-01 08:18:12.327 0 0 E i2c_geni 980000.i2c: i2c error :-107
01-01 08:18:12.339 0 0 E : [MAX975X:max96755x_vc1_lcd_dtc_check] *ERROR* Failed to read dev:0x15 addr:0x85
01-01 08:18:12.348 0 0 E i2c_geni 980000.i2c: i2c error :-107
01-01 08:18:12.353 0 0 E : [MAX975X:max96755g_write_bytes] *ERROR* i2c master send 0x85 err
01-01 08:18:12.455 0 0 E i2c_geni 980000.i2c: i2c error :-107
01-01 08:18:12.467 0 0 E : [MAX975X:max96755x_vc1_lcd_dtc_check] *ERROR* Failed to read dev:0x15 addr:0x85
01-01 08:18:12.476 0 0 E i2c_geni 980000.i2c: i2c error :-107
01-01 08:18:12.481 0 0 E : [MAX975X:max96755g_write_bytes] *ERROR* i2c master send 0x85 err
01-01 08:18:12.583 0 0 E i2c_geni 980000.i2c: i2c error :-107
01-01 08:18:12.595 0 0 E : [MAX975X:max96755x_vc1_lcd_dtc_check] *ERROR* Failed to read dev:0x15 addr:0x85
01-01 08:18:12.604 0 0 E i2c_geni 980000.i2c: i2c error :-107
01-01 08:18:12.609 0 0 E : [MAX975X:max96755g_write_bytes] *ERROR* i2c master send 0x8B err
01-01 08:18:12.711 0 0 E i2c_geni 980000.i2c: i2c error :-107
01-01 08:18:12.723 0 0 E : [MAX975X:max96755x_vc1_lcd_dtc_check] *ERROR* Failed to read dev:0x15 addr:0x8b
01-01 08:18:12.732 0 0 E i2c_geni 980000.i2c: i2c error :-107
05-07 02:10:29.157 3003 3003 I auditd : type=1400 audit(0.0:8322): avc: granted { read } for comm=4173796E635461736B2023323735 name="arp" dev="proc" ino=4026532247 scontext=u:r:platform_app:s0:c512,c768 tcontext=u:object_r:proc_net:s0 tclass=file app=com.hht.lebocast
05-07 02:10:29.157 3003 3003 W com.hht.lebocast: type=1400 audit(0.0:8322): avc: granted { read } for comm=4173796E635461736B2023323735 name="arp" dev="proc" ino=4026532247 scontext=u:r:platform_app:s0:c512,c768 tcontext=u:object_r:proc_net:s0 tclass=file app=com.hht.lebocast
01-01 08:18:12.737 0 0 E : [MAX975X:max96755g_write_bytes] *ERROR* i2c master send 0x8B err
01-01 08:18:12.839 0 0 E i2c_geni 980000.i2c: i2c error :-107
01-01 08:18:12.867 0 0 E : [MAX975X:max96755x_vc1_lcd_dtc_check] *ERROR* Failed to read dev:0x15 addr:0x8b
01-01 08:18:12.867 0 0 E i2c_geni 980000.i2c: i2c error :-107
05-07 02:10:29.161 3003 3003 I auditd : type=1400 audit(0.0:8323): avc: granted { read open } for comm=4173796E635461736B2023323735 path="/proc/3003/net/arp" dev="proc" ino=4026532247 scontext=u:r:platform_app:s0:c512,c768 tcontext=u:object_r:proc_net:s0 tclass=file app=com.hht.lebocast
05-07 02:10:29.161 3003 3003 W com.hht.lebocast: type=1400 audit(0.0:8323): avc: granted { read open } for comm=4173796E635461736B2023323735 path="/proc/3003/net/arp" dev="proc" ino=4026532247 scontext=u:r:platform_app:s0:c512,c768 tcontext=u:object_r:proc_net:s0 tclass=file app=com.hht.lebocast
05-07 02:10:29.234 1377 9527 I OMX-VENC: venc_dev: stats: avg. fps 59.94, bitrate 178257
05-07 02:10:29.250 669 675 I mpu_uart: [MSG-P:R]:recv sync frame timeout
05-07 02:10:29.253 669 676 I mpu_uart: [MSG-P:RECV]:No message received in 1000 ms
05-07 02:10:29.161 3003 3003 I auditd : type=1400 audit(0.0:8324): avc: granted { getattr } for comm=4173796E635461736B2023323735 path="/proc/3003/net/arp" dev="proc" ino=4026532247 scontext=u:r:platform_app:s0:c512,c768 tcontext=u:object_r:proc_net:s0 tclass=file app=com.hht.lebocast
05-07 02:10:29.161 3003 3003 W com.hht.lebocast: type=1400 audit(0.0:8324): avc: granted { getattr } for comm=4173796E635461736B2023323735 path="/proc/3003/net/arp" dev="proc" ino=4026532247 scontext=u:r:platform_app:s0:c512,c768 tcontext=u:object_r:proc_net:s0 tclass=file app=com.hht.lebocast
01-01 08:18:12.900 0 0 E : [MAX975X:max96755g_write_bytes] *ERROR* i2c master send 0x8B err
05-07 02:10:29.161 3003 3003 I auditd : type=1400 audit(0.0:8325): avc: granted { getattr } for comm=4173796E635461736B2023323735 path="/proc/3003/net/arp" dev="proc" ino=4026532247 scontext=u:r:platform_app:s0:c512,c768 tcontext=u:object_r:proc_net:s0 tclass=file app=com.hht.lebocast
05-07 02:10:29.161 3003 3003 W com.hht.lebocast: type=1400 audit(0.0:8325): avc: granted { getattr } for comm=4173796E635461736B2023323735 path="/proc/3003/net/arp" dev="proc" ino=4026532247 scontext=u:r:platform_app:s0:c512,c768 tcontext=u:object_r:proc_net:s0 tclass=file app=com.hht.lebocast
01-01 08:18:13.003 0 0 E i2c_geni 980000.i2c: i2c error :-107
01-01 08:18:13.008 0 0 E : [MAX975X:max96755x_vc1_lcd_dtc_check] *ERROR* Failed to read dev:0x15 addr:0x8b
01-01 08:18:13.017 0 0 E i2c_geni 980000.i2c: i2c error :-107
01-01 08:18:13.022 0 0 E : [MAX975X:max96755g_write_bytes] *ERROR* i2c master send 0x8B err
01-01 08:18:13.123 0 0 E i2c_geni 980000.i2c: i2c error :-107
01-01 08:18:13.136 0 0 E : [MAX975X:max96755x_vc1_lcd_dtc_check] *ERROR* Failed to read dev:0x15 addr:0x8b
01-01 08:18:13.145 0 0 E i2c_geni 980000.i2c: i2c error :-107
01-01 08:18:13.150 0 0 E : [MAX975X:max96755g_write_bytes] *ERROR* i2c master send 0x8B err
01-01 08:18:13.252 0 0 E i2c_geni 980000.i2c: i2c error :-107
01-01 08:18:13.264 0 0 E : [MAX975X:max96755x_vc1_lcd_dtc_check] *ERROR* Failed to read dev:0x15 addr:0x8b
01-01 08:18:13.273 0 0 E i2c_geni 980000.i2c: i2c error :-107
01-01 08:18:13.278 0 0 E : [MAX975X:max96755g_write_bytes] *ERROR* i2c master send 0x8B err
01-01 08:18:13.379 0 0 E i2c_geni 980000.i2c: i2c error :-107
01-01 08:18:13.391 0 0 E : [MAX975X:max96755x_vc1_lcd_dtc_check] *ERROR* Failed to read dev:0x15 addr:0x8b
01-01 08:18:13.400 0 0 E i2c_geni 980000.i2c: i2c error :-107
01-01 08:18:13.405 0 0 E : [MAX975X:max96755g_write_bytes] *ERROR* i2c master send 0x8B err
01-01 08:18:13.508 0 0 E i2c_geni 980000.i2c: i2c error :-107
01-01 08:18:13.520 0 0 E : [MAX975X:max96755x_vc1_lcd_dtc_check] *ERROR* Failed to read dev:0x15 addr:0x8b
01-01 08:18:13.529 0 0 E i2c_geni 980000.i2c: i2c error :-107
05-07 02:10:29.958 6004 6017 E ocessService0:: failed to create Unix domain socket: Operation not permitted
01-01 08:18:13.534 0 0 E : [MAX975X:max96755g_write_bytes] *ERROR* i2c master send 0x8B err
01-01 08:18:13.635 0 0 E i2c_geni 980000.i2c: i2c error :-107
01-01 08:18:13.647 0 0 E : [MAX975X:max96755x_vc1_lcd_dtc_check] *ERROR* Failed to read dev:0x15 addr:0x8b
01-01 08:18:13.656 0 0 E i2c_geni 980000.i2c: i2c error :-107
01-01 08:18:13.661 0 0 E : [MAX975X:max96755g_write_bytes] *ERROR* i2c master send 0x8B err
01-01 08:18:13.764 0 0 E i2c_geni 980000.i2c: i2c error :-107
01-01 08:18:13.776 0 0 E : [MAX975X:max96755x_vc1_lcd_dtc_check] *ERROR* Failed to read dev:0x15 addr:0x8b
01-01 08:18:13.785 0 0 E i2c_geni 980000.i2c: i2c error :-107
01-01 08:18:13.789 0 0 E : [MAX975X:max96755g_write_bytes] *ERROR* i2c master send 0x8B err
01-01 08:18:13.891 0 0 E i2c_geni 980000.i2c: i2c error :-107
01-01 08:18:13.903 0 0 E : [MAX975X:max96755x_vc1_lcd_dtc_check] *ERROR* Failed to read dev:0x15 addr:0x8b
01-01 08:18:13.912 0 0 E i2c_geni 980000.i2c: i2c error :-107
05-07 02:10:30.252 1377 9527 I OMX-VENC: venc_dev: stats: avg. fps 57.96, bitrate 172147
05-07 02:10:30.254 669 676 I mpu_uart: [MSG-P:RECV]:No message received in 1000 ms
01-01 08:18:13.917 0 0 E : [MAX975X:max96755g_write_bytes] *ERROR* i2c master send 0x8B err
01-01 08:18:14.019 0 0 E i2c_geni 980000.i2c: i2c error :-107
01-01 08:18:14.031 0 0 E : [MAX975X:max96755x_vc1_lcd_dtc_check] *ERROR* Failed to read dev:0x15 addr:0x8b
01-01 08:18:14.040 0 0 E i2c_geni 980000.i2c: i2c error :-107
01-01 08:18:14.045 0 0 E : [MAX975X:max96755g_write_bytes] *ERROR* i2c master send 0x8B err
01-01 08:18:14.147 0 0 E i2c_geni 980000.i2c: i2c error :-107
01-01 08:18:14.159 0 0 E : [MAX975X:max96755x_vc1_lcd_dtc_check] *ERROR* Failed to read dev:0x15 addr:0x8b
01-01 08:18:14.168 0 0 E i2c_geni 980000.i2c: i2c error :-107
01-01 08:18:14.173 0 0 E : [MAX975X:max96755g_write_bytes] *ERROR* i2c master send 0x8B err
01-01 08:18:14.276 0 0 E i2c_geni 980000.i2c: i2c error :-107
01-01 08:18:14.288 0 0 E : [MAX975X:max96755x_vc1_lcd_dtc_check] *ERROR* Failed to read dev:0x15 addr:0x8b
01-01 08:18:14.297 0 0 E i2c_geni 980000.i2c: i2c error :-107
01-01 08:18:14.301 0 0 E : [MAX975X:max96755g_write_bytes] *ERROR* i2c master send 0x8B err
01-01 08:18:14.403 0 0 E i2c_geni 980000.i2c: i2c error :-107
01-01 08:18:14.415 0 0 E : [MAX975X:max96755x_vc1_lcd_dtc_check] *ERROR* Failed to read dev:0x15 addr:0x8b
01-01 08:18:14.424 0 0 E i2c_geni 980000.i2c: i2c error :-107
01-01 08:18:14.429 0 0 E : [MAX975X:max96755g_write_bytes] *ERROR* i2c master send 0x8B err
01-01 08:18:14.531 0 0 E i2c_geni 980000.i2c: i2c error :-107
01-01 08:18:14.543 0 0 E : [MAX975X:max96755x_vc1_lcd_dtc_check] *ERROR* Failed to read dev:0x15 addr:0x8b
01-01 08:18:14.552 0 0 E i2c_geni 980000.i2c: i2c error :-107
01-01 08:18:14.557 0 0 E : [MAX975X:max96755g_write_bytes] *ERROR* i2c master send 0x8B err
01-01 08:18:14.659 0 0 E i2c_geni 980000.i2c: i2c error :-107
01-01 08:18:14.671 0 0 E : [MAX975X:max96755x_vc1_lcd_dtc_check] *ERROR* Failed to read dev:0x15 addr:0x8b
01-01 08:18:14.680 0 0 E i2c_geni 980000.i2c: i2c error :-107
01-01 08:18:14.685 0 0 E : [MAX975X:max96755g_write_bytes] *ERROR* i2c master send 0x8B err
01-01 08:18:14.788 0 0 E i2c_geni 980000.i2c: i2c error :-107
01-01 08:18:14.800 0 0 E : [MAX975X:max96755x_vc1_lcd_dtc_check] *ERROR* Failed to read dev:0x15 addr:0x8b
01-01 08:18:14.808 0 0 E i2c_geni 980000.i2c: i2c error :-107
05-07 02:10:31.254 669 676 I mpu_uart: [MSG-P:RECV]:No message received in 1000 ms
01-01 08:18:14.813 0 0 E : [MAX975X:max96755g_write_bytes] *ERROR* i2c master send 0x8B err
01-01 08:18:14.915 0 0 E i2c_geni 980000.i2c: i2c error :-107
01-01 08:18:14.927 0 0 E : [MAX975X:max96755x_vc1_lcd_dtc_check] *ERROR* Failed to read dev:0x15 addr:0x8b
01-01 08:18:14.936 0 0 E i2c_geni 980000.i2c: i2c error :-107
05-07 02:10:31.273 1377 9527 I OMX-VENC: venc_dev: stats: avg. fps 56.79, bitrate 168686
01-01 08:18:14.941 0 0 E : [MAX975X:max96755g_write_bytes] *ERROR* i2c master send 0x8B err
01-01 08:18:15.043 0 0 E i2c_geni 980000.i2c: i2c error :-107
01-01 08:18:15.055 0 0 E : [MAX975X:max96755x_vc1_lcd_dtc_check] *ERROR* Failed to read dev:0x15 addr:0x8b
01-01 08:18:15.064 0 0 E i2c_geni 980000.i2c: i2c error :-107
05-07 02:10:31.433 3003 3003 I auditd : type=1400 audit(0.0:8326): avc: granted { read } for comm=4173796E635461736B2023323736 name="arp" dev="proc" ino=4026532247 scontext=u:r:platform_app:s0:c512,c768 tcontext=u:object_r:proc_net:s0 tclass=file app=com.hht.lebocast
05-07 02:10:31.433 3003 3003 W com.hht.lebocast: type=1400 audit(0.0:8326): avc: granted { read } for comm=4173796E635461736B2023323736 name="arp" dev="proc" ino=4026532247 scontext=u:r:platform_app:s0:c512,c768 tcontext=u:object_r:proc_net:s0 tclass=file app=com.hht.lebocast
01-01 08:18:15.069 0 0 E : [MAX975X:max96755g_write_bytes] *ERROR* i2c master send 0x8B err
05-07 02:10:31.433 3003 3003 I auditd : type=1400 audit(0.0:8327): avc: granted { read open } for comm=4173796E635461736B2023323736 path="/proc/3003/net/arp" dev="proc" ino=4026532247 scontext=u:r:platform_app:s0:c512,c768 tcontext=u:object_r:proc_net:s0 tclass=file app=com.hht.lebocast
05-07 02:10:31.433 3003 3003 W com.hht.lebocast: type=1400 audit(0.0:8327): avc: granted { read open } for comm=4173796E635461736B2023323736 path="/proc/3003/net/arp" dev="proc" ino=4026532247 scontext=u:r:platform_app:s0:c512,c768 tcontext=u:object_r:proc_net:s0 tclass=file app=com.hht.lebocast
01-01 08:18:15.171 0 0 E i2c_geni 980000.i2c: i2c error :-107
05-07 02:10:31.433 3003 3003 I auditd : type=1400 audit(0.0:8328): avc: granted { getattr } for comm=4173796E635461736B2023323736 path="/proc/3003/net/arp" dev="proc" ino=4026532247 scontext=u:r:platform_app:s0:c512,c768 tcontext=u:object_r:proc_net:s0 tclass=file app=com.hht.lebocast
05-07 02:10:31.433 3003 3003 W com.hht.lebocast: type=1400 audit(0.0:8328): avc: granted { getattr } for comm=4173796E635461736B2023323736 path="/proc/3003/net/arp" dev="proc" ino=4026532247 scontext=u:r:platform_app:s0:c512,c768 tcontext=u:object_r:proc_net:s0 tclass=file app=com.hht.lebocast
01-01 08:18:15.194 0 0 E : [MAX975X:max96755x_vc1_lcd_dtc_check] *ERROR* Failed to read dev:0x15 addr:0x8b
01-01 08:18:15.194 0 0 E DTC_Display: Abnormal voltage: 0mV
01-01 08:18:15.194 0 0 E DTC_Display: screen not ready(0), bl_sta(0), lvl(0)
01-01 08:18:15.194 0 0 E i2c_geni 980000.i2c: i2c error :-107
05-07 02:10:31.433 3003 3003 I auditd : type=1400 audit(0.0:8329): avc: granted { getattr } for comm=4173796E635461736B2023323736 path="/proc/3003/net/arp" dev="proc" ino=4026532247 scontext=u:r:platform_app:s0:c512,c768 tcontext=u:object_r:proc_net:s0 tclass=file app=com.hht.lebocast
05-07 02:10:31.433 3003 3003 W com.hht.lebocast: type=1400 audit(0.0:8329): avc: granted { getattr } for comm=4173796E635461736B2023323736 path="/proc/3003/net/arp" dev="proc" ino=4026532247 scontext=u:r:platform_app:s0:c512,c768 tcontext=u:object_r:proc_net:s0 tclass=file app=com.hht.lebocast
05-07 02:10:31.693 1068 1103 W HWComposer: Ignoring duplicate VSYNC event from HWC for display 4630946816427681409 (t=1088227492000)
01-01 08:18:15.243 0 0 E : [MAX975X:max96755g_write_bytes] *ERROR* i2c master send 0x80 err
01-01 08:18:15.343 0 0 E i2c_geni 980000.i2c: i2c error :-107
01-01 08:18:15.356 0 0 E : [MAX975X:max96755x_vc1_lcd_dtc_check] *ERROR* Failed to read dev:0x15 addr:0x80
01-01 08:18:15.365 0 0 E i2c_geni 980000.i2c: i2c error :-107
05-07 02:10:31.709 1068 1103 W HWComposer: Ignoring duplicate VSYNC event from HWC for display 4630946816427681409 (t=1088244103000)
05-07 02:10:31.726 1068 1103 W HWComposer: Ignoring duplicate VSYNC event from HWC for display 4630946816427681409 (t=1088260819000)
05-07 02:10:31.742 1068 1103 W HWComposer: Ignoring duplicate VSYNC event from HWC for display 4630946816427681409 (t=1088277469000)
05-07 02:10:31.759 1068 1103 W HWComposer: Ignoring duplicate VSYNC event from HWC for display 4630946816427681409 (t=1088294146000)
05-07 02:10:31.776 1068 1103 W HWComposer: Ignoring duplicate VSYNC event from HWC for display 4630946816427681409 (t=1088310819000)
01-01 08:18:15.370 0 0 E : [MAX975X:max96755g_write_bytes] *ERROR* i2c master send 0x80 err
01-01 08:18:15.472 0 0 E i2c_geni 980000.i2c: i2c error :-107
01-01 08:18:15.484 0 0 E : [MAX975X:max96755x_vc1_lcd_dtc_check] *ERROR* Failed to read dev:0x15 addr:0x80
01-01 08:18:15.493 0 0 E i2c_geni 980000.i2c: i2c error :-107
05-07 02:10:31.959 6004 6017 E ocessService0:: failed to create Unix domain socket: Operation not permitted
01-01 08:18:15.498 0 0 E : [MAX975X:max96755g_write_bytes] *ERROR* i2c master send 0x80 err
01-01 08:18:15.604 0 0 E i2c_geni 980000.i2c: i2c error :-107
01-01 08:18:15.616 0 0 E : [MAX975X:max96755x_vc1_lcd_dtc_check] *ERROR* Failed to read dev:0x15 addr:0x80
01-01 08:18:15.625 0 0 E i2c_geni 980000.i2c: i2c error :-107
01-01 08:18:15.629 0 0 E : [MAX975X:max96755g_write_bytes] *ERROR* i2c master send 0x80 err
01-01 08:18:15.732 0 0 E i2c_geni 980000.i2c: i2c error :-107
01-01 08:18:15.744 0 0 E : [MAX975X:max96755x_vc1_lcd_dtc_check] *ERROR* Failed to read dev:0x15 addr:0x80
01-01 08:18:15.753 0 0 E i2c_geni 980000.i2c: i2c error :-107
01-01 08:18:15.758 0 0 E : [MAX975X:max96755g_write_bytes] *ERROR* i2c master send 0x80 err
01-01 08:18:15.863 0 0 E i2c_geni 980000.i2c: i2c error :-107
01-01 08:18:15.867 0 0 E link_delay_work_func: DTC_ETH: SQI=0, link=0
01-01 08:18:15.871 0 0 E : [MAX975X:max96755x_vc1_lcd_dtc_check] *ERROR* Failed to read dev:0x15 addr:0x80
01-01 08:18:15.890 0 0 E i2c_geni 980000.i2c: i2c error :-107
05-07 02:10:32.253 669 675 I mpu_uart: [MSG-P:R]:recv sync frame timeout
05-07 02:10:32.254 669 676 I mpu_uart: [MSG-P:RECV]:No message received in 1000 ms
05-07 02:10:32.280 1377 9527 I OMX-VENC: venc_dev: stats: avg. fps 57.60, bitrate 240872
01-01 08:18:15.894 0 0 E : [MAX975X:max96755g_write_bytes] *ERROR* i2c master send 0x80 err
01-01 08:18:15.995 0 0 E i2c_geni 980000.i2c: i2c error :-107
01-01 08:18:16.007 0 0 E : [MAX975X:max96755x_vc1_lcd_dtc_check] *ERROR* Failed to read dev:0x15 addr:0x80
01-01 08:18:16.017 0 0 E i2c_geni 980000.i2c: i2c error :-107
05-07 02:10:32.441 3003 3003 I auditd : type=1400 audit(0.0:8330): avc: granted { read } for comm=4173796E635461736B2023323737 name="arp" dev="proc" ino=4026532247 scontext=u:r:platform_app:s0:c512,c768 tcontext=u:object_r:proc_net:s0 tclass=file app=com.hht.lebocast
05-07 02:10:32.441 3003 3003 W com.hht.lebocast: type=1400 audit(0.0:8330): avc: granted { read } for comm=4173796E635461736B2023323737 name="arp" dev="proc" ino=4026532247 scontext=u:r:platform_app:s0:c512,c768 tcontext=u:object_r:proc_net:s0 tclass=file app=com.hht.lebocast
01-01 08:18:16.022 0 0 E : [MAX975X:max96755g_write_bytes] *ERROR* i2c master send 0x80 err
01-01 08:18:16.123 0 0 E i2c_geni 980000.i2c: i2c error :-107
01-01 08:18:16.147 0 0 E : [MAX975X:max96755x_vc1_lcd_dtc_check] *ERROR* Failed to read dev:0x15 addr:0x80
05-07 02:10:32.441 3003 3003 I auditd : type=1400 audit(0.0:8331): avc: granted { read open } for comm=4173796E635461736B2023323737 path="/proc/3003/net/arp" dev="proc" ino=4026532247 scontext=u:r:platform_app:s0:c512,c768 tcontext=u:object_r:proc_net:s0 tclass=file app=com.hht.lebocast
05-07 02:10:32.441 3003 3003 W com.hht.lebocast: type=1400 audit(0.0:8331): avc: granted { read open } for comm=4173796E635461736B2023323737 path="/proc/3003/net/arp" dev="proc" ino=4026532247 scontext=u:r:platform_app:s0:c512,c768 tcontext=u:object_r:proc_net:s0 tclass=file app=com.hht.lebocast
05-07 02:10:32.441 3003 3003 I auditd : type=1400 audit(0.0:8332): avc: granted { getattr } for comm=4173796E635461736B2023323737 path="/proc/3003/net/arp" dev="proc" ino=4026532247 scontext=u:r:platform_app:s0:c512,c768 tcontext=u:object_r:proc_net:s0 tclass=file app=com.hht.lebocast
05-07 02:10:32.441 3003 3003 W com.hht.lebocast: type=1400 audit(0.0:8332): avc: granted { getattr } for comm=4173796E635461736B2023323737 path="/proc/3003/net/arp" dev="proc" ino=4026532247 scontext=u:r:platform_app:s0:c512,c768 tcontext=u:object_r:proc_net:s0 tclass=file app=com.hht.lebocast
01-01 08:18:16.181 0 0 E i2c_geni 980000.i2c: i2c error :-107
05-07 02:10:32.441 3003 3003 I auditd : type=1400 audit(0.0:8333): avc: granted { getattr } for comm=4173796E635461736B2023323737 path="/proc/3003/net/arp" dev="proc" ino=4026532247 scontext=u:r:platform_app:s0:c512,c768 tcontext=u:object_r:proc_net:s0 tclass=file app=com.hht.lebocast
05-07 02:10:32.441 3003 3003 W com.hht.lebocast: type=1400 audit(0.0:8333): avc: granted { getattr } for comm=4173796E635461736B2023323737 path="/proc/3003/net/arp" dev="proc" ino=4026532247 scontext=u:r:platform_app:s0:c512,c768 tcontext=u:object_r:proc_net:s0 tclass=file app=com.hht.lebocast
05-07 02:10:32.643 1068 1103 W HWComposer: Ignoring duplicate VSYNC event from HWC for display 4630946816427681409 (t=1089177504000)
05-07 02:10:32.659 1068 1103 W HWComposer: Ignoring duplicate VSYNC event from HWC for display 4630946816427681409 (t=1089194178000)
01-01 08:18:16.210 0 0 E : [MAX975X:max96755g_write_bytes] *ERROR* i2c master send 0x80 err
01-01 08:18:16.312 0 0 E i2c_geni 980000.i2c: i2c error :-107
01-01 08:18:16.324 0 0 E : [MAX975X:max96755x_vc1_lcd_dtc_check] *ERROR* Failed to read dev:0x15 addr:0x80
01-01 08:18:16.333 0 0 E i2c_geni 980000.i2c: i2c error :-107
05-07 02:10:32.676 1068 1103 W HWComposer: Ignoring duplicate VSYNC event from HWC for display 4630946816427681409 (t=1089210822000)
05-07 02:10:32.693 1068 1103 W HWComposer: Ignoring duplicate VSYNC event from HWC for display 4630946816427681409 (t=1089227490000)
05-07 02:10:32.709 1068 1103 W HWComposer: Ignoring duplicate VSYNC event from HWC for display 4630946816427681409 (t=1089244176000)
05-07 02:10:32.726 1068 1103 W HWComposer: Ignoring duplicate VSYNC event from HWC for display 4630946816427681409 (t=1089260827000)
05-07 02:10:32.743 1068 1103 W HWComposer: Ignoring duplicate VSYNC event from HWC for display 4630946816427681409 (t=1089277501000)
05-07 02:10:32.743 1068 1103 W HWComposer: Ignoring duplicate VSYNC event from HWC for display 4630946816427681409 (t=1089277501000)
05-07 02:10:32.761 1068 1103 W HWComposer: Ignoring duplicate VSYNC event from HWC for display 4630946816427681409 (t=1089294159000)
05-07 02:10:32.776 1068 1103 W HWComposer: Ignoring duplicate VSYNC event from HWC for display 4630946816427681409 (t=1089310845000)
05-07 02:10:32.792 1068 1103 W HWComposer: Ignoring duplicate VSYNC event from HWC for display 4630946816427681409 (t=1089327490000)
01-01 08:18:16.338 0 0 E : [MAX975X:max96755g_write_bytes] *ERROR* i2c master send 0x80 err
01-01 08:18:16.439 0 0 E i2c_geni 980000.i2c: i2c error :-107
01-01 08:18:16.451 0 0 E : [MAX975X:max96755x_vc1_lcd_dtc_check] *ERROR* Failed to read dev:0x15 addr:0x80
01-01 08:18:16.460 0 0 E i2c_geni 980000.i2c: i2c error :-107
05-07 02:10:32.809 1068 1103 W HWComposer: Ignoring duplicate VSYNC event from HWC for display 4630946816427681409 (t=1089344184000)
05-07 02:10:32.826 1068 1103 W HWComposer: Ignoring duplicate VSYNC event from HWC for display 4630946816427681409 (t=1089360831000)
01-01 08:18:16.465 0 0 E : [MAX975X:max96755g_write_bytes] *ERROR* i2c master send 0x80 err
01-01 08:18:16.567 0 0 E i2c_geni 980000.i2c: i2c error :-107
01-01 08:18:16.579 0 0 E : [MAX975X:max96755x_vc1_lcd_dtc_check] *ERROR* Failed to read dev:0x15 addr:0x80
01-01 08:18:16.589 0 0 E i2c_geni 980000.i2c: i2c error :-107
05-07 02:10:33.043 1068 1103 W HWComposer: Ignoring duplicate VSYNC event from HWC for display 4630946816427681409 (t=1089577505000)
01-01 08:18:16.593 0 0 E : [MAX975X:max96755g_write_bytes] *ERROR* i2c master send 0x80 err
01-01 08:18:16.695 0 0 E i2c_geni 980000.i2c: i2c error :-107
01-01 08:18:16.707 0 0 E : [MAX975X:max96755x_vc1_lcd_dtc_check] *ERROR* Failed to read dev:0x15 addr:0x80
01-01 08:18:16.716 0 0 E i2c_geni 980000.i2c: i2c error :-107
05-07 02:10:33.059 1068 1103 W HWComposer: Ignoring duplicate VSYNC event from HWC for display 4630946816427681409 (t=1089594158000)
05-07 02:10:33.076 1068 1103 W HWComposer: Ignoring duplicate VSYNC event from HWC for display 4630946816427681409 (t=1089610850000)
05-07 02:10:33.093 1068 1103 W HWComposer: Ignoring duplicate VSYNC event from HWC for display 4630946816427681409 (t=1089627523000)
05-07 02:10:33.109 1068 1103 W HWComposer: Ignoring duplicate VSYNC event from HWC for display 4630946816427681409 (t=1089644196000)
05-07 02:10:33.126 1068 1103 W HWComposer: Ignoring duplicate VSYNC event from HWC for display 4630946816427681409 (t=1089660846000)
05-07 02:10:33.142 1068 1103 W HWComposer: Ignoring duplicate VSYNC event from HWC for display 4630946816427681409 (t=1089677499000)
05-07 02:10:33.143 1068 1103 W HWComposer: Ignoring duplicate VSYNC event from HWC for display 4630946816427681409 (t=1089677499000)
05-07 02:10:33.160 1068 1103 W HWComposer: Ignoring duplicate VSYNC event from HWC for display 4630946816427681409 (t=1089694168000)
05-07 02:10:33.176 1068 1103 W HWComposer: Ignoring duplicate VSYNC event from HWC for display 4630946816427681409 (t=1089710846000)
01-01 08:18:16.721 0 0 E : [MAX975X:max96755g_write_bytes] *ERROR* i2c master send 0x80 err
01-01 08:18:16.823 0 0 E i2c_geni 980000.i2c: i2c error :-107
01-01 08:18:16.835 0 0 E : [MAX975X:max96755x_vc1_lcd_dtc_check] *ERROR* Failed to read dev:0x15 addr:0x80
01-01 08:18:16.845 0 0 E i2c_geni 980000.i2c: i2c error :-107
05-07 02:10:33.193 1068 1103 W HWComposer: Ignoring duplicate VSYNC event from HWC for display 4630946816427681409 (t=1089727528000)
05-07 02:10:33.209 1068 1103 W HWComposer: Ignoring duplicate VSYNC event from HWC for display 4630946816427681409 (t=1089744192000)
05-07 02:10:33.226 1068 1103 W HWComposer: Ignoring duplicate VSYNC event from HWC for display 4630946816427681409 (t=1089760850000)
05-07 02:10:33.243 1068 1103 W HWComposer: Ignoring duplicate VSYNC event from HWC for display 4630946816427681409 (t=1089777515000)
05-07 02:10:33.243 1068 1103 W HWComposer: Ignoring duplicate VSYNC event from HWC for display 4630946816427681409 (t=1089777515000)
05-07 02:10:33.255 669 676 I mpu_uart: [MSG-P:RECV]:No message received in 1000 ms
05-07 02:10:33.259 1068 1103 W HWComposer: Ignoring duplicate VSYNC event from HWC for display 4630946816427681409 (t=1089794193000)
05-07 02:10:33.276 1068 1103 W HWComposer: Ignoring duplicate VSYNC event from HWC for display 4630946816427681409 (t=1089810849000)
05-07 02:10:33.284 1377 9527 I OMX-VENC: venc_dev: stats: avg. fps 55.79, bitrate 119481
05-07 02:10:33.293 1068 1103 W HWComposer: Ignoring duplicate VSYNC event from HWC for display 4630946816427681409 (t=1089827497000)
01-01 08:18:16.850 0 0 E : [MAX975X:max96755g_write_bytes] *ERROR* i2c master send 0x80 err
01-01 08:18:16.952 0 0 E i2c_geni 980000.i2c: i2c error :-107
01-01 08:18:16.964 0 0 E : [MAX975X:max96755x_vc1_lcd_dtc_check] *ERROR* Failed to read dev:0x15 addr:0x80
01-01 08:18:16.973 0 0 E i2c_geni 980000.i2c: i2c error :-107
05-07 02:10:33.309 1068 1103 W HWComposer: Ignoring duplicate VSYNC event from HWC for display 4630946816427681409 (t=1089844165000)
05-07 02:10:33.326 1068 1103 W HWComposer: Ignoring duplicate VSYNC event from HWC for display 4630946816427681409 (t=1089860848000)
01-01 08:18:16.978 0 0 E : [MAX975X:max96755g_write_bytes] *ERROR* i2c master send 0x80 err
01-01 08:18:17.079 0 0 E i2c_geni 980000.i2c: i2c error :-107
01-01 08:18:17.091 0 0 E : [MAX975X:max96755x_vc1_lcd_dtc_check] *ERROR* Failed to read dev:0x15 addr:0x80
01-01 08:18:17.101 0 0 E i2c_geni 980000.i2c: i2c error :-107
01-01 08:18:17.106 0 0 E : [MAX975X:max96755g_write_bytes] *ERROR* i2c master send 0x80 err
01-01 08:18:17.207 0 0 E i2c_geni 980000.i2c: i2c error :-107
01-01 08:18:17.219 0 0 E : [MAX975X:max96755x_vc1_lcd_dtc_check] *ERROR* Failed to read dev:0x15 addr:0x80
01-01 08:18:17.229 0 0 E i2c_geni 980000.i2c: i2c error :-107
01-01 08:18:17.234 0 0 E : [MAX975X:max96755g_write_bytes] *ERROR* i2c master send 0x80 err
01-01 08:18:17.335 0 0 E i2c_geni 980000.i2c: i2c error :-107
01-01 08:18:17.347 0 0 E : [MAX975X:max96755x_vc1_lcd_dtc_check] *ERROR* Failed to read dev:0x15 addr:0x80
01-01 08:18:17.357 0 0 E i2c_geni 980000.i2c: i2c error :-107
01-01 08:18:17.362 0 0 E : [MAX975X:max96755g_write_bytes] *ERROR* i2c master send 0x80 err
01-01 08:18:17.463 0 0 E i2c_geni 980000.i2c: i2c error :-107
01-01 08:18:17.475 0 0 E : [MAX975X:max96755x_vc1_lcd_dtc_check] *ERROR* Failed to read dev:0x15 addr:0x80
01-01 08:18:17.485 0 0 E i2c_geni 980000.i2c: i2c error :-107
01-01 08:18:17.490 0 0 E : [MAX975X:max96755g_write_bytes] *ERROR* i2c master send 0x80 err
01-01 08:18:17.592 0 0 E i2c_geni 980000.i2c: i2c error :-107
01-01 08:18:17.604 0 0 E : [MAX975X:max96755x_vc1_lcd_dtc_check] *ERROR* Failed to read dev:0x15 addr:0x80
01-01 08:18:17.613 0 0 E i2c_geni 980000.i2c: i2c error :-107
05-07 02:10:33.959 6004 6017 E ocessService0:: failed to create Unix domain socket: Operation not permitted
01-01 08:18:17.618 0 0 E : [MAX975X:max96755g_write_bytes] *ERROR* i2c master send 0x80 err
01-01 08:18:17.720 0 0 E i2c_geni 980000.i2c: i2c error :-107
01-01 08:18:17.732 0 0 E : [MAX975X:max96755x_vc1_lcd_dtc_check] *ERROR* Failed to read dev:0x15 addr:0x80
01-01 08:18:17.741 0 0 E i2c_geni 980000.i2c: i2c error :-107
01-01 08:18:17.746 0 0 E : [MAX975X:max96755g_write_bytes] *ERROR* i2c master send 0x80 err
01-01 08:18:17.847 0 0 E i2c_geni 980000.i2c: i2c error :-107
01-01 08:18:17.859 0 0 E : [MAX975X:max96755x_vc1_lcd_dtc_check] *ERROR* Failed to read dev:0x15 addr:0x80
01-01 08:18:17.869 0 0 E i2c_geni 980000.i2c: i2c error :-107
05-07 02:10:34.255 669 676 I mpu_uart: [MSG-P:RECV]:No message received in 1000 ms
05-07 02:10:34.297 1377 9527 I OMX-VENC: venc_dev: stats: avg. fps 60.21, bitrate 128863
01-01 08:18:17.874 0 0 E : [MAX975X:max96755g_write_bytes] *ERROR* i2c master send 0x85 err
01-01 08:18:17.976 0 0 E i2c_geni 980000.i2c: i2c error :-107
01-01 08:18:17.988 0 0 E : [MAX975X:max96755x_vc1_lcd_dtc_check] *ERROR* Failed to read dev:0x15 addr:0x85
01-01 08:18:17.997 0 0 E i2c_geni 980000.i2c: i2c error :-107
05-07 02:10:34.385 3003 3003 I auditd : type=1400 audit(0.0:8334): avc: granted { read } for comm=4173796E635461736B2023323738 name="arp" dev="proc" ino=4026532247 scontext=u:r:platform_app:s0:c512,c768 tcontext=u:object_r:proc_net:s0 tclass=file app=com.hht.lebocast
05-07 02:10:34.385 3003 3003 W com.hht.lebocast: type=1400 audit(0.0:8334): avc: granted { read } for comm=4173796E635461736B2023323738 name="arp" dev="proc" ino=4026532247 scontext=u:r:platform_app:s0:c512,c768 tcontext=u:object_r:proc_net:s0 tclass=file app=com.hht.lebocast
05-07 02:10:34.385 3003 3003 I auditd : type=1400 audit(0.0:8335): avc: granted { read open } for comm=4173796E635461736B2023323738 path="/proc/3003/net/arp" dev="proc" ino=4026532247 scontext=u:r:platform_app:s0:c512,c768 tcontext=u:object_r:proc_net:s0 tclass=file app=com.hht.lebocast
05-07 02:10:34.385 3003 3003 W com.hht.lebocast: type=1400 audit(0.0:8335): avc: granted { read open } for comm=4173796E635461736B2023323738 path="/proc/3003/net/arp" dev="proc" ino=4026532247 scontext=u:r:platform_app:s0:c512,c768 tcontext=u:object_r:proc_net:s0 tclass=file app=com.hht.lebocast
01-01 08:18:18.002 0 0 E : [MAX975X:max96755g_write_bytes] *ERROR* i2c master send 0x85 err
01-01 08:18:18.116 0 0 E i2c_geni 980000.i2c: i2c error :-107
01-01 08:18:18.121 0 0 E : [MAX975X:max96755x_vc1_lcd_dtc_check] *ERROR* Failed to read dev:0x15 addr:0x85
05-07 02:10:34.385 3003 3003 I auditd : type=1400 audit(0.0:8336): avc: granted { getattr } for comm=4173796E635461736B2023323738 path="/proc/3003/net/arp" dev="proc" ino=4026532247 scontext=u:r:platform_app:s0:c512,c768 tcontext=u:object_r:proc_net:s0 tclass=file app=com.hht.lebocast
