05-07 02:06:15.399 1092 3277 I dvm_lock_sample: [system_server,1,Binder:1092_E,22,ActivityTaskManagerService.java,2343,java.util.List com.android.server.wm.ActivityTaskManagerService.getAllRootTaskInfos(),,0,null,4]
05-07 02:06:15.405 1092 1204 I sysui_multi_action: [757,803,799,window_time_2,802,0]
05-07 02:06:15.407 1092 1206 I input_focus: [Focus request 2f7a9f7 com.tencent.android.qqdownloader/com.tencent.nucleus.search.SearchActivity,reason=UpdateInputWindows]
05-07 02:06:15.409 2610 2610 I wm_on_restart_called: [76565268,com.android.launcher3.uioverrides.QuickstepLauncher,performRestartActivity]
05-07 02:06:15.410 2610 2610 I wm_on_start_called: [76565268,com.android.launcher3.uioverrides.QuickstepLauncher,handleStartActivity]
05-07 02:06:15.411 2610 2610 I wm_on_resume_called: [76565268,com.android.launcher3.uioverrides.QuickstepLauncher,RESUME_ACTIVITY]
05-07 02:06:15.430 1092 1691 I input_focus: [Focus entering 2f7a9f7 com.tencent.android.qqdownloader/com.tencent.nucleus.search.SearchActivity (server),reason=setFocusedWindow]
05-07 02:06:15.462 1092 3148 I wm_destroy_activity: [0,240132209,20,com.thundercomm.screensaver/android.service.dreams.DreamActivity,finish-idle]
05-07 02:06:15.464 7438 7438 I wm_on_stop_called: [240132209,android.service.dreams.DreamActivity,LIFECYCLER_STOP_ACTIVITY]
05-07 02:06:15.464 7438 7438 I wm_on_destroy_called: [240132209,android.service.dreams.DreamActivity,performDestroy]
05-07 02:06:15.468 1092 1201 I sysui_multi_action: [757,222,758,2]
05-07 02:06:15.468 1092 1201 I sysui_multi_action: [757,804,799,dreaming_minutes,801,0,802,1]
05-07 02:06:15.605 0 0 I auditd : type=1400 audit(0.0:6320): avc: denied { kill } for comm="swapper/2" capability=5 scontext=u:r:kernel:s0 tcontext=u:r:kernel:s0 tclass=capability permissive=1
05-07 02:06:15.723 1092 1206 I wm_task_removed: [20,removeChild:removeChild last r=ActivityRecord{e502071 u0 com.thundercomm.screensaver/android.service.dreams.DreamActivity t-1 f}} in t=Task{997175c #20 type=dream A=10047:android:com.thundercomm.screensaver/dream U=0 visible=false mode=fullscreen translucent=true sz=0}]
05-07 02:06:15.723 1092 1206 I wm_task_removed: [20,removeChild]
05-07 02:06:16.297 1092 1723 I netstats_mobile_sample: [0,0,0,0,0,0,0,0,0,0,0,0,1683514238149]
05-07 02:06:16.297 1092 1723 I netstats_wifi_sample: [308,4,568,5,308,4,568,5,228,2,520,4,1683514238149]
05-07 02:06:16.325 3003 3003 I auditd : type=1400 audit(0.0:6321): avc: granted { read } for comm=4173796E635461736B2023323233 name="arp" dev="proc" ino=4026532247 scontext=u:r:platform_app:s0:c512,c768 tcontext=u:object_r:proc_net:s0 tclass=file app=com.hht.lebocast
05-07 02:06:16.325 3003 3003 I auditd : type=1400 audit(0.0:6322): avc: granted { read open } for comm=4173796E635461736B2023323233 path="/proc/3003/net/arp" dev="proc" ino=4026532247 scontext=u:r:platform_app:s0:c512,c768 tcontext=u:object_r:proc_net:s0 tclass=file app=com.hht.lebocast
05-07 02:06:16.325 3003 3003 I auditd : type=1400 audit(0.0:6323): avc: granted { getattr } for comm=4173796E635461736B2023323233 path="/proc/3003/net/arp" dev="proc" ino=4026532247 scontext=u:r:platform_app:s0:c512,c768 tcontext=u:object_r:proc_net:s0 tclass=file app=com.hht.lebocast
05-07 02:06:16.329 3003 3003 I auditd : type=1400 audit(0.0:6324): avc: granted { getattr } for comm=4173796E635461736B2023323233 path="/proc/3003/net/arp" dev="proc" ino=4026532247 scontext=u:r:platform_app:s0:c512,c768 tcontext=u:object_r:proc_net:s0 tclass=file app=com.hht.lebocast
05-07 02:06:16.963 1092 1691 I input_interaction: Interaction with: 2f7a9f7 com.tencent.android.qqdownloader/com.tencent.nucleus.search.SearchActivity (server), edge-swipe (server), swipe-up (server), PointerEventDispatcher0 (server),
05-07 02:06:17.047 1092 3277 I wm_finish_activity: [0,79324756,17,com.tencent.android.qqdownloader/com.tencent.assistantv2.activity.MainActivity,finish-activity]
05-07 02:06:17.051 1092 3277 I wm_destroy_activity: [0,79324756,17,com.tencent.android.qqdownloader/com.tencent.assistantv2.activity.MainActivity,finish-imm:finishIfPossible]
05-07 02:06:17.052 1092 3277 I wm_finish_activity: [0,85185484,17,com.tencent.android.qqdownloader/com.tencent.nucleus.search.SearchActivity,finish-activity]
05-07 02:06:17.053 1092 3277 I wm_task_moved: [1,1,7]
05-07 02:06:17.056 1092 3277 I wm_set_resumed_activity: [0,com.android.launcher3/.uioverrides.QuickstepLauncher,positionChildAt]
05-07 02:06:17.056 1092 3277 I wm_task_moved: [8,1,2147483647]
05-07 02:06:17.056 1092 3277 I wm_task_to_front: [0,8]
05-07 02:06:17.056 1092 3277 I wm_focused_root_task: [0,0,1,-1,finish-top adjustFocusToNextFocusableTask]
05-07 02:06:17.056 1092 3277 I wm_set_resumed_activity: [0,com.android.launcher3/.uioverrides.QuickstepLauncher,finish-top]
05-07 02:06:17.086 1092 3277 I wm_pause_activity: [0,85185484,com.tencent.android.qqdownloader/com.tencent.nucleus.search.SearchActivity,userLeaving=false,finish]
05-07 02:06:17.092 1092 1206 I input_focus: [Focus request 15d0a1 com.android.launcher3/com.android.launcher3.uioverrides.QuickstepLauncher,reason=UpdateInputWindows]
05-07 02:06:17.113 5683 5683 I wm_on_stop_called: [79324756,com.tencent.assistantv2.activity.MainActivity,LIFECYCLER_STOP_ACTIVITY]
05-07 02:06:17.120 1092 1204 I sysui_multi_action: [757,803,799,window_time_2,802,2]
05-07 02:06:17.126 1092 1691 I input_focus: [Focus leaving 2f7a9f7 com.tencent.android.qqdownloader/com.tencent.nucleus.search.SearchActivity (server),reason=NO_WINDOW]
05-07 02:06:17.126 1092 1691 I input_focus: [Focus entering 15d0a1 com.android.launcher3/com.android.launcher3.uioverrides.QuickstepLauncher (server),reason=setFocusedWindow]
05-07 02:06:17.142 5683 5683 I wm_on_destroy_called: [79324756,com.tencent.assistantv2.activity.MainActivity,performDestroy]
05-07 02:06:17.148 5683 5683 I wm_on_top_resumed_lost_called: [85185484,com.tencent.nucleus.search.SearchActivity,topStateChangedWhenResumed]
05-07 02:06:17.151 2610 2610 I wm_on_top_resumed_gained_called: [76565268,com.android.launcher3.uioverrides.QuickstepLauncher,topStateChangedWhenResumed]
05-07 02:06:17.196 5683 5683 I wm_on_paused_called: [85185484,com.tencent.nucleus.search.SearchActivity,performPause]
05-07 02:06:17.200 1092 1137 I wm_destroy_activity: [0,85185484,17,com.tencent.android.qqdownloader/com.tencent.nucleus.search.SearchActivity,finish-imm:completePausedLocked]
05-07 02:06:17.202 1092 1204 I sysui_multi_action: [757,803,799,window_time_0,802,0]
05-07 02:06:17.219 5683 5683 I wm_on_stop_called: [85185484,com.tencent.nucleus.search.SearchActivity,LIFECYCLER_STOP_ACTIVITY]
05-07 02:06:17.231 5683 5683 I wm_on_destroy_called: [85185484,com.tencent.nucleus.search.SearchActivity,performDestroy]
05-07 02:06:17.639 1092 1206 I wm_task_removed: [17,removeChild:removeChild last r=ActivityRecord{513d3cc u0 com.tencent.android.qqdownloader/com.tencent.nucleus.search.SearchActivity t-1 f}} in t=Task{4a26140 #17 type=standard A=10100:com.tencent.android.qqdownloader U=0 visible=false mode=freeform translucent=true sz=0}]
05-07 02:06:17.639 1092 1206 I wm_task_removed: [17,removeChild]
05-07 02:06:18.993 3003 3003 I auditd : type=1400 audit(0.0:6325): avc: granted { read } for comm=4173796E635461736B2023323234 name="arp" dev="proc" ino=4026532247 scontext=u:r:platform_app:s0:c512,c768 tcontext=u:object_r:proc_net:s0 tclass=file app=com.hht.lebocast
05-07 02:06:18.993 3003 3003 I auditd : type=1400 audit(0.0:6326): avc: granted { read open } for comm=4173796E635461736B2023323234 path="/proc/3003/net/arp" dev="proc" ino=4026532247 scontext=u:r:platform_app:s0:c512,c768 tcontext=u:object_r:proc_net:s0 tclass=file app=com.hht.lebocast
05-07 02:06:19.080 1092 1691 I input_interaction: Interaction with: 15d0a1 com.android.launcher3/com.android.launcher3.uioverrides.QuickstepLauncher (server), bcafe3e com.android.systemui.ImageWallpaper (server), edge-swipe (server), swipe-up (server), PointerEventDispatcher0 (server),
05-07 02:06:18.993 3003 3003 I auditd : type=1400 audit(0.0:6327): avc: granted { getattr } for comm=4173796E635461736B2023323234 path="/proc/3003/net/arp" dev="proc" ino=4026532247 scontext=u:r:platform_app:s0:c512,c768 tcontext=u:object_r:proc_net:s0 tclass=file app=com.hht.lebocast
05-07 02:06:18.993 3003 3003 I auditd : type=1400 audit(0.0:6328): avc: granted { getattr } for comm=4173796E635461736B2023323234 path="/proc/3003/net/arp" dev="proc" ino=4026532247 scontext=u:r:platform_app:s0:c512,c768 tcontext=u:object_r:proc_net:s0 tclass=file app=com.hht.lebocast
05-07 02:06:19.268 1092 1137 I wm_task_created: [21,-1]
05-07 02:06:19.278 1092 1137 I wm_task_moved: [21,1,7]
05-07 02:06:19.278 1092 1137 I wm_task_to_front: [0,21]
05-07 02:06:19.278 1092 1137 I wm_create_task: [0,21]
05-07 02:06:19.279 1092 1137 I wm_create_activity: [0,232237700,21,com.taptap/com.play.taptap.ui.SplashAct,android.intent.action.MAIN,NULL,NULL,270532608]
05-07 02:06:19.279 1092 1137 I wm_task_moved: [21,1,7]
05-07 02:06:19.280 1092 1137 I wm_pause_activity: [0,76565268,com.android.launcher3/.uioverrides.QuickstepLauncher,userLeaving=true,pauseBackTasks]
05-07 02:06:19.285 2610 2610 I wm_on_top_resumed_lost_called: [76565268,com.android.launcher3.uioverrides.QuickstepLauncher,topStateChangedWhenResumed]
05-07 02:06:19.287 1092 1204 I am_uid_running: 10101
05-07 02:06:19.289 2610 2610 I wm_on_paused_called: [76565268,com.android.launcher3.uioverrides.QuickstepLauncher,performPause]
05-07 02:06:19.291 1092 1137 I wm_add_to_stopping: [0,76565268,com.android.launcher3/.uioverrides.QuickstepLauncher,makeInvisible]
05-07 02:06:19.294 1092 1204 I sysui_multi_action: [757,803,799,window_time_0,802,2]
05-07 02:06:19.323 1092 1219 I am_proc_start: [0,8607,10101,com.taptap,pre-top-activity,{com.taptap/com.play.taptap.ui.SplashAct}]
05-07 02:06:19.331 1092 1691 I input_focus: [Focus leaving 15d0a1 com.android.launcher3/com.android.launcher3.uioverrides.QuickstepLauncher (server),reason=NO_WINDOW]
05-07 02:06:19.422 1092 3277 I am_proc_bound: [0,8607,com.taptap]
05-07 02:06:19.426 1092 3277 I wm_restart_activity: [0,232237700,21,com.taptap/com.play.taptap.ui.SplashAct]
05-07 02:06:19.428 1092 3277 I wm_set_resumed_activity: [0,com.taptap/com.play.taptap.ui.SplashAct,minimalResumeActivityLocked]
05-07 02:06:19.429 1092 1204 I am_uid_active: 10101
05-07 02:06:19.869 8607 8607 I auditd : type=1400 audit(0.0:6329): avc: granted { execute } for comm="com.taptap" path="/data/user/0/com.taptap/files/tap_sandbox_core/core_v13105/libs/armeabi-v7a/libsandbox_ext.so" dev="dm-10" ino=14927 scontext=u:r:untrusted_app_27:s0:c512,c768 tcontext=u:object_r:app_data_file:s0:c512,c768 tclass=file app=com.taptap
05-07 02:06:20.017 8607 8607 I wm_on_create_called: [232237700,com.play.taptap.ui.SplashAct,performCreate]
05-07 02:06:20.028 8607 8607 I wm_on_start_called: [232237700,com.play.taptap.ui.SplashAct,handleStartActivity]
05-07 02:06:20.033 8607 8607 I wm_on_resume_called: [232237700,com.play.taptap.ui.SplashAct,RESUME_ACTIVITY]
05-07 02:06:20.041 8607 8607 I wm_on_top_resumed_gained_called: [232237700,com.play.taptap.ui.SplashAct,topStateChangedWhenResumed]
05-07 02:06:20.079 1092 1206 I input_focus: [Focus request 9be2b26 com.taptap/com.play.taptap.ui.SplashAct,reason=UpdateInputWindows]
05-07 02:06:20.149 1092 1206 I input_focus: [Focus request a51d3b2 SubPanel:com.taptap/com.play.taptap.ui.SplashAct,reason=UpdateInputWindows]
05-07 02:06:20.159 1092 1691 I input_focus: [Focus entering 9be2b26 com.taptap/com.play.taptap.ui.SplashAct (server),reason=Window became focusable. Previous reason: NOT_VISIBLE]
05-07 02:06:20.173 1092 1201 I sysui_multi_action: [319,105,321,101,322,905,325,835,757,761,758,7,759,1,806,com.taptap,871,com.play.taptap.ui.SplashAct,904,com.android.launcher3,905,0,945,163,1320,4,1321,4]
05-07 02:06:20.177 1092 1201 I wm_activity_launch_time: [0,232237700,com.taptap/com.play.taptap.ui.SplashAct,905]
05-07 02:06:20.179 1092 1691 I input_focus: [Focus leaving 9be2b26 com.taptap/com.play.taptap.ui.SplashAct (server),reason=setFocusedWindow]
05-07 02:06:20.179 1092 1691 I input_focus: [Focus entering a51d3b2 SubPanel:com.taptap/com.play.taptap.ui.SplashAct (server),reason=setFocusedWindow]
05-07 02:06:20.229 1092 3148 I am_uid_running: 99001
05-07 02:06:20.262 1092 1219 I am_proc_start: [0,8689,99001,com.android.webview:sandboxed_process0:org.chromium.content.app.SandboxedProcessService0:0,,{com.taptap/org.chromium.content.app.SandboxedProcessService0:0}]
05-07 02:06:20.340 1092 1747 I storage_state: [41217664-9172-527a-b3d5-edabb50a7d69,0,0,115213438976,118610538496]
05-07 02:06:20.361 1092 3148 I am_proc_bound: [0,8689,com.android.webview:sandboxed_process0:org.chromium.content.app.SandboxedProcessService0:0]
05-07 02:06:20.362 1092 3148 I am_uid_active: 99001
05-07 02:06:20.436 1092 3148 I wm_stop_activity: [0,76565268,com.android.launcher3/.uioverrides.QuickstepLauncher]
05-07 02:06:20.440 2610 2610 I wm_on_stop_called: [76565268,com.android.launcher3.uioverrides.QuickstepLauncher,STOP_ACTIVITY_ITEM]
05-07 02:06:20.605 0 0 I auditd : type=1400 audit(0.0:6330): avc: denied { kill } for comm="swapper/4" capability=5 scontext=u:r:kernel:s0 tcontext=u:r:kernel:s0 tclass=capability permissive=1
05-07 02:06:21.534 1092 1691 I input_interaction: Interaction with: a51d3b2 SubPanel:com.taptap/com.play.taptap.ui.SplashAct (server), edge-swipe (server), swipe-up (server), PointerEventDispatcher0 (server),
05-07 02:06:21.733 1092 1206 I input_focus: [Focus request 9be2b26 com.taptap/com.play.taptap.ui.SplashAct,reason=UpdateInputWindows]
05-07 02:06:21.739 1092 3148 I am_kill : [0,8689,com.android.webview:sandboxed_process0:org.chromium.content.app.SandboxedProcessService0:0,0,isolated not needed]
05-07 02:06:21.760 1092 1691 I input_focus: [Focus entering 9be2b26 com.taptap/com.play.taptap.ui.SplashAct (server),reason=setFocusedWindow]
05-07 02:06:21.936 1092 3148 I am_proc_died: [0,8689,com.android.webview:sandboxed_process0:org.chromium.content.app.SandboxedProcessService0:0,0,10]
05-07 02:06:21.937 1092 3148 I am_uid_stopped: 99001
05-07 02:06:22.182 1092 1219 I am_proc_start: [0,8757,10101,com.taptap:va_core,content provider,{com.taptap/com.taptap.sandbox.server.BinderProvider}]
05-07 02:06:22.242 1092 3148 I am_proc_bound: [0,8757,com.taptap:va_core]
05-07 02:06:22.213 8607 8607 I auditd : type=1400 audit(0.0:6331): avc: denied { open } for comm="DefaultDispatch" path="/dev/__properties__/u:object_r:vendor_default_prop:s0" dev="tmpfs" ino=28445 scontext=u:r:untrusted_app_27:s0:c512,c768 tcontext=u:object_r:vendor_default_prop:s0 tclass=file permissive=1 app=com.taptap
05-07 02:06:22.213 8607 8607 I auditd : type=1400 audit(0.0:6332): avc: denied { getattr } for comm="DefaultDispatch" path="/dev/__properties__/u:object_r:vendor_default_prop:s0" dev="tmpfs" ino=28445 scontext=u:r:untrusted_app_27:s0:c512,c768 tcontext=u:object_r:vendor_default_prop:s0 tclass=file permissive=1 app=com.taptap
05-07 02:06:22.213 8607 8607 I auditd : type=1400 audit(0.0:6333): avc: denied { map } for comm="DefaultDispatch" path="/dev/__properties__/u:object_r:vendor_default_prop:s0" dev="tmpfs" ino=28445 scontext=u:r:untrusted_app_27:s0:c512,c768 tcontext=u:object_r:vendor_default_prop:s0 tclass=file permissive=1 app=com.taptap
05-07 02:06:22.305 8607 8607 I auditd : type=1400 audit(0.0:6334): avc: denied { read } for comm=7265717565737420746872656164 name="system" dev="dm-10" ino=133 scontext=u:r:untrusted_app_27:s0:c512,c768 tcontext=u:object_r:system_data_file:s0 tclass=dir permissive=1 app=com.taptap
05-07 02:06:22.305 8607 8607 I auditd : type=1400 audit(0.0:6335): avc: denied { open } for comm=7265717565737420746872656164 path="/data/system" dev="dm-10" ino=133 scontext=u:r:untrusted_app_27:s0:c512,c768 tcontext=u:object_r:system_data_file:s0 tclass=dir permissive=1 app=com.taptap
05-07 02:06:22.305 8607 8607 I auditd : type=1400 audit(0.0:6336): avc: denied { getattr } for comm=7265717565737420746872656164 path="/data/system/environ" dev="dm-10" ino=134 scontext=u:r:untrusted_app_27:s0:c512,c768 tcontext=u:object_r:environ_system_data_file:s0 tclass=dir permissive=1 app=com.taptap
05-07 02:06:22.617 1092 2164 I sysui_multi_action: [757,856,758,1,806,com.taptap,857,virtual_daemon,858,4]
05-07 02:06:22.618 1092 2164 I sysui_multi_action: [757,856,758,1,806,com.taptap,857,virtual_default,858,4]
05-07 02:06:22.648 1092 6802 I sysui_multi_action: [757,856,758,1,806,com.taptap,857,TapBooster,858,3]
05-07 02:06:22.662 1092 6802 I sysui_multi_action: [757,856,758,1,806,com.taptap,857,TapServiceChannel,858,3]
05-07 02:06:22.681 1092 1219 I am_proc_start: [0,8900,10101,com.taptap:booster,service,{com.taptap/com.xindong.rocket.tapbooster.service.BoosterService}]
05-07 02:06:22.743 1092 6802 I am_proc_bound: [0,8900,com.taptap:booster]
05-07 02:06:22.854 1092 1663 I commit_sys_config_file: [settings-3-0,32]
05-07 02:06:22.887 1092 1203 I commit_sys_config_file: [notification-policy,783354]
05-07 02:06:22.941 8607 8862 I dvm_lock_sample: [com.taptap,0,Thread-36,332,,118,java.lang.String com.mob.mgs.impl.f.f(),-,129,java.lang.String com.mob.mgs.impl.f.f(),66]
05-07 02:06:22.946 8607 8866 I dvm_lock_sample: [com.taptap,0,M-CF-1,312,,-1,java.lang.String com.mob.commons.a.a(),-,113,java.lang.String com.mob.commons.a.b(),62]
05-07 02:06:23.253 8607 8607 I auditd : type=1400 audit(0.0:7088): avc: denied { read } for comm=7265717565737420746872656164 name="drivers" dev="proc" ino=4026531852 scontext=u:r:untrusted_app_27:s0:c512,c768 tcontext=u:object_r:proc_tty_drivers:s0 tclass=file permissive=1 app=com.taptap
05-07 02:06:23.253 8607 8607 I auditd : type=1400 audit(0.0:7089): avc: denied { getattr } for comm=7265717565737420746872656164 path="/proc/tty/drivers" dev="proc" ino=4026531852 scontext=u:r:untrusted_app_27:s0:c512,c768 tcontext=u:object_r:proc_tty_drivers:s0 tclass=file permissive=1 app=com.taptap
05-07 02:06:23.253 8607 8607 I auditd : type=1400 audit(0.0:7090): avc: denied { open } for comm=7265717565737420746872656164 path="/proc/tty/drivers" dev="proc" ino=4026531852 scontext=u:r:untrusted_app_27:s0:c512,c768 tcontext=u:object_r:proc_tty_drivers:s0 tclass=file permissive=1 app=com.taptap
05-07 02:06:23.321 9001 9001 I auditd : type=1400 audit(0.0:7091): avc: denied { read } for comm="ps" name="pid_max" dev="proc" ino=264961 scontext=u:r:untrusted_app_27:s0:c512,c768 tcontext=u:object_r:proc_pid_max:s0 tclass=file permissive=1
05-07 02:06:23.321 9001 9001 I auditd : type=1400 audit(0.0:7092): avc: denied { open } for comm="ps" path="/proc/sys/kernel/pid_max" dev="proc" ino=264961 scontext=u:r:untrusted_app_27:s0:c512,c768 tcontext=u:object_r:proc_pid_max:s0 tclass=file permissive=1
05-07 02:06:23.546 8607 8751 I dvm_lock_sample: [com.taptap,0,DefaultDispatcher-worker-3,959,ApiManagerHookImp.kt,-1,com.taptap.common.net.LoginInfo com.taptap.other.basic.impl.application.features.ApiManagerHookImp.fetchDeviceToken(),-,358,com.taptap.common.net.LoginInfo com.taptap.other.basic.impl.application.features.ApiManagerHookImp.fetchDeviceToken(),100]
05-07 02:06:23.722 8607 8841 I dvm_lock_sample: [com.taptap,0,DefaultDispatcher-worker-12,1135,ApiManagerHookImp.kt,-1,com.taptap.common.net.LoginInfo com.taptap.other.basic.impl.application.features.ApiManagerHookImp.fetchDeviceToken(),-,358,com.taptap.common.net.LoginInfo com.taptap.other.basic.impl.application.features.ApiManagerHookImp.fetchDeviceToken(),100]
05-07 02:06:23.914 8607 8869 I dvm_lock_sample: [com.taptap,0,TapTap_NETWORK,1311,ApiManagerHookImp.kt,-1,com.taptap.common.net.LoginInfo com.taptap.other.basic.impl.application.features.ApiManagerHookImp.fetchDeviceToken(),-,358,com.taptap.common.net.LoginInfo com.taptap.other.basic.impl.application.features.ApiManagerHookImp.fetchDeviceToken(),100]
05-07 02:06:24.032 8607 8834 I dvm_lock_sample: [com.taptap,0,DefaultDispatcher-worker-10,1396,ApiManagerHookImp.kt,-1,com.taptap.common.net.LoginInfo com.taptap.other.basic.impl.application.features.ApiManagerHookImp.fetchDeviceToken(),-,358,com.taptap.common.net.LoginInfo com.taptap.other.basic.impl.application.features.ApiManagerHookImp.fetchDeviceToken(),100]
05-07 02:06:24.200 8607 8830 I dvm_lock_sample: [com.taptap,0,DefaultDispatcher-worker-7,1185,ApiManagerHookImp.kt,-1,com.taptap.common.net.LoginInfo com.taptap.other.basic.impl.application.features.ApiManagerHookImp.fetchDeviceToken(),-,358,com.taptap.common.net.LoginInfo com.taptap.other.basic.impl.application.features.ApiManagerHookImp.fetchDeviceToken(),100]
05-07 02:06:24.389 8607 8607 I auditd : type=1400 audit(0.0:7627): avc: denied { open } for comm="com.taptap" path="/dev/__properties__/u:object_r:ab_update_gki_prop:s0" dev="tmpfs" ino=28191 scontext=u:r:untrusted_app_27:s0:c512,c768 tcontext=u:object_r:ab_update_gki_prop:s0 tclass=file permissive=1 app=com.taptap
05-07 02:06:24.389 8607 8607 I auditd : type=1400 audit(0.0:7628): avc: denied { getattr } for comm="com.taptap" path="/dev/__properties__/u:object_r:ab_update_gki_prop:s0" dev="tmpfs" ino=28191 scontext=u:r:untrusted_app_27:s0:c512,c768 tcontext=u:object_r:ab_update_gki_prop:s0 tclass=file permissive=1 app=com.taptap
05-07 02:06:24.389 8607 8607 I auditd : type=1400 audit(0.0:7629): avc: denied { map } for comm="com.taptap" path="/dev/__properties__/u:object_r:ab_update_gki_prop:s0" dev="tmpfs" ino=28191 scontext=u:r:untrusted_app_27:s0:c512,c768 tcontext=u:object_r:ab_update_gki_prop:s0 tclass=file permissive=1 app=com.taptap
05-07 02:06:24.389 8607 8607 I auditd : type=1400 audit(0.0:7630): avc: denied { open } for comm="com.taptap" path="/dev/__properties__/u:object_r:adbd_prop:s0" dev="tmpfs" ino=28193 scontext=u:r:untrusted_app_27:s0:c512,c768 tcontext=u:object_r:adbd_prop:s0 tclass=file permissive=1 app=com.taptap
05-07 02:06:24.389 8607 8607 I auditd : type=1400 audit(0.0:7631): avc: denied { getattr } for comm="com.taptap" path="/dev/__properties__/u:object_r:adbd_prop:s0" dev="tmpfs" ino=28193 scontext=u:r:untrusted_app_27:s0:c512,c768 tcontext=u:object_r:adbd_prop:s0 tclass=file permissive=1 app=com.taptap
05-07 02:06:24.772 8607 8753 I dvm_lock_sample: [com.taptap,0,DefaultDispatcher-worker-5,1745,Runtime.java,-1,void java.lang.Runtime.loadLibrary0(java.lang.ClassLoader, java.lang.Class, java.lang.String),-,1079,void java.lang.Runtime.loadLibrary0(java.lang.ClassLoader, java.lang.Class, java.lang.String),100]
05-07 02:06:24.841 1092 1219 I am_proc_start: [0,9049,10101,com.taptap:process,service,{com.taptap/com.tds.tapdb.service.TapTapDIDIntentService}]
05-07 02:06:24.881 1092 6810 I wm_task_moved: [21,1,7]
05-07 02:06:24.881 1092 6810 I wm_set_resumed_activity: [0,com.taptap/com.play.taptap.ui.SplashAct,positionChildAt]
05-07 02:06:24.881 1092 6810 I wm_create_activity: [0,66471529,21,com.taptap/.infra.page.core.activity.MainProxyActivity,NULL,NULL,NULL,268435456]
05-07 02:06:24.882 1092 6810 I wm_pause_activity: [0,232237700,com.taptap/com.play.taptap.ui.SplashAct,userLeaving=true,resumeTopActivityInnerLocked]
05-07 02:06:24.898 1092 6808 I wm_finish_activity: [0,232237700,21,com.taptap/com.play.taptap.ui.SplashAct,app-request]
05-07 02:06:24.904 8607 8607 I wm_on_top_resumed_lost_called: [232237700,com.play.taptap.ui.SplashAct,topStateChangedWhenResumed]
05-07 02:06:24.906 8607 8607 I wm_on_paused_called: [232237700,com.play.taptap.ui.SplashAct,performPause]
05-07 02:06:24.907 1092 6809 I wm_add_to_stopping: [0,232237700,com.taptap/com.play.taptap.ui.SplashAct,completeFinishing]
05-07 02:06:24.910 1092 6809 I wm_restart_activity: [0,66471529,21,com.taptap/.infra.page.core.activity.MainProxyActivity]
05-07 02:06:24.911 1092 6809 I wm_set_resumed_activity: [0,com.taptap/.infra.page.core.activity.MainProxyActivity,minimalResumeActivityLocked]
05-07 02:06:24.912 1092 6802 I am_proc_bound: [0,9049,com.taptap:process]
05-07 02:06:24.914 1092 1204 I sysui_multi_action: [757,803,799,window_time_0,802,6]
05-07 02:06:24.946 1092 1691 I input_focus: [Focus leaving 9be2b26 com.taptap/com.play.taptap.ui.SplashAct (server),reason=NO_WINDOW]
05-07 02:06:24.989 8607 8607 I wm_on_create_called: [66471529,com.taptap.infra.page.core.activity.MainProxyActivity,performCreate]
05-07 02:06:24.993 8607 8607 I wm_on_start_called: [66471529,com.taptap.infra.page.core.activity.MainProxyActivity,handleStartActivity]
05-07 02:06:25.000 8607 8607 I wm_on_resume_called: [66471529,com.taptap.infra.page.core.activity.MainProxyActivity,RESUME_ACTIVITY]
05-07 02:06:25.005 8607 8607 I wm_on_top_resumed_gained_called: [66471529,com.taptap.infra.page.core.activity.MainProxyActivity,topStateChangedWhenResumed]
05-07 02:06:25.014 1092 1206 I input_focus: [Focus request 5fa43f7 com.taptap/com.taptap.infra.page.core.activity.MainProxyActivity,reason=UpdateInputWindows]
05-07 02:06:25.038 1092 1201 I wm_activity_launch_time: [0,66471529,com.taptap/.infra.page.core.activity.MainProxyActivity,164]
05-07 02:06:25.047 1092 6802 I wm_destroy_activity: [0,232237700,21,com.taptap/com.play.taptap.ui.SplashAct,finish-imm:idle]
05-07 02:06:25.057 1092 1691 I input_focus: [Focus entering 5fa43f7 com.taptap/com.taptap.infra.page.core.activity.MainProxyActivity (server),reason=Window became focusable. Previous reason: NOT_VISIBLE]
05-07 02:06:25.062 8607 8607 I wm_on_stop_called: [232237700,com.play.taptap.ui.SplashAct,LIFECYCLER_STOP_ACTIVITY]
05-07 02:06:25.068 8607 8607 I wm_on_destroy_called: [232237700,com.play.taptap.ui.SplashAct,performDestroy]
05-07 02:06:25.150 8607 8894 I dvm_lock_sample: [com.taptap,0,DefaultDispatcher-worker-14,310,ApiManagerHookImp.kt,-1,com.taptap.common.net.LoginInfo com.taptap.other.basic.impl.application.features.ApiManagerHookImp.fetchDeviceToken(),,0,null,62]
05-07 02:06:25.326 8607 8749 I dvm_lock_sample: [com.taptap,0,DefaultDispatcher-worker-2,485,ApiManagerHookImp.kt,-1,com.taptap.common.net.LoginInfo com.taptap.other.basic.impl.application.features.ApiManagerHookImp.fetchDeviceToken(),,0,null,97]
05-07 02:06:25.504 8607 8748 I dvm_lock_sample: [com.taptap,0,DefaultDispatcher-worker-1,662,ApiManagerHookImp.kt,-1,com.taptap.common.net.LoginInfo com.taptap.other.basic.impl.application.features.ApiManagerHookImp.fetchDeviceToken(),,0,null,100]
05-07 02:06:25.682 8607 8831 I dvm_lock_sample: [com.taptap,0,DefaultDispatcher-worker-8,837,ApiManagerHookImp.kt,-1,com.taptap.common.net.LoginInfo com.taptap.other.basic.impl.application.features.ApiManagerHookImp.fetchDeviceToken(),,0,null,100]
05-07 02:06:25.868 8607 8892 I dvm_lock_sample: [com.taptap,0,DefaultDispatcher-worker-13,1023,ApiManagerHookImp.kt,-1,com.taptap.common.net.LoginInfo com.taptap.other.basic.impl.application.features.ApiManagerHookImp.fetchDeviceToken(),,0,null,100]
05-07 02:06:26.050 8607 9053 I dvm_lock_sample: [com.taptap,0,DefaultDispatcher-worker-17,1204,ApiManagerHookImp.kt,-1,com.taptap.common.net.LoginInfo com.taptap.other.basic.impl.application.features.ApiManagerHookImp.fetchDeviceToken(),,0,null,100]
05-07 02:06:26.230 8607 9050 I dvm_lock_sample: [com.taptap,0,DefaultDispatcher-worker-16,1383,ApiManagerHookImp.kt,-1,com.taptap.common.net.LoginInfo com.taptap.other.basic.impl.application.features.ApiManagerHookImp.fetchDeviceToken(),,0,null,100]
05-07 02:06:26.456 8607 9048 I dvm_lock_sample: [com.taptap,0,DefaultDispatcher-worker-15,1608,ApiManagerHookImp.kt,-1,com.taptap.common.net.LoginInfo com.taptap.other.basic.impl.application.features.ApiManagerHookImp.fetchDeviceToken(),,0,null,100]
05-07 02:06:26.473 8607 8607 I auditd : type=1400 audit(0.0:7881): avc: granted { nlmsg_readpriv } for comm="pool-11-thread-" scontext=u:r:untrusted_app_27:s0:c512,c768 tcontext=u:r:untrusted_app_27:s0:c512,c768 tclass=netlink_route_socket app=com.taptap
05-07 02:06:26.981 8607 8607 I auditd : type=1400 audit(0.0:7882): avc: granted { nlmsg_readpriv } for comm="pool-11-thread-" scontext=u:r:untrusted_app_27:s0:c512,c768 tcontext=u:r:untrusted_app_27:s0:c512,c768 tclass=netlink_route_socket app=com.taptap
05-07 02:06:27.054 8607 9054 I dvm_lock_sample: [com.taptap,0,DefaultDispatcher-worker-18,2153,ApiManagerHookImp.kt,-1,com.taptap.common.net.LoginInfo com.taptap.other.basic.impl.application.features.ApiManagerHookImp.fetchDeviceToken(),,0,null,100]
05-07 02:06:27.250 8607 8752 I dvm_lock_sample: [com.taptap,0,DefaultDispatcher-worker-4,2348,ApiManagerHookImp.kt,-1,com.taptap.common.net.LoginInfo com.taptap.other.basic.impl.application.features.ApiManagerHookImp.fetchDeviceToken(),,0,null,100]
05-07 02:06:27.367 8607 8832 I dvm_lock_sample: [com.taptap,0,DefaultDispatcher-worker-9,2466,ApiManagerHookImp.kt,-1,com.taptap.common.net.LoginInfo com.taptap.other.basic.impl.application.features.ApiManagerHookImp.fetchDeviceToken(),,0,null,100]
05-07 02:06:27.488 8607 8834 I dvm_lock_sample: [com.taptap,0,DefaultDispatcher-worker-10,2586,ApiManagerHookImp.kt,-1,com.taptap.common.net.LoginInfo com.taptap.other.basic.impl.application.features.ApiManagerHookImp.fetchDeviceToken(),,0,null,100]
05-07 02:06:27.617 8607 8753 I dvm_lock_sample: [com.taptap,0,DefaultDispatcher-worker-5,2714,ApiManagerHookImp.kt,-1,com.taptap.common.net.LoginInfo com.taptap.other.basic.impl.application.features.ApiManagerHookImp.fetchDeviceToken(),,0,null,100]
05-07 02:06:27.743 8607 8837 I dvm_lock_sample: [com.taptap,0,DefaultDispatcher-worker-11,2827,ApiManagerHookImp.kt,-1,com.taptap.common.net.LoginInfo com.taptap.other.basic.impl.application.features.ApiManagerHookImp.fetchDeviceToken(),,0,null,100]
05-07 02:06:27.868 8607 9058 I dvm_lock_sample: [com.taptap,0,DefaultDispatcher-worker-19,2953,ApiManagerHookImp.kt,-1,com.taptap.common.net.LoginInfo com.taptap.other.basic.impl.application.features.ApiManagerHookImp.fetchDeviceToken(),,0,null,100]
05-07 02:06:27.995 8607 8869 I dvm_lock_sample: [com.taptap,0,TapTap_NETWORK,3014,ApiManagerHookImp.kt,-1,com.taptap.common.net.LoginInfo com.taptap.other.basic.impl.application.features.ApiManagerHookImp.fetchDeviceToken(),,0,null,100]
05-07 02:06:28.134 8607 9110 I dvm_lock_sample: [com.taptap,0,DefaultDispatcher-worker-25,3153,ApiManagerHookImp.kt,-1,com.taptap.common.net.LoginInfo com.taptap.other.basic.impl.application.features.ApiManagerHookImp.fetchDeviceToken(),,0,null,100]
05-07 02:06:28.300 8607 8829 I dvm_lock_sample: [com.taptap,0,DefaultDispatcher-worker-6,3475,ApiManagerHookImp.kt,-1,com.taptap.common.net.LoginInfo com.taptap.other.basic.impl.application.features.ApiManagerHookImp.fetchDeviceToken(),,0,null,100]
05-07 02:06:28.289 8607 8607 I auditd : type=1400 audit(0.0:7883): avc: denied { read } for comm="Thread-92" name="diskstats" dev="proc" ino=4026532300 scontext=u:r:untrusted_app_27:s0:c512,c768 tcontext=u:object_r:proc_diskstats:s0 tclass=file permissive=1 app=com.taptap
05-07 02:06:28.289 8607 8607 I auditd : type=1400 audit(0.0:7884): avc: denied { open } for comm="Thread-92" path="/proc/diskstats" dev="proc" ino=4026532300 scontext=u:r:untrusted_app_27:s0:c512,c768 tcontext=u:object_r:proc_diskstats:s0 tclass=file permissive=1 app=com.taptap
05-07 02:06:28.289 8607 8607 I auditd : type=1400 audit(0.0:7885): avc: denied { getattr } for comm="Thread-92" path="/proc/diskstats" dev="proc" ino=4026532300 scontext=u:r:untrusted_app_27:s0:c512,c768 tcontext=u:object_r:proc_diskstats:s0 tclass=file permissive=1 app=com.taptap
05-07 02:06:28.531 8607 8751 I dvm_lock_sample: [com.taptap,0,DefaultDispatcher-worker-3,3547,ApiManagerHookImp.kt,-1,com.taptap.common.net.LoginInfo com.taptap.other.basic.impl.application.features.ApiManagerHookImp.fetchDeviceToken(),,0,null,100]
05-07 02:06:28.513 3003 3003 I auditd : type=1400 audit(0.0:7886): avc: granted { read } for comm=4173796E635461736B2023323235 name="arp" dev="proc" ino=4026532247 scontext=u:r:platform_app:s0:c512,c768 tcontext=u:object_r:proc_net:s0 tclass=file app=com.hht.lebocast
05-07 02:06:28.513 3003 3003 I auditd : type=1400 audit(0.0:7887): avc: granted { read open } for comm=4173796E635461736B2023323235 path="/proc/3003/net/arp" dev="proc" ino=4026532247 scontext=u:r:platform_app:s0:c512,c768 tcontext=u:object_r:proc_net:s0 tclass=file app=com.hht.lebocast
05-07 02:06:28.513 3003 3003 I auditd : type=1400 audit(0.0:7888): avc: granted { getattr } for comm=4173796E635461736B2023323235 path="/proc/3003/net/arp" dev="proc" ino=4026532247 scontext=u:r:platform_app:s0:c512,c768 tcontext=u:object_r:proc_net:s0 tclass=file app=com.hht.lebocast
05-07 02:06:28.513 3003 3003 I auditd : type=1400 audit(0.0:7889): avc: granted { getattr } for comm=4173796E635461736B2023323235 path="/proc/3003/net/arp" dev="proc" ino=4026532247 scontext=u:r:platform_app:s0:c512,c768 tcontext=u:object_r:proc_net:s0 tclass=file app=com.hht.lebocast
05-07 02:06:28.708 8607 9111 I dvm_lock_sample: [com.taptap,0,DefaultDispatcher-worker-26,3723,ApiManagerHookImp.kt,-1,com.taptap.common.net.LoginInfo com.taptap.other.basic.impl.application.features.ApiManagerHookImp.fetchDeviceToken(),,0,null,100]
05-07 02:06:28.877 8607 9147 I dvm_lock_sample: [com.taptap,0,TapTap_NETWORK,3806,ApiManagerHookImp.kt,-1,com.taptap.common.net.LoginInfo com.taptap.other.basic.impl.application.features.ApiManagerHookImp.fetchDeviceToken(),,0,null,100]
05-07 02:06:29.064 8607 9214 I dvm_lock_sample: [com.taptap,0,TapTap_NETWORK,1801,ApiManagerHookImp.kt,-1,com.taptap.common.net.LoginInfo com.taptap.other.basic.impl.application.features.ApiManagerHookImp.fetchDeviceToken(),,0,null,100]
05-07 02:06:29.326 1092 1257 I commit_sys_config_file: [package-user-0,11]
05-07 02:06:29.553 8607 8833 I service_manager_stats: [200,271,846088]
05-07 02:06:29.679 1092 1092 I notification_enqueue: [10101,8607,com.taptap,105,NULL,0,Notification(channel=TapServiceChannel shortcut=null contentView=null vibrate=null sound=null defaults=0x0 flags=0x10 color=0x00000000 vis=PRIVATE),0]
05-07 02:06:29.707 8607 8751 I dvm_lock_sample: [com.taptap,0,DefaultDispatcher-worker-3,160,ApiManagerHookImp.kt,-1,com.taptap.common.net.LoginInfo com.taptap.other.basic.impl.application.features.ApiManagerHookImp.fetchDeviceToken(),-,358,com.taptap.common.net.LoginInfo com.taptap.other.basic.impl.application.features.ApiManagerHookImp.fetchDeviceToken(),32]
05-07 02:06:29.859 1092 1214 I am_pss : [8607,10101,com.taptap,130816000,55705600,0,398577664,0,2,28]
05-07 02:06:29.870 1092 6801 I sysui_multi_action: [757,856,758,1,806,com.taptap,857,TapDownloadChannel,858,2]
05-07 02:06:29.878 8607 9214 I dvm_lock_sample: [com.taptap,0,TapTap_NETWORK,275,ApiManagerHookImp.kt,-1,com.taptap.common.net.LoginInfo com.taptap.other.basic.impl.application.features.ApiManagerHookImp.fetchDeviceToken(),,0,null,55]
05-07 02:06:29.880 1092 1092 I sysui_multi_action: [757,1501,758,1,793,201,794,0,795,201,796,105,806,com.taptap,857,TapServiceChannel,858,3,947,0,1500,0,1688,1]
05-07 02:06:29.881 1092 1092 I sysui_multi_action: [757,804,799,note_interruptive,801,0,802,1]
05-07 02:06:30.075 8607 8829 I dvm_lock_sample: [com.taptap,0,DefaultDispatcher-worker-6,402,ApiManagerHookImp.kt,-1,com.taptap.common.net.LoginInfo com.taptap.other.basic.impl.application.features.ApiManagerHookImp.fetchDeviceToken(),,0,null,80]
05-07 02:06:30.134 1092 1203 I commit_sys_config_file: [notification-policy,790601]
05-07 02:06:30.269 8607 9110 I dvm_lock_sample: [com.taptap,0,DefaultDispatcher-worker-25,585,ApiManagerHookImp.kt,-1,com.taptap.common.net.LoginInfo com.taptap.other.basic.impl.application.features.ApiManagerHookImp.fetchDeviceToken(),,0,null,100]
05-07 02:06:30.447 8607 8832 I dvm_lock_sample: [com.taptap,0,DefaultDispatcher-worker-9,757,ApiManagerHookImp.kt,-1,com.taptap.common.net.LoginInfo com.taptap.other.basic.impl.application.features.ApiManagerHookImp.fetchDeviceToken(),,0,null,100]
05-07 02:06:30.624 8607 9050 I dvm_lock_sample: [com.taptap,0,DefaultDispatcher-worker-16,755,ApiManagerHookImp.kt,-1,com.taptap.common.net.LoginInfo com.taptap.other.basic.impl.application.features.ApiManagerHookImp.fetchDeviceToken(),,0,null,100]
05-07 02:06:30.817 8607 8837 I dvm_lock_sample: [com.taptap,0,DefaultDispatcher-worker-11,914,ApiManagerHookImp.kt,-1,com.taptap.common.net.LoginInfo com.taptap.other.basic.impl.application.features.ApiManagerHookImp.fetchDeviceToken(),-,358,com.taptap.common.net.LoginInfo com.taptap.other.basic.impl.application.features.ApiManagerHookImp.fetchDeviceToken(),100]
05-07 02:06:30.974 8607 8753 I dvm_lock_sample: [com.taptap,0,DefaultDispatcher-worker-5,1072,ApiManagerHookImp.kt,-1,com.taptap.common.net.LoginInfo com.taptap.other.basic.impl.application.features.ApiManagerHookImp.fetchDeviceToken(),-,358,com.taptap.common.net.LoginInfo com.taptap.other.basic.impl.application.features.ApiManagerHookImp.fetchDeviceToken(),100]
05-07 02:06:31.513 8607 8607 I auditd : type=1400 audit(0.0:7890): avc: denied { read } for comm="Thread-62" name="tcp" dev="proc" ino=4026532258 scontext=u:r:untrusted_app_27:s0:c512,c768 tcontext=u:object_r:proc_net_tcp_udp:s0 tclass=file permissive=1 app=com.taptap
05-07 02:06:31.513 8607 8607 I auditd : type=1400 audit(0.0:7891): avc: denied { open } for comm="Thread-62" path="/proc/8607/net/tcp" dev="proc" ino=4026532258 scontext=u:r:untrusted_app_27:s0:c512,c768 tcontext=u:object_r:proc_net_tcp_udp:s0 tclass=file permissive=1 app=com.taptap
05-07 02:06:32.305 3003 3003 I auditd : type=1400 audit(0.0:7892): avc: granted { read } for comm=4173796E635461736B2023323236 name="arp" dev="proc" ino=4026532247 scontext=u:r:platform_app:s0:c512,c768 tcontext=u:object_r:proc_net:s0 tclass=file app=com.hht.lebocast
05-07 02:06:32.305 3003 3003 I auditd : type=1400 audit(0.0:7893): avc: granted { read open } for comm=4173796E635461736B2023323236 path="/proc/3003/net/arp" dev="proc" ino=4026532247 scontext=u:r:platform_app:s0:c512,c768 tcontext=u:object_r:proc_net:s0 tclass=file app=com.hht.lebocast
05-07 02:06:32.305 3003 3003 I auditd : type=1400 audit(0.0:7894): avc: granted { getattr } for comm=4173796E635461736B2023323236 path="/proc/3003/net/arp" dev="proc" ino=4026532247 scontext=u:r:platform_app:s0:c512,c768 tcontext=u:object_r:proc_net:s0 tclass=file app=com.hht.lebocast
05-07 02:06:32.305 3003 3003 I auditd : type=1400 audit(0.0:7895): avc: granted { getattr } for comm=4173796E635461736B2023323236 path="/proc/3003/net/arp" dev="proc" ino=4026532247 scontext=u:r:platform_app:s0:c512,c768 tcontext=u:object_r:proc_net:s0 tclass=file app=com.hht.lebocast
05-07 02:06:32.695 1092 1691 I input_interaction: Interaction with: 5fa43f7 com.taptap/com.taptap.infra.page.core.activity.MainProxyActivity (server), edge-swipe (server), swipe-up (server), PointerEventDispatcher0 (server),
05-07 02:06:35.119 1092 1723 I netstats_mobile_sample: [0,0,0,0,0,0,0,0,0,0,0,0,1683514256971]
05-07 02:06:35.119 1092 1723 I netstats_wifi_sample: [308,4,568,5,308,4,568,5,228,2,520,4,1683514256971]
05-07 02:06:36.297 3003 3003 I auditd : type=1400 audit(0.0:7896): avc: granted { read } for comm=4173796E635461736B2023323237 name="arp" dev="proc" ino=4026532247 scontext=u:r:platform_app:s0:c512,c768 tcontext=u:object_r:proc_net:s0 tclass=file app=com.hht.lebocast
05-07 02:06:36.297 3003 3003 I auditd : type=1400 audit(0.0:7897): avc: granted { read open } for comm=4173796E635461736B2023323237 path="/proc/3003/net/arp" dev="proc" ino=4026532247 scontext=u:r:platform_app:s0:c512,c768 tcontext=u:object_r:proc_net:s0 tclass=file app=com.hht.lebocast
05-07 02:06:36.297 3003 3003 I auditd : type=1400 audit(0.0:7898): avc: granted { getattr } for comm=4173796E635461736B2023323237 path="/proc/3003/net/arp" dev="proc" ino=4026532247 scontext=u:r:platform_app:s0:c512,c768 tcontext=u:object_r:proc_net:s0 tclass=file app=com.hht.lebocast
05-07 02:06:36.297 3003 3003 I auditd : type=1400 audit(0.0:7899): avc: granted { getattr } for comm=4173796E635461736B2023323237 path="/proc/3003/net/arp" dev="proc" ino=4026532247 scontext=u:r:platform_app:s0:c512,c768 tcontext=u:object_r:proc_net:s0 tclass=file app=com.hht.lebocast
05-07 02:06:37.045 1092 1219 I am_proc_start: [0,9308,10101,com.taptap:channel,service,{com.taptap/com.taobao.accs.ChannelService}]
05-07 02:06:37.094 1092 6802 I am_proc_bound: [0,9308,com.taptap:channel]
05-07 02:06:38.549 3003 3003 I auditd : type=1400 audit(0.0:7900): avc: granted { read } for comm=4173796E635461736B2023323238 name="arp" dev="proc" ino=4026532247 scontext=u:r:platform_app:s0:c512,c768 tcontext=u:object_r:proc_net:s0 tclass=file app=com.hht.lebocast
05-07 02:06:38.549 3003 3003 I auditd : type=1400 audit(0.0:7901): avc: granted { read open } for comm=4173796E635461736B2023323238 path="/proc/3003/net/arp" dev="proc" ino=4026532247 scontext=u:r:platform_app:s0:c512,c768 tcontext=u:object_r:proc_net:s0 tclass=file app=com.hht.lebocast
05-07 02:06:38.549 3003 3003 I auditd : type=1400 audit(0.0:7902): avc: granted { getattr } for comm=4173796E635461736B2023323238 path="/proc/3003/net/arp" dev="proc" ino=4026532247 scontext=u:r:platform_app:s0:c512,c768 tcontext=u:object_r:proc_net:s0 tclass=file app=com.hht.lebocast
05-07 02:06:38.549 3003 3003 I auditd : type=1400 audit(0.0:7903): avc: granted { getattr } for comm=4173796E635461736B2023323238 path="/proc/3003/net/arp" dev="proc" ino=4026532247 scontext=u:r:platform_app:s0:c512,c768 tcontext=u:object_r:proc_net:s0 tclass=file app=com.hht.lebocast
05-07 02:06:38.957 3003 3003 I auditd : type=1400 audit(0.0:7904): avc: granted { read } for comm=4173796E635461736B2023323239 name="arp" dev="proc" ino=4026532247 scontext=u:r:platform_app:s0:c512,c768 tcontext=u:object_r:proc_net:s0 tclass=file app=com.hht.lebocast
05-07 02:06:38.957 3003 3003 I auditd : type=1400 audit(0.0:7905): avc: granted { read open } for comm=4173796E635461736B2023323239 path="/proc/3003/net/arp" dev="proc" ino=4026532247 scontext=u:r:platform_app:s0:c512,c768 tcontext=u:object_r:proc_net:s0 tclass=file app=com.hht.lebocast
05-07 02:06:39.379 1092 1893 I sync : [com.tencent.android.qqdownloader.YYBLiveAccountProvider,0,3,24220937]
05-07 02:06:39.469 1092 1893 I sync : [com.tencent.android.qqdownloader.YYBLiveAccountProvider,1,3,24220937]
05-07 02:06:39.477 1092 1893 I commit_sys_config_file: [sync-status,572761]
05-07 02:06:39.493 1092 1893 I sync : [com.tencent.android.qqdownloader.YYBLiveAccountProvider,0,3,24220937]
05-07 02:06:39.576 1092 1893 I sync : [com.tencent.android.qqdownloader.YYBLiveAccountProvider,1,3,24220937]
05-07 02:06:39.569 3003 3003 I auditd : type=1400 audit(0.0:7908): avc: granted { read } for comm=4173796E635461736B2023323330 name="arp" dev="proc" ino=4026532247 scontext=u:r:platform_app:s0:c512,c768 tcontext=u:object_r:proc_net:s0 tclass=file app=com.hht.lebocast
05-07 02:06:39.569 3003 3003 I auditd : type=1400 audit(0.0:7909): avc: granted { read open } for comm=4173796E635461736B2023323330 path="/proc/3003/net/arp" dev="proc" ino=4026532247 scontext=u:r:platform_app:s0:c512,c768 tcontext=u:object_r:proc_net:s0 tclass=file app=com.hht.lebocast
05-07 02:06:39.633 1092 1893 I commit_sys_config_file: [sync-status,572917]
05-07 02:06:39.569 3003 3003 I auditd : type=1400 audit(0.0:7910): avc: granted { getattr } for comm=4173796E635461736B2023323330 path="/proc/3003/net/arp" dev="proc" ino=4026532247 scontext=u:r:platform_app:s0:c512,c768 tcontext=u:object_r:proc_net:s0 tclass=file app=com.hht.lebocast
05-07 02:06:39.569 3003 3003 I auditd : type=1400 audit(0.0:7911): avc: granted { getattr } for comm=4173796E635461736B2023323330 path="/proc/3003/net/arp" dev="proc" ino=4026532247 scontext=u:r:platform_app:s0:c512,c768 tcontext=u:object_r:proc_net:s0 tclass=file app=com.hht.lebocast
05-07 02:06:41.474 1092 1203 I commit_sys_config_file: [jobs,6]
05-07 02:06:41.517 3003 3003 I auditd : type=1400 audit(0.0:7912): avc: granted { read } for comm=4173796E635461736B2023323331 name="arp" dev="proc" ino=4026532247 scontext=u:r:platform_app:s0:c512,c768 tcontext=u:object_r:proc_net:s0 tclass=file app=com.hht.lebocast
05-07 02:06:41.517 3003 3003 I auditd : type=1400 audit(0.0:7913): avc: granted { read open } for comm=4173796E635461736B2023323331 path="/proc/3003/net/arp" dev="proc" ino=4026532247 scontext=u:r:platform_app:s0:c512,c768 tcontext=u:object_r:proc_net:s0 tclass=file app=com.hht.lebocast
05-07 02:06:41.517 3003 3003 I auditd : type=1400 audit(0.0:7914): avc: granted { getattr } for comm=4173796E635461736B2023323331 path="/proc/3003/net/arp" dev="proc" ino=4026532247 scontext=u:r:platform_app:s0:c512,c768 tcontext=u:object_r:proc_net:s0 tclass=file app=com.hht.lebocast
05-07 02:06:41.517 3003 3003 I auditd : type=1400 audit(0.0:7915): avc: granted { getattr } for comm=4173796E635461736B2023323331 path="/proc/3003/net/arp" dev="proc" ino=4026532247 scontext=u:r:platform_app:s0:c512,c768 tcontext=u:object_r:proc_net:s0 tclass=file app=com.hht.lebocast
05-07 02:06:41.605 0 0 I auditd : type=1400 audit(0.0:7916): avc: denied { kill } for comm="swapper/2" capability=5 scontext=u:r:kernel:s0 tcontext=u:r:kernel:s0 tclass=capability permissive=1
05-07 02:06:43.170 1092 1674 I am_freeze: [2497,com.android.settings]
05-07 02:06:43.180 1092 1674 I am_kill : [0,2497,com.android.settings,900,Unable to freeze binder interface]
05-07 02:06:43.545 1092 6810 I am_proc_died: [0,2497,com.android.settings,900,16]
05-07 02:06:43.596 1092 1214 I am_pss : [8607,10101,com.taptap,165941248,113831936,0,407838720,0,2,28]
05-07 02:06:43.626 1092 1214 I am_pss : [5683,10100,com.tencent.android.qqdownloader,165501952,148717568,0,329797632,0,5,25]
05-07 02:06:43.642 1092 1214 I am_pss : [8900,10101,com.taptap:booster,27175936,18411520,0,156549120,0,3,13]
05-07 02:06:43.660 1092 1214 I am_pss : [8757,10101,com.taptap:va_core,36500480,23519232,0,180908032,0,3,17]
05-07 02:06:48.481 3003 3003 I auditd : type=1400 audit(0.0:7917): avc: granted { read } for comm=4173796E635461736B2023323332 name="arp" dev="proc" ino=4026532247 scontext=u:r:platform_app:s0:c512,c768 tcontext=u:object_r:proc_net:s0 tclass=file app=com.hht.lebocast
05-07 02:06:48.481 3003 3003 I auditd : type=1400 audit(0.0:7918): avc: granted { read open } for comm=4173796E635461736B2023323332 path="/proc/3003/net/arp" dev="proc" ino=4026532247 scontext=u:r:platform_app:s0:c512,c768 tcontext=u:object_r:proc_net:s0 tclass=file app=com.hht.lebocast
05-07 02:06:48.481 3003 3003 I auditd : type=1400 audit(0.0:7919): avc: granted { getattr } for comm=4173796E635461736B2023323332 path="/proc/3003/net/arp" dev="proc" ino=4026532247 scontext=u:r:platform_app:s0:c512,c768 tcontext=u:object_r:proc_net:s0 tclass=file app=com.hht.lebocast
05-07 02:06:48.481 3003 3003 I auditd : type=1400 audit(0.0:7920): avc: granted { getattr } for comm=4173796E635461736B2023323332 path="/proc/3003/net/arp" dev="proc" ino=4026532247 scontext=u:r:platform_app:s0:c512,c768 tcontext=u:object_r:proc_net:s0 tclass=file app=com.hht.lebocast
05-07 02:06:48.577 3003 3003 I auditd : type=1400 audit(0.0:7921): avc: granted { read } for comm=4173796E635461736B2023323333 name="arp" dev="proc" ino=4026532247 scontext=u:r:platform_app:s0:c512,c768 tcontext=u:object_r:proc_net:s0 tclass=file app=com.hht.lebocast
05-07 02:06:48.577 3003 3003 I auditd : type=1400 audit(0.0:7922): avc: granted { read open } for comm=4173796E635461736B2023323333 path="/proc/3003/net/arp" dev="proc" ino=4026532247 scontext=u:r:platform_app:s0:c512,c768 tcontext=u:object_r:proc_net:s0 tclass=file app=com.hht.lebocast
05-07 02:06:52.373 3003 3003 I auditd : type=1400 audit(0.0:7925): avc: granted { read } for comm=4173796E635461736B2023323334 name="arp" dev="proc" ino=4026532247 scontext=u:r:platform_app:s0:c512,c768 tcontext=u:object_r:proc_net:s0 tclass=file app=com.hht.lebocast
05-07 02:06:52.373 3003 3003 I auditd : type=1400 audit(0.0:7926): avc: granted { read open } for comm=4173796E635461736B2023323334 path="/proc/3003/net/arp" dev="proc" ino=4026532247 scontext=u:r:platform_app:s0:c512,c768 tcontext=u:object_r:proc_net:s0 tclass=file app=com.hht.lebocast
05-07 02:06:52.373 3003 3003 I auditd : type=1400 audit(0.0:7927): avc: granted { getattr } for comm=4173796E635461736B2023323334 path="/proc/3003/net/arp" dev="proc" ino=4026532247 scontext=u:r:platform_app:s0:c512,c768 tcontext=u:object_r:proc_net:s0 tclass=file app=com.hht.lebocast
05-07 02:06:52.377 3003 3003 I auditd : type=1400 audit(0.0:7928): avc: granted { getattr } for comm=4173796E635461736B2023323334 path="/proc/3003/net/arp" dev="proc" ino=4026532247 scontext=u:r:platform_app:s0:c512,c768 tcontext=u:object_r:proc_net:s0 tclass=file app=com.hht.lebocast
05-07 02:06:59.025 3003 3003 I auditd : type=1400 audit(0.0:7929): avc: granted { read } for comm=4173796E635461736B2023323335 name="arp" dev="proc" ino=4026532247 scontext=u:r:platform_app:s0:c512,c768 tcontext=u:object_r:proc_net:s0 tclass=file app=com.hht.lebocast
05-07 02:06:59.025 3003 3003 I auditd : type=1400 audit(0.0:7930): avc: granted { read open } for comm=4173796E635461736B2023323335 path="/proc/3003/net/arp" dev="proc" ino=4026532247 scontext=u:r:platform_app:s0:c512,c768 tcontext=u:object_r:proc_net:s0 tclass=file app=com.hht.lebocast
05-07 02:06:59.025 3003 3003 I auditd : type=1400 audit(0.0:7931): avc: granted { getattr } for comm=4173796E635461736B2023323335 path="/proc/3003/net/arp" dev="proc" ino=4026532247 scontext=u:r:platform_app:s0:c512,c768 tcontext=u:object_r:proc_net:s0 tclass=file app=com.hht.lebocast
05-07 02:06:59.029 3003 3003 I auditd : type=1400 audit(0.0:7932): avc: granted { getattr } for comm=4173796E635461736B2023323335 path="/proc/3003/net/arp" dev="proc" ino=4026532247 scontext=u:r:platform_app:s0:c512,c768 tcontext=u:object_r:proc_net:s0 tclass=file app=com.hht.lebocast
05-07 02:07:01.785 1092 1674 I am_freeze: [2656,com.qualcomm.qti.qccauthmgr]
05-07 02:07:01.802 1092 1674 I am_kill : [0,2656,com.qualcomm.qti.qccauthmgr,975,Unable to freeze binder interface]
05-07 02:07:01.911 1092 6349 I am_proc_died: [0,2656,com.qualcomm.qti.qccauthmgr,975,19]
05-07 02:07:01.912 1092 6349 I am_uid_stopped: 10092
05-07 02:07:01.934 1092 1214 I am_pss : [9308,10101,com.taptap:channel,33509376,23003136,0,173580288,0,3,15]
