05-07 01:56:33.666 1092 1691 I input_interaction: Interaction with: b1deee1 com.android.packageinstaller/com.android.packageinstaller.PackageInstallerActivity (server), edge-swipe (server), swipe-up (server), PointerEventDispatcher0 (server),
05-07 01:56:33.935 1092 1887 I wm_task_moved: [13,1,8]
05-07 01:56:33.935 1092 1887 I wm_set_resumed_activity: [0,com.android.packageinstaller/.PackageInstallerActivity,positionChildAt]
05-07 01:56:33.936 1092 1887 I wm_create_activity: [0,101725599,13,com.android.settings/.Settings$ManageAppExternalSourcesActivity,android.settings.MANAGE_UNKNOWN_APP_SOURCES,NULL,package:com.microsoft.emmx,1073741824]
05-07 01:56:33.938 1092 1887 I wm_pause_activity: [0,93186477,com.android.packageinstaller/.PackageInstallerActivity,userLeaving=true,resumeTopActivityInnerLocked]
05-07 01:56:33.956 3729 3729 I wm_on_top_resumed_lost_called: [93186477,com.android.packageinstaller.PackageInstallerActivity,topStateChangedWhenResumed]
05-07 01:56:33.956 1092 1206 I input_focus: [Focus request ac6ec63 com.android.packageinstaller/com.android.packageinstaller.PackageInstallerActivity,reason=UpdateInputWindows]
05-07 01:56:33.957 3729 3729 I wm_on_paused_called: [93186477,com.android.packageinstaller.PackageInstallerActivity,performPause]
05-07 01:56:33.958 1092 2568 I wm_add_to_stopping: [0,93186477,com.android.packageinstaller/.PackageInstallerActivity,makeInvisible]
05-07 01:56:33.958 1092 2568 I wm_add_to_stopping: [0,196579573,com.android.packageinstaller/.DeleteStagedFileOnResult,makeInvisible]
05-07 01:56:33.958 1092 2568 I wm_add_to_stopping: [0,76565268,com.android.launcher3/.uioverrides.QuickstepLauncher,makeInvisible]
05-07 01:56:33.960 1092 2568 I wm_restart_activity: [0,101725599,13,com.android.settings/.Settings$ManageAppExternalSourcesActivity]
05-07 01:56:33.961 1092 2568 I wm_set_resumed_activity: [0,com.android.settings/.Settings$ManageAppExternalSourcesActivity,minimalResumeActivityLocked]
05-07 01:56:33.969 1092 1204 I sysui_multi_action: [757,803,799,window_time_0,802,4]
05-07 01:56:33.980 1092 1887 I am_uid_active: 10092
05-07 01:56:34.008 1092 1887 I wm_task_moved: [9,1,8]
05-07 01:56:34.008 1092 1887 I wm_task_to_front: [0,9]
05-07 01:56:34.008 1092 1887 I wm_focused_root_task: [0,0,9,13,bringingFoundTaskToFront]
05-07 01:56:34.008 1092 1887 I wm_set_resumed_activity: [0,com.android.settings/.homepage.SettingsHomepageActivity,bringingFoundTaskToFront]
05-07 01:56:34.009 1092 1887 I wm_new_intent: [0,173307434,9,com.android.settings/.homepage.SettingsHomepageActivity,android.settings.WIFI_SETTINGS,NULL,NULL,335544320]
05-07 01:56:34.010 1092 1887 I wm_pause_activity: [0,101725599,com.android.settings/.Settings$ManageAppExternalSourcesActivity,userLeaving=true,pauseBackTasks]
05-07 01:56:34.013 1092 2568 I wm_finish_activity: [0,101725599,13,com.android.settings/.Settings$ManageAppExternalSourcesActivity,app-request]
05-07 01:56:34.013 2497 2497 I wm_on_create_called: [101725599,com.android.settings.Settings$ManageAppExternalSourcesActivity,performCreate]
05-07 01:56:34.017 1092 2568 I wm_add_to_stopping: [0,101725599,com.android.settings/.Settings$ManageAppExternalSourcesActivity,completeFinishing]
05-07 01:56:34.019 1092 2568 I wm_set_resumed_activity: [0,com.android.settings/.homepage.SettingsHomepageActivity,resumeTopActivityInnerLocked]
05-07 01:56:34.022 1092 2568 I wm_resume_activity: [0,173307434,9,com.android.settings/.homepage.SettingsHomepageActivity]
05-07 01:56:34.025 1092 1204 I wm_destroy_activity: [0,101725599,13,com.android.settings/.Settings$ManageAppExternalSourcesActivity,finish-imm:idle]
05-07 01:56:34.025 2497 2497 I wm_on_restart_called: [173307434,com.android.settings.homepage.SettingsHomepageActivity,performRestartActivity]
05-07 01:56:34.027 1092 1204 I sysui_multi_action: [757,803,799,window_time_0,802,0]
05-07 01:56:34.040 2497 2497 I wm_on_start_called: [173307434,com.android.settings.homepage.SettingsHomepageActivity,handleStartActivity]
05-07 01:56:34.041 2497 2497 I snet_event_log: [120484087,-1,]
05-07 01:56:34.041 2497 2497 I wm_on_resume_called: [173307434,com.android.settings.homepage.SettingsHomepageActivity,RESUME_ACTIVITY]
05-07 01:56:34.042 2497 2497 I sysui_multi_action: [757,35,758,1,833,103,1089,0]
05-07 01:56:34.045 2497 2497 I sysui_multi_action: [757,103,758,1,833,103,1089,0]
05-07 01:56:34.047 2497 2497 I wm_on_top_resumed_gained_called: [173307434,com.android.settings.homepage.SettingsHomepageActivity,topWhenResuming]
05-07 01:56:34.057 1092 1206 I input_focus: [Focus request 3ab87cf com.android.settings/com.android.settings.homepage.SettingsHomepageActivity,reason=UpdateInputWindows]
05-07 01:56:34.096 2497 2497 I wm_on_destroy_called: [101725599,com.android.settings.Settings$ManageAppExternalSourcesActivity,performDestroy]
05-07 01:56:34.147 1092 1201 I sysui_multi_action: [319,196,322,174,325,250,757,761,758,8,759,2,806,com.android.settings,871,com.android.settings.homepage.SettingsHomepageActivity,904,com.android.systemui,905,0,1320,4,1321,1]
05-07 01:56:34.148 1092 1201 I wm_activity_launch_time: [0,173307434,com.android.settings/.homepage.SettingsHomepageActivity,174]
05-07 01:56:34.153 1092 1691 I input_focus: [Focus entering 3ab87cf com.android.settings/com.android.settings.homepage.SettingsHomepageActivity (server),reason=Window became focusable. Previous reason: NOT_VISIBLE]
05-07 01:56:34.319 2497 2497 I sysui_multi_action: [757,103,758,2,1089,274]
05-07 01:56:34.356 2497 2497 I sysui_multi_action: [757,808,758,1,833,0,1089,28]
05-07 01:56:34.598 1092 1204 I wm_stop_activity: [0,76565268,com.android.launcher3/.uioverrides.QuickstepLauncher]
05-07 01:56:34.599 1092 1204 I wm_stop_activity: [0,196579573,com.android.packageinstaller/.DeleteStagedFileOnResult]
05-07 01:56:34.599 1092 1204 I wm_stop_activity: [0,93186477,com.android.packageinstaller/.PackageInstallerActivity]
05-07 01:56:34.631 2610 2610 I wm_on_stop_called: [76565268,com.android.launcher3.uioverrides.QuickstepLauncher,STOP_ACTIVITY_ITEM]
05-07 01:56:34.635 3729 3729 I wm_on_stop_called: [196579573,com.android.packageinstaller.DeleteStagedFileOnResult,STOP_ACTIVITY_ITEM]
05-07 01:56:34.636 3729 3729 I wm_on_stop_called: [93186477,com.android.packageinstaller.PackageInstallerActivity,STOP_ACTIVITY_ITEM]
05-07 01:56:35.906 1092 2411 I am_uid_running: 90012
05-07 01:56:35.935 1092 1219 I am_proc_start: [0,5493,90012,com.microsoft.emmx:sandboxed_process0:org.chromium.content.app.SandboxedProcessService0:12,,{com.microsoft.emmx/org.chromium.content.app.SandboxedProcessService0:12}]
05-07 01:56:35.991 1092 2411 I am_proc_bound: [0,5493,com.microsoft.emmx:sandboxed_process0:org.chromium.content.app.SandboxedProcessService0:12]
05-07 01:56:35.997 1092 2411 I am_uid_active: 90012
05-07 01:56:36.151 1092 3148 I am_kill : [0,5493,com.microsoft.emmx:sandboxed_process0:org.chromium.content.app.SandboxedProcessService0:12,0,isolated not needed]
05-07 01:56:36.133 5493 5493 I auditd : type=1400 audit(0.0:1344): avc: denied { setattr } for comm="ThreadPoolForeg" name="manifest.json" dev="dm-10" ino=12388 scontext=u:r:isolated_app:s0:c512,c768 tcontext=u:object_r:privapp_data_file:s0:c512,c768 tclass=file permissive=1
05-07 01:56:36.389 1092 1691 I input_interaction: Interaction with: 3ab87cf com.android.settings/com.android.settings.homepage.SettingsHomepageActivity (server), edge-swipe (server), swipe-up (server), PointerEventDispatcher0 (server),
05-07 01:56:36.412 1092 2411 I am_proc_died: [0,5493,com.microsoft.emmx:sandboxed_process0:org.chromium.content.app.SandboxedProcessService0:12,0,10]
05-07 01:56:36.414 1092 2411 I am_uid_stopped: 90012
05-07 01:56:36.488 2497 2497 I sysui_multi_action: [757,830,758,4,833,0,854,external_sources_settings_switch,1089,0]
05-07 01:56:36.609 504 504 I auditd : type=1400 audit(0.0:1345): avc: denied { kill } for comm="kworker/6:3" capability=5 scontext=u:r:kernel:s0 tcontext=u:r:kernel:s0 tclass=capability permissive=1
05-07 01:56:37.030 1092 2411 I wm_task_moved: [13,1,8]
05-07 01:56:37.030 1092 2411 I wm_task_to_front: [0,13]
05-07 01:56:37.030 1092 2411 I wm_focused_root_task: [0,0,13,9,bringingFoundTaskToFront]
05-07 01:56:37.030 2497 2497 I wm_on_top_resumed_lost_called: [173307434,com.android.settings.homepage.SettingsHomepageActivity,topStateChangedWhenResumed]
05-07 01:56:37.031 1092 2411 I wm_set_resumed_activity: [0,com.android.packageinstaller/.PackageInstallerActivity,bringingFoundTaskToFront]
05-07 01:56:37.031 1092 2411 I wm_new_intent: [0,93186477,13,com.android.packageinstaller/.PackageInstallerActivity,android.intent.action.VIEW,NULL,file:///data/user_de/0/com.android.packageinstaller/no_backup/package1408394439106795737.apk,65536]
05-07 01:56:37.033 1092 2411 I wm_pause_activity: [0,173307434,com.android.settings/.homepage.SettingsHomepageActivity,userLeaving=true,pauseBackTasks]
05-07 01:56:37.039 2497 2497 I sysui_multi_action: [757,35,758,2,1089,2998]
05-07 01:56:37.040 2497 2497 I sysui_multi_action: [757,808,758,2,1089,2685]
05-07 01:56:37.040 2497 2497 I wm_on_paused_called: [173307434,com.android.settings.homepage.SettingsHomepageActivity,performPause]
05-07 01:56:37.043 1092 4750 I wm_set_resumed_activity: [0,com.android.packageinstaller/.PackageInstallerActivity,resumeTopActivityInnerLocked]
05-07 01:56:37.046 1092 4750 I service_manager_stats: [100,107,40701]
05-07 01:56:37.053 1092 4750 I wm_resume_activity: [0,93186477,13,com.android.packageinstaller/.PackageInstallerActivity]
05-07 01:56:37.068 1092 1204 I sysui_multi_action: [757,803,799,window_time_0,802,3]
05-07 01:56:37.070 3729 3729 I wm_on_restart_called: [196579573,com.android.packageinstaller.DeleteStagedFileOnResult,performRestartActivity]
05-07 01:56:37.070 3729 3729 I wm_on_start_called: [196579573,com.android.packageinstaller.DeleteStagedFileOnResult,handleStartActivity]
05-07 01:56:37.073 1092 4750 I wm_finish_activity: [0,93186477,13,com.android.packageinstaller/.PackageInstallerActivity,app-request]
05-07 01:56:37.074 1092 4750 I wm_pause_activity: [0,93186477,com.android.packageinstaller/.PackageInstallerActivity,userLeaving=false,finish]
05-07 01:56:37.077 3729 3729 I wm_on_activity_result_called: [93186477,com.android.packageinstaller.PackageInstallerActivity,ACTIVITY_RESULT]
05-07 01:56:37.078 3729 3729 I wm_on_restart_called: [93186477,com.android.packageinstaller.PackageInstallerActivity,performRestartActivity]
05-07 01:56:37.097 1092 4750 I wm_add_to_stopping: [0,93186477,com.android.packageinstaller/.PackageInstallerActivity,completeFinishing]
05-07 01:56:37.100 1092 4750 I wm_set_resumed_activity: [0,com.android.packageinstaller/.DeleteStagedFileOnResult,resumeTopActivityInnerLocked]
05-07 01:56:37.101 1092 4750 I wm_resume_activity: [0,196579573,13,com.android.packageinstaller/.DeleteStagedFileOnResult]
05-07 01:56:37.110 1092 1204 I sysui_multi_action: [757,1144,758,9,806,com.android.packageinstaller,871,com.android.packageinstaller.PackageInstallerActivity]
05-07 01:56:37.111 1092 1206 I input_focus: [Focus request 31d0073 com.android.packageinstaller/com.android.packageinstaller.DeleteStagedFileOnResult,reason=UpdateInputWindows]
05-07 01:56:37.113 1092 4750 I wm_finish_activity: [0,196579573,13,com.android.packageinstaller/.DeleteStagedFileOnResult,app-request]
05-07 01:56:37.113 1092 4750 I wm_task_moved: [9,1,8]
05-07 01:56:37.113 1092 4750 I wm_task_to_front: [0,9]
05-07 01:56:37.115 1092 4750 I wm_focused_root_task: [0,0,9,13,finish-top adjustFocusToNextFocusableTask]
05-07 01:56:37.122 1092 4750 I wm_pause_activity: [0,196579573,com.android.packageinstaller/.DeleteStagedFileOnResult,userLeaving=false,finish]
05-07 01:56:37.128 3729 3729 I wm_on_activity_result_called: [196579573,com.android.packageinstaller.DeleteStagedFileOnResult,ACTIVITY_RESULT]
05-07 01:56:37.129 1092 1691 I input_focus: [Focus leaving 3ab87cf com.android.settings/com.android.settings.homepage.SettingsHomepageActivity (server),reason=setFocusedWindow]
05-07 01:56:37.130 1092 1691 I input_focus: [Focus entering 31d0073 com.android.packageinstaller/com.android.packageinstaller.DeleteStagedFileOnResult (server),reason=setFocusedWindow]
05-07 01:56:37.131 1092 1204 I sysui_multi_action: [757,803,799,window_time_0,802,0]
05-07 01:56:37.132 1092 1204 I wm_destroy_activity: [0,93186477,13,com.android.packageinstaller/.PackageInstallerActivity,finish-imm:transit]
05-07 01:56:37.133 1092 1206 I input_focus: [Focus request 3ab87cf com.android.settings/com.android.settings.homepage.SettingsHomepageActivity,reason=UpdateInputWindows]
05-07 01:56:37.145 1092 2050 I wm_set_resumed_activity: [0,com.android.settings/.homepage.SettingsHomepageActivity,resumeTopActivityInnerLocked]
05-07 01:56:37.146 1092 2050 I wm_resume_activity: [0,173307434,9,com.android.settings/.homepage.SettingsHomepageActivity]
05-07 01:56:37.150 1092 1691 I input_focus: [Focus leaving 31d0073 com.android.packageinstaller/com.android.packageinstaller.DeleteStagedFileOnResult (server),reason=NO_WINDOW]
05-07 01:56:37.151 1092 1691 I input_focus: [Focus entering 3ab87cf com.android.settings/com.android.settings.homepage.SettingsHomepageActivity (server),reason=setFocusedWindow]
05-07 01:56:37.157 3729 3729 I wm_on_destroy_called: [93186477,com.android.packageinstaller.PackageInstallerActivity,performDestroy]
05-07 01:56:37.171 2497 2497 I wm_on_resume_called: [173307434,com.android.settings.homepage.SettingsHomepageActivity,RESUME_ACTIVITY]
05-07 01:56:37.171 1092 1204 I sysui_multi_action: [757,803,799,window_time_0,802,0]
05-07 01:56:37.172 2497 2497 I sysui_multi_action: [757,35,758,1,833,103,1089,0]
05-07 01:56:37.176 2497 2497 I sysui_multi_action: [757,808,758,1,833,0,1089,0]
05-07 01:56:37.189 2497 2497 I wm_on_top_resumed_gained_called: [173307434,com.android.settings.homepage.SettingsHomepageActivity,topWhenResuming]
05-07 01:56:37.225 1092 2050 I wm_destroy_activity: [0,196579573,13,com.android.packageinstaller/.DeleteStagedFileOnResult,finish-idle]
05-07 01:56:37.227 3729 3729 I wm_on_stop_called: [196579573,com.android.packageinstaller.DeleteStagedFileOnResult,LIFECYCLER_STOP_ACTIVITY]
05-07 01:56:37.232 3729 3729 I wm_on_destroy_called: [196579573,com.android.packageinstaller.DeleteStagedFileOnResult,performDestroy]
05-07 01:56:37.444 1092 1206 I wm_task_removed: [13,removeChild:removeChild last r=ActivityRecord{bb790f5 u0 com.android.packageinstaller/.DeleteStagedFileOnResult t-1 f}} in t=Task{4c57c85 #13 type=standard A=10029:com.android.packageinstaller U=0 visible=false mode=fullscreen translucent=true sz=0}]
05-07 01:56:37.444 1092 1206 I wm_task_removed: [13,removeChild]
05-07 01:56:37.605 0 0 I auditd : type=1400 audit(0.0:1346): avc: denied { kill } for comm="swapper/6" capability=5 scontext=u:r:kernel:s0 tcontext=u:r:kernel:s0 tclass=capability permissive=1
05-07 01:56:38.282 1092 1217 I am_uid_idle: 10074
05-07 01:56:38.881 3003 3003 I auditd : type=1400 audit(0.0:1347): avc: granted { read } for comm=4173796E635461736B20233338 name="arp" dev="proc" ino=4026532247 scontext=u:r:platform_app:s0:c512,c768 tcontext=u:object_r:proc_net:s0 tclass=file app=com.hht.lebocast
05-07 01:56:38.881 3003 3003 I auditd : type=1400 audit(0.0:1348): avc: granted { read open } for comm=4173796E635461736B20233338 path="/proc/3003/net/arp" dev="proc" ino=4026532247 scontext=u:r:platform_app:s0:c512,c768 tcontext=u:object_r:proc_net:s0 tclass=file app=com.hht.lebocast
05-07 01:56:38.881 3003 3003 I auditd : type=1400 audit(0.0:1349): avc: granted { getattr } for comm=4173796E635461736B20233338 path="/proc/3003/net/arp" dev="proc" ino=4026532247 scontext=u:r:platform_app:s0:c512,c768 tcontext=u:object_r:proc_net:s0 tclass=file app=com.hht.lebocast
05-07 01:56:38.885 3003 3003 I auditd : type=1400 audit(0.0:1350): avc: granted { getattr } for comm=4173796E635461736B20233338 path="/proc/3003/net/arp" dev="proc" ino=4026532247 scontext=u:r:platform_app:s0:c512,c768 tcontext=u:object_r:proc_net:s0 tclass=file app=com.hht.lebocast
05-07 01:56:39.293 3003 3003 I auditd : type=1400 audit(0.0:1351): avc: granted { read } for comm=4173796E635461736B20233339 name="arp" dev="proc" ino=4026532247 scontext=u:r:platform_app:s0:c512,c768 tcontext=u:object_r:proc_net:s0 tclass=file app=com.hht.lebocast
05-07 01:56:39.293 3003 3003 I auditd : type=1400 audit(0.0:1352): avc: granted { read open } for comm=4173796E635461736B20233339 path="/proc/3003/net/arp" dev="proc" ino=4026532247 scontext=u:r:platform_app:s0:c512,c768 tcontext=u:object_r:proc_net:s0 tclass=file app=com.hht.lebocast
05-07 01:56:39.293 3003 3003 I auditd : type=1400 audit(0.0:1353): avc: granted { getattr } for comm=4173796E635461736B20233339 path="/proc/3003/net/arp" dev="proc" ino=4026532247 scontext=u:r:platform_app:s0:c512,c768 tcontext=u:object_r:proc_net:s0 tclass=file app=com.hht.lebocast
05-07 01:56:39.293 3003 3003 I auditd : type=1400 audit(0.0:1354): avc: granted { getattr } for comm=4173796E635461736B20233339 path="/proc/3003/net/arp" dev="proc" ino=4026532247 scontext=u:r:platform_app:s0:c512,c768 tcontext=u:object_r:proc_net:s0 tclass=file app=com.hht.lebocast
05-07 01:56:39.600 1092 1691 I input_interaction: Interaction with: 3ab87cf com.android.settings/com.android.settings.homepage.SettingsHomepageActivity (server), PointerEventDispatcher0 (server),
05-07 01:56:39.752 1092 1092 I service_manager_slow: [10,phone]
05-07 01:56:40.351 1092 1918 I commit_sys_config_file: [appops,189322]
05-07 01:56:40.701 3380 3380 I auditd : type=1400 audit(0.0:1355): avc: denied { read } for comm="BackgroundThrea" name="enforce" dev="selinuxfs" ino=4 scontext=u:r:priv_app:s0:c512,c768 tcontext=u:object_r:selinuxfs:s0 tclass=file permissive=1 app=com.baidu.input
05-07 01:56:40.701 3380 3380 I auditd : type=1400 audit(0.0:1356): avc: denied { open } for comm="BackgroundThrea" path="/sys/fs/selinux/enforce" dev="selinuxfs" ino=4 scontext=u:r:priv_app:s0:c512,c768 tcontext=u:object_r:selinuxfs:s0 tclass=file permissive=1 app=com.baidu.input
05-07 01:56:41.121 3003 3003 I auditd : type=1400 audit(0.0:1357): avc: granted { read } for comm=4173796E635461736B20233433 name="arp" dev="proc" ino=4026532247 scontext=u:r:platform_app:s0:c512,c768 tcontext=u:object_r:proc_net:s0 tclass=file app=com.hht.lebocast
05-07 01:56:41.121 3003 3003 I auditd : type=1400 audit(0.0:1358): avc: granted { read open } for comm=4173796E635461736B20233433 path="/proc/3003/net/arp" dev="proc" ino=4026532247 scontext=u:r:platform_app:s0:c512,c768 tcontext=u:object_r:proc_net:s0 tclass=file app=com.hht.lebocast
05-07 01:56:41.121 3003 3003 I auditd : type=1400 audit(0.0:1359): avc: granted { getattr } for comm=4173796E635461736B20233433 path="/proc/3003/net/arp" dev="proc" ino=4026532247 scontext=u:r:platform_app:s0:c512,c768 tcontext=u:object_r:proc_net:s0 tclass=file app=com.hht.lebocast
05-07 01:56:42.036 1092 1691 I input_interaction: Interaction with: 3ab87cf com.android.settings/com.android.settings.homepage.SettingsHomepageActivity (server), edge-swipe (server), swipe-up (server), PointerEventDispatcher0 (server),
05-07 01:56:42.049 1092 1092 I service_manager_slow: [11,phone]
05-07 01:56:42.071 1092 2411 I wm_task_moved: [1,0,0]
05-07 01:56:42.071 1092 2411 I wm_task_moved: [1,0,6]
05-07 01:56:42.053 3003 3003 I auditd : type=1400 audit(0.0:1361): avc: granted { read } for comm=4173796E635461736B20233430 name="arp" dev="proc" ino=4026532247 scontext=u:r:platform_app:s0:c512,c768 tcontext=u:object_r:proc_net:s0 tclass=file app=com.hht.lebocast
05-07 01:56:42.107 2610 2610 I wm_on_restart_called: [76565268,com.android.launcher3.uioverrides.QuickstepLauncher,performRestartActivity]
05-07 01:56:42.139 2610 2610 I wm_on_start_called: [76565268,com.android.launcher3.uioverrides.QuickstepLauncher,handleStartActivity]
05-07 01:56:42.143 1092 1206 I input_focus: [Focus request recents_animation_input_consumer,reason=UpdateInputWindows]
05-07 01:56:42.148 2497 2497 I view_enqueue_input_event: [Motion - Cancel,com.android.settings/com.android.settings.homepage.SettingsHomepageActivity]
05-07 01:56:42.150 1092 1691 I input_interaction: Interaction with: edge-swipe (server), swipe-up (server), PointerEventDispatcher0 (server),
05-07 01:56:42.053 3003 3003 I auditd : type=1400 audit(0.0:1362): avc: granted { read open } for comm=4173796E635461736B20233430 path="/proc/3003/net/arp" dev="proc" ino=4026532247 scontext=u:r:platform_app:s0:c512,c768 tcontext=u:object_r:proc_net:s0 tclass=file app=com.hht.lebocast
05-07 01:56:42.163 1092 1691 I input_focus: [Focus leaving 3ab87cf com.android.settings/com.android.settings.homepage.SettingsHomepageActivity (server),reason=NOT_FOCUSABLE]
05-07 01:56:42.163 1092 1691 I input_focus: [Focus entering recents_animation_input_consumer (server),reason=setFocusedWindow]
05-07 01:56:42.057 3003 3003 I auditd : type=1400 audit(0.0:1363): avc: granted { read } for comm=4173796E635461736B20233432 dev="proc" ino=4026532247 scontext=u:r:platform_app:s0:c512,c768 tcontext=u:object_r:proc_net:s0 tclass=file app=com.hht.lebocast
05-07 01:56:42.197 2610 2610 I sysui_latency: [1,162]
05-07 01:56:42.057 3003 3003 I auditd : type=1400 audit(0.0:1364): avc: granted { read open } for comm=4173796E635461736B20233432 path=2F70726F632F333030332F6E65742F617270202864656C6574656429 dev="proc" ino=4026532247 scontext=u:r:platform_app:s0:c512,c768 tcontext=u:object_r:proc_net:s0 tclass=file app=com.hht.lebocast
05-07 01:56:42.212 1092 1201 I sysui_multi_action: [319,11,322,134,325,258,757,761,758,9,759,5,806,com.android.launcher3,871,com.android.launcher3.uioverrides.QuickstepLauncher,905,0,1320,4,1321,1]
05-07 01:56:42.057 3003 3003 I auditd : type=1400 audit(0.0:1365): avc: granted { getattr } for comm=4173796E635461736B20233432 path=2F70726F632F333030332F6E65742F617270202864656C6574656429 dev="proc" ino=4026532247 scontext=u:r:platform_app:s0:c512,c768 tcontext=u:object_r:proc_net:s0 tclass=file app=com.hht.lebocast
05-07 01:56:42.347 1092 1663 I commit_sys_config_file: [settings-1-0,10]
05-07 01:56:42.507 1092 1214 I sysui_latency: [8,153]
05-07 01:56:42.958 1092 1137 I wm_task_moved: [1,1,7]
05-07 01:56:42.958 1092 1137 I wm_task_moved: [8,1,2147483647]
05-07 01:56:42.958 1092 1137 I wm_task_to_front: [0,8]
05-07 01:56:42.958 1092 1137 I wm_focused_root_task: [0,0,1,9,RecentsAnimation.onAnimationFinished()]
05-07 01:56:42.959 2497 2497 I wm_on_top_resumed_lost_called: [173307434,com.android.settings.homepage.SettingsHomepageActivity,topStateChangedWhenResumed]
05-07 01:56:42.959 1092 1137 I wm_set_resumed_activity: [0,com.android.launcher3/.uioverrides.QuickstepLauncher,RecentsAnimation.onAnimationFinished()]
05-07 01:56:42.960 1092 1137 I wm_pause_activity: [0,173307434,com.android.settings/.homepage.SettingsHomepageActivity,userLeaving=true,pauseBackTasks]
05-07 01:56:42.961 1092 1137 I wm_add_to_stopping: [0,173307434,com.android.settings/.homepage.SettingsHomepageActivity,makeInvisible]
05-07 01:56:42.965 1092 1137 I wm_set_resumed_activity: [0,com.android.launcher3/.uioverrides.QuickstepLauncher,resumeTopActivityInnerLocked]
05-07 01:56:42.968 1092 1137 I wm_resume_activity: [0,76565268,8,com.android.launcher3/.uioverrides.QuickstepLauncher]
05-07 01:56:42.968 2610 2610 I wm_on_resume_called: [76565268,com.android.launcher3.uioverrides.QuickstepLauncher,RESUME_ACTIVITY]
05-07 01:56:42.974 1092 1206 I input_focus: [Focus request 15d0a1 com.android.launcher3/com.android.launcher3.uioverrides.QuickstepLauncher,reason=UpdateInputWindows]
05-07 01:56:42.974 2610 2610 I wm_on_top_resumed_gained_called: [76565268,com.android.launcher3.uioverrides.QuickstepLauncher,topStateChangedWhenResumed]
05-07 01:56:42.975 2497 2497 I sysui_multi_action: [757,35,758,2,1089,5804]
05-07 01:56:42.976 2497 2497 I sysui_multi_action: [757,808,758,2,1089,5801]
05-07 01:56:42.977 2497 2497 I wm_on_paused_called: [173307434,com.android.settings.homepage.SettingsHomepageActivity,performPause]
05-07 01:56:42.983 1092 3277 I wm_task_created: [14,-1]
05-07 01:56:42.986 1092 3277 I wm_task_created: [15,-1]
05-07 01:56:42.986 1092 1691 I input_focus: [Focus leaving recents_animation_input_consumer (server),reason=NOT_VISIBLE]
05-07 01:56:42.986 1092 3277 I wm_task_moved: [15,0,-2147483648]
05-07 01:56:42.987 1092 1691 I input_focus: [Focus entering 15d0a1 com.android.launcher3/com.android.launcher3.uioverrides.QuickstepLauncher (server),reason=setFocusedWindow]
05-07 01:56:42.988 1092 3277 I wm_create_task: [0,15]
05-07 01:56:42.988 1092 3277 I wm_create_activity: [0,175802812,15,com.android.launcher3/com.android.quickstep.RecentsActivity,NULL,NULL,NULL,276889600]
05-07 01:56:42.988 1092 3277 I wm_task_moved: [14,0,0]
05-07 01:56:42.988 1092 3277 I wm_task_moved: [14,0,7]
05-07 01:56:42.991 1092 3277 I wm_restart_activity: [0,175802812,15,com.android.launcher3/com.android.quickstep.RecentsActivity]
05-07 01:56:43.006 1092 2620 I dvm_lock_sample: [system_server,1,Binder:1092_B,20,ActivityTaskManagerService.java,3566,int com.android.server.wm.ActivityTaskManagerService.getLastResumedActivityUserId(),,0,null,4]
05-07 01:56:43.018 1092 1832 I wm_stop_activity: [0,173307434,com.android.settings/.homepage.SettingsHomepageActivity]
05-07 01:56:43.019 1092 3277 I dvm_lock_sample: [system_server,1,Binder:1092_E,19,RecentsAnimationController.java,209,android.window.TaskSnapshot com.android.server.wm.RecentsAnimationController$2.screenshotTask(int),ActivityTaskManagerService.java,1985,android.graphics.Rect com.android.server.wm.ActivityTaskManagerService.getTaskBounds(int),3]
05-07 01:56:43.029 2497 2497 I wm_on_stop_called: [173307434,com.android.settings.homepage.SettingsHomepageActivity,STOP_ACTIVITY_ITEM]
05-07 01:56:43.036 1092 1204 I sysui_multi_action: [757,803,799,window_time_0,802,6]
05-07 01:56:43.040 1092 3277 I wm_task_moved: [14,1,8]
05-07 01:56:43.040 1092 3277 I wm_focused_root_task: [0,0,14,1,RecentsAnimation.onAnimationFinished()]
05-07 01:56:43.041 1092 3277 I wm_pause_activity: [0,76565268,com.android.launcher3/.uioverrides.QuickstepLauncher,userLeaving=false,pauseBackTasks]
05-07 01:56:43.042 1092 3277 I wm_set_resumed_activity: [0,com.android.launcher3/com.android.quickstep.RecentsActivity,resumeTopActivityInnerLocked]
05-07 01:56:43.043 1092 3277 I wm_resume_activity: [0,175802812,15,com.android.launcher3/com.android.quickstep.RecentsActivity]
05-07 01:56:43.045 1092 1204 I sysui_multi_action: [757,803,799,window_time_0,802,0]
05-07 01:56:43.045 1092 1832 I wm_finish_activity: [0,175802812,15,com.android.launcher3/com.android.quickstep.RecentsActivity,app-request]
05-07 01:56:43.045 1092 1832 I wm_task_moved: [1,1,8]
05-07 01:56:43.046 1092 1832 I wm_task_moved: [8,1,2147483647]
05-07 01:56:43.046 1092 1832 I wm_focused_root_task: [0,0,1,-1,finish-top adjustFocusToNextFocusableTask]
05-07 01:56:43.046 1092 1832 I wm_pause_activity: [0,175802812,com.android.launcher3/com.android.quickstep.RecentsActivity,userLeaving=false,finish]
05-07 01:56:43.048 2610 2610 I wm_on_create_called: [175802812,com.android.quickstep.RecentsActivity,performCreate]
05-07 01:56:43.057 2610 2610 I wm_on_top_resumed_lost_called: [76565268,com.android.launcher3.uioverrides.QuickstepLauncher,topStateChangedWhenResumed]
05-07 01:56:43.063 2610 2610 I wm_on_paused_called: [76565268,com.android.launcher3.uioverrides.QuickstepLauncher,performPause]
05-07 01:56:43.064 1092 1832 I wm_set_resumed_activity: [0,com.android.launcher3/.uioverrides.QuickstepLauncher,resumeTopActivityInnerLocked]
05-07 01:56:43.065 1092 1832 I wm_resume_activity: [0,76565268,8,com.android.launcher3/.uioverrides.QuickstepLauncher]
05-07 01:56:43.061 3003 3003 I auditd : type=1400 audit(0.0:1370): avc: granted { read } for comm=4173796E635461736B20233431 name="arp" dev="proc" ino=4026532247 scontext=u:r:platform_app:s0:c512,c768 tcontext=u:object_r:proc_net:s0 tclass=file app=com.hht.lebocast
05-07 01:56:43.071 2610 2610 I wm_on_resume_called: [76565268,com.android.launcher3.uioverrides.QuickstepLauncher,RESUME_ACTIVITY]
05-07 01:56:43.071 2610 2610 I wm_on_top_resumed_gained_called: [76565268,com.android.launcher3.uioverrides.QuickstepLauncher,topWhenResuming]
05-07 01:56:43.077 1092 1204 I sysui_multi_action: [757,803,799,window_time_0,802,0]
05-07 01:56:43.079 1092 1204 I sysui_multi_action: [757,1144,758,8,806,com.android.launcher3,871,com.android.quickstep.RecentsActivity]
05-07 01:56:43.080 1092 1204 I sysui_multi_action: [757,803,799,window_time_0,802,0]
05-07 01:56:43.080 1092 1204 I sysui_multi_action: [757,803,799,window_time_0,802,0]
05-07 01:56:43.061 3003 3003 I auditd : type=1400 audit(0.0:1369): avc: granted { read } for comm=4173796E635461736B20233533 name="arp" dev="proc" ino=4026532247 scontext=u:r:platform_app:s0:c512,c768 tcontext=u:object_r:proc_net:s0 tclass=file app=com.hht.lebocast
05-07 01:56:43.135 1092 2568 I wm_destroy_activity: [0,175802812,15,com.android.launcher3/com.android.quickstep.RecentsActivity,finish-idle]
05-07 01:56:43.136 2610 2610 I wm_on_destroy_called: [175802812,com.android.quickstep.RecentsActivity,performDestroy]
05-07 01:56:43.137 1092 2568 I wm_task_removed: [15,cleanUpResourcesForDestroy]
05-07 01:56:43.137 1092 2568 I wm_task_removed: [14,removeChild:removeChild last r=Task{4217743 #15 type=recents I=com.android.launcher3/com.android.quickstep.RecentsActivity U=0 visible=false mode=fullscreen translucent=true sz=0} in t=Task{56861c0 #14 type=recents ?? U=0 visible=false mode=fullscreen translucent=true sz=0}]
05-07 01:56:43.137 1092 2568 I wm_task_removed: [14,removeChild]
05-07 01:56:43.137 1092 2568 I wm_task_removed: [15,removeChild:removeChild last r=ActivityRecord{a7a89bc u0 com.android.launcher3/com.android.quickstep.RecentsActivity t-1 f}} in t=Task{4217743 #15 type=recents I=com.android.launcher3/com.android.quickstep.RecentsActivity U=0 visible=false mode=fullscreen translucent=true sz=0}]
05-07 01:56:43.137 1092 2568 I wm_task_removed: [15,removeChild]
05-07 01:56:43.065 3003 3003 I auditd : type=1400 audit(0.0:1372): avc: granted { read open } for comm=4173796E635461736B20233431 path="/proc/3003/net/arp" dev="proc" ino=4026532247 scontext=u:r:platform_app:s0:c512,c768 tcontext=u:object_r:proc_net:s0 tclass=file app=com.hht.lebocast
05-07 01:56:43.065 3003 3003 I auditd : type=1400 audit(0.0:1371): avc: granted { read open } for comm=4173796E635461736B20233533 path=2F70726F632F333030332F6E65742F617270202864656C6574656429 dev="proc" ino=4026532247 scontext=u:r:platform_app:s0:c512,c768 tcontext=u:object_r:proc_net:s0 tclass=file app=com.hht.lebocast
05-07 01:56:43.065 3003 3003 I auditd : type=1400 audit(0.0:1373): avc: granted { getattr } for comm=4173796E635461736B20233431 path="/proc/3003/net/arp" dev="proc" ino=4026532247 scontext=u:r:platform_app:s0:c512,c768 tcontext=u:object_r:proc_net:s0 tclass=file app=com.hht.lebocast
05-07 01:56:45.674 1092 1691 I input_interaction: Interaction with: 63b9d3a com.microsoft.emmx/com.microsoft.ruby.Main (server), edge-swipe (server), swipe-up (server), PointerEventDispatcher0 (server),
05-07 01:56:45.679 1092 1204 I wm_task_moved: [12,1,7]
05-07 01:56:45.679 1092 1204 I wm_task_to_front: [0,12]
05-07 01:56:45.686 1092 1204 I wm_set_resumed_activity: [0,com.microsoft.emmx/com.microsoft.ruby.Main,positionChildAt]
05-07 01:56:45.686 2610 2610 I wm_on_top_resumed_lost_called: [76565268,com.android.launcher3.uioverrides.QuickstepLauncher,topStateChangedWhenResumed]
05-07 01:56:45.686 1092 1204 I wm_focused_root_task: [0,0,12,1,setFocusedTask]
05-07 01:56:45.687 1092 1204 I wm_set_resumed_activity: [0,com.microsoft.emmx/com.microsoft.ruby.Main,setFocusedTask]
05-07 01:56:45.690 1092 1206 I input_focus: [Focus request 63b9d3a com.microsoft.emmx/com.microsoft.ruby.Main,reason=UpdateInputWindows]
05-07 01:56:45.695 4502 4502 I wm_on_top_resumed_gained_called: [204520842,com.microsoft.ruby.Main,topStateChangedWhenResumed]
05-07 01:56:45.730 1092 1691 I input_focus: [Focus leaving 15d0a1 com.android.launcher3/com.android.launcher3.uioverrides.QuickstepLauncher (server),reason=setFocusedWindow]
05-07 01:56:45.731 1092 1691 I input_focus: [Focus entering 63b9d3a com.microsoft.emmx/com.microsoft.ruby.Main (server),reason=setFocusedWindow]
05-07 01:56:46.288 1092 1206 I input_focus: [Focus request 6348cb4 com.microsoft.emmx/com.microsoft.ruby.Main,reason=UpdateInputWindows]
05-07 01:56:46.316 1092 1691 I input_focus: [Focus leaving 63b9d3a com.microsoft.emmx/com.microsoft.ruby.Main (server),reason=Waiting for window because NOT_VISIBLE]
05-07 01:56:46.369 1092 1204 I dvm_lock_sample: [system_server,1,android.display,27,WindowManagerService.java,5186,void com.android.server.wm.WindowManagerService$H.handleMessage(android.os.Message),WindowSurfacePlacer.java,58,void com.android.server.wm.WindowSurfacePlacer$Traverser.run(),5]
05-07 01:56:46.382 1092 1691 I input_focus: [Focus entering 6348cb4 com.microsoft.emmx/com.microsoft.ruby.Main (server),reason=Window became focusable. Previous reason: NOT_VISIBLE]
05-07 01:56:47.227 1092 1723 I netstats_mobile_sample: [0,0,0,0,0,0,0,0,0,0,0,0,1683513669079]
05-07 01:56:47.227 1092 1723 I netstats_wifi_sample: [308,4,568,5,308,4,568,5,228,2,520,4,1683513669079]
05-07 01:56:48.418 1092 1723 I netstats_mobile_sample: [0,0,0,0,0,0,0,0,0,0,0,0,1683513670270]
05-07 01:56:48.418 1092 1723 I netstats_wifi_sample: [308,4,568,5,308,4,568,5,228,2,520,4,1683513670270]
05-07 01:56:49.691 1092 1691 I input_interaction: Interaction with: 6348cb4 com.microsoft.emmx/com.microsoft.ruby.Main (server), edge-swipe (server), swipe-up (server), PointerEventDispatcher0 (server),
05-07 01:56:49.901 1092 1206 I input_focus: [Focus request 63b9d3a com.microsoft.emmx/com.microsoft.ruby.Main,reason=UpdateInputWindows]
05-07 01:56:49.932 1092 1691 I input_focus: [Focus entering 63b9d3a com.microsoft.emmx/com.microsoft.ruby.Main (server),reason=setFocusedWindow]
05-07 01:56:51.520 1092 1691 I input_interaction: Interaction with: 63b9d3a com.microsoft.emmx/com.microsoft.ruby.Main (server), edge-swipe (server), swipe-up (server), PointerEventDispatcher0 (server),
05-07 01:56:51.695 1092 1092 I notification_enqueue: [10037,4502,com.microsoft.emmx,1000001,NULL,0,Notification(channel=downloads shortcut=null contentView=null vibrate=null sound=null defaults=0x0 flags=0x102 color=0x00000000 groupKey=Downloads actions=2 vis=PRIVATE),0]
05-07 01:56:51.729 1092 1214 I am_pss : [4502,10037,com.microsoft.emmx,168604672,127168512,0,374349824,0,2,19]
05-07 01:56:51.739 1092 1092 I notification_enqueue: [10037,4502,com.microsoft.emmx,1000001,NULL,0,Notification(channel=downloads shortcut=null contentView=null vibrate=null sound=null defaults=0x0 flags=0x142 color=0x00000000 groupKey=Downloads actions=2 vis=PRIVATE),0]
05-07 01:56:51.897 1092 1092 I sysui_multi_action: [757,1501,758,1,793,208,794,0,795,208,796,1000001,806,com.microsoft.emmx,857,downloads,858,2,946,Downloads,947,0,1500,0,1688,1]
05-07 01:56:51.897 1092 1092 I sysui_multi_action: [757,804,799,note_interruptive,801,0,802,1]
05-07 01:56:51.947 1092 1203 I commit_sys_config_file: [notification-policy,212414]
05-07 01:56:52.177 3003 3003 I auditd : type=1400 audit(0.0:1385): avc: granted { read } for comm=4173796E635461736B20233435 name="arp" dev="proc" ino=4026532247 scontext=u:r:platform_app:s0:c512,c768 tcontext=u:object_r:proc_net:s0 tclass=file app=com.hht.lebocast
05-07 01:56:52.177 3003 3003 I auditd : type=1400 audit(0.0:1386): avc: granted { read open } for comm=4173796E635461736B20233435 path="/proc/3003/net/arp" dev="proc" ino=4026532247 scontext=u:r:platform_app:s0:c512,c768 tcontext=u:object_r:proc_net:s0 tclass=file app=com.hht.lebocast
05-07 01:56:52.177 3003 3003 I auditd : type=1400 audit(0.0:1387): avc: granted { getattr } for comm=4173796E635461736B20233435 path="/proc/3003/net/arp" dev="proc" ino=4026532247 scontext=u:r:platform_app:s0:c512,c768 tcontext=u:object_r:proc_net:s0 tclass=file app=com.hht.lebocast
05-07 01:56:52.201 3003 3003 I auditd : type=1400 audit(0.0:1388): avc: granted { getattr } for comm=4173796E635461736B20233435 path="/proc/3003/net/arp" dev="proc" ino=4026532247 scontext=u:r:platform_app:s0:c512,c768 tcontext=u:object_r:proc_net:s0 tclass=file app=com.hht.lebocast
05-07 01:56:52.669 1092 1092 I notification_enqueue: [10037,4502,com.microsoft.emmx,1000001,NULL,0,Notification(channel=completed_downloads shortcut=null contentView=null vibrate=null sound=null defaults=0x0 flags=0x150 color=0x00000000 groupKey=Downloads vis=PRIVATE),1]
05-07 01:56:52.671 1092 1092 I notification_enqueue: [10037,4502,com.microsoft.emmx,1000001,NULL,0,Notification(channel=completed_downloads shortcut=null contentView=null vibrate=null sound=null defaults=0x0 flags=0x150 color=0x00000000 groupKey=Downloads vis=PRIVATE),1]
05-07 01:56:52.872 1092 1092 I sysui_multi_action: [757,1501,758,1,793,1134,794,0,795,205,796,1000001,806,com.microsoft.emmx,857,completed_downloads,858,2,946,Downloads,947,0,1500,0,1688,1]
05-07 01:56:52.873 1092 1092 I sysui_multi_action: [757,804,799,note_interruptive,801,0,802,1]
05-07 01:56:52.924 1092 1203 I commit_sys_config_file: [notification-policy,213391]
05-07 01:56:53.450 1092 1092 I sysui_multi_action: [757,128,758,5,759,8,793,1712,794,0,795,780,796,1000001,806,com.microsoft.emmx,857,completed_downloads,858,2,946,Downloads,947,0,1500,780,1688,1]
05-07 01:56:53.451 1092 1092 I notification_canceled: [0|com.microsoft.emmx|1000001|null|10037,8,1712,780,0,-1,-1,NULL]
05-07 01:56:53.468 1092 1832 I wm_task_created: [16,-1]
05-07 01:56:53.471 1092 1832 I wm_task_moved: [16,1,8]
05-07 01:56:53.472 1092 1832 I wm_task_to_front: [0,16]
05-07 01:56:53.472 1092 1832 I wm_create_task: [0,16]
05-07 01:56:53.472 1092 1832 I wm_create_activity: [0,242696861,16,com.android.packageinstaller/.InstallStart,android.intent.action.VIEW,application/vnd.android.package-archive,content://media/external/downloads/19,276824067]
05-07 01:56:53.472 1092 1832 I wm_task_moved: [16,1,8]
05-07 01:56:53.474 1092 1832 I wm_pause_activity: [0,76565268,com.android.launcher3/.uioverrides.QuickstepLauncher,userLeaving=true,pauseBackTasks]
05-07 01:56:53.474 2610 2610 I wm_on_paused_called: [76565268,com.android.launcher3.uioverrides.QuickstepLauncher,performPause]
05-07 01:56:53.478 4502 4502 I wm_on_top_resumed_lost_called: [204520842,com.microsoft.ruby.Main,topStateChangedWhenResumed]
05-07 01:56:53.482 1092 2568 I wm_restart_activity: [0,242696861,16,com.android.packageinstaller/.InstallStart]
05-07 01:56:53.483 1092 2568 I wm_set_resumed_activity: [0,com.android.packageinstaller/.InstallStart,minimalResumeActivityLocked]
05-07 01:56:53.492 1092 1204 I sysui_multi_action: [757,803,799,window_time_0,802,11]
05-07 01:56:53.516 1092 2568 I wm_task_moved: [16,1,8]
05-07 01:56:53.516 1092 2568 I wm_set_resumed_activity: [0,com.android.packageinstaller/.InstallStart,positionChildAt]
05-07 01:56:53.517 1092 2568 I wm_create_activity: [0,89047899,16,com.android.packageinstaller/.InstallStaging,android.intent.action.VIEW,application/vnd.android.package-archive,content://media/external/downloads/19,33554433]
05-07 01:56:53.518 1092 2568 I wm_pause_activity: [0,242696861,com.android.packageinstaller/.InstallStart,userLeaving=true,resumeTopActivityInnerLocked]
05-07 01:56:53.520 1092 2568 I wm_finish_activity: [0,242696861,16,com.android.packageinstaller/.InstallStart,app-request]
05-07 01:56:53.521 3729 3729 I wm_on_create_called: [242696861,com.android.packageinstaller.InstallStart,performCreate]
05-07 01:56:53.523 1092 1832 I wm_add_to_stopping: [0,242696861,com.android.packageinstaller/.InstallStart,completeFinishing]
05-07 01:56:53.525 1092 1832 I wm_restart_activity: [0,89047899,16,com.android.packageinstaller/.InstallStaging]
05-07 01:56:53.525 1092 1832 I wm_set_resumed_activity: [0,com.android.packageinstaller/.InstallStaging,minimalResumeActivityLocked]
05-07 01:56:53.530 1092 1204 I sysui_multi_action: [757,803,799,window_time_0,802,0]
05-07 01:56:53.538 3729 3729 I wm_on_create_called: [89047899,com.android.packageinstaller.InstallStaging,performCreate]
05-07 01:56:53.538 3729 3729 I wm_on_start_called: [89047899,com.android.packageinstaller.InstallStaging,handleStartActivity]
05-07 01:56:53.539 3729 3729 I wm_on_resume_called: [89047899,com.android.packageinstaller.InstallStaging,RESUME_ACTIVITY]
05-07 01:56:53.542 3729 3729 I wm_on_top_resumed_gained_called: [89047899,com.android.packageinstaller.InstallStaging,topStateChangedWhenResumed]
05-07 01:56:53.548 1092 1206 I input_focus: [Focus request d9bbba4 com.android.packageinstaller/com.android.packageinstaller.InstallStaging,reason=UpdateInputWindows]
05-07 01:56:53.560 1092 1201 I sysui_multi_action: [319,106,322,104,325,269,757,761,758,8,759,2,806,com.android.packageinstaller,871,com.android.packageinstaller.InstallStaging,904,com.android.packageinstaller,905,0,1320,4,1321,1]
05-07 01:56:53.563 1092 1201 I wm_activity_launch_time: [0,89047899,com.android.packageinstaller/.InstallStaging,104]
05-07 01:56:53.575 1092 2568 I wm_destroy_activity: [0,242696861,16,com.android.packageinstaller/.InstallStart,finish-imm:idle]
05-07 01:56:53.578 3729 3729 I wm_on_destroy_called: [242696861,com.android.packageinstaller.InstallStart,performDestroy]
05-07 01:56:53.584 1092 1691 I input_focus: [Focus leaving 63b9d3a com.microsoft.emmx/com.microsoft.ruby.Main (server),reason=Waiting for window because NOT_VISIBLE]
05-07 01:56:53.600 1092 1214 I am_pss : [3754,10097,com.android.permissioncontroller,13382656,11558912,0,103690240,0,19,12]
05-07 01:56:53.609 1092 2568 I wm_task_moved: [16,1,8]
05-07 01:56:53.609 1092 2568 I wm_set_resumed_activity: [0,com.android.packageinstaller/.InstallStaging,positionChildAt]
05-07 01:56:53.609 1092 2568 I wm_create_activity: [0,156659496,16,com.android.packageinstaller/.DeleteStagedFileOnResult,android.intent.action.VIEW,NULL,file:///data/user_de/0/com.android.packageinstaller/no_backup/package9206029595837875013.apk,33619969]
05-07 01:56:53.611 1092 2568 I wm_pause_activity: [0,89047899,com.android.packageinstaller/.InstallStaging,userLeaving=true,resumeTopActivityInnerLocked]
05-07 01:56:53.613 1092 1214 I am_pss : [5004,10074,com.android.webview:webview_service,19630080,5406720,0,91246592,0,19,12]
05-07 01:56:53.613 1092 1691 I input_focus: [Focus entering d9bbba4 com.android.packageinstaller/com.android.packageinstaller.InstallStaging (server),reason=Window became focusable. Previous reason: NOT_VISIBLE]
05-07 01:56:53.616 1092 2568 I wm_finish_activity: [0,89047899,16,com.android.packageinstaller/.InstallStaging,app-request]
05-07 01:56:53.637 3729 3729 I wm_on_top_resumed_lost_called: [89047899,com.android.packageinstaller.InstallStaging,topStateChangedWhenResumed]
05-07 01:56:53.637 3729 3729 I wm_on_paused_called: [89047899,com.android.packageinstaller.InstallStaging,performPause]
05-07 01:56:53.637 1092 1138 I wm_add_to_stopping: [0,89047899,com.android.packageinstaller/.InstallStaging,completeFinishing]
05-07 01:56:53.639 1092 1138 I wm_restart_activity: [0,156659496,16,com.android.packageinstaller/.DeleteStagedFileOnResult]
05-07 01:56:53.641 1092 1138 I wm_set_resumed_activity: [0,com.android.packageinstaller/.DeleteStagedFileOnResult,minimalResumeActivityLocked]
05-07 01:56:53.645 1092 1204 I sysui_multi_action: [757,803,799,window_time_0,802,0]
05-07 01:56:53.679 1092 1691 I input_focus: [Focus leaving d9bbba4 com.android.packageinstaller/com.android.packageinstaller.InstallStaging (server),reason=NO_WINDOW]
05-07 01:56:53.686 1092 1217 I am_uid_idle: 10097
05-07 01:56:53.687 1092 2568 I wm_task_moved: [16,1,8]
05-07 01:56:53.687 1092 2568 I wm_set_resumed_activity: [0,com.android.packageinstaller/.DeleteStagedFileOnResult,positionChildAt]
05-07 01:56:53.687 1092 2568 I wm_create_activity: [0,89641586,16,com.android.packageinstaller/.PackageInstallerActivity,android.intent.action.VIEW,NULL,file:///data/user_de/0/com.android.packageinstaller/no_backup/package9206029595837875013.apk,65536]
05-07 01:56:53.688 1092 2568 I wm_pause_activity: [0,156659496,com.android.packageinstaller/.DeleteStagedFileOnResult,userLeaving=true,resumeTopActivityInnerLocked]
05-07 01:56:53.690 3729 3729 I wm_on_create_called: [156659496,com.android.packageinstaller.DeleteStagedFileOnResult,performCreate]
05-07 01:56:53.690 1092 1206 I dvm_lock_sample: [system_server,1,android.anim,6,InputMonitor.java,144,void com.android.server.wm.InputMonitor$UpdateInputWindows.run(),TaskSnapshotCache.java,68,android.window.TaskSnapshot com.android.server.wm.TaskSnapshotCache.getSnapshot(int, int, boolean, boolean),1]
05-07 01:56:53.691 3729 3729 I wm_on_start_called: [156659496,com.android.packageinstaller.DeleteStagedFileOnResult,handleStartActivity]
05-07 01:56:53.692 3729 3729 I wm_on_resume_called: [156659496,com.android.packageinstaller.DeleteStagedFileOnResult,RESUME_ACTIVITY]
05-07 01:56:53.726 3729 3729 I wm_on_top_resumed_gained_called: [156659496,com.android.packageinstaller.DeleteStagedFileOnResult,topStateChangedWhenResumed]
05-07 01:56:53.774 1092 1206 I input_focus: [Focus request 99dfb40 com.android.packageinstaller/com.android.packageinstaller.DeleteStagedFileOnResult,reason=UpdateInputWindows]
05-07 01:56:53.821 3729 3729 I wm_on_top_resumed_lost_called: [156659496,com.android.packageinstaller.DeleteStagedFileOnResult,topStateChangedWhenResumed]
05-07 01:56:53.824 3729 3729 I wm_on_paused_called: [156659496,com.android.packageinstaller.DeleteStagedFileOnResult,performPause]
05-07 01:56:53.826 1092 2568 I wm_restart_activity: [0,89641586,16,com.android.packageinstaller/.PackageInstallerActivity]
05-07 01:56:53.828 1092 2568 I wm_set_resumed_activity: [0,com.android.packageinstaller/.PackageInstallerActivity,minimalResumeActivityLocked]
05-07 01:56:53.835 1092 1204 I sysui_multi_action: [757,803,799,window_time_0,802,0]
05-07 01:56:53.902 3729 3729 I wm_on_create_called: [89641586,com.android.packageinstaller.PackageInstallerActivity,performCreate]
05-07 01:56:53.903 3729 3729 I wm_on_start_called: [89641586,com.android.packageinstaller.PackageInstallerActivity,handleStartActivity]
05-07 01:56:53.908 3729 3729 I wm_on_resume_called: [89641586,com.android.packageinstaller.PackageInstallerActivity,RESUME_ACTIVITY]
05-07 01:56:53.949 3729 3729 I wm_on_top_resumed_gained_called: [89641586,com.android.packageinstaller.PackageInstallerActivity,topStateChangedWhenResumed]
05-07 01:56:54.034 1092 1206 I input_focus: [Focus request 3632017 com.android.packageinstaller/com.android.packageinstaller.PackageInstallerActivity,reason=UpdateInputWindows]
05-07 01:56:54.100 1092 1201 I wm_activity_launch_time: [0,89641586,com.android.packageinstaller/.PackageInstallerActivity,494]
05-07 01:56:54.103 1092 1204 I wm_destroy_activity: [0,89047899,16,com.android.packageinstaller/.InstallStaging,finish-imm:transit]
05-07 01:56:54.114 1092 1691 I input_focus: [Focus entering 3632017 com.android.packageinstaller/com.android.packageinstaller.PackageInstallerActivity (server),reason=Window became focusable. Previous reason: NOT_VISIBLE]
05-07 01:56:54.153 3729 3729 I wm_on_stop_called: [89047899,com.android.packageinstaller.InstallStaging,LIFECYCLER_STOP_ACTIVITY]
05-07 01:56:54.154 3729 3729 I wm_on_destroy_called: [89047899,com.android.packageinstaller.InstallStaging,performDestroy]
05-07 01:56:54.605 0 0 I auditd : type=1400 audit(0.0:1389): avc: denied { kill } for comm="swapper/5" capability=5 scontext=u:r:kernel:s0 tcontext=u:r:kernel:s0 tclass=capability permissive=1
05-07 01:56:55.983 1092 1691 I input_interaction: Interaction with: 3632017 com.android.packageinstaller/com.android.packageinstaller.PackageInstallerActivity (server), edge-swipe (server), swipe-up (server), PointerEventDispatcher0 (server),
05-07 01:56:56.177 1092 2164 I wm_task_moved: [16,1,8]
05-07 01:56:56.177 1092 2164 I wm_set_resumed_activity: [0,com.android.packageinstaller/.PackageInstallerActivity,positionChildAt]
05-07 01:56:56.177 1092 2164 I wm_create_activity: [0,163227548,16,com.android.packageinstaller/.InstallInstalling,NULL,NULL,file:///data/user_de/0/com.android.packageinstaller/no_backup/package9206029595837875013.apk,33554432]
05-07 01:56:56.179 1092 2164 I wm_pause_activity: [0,89641586,com.android.packageinstaller/.PackageInstallerActivity,userLeaving=true,resumeTopActivityInnerLocked]
05-07 01:56:56.182 1092 1137 I wm_finish_activity: [0,89641586,16,com.android.packageinstaller/.PackageInstallerActivity,app-request]
05-07 01:56:56.185 3729 3729 I wm_on_top_resumed_lost_called: [89641586,com.android.packageinstaller.PackageInstallerActivity,topStateChangedWhenResumed]
05-07 01:56:56.185 3729 3729 I wm_on_paused_called: [89641586,com.android.packageinstaller.PackageInstallerActivity,performPause]
05-07 01:56:56.186 1092 1137 I wm_add_to_stopping: [0,89641586,com.android.packageinstaller/.PackageInstallerActivity,completeFinishing]
05-07 01:56:56.187 1092 1137 I wm_restart_activity: [0,163227548,16,com.android.packageinstaller/.InstallInstalling]
05-07 01:56:56.189 1092 1137 I wm_set_resumed_activity: [0,com.android.packageinstaller/.InstallInstalling,minimalResumeActivityLocked]
05-07 01:56:56.193 1092 1204 I sysui_multi_action: [757,803,799,window_time_0,802,2]
05-07 01:56:56.212 1092 1691 I input_focus: [Focus leaving 3632017 com.android.packageinstaller/com.android.packageinstaller.PackageInstallerActivity (server),reason=NO_WINDOW]
05-07 01:56:56.234 3729 3729 I wm_on_create_called: [163227548,com.android.packageinstaller.InstallInstalling,performCreate]
05-07 01:56:56.235 3729 3729 I wm_on_start_called: [163227548,com.android.packageinstaller.InstallInstalling,handleStartActivity]
05-07 01:56:56.236 1092 1203 I commit_sys_config_file: [package-session,215303]
05-07 01:56:56.236 3729 3729 I wm_on_resume_called: [163227548,com.android.packageinstaller.InstallInstalling,RESUME_ACTIVITY]
05-07 01:56:56.249 1092 1203 I commit_sys_config_file: [package-session,215316]
05-07 01:56:56.269 3729 3729 I wm_on_top_resumed_gained_called: [163227548,com.android.packageinstaller.InstallInstalling,topStateChangedWhenResumed]
