05-07 02:00:52.221 3003 3003 I auditd : type=1400 audit(0.0:5959): avc: granted { getattr } for comm=4173796E635461736B2023313236 path="/proc/3003/net/arp" dev="proc" ino=4026532247 scontext=u:r:platform_app:s0:c512,c768 tcontext=u:object_r:proc_net:s0 tclass=file app=com.hht.lebocast
05-07 02:00:55.493 3003 3003 I auditd : type=1400 audit(0.0:5960): avc: granted { read } for comm=4173796E635461736B2023313237 name="arp" dev="proc" ino=4026532247 scontext=u:r:platform_app:s0:c512,c768 tcontext=u:object_r:proc_net:s0 tclass=file app=com.hht.lebocast
05-07 02:00:55.501 3003 3003 I auditd : type=1400 audit(0.0:5961): avc: granted { read open } for comm=4173796E635461736B2023313237 path="/proc/3003/net/arp" dev="proc" ino=4026532247 scontext=u:r:platform_app:s0:c512,c768 tcontext=u:object_r:proc_net:s0 tclass=file app=com.hht.lebocast
05-07 02:00:55.501 3003 3003 I auditd : type=1400 audit(0.0:5962): avc: granted { getattr } for comm=4173796E635461736B2023313237 path="/proc/3003/net/arp" dev="proc" ino=4026532247 scontext=u:r:platform_app:s0:c512,c768 tcontext=u:object_r:proc_net:s0 tclass=file app=com.hht.lebocast
05-07 02:00:55.501 3003 3003 I auditd : type=1400 audit(0.0:5963): avc: granted { getattr } for comm=4173796E635461736B2023313237 path="/proc/3003/net/arp" dev="proc" ino=4026532247 scontext=u:r:platform_app:s0:c512,c768 tcontext=u:object_r:proc_net:s0 tclass=file app=com.hht.lebocast
05-07 02:00:58.861 3003 3003 I auditd : type=1400 audit(0.0:5964): avc: granted { read } for comm=4173796E635461736B2023313238 name="arp" dev="proc" ino=4026532247 scontext=u:r:platform_app:s0:c512,c768 tcontext=u:object_r:proc_net:s0 tclass=file app=com.hht.lebocast
05-07 02:00:58.861 3003 3003 I auditd : type=1400 audit(0.0:5965): avc: granted { read open } for comm=4173796E635461736B2023313238 path="/proc/3003/net/arp" dev="proc" ino=4026532247 scontext=u:r:platform_app:s0:c512,c768 tcontext=u:object_r:proc_net:s0 tclass=file app=com.hht.lebocast
05-07 02:00:58.861 3003 3003 I auditd : type=1400 audit(0.0:5966): avc: granted { getattr } for comm=4173796E635461736B2023313238 path="/proc/3003/net/arp" dev="proc" ino=4026532247 scontext=u:r:platform_app:s0:c512,c768 tcontext=u:object_r:proc_net:s0 tclass=file app=com.hht.lebocast
05-07 02:00:58.861 3003 3003 I auditd : type=1400 audit(0.0:5967): avc: granted { getattr } for comm=4173796E635461736B2023313238 path="/proc/3003/net/arp" dev="proc" ino=4026532247 scontext=u:r:platform_app:s0:c512,c768 tcontext=u:object_r:proc_net:s0 tclass=file app=com.hht.lebocast
05-07 02:01:00.605 0 0 I auditd : type=1400 audit(0.0:5968): avc: denied { kill } for comm="swapper/3" capability=5 scontext=u:r:kernel:s0 tcontext=u:r:kernel:s0 tclass=capability permissive=1
05-07 02:01:02.477 3003 3003 I auditd : type=1400 audit(0.0:5969): avc: granted { read } for comm=4173796E635461736B2023313239 name="arp" dev="proc" ino=4026532247 scontext=u:r:platform_app:s0:c512,c768 tcontext=u:object_r:proc_net:s0 tclass=file app=com.hht.lebocast
05-07 02:01:02.477 3003 3003 I auditd : type=1400 audit(0.0:5970): avc: granted { read open } for comm=4173796E635461736B2023313239 path="/proc/3003/net/arp" dev="proc" ino=4026532247 scontext=u:r:platform_app:s0:c512,c768 tcontext=u:object_r:proc_net:s0 tclass=file app=com.hht.lebocast
05-07 02:01:02.481 3003 3003 I auditd : type=1400 audit(0.0:5971): avc: granted { getattr } for comm=4173796E635461736B2023313239 path="/proc/3003/net/arp" dev="proc" ino=4026532247 scontext=u:r:platform_app:s0:c512,c768 tcontext=u:object_r:proc_net:s0 tclass=file app=com.hht.lebocast
05-07 02:01:02.485 3003 3003 I auditd : type=1400 audit(0.0:5972): avc: granted { getattr } for comm=4173796E635461736B2023313239 path="/proc/3003/net/arp" dev="proc" ino=4026532247 scontext=u:r:platform_app:s0:c512,c768 tcontext=u:object_r:proc_net:s0 tclass=file app=com.hht.lebocast
05-07 02:01:03.763 1092 6328 I am_kill : [0,7813,com.microsoft.emmx:sandboxed_process0:org.chromium.content.app.SandboxedProcessService0:16,0,isolated not needed]
05-07 02:01:03.983 1092 1451 I am_proc_died: [0,7813,com.microsoft.emmx:sandboxed_process0:org.chromium.content.app.SandboxedProcessService0:16,0,10]
05-07 02:01:03.984 1092 1451 I am_uid_stopped: 90000
05-07 02:01:06.145 3003 3003 I auditd : type=1400 audit(0.0:5973): avc: granted { read } for comm=4173796E635461736B2023313330 name="arp" dev="proc" ino=4026532247 scontext=u:r:platform_app:s0:c512,c768 tcontext=u:object_r:proc_net:s0 tclass=file app=com.hht.lebocast
05-07 02:01:06.145 3003 3003 I auditd : type=1400 audit(0.0:5974): avc: granted { read open } for comm=4173796E635461736B2023313330 path="/proc/3003/net/arp" dev="proc" ino=4026532247 scontext=u:r:platform_app:s0:c512,c768 tcontext=u:object_r:proc_net:s0 tclass=file app=com.hht.lebocast
05-07 02:01:06.145 3003 3003 I auditd : type=1400 audit(0.0:5975): avc: granted { getattr } for comm=4173796E635461736B2023313330 path="/proc/3003/net/arp" dev="proc" ino=4026532247 scontext=u:r:platform_app:s0:c512,c768 tcontext=u:object_r:proc_net:s0 tclass=file app=com.hht.lebocast
05-07 02:01:06.145 3003 3003 I auditd : type=1400 audit(0.0:5976): avc: granted { getattr } for comm=4173796E635461736B2023313330 path="/proc/3003/net/arp" dev="proc" ino=4026532247 scontext=u:r:platform_app:s0:c512,c768 tcontext=u:object_r:proc_net:s0 tclass=file app=com.hht.lebocast
05-07 02:01:08.981 1092 1092 I auditd : type=1400 audit(0.0:5977): avc: denied { getpgid } for comm="ActivityManager" scontext=u:r:system_server:s0 tcontext=u:r:app_zygote:s0:c512,c768 tclass=process permissive=1
05-07 02:01:10.761 3003 3003 I auditd : type=1400 audit(0.0:5978): avc: granted { read } for comm=4173796E635461736B2023313331 name="arp" dev="proc" ino=4026532247 scontext=u:r:platform_app:s0:c512,c768 tcontext=u:object_r:proc_net:s0 tclass=file app=com.hht.lebocast
05-07 02:01:10.781 3003 3003 I auditd : type=1400 audit(0.0:5979): avc: granted { read open } for comm=4173796E635461736B2023313331 path="/proc/3003/net/arp" dev="proc" ino=4026532247 scontext=u:r:platform_app:s0:c512,c768 tcontext=u:object_r:proc_net:s0 tclass=file app=com.hht.lebocast
05-07 02:01:10.781 3003 3003 I auditd : type=1400 audit(0.0:5980): avc: granted { getattr } for comm=4173796E635461736B2023313331 path="/proc/3003/net/arp" dev="proc" ino=4026532247 scontext=u:r:platform_app:s0:c512,c768 tcontext=u:object_r:proc_net:s0 tclass=file app=com.hht.lebocast
05-07 02:01:10.781 3003 3003 I auditd : type=1400 audit(0.0:5981): avc: granted { getattr } for comm=4173796E635461736B2023313331 path="/proc/3003/net/arp" dev="proc" ino=4026532247 scontext=u:r:platform_app:s0:c512,c768 tcontext=u:object_r:proc_net:s0 tclass=file app=com.hht.lebocast
05-07 02:01:11.169 3003 3003 I auditd : type=1400 audit(0.0:5982): avc: granted { read } for comm=4173796E635461736B2023313332 name="arp" dev="proc" ino=4026532247 scontext=u:r:platform_app:s0:c512,c768 tcontext=u:object_r:proc_net:s0 tclass=file app=com.hht.lebocast
05-07 02:01:11.173 3003 3003 I auditd : type=1400 audit(0.0:5983): avc: granted { read open } for comm=4173796E635461736B2023313332 path="/proc/3003/net/arp" dev="proc" ino=4026532247 scontext=u:r:platform_app:s0:c512,c768 tcontext=u:object_r:proc_net:s0 tclass=file app=com.hht.lebocast
05-07 02:01:11.173 3003 3003 I auditd : type=1400 audit(0.0:5984): avc: granted { getattr } for comm=4173796E635461736B2023313332 path="/proc/3003/net/arp" dev="proc" ino=4026532247 scontext=u:r:platform_app:s0:c512,c768 tcontext=u:object_r:proc_net:s0 tclass=file app=com.hht.lebocast
05-07 02:01:11.173 3003 3003 I auditd : type=1400 audit(0.0:5985): avc: granted { getattr } for comm=4173796E635461736B2023313332 path="/proc/3003/net/arp" dev="proc" ino=4026532247 scontext=u:r:platform_app:s0:c512,c768 tcontext=u:object_r:proc_net:s0 tclass=file app=com.hht.lebocast
05-07 02:01:12.289 3003 3003 I auditd : type=1400 audit(0.0:5986): avc: granted { read } for comm=4173796E635461736B2023313333 name="arp" dev="proc" ino=4026532247 scontext=u:r:platform_app:s0:c512,c768 tcontext=u:object_r:proc_net:s0 tclass=file app=com.hht.lebocast
05-07 02:01:12.289 3003 3003 I auditd : type=1400 audit(0.0:5987): avc: granted { read open } for comm=4173796E635461736B2023313333 path="/proc/3003/net/arp" dev="proc" ino=4026532247 scontext=u:r:platform_app:s0:c512,c768 tcontext=u:object_r:proc_net:s0 tclass=file app=com.hht.lebocast
05-07 02:01:12.289 3003 3003 I auditd : type=1400 audit(0.0:5988): avc: granted { getattr } for comm=4173796E635461736B2023313333 path="/proc/3003/net/arp" dev="proc" ino=4026532247 scontext=u:r:platform_app:s0:c512,c768 tcontext=u:object_r:proc_net:s0 tclass=file app=com.hht.lebocast
05-07 02:01:12.289 3003 3003 I auditd : type=1400 audit(0.0:5989): avc: granted { getattr } for comm=4173796E635461736B2023313333 path="/proc/3003/net/arp" dev="proc" ino=4026532247 scontext=u:r:platform_app:s0:c512,c768 tcontext=u:object_r:proc_net:s0 tclass=file app=com.hht.lebocast
05-07 02:01:13.233 3003 3003 I auditd : type=1400 audit(0.0:5990): avc: granted { read } for comm=4173796E635461736B2023313334 name="arp" dev="proc" ino=4026532247 scontext=u:r:platform_app:s0:c512,c768 tcontext=u:object_r:proc_net:s0 tclass=file app=com.hht.lebocast
05-07 02:01:13.233 3003 3003 I auditd : type=1400 audit(0.0:5991): avc: granted { read open } for comm=4173796E635461736B2023313334 path="/proc/3003/net/arp" dev="proc" ino=4026532247 scontext=u:r:platform_app:s0:c512,c768 tcontext=u:object_r:proc_net:s0 tclass=file app=com.hht.lebocast
05-07 02:01:13.321 3003 3003 I auditd : type=1400 audit(0.0:5993): avc: granted { getattr } for comm=4173796E635461736B2023313334 path="/proc/3003/net/arp" dev="proc" ino=4026532247 scontext=u:r:platform_app:s0:c512,c768 tcontext=u:object_r:proc_net:s0 tclass=file app=com.hht.lebocast
05-07 02:01:14.441 3003 3003 I auditd : type=1400 audit(0.0:5994): avc: granted { read } for comm=4173796E635461736B2023313335 name="arp" dev="proc" ino=4026532247 scontext=u:r:platform_app:s0:c512,c768 tcontext=u:object_r:proc_net:s0 tclass=file app=com.hht.lebocast
05-07 02:01:14.441 3003 3003 I auditd : type=1400 audit(0.0:5995): avc: granted { read open } for comm=4173796E635461736B2023313335 path="/proc/3003/net/arp" dev="proc" ino=4026532247 scontext=u:r:platform_app:s0:c512,c768 tcontext=u:object_r:proc_net:s0 tclass=file app=com.hht.lebocast
05-07 02:01:14.441 3003 3003 I auditd : type=1400 audit(0.0:5996): avc: granted { getattr } for comm=4173796E635461736B2023313335 path="/proc/3003/net/arp" dev="proc" ino=4026532247 scontext=u:r:platform_app:s0:c512,c768 tcontext=u:object_r:proc_net:s0 tclass=file app=com.hht.lebocast
05-07 02:01:14.441 3003 3003 I auditd : type=1400 audit(0.0:5997): avc: granted { getattr } for comm=4173796E635461736B2023313335 path="/proc/3003/net/arp" dev="proc" ino=4026532247 scontext=u:r:platform_app:s0:c512,c768 tcontext=u:object_r:proc_net:s0 tclass=file app=com.hht.lebocast
05-07 02:01:18.941 3003 3003 I auditd : type=1400 audit(0.0:5998): avc: granted { read } for comm=4173796E635461736B2023313336 name="arp" dev="proc" ino=4026532247 scontext=u:r:platform_app:s0:c512,c768 tcontext=u:object_r:proc_net:s0 tclass=file app=com.hht.lebocast
05-07 02:01:18.941 3003 3003 I auditd : type=1400 audit(0.0:5999): avc: granted { read open } for comm=4173796E635461736B2023313336 path="/proc/3003/net/arp" dev="proc" ino=4026532247 scontext=u:r:platform_app:s0:c512,c768 tcontext=u:object_r:proc_net:s0 tclass=file app=com.hht.lebocast
05-07 02:01:18.941 3003 3003 I auditd : type=1400 audit(0.0:6000): avc: granted { getattr } for comm=4173796E635461736B2023313336 path="/proc/3003/net/arp" dev="proc" ino=4026532247 scontext=u:r:platform_app:s0:c512,c768 tcontext=u:object_r:proc_net:s0 tclass=file app=com.hht.lebocast
05-07 02:01:18.965 3003 3003 I auditd : type=1400 audit(0.0:6001): avc: granted { getattr } for comm=4173796E635461736B2023313336 path="/proc/3003/net/arp" dev="proc" ino=4026532247 scontext=u:r:platform_app:s0:c512,c768 tcontext=u:object_r:proc_net:s0 tclass=file app=com.hht.lebocast
05-07 02:01:19.886 1092 1747 I storage_state: [41217664-9172-527a-b3d5-edabb50a7d69,0,0,115441508352,118610538496]
05-07 02:01:19.985 3003 3003 I auditd : type=1400 audit(0.0:6002): avc: granted { read } for comm=4173796E635461736B2023313337 name="arp" dev="proc" ino=4026532247 scontext=u:r:platform_app:s0:c512,c768 tcontext=u:object_r:proc_net:s0 tclass=file app=com.hht.lebocast
05-07 02:01:19.985 3003 3003 I auditd : type=1400 audit(0.0:6003): avc: granted { read open } for comm=4173796E635461736B2023313337 path="/proc/3003/net/arp" dev="proc" ino=4026532247 scontext=u:r:platform_app:s0:c512,c768 tcontext=u:object_r:proc_net:s0 tclass=file app=com.hht.lebocast
05-07 02:01:19.985 3003 3003 I auditd : type=1400 audit(0.0:6004): avc: granted { getattr } for comm=4173796E635461736B2023313337 path="/proc/3003/net/arp" dev="proc" ino=4026532247 scontext=u:r:platform_app:s0:c512,c768 tcontext=u:object_r:proc_net:s0 tclass=file app=com.hht.lebocast
05-07 02:01:19.985 3003 3003 I auditd : type=1400 audit(0.0:6005): avc: granted { getattr } for comm=4173796E635461736B2023313337 path="/proc/3003/net/arp" dev="proc" ino=4026532247 scontext=u:r:platform_app:s0:c512,c768 tcontext=u:object_r:proc_net:s0 tclass=file app=com.hht.lebocast
05-07 02:01:22.241 3003 3003 I auditd : type=1400 audit(0.0:6006): avc: granted { read } for comm=4173796E635461736B2023313439 name="arp" dev="proc" ino=4026532247 scontext=u:r:platform_app:s0:c512,c768 tcontext=u:object_r:proc_net:s0 tclass=file app=com.hht.lebocast
05-07 02:01:22.241 3003 3003 I auditd : type=1400 audit(0.0:6007): avc: granted { read open } for comm=4173796E635461736B2023313439 path="/proc/3003/net/arp" dev="proc" ino=4026532247 scontext=u:r:platform_app:s0:c512,c768 tcontext=u:object_r:proc_net:s0 tclass=file app=com.hht.lebocast
05-07 02:01:22.241 3003 3003 I auditd : type=1400 audit(0.0:6008): avc: granted { getattr } for comm=4173796E635461736B2023313439 path="/proc/3003/net/arp" dev="proc" ino=4026532247 scontext=u:r:platform_app:s0:c512,c768 tcontext=u:object_r:proc_net:s0 tclass=file app=com.hht.lebocast
05-07 02:01:22.241 3003 3003 I auditd : type=1400 audit(0.0:6009): avc: granted { getattr } for comm=4173796E635461736B2023313439 path="/proc/3003/net/arp" dev="proc" ino=4026532247 scontext=u:r:platform_app:s0:c512,c768 tcontext=u:object_r:proc_net:s0 tclass=file app=com.hht.lebocast
05-07 02:01:24.349 1092 1893 I sync : [com.tencent.android.qqdownloader.YYBLiveAccountProvider,0,3,24220937]
05-07 02:01:24.432 1092 1893 I sync : [com.tencent.android.qqdownloader.YYBLiveAccountProvider,1,3,24220937]
05-07 02:01:24.444 1092 1893 I commit_sys_config_file: [sync-status,257728]
05-07 02:01:24.466 1092 1893 I sync : [com.tencent.android.qqdownloader.YYBLiveAccountProvider,0,3,24220937]
05-07 02:01:24.549 1092 1893 I sync : [com.tencent.android.qqdownloader.YYBLiveAccountProvider,1,3,24220937]
05-07 02:01:24.559 1092 1893 I commit_sys_config_file: [sync-status,257843]
05-07 02:01:26.444 1092 1203 I commit_sys_config_file: [jobs,11]
05-07 02:01:27.861 1092 1723 I netstats_mobile_sample: [0,0,0,0,0,0,0,0,0,0,0,0,1683513949713]
05-07 02:01:27.861 1092 1723 I netstats_wifi_sample: [308,4,568,5,308,4,568,5,228,2,520,4,1683513949713]
05-07 02:01:28.285 3003 3003 I auditd : type=1400 audit(0.0:6010): avc: granted { read } for comm=4173796E635461736B2023313530 name="arp" dev="proc" ino=4026532247 scontext=u:r:platform_app:s0:c512,c768 tcontext=u:object_r:proc_net:s0 tclass=file app=com.hht.lebocast
05-07 02:01:28.285 3003 3003 I auditd : type=1400 audit(0.0:6011): avc: granted { read open } for comm=4173796E635461736B2023313530 path="/proc/3003/net/arp" dev="proc" ino=4026532247 scontext=u:r:platform_app:s0:c512,c768 tcontext=u:object_r:proc_net:s0 tclass=file app=com.hht.lebocast
05-07 02:01:28.285 3003 3003 I auditd : type=1400 audit(0.0:6012): avc: granted { getattr } for comm=4173796E635461736B2023313530 path="/proc/3003/net/arp" dev="proc" ino=4026532247 scontext=u:r:platform_app:s0:c512,c768 tcontext=u:object_r:proc_net:s0 tclass=file app=com.hht.lebocast
05-07 02:01:28.285 3003 3003 I auditd : type=1400 audit(0.0:6013): avc: granted { getattr } for comm=4173796E635461736B2023313530 path="/proc/3003/net/arp" dev="proc" ino=4026532247 scontext=u:r:platform_app:s0:c512,c768 tcontext=u:object_r:proc_net:s0 tclass=file app=com.hht.lebocast
05-07 02:01:30.821 3003 3003 I auditd : type=1400 audit(0.0:6014): avc: granted { read } for comm=4173796E635461736B2023313531 name="arp" dev="proc" ino=4026532247 scontext=u:r:platform_app:s0:c512,c768 tcontext=u:object_r:proc_net:s0 tclass=file app=com.hht.lebocast
05-07 02:01:30.821 3003 3003 I auditd : type=1400 audit(0.0:6015): avc: granted { read open } for comm=4173796E635461736B2023313531 path="/proc/3003/net/arp" dev="proc" ino=4026532247 scontext=u:r:platform_app:s0:c512,c768 tcontext=u:object_r:proc_net:s0 tclass=file app=com.hht.lebocast
05-07 02:01:30.821 3003 3003 I auditd : type=1400 audit(0.0:6016): avc: granted { getattr } for comm=4173796E635461736B2023313531 path="/proc/3003/net/arp" dev="proc" ino=4026532247 scontext=u:r:platform_app:s0:c512,c768 tcontext=u:object_r:proc_net:s0 tclass=file app=com.hht.lebocast
05-07 02:01:30.821 3003 3003 I auditd : type=1400 audit(0.0:6017): avc: granted { getattr } for comm=4173796E635461736B2023313531 path="/proc/3003/net/arp" dev="proc" ino=4026532247 scontext=u:r:platform_app:s0:c512,c768 tcontext=u:object_r:proc_net:s0 tclass=file app=com.hht.lebocast
05-07 02:01:33.521 1092 1217 I am_uid_idle: 10067
05-07 02:01:33.789 3003 3003 I auditd : type=1400 audit(0.0:6018): avc: granted { read } for comm=4173796E635461736B2023313532 name="arp" dev="proc" ino=4026532247 scontext=u:r:platform_app:s0:c512,c768 tcontext=u:object_r:proc_net:s0 tclass=file app=com.hht.lebocast
05-07 02:01:33.793 3003 3003 I auditd : type=1400 audit(0.0:6019): avc: granted { read open } for comm=4173796E635461736B2023313532 path="/proc/3003/net/arp" dev="proc" ino=4026532247 scontext=u:r:platform_app:s0:c512,c768 tcontext=u:object_r:proc_net:s0 tclass=file app=com.hht.lebocast
05-07 02:01:33.793 3003 3003 I auditd : type=1400 audit(0.0:6020): avc: granted { getattr } for comm=4173796E635461736B2023313532 path="/proc/3003/net/arp" dev="proc" ino=4026532247 scontext=u:r:platform_app:s0:c512,c768 tcontext=u:object_r:proc_net:s0 tclass=file app=com.hht.lebocast
05-07 02:01:33.797 3003 3003 I auditd : type=1400 audit(0.0:6021): avc: granted { getattr } for comm=4173796E635461736B2023313532 path="/proc/3003/net/arp" dev="proc" ino=4026532247 scontext=u:r:platform_app:s0:c512,c768 tcontext=u:object_r:proc_net:s0 tclass=file app=com.hht.lebocast
05-07 02:01:36.811 1092 1092 I notification_enqueue: [10100,5640,com.tencent.android.qqdownloader,127,NULL,0,Notification(channel=channel_id_default_silent shortcut=null contentView=com.tencent.android.qqdownloader/0x7f0a01c2 vibrate=null sound=null defaults=0x0 flags=0x2a2 color=0x00000000 groupKey=com.tencent.android.qqdownloader vis=PRIVATE),1]
05-07 02:01:38.917 3003 3003 I auditd : type=1400 audit(0.0:6022): avc: granted { read } for comm=4173796E635461736B2023313533 name="arp" dev="proc" ino=4026532247 scontext=u:r:platform_app:s0:c512,c768 tcontext=u:object_r:proc_net:s0 tclass=file app=com.hht.lebocast
05-07 02:01:38.917 3003 3003 I auditd : type=1400 audit(0.0:6023): avc: granted { read open } for comm=4173796E635461736B2023313533 path="/proc/3003/net/arp" dev="proc" ino=4026532247 scontext=u:r:platform_app:s0:c512,c768 tcontext=u:object_r:proc_net:s0 tclass=file app=com.hht.lebocast
05-07 02:01:38.917 3003 3003 I auditd : type=1400 audit(0.0:6024): avc: granted { getattr } for comm=4173796E635461736B2023313533 path="/proc/3003/net/arp" dev="proc" ino=4026532247 scontext=u:r:platform_app:s0:c512,c768 tcontext=u:object_r:proc_net:s0 tclass=file app=com.hht.lebocast
05-07 02:01:38.917 3003 3003 I auditd : type=1400 audit(0.0:6025): avc: granted { getattr } for comm=4173796E635461736B2023313533 path="/proc/3003/net/arp" dev="proc" ino=4026532247 scontext=u:r:platform_app:s0:c512,c768 tcontext=u:object_r:proc_net:s0 tclass=file app=com.hht.lebocast
05-07 02:01:45.877 3003 3003 I auditd : type=1400 audit(0.0:6026): avc: granted { read } for comm=4173796E635461736B2023313534 name="arp" dev="proc" ino=4026532247 scontext=u:r:platform_app:s0:c512,c768 tcontext=u:object_r:proc_net:s0 tclass=file app=com.hht.lebocast
05-07 02:01:45.877 3003 3003 I auditd : type=1400 audit(0.0:6027): avc: granted { read open } for comm=4173796E635461736B2023313534 path="/proc/3003/net/arp" dev="proc" ino=4026532247 scontext=u:r:platform_app:s0:c512,c768 tcontext=u:object_r:proc_net:s0 tclass=file app=com.hht.lebocast
05-07 02:01:45.877 3003 3003 I auditd : type=1400 audit(0.0:6028): avc: granted { getattr } for comm=4173796E635461736B2023313534 path="/proc/3003/net/arp" dev="proc" ino=4026532247 scontext=u:r:platform_app:s0:c512,c768 tcontext=u:object_r:proc_net:s0 tclass=file app=com.hht.lebocast
05-07 02:01:45.877 3003 3003 I auditd : type=1400 audit(0.0:6029): avc: granted { getattr } for comm=4173796E635461736B2023313534 path="/proc/3003/net/arp" dev="proc" ino=4026532247 scontext=u:r:platform_app:s0:c512,c768 tcontext=u:object_r:proc_net:s0 tclass=file app=com.hht.lebocast
05-07 02:01:50.793 3003 3003 I auditd : type=1400 audit(0.0:6030): avc: granted { read } for comm=4173796E635461736B2023313535 name="arp" dev="proc" ino=4026532247 scontext=u:r:platform_app:s0:c512,c768 tcontext=u:object_r:proc_net:s0 tclass=file app=com.hht.lebocast
05-07 02:01:50.793 3003 3003 I auditd : type=1400 audit(0.0:6031): avc: granted { read open } for comm=4173796E635461736B2023313535 path="/proc/3003/net/arp" dev="proc" ino=4026532247 scontext=u:r:platform_app:s0:c512,c768 tcontext=u:object_r:proc_net:s0 tclass=file app=com.hht.lebocast
05-07 02:01:50.793 3003 3003 I auditd : type=1400 audit(0.0:6032): avc: granted { getattr } for comm=4173796E635461736B2023313535 path="/proc/3003/net/arp" dev="proc" ino=4026532247 scontext=u:r:platform_app:s0:c512,c768 tcontext=u:object_r:proc_net:s0 tclass=file app=com.hht.lebocast
05-07 02:01:50.797 3003 3003 I auditd : type=1400 audit(0.0:6033): avc: granted { getattr } for comm=4173796E635461736B2023313535 path="/proc/3003/net/arp" dev="proc" ino=4026532247 scontext=u:r:platform_app:s0:c512,c768 tcontext=u:object_r:proc_net:s0 tclass=file app=com.hht.lebocast
05-07 02:01:52.229 3003 3003 I auditd : type=1400 audit(0.0:6034): avc: granted { read } for comm=4173796E635461736B2023313536 name="arp" dev="proc" ino=4026532247 scontext=u:r:platform_app:s0:c512,c768 tcontext=u:object_r:proc_net:s0 tclass=file app=com.hht.lebocast
05-07 02:01:52.229 3003 3003 I auditd : type=1400 audit(0.0:6035): avc: granted { read open } for comm=4173796E635461736B2023313536 path="/proc/3003/net/arp" dev="proc" ino=4026532247 scontext=u:r:platform_app:s0:c512,c768 tcontext=u:object_r:proc_net:s0 tclass=file app=com.hht.lebocast
05-07 02:01:52.233 3003 3003 I auditd : type=1400 audit(0.0:6036): avc: granted { getattr } for comm=4173796E635461736B2023313536 path="/proc/3003/net/arp" dev="proc" ino=4026532247 scontext=u:r:platform_app:s0:c512,c768 tcontext=u:object_r:proc_net:s0 tclass=file app=com.hht.lebocast
05-07 02:01:52.245 3003 3003 I auditd : type=1400 audit(0.0:6037): avc: granted { getattr } for comm=4173796E635461736B2023313536 path="/proc/3003/net/arp" dev="proc" ino=4026532247 scontext=u:r:platform_app:s0:c512,c768 tcontext=u:object_r:proc_net:s0 tclass=file app=com.hht.lebocast
05-07 02:01:58.893 3003 3003 I auditd : type=1400 audit(0.0:6038): avc: granted { read } for comm=4173796E635461736B2023313537 name="arp" dev="proc" ino=4026532247 scontext=u:r:platform_app:s0:c512,c768 tcontext=u:object_r:proc_net:s0 tclass=file app=com.hht.lebocast
05-07 02:01:58.893 3003 3003 I auditd : type=1400 audit(0.0:6039): avc: granted { read open } for comm=4173796E635461736B2023313537 path="/proc/3003/net/arp" dev="proc" ino=4026532247 scontext=u:r:platform_app:s0:c512,c768 tcontext=u:object_r:proc_net:s0 tclass=file app=com.hht.lebocast
05-07 02:01:58.893 3003 3003 I auditd : type=1400 audit(0.0:6040): avc: granted { getattr } for comm=4173796E635461736B2023313537 path="/proc/3003/net/arp" dev="proc" ino=4026532247 scontext=u:r:platform_app:s0:c512,c768 tcontext=u:object_r:proc_net:s0 tclass=file app=com.hht.lebocast
05-07 02:01:58.893 3003 3003 I auditd : type=1400 audit(0.0:6041): avc: granted { getattr } for comm=4173796E635461736B2023313537 path="/proc/3003/net/arp" dev="proc" ino=4026532247 scontext=u:r:platform_app:s0:c512,c768 tcontext=u:object_r:proc_net:s0 tclass=file app=com.hht.lebocast
05-07 02:01:59.357 1092 1893 I sync : [com.tencent.android.qqdownloader.YYBLiveAccountProvider,0,3,24220937]
05-07 02:01:59.381 1092 1214 I am_pss : [7438,10047,com.thundercomm.screensaver,73278464,68935680,8192,184115200,0,2,14]
05-07 02:01:59.440 1092 1893 I sync : [com.tencent.android.qqdownloader.YYBLiveAccountProvider,1,3,24220937]
05-07 02:01:59.453 1092 1893 I commit_sys_config_file: [sync-status,292737]
05-07 02:01:59.475 1092 1893 I sync : [com.tencent.android.qqdownloader.YYBLiveAccountProvider,0,3,24220937]
05-07 02:01:59.554 1092 1893 I sync : [com.tencent.android.qqdownloader.YYBLiveAccountProvider,1,3,24220937]
05-07 02:01:59.563 1092 1893 I commit_sys_config_file: [sync-status,292847]
05-07 02:01:59.597 3003 3003 I auditd : type=1400 audit(0.0:6042): avc: granted { read } for comm=4173796E635461736B2023313538 name="arp" dev="proc" ino=4026532247 scontext=u:r:platform_app:s0:c512,c768 tcontext=u:object_r:proc_net:s0 tclass=file app=com.hht.lebocast
05-07 02:02:01.450 1092 1203 I commit_sys_config_file: [jobs,8]
05-07 02:02:02.498 1092 6539 I am_uid_running: 90000
05-07 02:02:02.605 0 0 I auditd : type=1400 audit(0.0:6046): avc: denied { kill } for comm="swapper/3" capability=5 scontext=u:r:kernel:s0 tcontext=u:r:kernel:s0 tclass=capability permissive=1
05-07 02:02:02.760 1092 1219 I am_proc_start: [0,7928,90000,com.microsoft.emmx:sandboxed_process0:org.chromium.content.app.SandboxedProcessService0:17,,{com.microsoft.emmx/org.chromium.content.app.SandboxedProcessService0:17}]
05-07 02:02:02.835 1092 6539 I am_proc_bound: [0,7928,com.microsoft.emmx:sandboxed_process0:org.chromium.content.app.SandboxedProcessService0:17]
05-07 02:02:02.989 7928 7928 I auditd : type=1400 audit(0.0:6047): avc: denied { setattr } for comm="ThreadPoolForeg" name="automation.js" dev="dm-10" ino=17559 scontext=u:r:isolated_app:s0:c512,c768 tcontext=u:object_r:privapp_data_file:s0:c512,c768 tclass=file permissive=1
05-07 02:02:03.047 1092 6328 I am_kill : [0,7928,com.microsoft.emmx:sandboxed_process0:org.chromium.content.app.SandboxedProcessService0:17,0,isolated not needed]
05-07 02:02:03.266 1092 6328 I am_proc_died: [0,7928,com.microsoft.emmx:sandboxed_process0:org.chromium.content.app.SandboxedProcessService0:17,0,10]
05-07 02:02:03.270 1092 6328 I am_uid_stopped: 90000
05-07 02:02:08.269 1092 1092 I auditd : type=1400 audit(0.0:6048): avc: denied { getpgid } for comm="ActivityManager" scontext=u:r:system_server:s0 tcontext=u:r:app_zygote:s0:c512,c768 tclass=process permissive=1
05-07 02:02:10.865 3003 3003 I auditd : type=1400 audit(0.0:6049): avc: granted { read } for comm=4173796E635461736B2023313539 name="arp" dev="proc" ino=4026532247 scontext=u:r:platform_app:s0:c512,c768 tcontext=u:object_r:proc_net:s0 tclass=file app=com.hht.lebocast
05-07 02:02:10.865 3003 3003 I auditd : type=1400 audit(0.0:6050): avc: granted { read open } for comm=4173796E635461736B2023313539 path="/proc/3003/net/arp" dev="proc" ino=4026532247 scontext=u:r:platform_app:s0:c512,c768 tcontext=u:object_r:proc_net:s0 tclass=file app=com.hht.lebocast
05-07 02:02:10.865 3003 3003 I auditd : type=1400 audit(0.0:6051): avc: granted { getattr } for comm=4173796E635461736B2023313539 path="/proc/3003/net/arp" dev="proc" ino=4026532247 scontext=u:r:platform_app:s0:c512,c768 tcontext=u:object_r:proc_net:s0 tclass=file app=com.hht.lebocast
05-07 02:02:10.865 3003 3003 I auditd : type=1400 audit(0.0:6052): avc: granted { getattr } for comm=4173796E635461736B2023313539 path="/proc/3003/net/arp" dev="proc" ino=4026532247 scontext=u:r:platform_app:s0:c512,c768 tcontext=u:object_r:proc_net:s0 tclass=file app=com.hht.lebocast
05-07 02:02:12.297 3003 3003 I auditd : type=1400 audit(0.0:6053): avc: granted { read } for comm=4173796E635461736B2023313630 name="arp" dev="proc" ino=4026532247 scontext=u:r:platform_app:s0:c512,c768 tcontext=u:object_r:proc_net:s0 tclass=file app=com.hht.lebocast
05-07 02:02:12.309 3003 3003 I auditd : type=1400 audit(0.0:6054): avc: granted { read open } for comm=4173796E635461736B2023313630 path="/proc/3003/net/arp" dev="proc" ino=4026532247 scontext=u:r:platform_app:s0:c512,c768 tcontext=u:object_r:proc_net:s0 tclass=file app=com.hht.lebocast
05-07 02:02:12.309 3003 3003 I auditd : type=1400 audit(0.0:6055): avc: granted { getattr } for comm=4173796E635461736B2023313630 path="/proc/3003/net/arp" dev="proc" ino=4026532247 scontext=u:r:platform_app:s0:c512,c768 tcontext=u:object_r:proc_net:s0 tclass=file app=com.hht.lebocast
05-07 02:02:12.309 3003 3003 I auditd : type=1400 audit(0.0:6056): avc: granted { getattr } for comm=4173796E635461736B2023313630 path="/proc/3003/net/arp" dev="proc" ino=4026532247 scontext=u:r:platform_app:s0:c512,c768 tcontext=u:object_r:proc_net:s0 tclass=file app=com.hht.lebocast
05-07 02:02:14.108 1092 1723 I netstats_mobile_sample: [0,0,0,0,0,0,0,0,0,0,0,0,1683513995959]
05-07 02:02:14.108 1092 1723 I netstats_wifi_sample: [308,4,568,5,308,4,568,5,228,2,520,4,1683513995959]
05-07 02:02:18.961 3003 3003 I auditd : type=1400 audit(0.0:6057): avc: granted { read } for comm=4173796E635461736B2023313631 name="arp" dev="proc" ino=4026532247 scontext=u:r:platform_app:s0:c512,c768 tcontext=u:object_r:proc_net:s0 tclass=file app=com.hht.lebocast
05-07 02:02:18.961 3003 3003 I auditd : type=1400 audit(0.0:6058): avc: granted { read open } for comm=4173796E635461736B2023313631 path="/proc/3003/net/arp" dev="proc" ino=4026532247 scontext=u:r:platform_app:s0:c512,c768 tcontext=u:object_r:proc_net:s0 tclass=file app=com.hht.lebocast
05-07 02:02:18.961 3003 3003 I auditd : type=1400 audit(0.0:6059): avc: granted { getattr } for comm=4173796E635461736B2023313631 path="/proc/3003/net/arp" dev="proc" ino=4026532247 scontext=u:r:platform_app:s0:c512,c768 tcontext=u:object_r:proc_net:s0 tclass=file app=com.hht.lebocast
05-07 02:02:18.961 3003 3003 I auditd : type=1400 audit(0.0:6060): avc: granted { getattr } for comm=4173796E635461736B2023313631 path="/proc/3003/net/arp" dev="proc" ino=4026532247 scontext=u:r:platform_app:s0:c512,c768 tcontext=u:object_r:proc_net:s0 tclass=file app=com.hht.lebocast
05-07 02:02:21.021 3003 3003 I auditd : type=1400 audit(0.0:6061): avc: granted { read } for comm=4173796E635461736B2023313632 name="arp" dev="proc" ino=4026532247 scontext=u:r:platform_app:s0:c512,c768 tcontext=u:object_r:proc_net:s0 tclass=file app=com.hht.lebocast
05-07 02:02:21.021 3003 3003 I auditd : type=1400 audit(0.0:6062): avc: granted { read open } for comm=4173796E635461736B2023313632 path="/proc/3003/net/arp" dev="proc" ino=4026532247 scontext=u:r:platform_app:s0:c512,c768 tcontext=u:object_r:proc_net:s0 tclass=file app=com.hht.lebocast
05-07 02:02:21.021 3003 3003 I auditd : type=1400 audit(0.0:6063): avc: granted { getattr } for comm=4173796E635461736B2023313632 path="/proc/3003/net/arp" dev="proc" ino=4026532247 scontext=u:r:platform_app:s0:c512,c768 tcontext=u:object_r:proc_net:s0 tclass=file app=com.hht.lebocast
05-07 02:02:21.029 3003 3003 I auditd : type=1400 audit(0.0:6064): avc: granted { getattr } for comm=4173796E635461736B2023313632 path="/proc/3003/net/arp" dev="proc" ino=4026532247 scontext=u:r:platform_app:s0:c512,c768 tcontext=u:object_r:proc_net:s0 tclass=file app=com.hht.lebocast
05-07 02:02:30.833 3003 3003 I auditd : type=1400 audit(0.0:6065): avc: granted { read } for comm=4173796E635461736B2023313633 name="arp" dev="proc" ino=4026532247 scontext=u:r:platform_app:s0:c512,c768 tcontext=u:object_r:proc_net:s0 tclass=file app=com.hht.lebocast
05-07 02:02:30.833 3003 3003 I auditd : type=1400 audit(0.0:6066): avc: granted { read open } for comm=4173796E635461736B2023313633 path="/proc/3003/net/arp" dev="proc" ino=4026532247 scontext=u:r:platform_app:s0:c512,c768 tcontext=u:object_r:proc_net:s0 tclass=file app=com.hht.lebocast
05-07 02:02:30.833 3003 3003 I auditd : type=1400 audit(0.0:6067): avc: granted { getattr } for comm=4173796E635461736B2023313633 path="/proc/3003/net/arp" dev="proc" ino=4026532247 scontext=u:r:platform_app:s0:c512,c768 tcontext=u:object_r:proc_net:s0 tclass=file app=com.hht.lebocast
05-07 02:02:30.837 3003 3003 I auditd : type=1400 audit(0.0:6068): avc: granted { getattr } for comm=4173796E635461736B2023313633 path="/proc/3003/net/arp" dev="proc" ino=4026532247 scontext=u:r:platform_app:s0:c512,c768 tcontext=u:object_r:proc_net:s0 tclass=file app=com.hht.lebocast
05-07 02:02:32.273 3003 3003 I auditd : type=1400 audit(0.0:6069): avc: granted { read } for comm=4173796E635461736B2023313634 name="arp" dev="proc" ino=4026532247 scontext=u:r:platform_app:s0:c512,c768 tcontext=u:object_r:proc_net:s0 tclass=file app=com.hht.lebocast
05-07 02:02:32.273 3003 3003 I auditd : type=1400 audit(0.0:6070): avc: granted { read open } for comm=4173796E635461736B2023313634 path="/proc/3003/net/arp" dev="proc" ino=4026532247 scontext=u:r:platform_app:s0:c512,c768 tcontext=u:object_r:proc_net:s0 tclass=file app=com.hht.lebocast
05-07 02:02:32.273 3003 3003 I auditd : type=1400 audit(0.0:6071): avc: granted { getattr } for comm=4173796E635461736B2023313634 path="/proc/3003/net/arp" dev="proc" ino=4026532247 scontext=u:r:platform_app:s0:c512,c768 tcontext=u:object_r:proc_net:s0 tclass=file app=com.hht.lebocast
05-07 02:02:32.273 3003 3003 I auditd : type=1400 audit(0.0:6072): avc: granted { getattr } for comm=4173796E635461736B2023313634 path="/proc/3003/net/arp" dev="proc" ino=4026532247 scontext=u:r:platform_app:s0:c512,c768 tcontext=u:object_r:proc_net:s0 tclass=file app=com.hht.lebocast
05-07 02:02:34.354 1092 1893 I sync : [com.tencent.android.qqdownloader.YYBLiveAccountProvider,0,3,24220937]
05-07 02:02:34.387 1092 1214 I am_pss : [5683,10100,com.tencent.android.qqdownloader,205351936,188964864,0,369537024,0,2,26]
05-07 02:02:34.434 1092 1893 I sync : [com.tencent.android.qqdownloader.YYBLiveAccountProvider,1,3,24220937]
05-07 02:02:34.446 1092 1893 I commit_sys_config_file: [sync-status,327730]
05-07 02:02:34.460 1092 1893 I sync : [com.tencent.android.qqdownloader.YYBLiveAccountProvider,0,3,24220937]
05-07 02:02:34.538 1092 1893 I sync : [com.tencent.android.qqdownloader.YYBLiveAccountProvider,1,3,24220937]
05-07 02:02:34.547 1092 1893 I commit_sys_config_file: [sync-status,327831]
05-07 02:02:36.448 1092 1203 I commit_sys_config_file: [jobs,11]
05-07 02:02:36.581 3003 3003 I auditd : type=1400 audit(0.0:6073): avc: granted { read } for comm=4173796E635461736B2023313635 name="arp" dev="proc" ino=4026532247 scontext=u:r:platform_app:s0:c512,c768 tcontext=u:object_r:proc_net:s0 tclass=file app=com.hht.lebocast
05-07 02:02:36.581 3003 3003 I auditd : type=1400 audit(0.0:6074): avc: granted { read open } for comm=4173796E635461736B2023313635 path="/proc/3003/net/arp" dev="proc" ino=4026532247 scontext=u:r:platform_app:s0:c512,c768 tcontext=u:object_r:proc_net:s0 tclass=file app=com.hht.lebocast
05-07 02:02:36.581 3003 3003 I auditd : type=1400 audit(0.0:6075): avc: granted { getattr } for comm=4173796E635461736B2023313635 path="/proc/3003/net/arp" dev="proc" ino=4026532247 scontext=u:r:platform_app:s0:c512,c768 tcontext=u:object_r:proc_net:s0 tclass=file app=com.hht.lebocast
05-07 02:02:36.581 3003 3003 I auditd : type=1400 audit(0.0:6076): avc: granted { getattr } for comm=4173796E635461736B2023313635 path="/proc/3003/net/arp" dev="proc" ino=4026532247 scontext=u:r:platform_app:s0:c512,c768 tcontext=u:object_r:proc_net:s0 tclass=file app=com.hht.lebocast
05-07 02:02:38.296 1092 1092 I notification_enqueue: [10100,5640,com.tencent.android.qqdownloader,127,NULL,0,Notification(channel=channel_id_default_silent shortcut=null contentView=com.tencent.android.qqdownloader/0x7f0a01c2 vibrate=null sound=null defaults=0x0 flags=0x2a2 color=0x00000000 groupKey=com.tencent.android.qqdownloader vis=PRIVATE),1]
05-07 02:02:43.605 0 0 I auditd : type=1400 audit(0.0:6077): avc: denied { kill } for comm="swapper/2" capability=5 scontext=u:r:kernel:s0 tcontext=u:r:kernel:s0 tclass=capability permissive=1
05-07 02:02:50.817 3003 3003 I auditd : type=1400 audit(0.0:6078): avc: granted { read } for comm=4173796E635461736B2023313636 name="arp" dev="proc" ino=4026532247 scontext=u:r:platform_app:s0:c512,c768 tcontext=u:object_r:proc_net:s0 tclass=file app=com.hht.lebocast
05-07 02:02:50.817 3003 3003 I auditd : type=1400 audit(0.0:6079): avc: granted { read open } for comm=4173796E635461736B2023313636 path="/proc/3003/net/arp" dev="proc" ino=4026532247 scontext=u:r:platform_app:s0:c512,c768 tcontext=u:object_r:proc_net:s0 tclass=file app=com.hht.lebocast
05-07 02:02:50.817 3003 3003 I auditd : type=1400 audit(0.0:6080): avc: granted { getattr } for comm=4173796E635461736B2023313636 path="/proc/3003/net/arp" dev="proc" ino=4026532247 scontext=u:r:platform_app:s0:c512,c768 tcontext=u:object_r:proc_net:s0 tclass=file app=com.hht.lebocast
05-07 02:02:50.821 3003 3003 I auditd : type=1400 audit(0.0:6081): avc: granted { getattr } for comm=4173796E635461736B2023313636 path="/proc/3003/net/arp" dev="proc" ino=4026532247 scontext=u:r:platform_app:s0:c512,c768 tcontext=u:object_r:proc_net:s0 tclass=file app=com.hht.lebocast
05-07 02:02:51.005 3003 3003 I auditd : type=1400 audit(0.0:6082): avc: granted { read } for comm=4173796E635461736B2023313637 name="arp" dev="proc" ino=4026532247 scontext=u:r:platform_app:s0:c512,c768 tcontext=u:object_r:proc_net:s0 tclass=file app=com.hht.lebocast
05-07 02:02:51.005 3003 3003 I auditd : type=1400 audit(0.0:6083): avc: granted { read open } for comm=4173796E635461736B2023313637 path="/proc/3003/net/arp" dev="proc" ino=4026532247 scontext=u:r:platform_app:s0:c512,c768 tcontext=u:object_r:proc_net:s0 tclass=file app=com.hht.lebocast
05-07 02:02:51.009 3003 3003 I auditd : type=1400 audit(0.0:6084): avc: granted { getattr } for comm=4173796E635461736B2023313637 path="/proc/3003/net/arp" dev="proc" ino=4026532247 scontext=u:r:platform_app:s0:c512,c768 tcontext=u:object_r:proc_net:s0 tclass=file app=com.hht.lebocast
05-07 02:02:51.009 3003 3003 I auditd : type=1400 audit(0.0:6085): avc: granted { getattr } for comm=4173796E635461736B2023313637 path="/proc/3003/net/arp" dev="proc" ino=4026532247 scontext=u:r:platform_app:s0:c512,c768 tcontext=u:object_r:proc_net:s0 tclass=file app=com.hht.lebocast
05-07 02:02:52.233 3003 3003 I auditd : type=1400 audit(0.0:6086): avc: granted { read } for comm=4173796E635461736B2023313638 name="arp" dev="proc" ino=4026532247 scontext=u:r:platform_app:s0:c512,c768 tcontext=u:object_r:proc_net:s0 tclass=file app=com.hht.lebocast
05-07 02:02:52.237 3003 3003 I auditd : type=1400 audit(0.0:6087): avc: granted { read open } for comm=4173796E635461736B2023313638 path="/proc/3003/net/arp" dev="proc" ino=4026532247 scontext=u:r:platform_app:s0:c512,c768 tcontext=u:object_r:proc_net:s0 tclass=file app=com.hht.lebocast
05-07 02:02:52.237 3003 3003 I auditd : type=1400 audit(0.0:6088): avc: granted { getattr } for comm=4173796E635461736B2023313638 path="/proc/3003/net/arp" dev="proc" ino=4026532247 scontext=u:r:platform_app:s0:c512,c768 tcontext=u:object_r:proc_net:s0 tclass=file app=com.hht.lebocast
05-07 02:02:52.237 3003 3003 I auditd : type=1400 audit(0.0:6089): avc: granted { getattr } for comm=4173796E635461736B2023313638 path="/proc/3003/net/arp" dev="proc" ino=4026532247 scontext=u:r:platform_app:s0:c512,c768 tcontext=u:object_r:proc_net:s0 tclass=file app=com.hht.lebocast
05-07 02:02:58.917 3003 3003 I auditd : type=1400 audit(0.0:6090): avc: granted { read } for comm=4173796E635461736B2023313639 name="arp" dev="proc" ino=4026532247 scontext=u:r:platform_app:s0:c512,c768 tcontext=u:object_r:proc_net:s0 tclass=file app=com.hht.lebocast
05-07 02:02:58.917 3003 3003 I auditd : type=1400 audit(0.0:6091): avc: granted { read open } for comm=4173796E635461736B2023313639 path="/proc/3003/net/arp" dev="proc" ino=4026532247 scontext=u:r:platform_app:s0:c512,c768 tcontext=u:object_r:proc_net:s0 tclass=file app=com.hht.lebocast
05-07 02:02:58.917 3003 3003 I auditd : type=1400 audit(0.0:6092): avc: granted { getattr } for comm=4173796E635461736B2023313639 path="/proc/3003/net/arp" dev="proc" ino=4026532247 scontext=u:r:platform_app:s0:c512,c768 tcontext=u:object_r:proc_net:s0 tclass=file app=com.hht.lebocast
05-07 02:02:58.917 3003 3003 I auditd : type=1400 audit(0.0:6093): avc: granted { getattr } for comm=4173796E635461736B2023313639 path="/proc/3003/net/arp" dev="proc" ino=4026532247 scontext=u:r:platform_app:s0:c512,c768 tcontext=u:object_r:proc_net:s0 tclass=file app=com.hht.lebocast
05-07 02:03:01.707 1092 1723 I netstats_mobile_sample: [0,0,0,0,0,0,0,0,0,0,0,0,1683514043559]
05-07 02:03:01.707 1092 1723 I netstats_wifi_sample: [308,4,568,5,308,4,568,5,228,2,520,4,1683514043559]
05-07 02:03:09.353 1092 1893 I sync : [com.tencent.android.qqdownloader.YYBLiveAccountProvider,0,3,24220937]
05-07 02:03:09.368 1092 1214 I am_pss : [7438,10047,com.thundercomm.screensaver,73278464,68935680,8192,184115200,0,2,13]
05-07 02:03:09.453 1092 1893 I sync : [com.tencent.android.qqdownloader.YYBLiveAccountProvider,1,3,24220937]
05-07 02:03:09.461 1092 1893 I commit_sys_config_file: [sync-status,362745]
05-07 02:03:09.478 1092 1893 I sync : [com.tencent.android.qqdownloader.YYBLiveAccountProvider,0,3,24220937]
05-07 02:03:09.556 1092 1893 I sync : [com.tencent.android.qqdownloader.YYBLiveAccountProvider,1,3,24220937]
05-07 02:03:09.563 1092 1893 I commit_sys_config_file: [sync-status,362847]
05-07 02:03:10.769 3003 3003 I auditd : type=1400 audit(0.0:6094): avc: granted { read } for comm=4173796E635461736B2023313730 name="arp" dev="proc" ino=4026532247 scontext=u:r:platform_app:s0:c512,c768 tcontext=u:object_r:proc_net:s0 tclass=file app=com.hht.lebocast
05-07 02:03:10.773 3003 3003 I auditd : type=1400 audit(0.0:6095): avc: granted { read open } for comm=4173796E635461736B2023313730 path="/proc/3003/net/arp" dev="proc" ino=4026532247 scontext=u:r:platform_app:s0:c512,c768 tcontext=u:object_r:proc_net:s0 tclass=file app=com.hht.lebocast
05-07 02:03:10.773 3003 3003 I auditd : type=1400 audit(0.0:6096): avc: granted { getattr } for comm=4173796E635461736B2023313730 path="/proc/3003/net/arp" dev="proc" ino=4026532247 scontext=u:r:platform_app:s0:c512,c768 tcontext=u:object_r:proc_net:s0 tclass=file app=com.hht.lebocast
05-07 02:03:10.773 3003 3003 I auditd : type=1400 audit(0.0:6097): avc: granted { getattr } for comm=4173796E635461736B2023313730 path="/proc/3003/net/arp" dev="proc" ino=4026532247 scontext=u:r:platform_app:s0:c512,c768 tcontext=u:object_r:proc_net:s0 tclass=file app=com.hht.lebocast
05-07 02:03:11.465 1092 1203 I commit_sys_config_file: [jobs,11]
05-07 02:03:12.305 3003 3003 I auditd : type=1400 audit(0.0:6098): avc: granted { read } for comm=4173796E635461736B2023313731 name="arp" dev="proc" ino=4026532247 scontext=u:r:platform_app:s0:c512,c768 tcontext=u:object_r:proc_net:s0 tclass=file app=com.hht.lebocast
05-07 02:03:12.313 3003 3003 I auditd : type=1400 audit(0.0:6099): avc: granted { read open } for comm=4173796E635461736B2023313731 path="/proc/3003/net/arp" dev="proc" ino=4026532247 scontext=u:r:platform_app:s0:c512,c768 tcontext=u:object_r:proc_net:s0 tclass=file app=com.hht.lebocast
05-07 02:03:12.313 3003 3003 I auditd : type=1400 audit(0.0:6100): avc: granted { getattr } for comm=4173796E635461736B2023313731 path="/proc/3003/net/arp" dev="proc" ino=4026532247 scontext=u:r:platform_app:s0:c512,c768 tcontext=u:object_r:proc_net:s0 tclass=file app=com.hht.lebocast
05-07 02:03:12.313 3003 3003 I auditd : type=1400 audit(0.0:6101): avc: granted { getattr } for comm=4173796E635461736B2023313731 path="/proc/3003/net/arp" dev="proc" ino=4026532247 scontext=u:r:platform_app:s0:c512,c768 tcontext=u:object_r:proc_net:s0 tclass=file app=com.hht.lebocast
05-07 02:03:15.993 3003 3003 I auditd : type=1400 audit(0.0:6102): avc: granted { read } for comm=4173796E635461736B2023313732 name="arp" dev="proc" ino=4026532247 scontext=u:r:platform_app:s0:c512,c768 tcontext=u:object_r:proc_net:s0 tclass=file app=com.hht.lebocast
05-07 02:03:16.009 3003 3003 I auditd : type=1400 audit(0.0:6103): avc: granted { read open } for comm=4173796E635461736B2023313732 path="/proc/3003/net/arp" dev="proc" ino=4026532247 scontext=u:r:platform_app:s0:c512,c768 tcontext=u:object_r:proc_net:s0 tclass=file app=com.hht.lebocast
05-07 02:03:16.009 3003 3003 I auditd : type=1400 audit(0.0:6104): avc: granted { getattr } for comm=4173796E635461736B2023313732 path="/proc/3003/net/arp" dev="proc" ino=4026532247 scontext=u:r:platform_app:s0:c512,c768 tcontext=u:object_r:proc_net:s0 tclass=file app=com.hht.lebocast
05-07 02:03:16.009 3003 3003 I auditd : type=1400 audit(0.0:6105): avc: granted { getattr } for comm=4173796E635461736B2023313732 path="/proc/3003/net/arp" dev="proc" ino=4026532247 scontext=u:r:platform_app:s0:c512,c768 tcontext=u:object_r:proc_net:s0 tclass=file app=com.hht.lebocast
05-07 02:03:25.229 3003 3003 I auditd : type=1400 audit(0.0:6106): avc: granted { read } for comm=4173796E635461736B2023313733 name="arp" dev="proc" ino=4026532247 scontext=u:r:platform_app:s0:c512,c768 tcontext=u:object_r:proc_net:s0 tclass=file app=com.hht.lebocast
05-07 02:03:25.229 3003 3003 I auditd : type=1400 audit(0.0:6107): avc: granted { read open } for comm=4173796E635461736B2023313733 path="/proc/3003/net/arp" dev="proc" ino=4026532247 scontext=u:r:platform_app:s0:c512,c768 tcontext=u:object_r:proc_net:s0 tclass=file app=com.hht.lebocast
05-07 02:03:25.229 3003 3003 I auditd : type=1400 audit(0.0:6108): avc: granted { getattr } for comm=4173796E635461736B2023313733 path="/proc/3003/net/arp" dev="proc" ino=4026532247 scontext=u:r:platform_app:s0:c512,c768 tcontext=u:object_r:proc_net:s0 tclass=file app=com.hht.lebocast
05-07 02:03:25.229 3003 3003 I auditd : type=1400 audit(0.0:6109): avc: granted { getattr } for comm=4173796E635461736B2023313733 path="/proc/3003/net/arp" dev="proc" ino=4026532247 scontext=u:r:platform_app:s0:c512,c768 tcontext=u:object_r:proc_net:s0 tclass=file app=com.hht.lebocast
05-07 02:03:25.599 1092 1674 I am_freeze: [2582,com.qualcomm.timeservice]
05-07 02:03:25.616 1092 1674 I am_kill : [0,2582,com.qualcomm.timeservice,995,Unable to freeze binder interface]
05-07 02:03:25.773 1092 6539 I am_proc_died: [0,2582,com.qualcomm.timeservice,995,19]
05-07 02:03:25.774 1092 6539 I am_uid_stopped: 10060
05-07 02:03:29.097 3003 3003 I auditd : type=1400 audit(0.0:6110): avc: granted { read } for comm=4173796E635461736B2023313734 name="arp" dev="proc" ino=4026532247 scontext=u:r:platform_app:s0:c512,c768 tcontext=u:object_r:proc_net:s0 tclass=file app=com.hht.lebocast
05-07 02:03:29.101 3003 3003 I auditd : type=1400 audit(0.0:6111): avc: granted { read open } for comm=4173796E635461736B2023313734 path="/proc/3003/net/arp" dev="proc" ino=4026532247 scontext=u:r:platform_app:s0:c512,c768 tcontext=u:object_r:proc_net:s0 tclass=file app=com.hht.lebocast
05-07 02:03:29.101 3003 3003 I auditd : type=1400 audit(0.0:6112): avc: granted { getattr } for comm=4173796E635461736B2023313734 path="/proc/3003/net/arp" dev="proc" ino=4026532247 scontext=u:r:platform_app:s0:c512,c768 tcontext=u:object_r:proc_net:s0 tclass=file app=com.hht.lebocast
05-07 02:03:29.101 3003 3003 I auditd : type=1400 audit(0.0:6113): avc: granted { getattr } for comm=4173796E635461736B2023313734 path="/proc/3003/net/arp" dev="proc" ino=4026532247 scontext=u:r:platform_app:s0:c512,c768 tcontext=u:object_r:proc_net:s0 tclass=file app=com.hht.lebocast
05-07 02:03:29.185 3003 3003 I auditd : type=1400 audit(0.0:6114): avc: granted { read } for comm=4173796E635461736B2023313735 name="arp" dev="proc" ino=4026532247 scontext=u:r:platform_app:s0:c512,c768 tcontext=u:object_r:proc_net:s0 tclass=file app=com.hht.lebocast
05-07 02:03:29.185 3003 3003 I auditd : type=1400 audit(0.0:6115): avc: granted { read open } for comm=4173796E635461736B2023313735 path="/proc/3003/net/arp" dev="proc" ino=4026532247 scontext=u:r:platform_app:s0:c512,c768 tcontext=u:object_r:proc_net:s0 tclass=file app=com.hht.lebocast
05-07 02:03:30.125 3003 3003 I auditd : type=1400 audit(0.0:6118): avc: granted { read } for comm=4173796E635461736B2023313736 name="arp" dev="proc" ino=4026532247 scontext=u:r:platform_app:s0:c512,c768 tcontext=u:object_r:proc_net:s0 tclass=file app=com.hht.lebocast
05-07 02:03:30.125 3003 3003 I auditd : type=1400 audit(0.0:6119): avc: granted { read open } for comm=4173796E635461736B2023313736 path="/proc/3003/net/arp" dev="proc" ino=4026532247 scontext=u:r:platform_app:s0:c512,c768 tcontext=u:object_r:proc_net:s0 tclass=file app=com.hht.lebocast
05-07 02:03:30.125 3003 3003 I auditd : type=1400 audit(0.0:6120): avc: granted { getattr } for comm=4173796E635461736B2023313736 path="/proc/3003/net/arp" dev="proc" ino=4026532247 scontext=u:r:platform_app:s0:c512,c768 tcontext=u:object_r:proc_net:s0 tclass=file app=com.hht.lebocast
05-07 02:03:30.125 3003 3003 I auditd : type=1400 audit(0.0:6121): avc: granted { getattr } for comm=4173796E635461736B2023313736 path="/proc/3003/net/arp" dev="proc" ino=4026532247 scontext=u:r:platform_app:s0:c512,c768 tcontext=u:object_r:proc_net:s0 tclass=file app=com.hht.lebocast
