01-01 08:00:38.935 594 594 I auditd : type=1400 audit(0.0:176): avc: denied { getattr } for comm="spdaemon" path="/dev/__properties__/u:object_r:dck_prop:s0" dev="tmpfs" ino=28258 scontext=u:r:vendor_spdaemon:s0 tcontext=u:object_r:dck_prop:s0 tclass=file permissive=1
01-01 08:00:38.935 594 594 I auditd : type=1400 audit(0.0:177): avc: denied { map } for comm="spdaemon" path="/dev/__properties__/u:object_r:dck_prop:s0" dev="tmpfs" ino=28258 scontext=u:r:vendor_spdaemon:s0 tcontext=u:object_r:dck_prop:s0 tclass=file permissive=1
01-01 08:00:38.935 594 594 I auditd : type=1400 audit(0.0:178): avc: denied { open } for comm="spdaemon" path="/dev/__properties__/u:object_r:debugfs_restriction_prop:s0" dev="tmpfs" ino=28260 scontext=u:r:vendor_spdaemon:s0 tcontext=u:object_r:debugfs_restriction_prop:s0 tclass=file permissive=1
01-01 08:00:38.935 594 594 I auditd : type=1400 audit(0.0:179): avc: denied { getattr } for comm="spdaemon" path="/dev/__properties__/u:object_r:debugfs_restriction_prop:s0" dev="tmpfs" ino=28260 scontext=u:r:vendor_spdaemon:s0 tcontext=u:object_r:debugfs_restriction_prop:s0 tclass=file permissive=1
01-01 08:00:38.935 594 594 I auditd : type=1400 audit(0.0:180): avc: denied { map } for comm="spdaemon" path="/dev/__properties__/u:object_r:debugfs_restriction_prop:s0" dev="tmpfs" ino=28260 scontext=u:r:vendor_spdaemon:s0 tcontext=u:object_r:debugfs_restriction_prop:s0 tclass=file permissive=1
01-01 08:00:38.935 594 594 I auditd : type=1400 audit(0.0:181): avc: denied { open } for comm="spdaemon" path="/dev/__properties__/u:object_r:debuggerd_prop:s0" dev="tmpfs" ino=28261 scontext=u:r:vendor_spdaemon:s0 tcontext=u:object_r:debuggerd_prop:s0 tclass=file permissive=1
01-01 08:00:38.935 594 594 I auditd : type=1400 audit(0.0:182): avc: denied { getattr } for comm="spdaemon" path="/dev/__properties__/u:object_r:debuggerd_prop:s0" dev="tmpfs" ino=28261 scontext=u:r:vendor_spdaemon:s0 tcontext=u:object_r:debuggerd_prop:s0 tclass=file permissive=1
01-01 08:00:38.935 594 594 I auditd : type=1400 audit(0.0:183): avc: denied { map } for comm="spdaemon" path="/dev/__properties__/u:object_r:debuggerd_prop:s0" dev="tmpfs" ino=28261 scontext=u:r:vendor_spdaemon:s0 tcontext=u:object_r:debuggerd_prop:s0 tclass=file permissive=1
01-01 08:00:38.939 594 594 I auditd : type=1400 audit(0.0:184): avc: denied { open } for comm="spdaemon" path="/dev/__properties__/u:object_r:default_prop:s0" dev="tmpfs" ino=28262 scontext=u:r:vendor_spdaemon:s0 tcontext=u:object_r:default_prop:s0 tclass=file permissive=1
01-01 08:00:38.939 594 594 I auditd : type=1400 audit(0.0:185): avc: denied { getattr } for comm="spdaemon" path="/dev/__properties__/u:object_r:default_prop:s0" dev="tmpfs" ino=28262 scontext=u:r:vendor_spdaemon:s0 tcontext=u:object_r:default_prop:s0 tclass=file permissive=1
01-01 08:00:38.939 594 594 I auditd : type=1400 audit(0.0:186): avc: denied { map } for comm="spdaemon" path="/dev/__properties__/u:object_r:default_prop:s0" dev="tmpfs" ino=28262 scontext=u:r:vendor_spdaemon:s0 tcontext=u:object_r:default_prop:s0 tclass=file permissive=1
01-01 08:00:38.939 594 594 I auditd : type=1400 audit(0.0:187): avc: denied { open } for comm="spdaemon" path="/dev/__properties__/u:object_r:device_config_activity_manager_native_boot_prop:s0" dev="tmpfs" ino=28263 scontext=u:r:vendor_spdaemon:s0 tcontext=u:object_r:device_config_activity_manager_native_boot_prop:s0 tclass=file permissive=1
01-01 08:00:38.939 594 594 I auditd : type=1400 audit(0.0:188): avc: denied { getattr } for comm="spdaemon" path="/dev/__properties__/u:object_r:device_config_activity_manager_native_boot_prop:s0" dev="tmpfs" ino=28263 scontext=u:r:vendor_spdaemon:s0 tcontext=u:object_r:device_config_activity_manager_native_boot_prop:s0 tclass=file permissive=1
01-01 08:00:38.939 594 594 I auditd : type=1400 audit(0.0:189): avc: denied { map } for comm="spdaemon" path="/dev/__properties__/u:object_r:device_config_activity_manager_native_boot_prop:s0" dev="tmpfs" ino=28263 scontext=u:r:vendor_spdaemon:s0 tcontext=u:object_r:device_config_activity_manager_native_boot_prop:s0 tclass=file permissive=1
01-01 08:00:38.939 594 594 I auditd : type=1400 audit(0.0:190): avc: denied { open } for comm="spdaemon" path="/dev/__properties__/u:object_r:device_config_boot_count_prop:s0" dev="tmpfs" ino=28264 scontext=u:r:vendor_spdaemon:s0 tcontext=u:object_r:device_config_boot_count_prop:s0 tclass=file permissive=1
01-01 08:00:38.939 594 594 I auditd : type=1400 audit(0.0:191): avc: denied { getattr } for comm="spdaemon" path="/dev/__properties__/u:object_r:device_config_boot_count_prop:s0" dev="tmpfs" ino=28264 scontext=u:r:vendor_spdaemon:s0 tcontext=u:object_r:device_config_boot_count_prop:s0 tclass=file permissive=1
01-01 08:00:38.939 594 594 I auditd : type=1400 audit(0.0:192): avc: denied { map } for comm="spdaemon" path="/dev/__properties__/u:object_r:device_config_boot_count_prop:s0" dev="tmpfs" ino=28264 scontext=u:r:vendor_spdaemon:s0 tcontext=u:object_r:device_config_boot_count_prop:s0 tclass=file permissive=1
01-01 08:00:38.939 594 594 I auditd : type=1400 audit(0.0:193): avc: denied { open } for comm="spdaemon" path="/dev/__properties__/u:object_r:device_config_configuration_prop:s0" dev="tmpfs" ino=28265 scontext=u:r:vendor_spdaemon:s0 tcontext=u:object_r:device_config_configuration_prop:s0 tclass=file permissive=1
01-01 08:00:38.939 594 594 I auditd : type=1400 audit(0.0:194): avc: denied { getattr } for comm="spdaemon" path="/dev/__properties__/u:object_r:device_config_configuration_prop:s0" dev="tmpfs" ino=28265 scontext=u:r:vendor_spdaemon:s0 tcontext=u:object_r:device_config_configuration_prop:s0 tclass=file permissive=1
01-01 08:00:38.939 594 594 I auditd : type=1400 audit(0.0:195): avc: denied { map } for comm="spdaemon" path="/dev/__properties__/u:object_r:device_config_configuration_prop:s0" dev="tmpfs" ino=28265 scontext=u:r:vendor_spdaemon:s0 tcontext=u:object_r:device_config_configuration_prop:s0 tclass=file permissive=1
01-01 08:00:38.939 594 594 I auditd : type=1400 audit(0.0:196): avc: denied { open } for comm="spdaemon" path="/dev/__properties__/u:object_r:device_config_connectivity_prop:s0" dev="tmpfs" ino=28266 scontext=u:r:vendor_spdaemon:s0 tcontext=u:object_r:device_config_connectivity_prop:s0 tclass=file permissive=1
01-01 08:00:38.939 594 594 I auditd : type=1400 audit(0.0:197): avc: denied { getattr } for comm="spdaemon" path="/dev/__properties__/u:object_r:device_config_connectivity_prop:s0" dev="tmpfs" ino=28266 scontext=u:r:vendor_spdaemon:s0 tcontext=u:object_r:device_config_connectivity_prop:s0 tclass=file permissive=1
01-01 08:00:38.939 594 594 I auditd : type=1400 audit(0.0:198): avc: denied { map } for comm="spdaemon" path="/dev/__properties__/u:object_r:device_config_connectivity_prop:s0" dev="tmpfs" ino=28266 scontext=u:r:vendor_spdaemon:s0 tcontext=u:object_r:device_config_connectivity_prop:s0 tclass=file permissive=1
01-01 08:00:38.939 594 594 I auditd : type=1400 audit(0.0:199): avc: denied { open } for comm="spdaemon" path="/dev/__properties__/u:object_r:device_config_input_native_boot_prop:s0" dev="tmpfs" ino=28267 scontext=u:r:vendor_spdaemon:s0 tcontext=u:object_r:device_config_input_native_boot_prop:s0 tclass=file permissive=1
01-01 08:00:38.939 594 594 I auditd : type=1400 audit(0.0:200): avc: denied { getattr } for comm="spdaemon" path="/dev/__properties__/u:object_r:device_config_input_native_boot_prop:s0" dev="tmpfs" ino=28267 scontext=u:r:vendor_spdaemon:s0 tcontext=u:object_r:device_config_input_native_boot_prop:s0 tclass=file permissive=1
01-01 08:00:38.939 594 594 I auditd : type=1400 audit(0.0:201): avc: denied { map } for comm="spdaemon" path="/dev/__properties__/u:object_r:device_config_input_native_boot_prop:s0" dev="tmpfs" ino=28267 scontext=u:r:vendor_spdaemon:s0 tcontext=u:object_r:device_config_input_native_boot_prop:s0 tclass=file permissive=1
01-01 08:00:38.939 594 594 I auditd : type=1400 audit(0.0:202): avc: denied { open } for comm="spdaemon" path="/dev/__properties__/u:object_r:device_config_lmkd_native_prop:s0" dev="tmpfs" ino=28268 scontext=u:r:vendor_spdaemon:s0 tcontext=u:object_r:device_config_lmkd_native_prop:s0 tclass=file permissive=1
01-01 08:00:38.939 594 594 I auditd : type=1400 audit(0.0:203): avc: denied { getattr } for comm="spdaemon" path="/dev/__properties__/u:object_r:device_config_lmkd_native_prop:s0" dev="tmpfs" ino=28268 scontext=u:r:vendor_spdaemon:s0 tcontext=u:object_r:device_config_lmkd_native_prop:s0 tclass=file permissive=1
01-01 08:00:38.939 594 594 I auditd : type=1400 audit(0.0:204): avc: denied { map } for comm="spdaemon" path="/dev/__properties__/u:object_r:device_config_lmkd_native_prop:s0" dev="tmpfs" ino=28268 scontext=u:r:vendor_spdaemon:s0 tcontext=u:object_r:device_config_lmkd_native_prop:s0 tclass=file permissive=1
01-01 08:00:38.939 594 594 I auditd : type=1400 audit(0.0:205): avc: denied { open } for comm="spdaemon" path="/dev/__properties__/u:object_r:device_config_media_native_prop:s0" dev="tmpfs" ino=28269 scontext=u:r:vendor_spdaemon:s0 tcontext=u:object_r:device_config_media_native_prop:s0 tclass=file permissive=1
01-01 08:00:38.939 594 594 I auditd : type=1400 audit(0.0:206): avc: denied { getattr } for comm="spdaemon" path="/dev/__properties__/u:object_r:device_config_media_native_prop:s0" dev="tmpfs" ino=28269 scontext=u:r:vendor_spdaemon:s0 tcontext=u:object_r:device_config_media_native_prop:s0 tclass=file permissive=1
01-01 08:00:38.939 594 594 I auditd : type=1400 audit(0.0:207): avc: denied { map } for comm="spdaemon" path="/dev/__properties__/u:object_r:device_config_media_native_prop:s0" dev="tmpfs" ino=28269 scontext=u:r:vendor_spdaemon:s0 tcontext=u:object_r:device_config_media_native_prop:s0 tclass=file permissive=1
01-01 08:00:38.939 594 594 I auditd : type=1400 audit(0.0:208): avc: denied { open } for comm="spdaemon" path="/dev/__properties__/u:object_r:device_config_netd_native_prop:s0" dev="tmpfs" ino=28270 scontext=u:r:vendor_spdaemon:s0 tcontext=u:object_r:device_config_netd_native_prop:s0 tclass=file permissive=1
01-01 08:00:38.939 594 594 I auditd : type=1400 audit(0.0:209): avc: denied { getattr } for comm="spdaemon" path="/dev/__properties__/u:object_r:device_config_netd_native_prop:s0" dev="tmpfs" ino=28270 scontext=u:r:vendor_spdaemon:s0 tcontext=u:object_r:device_config_netd_native_prop:s0 tclass=file permissive=1
01-01 08:00:38.939 594 594 I auditd : type=1400 audit(0.0:210): avc: denied { map } for comm="spdaemon" path="/dev/__properties__/u:object_r:device_config_netd_native_prop:s0" dev="tmpfs" ino=28270 scontext=u:r:vendor_spdaemon:s0 tcontext=u:object_r:device_config_netd_native_prop:s0 tclass=file permissive=1
01-01 08:00:38.939 594 594 I auditd : type=1400 audit(0.0:211): avc: denied { open } for comm="spdaemon" path="/dev/__properties__/u:object_r:device_config_profcollect_native_boot_prop:s0" dev="tmpfs" ino=28271 scontext=u:r:vendor_spdaemon:s0 tcontext=u:object_r:device_config_profcollect_native_boot_prop:s0 tclass=file permissive=1
01-01 08:00:38.939 594 594 I auditd : type=1400 audit(0.0:212): avc: denied { getattr } for comm="spdaemon" path="/dev/__properties__/u:object_r:device_config_profcollect_native_boot_prop:s0" dev="tmpfs" ino=28271 scontext=u:r:vendor_spdaemon:s0 tcontext=u:object_r:device_config_profcollect_native_boot_prop:s0 tclass=file permissive=1
01-01 08:00:38.939 594 594 I auditd : type=1400 audit(0.0:213): avc: denied { map } for comm="spdaemon" path="/dev/__properties__/u:object_r:device_config_profcollect_native_boot_prop:s0" dev="tmpfs" ino=28271 scontext=u:r:vendor_spdaemon:s0 tcontext=u:object_r:device_config_profcollect_native_boot_prop:s0 tclass=file permissive=1
01-01 08:00:38.939 594 594 I auditd : type=1400 audit(0.0:214): avc: denied { open } for comm="spdaemon" path="/dev/__properties__/u:object_r:device_config_reset_performed_prop:s0" dev="tmpfs" ino=28272 scontext=u:r:vendor_spdaemon:s0 tcontext=u:object_r:device_config_reset_performed_prop:s0 tclass=file permissive=1
01-01 08:00:38.939 594 594 I auditd : type=1400 audit(0.0:215): avc: denied { getattr } for comm="spdaemon" path="/dev/__properties__/u:object_r:device_config_reset_performed_prop:s0" dev="tmpfs" ino=28272 scontext=u:r:vendor_spdaemon:s0 tcontext=u:object_r:device_config_reset_performed_prop:s0 tclass=file permissive=1
01-01 08:00:38.939 594 594 I auditd : type=1400 audit(0.0:216): avc: denied { map } for comm="spdaemon" path="/dev/__properties__/u:object_r:device_config_reset_performed_prop:s0" dev="tmpfs" ino=28272 scontext=u:r:vendor_spdaemon:s0 tcontext=u:object_r:device_config_reset_performed_prop:s0 tclass=file permissive=1
01-01 08:00:38.939 594 594 I auditd : type=1400 audit(0.0:217): avc: denied { open } for comm="spdaemon" path="/dev/__properties__/u:object_r:device_config_runtime_native_boot_prop:s0" dev="tmpfs" ino=28273 scontext=u:r:vendor_spdaemon:s0 tcontext=u:object_r:device_config_runtime_native_boot_prop:s0 tclass=file permissive=1
01-01 08:00:38.939 594 594 I auditd : type=1400 audit(0.0:218): avc: denied { getattr } for comm="spdaemon" path="/dev/__properties__/u:object_r:device_config_runtime_native_boot_prop:s0" dev="tmpfs" ino=28273 scontext=u:r:vendor_spdaemon:s0 tcontext=u:object_r:device_config_runtime_native_boot_prop:s0 tclass=file permissive=1
01-01 08:00:38.939 594 594 I auditd : type=1400 audit(0.0:219): avc: denied { map } for comm="spdaemon" path="/dev/__properties__/u:object_r:device_config_runtime_native_boot_prop:s0" dev="tmpfs" ino=28273 scontext=u:r:vendor_spdaemon:s0 tcontext=u:object_r:device_config_runtime_native_boot_prop:s0 tclass=file permissive=1
01-01 08:00:38.939 594 594 I auditd : type=1400 audit(0.0:220): avc: denied { open } for comm="spdaemon" path="/dev/__properties__/u:object_r:device_config_runtime_native_prop:s0" dev="tmpfs" ino=28274 scontext=u:r:vendor_spdaemon:s0 tcontext=u:object_r:device_config_runtime_native_prop:s0 tclass=file permissive=1
01-01 08:00:38.939 594 594 I auditd : type=1400 audit(0.0:221): avc: denied { getattr } for comm="spdaemon" path="/dev/__properties__/u:object_r:device_config_runtime_native_prop:s0" dev="tmpfs" ino=28274 scontext=u:r:vendor_spdaemon:s0 tcontext=u:object_r:device_config_runtime_native_prop:s0 tclass=file permissive=1
01-01 08:00:38.939 594 594 I auditd : type=1400 audit(0.0:222): avc: denied { map } for comm="spdaemon" path="/dev/__properties__/u:object_r:device_config_runtime_native_prop:s0" dev="tmpfs" ino=28274 scontext=u:r:vendor_spdaemon:s0 tcontext=u:object_r:device_config_runtime_native_prop:s0 tclass=file permissive=1
01-01 08:00:38.939 594 594 I auditd : type=1400 audit(0.0:223): avc: denied { open } for comm="spdaemon" path="/dev/__properties__/u:object_r:device_config_statsd_native_boot_prop:s0" dev="tmpfs" ino=28275 scontext=u:r:vendor_spdaemon:s0 tcontext=u:object_r:device_config_statsd_native_boot_prop:s0 tclass=file permissive=1
01-01 08:00:38.939 594 594 I auditd : type=1400 audit(0.0:224): avc: denied { getattr } for comm="spdaemon" path="/dev/__properties__/u:object_r:device_config_statsd_native_boot_prop:s0" dev="tmpfs" ino=28275 scontext=u:r:vendor_spdaemon:s0 tcontext=u:object_r:device_config_statsd_native_boot_prop:s0 tclass=file permissive=1
01-01 08:00:38.939 594 594 I auditd : type=1400 audit(0.0:225): avc: denied { map } for comm="spdaemon" path="/dev/__properties__/u:object_r:device_config_statsd_native_boot_prop:s0" dev="tmpfs" ino=28275 scontext=u:r:vendor_spdaemon:s0 tcontext=u:object_r:device_config_statsd_native_boot_prop:s0 tclass=file permissive=1
01-01 08:00:38.939 594 594 I auditd : type=1400 audit(0.0:226): avc: denied { open } for comm="spdaemon" path="/dev/__properties__/u:object_r:device_config_statsd_native_prop:s0" dev="tmpfs" ino=28276 scontext=u:r:vendor_spdaemon:s0 tcontext=u:object_r:device_config_statsd_native_prop:s0 tclass=file permissive=1
01-01 08:00:38.939 594 594 I auditd : type=1400 audit(0.0:227): avc: denied { getattr } for comm="spdaemon" path="/dev/__properties__/u:object_r:device_config_statsd_native_prop:s0" dev="tmpfs" ino=28276 scontext=u:r:vendor_spdaemon:s0 tcontext=u:object_r:device_config_statsd_native_prop:s0 tclass=file permissive=1
01-01 08:00:38.939 594 594 I auditd : type=1400 audit(0.0:228): avc: denied { map } for comm="spdaemon" path="/dev/__properties__/u:object_r:device_config_statsd_native_prop:s0" dev="tmpfs" ino=28276 scontext=u:r:vendor_spdaemon:s0 tcontext=u:object_r:device_config_statsd_native_prop:s0 tclass=file permissive=1
01-01 08:00:38.939 594 594 I auditd : type=1400 audit(0.0:229): avc: denied { open } for comm="spdaemon" path="/dev/__properties__/u:object_r:device_config_storage_native_boot_prop:s0" dev="tmpfs" ino=28277 scontext=u:r:vendor_spdaemon:s0 tcontext=u:object_r:device_config_storage_native_boot_prop:s0 tclass=file permissive=1
01-01 08:00:38.939 594 594 I auditd : type=1400 audit(0.0:230): avc: denied { getattr } for comm="spdaemon" path="/dev/__properties__/u:object_r:device_config_storage_native_boot_prop:s0" dev="tmpfs" ino=28277 scontext=u:r:vendor_spdaemon:s0 tcontext=u:object_r:device_config_storage_native_boot_prop:s0 tclass=file permissive=1
01-01 08:00:38.939 594 594 I auditd : type=1400 audit(0.0:231): avc: denied { map } for comm="spdaemon" path="/dev/__properties__/u:object_r:device_config_storage_native_boot_prop:s0" dev="tmpfs" ino=28277 scontext=u:r:vendor_spdaemon:s0 tcontext=u:object_r:device_config_storage_native_boot_prop:s0 tclass=file permissive=1
01-01 08:00:38.939 594 594 I auditd : type=1400 audit(0.0:232): avc: denied { open } for comm="spdaemon" path="/dev/__properties__/u:object_r:device_config_swcodec_native_prop:s0" dev="tmpfs" ino=28278 scontext=u:r:vendor_spdaemon:s0 tcontext=u:object_r:device_config_swcodec_native_prop:s0 tclass=file permissive=1
01-01 08:00:38.939 594 594 I auditd : type=1400 audit(0.0:233): avc: denied { getattr } for comm="spdaemon" path="/dev/__properties__/u:object_r:device_config_swcodec_native_prop:s0" dev="tmpfs" ino=28278 scontext=u:r:vendor_spdaemon:s0 tcontext=u:object_r:device_config_swcodec_native_prop:s0 tclass=file permissive=1
01-01 08:00:38.939 594 594 I auditd : type=1400 audit(0.0:234): avc: denied { map } for comm="spdaemon" path="/dev/__properties__/u:object_r:device_config_swcodec_native_prop:s0" dev="tmpfs" ino=28278 scontext=u:r:vendor_spdaemon:s0 tcontext=u:object_r:device_config_swcodec_native_prop:s0 tclass=file permissive=1
01-01 08:00:38.939 594 594 I auditd : type=1400 audit(0.0:235): avc: denied { open } for comm="spdaemon" path="/dev/__properties__/u:object_r:device_config_sys_traced_prop:s0" dev="tmpfs" ino=28279 scontext=u:r:vendor_spdaemon:s0 tcontext=u:object_r:device_config_sys_traced_prop:s0 tclass=file permissive=1
01-01 08:00:38.943 594 594 I auditd : type=1400 audit(0.0:236): avc: denied { getattr } for comm="spdaemon" path="/dev/__properties__/u:object_r:device_config_sys_traced_prop:s0" dev="tmpfs" ino=28279 scontext=u:r:vendor_spdaemon:s0 tcontext=u:object_r:device_config_sys_traced_prop:s0 tclass=file permissive=1
01-01 08:00:38.943 594 594 I auditd : type=1400 audit(0.0:237): avc: denied { map } for comm="spdaemon" path="/dev/__properties__/u:object_r:device_config_sys_traced_prop:s0" dev="tmpfs" ino=28279 scontext=u:r:vendor_spdaemon:s0 tcontext=u:object_r:device_config_sys_traced_prop:s0 tclass=file permissive=1
01-01 08:00:38.943 594 594 I auditd : type=1400 audit(0.0:238): avc: denied { open } for comm="spdaemon" path="/dev/__properties__/u:object_r:device_config_window_manager_native_boot_prop:s0" dev="tmpfs" ino=28280 scontext=u:r:vendor_spdaemon:s0 tcontext=u:object_r:device_config_window_manager_native_boot_prop:s0 tclass=file permissive=1
01-01 08:00:38.943 594 594 I auditd : type=1400 audit(0.0:239): avc: denied { getattr } for comm="spdaemon" path="/dev/__properties__/u:object_r:device_config_window_manager_native_boot_prop:s0" dev="tmpfs" ino=28280 scontext=u:r:vendor_spdaemon:s0 tcontext=u:object_r:device_config_window_manager_native_boot_prop:s0 tclass=file permissive=1
01-01 08:00:38.943 594 594 I auditd : type=1400 audit(0.0:240): avc: denied { map } for comm="spdaemon" path="/dev/__properties__/u:object_r:device_config_window_manager_native_boot_prop:s0" dev="tmpfs" ino=28280 scontext=u:r:vendor_spdaemon:s0 tcontext=u:object_r:device_config_window_manager_native_boot_prop:s0 tclass=file permissive=1
01-01 08:00:38.943 594 594 I auditd : type=1400 audit(0.0:241): avc: denied { open } for comm="spdaemon" path="/dev/__properties__/u:object_r:device_logging_prop:s0" dev="tmpfs" ino=28281 scontext=u:r:vendor_spdaemon:s0 tcontext=u:object_r:device_logging_prop:s0 tclass=file permissive=1
01-01 08:00:38.943 594 594 I auditd : type=1400 audit(0.0:242): avc: denied { getattr } for comm="spdaemon" path="/dev/__properties__/u:object_r:device_logging_prop:s0" dev="tmpfs" ino=28281 scontext=u:r:vendor_spdaemon:s0 tcontext=u:object_r:device_logging_prop:s0 tclass=file permissive=1
01-01 08:00:38.943 594 594 I auditd : type=1400 audit(0.0:243): avc: denied { map } for comm="spdaemon" path="/dev/__properties__/u:object_r:device_logging_prop:s0" dev="tmpfs" ino=28281 scontext=u:r:vendor_spdaemon:s0 tcontext=u:object_r:device_logging_prop:s0 tclass=file permissive=1
01-01 08:00:38.943 594 594 I auditd : type=1400 audit(0.0:244): avc: denied { open } for comm="spdaemon" path="/dev/__properties__/u:object_r:dhcp_prop:s0" dev="tmpfs" ino=28282 scontext=u:r:vendor_spdaemon:s0 tcontext=u:object_r:dhcp_prop:s0 tclass=file permissive=1
01-01 08:00:38.943 594 594 I auditd : type=1400 audit(0.0:245): avc: denied { getattr } for comm="spdaemon" path="/dev/__properties__/u:object_r:dhcp_prop:s0" dev="tmpfs" ino=28282 scontext=u:r:vendor_spdaemon:s0 tcontext=u:object_r:dhcp_prop:s0 tclass=file permissive=1
01-01 08:00:38.943 594 594 I auditd : type=1400 audit(0.0:246): avc: denied { map } for comm="spdaemon" path="/dev/__properties__/u:object_r:dhcp_prop:s0" dev="tmpfs" ino=28282 scontext=u:r:vendor_spdaemon:s0 tcontext=u:object_r:dhcp_prop:s0 tclass=file permissive=1
01-01 08:00:38.943 594 594 I auditd : type=1400 audit(0.0:247): avc: denied { open } for comm="spdaemon" path="/dev/__properties__/u:object_r:drm_service_config_prop:s0" dev="tmpfs" ino=28283 scontext=u:r:vendor_spdaemon:s0 tcontext=u:object_r:drm_service_config_prop:s0 tclass=file permissive=1
01-01 08:00:38.943 594 594 I auditd : type=1400 audit(0.0:248): avc: denied { getattr } for comm="spdaemon" path="/dev/__properties__/u:object_r:drm_service_config_prop:s0" dev="tmpfs" ino=28283 scontext=u:r:vendor_spdaemon:s0 tcontext=u:object_r:drm_service_config_prop:s0 tclass=file permissive=1
01-01 08:00:38.943 594 594 I auditd : type=1400 audit(0.0:249): avc: denied { map } for comm="spdaemon" path="/dev/__properties__/u:object_r:drm_service_config_prop:s0" dev="tmpfs" ino=28283 scontext=u:r:vendor_spdaemon:s0 tcontext=u:object_r:drm_service_config_prop:s0 tclass=file permissive=1
01-01 08:00:38.943 594 594 I auditd : type=1400 audit(0.0:250): avc: denied { open } for comm="spdaemon" path="/dev/__properties__/u:object_r:dumpstate_options_prop:s0" dev="tmpfs" ino=28284 scontext=u:r:vendor_spdaemon:s0 tcontext=u:object_r:dumpstate_options_prop:s0 tclass=file permissive=1
01-01 08:00:38.943 594 594 I auditd : type=1400 audit(0.0:251): avc: denied { getattr } for comm="spdaemon" path="/dev/__properties__/u:object_r:dumpstate_options_prop:s0" dev="tmpfs" ino=28284 scontext=u:r:vendor_spdaemon:s0 tcontext=u:object_r:dumpstate_options_prop:s0 tclass=file permissive=1
01-01 08:00:38.943 594 594 I auditd : type=1400 audit(0.0:252): avc: denied { map } for comm="spdaemon" path="/dev/__properties__/u:object_r:dumpstate_options_prop:s0" dev="tmpfs" ino=28284 scontext=u:r:vendor_spdaemon:s0 tcontext=u:object_r:dumpstate_options_prop:s0 tclass=file permissive=1
01-01 08:00:38.943 594 594 I auditd : type=1400 audit(0.0:253): avc: denied { open } for comm="spdaemon" path="/dev/__properties__/u:object_r:dumpstate_prop:s0" dev="tmpfs" ino=28285 scontext=u:r:vendor_spdaemon:s0 tcontext=u:object_r:dumpstate_prop:s0 tclass=file permissive=1
01-01 08:00:38.943 594 594 I auditd : type=1400 audit(0.0:254): avc: denied { getattr } for comm="spdaemon" path="/dev/__properties__/u:object_r:dumpstate_prop:s0" dev="tmpfs" ino=28285 scontext=u:r:vendor_spdaemon:s0 tcontext=u:object_r:dumpstate_prop:s0 tclass=file permissive=1
01-01 08:00:38.943 594 594 I auditd : type=1400 audit(0.0:255): avc: denied { map } for comm="spdaemon" path="/dev/__properties__/u:object_r:dumpstate_prop:s0" dev="tmpfs" ino=28285 scontext=u:r:vendor_spdaemon:s0 tcontext=u:object_r:dumpstate_prop:s0 tclass=file permissive=1
01-01 08:00:38.943 594 594 I auditd : type=1400 audit(0.0:256): avc: denied { open } for comm="spdaemon" path="/dev/__properties__/u:object_r:dynamic_system_prop:s0" dev="tmpfs" ino=28286 scontext=u:r:vendor_spdaemon:s0 tcontext=u:object_r:dynamic_system_prop:s0 tclass=file permissive=1
01-01 08:00:38.943 594 594 I auditd : type=1400 audit(0.0:257): avc: denied { getattr } for comm="spdaemon" path="/dev/__properties__/u:object_r:dynamic_system_prop:s0" dev="tmpfs" ino=28286 scontext=u:r:vendor_spdaemon:s0 tcontext=u:object_r:dynamic_system_prop:s0 tclass=file permissive=1
01-01 08:00:38.943 594 594 I auditd : type=1400 audit(0.0:258): avc: denied { map } for comm="spdaemon" path="/dev/__properties__/u:object_r:dynamic_system_prop:s0" dev="tmpfs" ino=28286 scontext=u:r:vendor_spdaemon:s0 tcontext=u:object_r:dynamic_system_prop:s0 tclass=file permissive=1
01-01 08:00:38.943 594 594 I auditd : type=1400 audit(0.0:259): avc: denied { open } for comm="spdaemon" path="/dev/__properties__/u:object_r:exported3_system_prop:s0" dev="tmpfs" ino=28287 scontext=u:r:vendor_spdaemon:s0 tcontext=u:object_r:exported3_system_prop:s0 tclass=file permissive=1
01-01 08:00:38.943 594 594 I auditd : type=1400 audit(0.0:260): avc: denied { getattr } for comm="spdaemon" path="/dev/__properties__/u:object_r:exported3_system_prop:s0" dev="tmpfs" ino=28287 scontext=u:r:vendor_spdaemon:s0 tcontext=u:object_r:exported3_system_prop:s0 tclass=file permissive=1
01-01 08:00:38.943 594 594 I auditd : type=1400 audit(0.0:261): avc: denied { map } for comm="spdaemon" path="/dev/__properties__/u:object_r:exported3_system_prop:s0" dev="tmpfs" ino=28287 scontext=u:r:vendor_spdaemon:s0 tcontext=u:object_r:exported3_system_prop:s0 tclass=file permissive=1
01-01 08:00:38.943 594 594 I auditd : type=1400 audit(0.0:262): avc: denied { open } for comm="spdaemon" path="/dev/__properties__/u:object_r:exported_bluetooth_prop:s0" dev="tmpfs" ino=28288 scontext=u:r:vendor_spdaemon:s0 tcontext=u:object_r:exported_bluetooth_prop:s0 tclass=file permissive=1
01-01 08:00:38.943 594 594 I auditd : type=1400 audit(0.0:263): avc: denied { getattr } for comm="spdaemon" path="/dev/__properties__/u:object_r:exported_bluetooth_prop:s0" dev="tmpfs" ino=28288 scontext=u:r:vendor_spdaemon:s0 tcontext=u:object_r:exported_bluetooth_prop:s0 tclass=file permissive=1
01-01 08:00:38.943 594 594 I auditd : type=1400 audit(0.0:264): avc: denied { map } for comm="spdaemon" path="/dev/__properties__/u:object_r:exported_bluetooth_prop:s0" dev="tmpfs" ino=28288 scontext=u:r:vendor_spdaemon:s0 tcontext=u:object_r:exported_bluetooth_prop:s0 tclass=file permissive=1
01-01 08:00:38.947 594 594 I auditd : type=1400 audit(0.0:265): avc: denied { getattr } for comm="spdaemon" path="/dev/__properties__/u:object_r:localization_prop:s0" dev="tmpfs" ino=28323 scontext=u:r:vendor_spdaemon:s0 tcontext=u:object_r:localization_prop:s0 tclass=file permissive=1
01-01 08:00:39.079 614 614 I auditd : type=1400 audit(0.0:266): avc: denied { search } for comm="android.hardwar" name="gsi" dev="sda11" ino=22 scontext=u:r:hal_bootctl_default:s0 tcontext=u:object_r:gsi_metadata_file:s0 tclass=dir permissive=1
01-01 08:00:39.783 625 625 I auditd : type=1400 audit(0.0:267): avc: denied { kill } for comm="vdc" capability=5 scontext=u:r:vdc:s0 tcontext=u:r:vdc:s0 tclass=capability permissive=1
01-01 08:00:40.231 628 628 I auditd : type=1400 audit(0.0:268): avc: denied { kill } for comm="fsck.f2fs" capability=5 scontext=u:r:fsck:s0 tcontext=u:r:fsck:s0 tclass=capability permissive=1
01-01 08:00:44.671 486 486 I auditd : type=1400 audit(0.0:269): avc: denied { getattr } for comm="init" path="/persist/qti_fp" dev="sda2" ino=25 scontext=u:r:vendor_init:s0 tcontext=u:object_r:mnt_product_file:s0 tclass=dir permissive=1
01-01 08:00:47.296 685 685 I liblog : 288
01-01 08:00:51.733 692 692 I boot_progress_start: 44601
01-01 08:00:52.914 692 692 I snet_event_log: [200284993,-1,]
01-01 08:00:52.921 696 696 I snet_event_log: [200284993,-1,]
01-01 08:00:53.098 692 692 I boot_progress_preload_start: 45967
01-01 08:00:54.767 967 967 I auditd : type=1400 audit(0.0:270): avc: denied { getattr } for comm="vendor.qti.hard" path="/mnt/vendor/persist/display" dev="sda2" ino=58 scontext=u:r:hal_graphics_composer_default:s0 tcontext=u:object_r:mnt_product_file:s0 tclass=dir permissive=1
01-01 08:00:54.771 967 967 I auditd : type=1400 audit(0.0:271): avc: denied { search } for comm="vendor.qti.hard" name="display" dev="sda2" ino=58 scontext=u:r:hal_graphics_composer_default:s0 tcontext=u:object_r:mnt_product_file:s0 tclass=dir permissive=1
01-01 08:00:55.131 949 949 I auditd : type=1400 audit(0.0:272): avc: denied { read } for comm="android.hardwar" name="type" dev="sysfs" ino=68428 scontext=u:r:hal_health_default:s0 tcontext=u:object_r:sysfs:s0 tclass=file permissive=1
01-01 08:00:55.131 949 949 I auditd : type=1400 audit(0.0:273): avc: denied { open } for comm="android.hardwar" path="/sys/devices/platform/soc/884000.i2c/i2c-3/3-0025/power_supply/wireless/type" dev="sysfs" ino=68428 scontext=u:r:hal_health_default:s0 tcontext=u:object_r:sysfs:s0 tclass=file permissive=1
01-01 08:00:55.131 949 949 I auditd : type=1400 audit(0.0:274): avc: denied { getattr } for comm="android.hardwar" path="/sys/devices/platform/soc/884000.i2c/i2c-3/3-0025/power_supply/wireless/type" dev="sysfs" ino=68428 scontext=u:r:hal_health_default:s0 tcontext=u:object_r:sysfs:s0 tclass=file permissive=1
01-01 08:00:55.336 692 692 I boot_progress_preload_end: 48205
01-01 08:00:55.635 1072 1072 I auditd : type=1400 audit(0.0:275): avc: denied { open } for comm="getprop" path="/dev/__properties__/u:object_r:default_prop:s0" dev="tmpfs" ino=28262 scontext=u:r:vendor_qti_init_shell:s0 tcontext=u:object_r:default_prop:s0 tclass=file permissive=1
01-01 08:00:55.635 1072 1072 I auditd : type=1400 audit(0.0:276): avc: denied { getattr } for comm="getprop" path="/dev/__properties__/u:object_r:default_prop:s0" dev="tmpfs" ino=28262 scontext=u:r:vendor_qti_init_shell:s0 tcontext=u:object_r:default_prop:s0 tclass=file permissive=1
01-01 08:00:55.635 1072 1072 I auditd : type=1400 audit(0.0:277): avc: denied { map } for comm="getprop" path="/dev/__properties__/u:object_r:default_prop:s0" dev="tmpfs" ino=28262 scontext=u:r:vendor_qti_init_shell:s0 tcontext=u:object_r:default_prop:s0 tclass=file permissive=1
01-01 08:00:55.807 486 486 I auditd : type=1400 audit(0.0:278): avc: denied { getattr } for comm="init" path="/persist/drm" dev="sda2" ino=51 scontext=u:r:vendor_init:s0 tcontext=u:object_r:mnt_product_file:s0 tclass=dir permissive=1
01-01 08:00:55.815 486 486 I auditd : type=1400 audit(0.0:279): avc: denied { setattr } for comm="init" name="rawdump" dev="tmpfs" ino=9573 scontext=u:r:vendor_init:s0 tcontext=u:object_r:block_device:s0 tclass=lnk_file permissive=1
01-01 08:00:55.966 521 521 I auditd : avc: denied { find } for pid=1068 uid=1000 name=vendor.qti.hardware.display.config.IDisplayConfig/default scontext=u:r:surfaceflinger:s0 tcontext=u:object_r:default_android_service:s0 tclass=service_manager permissive=1
01-01 08:00:56.268 1092 1092 I system_server_start: [1,49132,49132]
01-01 08:00:56.268 1092 1092 I boot_progress_system_run: 49137
01-01 08:00:56.783 1135 1135 I auditd : type=1400 audit(0.0:280): avc: denied { write } for comm="init.qcom.usb.s" name="uvc.0" dev="configfs" ino=44254 scontext=u:r:vendor_qti_init_shell:s0 tcontext=u:object_r:configfs:s0 tclass=dir permissive=1
01-01 08:00:56.783 1135 1135 I auditd : type=1400 audit(0.0:281): avc: denied { add_name } for comm="init.qcom.usb.s" name="streaming_maxpacket" scontext=u:r:vendor_qti_init_shell:s0 tcontext=u:object_r:configfs:s0 tclass=dir permissive=1
01-01 08:00:56.783 1135 1135 I auditd : type=1400 audit(0.0:282): avc: denied { create } for comm="init.qcom.usb.s" name="streaming_maxpacket" scontext=u:r:vendor_qti_init_shell:s0 tcontext=u:object_r:configfs:s0 tclass=file permissive=1
01-01 08:00:56.815 1184 1184 I auditd : type=1400 audit(0.0:283): avc: denied { create } for comm="mkdir" name="h" scontext=u:r:vendor_qti_init_shell:s0 tcontext=u:object_r:configfs:s0 tclass=dir permissive=1
01-01 08:00:56.851 1185 1185 I auditd : type=1400 audit(0.0:284): avc: denied { create } for comm="ln" name="h" scontext=u:r:vendor_qti_init_shell:s0 tcontext=u:object_r:configfs:s0 tclass=lnk_file permissive=1
01-01 08:00:57.468 1092 1092 I dvm_lock_sample: [system_server,0,main,70,SystemConfig.java,273,com.android.server.SystemConfig com.android.server.SystemConfig.getInstance(),-,277,com.android.server.SystemConfig com.android.server.SystemConfig.getInstance(),14]
01-01 08:00:57.551 607 607 I auditd : type=1400 audit(0.0:285): avc: denied { read } for comm="Binder:607_2" name="wakeup58" dev="sysfs" ino=77976 scontext=u:r:system_suspend:s0 tcontext=u:object_r:sysfs:s0 tclass=dir permissive=1
01-01 08:00:57.551 607 607 I auditd : type=1400 audit(0.0:286): avc: denied { open } for comm="Binder:607_2" path="/sys/devices/virtual/misc/msm_g711mlaw/wakeup58" dev="sysfs" ino=77976 scontext=u:r:system_suspend:s0 tcontext=u:object_r:sysfs:s0 tclass=dir permissive=1
01-01 08:00:57.551 607 607 I auditd : type=1400 audit(0.0:287): avc: denied { read } for comm="Binder:607_2" name="event_count" dev="sysfs" ino=77983 scontext=u:r:system_suspend:s0 tcontext=u:object_r:sysfs:s0 tclass=file permissive=1
01-01 08:00:57.551 607 607 I auditd : type=1400 audit(0.0:288): avc: denied { open } for comm="Binder:607_2" path="/sys/devices/virtual/misc/msm_g711mlaw/wakeup58/event_count" dev="sysfs" ino=77983 scontext=u:r:system_suspend:s0 tcontext=u:object_r:sysfs:s0 tclass=file permissive=1
01-01 08:00:57.551 607 607 I auditd : type=1400 audit(0.0:289): avc: denied { getattr } for comm="Binder:607_2" path="/sys/devices/virtual/misc/msm_g711mlaw/wakeup58/event_count" dev="sysfs" ino=77983 scontext=u:r:system_suspend:s0 tcontext=u:object_r:sysfs:s0 tclass=file permissive=1
01-01 08:00:57.647 1092 1092 I service_manager_stats: [100,54,50516]
01-01 08:00:57.692 1092 1214 I commit_sys_config_file: [batterystats,12]
01-01 08:00:57.700 1092 1214 I commit_sys_config_file: [batterystats,8]
01-01 08:00:57.773 1092 1092 I rescue_note: [0,1,50641]
01-01 08:00:57.848 1092 1204 I am_wtf : [0,1092,system_server,-1,DisplayDeviceConfig,requesting nits when no mapping exists.]
01-01 08:00:57.849 1092 1204 I am_wtf : [0,1092,system_server,-1,DisplayDeviceConfig,requesting nits when no mapping exists.]
01-01 08:00:57.903 1092 1092 I boot_progress_pms_start: 50771
01-01 08:00:58.036 1092 1092 I service_manager_slow: [11,activity]
01-01 08:00:58.053 1092 1092 I service_manager_slow: [16,activity]
01-01 08:00:58.166 1092 1092 I boot_progress_pms_system_scan_start: 51035
01-01 08:00:58.611 1092 1092 I boot_progress_pms_data_scan_start: 51479
01-01 08:00:58.637 1092 1092 I boot_progress_pms_scan_end: 51505
01-01 08:00:58.732 1092 1092 I commit_sys_config_file: [package-user-0,4]
01-01 08:00:58.732 1092 1092 I commit_sys_config_file: [package,62]
01-01 08:00:58.732 1092 1092 I boot_progress_pms_ready: 51601
01-01 08:00:58.782 1092 1092 I am_uid_running: 1000
01-01 08:00:58.787 1092 1092 I am_uid_active: 1000
01-01 08:00:59.599 949 949 I auditd : type=1400 audit(0.0:290): avc: denied { read } for comm="health@2.1-serv" name="online" dev="sysfs" ino=68419 scontext=u:r:hal_health_default:s0 tcontext=u:object_r:sysfs:s0 tclass=file permissive=1
01-01 08:00:59.599 949 949 I auditd : type=1400 audit(0.0:291): avc: denied { open } for comm="health@2.1-serv" path="/sys/devices/platform/soc/884000.i2c/i2c-3/3-0025/power_supply/wireless/online" dev="sysfs" ino=68419 scontext=u:r:hal_health_default:s0 tcontext=u:object_r:sysfs:s0 tclass=file permissive=1
01-01 08:00:59.599 949 949 I auditd : type=1400 audit(0.0:292): avc: denied { getattr } for comm="health@2.1-serv" path="/sys/devices/platform/soc/884000.i2c/i2c-3/3-0025/power_supply/wireless/online" dev="sysfs" ino=68419 scontext=u:r:hal_health_default:s0 tcontext=u:object_r:sysfs:s0 tclass=file permissive=1
01-01 08:00:59.907 1143 1143 I auditd : type=1400 audit(0.0:293): avc: denied { call } for comm="BootAnimation" scontext=u:r:bootanim:s0 tcontext=u:r:vendor_hal_qspmhal_default:s0 tclass=binder permissive=1
01-01 08:00:59.907 1068 1068 I auditd : type=1400 audit(0.0:294): avc: denied { call } for comm="surfaceflinger" scontext=u:r:surfaceflinger:s0 tcontext=u:r:vendor_hal_qspmhal_default:s0 tclass=binder permissive=1
01-01 08:01:00.679 1580 1580 I auditd : type=1400 audit(0.0:295): avc: denied { read } for comm="tzlog" name="qsee_log" dev="debugfs" ino=1260 scontext=u:r:np_thundercomm_tlog:s0 tcontext=u:object_r:debugfs:s0 tclass=file permissive=1
01-01 08:01:00.679 1580 1580 I auditd : type=1400 audit(0.0:296): avc: denied { open } for comm="tzlog" path="/sys/kernel/debug/tzdbg/qsee_log" dev="debugfs" ino=1260 scontext=u:r:np_thundercomm_tlog:s0 tcontext=u:object_r:debugfs:s0 tclass=file permissive=1
01-01 08:01:00.983 1613 1613 I auditd : type=1400 audit(0.0:297): avc: denied { read } for comm="ip" name="rt_tables" dev="dm-10" ino=357 scontext=u:r:ethernet:s0 tcontext=u:object_r:net_data_file:s0 tclass=file permissive=1
01-01 08:01:00.983 1613 1613 I auditd : type=1400 audit(0.0:298): avc: denied { open } for comm="ip" path="/data/misc/net/rt_tables" dev="dm-10" ino=357 scontext=u:r:ethernet:s0 tcontext=u:object_r:net_data_file:s0 tclass=file permissive=1
01-01 08:01:00.983 1613 1613 I auditd : type=1400 audit(0.0:299): avc: denied { getattr } for comm="ip" path="/data/misc/net/rt_tables" dev="dm-10" ino=357 scontext=u:r:ethernet:s0 tcontext=u:object_r:net_data_file:s0 tclass=file permissive=1
01-01 08:01:01.062 1092 1092 I commit_sys_config_file: [overlays,3]
01-01 08:01:01.111 949 949 I auditd : type=1400 audit(0.0:300): avc: denied { read } for comm="health@2.1-serv" name="online" dev="sysfs" ino=68419 scontext=u:r:hal_health_default:s0 tcontext=u:object_r:sysfs:s0 tclass=file permissive=1
01-01 08:01:01.130 1092 1215 I battery_status: [1,1,0,0,]
01-01 08:01:01.111 949 949 I auditd : type=1400 audit(0.0:301): avc: denied { open } for comm="health@2.1-serv" path="/sys/devices/platform/soc/884000.i2c/i2c-3/3-0025/power_supply/wireless/online" dev="sysfs" ino=68419 scontext=u:r:hal_health_default:s0 tcontext=u:object_r:sysfs:s0 tclass=file permissive=1
01-01 08:01:01.111 949 949 I auditd : type=1400 audit(0.0:302): avc: denied { getattr } for comm="health@2.1-serv" path="/sys/devices/platform/soc/884000.i2c/i2c-3/3-0025/power_supply/wireless/online" dev="sysfs" ino=68419 scontext=u:r:hal_health_default:s0 tcontext=u:object_r:sysfs:s0 tclass=file permissive=1
01-01 08:01:01.315 562 562 I auditd : type=1400 audit(0.0:303): avc: denied { open } for comm="qseecomd" path="/" dev="dm-5" ino=2 scontext=u:r:tee:s0 tcontext=u:object_r:rootfs:s0 tclass=dir permissive=1
01-01 08:01:01.455 1654 1654 I auditd : type=1400 audit(0.0:304): avc: denied { read } for comm="hvdcp_opti" name="devices" dev="sysfs" ino=46902 scontext=u:r:vendor_hvdcp:s0 tcontext=u:object_r:sysfs:s0 tclass=dir permissive=1
01-01 08:01:01.455 1654 1654 I auditd : type=1400 audit(0.0:305): avc: denied { open } for comm="hvdcp_opti" path="/sys/bus/iio/devices" dev="sysfs" ino=46902 scontext=u:r:vendor_hvdcp:s0 tcontext=u:object_r:sysfs:s0 tclass=dir permissive=1
01-01 08:01:01.455 1654 1654 I auditd : type=1400 audit(0.0:306): avc: denied { read } for comm="hvdcp_opti" name="name" dev="sysfs" ino=70224 scontext=u:r:vendor_hvdcp:s0 tcontext=u:object_r:sysfs:s0 tclass=file permissive=1
01-01 08:01:01.455 1654 1654 I auditd : type=1400 audit(0.0:307): avc: denied { open } for comm="hvdcp_opti" path="/sys/devices/platform/soc/c440000.qcom,spmi/spmi-0/spmi0-04/c440000.qcom,spmi:qcom,pm8150l@4:vadc@3100/iio:device1/name" dev="sysfs" ino=70224 scontext=u:r:vendor_hvdcp:s0 tcontext=u:object_r:sysfs:s0 tclass=file permissive=1
05-07 01:31:27.228 1092 1092 I wm_task_created: [1,-1]
05-07 01:31:27.252 1092 1204 I sysui_multi_action: [757,1594,758,4,759,0,806,NULL]
05-07 01:31:27.408 1092 1092 I configuration_changed: 536894968
05-07 01:31:27.412 1092 1092 I sysui_multi_action: [757,1659,758,4,759,2,1660,0]
05-07 01:31:27.691 1716 1716 I auditd : type=1400 audit(0.0:308): avc: denied { read } for comm="ip" name="rt_tables" dev="dm-10" ino=357 scontext=u:r:ethernet:s0 tcontext=u:object_r:net_data_file:s0 tclass=file permissive=1
05-07 01:31:27.691 1716 1716 I auditd : type=1400 audit(0.0:309): avc: denied { open } for comm="ip" path="/data/misc/net/rt_tables" dev="dm-10" ino=357 scontext=u:r:ethernet:s0 tcontext=u:object_r:net_data_file:s0 tclass=file permissive=1
05-07 01:31:27.691 1716 1716 I auditd : type=1400 audit(0.0:310): avc: denied { getattr } for comm="ip" path="/data/misc/net/rt_tables" dev="dm-10" ino=357 scontext=u:r:ethernet:s0 tcontext=u:object_r:net_data_file:s0 tclass=file permissive=1
05-07 01:31:28.058 1092 1092 I service_manager_stats: [291,193,5064] --------- beginning of radio
05-07 01:31:28.102 1092 1092 D TelephonyRegistry: listen oscl: mHasNotifySubscriptionInfoChangedOccurred==false no callback
05-07 01:31:28.329 1092 1747 I storage_state: [41217664-9172-527a-b3d5-edabb50a7d69,0,0,116152258560,118610538496]
05-07 01:31:28.549 1092 1203 I commit_sys_config_file: [notification-policy,3]
05-07 01:31:28.763 949 949 I auditd : type=1400 audit(0.0:311): avc: denied { read } for comm="health@2.1-serv" name="online" dev="sysfs" ino=68419 scontext=u:r:hal_health_default:s0 tcontext=u:object_r:sysfs:s0 tclass=file permissive=1
05-07 01:31:28.763 949 949 I auditd : type=1400 audit(0.0:312): avc: denied { open } for comm="health@2.1-serv" path="/sys/devices/platform/soc/884000.i2c/i2c-3/3-0025/power_supply/wireless/online" dev="sysfs" ino=68419 scontext=u:r:hal_health_default:s0 tcontext=u:object_r:sysfs:s0 tclass=file permissive=1
05-07 01:31:28.763 949 949 I auditd : type=1400 audit(0.0:313): avc: denied { getattr } for comm="health@2.1-serv" path="/sys/devices/platform/soc/884000.i2c/i2c-3/3-0025/power_supply/wireless/online" dev="sysfs" ino=68419 scontext=u:r:hal_health_default:s0 tcontext=u:object_r:sysfs:s0 tclass=file permissive=1
05-07 01:31:29.431 1092 1092 I auditd : type=1400 audit(0.0:314): avc: denied { read } for comm="system_server" name="u:object_r:vendor_default_prop:s0" dev="tmpfs" ino=28445 scontext=u:r:system_server:s0 tcontext=u:object_r:vendor_default_prop:s0 tclass=file permissive=1
05-07 01:31:29.435 1092 1092 I auditd : type=1400 audit(0.0:315): avc: denied { open } for comm="system_server" path="/dev/__properties__/u:object_r:vendor_default_prop:s0" dev="tmpfs" ino=28445 scontext=u:r:system_server:s0 tcontext=u:object_r:vendor_default_prop:s0 tclass=file permissive=1
05-07 01:31:29.435 1092 1092 I auditd : type=1400 audit(0.0:316): avc: denied { getattr } for comm="system_server" path="/dev/__properties__/u:object_r:vendor_default_prop:s0" dev="tmpfs" ino=28445 scontext=u:r:system_server:s0 tcontext=u:object_r:vendor_default_prop:s0 tclass=file permissive=1
05-07 01:31:29.435 1092 1092 I auditd : type=1400 audit(0.0:317): avc: denied { map } for comm="system_server" path="/dev/__properties__/u:object_r:vendor_default_prop:s0" dev="tmpfs" ino=28445 scontext=u:r:system_server:s0 tcontext=u:object_r:vendor_default_prop:s0 tclass=file permissive=1
05-07 01:31:29.704 1092 1217 I am_wtf : [0,1092,system_server,-1,LazyAlarmStore,Removed TIME_TICK alarm]
05-07 01:31:29.717 1092 1830 I stream_devices_changed: [3,0,2]
05-07 01:31:29.728 1092 1092 I configuration_changed: 512
05-07 01:31:29.794 1092 1830 I stream_devices_changed: [6,0,1]
05-07 01:31:29.907 1876 1876 I auditd : type=1400 audit(0.0:318): avc: denied { read } for comm="ip" name="rt_tables" dev="dm-10" ino=357 scontext=u:r:ethernet:s0 tcontext=u:object_r:net_data_file:s0 tclass=file permissive=1
05-07 01:31:29.907 1876 1876 I auditd : type=1400 audit(0.0:319): avc: denied { open } for comm="ip" path="/data/misc/net/rt_tables" dev="dm-10" ino=357 scontext=u:r:ethernet:s0 tcontext=u:object_r:net_data_file:s0 tclass=file permissive=1
05-07 01:31:29.907 1876 1876 I auditd : type=1400 audit(0.0:320): avc: denied { getattr } for comm="ip" path="/data/misc/net/rt_tables" dev="dm-10" ino=357 scontext=u:r:ethernet:s0 tcontext=u:object_r:net_data_file:s0 tclass=file permissive=1
05-07 01:31:29.948 1092 1092 I commit_sys_config_file: [package-session,2]
05-07 01:31:29.975 1387 1387 I auditd : type=1400 audit(0.0:321): avc: denied { write } for comm="sh" name="ip_forward" dev="proc" ino=40223 scontext=u:r:ethernet:s0 tcontext=u:object_r:proc_net:s0 tclass=file permissive=1
05-07 01:31:29.979 1387 1387 I auditd : type=1400 audit(0.0:322): avc: denied { open } for comm="sh" path="/proc/sys/net/ipv4/ip_forward" dev="proc" ino=40223 scontext=u:r:ethernet:s0 tcontext=u:object_r:proc_net:s0 tclass=file permissive=1
05-07 01:31:30.019 1888 1888 I auditd : type=1400 audit(0.0:323): avc: denied { getattr } for comm="echo" path="/proc/sys/net/ipv4/ip_forward" dev="proc" ino=40223 scontext=u:r:ethernet:s0 tcontext=u:object_r:proc_net:s0 tclass=file permissive=1
05-07 01:31:30.048 1092 1092 I boot_progress_ams_ready: 57571
05-07 01:31:30.063 1092 1092 I configuration_changed: 268435456
05-07 01:31:30.111 1092 1203 I am_uid_running: 1002
05-07 01:31:30.235 1092 1219 I am_proc_start: [0,1895,1002,com.android.bluetooth,service,{com.android.bluetooth/com.android.bluetooth.btservice.AdapterService}]
05-07 01:31:30.271 1092 1092 I am_uid_running: 10085
05-07 01:31:30.299 1898 1898 I auditd : type=1400 audit(0.0:324): avc: denied { getattr } for comm="echo" path="/proc/sys/net/ipv4/tcp_rmem" dev="proc" ino=52037 scontext=u:r:ethernet:s0 tcontext=u:object_r:proc_net:s0 tclass=file permissive=1
05-07 01:31:30.307 1092 1887 I am_proc_bound: [0,1895,com.android.bluetooth]
05-07 01:31:30.307 1387 1387 I auditd : type=1400 audit(0.0:325): avc: denied { write } for comm="sh" name="tcp_wmem" dev="proc" ino=10102 scontext=u:r:ethernet:s0 tcontext=u:object_r:proc_net:s0 tclass=file permissive=1
05-07 01:31:30.307 1387 1387 I auditd : type=1400 audit(0.0:326): avc: denied { open } for comm="sh" path="/proc/sys/net/ipv4/tcp_wmem" dev="proc" ino=10102 scontext=u:r:ethernet:s0 tcontext=u:object_r:proc_net:s0 tclass=file permissive=1
05-07 01:31:30.359 1092 1887 I am_uid_active: 1002
05-07 01:31:30.372 1092 1209 I am_uid_running: 1037
05-07 01:31:30.377 1092 1219 I am_proc_start: [0,1916,10085,com.android.systemui,service,{com.android.systemui/com.android.systemui.ImageWallpaper}]
05-07 01:31:30.399 1092 1724 I commit_sys_config_file: [net-policy,13]
05-07 01:31:30.403 1092 1723 D TelephonyRegistry: listen oscl: mHasNotifySubscriptionInfoChangedOccurred==false no callback
05-07 01:31:30.429 1092 1724 D TelephonyRegistry: listen oscl: mHasNotifySubscriptionInfoChangedOccurred==false no callback
05-07 01:31:30.454 1092 1092 D TelephonyRegistry: listen oscl: mHasNotifySubscriptionInfoChangedOccurred==false no callback
05-07 01:31:30.567 1923 1923 I auditd : type=1400 audit(0.0:327): avc: denied { getattr } for comm="echo" path="/proc/sys/net/ipv4/tcp_max_tw_buckets" dev="proc" ino=55972 scontext=u:r:ethernet:s0 tcontext=u:object_r:proc_net:s0 tclass=file permissive=1
05-07 01:31:30.587 1387 1387 I auditd : type=1400 audit(0.0:328): avc: denied { write } for comm="sh" name="tcp_retries2" dev="proc" ino=49261 scontext=u:r:ethernet:s0 tcontext=u:object_r:proc_net:s0 tclass=file permissive=1
05-07 01:31:30.587 1387 1387 I auditd : type=1400 audit(0.0:329): avc: denied { open } for comm="sh" path="/proc/sys/net/ipv4/tcp_retries2" dev="proc" ino=49261 scontext=u:r:ethernet:s0 tcontext=u:object_r:proc_net:s0 tclass=file permissive=1
05-07 01:31:30.620 1092 1092 D TelephonyRegistry: listen oscl: mHasNotifySubscriptionInfoChangedOccurred==false no callback
05-07 01:31:30.629 1092 1137 I am_proc_bound: [0,1916,com.android.systemui]
05-07 01:31:30.636 1092 1137 I am_uid_active: 10085
05-07 01:31:30.671 1092 1201 W CarrierConfigManager: Error getting config for subId -1 ICarrierConfigLoader is null
05-07 01:31:30.684 1092 1219 I am_proc_start: [0,1943,1037,WebViewLoader-armeabi-v7a,NULL,]
05-07 01:31:30.709 1092 1201 I service_manager_slow: [13,platform_compat]
05-07 01:31:30.711 1092 1663 I commit_sys_config_file: [settings-0-0,34]
05-07 01:31:30.757 1092 1219 I am_proc_start: [0,1956,1037,WebViewLoader-arm64-v8a,NULL,]
05-07 01:31:30.796 1092 1092 I am_uid_running: 1073
05-07 01:31:30.800 1092 1832 I am_proc_bound: [0,1943,WebViewLoader-armeabi-v7a]
05-07 01:31:30.802 1092 1832 I am_uid_active: 1037
05-07 01:31:30.834 1092 1214 I netstats_mobile_sample: [0,0,0,0,0,0,0,0,0,0,0,0,1683394290834]
05-07 01:31:30.834 1092 1214 I netstats_wifi_sample: [0,0,0,0,0,0,0,0,0,0,0,0,1683394290834]
05-07 01:31:30.835 1092 1092 I configuration_changed: 16384
05-07 01:31:30.846 1092 1092 D TelephonyRegistry: systemRunning register for intents
05-07 01:31:30.849 1092 1092 I ssm_user_starting: 0
05-07 01:31:30.857 1092 1219 I am_proc_start: [0,1980,1073,com.android.networkstack.process,service,{com.android.networkstack/com.android.server.NetworkStackService}]
05-07 01:31:30.871 1092 1214 I service_manager_slow: [22,alarm]
05-07 01:31:30.888 1092 1214 I netstats_mobile_sample: [0,0,0,0,0,0,0,0,0,0,0,0,1683394290888]
