05-07 02:08:49.113 3003 3003 I auditd : type=1400 audit(0.0:8136): avc: granted { getattr } for comm=4173796E635461736B2023323536 path="/proc/3003/net/arp" dev="proc" ino=4026532247 scontext=u:r:platform_app:s0:c512,c768 tcontext=u:object_r:proc_net:s0 tclass=file app=com.hht.lebocast
05-07 02:08:49.113 3003 3003 I auditd : type=1400 audit(0.0:8137): avc: granted { getattr } for comm=4173796E635461736B2023323536 path="/proc/3003/net/arp" dev="proc" ino=4026532247 scontext=u:r:platform_app:s0:c512,c768 tcontext=u:object_r:proc_net:s0 tclass=file app=com.hht.lebocast
05-07 02:08:49.605 0 0 I auditd : type=1400 audit(0.0:8138): avc: denied { kill } for comm="swapper/3" capability=5 scontext=u:r:kernel:s0 tcontext=u:r:kernel:s0 tclass=capability permissive=1
05-07 02:08:50.657 3003 3003 I auditd : type=1400 audit(0.0:8139): avc: granted { read } for comm=4173796E635461736B2023323537 name="arp" dev="proc" ino=4026532247 scontext=u:r:platform_app:s0:c512,c768 tcontext=u:object_r:proc_net:s0 tclass=file app=com.hht.lebocast
05-07 02:08:50.657 3003 3003 I auditd : type=1400 audit(0.0:8140): avc: granted { read open } for comm=4173796E635461736B2023323537 path="/proc/3003/net/arp" dev="proc" ino=4026532247 scontext=u:r:platform_app:s0:c512,c768 tcontext=u:object_r:proc_net:s0 tclass=file app=com.hht.lebocast
05-07 02:08:50.657 3003 3003 I auditd : type=1400 audit(0.0:8141): avc: granted { getattr } for comm=4173796E635461736B2023323537 path="/proc/3003/net/arp" dev="proc" ino=4026532247 scontext=u:r:platform_app:s0:c512,c768 tcontext=u:object_r:proc_net:s0 tclass=file app=com.hht.lebocast
05-07 02:08:50.657 3003 3003 I auditd : type=1400 audit(0.0:8142): avc: granted { getattr } for comm=4173796E635461736B2023323537 path="/proc/3003/net/arp" dev="proc" ino=4026532247 scontext=u:r:platform_app:s0:c512,c768 tcontext=u:object_r:proc_net:s0 tclass=file app=com.hht.lebocast
05-07 02:08:51.061 3003 3003 I auditd : type=1400 audit(0.0:8143): avc: granted { read } for comm=4173796E635461736B2023323538 name="arp" dev="proc" ino=4026532247 scontext=u:r:platform_app:s0:c512,c768 tcontext=u:object_r:proc_net:s0 tclass=file app=com.hht.lebocast
05-07 02:08:52.393 3003 3003 I auditd : type=1400 audit(0.0:8147): avc: granted { read } for comm=4173796E635461736B2023323539 name="arp" dev="proc" ino=4026532247 scontext=u:r:platform_app:s0:c512,c768 tcontext=u:object_r:proc_net:s0 tclass=file app=com.hht.lebocast
05-07 02:08:52.393 3003 3003 I auditd : type=1400 audit(0.0:8148): avc: granted { read open } for comm=4173796E635461736B2023323539 path="/proc/3003/net/arp" dev="proc" ino=4026532247 scontext=u:r:platform_app:s0:c512,c768 tcontext=u:object_r:proc_net:s0 tclass=file app=com.hht.lebocast
05-07 02:08:52.393 3003 3003 I auditd : type=1400 audit(0.0:8149): avc: granted { getattr } for comm=4173796E635461736B2023323539 path="/proc/3003/net/arp" dev="proc" ino=4026532247 scontext=u:r:platform_app:s0:c512,c768 tcontext=u:object_r:proc_net:s0 tclass=file app=com.hht.lebocast
05-07 02:08:52.393 3003 3003 I auditd : type=1400 audit(0.0:8150): avc: granted { getattr } for comm=4173796E635461736B2023323539 path="/proc/3003/net/arp" dev="proc" ino=4026532247 scontext=u:r:platform_app:s0:c512,c768 tcontext=u:object_r:proc_net:s0 tclass=file app=com.hht.lebocast
05-07 02:08:58.965 3003 3003 I auditd : type=1400 audit(0.0:8151): avc: granted { read } for comm=4173796E635461736B2023323630 name="arp" dev="proc" ino=4026532247 scontext=u:r:platform_app:s0:c512,c768 tcontext=u:object_r:proc_net:s0 tclass=file app=com.hht.lebocast
05-07 02:08:58.965 3003 3003 I auditd : type=1400 audit(0.0:8152): avc: granted { read open } for comm=4173796E635461736B2023323630 path="/proc/3003/net/arp" dev="proc" ino=4026532247 scontext=u:r:platform_app:s0:c512,c768 tcontext=u:object_r:proc_net:s0 tclass=file app=com.hht.lebocast
05-07 02:08:58.965 3003 3003 I auditd : type=1400 audit(0.0:8153): avc: granted { getattr } for comm=4173796E635461736B2023323630 path="/proc/3003/net/arp" dev="proc" ino=4026532247 scontext=u:r:platform_app:s0:c512,c768 tcontext=u:object_r:proc_net:s0 tclass=file app=com.hht.lebocast
05-07 02:08:58.969 3003 3003 I auditd : type=1400 audit(0.0:8154): avc: granted { getattr } for comm=4173796E635461736B2023323630 path="/proc/3003/net/arp" dev="proc" ino=4026532247 scontext=u:r:platform_app:s0:c512,c768 tcontext=u:object_r:proc_net:s0 tclass=file app=com.hht.lebocast
05-07 02:08:59.388 1092 1893 I sync : [com.tencent.android.qqdownloader.YYBLiveAccountProvider,0,3,24220937]
05-07 02:08:59.439 1092 1893 I sync : [com.tencent.android.qqdownloader.YYBLiveAccountProvider,1,3,24220937]
05-07 02:08:59.444 1092 1893 I commit_sys_config_file: [sync-status,712728]
05-07 02:08:59.459 1092 1893 I sync : [com.tencent.android.qqdownloader.YYBLiveAccountProvider,0,3,24220937]
05-07 02:08:59.511 1092 1893 I sync : [com.tencent.android.qqdownloader.YYBLiveAccountProvider,1,3,24220937]
05-07 02:08:59.516 1092 1893 I commit_sys_config_file: [sync-status,712800]
05-07 02:09:01.452 1092 1203 I commit_sys_config_file: [jobs,11]
05-07 02:09:02.080 7022 7059 I dvm_lock_sample: [com.tencent.android.qqdownloader,0,temporary-2,8,,-1,void com.tencent.assistant.db.contentprovider.g.handleCommonEvent(android.os.Message),-,-1,void com.tencent.assistant.db.contentprovider.g.handleCommonEvent(android.os.Message),1]
05-07 02:09:05.201 3003 3003 I auditd : type=1400 audit(0.0:8155): avc: granted { read } for comm=4173796E635461736B2023323631 name="arp" dev="proc" ino=4026532247 scontext=u:r:platform_app:s0:c512,c768 tcontext=u:object_r:proc_net:s0 tclass=file app=com.hht.lebocast
05-07 02:09:05.201 3003 3003 I auditd : type=1400 audit(0.0:8156): avc: granted { read open } for comm=4173796E635461736B2023323631 path="/proc/3003/net/arp" dev="proc" ino=4026532247 scontext=u:r:platform_app:s0:c512,c768 tcontext=u:object_r:proc_net:s0 tclass=file app=com.hht.lebocast
05-07 02:09:05.201 3003 3003 I auditd : type=1400 audit(0.0:8157): avc: granted { getattr } for comm=4173796E635461736B2023323631 path="/proc/3003/net/arp" dev="proc" ino=4026532247 scontext=u:r:platform_app:s0:c512,c768 tcontext=u:object_r:proc_net:s0 tclass=file app=com.hht.lebocast
05-07 02:09:05.201 3003 3003 I auditd : type=1400 audit(0.0:8158): avc: granted { getattr } for comm=4173796E635461736B2023323631 path="/proc/3003/net/arp" dev="proc" ino=4026532247 scontext=u:r:platform_app:s0:c512,c768 tcontext=u:object_r:proc_net:s0 tclass=file app=com.hht.lebocast
05-07 02:09:06.557 1092 1723 I netstats_mobile_sample: [0,0,0,0,0,0,0,0,0,0,0,0,1683514408408]
05-07 02:09:06.557 1092 1723 I netstats_wifi_sample: [308,4,568,5,308,4,568,5,228,2,520,4,1683514408408]
05-07 02:09:06.933 3003 3003 I auditd : type=1400 audit(0.0:8159): avc: granted { read } for comm=4173796E635461736B2023323632 name="arp" dev="proc" ino=4026532247 scontext=u:r:platform_app:s0:c512,c768 tcontext=u:object_r:proc_net:s0 tclass=file app=com.hht.lebocast
05-07 02:09:06.937 3003 3003 I auditd : type=1400 audit(0.0:8160): avc: granted { read open } for comm=4173796E635461736B2023323632 path="/proc/3003/net/arp" dev="proc" ino=4026532247 scontext=u:r:platform_app:s0:c512,c768 tcontext=u:object_r:proc_net:s0 tclass=file app=com.hht.lebocast
05-07 02:09:06.937 3003 3003 I auditd : type=1400 audit(0.0:8161): avc: granted { getattr } for comm=4173796E635461736B2023323632 path="/proc/3003/net/arp" dev="proc" ino=4026532247 scontext=u:r:platform_app:s0:c512,c768 tcontext=u:object_r:proc_net:s0 tclass=file app=com.hht.lebocast
05-07 02:09:06.937 3003 3003 I auditd : type=1400 audit(0.0:8162): avc: granted { getattr } for comm=4173796E635461736B2023323632 path="/proc/3003/net/arp" dev="proc" ino=4026532247 scontext=u:r:platform_app:s0:c512,c768 tcontext=u:object_r:proc_net:s0 tclass=file app=com.hht.lebocast
05-07 02:09:07.337 8607 8607 I auditd : type=1400 audit(0.0:8163): avc: denied { read } for comm="Thread-62" name="tcp" dev="proc" ino=4026532258 scontext=u:r:untrusted_app_27:s0:c512,c768 tcontext=u:object_r:proc_net_tcp_udp:s0 tclass=file permissive=1 app=com.taptap
05-07 02:09:07.337 8607 8607 I auditd : type=1400 audit(0.0:8164): avc: denied { open } for comm="Thread-62" path="/proc/8607/net/tcp" dev="proc" ino=4026532258 scontext=u:r:untrusted_app_27:s0:c512,c768 tcontext=u:object_r:proc_net_tcp_udp:s0 tclass=file permissive=1 app=com.taptap
05-07 02:09:09.185 3003 3003 I auditd : type=1400 audit(0.0:8165): avc: granted { read } for comm=4173796E635461736B2023323633 name="arp" dev="proc" ino=4026532247 scontext=u:r:platform_app:s0:c512,c768 tcontext=u:object_r:proc_net:s0 tclass=file app=com.hht.lebocast
05-07 02:09:09.185 3003 3003 I auditd : type=1400 audit(0.0:8166): avc: granted { read open } for comm=4173796E635461736B2023323633 path="/proc/3003/net/arp" dev="proc" ino=4026532247 scontext=u:r:platform_app:s0:c512,c768 tcontext=u:object_r:proc_net:s0 tclass=file app=com.hht.lebocast
05-07 02:09:09.185 3003 3003 I auditd : type=1400 audit(0.0:8167): avc: granted { getattr } for comm=4173796E635461736B2023323633 path="/proc/3003/net/arp" dev="proc" ino=4026532247 scontext=u:r:platform_app:s0:c512,c768 tcontext=u:object_r:proc_net:s0 tclass=file app=com.hht.lebocast
05-07 02:09:09.185 3003 3003 I auditd : type=1400 audit(0.0:8168): avc: granted { getattr } for comm=4173796E635461736B2023323633 path="/proc/3003/net/arp" dev="proc" ino=4026532247 scontext=u:r:platform_app:s0:c512,c768 tcontext=u:object_r:proc_net:s0 tclass=file app=com.hht.lebocast
05-07 02:09:10.725 3003 3003 I auditd : type=1400 audit(0.0:8169): avc: granted { read } for comm=4173796E635461736B2023323634 name="arp" dev="proc" ino=4026532247 scontext=u:r:platform_app:s0:c512,c768 tcontext=u:object_r:proc_net:s0 tclass=file app=com.hht.lebocast
05-07 02:09:10.737 3003 3003 I auditd : type=1400 audit(0.0:8170): avc: granted { read open } for comm=4173796E635461736B2023323634 path="/proc/3003/net/arp" dev="proc" ino=4026532247 scontext=u:r:platform_app:s0:c512,c768 tcontext=u:object_r:proc_net:s0 tclass=file app=com.hht.lebocast
05-07 02:09:10.737 3003 3003 I auditd : type=1400 audit(0.0:8171): avc: granted { getattr } for comm=4173796E635461736B2023323634 path="/proc/3003/net/arp" dev="proc" ino=4026532247 scontext=u:r:platform_app:s0:c512,c768 tcontext=u:object_r:proc_net:s0 tclass=file app=com.hht.lebocast
05-07 02:09:10.737 3003 3003 I auditd : type=1400 audit(0.0:8172): avc: granted { getattr } for comm=4173796E635461736B2023323634 path="/proc/3003/net/arp" dev="proc" ino=4026532247 scontext=u:r:platform_app:s0:c512,c768 tcontext=u:object_r:proc_net:s0 tclass=file app=com.hht.lebocast
05-07 02:09:12.361 3003 3003 I auditd : type=1400 audit(0.0:8173): avc: granted { read } for comm=4173796E635461736B2023323635 name="arp" dev="proc" ino=4026532247 scontext=u:r:platform_app:s0:c512,c768 tcontext=u:object_r:proc_net:s0 tclass=file app=com.hht.lebocast
05-07 02:09:12.361 3003 3003 I auditd : type=1400 audit(0.0:8174): avc: granted { read open } for comm=4173796E635461736B2023323635 path="/proc/3003/net/arp" dev="proc" ino=4026532247 scontext=u:r:platform_app:s0:c512,c768 tcontext=u:object_r:proc_net:s0 tclass=file app=com.hht.lebocast
05-07 02:09:12.361 3003 3003 I auditd : type=1400 audit(0.0:8175): avc: granted { getattr } for comm=4173796E635461736B2023323635 path="/proc/3003/net/arp" dev="proc" ino=4026532247 scontext=u:r:platform_app:s0:c512,c768 tcontext=u:object_r:proc_net:s0 tclass=file app=com.hht.lebocast
05-07 02:09:12.361 3003 3003 I auditd : type=1400 audit(0.0:8176): avc: granted { getattr } for comm=4173796E635461736B2023323635 path="/proc/3003/net/arp" dev="proc" ino=4026532247 scontext=u:r:platform_app:s0:c512,c768 tcontext=u:object_r:proc_net:s0 tclass=file app=com.hht.lebocast
05-07 02:09:15.808 1092 1092 I notification_enqueue: [10100,5640,com.tencent.android.qqdownloader,127,NULL,0,Notification(channel=channel_id_default_silent shortcut=null contentView=com.tencent.android.qqdownloader/0x7f0a01c2 vibrate=null sound=null defaults=0x0 flags=0x2a2 color=0x00000000 groupKey=com.tencent.android.qqdownloader vis=PRIVATE),1]
05-07 02:09:19.017 3003 3003 I auditd : type=1400 audit(0.0:8177): avc: granted { read } for comm=4173796E635461736B2023323636 name="arp" dev="proc" ino=4026532247 scontext=u:r:platform_app:s0:c512,c768 tcontext=u:object_r:proc_net:s0 tclass=file app=com.hht.lebocast
05-07 02:09:19.017 3003 3003 I auditd : type=1400 audit(0.0:8178): avc: granted { read open } for comm=4173796E635461736B2023323636 path="/proc/3003/net/arp" dev="proc" ino=4026532247 scontext=u:r:platform_app:s0:c512,c768 tcontext=u:object_r:proc_net:s0 tclass=file app=com.hht.lebocast
05-07 02:09:19.017 3003 3003 I auditd : type=1400 audit(0.0:8179): avc: granted { getattr } for comm=4173796E635461736B2023323636 path="/proc/3003/net/arp" dev="proc" ino=4026532247 scontext=u:r:platform_app:s0:c512,c768 tcontext=u:object_r:proc_net:s0 tclass=file app=com.hht.lebocast
05-07 02:09:19.017 3003 3003 I auditd : type=1400 audit(0.0:8180): avc: granted { getattr } for comm=4173796E635461736B2023323636 path="/proc/3003/net/arp" dev="proc" ino=4026532247 scontext=u:r:platform_app:s0:c512,c768 tcontext=u:object_r:proc_net:s0 tclass=file app=com.hht.lebocast
05-07 02:09:25.265 3003 3003 I auditd : type=1400 audit(0.0:8181): avc: granted { read } for comm=4173796E635461736B2023323637 name="arp" dev="proc" ino=4026532247 scontext=u:r:platform_app:s0:c512,c768 tcontext=u:object_r:proc_net:s0 tclass=file app=com.hht.lebocast
05-07 02:09:25.265 3003 3003 I auditd : type=1400 audit(0.0:8182): avc: granted { read open } for comm=4173796E635461736B2023323637 path="/proc/3003/net/arp" dev="proc" ino=4026532247 scontext=u:r:platform_app:s0:c512,c768 tcontext=u:object_r:proc_net:s0 tclass=file app=com.hht.lebocast
05-07 02:09:25.265 3003 3003 I auditd : type=1400 audit(0.0:8183): avc: granted { getattr } for comm=4173796E635461736B2023323637 path="/proc/3003/net/arp" dev="proc" ino=4026532247 scontext=u:r:platform_app:s0:c512,c768 tcontext=u:object_r:proc_net:s0 tclass=file app=com.hht.lebocast
05-07 02:09:25.265 3003 3003 I auditd : type=1400 audit(0.0:8184): avc: granted { getattr } for comm=4173796E635461736B2023323637 path="/proc/3003/net/arp" dev="proc" ino=4026532247 scontext=u:r:platform_app:s0:c512,c768 tcontext=u:object_r:proc_net:s0 tclass=file app=com.hht.lebocast
05-07 02:09:29.153 3003 3003 I auditd : type=1400 audit(0.0:8185): avc: granted { read } for comm=4173796E635461736B2023323638 name="arp" dev="proc" ino=4026532247 scontext=u:r:platform_app:s0:c512,c768 tcontext=u:object_r:proc_net:s0 tclass=file app=com.hht.lebocast
05-07 02:09:29.153 3003 3003 I auditd : type=1400 audit(0.0:8186): avc: granted { read open } for comm=4173796E635461736B2023323638 path="/proc/3003/net/arp" dev="proc" ino=4026532247 scontext=u:r:platform_app:s0:c512,c768 tcontext=u:object_r:proc_net:s0 tclass=file app=com.hht.lebocast
05-07 02:09:29.153 3003 3003 I auditd : type=1400 audit(0.0:8187): avc: granted { getattr } for comm=4173796E635461736B2023323638 path="/proc/3003/net/arp" dev="proc" ino=4026532247 scontext=u:r:platform_app:s0:c512,c768 tcontext=u:object_r:proc_net:s0 tclass=file app=com.hht.lebocast
05-07 02:09:29.153 3003 3003 I auditd : type=1400 audit(0.0:8188): avc: granted { getattr } for comm=4173796E635461736B2023323638 path="/proc/3003/net/arp" dev="proc" ino=4026532247 scontext=u:r:platform_app:s0:c512,c768 tcontext=u:object_r:proc_net:s0 tclass=file app=com.hht.lebocast
05-07 02:09:30.689 3003 3003 I auditd : type=1400 audit(0.0:8189): avc: granted { read } for comm=4173796E635461736B2023323639 name="arp" dev="proc" ino=4026532247 scontext=u:r:platform_app:s0:c512,c768 tcontext=u:object_r:proc_net:s0 tclass=file app=com.hht.lebocast
05-07 02:09:30.689 3003 3003 I auditd : type=1400 audit(0.0:8190): avc: granted { read open } for comm=4173796E635461736B2023323639 path="/proc/3003/net/arp" dev="proc" ino=4026532247 scontext=u:r:platform_app:s0:c512,c768 tcontext=u:object_r:proc_net:s0 tclass=file app=com.hht.lebocast
05-07 02:09:30.689 3003 3003 I auditd : type=1400 audit(0.0:8191): avc: granted { getattr } for comm=4173796E635461736B2023323639 path="/proc/3003/net/arp" dev="proc" ino=4026532247 scontext=u:r:platform_app:s0:c512,c768 tcontext=u:object_r:proc_net:s0 tclass=file app=com.hht.lebocast
05-07 02:09:30.689 3003 3003 I auditd : type=1400 audit(0.0:8192): avc: granted { getattr } for comm=4173796E635461736B2023323639 path="/proc/3003/net/arp" dev="proc" ino=4026532247 scontext=u:r:platform_app:s0:c512,c768 tcontext=u:object_r:proc_net:s0 tclass=file app=com.hht.lebocast
05-07 02:09:32.429 3003 3003 I auditd : type=1400 audit(0.0:8193): avc: granted { read } for comm=4173796E635461736B2023323730 name="arp" dev="proc" ino=4026532247 scontext=u:r:platform_app:s0:c512,c768 tcontext=u:object_r:proc_net:s0 tclass=file app=com.hht.lebocast
05-07 02:09:32.445 3003 3003 I auditd : type=1400 audit(0.0:8194): avc: granted { read open } for comm=4173796E635461736B2023323730 path="/proc/3003/net/arp" dev="proc" ino=4026532247 scontext=u:r:platform_app:s0:c512,c768 tcontext=u:object_r:proc_net:s0 tclass=file app=com.hht.lebocast
05-07 02:09:32.445 3003 3003 I auditd : type=1400 audit(0.0:8195): avc: granted { getattr } for comm=4173796E635461736B2023323730 path="/proc/3003/net/arp" dev="proc" ino=4026532247 scontext=u:r:platform_app:s0:c512,c768 tcontext=u:object_r:proc_net:s0 tclass=file app=com.hht.lebocast
05-07 02:09:32.445 3003 3003 I auditd : type=1400 audit(0.0:8196): avc: granted { getattr } for comm=4173796E635461736B2023323730 path="/proc/3003/net/arp" dev="proc" ino=4026532247 scontext=u:r:platform_app:s0:c512,c768 tcontext=u:object_r:proc_net:s0 tclass=file app=com.hht.lebocast
05-07 02:09:34.391 1092 1893 I sync : [com.tencent.android.qqdownloader.YYBLiveAccountProvider,0,3,24220937]
05-07 02:09:34.419 1092 1214 I am_pss : [8607,10101,com.taptap,181632000,131403776,0,404643840,0,2,34]
05-07 02:09:34.451 1092 1893 I sync : [com.tencent.android.qqdownloader.YYBLiveAccountProvider,1,3,24220937]
05-07 02:09:34.456 1092 1893 I commit_sys_config_file: [sync-status,747740]
05-07 02:09:34.470 1092 1893 I sync : [com.tencent.android.qqdownloader.YYBLiveAccountProvider,0,3,24220937]
05-07 02:09:34.529 1092 1893 I sync : [com.tencent.android.qqdownloader.YYBLiveAccountProvider,1,3,24220937]
05-07 02:09:34.533 1092 1893 I commit_sys_config_file: [sync-status,747817]
05-07 02:09:36.469 1092 1203 I commit_sys_config_file: [jobs,13]
05-07 02:09:36.662 1092 1242 I sysui_multi_action: [757,1696,758,6,759,2]
05-07 02:09:36.676 1092 1217 I am_wtf : [0,1092,system_server,-1,DisplayDeviceConfig,requesting nits when no mapping exists.]
05-07 02:09:36.694 1092 1217 I am_wtf : [0,1092,system_server,-1,DisplayDeviceConfig,requesting nits when no mapping exists.]
05-07 02:09:36.724 1092 1217 I am_wtf : [0,1092,system_server,-1,DisplayDeviceConfig,requesting nits when no mapping exists.]
05-07 02:09:36.728 1092 1217 I am_wtf : [0,1092,system_server,-1,DisplayDeviceConfig,requesting nits when no mapping exists.]
05-07 02:09:36.749 1092 1217 I am_wtf : [0,1092,system_server,-1,DisplayDeviceConfig,requesting nits when no mapping exists.]
05-07 02:09:36.753 1092 1217 I am_wtf : [0,1092,system_server,-1,DisplayDeviceConfig,requesting nits when no mapping exists.]
05-07 02:09:36.774 1092 1217 I am_wtf : [0,1092,system_server,-1,DisplayDeviceConfig,requesting nits when no mapping exists.]
05-07 02:09:36.776 1092 1217 I am_wtf : [0,1092,system_server,-1,DisplayDeviceConfig,requesting nits when no mapping exists.]
05-07 02:09:36.799 1092 1217 I am_wtf : [0,1092,system_server,-1,DisplayDeviceConfig,requesting nits when no mapping exists.]
05-07 02:09:36.800 1092 1217 I am_wtf : [0,1092,system_server,-1,DisplayDeviceConfig,requesting nits when no mapping exists.]
05-07 02:09:36.815 1092 1217 I am_wtf : [0,1092,system_server,-1,DisplayDeviceConfig,requesting nits when no mapping exists.]
05-07 02:09:36.816 1092 1217 I am_wtf : [0,1092,system_server,-1,DisplayDeviceConfig,requesting nits when no mapping exists.]
05-07 02:09:36.863 1092 1217 I am_wtf : [0,1092,system_server,-1,DisplayDeviceConfig,requesting nits when no mapping exists.]
05-07 02:09:36.865 1092 1217 I am_wtf : [0,1092,system_server,-1,DisplayDeviceConfig,requesting nits when no mapping exists.]
05-07 02:09:36.902 1092 1217 I am_wtf : [0,1092,system_server,-1,DisplayDeviceConfig,requesting nits when no mapping exists.]
05-07 02:09:36.905 1092 1217 I am_wtf : [0,1092,system_server,-1,DisplayDeviceConfig,requesting nits when no mapping exists.]
05-07 02:09:36.927 1092 1217 I am_wtf : [0,1092,system_server,-1,DisplayDeviceConfig,requesting nits when no mapping exists.]
05-07 02:09:36.929 1092 1217 I am_wtf : [0,1092,system_server,-1,DisplayDeviceConfig,requesting nits when no mapping exists.]
05-07 02:09:36.951 1092 1217 I am_wtf : [0,1092,system_server,-1,DisplayDeviceConfig,requesting nits when no mapping exists.]
05-07 02:09:36.953 1092 1217 I am_wtf : [0,1092,system_server,-1,DisplayDeviceConfig,requesting nits when no mapping exists.]
05-07 02:09:36.976 1092 1217 I am_wtf : [0,1092,system_server,-1,DisplayDeviceConfig,requesting nits when no mapping exists.]
05-07 02:09:36.977 1092 1217 I am_wtf : [0,1092,system_server,-1,DisplayDeviceConfig,requesting nits when no mapping exists.]
05-07 02:09:37.004 1092 1217 I am_wtf : [0,1092,system_server,-1,DisplayDeviceConfig,requesting nits when no mapping exists.]
05-07 02:09:37.005 1092 1217 I am_wtf : [0,1092,system_server,-1,DisplayDeviceConfig,requesting nits when no mapping exists.]
05-07 02:09:37.046 1092 1217 I am_wtf : [0,1092,system_server,-1,DisplayDeviceConfig,requesting nits when no mapping exists.]
05-07 02:09:37.048 1092 1217 I am_wtf : [0,1092,system_server,-1,DisplayDeviceConfig,requesting nits when no mapping exists.]
05-07 02:09:37.071 1092 1217 I am_wtf : [0,1092,system_server,-1,DisplayDeviceConfig,requesting nits when no mapping exists.]
05-07 02:09:37.072 1092 1217 I am_wtf : [0,1092,system_server,-1,DisplayDeviceConfig,requesting nits when no mapping exists.]
05-07 02:09:37.095 1092 1217 I am_wtf : [0,1092,system_server,-1,DisplayDeviceConfig,requesting nits when no mapping exists.]
05-07 02:09:37.096 1092 1217 I am_wtf : [0,1092,system_server,-1,DisplayDeviceConfig,requesting nits when no mapping exists.]
05-07 02:09:37.122 1092 1217 I am_wtf : [0,1092,system_server,-1,DisplayDeviceConfig,requesting nits when no mapping exists.]
05-07 02:09:37.123 1092 1217 I am_wtf : [0,1092,system_server,-1,DisplayDeviceConfig,requesting nits when no mapping exists.]
05-07 02:09:37.145 1092 1217 I am_wtf : [0,1092,system_server,-1,DisplayDeviceConfig,requesting nits when no mapping exists.]
05-07 02:09:37.146 1092 1217 I am_wtf : [0,1092,system_server,-1,DisplayDeviceConfig,requesting nits when no mapping exists.]
05-07 02:09:37.187 1092 1217 I am_wtf : [0,1092,system_server,-1,DisplayDeviceConfig,requesting nits when no mapping exists.]
05-07 02:09:37.188 1092 1217 I am_wtf : [0,1092,system_server,-1,DisplayDeviceConfig,requesting nits when no mapping exists.]
05-07 02:09:37.211 1092 1217 I am_wtf : [0,1092,system_server,-1,DisplayDeviceConfig,requesting nits when no mapping exists.]
05-07 02:09:37.217 1092 1217 I am_wtf : [0,1092,system_server,-1,DisplayDeviceConfig,requesting nits when no mapping exists.]
05-07 02:09:37.236 1092 1217 I am_wtf : [0,1092,system_server,-1,DisplayDeviceConfig,requesting nits when no mapping exists.]
05-07 02:09:37.237 1092 1217 I am_wtf : [0,1092,system_server,-1,DisplayDeviceConfig,requesting nits when no mapping exists.]
05-07 02:09:37.260 1092 1217 I am_wtf : [0,1092,system_server,-1,DisplayDeviceConfig,requesting nits when no mapping exists.]
05-07 02:09:37.261 1092 1217 I am_wtf : [0,1092,system_server,-1,DisplayDeviceConfig,requesting nits when no mapping exists.]
05-07 02:09:37.286 1092 1217 I am_wtf : [0,1092,system_server,-1,DisplayDeviceConfig,requesting nits when no mapping exists.]
05-07 02:09:37.287 1092 1217 I am_wtf : [0,1092,system_server,-1,DisplayDeviceConfig,requesting nits when no mapping exists.]
05-07 02:09:37.329 1092 1217 I am_wtf : [0,1092,system_server,-1,DisplayDeviceConfig,requesting nits when no mapping exists.]
05-07 02:09:37.330 1092 1217 I am_wtf : [0,1092,system_server,-1,DisplayDeviceConfig,requesting nits when no mapping exists.]
05-07 02:09:37.354 1092 1217 I am_wtf : [0,1092,system_server,-1,DisplayDeviceConfig,requesting nits when no mapping exists.]
05-07 02:09:37.356 1092 1217 I am_wtf : [0,1092,system_server,-1,DisplayDeviceConfig,requesting nits when no mapping exists.]
05-07 02:09:37.379 1092 1217 I am_wtf : [0,1092,system_server,-1,DisplayDeviceConfig,requesting nits when no mapping exists.]
05-07 02:09:37.380 1092 1217 I am_wtf : [0,1092,system_server,-1,DisplayDeviceConfig,requesting nits when no mapping exists.]
05-07 02:09:37.404 1092 1217 I am_wtf : [0,1092,system_server,-1,DisplayDeviceConfig,requesting nits when no mapping exists.]
05-07 02:09:37.405 1092 1217 I am_wtf : [0,1092,system_server,-1,DisplayDeviceConfig,requesting nits when no mapping exists.]
05-07 02:09:37.429 1092 1217 I am_wtf : [0,1092,system_server,-1,DisplayDeviceConfig,requesting nits when no mapping exists.]
05-07 02:09:37.431 1092 1217 I am_wtf : [0,1092,system_server,-1,DisplayDeviceConfig,requesting nits when no mapping exists.]
05-07 02:09:37.473 1092 1217 I am_wtf : [0,1092,system_server,-1,DisplayDeviceConfig,requesting nits when no mapping exists.]
05-07 02:09:37.474 1092 1217 I am_wtf : [0,1092,system_server,-1,DisplayDeviceConfig,requesting nits when no mapping exists.]
05-07 02:09:37.497 1092 1217 I am_wtf : [0,1092,system_server,-1,DisplayDeviceConfig,requesting nits when no mapping exists.]
05-07 02:09:37.499 1092 1217 I am_wtf : [0,1092,system_server,-1,DisplayDeviceConfig,requesting nits when no mapping exists.]
05-07 02:09:37.523 1092 1217 I am_wtf : [0,1092,system_server,-1,DisplayDeviceConfig,requesting nits when no mapping exists.]
05-07 02:09:37.524 1092 1217 I am_wtf : [0,1092,system_server,-1,DisplayDeviceConfig,requesting nits when no mapping exists.]
05-07 02:09:37.547 1092 1217 I am_wtf : [0,1092,system_server,-1,DisplayDeviceConfig,requesting nits when no mapping exists.]
05-07 02:09:37.548 1092 1217 I am_wtf : [0,1092,system_server,-1,DisplayDeviceConfig,requesting nits when no mapping exists.]
05-07 02:09:37.574 1092 1217 I am_wtf : [0,1092,system_server,-1,DisplayDeviceConfig,requesting nits when no mapping exists.]
05-07 02:09:37.575 1092 1217 I am_wtf : [0,1092,system_server,-1,DisplayDeviceConfig,requesting nits when no mapping exists.]
05-07 02:09:37.615 1092 1217 I am_wtf : [0,1092,system_server,-1,DisplayDeviceConfig,requesting nits when no mapping exists.]
05-07 02:09:37.617 1092 1217 I am_wtf : [0,1092,system_server,-1,DisplayDeviceConfig,requesting nits when no mapping exists.]
05-07 02:09:37.640 1092 1217 I am_wtf : [0,1092,system_server,-1,DisplayDeviceConfig,requesting nits when no mapping exists.]
05-07 02:09:37.642 1092 1217 I am_wtf : [0,1092,system_server,-1,DisplayDeviceConfig,requesting nits when no mapping exists.]
05-07 02:09:39.513 3003 3003 I auditd : type=1400 audit(0.0:8197): avc: granted { read } for comm=4173796E635461736B2023323731 name="arp" dev="proc" ino=4026532247 scontext=u:r:platform_app:s0:c512,c768 tcontext=u:object_r:proc_net:s0 tclass=file app=com.hht.lebocast
05-07 02:09:39.517 3003 3003 I auditd : type=1400 audit(0.0:8198): avc: granted { read open } for comm=4173796E635461736B2023323731 path="/proc/3003/net/arp" dev="proc" ino=4026532247 scontext=u:r:platform_app:s0:c512,c768 tcontext=u:object_r:proc_net:s0 tclass=file app=com.hht.lebocast
05-07 02:09:39.517 3003 3003 I auditd : type=1400 audit(0.0:8199): avc: granted { getattr } for comm=4173796E635461736B2023323731 path="/proc/3003/net/arp" dev="proc" ino=4026532247 scontext=u:r:platform_app:s0:c512,c768 tcontext=u:object_r:proc_net:s0 tclass=file app=com.hht.lebocast
05-07 02:09:39.517 3003 3003 I auditd : type=1400 audit(0.0:8200): avc: granted { getattr } for comm=4173796E635461736B2023323731 path="/proc/3003/net/arp" dev="proc" ino=4026532247 scontext=u:r:platform_app:s0:c512,c768 tcontext=u:object_r:proc_net:s0 tclass=file app=com.hht.lebocast
05-07 02:09:40.651 1092 1691 I input_interaction: Interaction with: Letterbox_right_ActivityRecord{3f64669 u0 com.taptap/.infra.page.core.activity.MainProxyActivity t21} (server), edge-swipe (server), swipe-up (server), PointerEventDispatcher0 (server),
05-07 02:09:40.659 1092 1242 I sysui_multi_action: [757,1696,758,6,759,3]
05-07 02:09:40.675 1092 1217 I am_wtf : [0,1092,system_server,-1,DisplayDeviceConfig,requesting nits when no mapping exists.]
05-07 02:09:40.676 1092 1217 I am_wtf : [0,1092,system_server,-1,DisplayDeviceConfig,requesting nits when no mapping exists.]
05-07 02:09:40.707 1092 1217 I am_wtf : [0,1092,system_server,-1,DisplayDeviceConfig,requesting nits when no mapping exists.]
05-07 02:09:40.709 1092 1217 I am_wtf : [0,1092,system_server,-1,DisplayDeviceConfig,requesting nits when no mapping exists.]
05-07 02:09:40.732 1092 1217 I am_wtf : [0,1092,system_server,-1,DisplayDeviceConfig,requesting nits when no mapping exists.]
05-07 02:09:40.737 1092 1217 I am_wtf : [0,1092,system_server,-1,DisplayDeviceConfig,requesting nits when no mapping exists.]
05-07 02:09:40.756 1092 1217 I am_wtf : [0,1092,system_server,-1,DisplayDeviceConfig,requesting nits when no mapping exists.]
05-07 02:09:40.758 1092 1217 I am_wtf : [0,1092,system_server,-1,DisplayDeviceConfig,requesting nits when no mapping exists.]
05-07 02:09:40.781 1092 1217 I am_wtf : [0,1092,system_server,-1,DisplayDeviceConfig,requesting nits when no mapping exists.]
05-07 02:09:40.782 1092 1217 I am_wtf : [0,1092,system_server,-1,DisplayDeviceConfig,requesting nits when no mapping exists.]
05-07 02:09:40.783 1092 1217 I service_manager_stats: [100,111,69302]
05-07 02:09:40.797 1092 1217 I am_wtf : [0,1092,system_server,-1,DisplayDeviceConfig,requesting nits when no mapping exists.]
05-07 02:09:40.798 1092 1217 I am_wtf : [0,1092,system_server,-1,DisplayDeviceConfig,requesting nits when no mapping exists.]
05-07 02:09:40.830 1092 1217 I am_wtf : [0,1092,system_server,-1,DisplayDeviceConfig,requesting nits when no mapping exists.]
05-07 02:09:40.831 1092 1217 I am_wtf : [0,1092,system_server,-1,DisplayDeviceConfig,requesting nits when no mapping exists.]
05-07 02:09:40.872 1092 1217 I am_wtf : [0,1092,system_server,-1,DisplayDeviceConfig,requesting nits when no mapping exists.]
05-07 02:09:40.873 1092 1217 I am_wtf : [0,1092,system_server,-1,DisplayDeviceConfig,requesting nits when no mapping exists.]
05-07 02:09:40.896 1092 1217 I am_wtf : [0,1092,system_server,-1,DisplayDeviceConfig,requesting nits when no mapping exists.]
05-07 02:09:40.897 1092 1217 I am_wtf : [0,1092,system_server,-1,DisplayDeviceConfig,requesting nits when no mapping exists.]
05-07 02:09:40.921 1092 1217 I am_wtf : [0,1092,system_server,-1,DisplayDeviceConfig,requesting nits when no mapping exists.]
05-07 02:09:40.922 1092 1217 I am_wtf : [0,1092,system_server,-1,DisplayDeviceConfig,requesting nits when no mapping exists.]
05-07 02:09:40.944 1092 1217 I am_wtf : [0,1092,system_server,-1,DisplayDeviceConfig,requesting nits when no mapping exists.]
05-07 02:09:40.946 1092 1217 I am_wtf : [0,1092,system_server,-1,DisplayDeviceConfig,requesting nits when no mapping exists.]
05-07 02:09:40.970 1092 1217 I am_wtf : [0,1092,system_server,-1,DisplayDeviceConfig,requesting nits when no mapping exists.]
05-07 02:09:40.971 1092 1217 I am_wtf : [0,1092,system_server,-1,DisplayDeviceConfig,requesting nits when no mapping exists.]
05-07 02:09:40.995 1092 1217 I am_wtf : [0,1092,system_server,-1,DisplayDeviceConfig,requesting nits when no mapping exists.]
05-07 02:09:40.996 1092 1217 I am_wtf : [0,1092,system_server,-1,DisplayDeviceConfig,requesting nits when no mapping exists.]
05-07 02:09:41.043 1092 1217 I am_wtf : [0,1092,system_server,-1,DisplayDeviceConfig,requesting nits when no mapping exists.]
05-07 02:09:41.044 1092 1217 I am_wtf : [0,1092,system_server,-1,DisplayDeviceConfig,requesting nits when no mapping exists.]
05-07 02:09:41.066 1092 1217 I am_wtf : [0,1092,system_server,-1,DisplayDeviceConfig,requesting nits when no mapping exists.]
05-07 02:09:41.068 1092 1217 I am_wtf : [0,1092,system_server,-1,DisplayDeviceConfig,requesting nits when no mapping exists.]
05-07 02:09:41.092 1092 1217 I am_wtf : [0,1092,system_server,-1,DisplayDeviceConfig,requesting nits when no mapping exists.]
05-07 02:09:41.094 1092 1217 I am_wtf : [0,1092,system_server,-1,DisplayDeviceConfig,requesting nits when no mapping exists.]
05-07 02:09:41.116 1092 1217 I am_wtf : [0,1092,system_server,-1,DisplayDeviceConfig,requesting nits when no mapping exists.]
05-07 02:09:41.117 1092 1217 I am_wtf : [0,1092,system_server,-1,DisplayDeviceConfig,requesting nits when no mapping exists.]
05-07 02:09:41.155 1092 1217 I am_wtf : [0,1092,system_server,-1,DisplayDeviceConfig,requesting nits when no mapping exists.]
05-07 02:09:41.158 1092 1217 I am_wtf : [0,1092,system_server,-1,DisplayDeviceConfig,requesting nits when no mapping exists.]
05-07 02:09:41.189 1092 1217 I am_wtf : [0,1092,system_server,-1,DisplayDeviceConfig,requesting nits when no mapping exists.]
05-07 02:09:41.190 1092 1217 I am_wtf : [0,1092,system_server,-1,DisplayDeviceConfig,requesting nits when no mapping exists.]
05-07 02:09:41.215 1092 1217 I am_wtf : [0,1092,system_server,-1,DisplayDeviceConfig,requesting nits when no mapping exists.]
05-07 02:09:41.216 1092 1217 I am_wtf : [0,1092,system_server,-1,DisplayDeviceConfig,requesting nits when no mapping exists.]
05-07 02:09:41.238 1092 1217 I am_wtf : [0,1092,system_server,-1,DisplayDeviceConfig,requesting nits when no mapping exists.]
05-07 02:09:41.240 1092 1217 I am_wtf : [0,1092,system_server,-1,DisplayDeviceConfig,requesting nits when no mapping exists.]
05-07 02:09:41.261 1092 1217 I am_wtf : [0,1092,system_server,-1,DisplayDeviceConfig,requesting nits when no mapping exists.]
05-07 02:09:41.263 1092 1217 I am_wtf : [0,1092,system_server,-1,DisplayDeviceConfig,requesting nits when no mapping exists.]
05-07 02:09:41.289 1092 1217 I am_wtf : [0,1092,system_server,-1,DisplayDeviceConfig,requesting nits when no mapping exists.]
05-07 02:09:41.291 1092 1217 I am_wtf : [0,1092,system_server,-1,DisplayDeviceConfig,requesting nits when no mapping exists.]
05-07 02:09:41.331 1092 1217 I am_wtf : [0,1092,system_server,-1,DisplayDeviceConfig,requesting nits when no mapping exists.]
05-07 02:09:41.333 1092 1217 I am_wtf : [0,1092,system_server,-1,DisplayDeviceConfig,requesting nits when no mapping exists.]
05-07 02:09:41.356 1092 1217 I am_wtf : [0,1092,system_server,-1,DisplayDeviceConfig,requesting nits when no mapping exists.]
05-07 02:09:41.358 1092 1217 I am_wtf : [0,1092,system_server,-1,DisplayDeviceConfig,requesting nits when no mapping exists.]
05-07 02:09:41.381 1092 1217 I am_wtf : [0,1092,system_server,-1,DisplayDeviceConfig,requesting nits when no mapping exists.]
05-07 02:09:41.383 1092 1217 I am_wtf : [0,1092,system_server,-1,DisplayDeviceConfig,requesting nits when no mapping exists.]
05-07 02:09:41.385 1092 1723 I netstats_mobile_sample: [0,0,0,0,0,0,0,0,0,0,0,0,1683514443236]
05-07 02:09:41.385 1092 1723 I netstats_wifi_sample: [308,4,568,5,308,4,568,5,228,2,520,4,1683514443236]
05-07 02:09:41.405 1092 1217 I am_wtf : [0,1092,system_server,-1,DisplayDeviceConfig,requesting nits when no mapping exists.]
05-07 02:09:41.407 1092 1217 I am_wtf : [0,1092,system_server,-1,DisplayDeviceConfig,requesting nits when no mapping exists.]
05-07 02:09:41.433 1092 1217 I am_wtf : [0,1092,system_server,-1,DisplayDeviceConfig,requesting nits when no mapping exists.]
05-07 02:09:41.434 1092 1217 I am_wtf : [0,1092,system_server,-1,DisplayDeviceConfig,requesting nits when no mapping exists.]
05-07 02:09:41.475 1092 1217 I am_wtf : [0,1092,system_server,-1,DisplayDeviceConfig,requesting nits when no mapping exists.]
05-07 02:09:41.477 1092 1217 I am_wtf : [0,1092,system_server,-1,DisplayDeviceConfig,requesting nits when no mapping exists.]
05-07 02:09:41.500 1092 1217 I am_wtf : [0,1092,system_server,-1,DisplayDeviceConfig,requesting nits when no mapping exists.]
05-07 02:09:41.521 1092 1217 I service_manager_slow: [20,dropbox]
05-07 02:09:41.521 1092 1217 I am_wtf : [0,1092,system_server,-1,DisplayDeviceConfig,requesting nits when no mapping exists.]
05-07 02:09:41.526 1092 1217 I am_wtf : [0,1092,system_server,-1,DisplayDeviceConfig,requesting nits when no mapping exists.]
05-07 02:09:41.527 1092 1217 I am_wtf : [0,1092,system_server,-1,DisplayDeviceConfig,requesting nits when no mapping exists.]
05-07 02:09:41.550 1092 1217 I am_wtf : [0,1092,system_server,-1,DisplayDeviceConfig,requesting nits when no mapping exists.]
05-07 02:09:41.552 1092 1217 I am_wtf : [0,1092,system_server,-1,DisplayDeviceConfig,requesting nits when no mapping exists.]
05-07 02:09:41.577 1092 1217 I am_wtf : [0,1092,system_server,-1,DisplayDeviceConfig,requesting nits when no mapping exists.]
05-07 02:09:41.578 1092 1217 I am_wtf : [0,1092,system_server,-1,DisplayDeviceConfig,requesting nits when no mapping exists.]
05-07 02:09:41.619 1092 1217 I am_wtf : [0,1092,system_server,-1,DisplayDeviceConfig,requesting nits when no mapping exists.]
05-07 02:09:41.621 1092 1217 I am_wtf : [0,1092,system_server,-1,DisplayDeviceConfig,requesting nits when no mapping exists.]
05-07 02:09:41.859 1092 1691 I input_interaction: Interaction with: 5fa43f7 com.taptap/com.taptap.infra.page.core.activity.MainProxyActivity (server), edge-swipe (server), swipe-up (server), PointerEventDispatcher0 (server),
05-07 02:09:42.688 8607 8832 I dvm_lock_sample: [com.taptap,0,DefaultDispatcher-worker-1,652,ApiManagerHookImp.kt,-1,com.taptap.common.net.LoginInfo com.taptap.other.basic.impl.application.features.ApiManagerHookImp.fetchDeviceToken(),-,358,com.taptap.common.net.LoginInfo com.taptap.other.basic.impl.application.features.ApiManagerHookImp.fetchDeviceToken(),100]
05-07 02:09:45.233 3003 3003 I auditd : type=1400 audit(0.0:8201): avc: granted { read } for comm=4173796E635461736B2023323732 name="arp" dev="proc" ino=4026532247 scontext=u:r:platform_app:s0:c512,c768 tcontext=u:object_r:proc_net:s0 tclass=file app=com.hht.lebocast
05-07 02:09:45.233 3003 3003 I auditd : type=1400 audit(0.0:8202): avc: granted { read open } for comm=4173796E635461736B2023323732 path="/proc/3003/net/arp" dev="proc" ino=4026532247 scontext=u:r:platform_app:s0:c512,c768 tcontext=u:object_r:proc_net:s0 tclass=file app=com.hht.lebocast
05-07 02:09:45.233 3003 3003 I auditd : type=1400 audit(0.0:8203): avc: granted { getattr } for comm=4173796E635461736B2023323732 path="/proc/3003/net/arp" dev="proc" ino=4026532247 scontext=u:r:platform_app:s0:c512,c768 tcontext=u:object_r:proc_net:s0 tclass=file app=com.hht.lebocast
05-07 02:09:45.233 3003 3003 I auditd : type=1400 audit(0.0:8204): avc: granted { getattr } for comm=4173796E635461736B2023323732 path="/proc/3003/net/arp" dev="proc" ino=4026532247 scontext=u:r:platform_app:s0:c512,c768 tcontext=u:object_r:proc_net:s0 tclass=file app=com.hht.lebocast
05-07 02:09:48.317 1092 1691 I input_interaction: Interaction with: Letterbox_right_ActivityRecord{3f64669 u0 com.taptap/.infra.page.core.activity.MainProxyActivity t21} (server), edge-swipe (server), swipe-up (server), PointerEventDispatcher0 (server),
05-07 02:09:49.121 3003 3003 I auditd : type=1400 audit(0.0:8205): avc: granted { read } for comm=4173796E635461736B2023323733 name="arp" dev="proc" ino=4026532247 scontext=u:r:platform_app:s0:c512,c768 tcontext=u:object_r:proc_net:s0 tclass=file app=com.hht.lebocast
05-07 02:09:49.125 3003 3003 I auditd : type=1400 audit(0.0:8206): avc: granted { read open } for comm=4173796E635461736B2023323733 path="/proc/3003/net/arp" dev="proc" ino=4026532247 scontext=u:r:platform_app:s0:c512,c768 tcontext=u:object_r:proc_net:s0 tclass=file app=com.hht.lebocast
05-07 02:09:49.125 3003 3003 I auditd : type=1400 audit(0.0:8207): avc: granted { getattr } for comm=4173796E635461736B2023323733 path="/proc/3003/net/arp" dev="proc" ino=4026532247 scontext=u:r:platform_app:s0:c512,c768 tcontext=u:object_r:proc_net:s0 tclass=file app=com.hht.lebocast
05-07 02:09:49.125 3003 3003 I auditd : type=1400 audit(0.0:8208): avc: granted { getattr } for comm=4173796E635461736B2023323733 path="/proc/3003/net/arp" dev="proc" ino=4026532247 scontext=u:r:platform_app:s0:c512,c768 tcontext=u:object_r:proc_net:s0 tclass=file app=com.hht.lebocast
05-07 02:09:49.378 1092 1691 I input_interaction: Interaction with: 5fa43f7 com.taptap/com.taptap.infra.page.core.activity.MainProxyActivity (server), edge-swipe (server), swipe-up (server), PointerEventDispatcher0 (server),
05-07 02:09:50.669 3003 3003 I auditd : type=1400 audit(0.0:8209): avc: granted { read } for comm=4173796E635461736B2023323734 name="arp" dev="proc" ino=4026532247 scontext=u:r:platform_app:s0:c512,c768 tcontext=u:object_r:proc_net:s0 tclass=file app=com.hht.lebocast
05-07 02:09:50.669 3003 3003 I auditd : type=1400 audit(0.0:8210): avc: granted { read open } for comm=4173796E635461736B2023323734 path="/proc/3003/net/arp" dev="proc" ino=4026532247 scontext=u:r:platform_app:s0:c512,c768 tcontext=u:object_r:proc_net:s0 tclass=file app=com.hht.lebocast
05-07 02:09:50.669 3003 3003 I auditd : type=1400 audit(0.0:8211): avc: granted { getattr } for comm=4173796E635461736B2023323734 path="/proc/3003/net/arp" dev="proc" ino=4026532247 scontext=u:r:platform_app:s0:c512,c768 tcontext=u:object_r:proc_net:s0 tclass=file app=com.hht.lebocast
05-07 02:09:50.669 3003 3003 I auditd : type=1400 audit(0.0:8212): avc: granted { getattr } for comm=4173796E635461736B2023323734 path="/proc/3003/net/arp" dev="proc" ino=4026532247 scontext=u:r:platform_app:s0:c512,c768 tcontext=u:object_r:proc_net:s0 tclass=file app=com.hht.lebocast
05-07 02:09:52.401 3003 3003 I auditd : type=1400 audit(0.0:8213): avc: granted { read } for comm=4173796E635461736B2023323735 name="arp" dev="proc" ino=4026532247 scontext=u:r:platform_app:s0:c512,c768 tcontext=u:object_r:proc_net:s0 tclass=file app=com.hht.lebocast
05-07 02:09:52.401 3003 3003 I auditd : type=1400 audit(0.0:8214): avc: granted { read open } for comm=4173796E635461736B2023323735 path="/proc/3003/net/arp" dev="proc" ino=4026532247 scontext=u:r:platform_app:s0:c512,c768 tcontext=u:object_r:proc_net:s0 tclass=file app=com.hht.lebocast
05-07 02:09:52.401 3003 3003 I auditd : type=1400 audit(0.0:8215): avc: granted { getattr } for comm=4173796E635461736B2023323735 path="/proc/3003/net/arp" dev="proc" ino=4026532247 scontext=u:r:platform_app:s0:c512,c768 tcontext=u:object_r:proc_net:s0 tclass=file app=com.hht.lebocast
05-07 02:09:52.401 3003 3003 I auditd : type=1400 audit(0.0:8216): avc: granted { getattr } for comm=4173796E635461736B2023323735 path="/proc/3003/net/arp" dev="proc" ino=4026532247 scontext=u:r:platform_app:s0:c512,c768 tcontext=u:object_r:proc_net:s0 tclass=file app=com.hht.lebocast
05-07 02:09:55.781 3003 3003 I auditd : type=1400 audit(0.0:8217): avc: granted { read } for comm=4173796E635461736B2023323736 name="arp" dev="proc" ino=4026532247 scontext=u:r:platform_app:s0:c512,c768 tcontext=u:object_r:proc_net:s0 tclass=file app=com.hht.lebocast
05-07 02:09:55.781 3003 3003 I auditd : type=1400 audit(0.0:8218): avc: granted { read open } for comm=4173796E635461736B2023323736 path="/proc/3003/net/arp" dev="proc" ino=4026532247 scontext=u:r:platform_app:s0:c512,c768 tcontext=u:object_r:proc_net:s0 tclass=file app=com.hht.lebocast
05-07 02:09:55.781 3003 3003 I auditd : type=1400 audit(0.0:8219): avc: granted { getattr } for comm=4173796E635461736B2023323736 path="/proc/3003/net/arp" dev="proc" ino=4026532247 scontext=u:r:platform_app:s0:c512,c768 tcontext=u:object_r:proc_net:s0 tclass=file app=com.hht.lebocast
05-07 02:09:55.781 3003 3003 I auditd : type=1400 audit(0.0:8220): avc: granted { getattr } for comm=4173796E635461736B2023323736 path="/proc/3003/net/arp" dev="proc" ino=4026532247 scontext=u:r:platform_app:s0:c512,c768 tcontext=u:object_r:proc_net:s0 tclass=file app=com.hht.lebocast
05-07 02:09:57.375 1092 1691 I input_interaction: Interaction with: Letterbox_right_ActivityRecord{3f64669 u0 com.taptap/.infra.page.core.activity.MainProxyActivity t21} (server), edge-swipe (server), swipe-up (server), PointerEventDispatcher0 (server),
05-07 02:09:58.820 1092 1691 I input_interaction: Interaction with: 5fa43f7 com.taptap/com.taptap.infra.page.core.activity.MainProxyActivity (server), edge-swipe (server), swipe-up (server), PointerEventDispatcher0 (server),
05-07 02:09:58.953 3003 3003 I auditd : type=1400 audit(0.0:8221): avc: granted { read } for comm=4173796E635461736B2023323737 name="arp" dev="proc" ino=4026532247 scontext=u:r:platform_app:s0:c512,c768 tcontext=u:object_r:proc_net:s0 tclass=file app=com.hht.lebocast
05-07 02:09:58.953 3003 3003 I auditd : type=1400 audit(0.0:8222): avc: granted { read open } for comm=4173796E635461736B2023323737 path="/proc/3003/net/arp" dev="proc" ino=4026532247 scontext=u:r:platform_app:s0:c512,c768 tcontext=u:object_r:proc_net:s0 tclass=file app=com.hht.lebocast
05-07 02:09:58.953 3003 3003 I auditd : type=1400 audit(0.0:8223): avc: granted { getattr } for comm=4173796E635461736B2023323737 path="/proc/3003/net/arp" dev="proc" ino=4026532247 scontext=u:r:platform_app:s0:c512,c768 tcontext=u:object_r:proc_net:s0 tclass=file app=com.hht.lebocast
05-07 02:09:58.953 3003 3003 I auditd : type=1400 audit(0.0:8224): avc: granted { getattr } for comm=4173796E635461736B2023323737 path="/proc/3003/net/arp" dev="proc" ino=4026532247 scontext=u:r:platform_app:s0:c512,c768 tcontext=u:object_r:proc_net:s0 tclass=file app=com.hht.lebocast
05-07 02:10:01.413 3003 3003 I auditd : type=1400 audit(0.0:8225): avc: granted { read } for comm=4173796E635461736B2023323739 dev="proc" ino=4026532247 scontext=u:r:platform_app:s0:c512,c768 tcontext=u:object_r:proc_net:s0 tclass=file app=com.hht.lebocast
05-07 02:10:01.413 3003 3003 I auditd : type=1400 audit(0.0:8226): avc: granted { read } for comm=4173796E635461736B2023323738 name="arp" dev="proc" ino=4026532247 scontext=u:r:platform_app:s0:c512,c768 tcontext=u:object_r:proc_net:s0 tclass=file app=com.hht.lebocast
05-07 02:10:01.413 3003 3003 I auditd : type=1400 audit(0.0:8227): avc: granted { read open } for comm=4173796E635461736B2023323738 path="/proc/3003/net/arp" dev="proc" ino=4026532247 scontext=u:r:platform_app:s0:c512,c768 tcontext=u:object_r:proc_net:s0 tclass=file app=com.hht.lebocast
05-07 02:10:01.413 3003 3003 I auditd : type=1400 audit(0.0:8228): avc: granted { getattr } for comm=4173796E635461736B2023323738 path="/proc/3003/net/arp" dev="proc" ino=4026532247 scontext=u:r:platform_app:s0:c512,c768 tcontext=u:object_r:proc_net:s0 tclass=file app=com.hht.lebocast
05-07 02:10:01.413 3003 3003 I auditd : type=1400 audit(0.0:8229): avc: granted { getattr } for comm=4173796E635461736B2023323738 path="/proc/3003/net/arp" dev="proc" ino=4026532247 scontext=u:r:platform_app:s0:c512,c768 tcontext=u:object_r:proc_net:s0 tclass=file app=com.hht.lebocast
05-07 02:10:01.421 3003 3003 I auditd : type=1400 audit(0.0:8230): avc: granted { read open } for comm=4173796E635461736B2023323739 path=2F70726F632F333030332F6E65742F617270202864656C6574656429 dev="proc" ino=4026532247 scontext=u:r:platform_app:s0:c512,c768 tcontext=u:object_r:proc_net:s0 tclass=file app=com.hht.lebocast
05-07 02:10:01.421 3003 3003 I auditd : type=1400 audit(0.0:8231): avc: granted { getattr } for comm=4173796E635461736B2023323739 path=2F70726F632F333030332F6E65742F617270202864656C6574656429 dev="proc" ino=4026532247 scontext=u:r:platform_app:s0:c512,c768 tcontext=u:object_r:proc_net:s0 tclass=file app=com.hht.lebocast
05-07 02:10:02.433 3003 3003 I auditd : type=1400 audit(0.0:8237): avc: granted { read } for comm=4173796E635461736B2023323831 name="arp" dev="proc" ino=4026532247 scontext=u:r:platform_app:s0:c512,c768 tcontext=u:object_r:proc_net:s0 tclass=file app=com.hht.lebocast
05-07 02:10:02.433 3003 3003 I auditd : type=1400 audit(0.0:8238): avc: granted { read open } for comm=4173796E635461736B2023323831 path="/proc/3003/net/arp" dev="proc" ino=4026532247 scontext=u:r:platform_app:s0:c512,c768 tcontext=u:object_r:proc_net:s0 tclass=file app=com.hht.lebocast
05-07 02:10:02.433 3003 3003 I auditd : type=1400 audit(0.0:8239): avc: granted { getattr } for comm=4173796E635461736B2023323831 path="/proc/3003/net/arp" dev="proc" ino=4026532247 scontext=u:r:platform_app:s0:c512,c768 tcontext=u:object_r:proc_net:s0 tclass=file app=com.hht.lebocast
05-07 02:10:02.437 3003 3003 I auditd : type=1400 audit(0.0:8240): avc: granted { getattr } for comm=4173796E635461736B2023323831 path="/proc/3003/net/arp" dev="proc" ino=4026532247 scontext=u:r:platform_app:s0:c512,c768 tcontext=u:object_r:proc_net:s0 tclass=file app=com.hht.lebocast
05-07 02:10:03.153 3003 3003 I auditd : type=1400 audit(0.0:8241): avc: granted { read } for comm=4173796E635461736B2023323832 name="arp" dev="proc" ino=4026532247 scontext=u:r:platform_app:s0:c512,c768 tcontext=u:object_r:proc_net:s0 tclass=file app=com.hht.lebocast
05-07 02:10:05.721 3003 3003 I auditd : type=1400 audit(0.0:8245): avc: granted { read } for comm=4173796E635461736B2023323833 name="arp" dev="proc" ino=4026532247 scontext=u:r:platform_app:s0:c512,c768 tcontext=u:object_r:proc_net:s0 tclass=file app=com.hht.lebocast
05-07 02:10:05.721 3003 3003 I auditd : type=1400 audit(0.0:8246): avc: granted { read open } for comm=4173796E635461736B2023323833 path="/proc/3003/net/arp" dev="proc" ino=4026532247 scontext=u:r:platform_app:s0:c512,c768 tcontext=u:object_r:proc_net:s0 tclass=file app=com.hht.lebocast
