05-07 02:07:01.949 1092 1214 I am_pss : [9049,10101,com.taptap:process,22730752,13524992,524288,149245952,0,19,13]
05-07 02:07:02.308 1092 1674 I am_freeze: [4715,com.microsoft.emmx:privileged_process0]
05-07 02:07:02.317 1092 1674 I am_kill : [0,4715,com.microsoft.emmx:privileged_process0,915,Unable to freeze binder interface]
05-07 02:07:02.519 1092 6349 I am_proc_died: [0,4715,com.microsoft.emmx:privileged_process0,915,19]
05-07 02:07:02.709 8607 8607 I auditd : type=1400 audit(0.0:7933): avc: denied { read } for comm="Thread-62" name="tcp" dev="proc" ino=4026532258 scontext=u:r:untrusted_app_27:s0:c512,c768 tcontext=u:object_r:proc_net_tcp_udp:s0 tclass=file permissive=1 app=com.taptap
05-07 02:07:02.709 8607 8607 I auditd : type=1400 audit(0.0:7934): avc: denied { open } for comm="Thread-62" path="/proc/8607/net/tcp" dev="proc" ino=4026532258 scontext=u:r:untrusted_app_27:s0:c512,c768 tcontext=u:object_r:proc_net_tcp_udp:s0 tclass=file permissive=1 app=com.taptap
05-07 02:07:03.821 1092 1723 I service_manager_stats: [100,134,56537]
05-07 02:07:03.855 1092 1723 I netstats_mobile_sample: [0,0,0,0,0,0,0,0,0,0,0,0,1683514285707]
05-07 02:07:03.856 1092 1723 I netstats_wifi_sample: [308,4,568,5,308,4,568,5,228,2,520,4,1683514285707]
05-07 02:07:06.825 1092 1674 I am_freeze: [6131,com.android.inputmethod.latin]
05-07 02:07:06.834 1092 1674 I am_kill : [0,6131,com.android.inputmethod.latin,955,Unable to freeze binder interface]
05-07 02:07:06.957 1092 6791 I am_proc_died: [0,6131,com.android.inputmethod.latin,955,19]
05-07 02:07:06.958 1092 6791 I am_uid_stopped: 10072
05-07 02:07:06.997 1092 1214 I am_pss : [5683,10100,com.tencent.android.qqdownloader,166123520,149168128,0,330248192,0,5,26]
05-07 02:07:07.013 1092 1214 I am_pss : [8900,10101,com.taptap:booster,27226112,18411520,0,156549120,0,3,14]
05-07 02:07:07.032 1092 1214 I am_pss : [8757,10101,com.taptap:va_core,36579328,23523328,0,180916224,0,3,16]
05-07 02:07:08.437 3003 3003 I auditd : type=1400 audit(0.0:7935): avc: granted { read } for comm=4173796E635461736B2023323336 name="arp" dev="proc" ino=4026532247 scontext=u:r:platform_app:s0:c512,c768 tcontext=u:object_r:proc_net:s0 tclass=file app=com.hht.lebocast
05-07 02:07:08.437 3003 3003 I auditd : type=1400 audit(0.0:7936): avc: granted { read open } for comm=4173796E635461736B2023323336 path="/proc/3003/net/arp" dev="proc" ino=4026532247 scontext=u:r:platform_app:s0:c512,c768 tcontext=u:object_r:proc_net:s0 tclass=file app=com.hht.lebocast
05-07 02:07:08.437 3003 3003 I auditd : type=1400 audit(0.0:7937): avc: granted { getattr } for comm=4173796E635461736B2023323336 path="/proc/3003/net/arp" dev="proc" ino=4026532247 scontext=u:r:platform_app:s0:c512,c768 tcontext=u:object_r:proc_net:s0 tclass=file app=com.hht.lebocast
05-07 02:07:08.441 3003 3003 I auditd : type=1400 audit(0.0:7938): avc: granted { getattr } for comm=4173796E635461736B2023323336 path="/proc/3003/net/arp" dev="proc" ino=4026532247 scontext=u:r:platform_app:s0:c512,c768 tcontext=u:object_r:proc_net:s0 tclass=file app=com.hht.lebocast
05-07 02:07:10.605 3003 3003 I auditd : type=1400 audit(0.0:7939): avc: granted { read } for comm=4173796E635461736B2023323337 name="arp" dev="proc" ino=4026532247 scontext=u:r:platform_app:s0:c512,c768 tcontext=u:object_r:proc_net:s0 tclass=file app=com.hht.lebocast
05-07 02:07:10.605 3003 3003 I auditd : type=1400 audit(0.0:7940): avc: granted { read open } for comm=4173796E635461736B2023323337 path="/proc/3003/net/arp" dev="proc" ino=4026532247 scontext=u:r:platform_app:s0:c512,c768 tcontext=u:object_r:proc_net:s0 tclass=file app=com.hht.lebocast
05-07 02:07:10.605 3003 3003 I auditd : type=1400 audit(0.0:7941): avc: granted { getattr } for comm=4173796E635461736B2023323337 path="/proc/3003/net/arp" dev="proc" ino=4026532247 scontext=u:r:platform_app:s0:c512,c768 tcontext=u:object_r:proc_net:s0 tclass=file app=com.hht.lebocast
05-07 02:07:10.605 3003 3003 I auditd : type=1400 audit(0.0:7942): avc: granted { getattr } for comm=4173796E635461736B2023323337 path="/proc/3003/net/arp" dev="proc" ino=4026532247 scontext=u:r:platform_app:s0:c512,c768 tcontext=u:object_r:proc_net:s0 tclass=file app=com.hht.lebocast
05-07 02:07:11.943 1092 1674 I am_freeze: [6022,com.android.webview:webview_apk]
05-07 02:07:11.958 1092 1674 I am_kill : [0,6022,com.android.webview:webview_apk,945,Unable to freeze binder interface]
05-07 02:07:12.089 1092 6349 I am_proc_died: [0,6022,com.android.webview:webview_apk,945,19]
05-07 02:07:12.341 3003 3003 I auditd : type=1400 audit(0.0:7943): avc: granted { read } for comm=4173796E635461736B2023323338 name="arp" dev="proc" ino=4026532247 scontext=u:r:platform_app:s0:c512,c768 tcontext=u:object_r:proc_net:s0 tclass=file app=com.hht.lebocast
05-07 02:07:12.341 3003 3003 I auditd : type=1400 audit(0.0:7944): avc: granted { read open } for comm=4173796E635461736B2023323338 path="/proc/3003/net/arp" dev="proc" ino=4026532247 scontext=u:r:platform_app:s0:c512,c768 tcontext=u:object_r:proc_net:s0 tclass=file app=com.hht.lebocast
05-07 02:07:12.341 3003 3003 I auditd : type=1400 audit(0.0:7945): avc: granted { getattr } for comm=4173796E635461736B2023323338 path="/proc/3003/net/arp" dev="proc" ino=4026532247 scontext=u:r:platform_app:s0:c512,c768 tcontext=u:object_r:proc_net:s0 tclass=file app=com.hht.lebocast
05-07 02:07:12.345 3003 3003 I auditd : type=1400 audit(0.0:7946): avc: granted { getattr } for comm=4173796E635461736B2023323338 path="/proc/3003/net/arp" dev="proc" ino=4026532247 scontext=u:r:platform_app:s0:c512,c768 tcontext=u:object_r:proc_net:s0 tclass=file app=com.hht.lebocast
05-07 02:07:12.804 1092 1092 I notification_enqueue: [10100,5640,com.tencent.android.qqdownloader,127,NULL,0,Notification(channel=channel_id_default_silent shortcut=null contentView=com.tencent.android.qqdownloader/0x7f0a01c2 vibrate=null sound=null defaults=0x0 flags=0x2a2 color=0x00000000 groupKey=com.tencent.android.qqdownloader vis=PRIVATE),1]
05-07 02:07:14.383 1092 1893 I sync : [com.tencent.android.qqdownloader.YYBLiveAccountProvider,0,3,24220937]
05-07 02:07:14.441 1092 1893 I sync : [com.tencent.android.qqdownloader.YYBLiveAccountProvider,1,3,24220937]
05-07 02:07:14.447 1092 1893 I commit_sys_config_file: [sync-status,607731]
05-07 02:07:14.462 1092 1893 I sync : [com.tencent.android.qqdownloader.YYBLiveAccountProvider,0,3,24220937]
05-07 02:07:14.516 1092 1893 I sync : [com.tencent.android.qqdownloader.YYBLiveAccountProvider,1,3,24220937]
05-07 02:07:14.522 1092 1893 I commit_sys_config_file: [sync-status,607806]
05-07 02:07:15.471 1092 1217 I am_uid_idle: 10047
05-07 02:07:16.453 1092 1203 I commit_sys_config_file: [jobs,14]
05-07 02:07:18.997 3003 3003 I auditd : type=1400 audit(0.0:7947): avc: granted { read } for comm=4173796E635461736B2023323339 name="arp" dev="proc" ino=4026532247 scontext=u:r:platform_app:s0:c512,c768 tcontext=u:object_r:proc_net:s0 tclass=file app=com.hht.lebocast
05-07 02:07:18.997 3003 3003 I auditd : type=1400 audit(0.0:7948): avc: granted { read open } for comm=4173796E635461736B2023323339 path="/proc/3003/net/arp" dev="proc" ino=4026532247 scontext=u:r:platform_app:s0:c512,c768 tcontext=u:object_r:proc_net:s0 tclass=file app=com.hht.lebocast
05-07 02:07:18.997 3003 3003 I auditd : type=1400 audit(0.0:7949): avc: granted { getattr } for comm=4173796E635461736B2023323339 path="/proc/3003/net/arp" dev="proc" ino=4026532247 scontext=u:r:platform_app:s0:c512,c768 tcontext=u:object_r:proc_net:s0 tclass=file app=com.hht.lebocast
05-07 02:07:18.997 3003 3003 I auditd : type=1400 audit(0.0:7950): avc: granted { getattr } for comm=4173796E635461736B2023323339 path="/proc/3003/net/arp" dev="proc" ino=4026532247 scontext=u:r:platform_app:s0:c512,c768 tcontext=u:object_r:proc_net:s0 tclass=file app=com.hht.lebocast
05-07 02:07:21.445 1092 1217 I am_uid_idle: 10067
05-07 02:07:22.513 3003 3003 I auditd : type=1400 audit(0.0:7951): avc: granted { read } for comm=4173796E635461736B2023323431 name="arp" dev="proc" ino=4026532247 scontext=u:r:platform_app:s0:c512,c768 tcontext=u:object_r:proc_net:s0 tclass=file app=com.hht.lebocast
05-07 02:07:22.513 3003 3003 I auditd : type=1400 audit(0.0:7952): avc: granted { read open } for comm=4173796E635461736B2023323431 path="/proc/3003/net/arp" dev="proc" ino=4026532247 scontext=u:r:platform_app:s0:c512,c768 tcontext=u:object_r:proc_net:s0 tclass=file app=com.hht.lebocast
05-07 02:07:22.513 3003 3003 I auditd : type=1400 audit(0.0:7953): avc: granted { getattr } for comm=4173796E635461736B2023323431 path="/proc/3003/net/arp" dev="proc" ino=4026532247 scontext=u:r:platform_app:s0:c512,c768 tcontext=u:object_r:proc_net:s0 tclass=file app=com.hht.lebocast
05-07 02:07:22.513 3003 3003 I auditd : type=1400 audit(0.0:7954): avc: granted { getattr } for comm=4173796E635461736B2023323431 path="/proc/3003/net/arp" dev="proc" ino=4026532247 scontext=u:r:platform_app:s0:c512,c768 tcontext=u:object_r:proc_net:s0 tclass=file app=com.hht.lebocast
05-07 02:07:22.513 3003 3003 I auditd : type=1400 audit(0.0:7955): avc: granted { read } for comm=4173796E635461736B2023323433 name="arp" dev="proc" ino=4026532247 scontext=u:r:platform_app:s0:c512,c768 tcontext=u:object_r:proc_net:s0 tclass=file app=com.hht.lebocast
05-07 02:07:22.513 3003 3003 I auditd : type=1400 audit(0.0:7956): avc: granted { read open } for comm=4173796E635461736B2023323433 path="/proc/3003/net/arp" dev="proc" ino=4026532247 scontext=u:r:platform_app:s0:c512,c768 tcontext=u:object_r:proc_net:s0 tclass=file app=com.hht.lebocast
05-07 02:07:22.513 3003 3003 I auditd : type=1400 audit(0.0:7957): avc: granted { getattr } for comm=4173796E635461736B2023323433 path="/proc/3003/net/arp" dev="proc" ino=4026532247 scontext=u:r:platform_app:s0:c512,c768 tcontext=u:object_r:proc_net:s0 tclass=file app=com.hht.lebocast
05-07 02:07:22.513 3003 3003 I auditd : type=1400 audit(0.0:7958): avc: granted { getattr } for comm=4173796E635461736B2023323433 path="/proc/3003/net/arp" dev="proc" ino=4026532247 scontext=u:r:platform_app:s0:c512,c768 tcontext=u:object_r:proc_net:s0 tclass=file app=com.hht.lebocast
05-07 02:07:22.517 3003 3003 I auditd : type=1400 audit(0.0:7959): avc: granted { read } for comm=4173796E635461736B2023323434 name="arp" dev="proc" ino=4026532247 scontext=u:r:platform_app:s0:c512,c768 tcontext=u:object_r:proc_net:s0 tclass=file app=com.hht.lebocast
05-07 02:07:23.263 1092 1217 I am_uid_running: 10027
05-07 02:07:23.309 1092 1219 I am_proc_start: [0,9465,10027,android.process.media,broadcast,{com.android.mtp/com.android.mtp.MtpReceiver}]
05-07 02:07:23.363 1092 6349 I am_proc_bound: [0,9465,android.process.media]
05-07 02:07:28.521 3003 3003 I auditd : type=1400 audit(0.0:8035): avc: granted { read } for comm=4173796E635461736B2023323335 name="arp" dev="proc" ino=4026532247 scontext=u:r:platform_app:s0:c512,c768 tcontext=u:object_r:proc_net:s0 tclass=file app=com.hht.lebocast
05-07 02:07:28.521 3003 3003 I auditd : type=1400 audit(0.0:8036): avc: granted { read open } for comm=4173796E635461736B2023323335 path="/proc/3003/net/arp" dev="proc" ino=4026532247 scontext=u:r:platform_app:s0:c512,c768 tcontext=u:object_r:proc_net:s0 tclass=file app=com.hht.lebocast
05-07 02:07:28.521 3003 3003 I auditd : type=1400 audit(0.0:8037): avc: granted { getattr } for comm=4173796E635461736B2023323335 path="/proc/3003/net/arp" dev="proc" ino=4026532247 scontext=u:r:platform_app:s0:c512,c768 tcontext=u:object_r:proc_net:s0 tclass=file app=com.hht.lebocast
05-07 02:07:28.521 3003 3003 I auditd : type=1400 audit(0.0:8038): avc: granted { getattr } for comm=4173796E635461736B2023323335 path="/proc/3003/net/arp" dev="proc" ino=4026532247 scontext=u:r:platform_app:s0:c512,c768 tcontext=u:object_r:proc_net:s0 tclass=file app=com.hht.lebocast
05-07 02:07:30.669 3003 3003 I auditd : type=1400 audit(0.0:8039): avc: granted { read } for comm=4173796E635461736B2023323336 name="arp" dev="proc" ino=4026532247 scontext=u:r:platform_app:s0:c512,c768 tcontext=u:object_r:proc_net:s0 tclass=file app=com.hht.lebocast
05-07 02:07:30.669 3003 3003 I auditd : type=1400 audit(0.0:8040): avc: granted { read open } for comm=4173796E635461736B2023323336 path="/proc/3003/net/arp" dev="proc" ino=4026532247 scontext=u:r:platform_app:s0:c512,c768 tcontext=u:object_r:proc_net:s0 tclass=file app=com.hht.lebocast
05-07 02:07:30.669 3003 3003 I auditd : type=1400 audit(0.0:8041): avc: granted { getattr } for comm=4173796E635461736B2023323336 path="/proc/3003/net/arp" dev="proc" ino=4026532247 scontext=u:r:platform_app:s0:c512,c768 tcontext=u:object_r:proc_net:s0 tclass=file app=com.hht.lebocast
05-07 02:07:30.669 3003 3003 I auditd : type=1400 audit(0.0:8042): avc: granted { getattr } for comm=4173796E635461736B2023323336 path="/proc/3003/net/arp" dev="proc" ino=4026532247 scontext=u:r:platform_app:s0:c512,c768 tcontext=u:object_r:proc_net:s0 tclass=file app=com.hht.lebocast
05-07 02:07:31.307 1092 1723 I netstats_mobile_sample: [0,0,0,0,0,0,0,0,0,0,0,0,1683514313159]
05-07 02:07:31.307 1092 1723 I netstats_wifi_sample: [308,4,568,5,308,4,568,5,228,2,520,4,1683514313159]
05-07 02:07:31.605 0 0 I auditd : type=1400 audit(0.0:8043): avc: denied { kill } for comm="swapper/2" capability=5 scontext=u:r:kernel:s0 tcontext=u:r:kernel:s0 tclass=capability permissive=1
05-07 02:07:32.309 3003 3003 I auditd : type=1400 audit(0.0:8044): avc: granted { read } for comm=4173796E635461736B2023323337 name="arp" dev="proc" ino=4026532247 scontext=u:r:platform_app:s0:c512,c768 tcontext=u:object_r:proc_net:s0 tclass=file app=com.hht.lebocast
05-07 02:07:32.309 3003 3003 I auditd : type=1400 audit(0.0:8045): avc: granted { read open } for comm=4173796E635461736B2023323337 path="/proc/3003/net/arp" dev="proc" ino=4026532247 scontext=u:r:platform_app:s0:c512,c768 tcontext=u:object_r:proc_net:s0 tclass=file app=com.hht.lebocast
05-07 02:07:32.309 3003 3003 I auditd : type=1400 audit(0.0:8046): avc: granted { getattr } for comm=4173796E635461736B2023323337 path="/proc/3003/net/arp" dev="proc" ino=4026532247 scontext=u:r:platform_app:s0:c512,c768 tcontext=u:object_r:proc_net:s0 tclass=file app=com.hht.lebocast
05-07 02:07:32.313 3003 3003 I auditd : type=1400 audit(0.0:8047): avc: granted { getattr } for comm=4173796E635461736B2023323337 path="/proc/3003/net/arp" dev="proc" ino=4026532247 scontext=u:r:platform_app:s0:c512,c768 tcontext=u:object_r:proc_net:s0 tclass=file app=com.hht.lebocast
05-07 02:07:33.893 8607 8607 I auditd : type=1400 audit(0.0:8048): avc: denied { read } for comm="Thread-62" name="tcp" dev="proc" ino=4026532258 scontext=u:r:untrusted_app_27:s0:c512,c768 tcontext=u:object_r:proc_net_tcp_udp:s0 tclass=file permissive=1 app=com.taptap
05-07 02:07:33.893 8607 8607 I auditd : type=1400 audit(0.0:8049): avc: denied { open } for comm="Thread-62" path="/proc/8607/net/tcp" dev="proc" ino=4026532258 scontext=u:r:untrusted_app_27:s0:c512,c768 tcontext=u:object_r:proc_net_tcp_udp:s0 tclass=file permissive=1 app=com.taptap
05-07 02:07:34.253 3003 3003 I auditd : type=1400 audit(0.0:8050): avc: granted { read } for comm=4173796E635461736B2023323338 name="arp" dev="proc" ino=4026532247 scontext=u:r:platform_app:s0:c512,c768 tcontext=u:object_r:proc_net:s0 tclass=file app=com.hht.lebocast
05-07 02:07:34.253 3003 3003 I auditd : type=1400 audit(0.0:8051): avc: granted { read open } for comm=4173796E635461736B2023323338 path="/proc/3003/net/arp" dev="proc" ino=4026532247 scontext=u:r:platform_app:s0:c512,c768 tcontext=u:object_r:proc_net:s0 tclass=file app=com.hht.lebocast
05-07 02:07:34.253 3003 3003 I auditd : type=1400 audit(0.0:8052): avc: granted { getattr } for comm=4173796E635461736B2023323338 path="/proc/3003/net/arp" dev="proc" ino=4026532247 scontext=u:r:platform_app:s0:c512,c768 tcontext=u:object_r:proc_net:s0 tclass=file app=com.hht.lebocast
05-07 02:07:34.257 3003 3003 I auditd : type=1400 audit(0.0:8053): avc: granted { getattr } for comm=4173796E635461736B2023323338 path="/proc/3003/net/arp" dev="proc" ino=4026532247 scontext=u:r:platform_app:s0:c512,c768 tcontext=u:object_r:proc_net:s0 tclass=file app=com.hht.lebocast
05-07 02:07:38.806 1092 1217 I am_uid_idle: 10097
05-07 02:07:39.069 3003 3003 I auditd : type=1400 audit(0.0:8054): avc: granted { read } for comm=4173796E635461736B2023323339 name="arp" dev="proc" ino=4026532247 scontext=u:r:platform_app:s0:c512,c768 tcontext=u:object_r:proc_net:s0 tclass=file app=com.hht.lebocast
05-07 02:07:39.069 3003 3003 I auditd : type=1400 audit(0.0:8055): avc: granted { read open } for comm=4173796E635461736B2023323339 path="/proc/3003/net/arp" dev="proc" ino=4026532247 scontext=u:r:platform_app:s0:c512,c768 tcontext=u:object_r:proc_net:s0 tclass=file app=com.hht.lebocast
05-07 02:07:39.069 3003 3003 I auditd : type=1400 audit(0.0:8056): avc: granted { getattr } for comm=4173796E635461736B2023323339 path="/proc/3003/net/arp" dev="proc" ino=4026532247 scontext=u:r:platform_app:s0:c512,c768 tcontext=u:object_r:proc_net:s0 tclass=file app=com.hht.lebocast
05-07 02:07:39.069 3003 3003 I auditd : type=1400 audit(0.0:8057): avc: granted { getattr } for comm=4173796E635461736B2023323339 path="/proc/3003/net/arp" dev="proc" ino=4026532247 scontext=u:r:platform_app:s0:c512,c768 tcontext=u:object_r:proc_net:s0 tclass=file app=com.hht.lebocast
05-07 02:07:39.989 3003 3003 I auditd : type=1400 audit(0.0:8058): avc: granted { read } for comm=4173796E635461736B2023323431 name="arp" dev="proc" ino=4026532247 scontext=u:r:platform_app:s0:c512,c768 tcontext=u:object_r:proc_net:s0 tclass=file app=com.hht.lebocast
05-07 02:07:39.989 3003 3003 I auditd : type=1400 audit(0.0:8059): avc: granted { read open } for comm=4173796E635461736B2023323431 path="/proc/3003/net/arp" dev="proc" ino=4026532247 scontext=u:r:platform_app:s0:c512,c768 tcontext=u:object_r:proc_net:s0 tclass=file app=com.hht.lebocast
05-07 02:07:46.541 3003 3003 I auditd : type=1400 audit(0.0:8062): avc: granted { read } for comm=4173796E635461736B2023323433 name="arp" dev="proc" ino=4026532247 scontext=u:r:platform_app:s0:c512,c768 tcontext=u:object_r:proc_net:s0 tclass=file app=com.hht.lebocast
05-07 02:07:46.545 3003 3003 I auditd : type=1400 audit(0.0:8063): avc: granted { read open } for comm=4173796E635461736B2023323433 path="/proc/3003/net/arp" dev="proc" ino=4026532247 scontext=u:r:platform_app:s0:c512,c768 tcontext=u:object_r:proc_net:s0 tclass=file app=com.hht.lebocast
05-07 02:07:46.545 3003 3003 I auditd : type=1400 audit(0.0:8064): avc: granted { getattr } for comm=4173796E635461736B2023323433 path="/proc/3003/net/arp" dev="proc" ino=4026532247 scontext=u:r:platform_app:s0:c512,c768 tcontext=u:object_r:proc_net:s0 tclass=file app=com.hht.lebocast
05-07 02:07:46.545 3003 3003 I auditd : type=1400 audit(0.0:8065): avc: granted { getattr } for comm=4173796E635461736B2023323433 path="/proc/3003/net/arp" dev="proc" ino=4026532247 scontext=u:r:platform_app:s0:c512,c768 tcontext=u:object_r:proc_net:s0 tclass=file app=com.hht.lebocast
05-07 02:07:48.489 3003 3003 I auditd : type=1400 audit(0.0:8066): avc: granted { read } for comm=4173796E635461736B2023323432 name="arp" dev="proc" ino=4026532247 scontext=u:r:platform_app:s0:c512,c768 tcontext=u:object_r:proc_net:s0 tclass=file app=com.hht.lebocast
05-07 02:07:48.489 3003 3003 I auditd : type=1400 audit(0.0:8067): avc: granted { read open } for comm=4173796E635461736B2023323432 path="/proc/3003/net/arp" dev="proc" ino=4026532247 scontext=u:r:platform_app:s0:c512,c768 tcontext=u:object_r:proc_net:s0 tclass=file app=com.hht.lebocast
05-07 02:07:48.489 3003 3003 I auditd : type=1400 audit(0.0:8068): avc: granted { getattr } for comm=4173796E635461736B2023323432 path="/proc/3003/net/arp" dev="proc" ino=4026532247 scontext=u:r:platform_app:s0:c512,c768 tcontext=u:object_r:proc_net:s0 tclass=file app=com.hht.lebocast
05-07 02:07:48.489 3003 3003 I auditd : type=1400 audit(0.0:8069): avc: granted { getattr } for comm=4173796E635461736B2023323432 path="/proc/3003/net/arp" dev="proc" ino=4026532247 scontext=u:r:platform_app:s0:c512,c768 tcontext=u:object_r:proc_net:s0 tclass=file app=com.hht.lebocast
05-07 02:07:49.380 1092 1893 I sync : [com.tencent.android.qqdownloader.YYBLiveAccountProvider,0,3,24220937]
05-07 02:07:49.431 1092 1214 I am_pss : [8607,10101,com.taptap,163102720,110493696,0,405110784,0,2,27]
05-07 02:07:49.436 1092 1893 I sync : [com.tencent.android.qqdownloader.YYBLiveAccountProvider,1,3,24220937]
05-07 02:07:49.444 1092 1893 I commit_sys_config_file: [sync-status,642728]
05-07 02:07:49.463 1092 1893 I sync : [com.tencent.android.qqdownloader.YYBLiveAccountProvider,0,3,24220937]
05-07 02:07:49.521 1092 1893 I sync : [com.tencent.android.qqdownloader.YYBLiveAccountProvider,1,3,24220937]
05-07 02:07:49.525 1092 1893 I commit_sys_config_file: [sync-status,642809]
05-07 02:07:50.641 3003 3003 I auditd : type=1400 audit(0.0:8070): avc: granted { read } for comm=4173796E635461736B2023323434 name="arp" dev="proc" ino=4026532247 scontext=u:r:platform_app:s0:c512,c768 tcontext=u:object_r:proc_net:s0 tclass=file app=com.hht.lebocast
05-07 02:07:50.641 3003 3003 I auditd : type=1400 audit(0.0:8071): avc: granted { read open } for comm=4173796E635461736B2023323434 path="/proc/3003/net/arp" dev="proc" ino=4026532247 scontext=u:r:platform_app:s0:c512,c768 tcontext=u:object_r:proc_net:s0 tclass=file app=com.hht.lebocast
05-07 02:07:50.649 3003 3003 I auditd : type=1400 audit(0.0:8072): avc: granted { getattr } for comm=4173796E635461736B2023323434 path="/proc/3003/net/arp" dev="proc" ino=4026532247 scontext=u:r:platform_app:s0:c512,c768 tcontext=u:object_r:proc_net:s0 tclass=file app=com.hht.lebocast
05-07 02:07:50.649 3003 3003 I auditd : type=1400 audit(0.0:8073): avc: granted { getattr } for comm=4173796E635461736B2023323434 path="/proc/3003/net/arp" dev="proc" ino=4026532247 scontext=u:r:platform_app:s0:c512,c768 tcontext=u:object_r:proc_net:s0 tclass=file app=com.hht.lebocast
05-07 02:07:51.451 1092 1203 I commit_sys_config_file: [jobs,13]
05-07 02:07:52.381 3003 3003 I auditd : type=1400 audit(0.0:8074): avc: granted { read } for comm=4173796E635461736B2023323430 name="arp" dev="proc" ino=4026532247 scontext=u:r:platform_app:s0:c512,c768 tcontext=u:object_r:proc_net:s0 tclass=file app=com.hht.lebocast
05-07 02:07:52.381 3003 3003 I auditd : type=1400 audit(0.0:8075): avc: granted { read open } for comm=4173796E635461736B2023323430 path="/proc/3003/net/arp" dev="proc" ino=4026532247 scontext=u:r:platform_app:s0:c512,c768 tcontext=u:object_r:proc_net:s0 tclass=file app=com.hht.lebocast
05-07 02:07:52.381 3003 3003 I auditd : type=1400 audit(0.0:8076): avc: granted { getattr } for comm=4173796E635461736B2023323430 path="/proc/3003/net/arp" dev="proc" ino=4026532247 scontext=u:r:platform_app:s0:c512,c768 tcontext=u:object_r:proc_net:s0 tclass=file app=com.hht.lebocast
05-07 02:07:52.381 3003 3003 I auditd : type=1400 audit(0.0:8077): avc: granted { getattr } for comm=4173796E635461736B2023323430 path="/proc/3003/net/arp" dev="proc" ino=4026532247 scontext=u:r:platform_app:s0:c512,c768 tcontext=u:object_r:proc_net:s0 tclass=file app=com.hht.lebocast
05-07 02:07:53.405 3003 3003 I auditd : type=1400 audit(0.0:8078): avc: granted { read } for comm=4173796E635461736B2023323436 name="arp" dev="proc" ino=4026532247 scontext=u:r:platform_app:s0:c512,c768 tcontext=u:object_r:proc_net:s0 tclass=file app=com.hht.lebocast
05-07 02:07:53.405 3003 3003 I auditd : type=1400 audit(0.0:8079): avc: granted { read open } for comm=4173796E635461736B2023323436 path="/proc/3003/net/arp" dev="proc" ino=4026532247 scontext=u:r:platform_app:s0:c512,c768 tcontext=u:object_r:proc_net:s0 tclass=file app=com.hht.lebocast
05-07 02:07:53.405 3003 3003 I auditd : type=1400 audit(0.0:8080): avc: granted { getattr } for comm=4173796E635461736B2023323436 path="/proc/3003/net/arp" dev="proc" ino=4026532247 scontext=u:r:platform_app:s0:c512,c768 tcontext=u:object_r:proc_net:s0 tclass=file app=com.hht.lebocast
05-07 02:07:53.405 3003 3003 I auditd : type=1400 audit(0.0:8081): avc: granted { getattr } for comm=4173796E635461736B2023323436 path="/proc/3003/net/arp" dev="proc" ino=4026532247 scontext=u:r:platform_app:s0:c512,c768 tcontext=u:object_r:proc_net:s0 tclass=file app=com.hht.lebocast
05-07 02:07:56.695 1092 1674 I am_freeze: [3324,android.process.acore]
05-07 02:07:56.704 1092 1674 I am_kill : [0,3324,android.process.acore,945,Unable to freeze binder interface]
05-07 02:07:56.839 1092 6349 I am_proc_died: [0,3324,android.process.acore,945,19]
05-07 02:07:56.841 1092 6349 I am_uid_stopped: 10026
05-07 02:07:56.869 1092 1214 I am_pss : [9308,10101,com.taptap:channel,37804032,23527424,0,173969408,0,3,15]
05-07 02:07:56.885 1092 1214 I am_pss : [6004,99000,com.android.webview:sandboxed_process0:org.chromium.content.app.SandboxedProcessService0:0,68059136,54484992,0,135671808,0,5,13]
05-07 02:07:56.898 1092 1214 I am_pss : [5004,10074,com.android.webview:webview_service,18158592,5562368,0,88010752,0,3,10]
05-07 02:07:56.913 1092 1214 I am_pss : [6097,10100,com.tencent.android.qqdownloader:live,20297728,14774272,0,131223552,0,5,12]
05-07 02:07:56.927 1092 1214 I am_pss : [9465,10027,android.process.media,10437632,6967296,1837056,84078592,0,19,12]
05-07 02:07:56.944 1092 1214 I am_pss : [9049,10101,com.taptap:process,27052032,13307904,2495488,135376896,0,19,14]
05-07 02:07:56.971 1092 1214 I am_pss : [4502,10037,com.microsoft.emmx,198281216,178470912,9503744,334176256,0,19,23]
05-07 02:07:56.986 1092 1214 I am_pss : [3465,1000,com.qti.diagservices,9653248,1241088,7228416,58585088,0,10,12]
05-07 02:08:00.269 3003 3003 I auditd : type=1400 audit(0.0:8082): avc: granted { read } for comm=4173796E635461736B2023323435 name="arp" dev="proc" ino=4026532247 scontext=u:r:platform_app:s0:c512,c768 tcontext=u:object_r:proc_net:s0 tclass=file app=com.hht.lebocast
05-07 02:08:00.269 3003 3003 I auditd : type=1400 audit(0.0:8083): avc: granted { read open } for comm=4173796E635461736B2023323435 path="/proc/3003/net/arp" dev="proc" ino=4026532247 scontext=u:r:platform_app:s0:c512,c768 tcontext=u:object_r:proc_net:s0 tclass=file app=com.hht.lebocast
05-07 02:08:00.269 3003 3003 I auditd : type=1400 audit(0.0:8084): avc: granted { getattr } for comm=4173796E635461736B2023323435 path="/proc/3003/net/arp" dev="proc" ino=4026532247 scontext=u:r:platform_app:s0:c512,c768 tcontext=u:object_r:proc_net:s0 tclass=file app=com.hht.lebocast
05-07 02:08:00.273 3003 3003 I auditd : type=1400 audit(0.0:8085): avc: granted { getattr } for comm=4173796E635461736B2023323435 path="/proc/3003/net/arp" dev="proc" ino=4026532247 scontext=u:r:platform_app:s0:c512,c768 tcontext=u:object_r:proc_net:s0 tclass=file app=com.hht.lebocast
05-07 02:08:01.885 1092 1723 I netstats_mobile_sample: [0,0,0,0,0,0,0,0,0,0,0,0,1683514343737]
05-07 02:08:01.885 1092 1723 I netstats_wifi_sample: [308,4,568,5,308,4,568,5,228,2,520,4,1683514343737]
05-07 02:08:02.417 3003 3003 I auditd : type=1400 audit(0.0:8086): avc: granted { read } for comm=4173796E635461736B2023323437 name="arp" dev="proc" ino=4026532247 scontext=u:r:platform_app:s0:c512,c768 tcontext=u:object_r:proc_net:s0 tclass=file app=com.hht.lebocast
05-07 02:08:02.417 3003 3003 I auditd : type=1400 audit(0.0:8087): avc: granted { read open } for comm=4173796E635461736B2023323437 path="/proc/3003/net/arp" dev="proc" ino=4026532247 scontext=u:r:platform_app:s0:c512,c768 tcontext=u:object_r:proc_net:s0 tclass=file app=com.hht.lebocast
05-07 02:08:02.417 3003 3003 I auditd : type=1400 audit(0.0:8088): avc: granted { getattr } for comm=4173796E635461736B2023323437 path="/proc/3003/net/arp" dev="proc" ino=4026532247 scontext=u:r:platform_app:s0:c512,c768 tcontext=u:object_r:proc_net:s0 tclass=file app=com.hht.lebocast
05-07 02:08:02.421 3003 3003 I auditd : type=1400 audit(0.0:8089): avc: granted { getattr } for comm=4173796E635461736B2023323437 path="/proc/3003/net/arp" dev="proc" ino=4026532247 scontext=u:r:platform_app:s0:c512,c768 tcontext=u:object_r:proc_net:s0 tclass=file app=com.hht.lebocast
05-07 02:08:08.457 3003 3003 I auditd : type=1400 audit(0.0:8090): avc: granted { read } for comm=4173796E635461736B2023323439 name="arp" dev="proc" ino=4026532247 scontext=u:r:platform_app:s0:c512,c768 tcontext=u:object_r:proc_net:s0 tclass=file app=com.hht.lebocast
05-07 02:08:08.457 3003 3003 I auditd : type=1400 audit(0.0:8091): avc: granted { read open } for comm=4173796E635461736B2023323439 path="/proc/3003/net/arp" dev="proc" ino=4026532247 scontext=u:r:platform_app:s0:c512,c768 tcontext=u:object_r:proc_net:s0 tclass=file app=com.hht.lebocast
05-07 02:08:08.457 3003 3003 I auditd : type=1400 audit(0.0:8092): avc: granted { getattr } for comm=4173796E635461736B2023323439 path="/proc/3003/net/arp" dev="proc" ino=4026532247 scontext=u:r:platform_app:s0:c512,c768 tcontext=u:object_r:proc_net:s0 tclass=file app=com.hht.lebocast
05-07 02:08:08.461 3003 3003 I auditd : type=1400 audit(0.0:8093): avc: granted { getattr } for comm=4173796E635461736B2023323439 path="/proc/3003/net/arp" dev="proc" ino=4026532247 scontext=u:r:platform_app:s0:c512,c768 tcontext=u:object_r:proc_net:s0 tclass=file app=com.hht.lebocast
05-07 02:08:10.709 3003 3003 I auditd : type=1400 audit(0.0:8094): avc: granted { read } for comm=4173796E635461736B2023323235 name="arp" dev="proc" ino=4026532247 scontext=u:r:platform_app:s0:c512,c768 tcontext=u:object_r:proc_net:s0 tclass=file app=com.hht.lebocast
05-07 02:08:10.709 3003 3003 I auditd : type=1400 audit(0.0:8095): avc: granted { read open } for comm=4173796E635461736B2023323235 path="/proc/3003/net/arp" dev="proc" ino=4026532247 scontext=u:r:platform_app:s0:c512,c768 tcontext=u:object_r:proc_net:s0 tclass=file app=com.hht.lebocast
05-07 02:08:10.709 3003 3003 I auditd : type=1400 audit(0.0:8096): avc: granted { getattr } for comm=4173796E635461736B2023323235 path="/proc/3003/net/arp" dev="proc" ino=4026532247 scontext=u:r:platform_app:s0:c512,c768 tcontext=u:object_r:proc_net:s0 tclass=file app=com.hht.lebocast
05-07 02:08:10.713 3003 3003 I auditd : type=1400 audit(0.0:8097): avc: granted { getattr } for comm=4173796E635461736B2023323235 path="/proc/3003/net/arp" dev="proc" ino=4026532247 scontext=u:r:platform_app:s0:c512,c768 tcontext=u:object_r:proc_net:s0 tclass=file app=com.hht.lebocast
05-07 02:08:12.369 3003 3003 I auditd : type=1400 audit(0.0:8098): avc: granted { read } for comm=4173796E635461736B2023323237 name="arp" dev="proc" ino=4026532247 scontext=u:r:platform_app:s0:c512,c768 tcontext=u:object_r:proc_net:s0 tclass=file app=com.hht.lebocast
05-07 02:08:12.369 3003 3003 I auditd : type=1400 audit(0.0:8099): avc: granted { read open } for comm=4173796E635461736B2023323237 path="/proc/3003/net/arp" dev="proc" ino=4026532247 scontext=u:r:platform_app:s0:c512,c768 tcontext=u:object_r:proc_net:s0 tclass=file app=com.hht.lebocast
05-07 02:08:12.369 3003 3003 I auditd : type=1400 audit(0.0:8100): avc: granted { getattr } for comm=4173796E635461736B2023323237 path="/proc/3003/net/arp" dev="proc" ino=4026532247 scontext=u:r:platform_app:s0:c512,c768 tcontext=u:object_r:proc_net:s0 tclass=file app=com.hht.lebocast
05-07 02:08:12.373 3003 3003 I auditd : type=1400 audit(0.0:8101): avc: granted { getattr } for comm=4173796E635461736B2023323237 path="/proc/3003/net/arp" dev="proc" ino=4026532247 scontext=u:r:platform_app:s0:c512,c768 tcontext=u:object_r:proc_net:s0 tclass=file app=com.hht.lebocast
05-07 02:08:12.605 0 0 I auditd : type=1400 audit(0.0:8102): avc: denied { kill } for comm="swapper/0" capability=5 scontext=u:r:kernel:s0 tcontext=u:r:kernel:s0 tclass=capability permissive=1
05-07 02:08:14.304 1092 1092 I notification_enqueue: [10100,5640,com.tencent.android.qqdownloader,127,NULL,0,Notification(channel=channel_id_default_silent shortcut=null contentView=com.tencent.android.qqdownloader/0x7f0a01c2 vibrate=null sound=null defaults=0x0 flags=0x2a2 color=0x00000000 groupKey=com.tencent.android.qqdownloader vis=PRIVATE),1]
05-07 02:08:19.005 3003 3003 I auditd : type=1400 audit(0.0:8103): avc: granted { read } for comm=4173796E635461736B2023323236 name="arp" dev="proc" ino=4026532247 scontext=u:r:platform_app:s0:c512,c768 tcontext=u:object_r:proc_net:s0 tclass=file app=com.hht.lebocast
05-07 02:08:19.005 3003 3003 I auditd : type=1400 audit(0.0:8104): avc: granted { read open } for comm=4173796E635461736B2023323236 path="/proc/3003/net/arp" dev="proc" ino=4026532247 scontext=u:r:platform_app:s0:c512,c768 tcontext=u:object_r:proc_net:s0 tclass=file app=com.hht.lebocast
05-07 02:08:19.005 3003 3003 I auditd : type=1400 audit(0.0:8105): avc: granted { getattr } for comm=4173796E635461736B2023323236 path="/proc/3003/net/arp" dev="proc" ino=4026532247 scontext=u:r:platform_app:s0:c512,c768 tcontext=u:object_r:proc_net:s0 tclass=file app=com.hht.lebocast
05-07 02:08:19.005 3003 3003 I auditd : type=1400 audit(0.0:8106): avc: granted { getattr } for comm=4173796E635461736B2023323236 path="/proc/3003/net/arp" dev="proc" ino=4026532247 scontext=u:r:platform_app:s0:c512,c768 tcontext=u:object_r:proc_net:s0 tclass=file app=com.hht.lebocast
05-07 02:08:20.563 1092 6349 I wm_task_moved: [21,1,7]
05-07 02:08:20.563 1092 6349 I wm_set_resumed_activity: [0,com.taptap/.infra.page.core.activity.MainProxyActivity,positionChildAt]
05-07 02:08:20.563 1092 6349 I wm_create_activity: [0,243844299,21,com.taptap/.common.account.ui.login.CheckOneKeyLoginActivity,NULL,NULL,NULL,0]
05-07 02:08:20.564 1092 6349 I wm_pause_activity: [0,66471529,com.taptap/.infra.page.core.activity.MainProxyActivity,userLeaving=true,resumeTopActivityInnerLocked]
05-07 02:08:20.572 8607 8607 I wm_on_top_resumed_lost_called: [66471529,com.taptap.infra.page.core.activity.MainProxyActivity,topStateChangedWhenResumed]
05-07 02:08:20.578 8607 8607 I wm_on_paused_called: [66471529,com.taptap.infra.page.core.activity.MainProxyActivity,performPause]
05-07 02:08:20.581 1092 6349 I wm_restart_activity: [0,243844299,21,com.taptap/.common.account.ui.login.CheckOneKeyLoginActivity]
05-07 02:08:20.582 1092 6349 I wm_set_resumed_activity: [0,com.taptap/.common.account.ui.login.CheckOneKeyLoginActivity,minimalResumeActivityLocked]
05-07 02:08:20.587 1092 1204 I sysui_multi_action: [757,803,799,window_time_0,802,116]
05-07 02:08:20.608 8607 8607 I wm_on_create_called: [243844299,com.taptap.common.account.ui.login.CheckOneKeyLoginActivity,performCreate]
05-07 02:08:20.611 8607 8607 I wm_on_start_called: [243844299,com.taptap.common.account.ui.login.CheckOneKeyLoginActivity,handleStartActivity]
05-07 02:08:20.616 8607 8607 I wm_on_resume_called: [243844299,com.taptap.common.account.ui.login.CheckOneKeyLoginActivity,RESUME_ACTIVITY]
05-07 02:08:20.620 8607 8607 I wm_on_top_resumed_gained_called: [243844299,com.taptap.common.account.ui.login.CheckOneKeyLoginActivity,topStateChangedWhenResumed]
05-07 02:08:20.632 1092 1206 I input_focus: [Focus request ddce2a7 com.taptap/com.taptap.common.account.ui.login.CheckOneKeyLoginActivity,reason=UpdateInputWindows]
05-07 02:08:20.649 1092 1691 I input_focus: [Focus leaving 5fa43f7 com.taptap/com.taptap.infra.page.core.activity.MainProxyActivity (server),reason=NOT_FOCUSABLE]
05-07 02:08:20.650 1092 1201 I wm_activity_launch_time: [0,243844299,com.taptap/.common.account.ui.login.CheckOneKeyLoginActivity,95]
05-07 02:08:20.666 1092 1691 I input_focus: [Focus entering ddce2a7 com.taptap/com.taptap.common.account.ui.login.CheckOneKeyLoginActivity (server),reason=Window became focusable. Previous reason: NOT_VISIBLE]
05-07 02:08:20.682 1092 1214 I am_pss : [9465,10027,android.process.media,10449920,6967296,1851392,84078592,0,19,11]
05-07 02:08:20.982 1092 1691 I input_interaction: Interaction with: ddce2a7 com.taptap/com.taptap.common.account.ui.login.CheckOneKeyLoginActivity (server), edge-swipe (server), swipe-up (server), PointerEventDispatcher0 (server),
05-07 02:08:20.984 1092 6349 I wm_task_moved: [21,1,7]
05-07 02:08:20.984 1092 6349 I wm_set_resumed_activity: [0,com.taptap/.common.account.ui.login.CheckOneKeyLoginActivity,positionChildAt]
05-07 02:08:20.984 1092 6349 I wm_create_activity: [0,27163012,21,com.taptap/.common.account.ui.login.LoginActivity,NULL,NULL,NULL,0]
05-07 02:08:20.985 1092 6349 I wm_pause_activity: [0,243844299,com.taptap/.common.account.ui.login.CheckOneKeyLoginActivity,userLeaving=true,resumeTopActivityInnerLocked]
05-07 02:08:20.992 8607 8607 I wm_on_top_resumed_lost_called: [243844299,com.taptap.common.account.ui.login.CheckOneKeyLoginActivity,topStateChangedWhenResumed]
05-07 02:08:20.993 8607 8607 I wm_on_paused_called: [243844299,com.taptap.common.account.ui.login.CheckOneKeyLoginActivity,performPause]
05-07 02:08:20.995 1092 3148 I wm_restart_activity: [0,27163012,21,com.taptap/.common.account.ui.login.LoginActivity]
05-07 02:08:20.996 1092 3148 I wm_set_resumed_activity: [0,com.taptap/.common.account.ui.login.LoginActivity,minimalResumeActivityLocked]
05-07 02:08:21.002 1092 1204 I sysui_multi_action: [757,803,799,window_time_0,802,0]
05-07 02:08:21.020 8607 8607 I wm_on_create_called: [27163012,com.taptap.common.account.ui.login.LoginActivity,performCreate]
05-07 02:08:21.058 8607 8607 I wm_on_start_called: [27163012,com.taptap.common.account.ui.login.LoginActivity,handleStartActivity]
05-07 02:08:21.065 8607 8607 I wm_on_resume_called: [27163012,com.taptap.common.account.ui.login.LoginActivity,RESUME_ACTIVITY]
05-07 02:08:21.074 8607 8607 I wm_on_top_resumed_gained_called: [27163012,com.taptap.common.account.ui.login.LoginActivity,topStateChangedWhenResumed]
05-07 02:08:21.084 1092 1206 I input_focus: [Focus request a9eab69 com.taptap/com.taptap.common.account.ui.login.LoginActivity,reason=UpdateInputWindows]
05-07 02:08:21.102 1092 1201 I wm_activity_launch_time: [0,27163012,com.taptap/.common.account.ui.login.LoginActivity,123]
05-07 02:08:21.110 1092 1691 I input_focus: [Focus leaving ddce2a7 com.taptap/com.taptap.common.account.ui.login.CheckOneKeyLoginActivity (server),reason=NOT_FOCUSABLE]
05-07 02:08:21.111 1092 1691 I input_focus: [Focus entering a9eab69 com.taptap/com.taptap.common.account.ui.login.LoginActivity (server),reason=setFocusedWindow]
05-07 02:08:21.113 8607 8607 I auditd : type=1400 audit(0.0:8108): avc: granted { nlmsg_readpriv } for comm="pool-11-thread-" scontext=u:r:untrusted_app_27:s0:c512,c768 tcontext=u:r:untrusted_app_27:s0:c512,c768 tclass=netlink_route_socket app=com.taptap
05-07 02:08:21.597 8607 8607 I auditd : type=1400 audit(0.0:8109): avc: granted { nlmsg_readpriv } for comm="pool-11-thread-" scontext=u:r:untrusted_app_27:s0:c512,c768 tcontext=u:r:untrusted_app_27:s0:c512,c768 tclass=netlink_route_socket app=com.taptap
05-07 02:08:22.133 8607 8607 I auditd : type=1400 audit(0.0:8110): avc: granted { nlmsg_readpriv } for comm="pool-11-thread-" scontext=u:r:untrusted_app_27:s0:c512,c768 tcontext=u:r:untrusted_app_27:s0:c512,c768 tclass=netlink_route_socket app=com.taptap
05-07 02:08:24.025 1092 1691 I input_interaction: Interaction with: a9eab69 com.taptap/com.taptap.common.account.ui.login.LoginActivity (server), edge-swipe (server), swipe-up (server), PointerEventDispatcher0 (server),
05-07 02:08:24.222 1092 9387 I wm_finish_activity: [0,27163012,21,com.taptap/.common.account.ui.login.LoginActivity,app-request]
05-07 02:08:24.237 1092 9387 I wm_pause_activity: [0,27163012,com.taptap/.common.account.ui.login.LoginActivity,userLeaving=false,finish]
05-07 02:08:24.248 8607 8607 I wm_on_top_resumed_lost_called: [27163012,com.taptap.common.account.ui.login.LoginActivity,topStateChangedWhenResumed]
05-07 02:08:24.254 1092 6791 I wm_finish_activity: [0,243844299,21,com.taptap/.common.account.ui.login.CheckOneKeyLoginActivity,app-request]
05-07 02:08:24.256 1092 6791 I wm_destroy_activity: [0,243844299,21,com.taptap/.common.account.ui.login.CheckOneKeyLoginActivity,finish-imm:finishIfPossible]
05-07 02:08:24.272 8607 8607 I wm_on_paused_called: [27163012,com.taptap.common.account.ui.login.LoginActivity,performPause]
05-07 02:08:24.277 1092 6349 I wm_set_resumed_activity: [0,com.taptap/.infra.page.core.activity.MainProxyActivity,resumeTopActivityInnerLocked]
05-07 02:08:24.277 1092 1691 I input_focus: [Focus leaving a9eab69 com.taptap/com.taptap.common.account.ui.login.LoginActivity (server),reason=NO_WINDOW]
05-07 02:08:24.279 1092 6349 I wm_resume_activity: [0,66471529,21,com.taptap/.infra.page.core.activity.MainProxyActivity]
05-07 02:08:24.289 1092 1206 I input_focus: [Focus request 5fa43f7 com.taptap/com.taptap.infra.page.core.activity.MainProxyActivity,reason=UpdateInputWindows]
05-07 02:08:24.290 1092 1204 I sysui_multi_action: [757,803,799,window_time_0,802,3]
05-07 02:08:24.299 1092 1691 I input_focus: [Focus entering 5fa43f7 com.taptap/com.taptap.infra.page.core.activity.MainProxyActivity (server),reason=setFocusedWindow]
05-07 02:08:24.299 8607 8607 I wm_on_stop_called: [243844299,com.taptap.common.account.ui.login.CheckOneKeyLoginActivity,LIFECYCLER_STOP_ACTIVITY]
05-07 02:08:24.301 8607 8607 I wm_on_destroy_called: [243844299,com.taptap.common.account.ui.login.CheckOneKeyLoginActivity,performDestroy]
05-07 02:08:24.308 8607 8607 I wm_on_resume_called: [66471529,com.taptap.infra.page.core.activity.MainProxyActivity,RESUME_ACTIVITY]
05-07 02:08:24.315 8607 8607 I wm_on_top_resumed_gained_called: [66471529,com.taptap.infra.page.core.activity.MainProxyActivity,topWhenResuming]
05-07 02:08:24.330 1092 6349 I wm_destroy_activity: [0,27163012,21,com.taptap/.common.account.ui.login.LoginActivity,finish-idle]
05-07 02:08:24.334 8607 8607 I wm_on_stop_called: [27163012,com.taptap.common.account.ui.login.LoginActivity,LIFECYCLER_STOP_ACTIVITY]
05-07 02:08:24.339 8607 8607 I wm_on_destroy_called: [27163012,com.taptap.common.account.ui.login.LoginActivity,performDestroy]
05-07 02:08:24.386 1092 1893 I sync : [com.tencent.android.qqdownloader.YYBLiveAccountProvider,0,3,24220937]
05-07 02:08:24.518 1092 1893 I sync : [com.tencent.android.qqdownloader.YYBLiveAccountProvider,1,3,24220937]
05-07 02:08:24.562 1092 1893 I commit_sys_config_file: [sync-status,677846]
05-07 02:08:24.580 1092 1893 I sync : [com.tencent.android.qqdownloader.YYBLiveAccountProvider,0,3,24220937]
05-07 02:08:24.646 1092 1893 I sync : [com.tencent.android.qqdownloader.YYBLiveAccountProvider,1,3,24220937]
05-07 02:08:24.651 1092 1893 I commit_sys_config_file: [sync-status,677935]
05-07 02:08:24.656 1092 1214 I am_pss : [5640,10100,com.tencent.android.qqdownloader:daemon,136934400,96894976,0,333529088,0,5,23]
05-07 02:08:24.679 1092 1214 I am_pss : [7022,10100,com.tencent.android.qqdownloader:wxa_container0,136909824,127160320,892928,262627328,0,19,19]
05-07 02:08:25.446 1092 1691 I input_interaction: Interaction with: 5fa43f7 com.taptap/com.taptap.infra.page.core.activity.MainProxyActivity (server), edge-swipe (server), swipe-up (server), PointerEventDispatcher0 (server),
05-07 02:08:26.529 1092 1203 I commit_sys_config_file: [jobs,10]
05-07 02:08:28.529 3003 3003 I auditd : type=1400 audit(0.0:8111): avc: granted { read } for comm=4173796E635461736B2023323531 name="arp" dev="proc" ino=4026532247 scontext=u:r:platform_app:s0:c512,c768 tcontext=u:object_r:proc_net:s0 tclass=file app=com.hht.lebocast
05-07 02:08:28.529 3003 3003 I auditd : type=1400 audit(0.0:8112): avc: granted { read open } for comm=4173796E635461736B2023323531 path="/proc/3003/net/arp" dev="proc" ino=4026532247 scontext=u:r:platform_app:s0:c512,c768 tcontext=u:object_r:proc_net:s0 tclass=file app=com.hht.lebocast
05-07 02:08:28.529 3003 3003 I auditd : type=1400 audit(0.0:8113): avc: granted { getattr } for comm=4173796E635461736B2023323531 path="/proc/3003/net/arp" dev="proc" ino=4026532247 scontext=u:r:platform_app:s0:c512,c768 tcontext=u:object_r:proc_net:s0 tclass=file app=com.hht.lebocast
05-07 02:08:28.529 3003 3003 I auditd : type=1400 audit(0.0:8114): avc: granted { getattr } for comm=4173796E635461736B2023323531 path="/proc/3003/net/arp" dev="proc" ino=4026532247 scontext=u:r:platform_app:s0:c512,c768 tcontext=u:object_r:proc_net:s0 tclass=file app=com.hht.lebocast
05-07 02:08:28.549 3003 3003 I auditd : type=1400 audit(0.0:8115): avc: granted { read } for comm=4173796E635461736B2023323532 name="arp" dev="proc" ino=4026532247 scontext=u:r:platform_app:s0:c512,c768 tcontext=u:object_r:proc_net:s0 tclass=file app=com.hht.lebocast
05-07 02:08:28.549 3003 3003 I auditd : type=1400 audit(0.0:8116): avc: granted { read open } for comm=4173796E635461736B2023323532 path="/proc/3003/net/arp" dev="proc" ino=4026532247 scontext=u:r:platform_app:s0:c512,c768 tcontext=u:object_r:proc_net:s0 tclass=file app=com.hht.lebocast
05-07 02:08:29.605 0 0 I auditd : type=1400 audit(0.0:8119): avc: denied { kill } for comm="swapper/3" capability=5 scontext=u:r:kernel:s0 tcontext=u:r:kernel:s0 tclass=capability permissive=1
05-07 02:08:31.481 1092 1092 I service_manager_stats: [100,142,87660]
05-07 02:08:32.421 3003 3003 I auditd : type=1400 audit(0.0:8120): avc: granted { read } for comm=4173796E635461736B2023323533 name="arp" dev="proc" ino=4026532247 scontext=u:r:platform_app:s0:c512,c768 tcontext=u:object_r:proc_net:s0 tclass=file app=com.hht.lebocast
05-07 02:08:32.421 3003 3003 I auditd : type=1400 audit(0.0:8121): avc: granted { read open } for comm=4173796E635461736B2023323533 path="/proc/3003/net/arp" dev="proc" ino=4026532247 scontext=u:r:platform_app:s0:c512,c768 tcontext=u:object_r:proc_net:s0 tclass=file app=com.hht.lebocast
05-07 02:08:32.421 3003 3003 I auditd : type=1400 audit(0.0:8122): avc: granted { getattr } for comm=4173796E635461736B2023323533 path="/proc/3003/net/arp" dev="proc" ino=4026532247 scontext=u:r:platform_app:s0:c512,c768 tcontext=u:object_r:proc_net:s0 tclass=file app=com.hht.lebocast
05-07 02:08:32.425 3003 3003 I auditd : type=1400 audit(0.0:8123): avc: granted { getattr } for comm=4173796E635461736B2023323533 path="/proc/3003/net/arp" dev="proc" ino=4026532247 scontext=u:r:platform_app:s0:c512,c768 tcontext=u:object_r:proc_net:s0 tclass=file app=com.hht.lebocast
05-07 02:08:34.152 1092 1723 I netstats_mobile_sample: [0,0,0,0,0,0,0,0,0,0,0,0,1683514376004]
05-07 02:08:34.153 1092 1723 I netstats_wifi_sample: [308,4,568,5,308,4,568,5,228,2,520,4,1683514376004]
05-07 02:08:36.169 8607 8607 I auditd : type=1400 audit(0.0:8124): avc: denied { read } for comm="Thread-62" name="tcp" dev="proc" ino=4026532258 scontext=u:r:untrusted_app_27:s0:c512,c768 tcontext=u:object_r:proc_net_tcp_udp:s0 tclass=file permissive=1 app=com.taptap
05-07 02:08:36.169 8607 8607 I auditd : type=1400 audit(0.0:8125): avc: denied { open } for comm="Thread-62" path="/proc/8607/net/tcp" dev="proc" ino=4026532258 scontext=u:r:untrusted_app_27:s0:c512,c768 tcontext=u:object_r:proc_net_tcp_udp:s0 tclass=file permissive=1 app=com.taptap
05-07 02:08:38.977 3003 3003 I auditd : type=1400 audit(0.0:8126): avc: granted { read } for comm=4173796E635461736B2023323534 name="arp" dev="proc" ino=4026532247 scontext=u:r:platform_app:s0:c512,c768 tcontext=u:object_r:proc_net:s0 tclass=file app=com.hht.lebocast
05-07 02:08:38.977 3003 3003 I auditd : type=1400 audit(0.0:8127): avc: granted { read open } for comm=4173796E635461736B2023323534 path="/proc/3003/net/arp" dev="proc" ino=4026532247 scontext=u:r:platform_app:s0:c512,c768 tcontext=u:object_r:proc_net:s0 tclass=file app=com.hht.lebocast
05-07 02:08:38.977 3003 3003 I auditd : type=1400 audit(0.0:8128): avc: granted { getattr } for comm=4173796E635461736B2023323534 path="/proc/3003/net/arp" dev="proc" ino=4026532247 scontext=u:r:platform_app:s0:c512,c768 tcontext=u:object_r:proc_net:s0 tclass=file app=com.hht.lebocast
05-07 02:08:38.977 3003 3003 I auditd : type=1400 audit(0.0:8129): avc: granted { getattr } for comm=4173796E635461736B2023323534 path="/proc/3003/net/arp" dev="proc" ino=4026532247 scontext=u:r:platform_app:s0:c512,c768 tcontext=u:object_r:proc_net:s0 tclass=file app=com.hht.lebocast
05-07 02:08:40.995 1092 1691 I input_interaction: Interaction with: Letterbox_right_ActivityRecord{3f64669 u0 com.taptap/.infra.page.core.activity.MainProxyActivity t21} (server), edge-swipe (server), swipe-up (server), PointerEventDispatcher0 (server),
05-07 02:08:41.693 3003 3003 I auditd : type=1400 audit(0.0:8130): avc: granted { read } for comm=4173796E635461736B2023323535 name="arp" dev="proc" ino=4026532247 scontext=u:r:platform_app:s0:c512,c768 tcontext=u:object_r:proc_net:s0 tclass=file app=com.hht.lebocast
05-07 02:08:41.693 3003 3003 I auditd : type=1400 audit(0.0:8131): avc: granted { read open } for comm=4173796E635461736B2023323535 path="/proc/3003/net/arp" dev="proc" ino=4026532247 scontext=u:r:platform_app:s0:c512,c768 tcontext=u:object_r:proc_net:s0 tclass=file app=com.hht.lebocast
05-07 02:08:41.693 3003 3003 I auditd : type=1400 audit(0.0:8132): avc: granted { getattr } for comm=4173796E635461736B2023323535 path="/proc/3003/net/arp" dev="proc" ino=4026532247 scontext=u:r:platform_app:s0:c512,c768 tcontext=u:object_r:proc_net:s0 tclass=file app=com.hht.lebocast
05-07 02:08:41.693 3003 3003 I auditd : type=1400 audit(0.0:8133): avc: granted { getattr } for comm=4173796E635461736B2023323535 path="/proc/3003/net/arp" dev="proc" ino=4026532247 scontext=u:r:platform_app:s0:c512,c768 tcontext=u:object_r:proc_net:s0 tclass=file app=com.hht.lebocast
05-07 02:08:43.527 1092 1691 I input_interaction: Interaction with: 5fa43f7 com.taptap/com.taptap.infra.page.core.activity.MainProxyActivity (server), edge-swipe (server), swipe-up (server), PointerEventDispatcher0 (server),
05-07 02:08:49.113 3003 3003 I auditd : type=1400 audit(0.0:8134): avc: granted { read } for comm=4173796E635461736B2023323536 name="arp" dev="proc" ino=4026532247 scontext=u:r:platform_app:s0:c512,c768 tcontext=u:object_r:proc_net:s0 tclass=file app=com.hht.lebocast
05-07 02:08:49.113 3003 3003 I auditd : type=1400 audit(0.0:8135): avc: granted { read open } for comm=4173796E635461736B2023323536 path="/proc/3003/net/arp" dev="proc" ino=4026532247 scontext=u:r:platform_app:s0:c512,c768 tcontext=u:object_r:proc_net:s0 tclass=file app=com.hht.lebocast
