05-07 02:05:08.433 3003 3003 I auditd : type=1400 audit(0.0:6237): avc: granted { read } for comm=4173796E635461736B2023323033 name="arp" dev="proc" ino=4026532247 scontext=u:r:platform_app:s0:c512,c768 tcontext=u:object_r:proc_net:s0 tclass=file app=com.hht.lebocast
05-07 02:05:08.433 3003 3003 I auditd : type=1400 audit(0.0:6238): avc: granted { read open } for comm=4173796E635461736B2023323033 path="/proc/3003/net/arp" dev="proc" ino=4026532247 scontext=u:r:platform_app:s0:c512,c768 tcontext=u:object_r:proc_net:s0 tclass=file app=com.hht.lebocast
05-07 02:05:08.433 3003 3003 I auditd : type=1400 audit(0.0:6239): avc: granted { getattr } for comm=4173796E635461736B2023323033 path="/proc/3003/net/arp" dev="proc" ino=4026532247 scontext=u:r:platform_app:s0:c512,c768 tcontext=u:object_r:proc_net:s0 tclass=file app=com.hht.lebocast
05-07 02:05:08.433 3003 3003 I auditd : type=1400 audit(0.0:6240): avc: granted { getattr } for comm=4173796E635461736B2023323033 path="/proc/3003/net/arp" dev="proc" ino=4026532247 scontext=u:r:platform_app:s0:c512,c768 tcontext=u:object_r:proc_net:s0 tclass=file app=com.hht.lebocast
05-07 02:05:10.937 3003 3003 I auditd : type=1400 audit(0.0:6241): avc: granted { read } for comm=4173796E635461736B2023323034 name="arp" dev="proc" ino=4026532247 scontext=u:r:platform_app:s0:c512,c768 tcontext=u:object_r:proc_net:s0 tclass=file app=com.hht.lebocast
05-07 02:05:10.937 3003 3003 I auditd : type=1400 audit(0.0:6242): avc: granted { read open } for comm=4173796E635461736B2023323034 path="/proc/3003/net/arp" dev="proc" ino=4026532247 scontext=u:r:platform_app:s0:c512,c768 tcontext=u:object_r:proc_net:s0 tclass=file app=com.hht.lebocast
05-07 02:05:10.937 3003 3003 I auditd : type=1400 audit(0.0:6243): avc: granted { getattr } for comm=4173796E635461736B2023323034 path="/proc/3003/net/arp" dev="proc" ino=4026532247 scontext=u:r:platform_app:s0:c512,c768 tcontext=u:object_r:proc_net:s0 tclass=file app=com.hht.lebocast
05-07 02:05:10.941 3003 3003 I auditd : type=1400 audit(0.0:6244): avc: granted { getattr } for comm=4173796E635461736B2023323034 path="/proc/3003/net/arp" dev="proc" ino=4026532247 scontext=u:r:platform_app:s0:c512,c768 tcontext=u:object_r:proc_net:s0 tclass=file app=com.hht.lebocast
05-07 02:05:12.325 3003 3003 I auditd : type=1400 audit(0.0:6245): avc: granted { read } for comm=4173796E635461736B2023323035 name="arp" dev="proc" ino=4026532247 scontext=u:r:platform_app:s0:c512,c768 tcontext=u:object_r:proc_net:s0 tclass=file app=com.hht.lebocast
05-07 02:05:12.325 3003 3003 I auditd : type=1400 audit(0.0:6246): avc: granted { read open } for comm=4173796E635461736B2023323035 path="/proc/3003/net/arp" dev="proc" ino=4026532247 scontext=u:r:platform_app:s0:c512,c768 tcontext=u:object_r:proc_net:s0 tclass=file app=com.hht.lebocast
05-07 02:05:12.325 3003 3003 I auditd : type=1400 audit(0.0:6247): avc: granted { getattr } for comm=4173796E635461736B2023323035 path="/proc/3003/net/arp" dev="proc" ino=4026532247 scontext=u:r:platform_app:s0:c512,c768 tcontext=u:object_r:proc_net:s0 tclass=file app=com.hht.lebocast
05-07 02:05:12.325 3003 3003 I auditd : type=1400 audit(0.0:6248): avc: granted { getattr } for comm=4173796E635461736B2023323035 path="/proc/3003/net/arp" dev="proc" ino=4026532247 scontext=u:r:platform_app:s0:c512,c768 tcontext=u:object_r:proc_net:s0 tclass=file app=com.hht.lebocast
05-07 02:05:12.760 1092 1723 I netstats_mobile_sample: [0,0,0,0,0,0,0,0,0,0,0,0,1683514174612]
05-07 02:05:12.760 1092 1723 I netstats_wifi_sample: [308,4,568,5,308,4,568,5,228,2,520,4,1683514174612]
05-07 02:05:16.317 3003 3003 I auditd : type=1400 audit(0.0:6249): avc: granted { read } for comm=4173796E635461736B2023323036 name="arp" dev="proc" ino=4026532247 scontext=u:r:platform_app:s0:c512,c768 tcontext=u:object_r:proc_net:s0 tclass=file app=com.hht.lebocast
05-07 02:05:16.317 3003 3003 I auditd : type=1400 audit(0.0:6250): avc: granted { read open } for comm=4173796E635461736B2023323036 path="/proc/3003/net/arp" dev="proc" ino=4026532247 scontext=u:r:platform_app:s0:c512,c768 tcontext=u:object_r:proc_net:s0 tclass=file app=com.hht.lebocast
05-07 02:05:16.317 3003 3003 I auditd : type=1400 audit(0.0:6251): avc: granted { getattr } for comm=4173796E635461736B2023323036 path="/proc/3003/net/arp" dev="proc" ino=4026532247 scontext=u:r:platform_app:s0:c512,c768 tcontext=u:object_r:proc_net:s0 tclass=file app=com.hht.lebocast
05-07 02:05:16.317 3003 3003 I auditd : type=1400 audit(0.0:6252): avc: granted { getattr } for comm=4173796E635461736B2023323036 path="/proc/3003/net/arp" dev="proc" ino=4026532247 scontext=u:r:platform_app:s0:c512,c768 tcontext=u:object_r:proc_net:s0 tclass=file app=com.hht.lebocast
05-07 02:05:16.521 3003 3003 I auditd : type=1400 audit(0.0:6253): avc: granted { read } for comm=4173796E635461736B2023323037 name="arp" dev="proc" ino=4026532247 scontext=u:r:platform_app:s0:c512,c768 tcontext=u:object_r:proc_net:s0 tclass=file app=com.hht.lebocast
05-07 02:05:16.521 3003 3003 I auditd : type=1400 audit(0.0:6254): avc: granted { read open } for comm=4173796E635461736B2023323037 path="/proc/3003/net/arp" dev="proc" ino=4026532247 scontext=u:r:platform_app:s0:c512,c768 tcontext=u:object_r:proc_net:s0 tclass=file app=com.hht.lebocast
05-07 02:05:16.521 3003 3003 I auditd : type=1400 audit(0.0:6255): avc: granted { getattr } for comm=4173796E635461736B2023323037 path="/proc/3003/net/arp" dev="proc" ino=4026532247 scontext=u:r:platform_app:s0:c512,c768 tcontext=u:object_r:proc_net:s0 tclass=file app=com.hht.lebocast
05-07 02:05:16.521 3003 3003 I auditd : type=1400 audit(0.0:6256): avc: granted { getattr } for comm=4173796E635461736B2023323037 path="/proc/3003/net/arp" dev="proc" ino=4026532247 scontext=u:r:platform_app:s0:c512,c768 tcontext=u:object_r:proc_net:s0 tclass=file app=com.hht.lebocast
05-07 02:05:18.977 3003 3003 I auditd : type=1400 audit(0.0:6257): avc: granted { read } for comm=4173796E635461736B2023323038 name="arp" dev="proc" ino=4026532247 scontext=u:r:platform_app:s0:c512,c768 tcontext=u:object_r:proc_net:s0 tclass=file app=com.hht.lebocast
05-07 02:05:18.977 3003 3003 I auditd : type=1400 audit(0.0:6258): avc: granted { read open } for comm=4173796E635461736B2023323038 path="/proc/3003/net/arp" dev="proc" ino=4026532247 scontext=u:r:platform_app:s0:c512,c768 tcontext=u:object_r:proc_net:s0 tclass=file app=com.hht.lebocast
05-07 02:05:18.977 3003 3003 I auditd : type=1400 audit(0.0:6259): avc: granted { getattr } for comm=4173796E635461736B2023323038 path="/proc/3003/net/arp" dev="proc" ino=4026532247 scontext=u:r:platform_app:s0:c512,c768 tcontext=u:object_r:proc_net:s0 tclass=file app=com.hht.lebocast
05-07 02:05:18.981 3003 3003 I auditd : type=1400 audit(0.0:6260): avc: granted { getattr } for comm=4173796E635461736B2023323038 path="/proc/3003/net/arp" dev="proc" ino=4026532247 scontext=u:r:platform_app:s0:c512,c768 tcontext=u:object_r:proc_net:s0 tclass=file app=com.hht.lebocast
05-07 02:05:21.745 3003 3003 I auditd : type=1400 audit(0.0:6261): avc: granted { read } for comm=4173796E635461736B2023323039 name="arp" dev="proc" ino=4026532247 scontext=u:r:platform_app:s0:c512,c768 tcontext=u:object_r:proc_net:s0 tclass=file app=com.hht.lebocast
05-07 02:05:21.745 3003 3003 I auditd : type=1400 audit(0.0:6262): avc: granted { read open } for comm=4173796E635461736B2023323039 path="/proc/3003/net/arp" dev="proc" ino=4026532247 scontext=u:r:platform_app:s0:c512,c768 tcontext=u:object_r:proc_net:s0 tclass=file app=com.hht.lebocast
05-07 02:05:21.745 3003 3003 I auditd : type=1400 audit(0.0:6263): avc: granted { getattr } for comm=4173796E635461736B2023323039 path="/proc/3003/net/arp" dev="proc" ino=4026532247 scontext=u:r:platform_app:s0:c512,c768 tcontext=u:object_r:proc_net:s0 tclass=file app=com.hht.lebocast
05-07 02:05:21.745 3003 3003 I auditd : type=1400 audit(0.0:6264): avc: granted { getattr } for comm=4173796E635461736B2023323039 path="/proc/3003/net/arp" dev="proc" ino=4026532247 scontext=u:r:platform_app:s0:c512,c768 tcontext=u:object_r:proc_net:s0 tclass=file app=com.hht.lebocast
05-07 02:05:28.505 3003 3003 I auditd : type=1400 audit(0.0:6265): avc: granted { read } for comm=4173796E635461736B2023323130 name="arp" dev="proc" ino=4026532247 scontext=u:r:platform_app:s0:c512,c768 tcontext=u:object_r:proc_net:s0 tclass=file app=com.hht.lebocast
05-07 02:05:28.513 3003 3003 I auditd : type=1400 audit(0.0:6266): avc: granted { read open } for comm=4173796E635461736B2023323130 path="/proc/3003/net/arp" dev="proc" ino=4026532247 scontext=u:r:platform_app:s0:c512,c768 tcontext=u:object_r:proc_net:s0 tclass=file app=com.hht.lebocast
05-07 02:05:28.513 3003 3003 I auditd : type=1400 audit(0.0:6267): avc: granted { getattr } for comm=4173796E635461736B2023323130 path="/proc/3003/net/arp" dev="proc" ino=4026532247 scontext=u:r:platform_app:s0:c512,c768 tcontext=u:object_r:proc_net:s0 tclass=file app=com.hht.lebocast
05-07 02:05:28.513 3003 3003 I auditd : type=1400 audit(0.0:6268): avc: granted { getattr } for comm=4173796E635461736B2023323130 path="/proc/3003/net/arp" dev="proc" ino=4026532247 scontext=u:r:platform_app:s0:c512,c768 tcontext=u:object_r:proc_net:s0 tclass=file app=com.hht.lebocast
05-07 02:05:29.371 1092 1893 I sync : [com.tencent.android.qqdownloader.YYBLiveAccountProvider,0,3,24220937]
05-07 02:05:29.446 1092 1893 I sync : [com.tencent.android.qqdownloader.YYBLiveAccountProvider,1,3,24220937]
05-07 02:05:29.459 1092 1893 I commit_sys_config_file: [sync-status,502743]
05-07 02:05:29.467 1092 1893 I sync : [com.tencent.android.qqdownloader.YYBLiveAccountProvider,0,3,24220937]
05-07 02:05:29.526 1092 1893 I sync : [com.tencent.android.qqdownloader.YYBLiveAccountProvider,1,3,24220937]
05-07 02:05:29.539 1092 1893 I commit_sys_config_file: [sync-status,502823]
05-07 02:05:29.867 1092 1723 I netstats_mobile_sample: [0,0,0,0,0,0,0,0,0,0,0,0,1683514191719]
05-07 02:05:29.868 1092 1723 I netstats_wifi_sample: [308,4,568,5,308,4,568,5,228,2,520,4,1683514191719]
05-07 02:05:31.457 1092 1203 I commit_sys_config_file: [jobs,9]
05-07 02:05:32.293 3003 3003 I auditd : type=1400 audit(0.0:6269): avc: granted { read } for comm=4173796E635461736B2023323131 name="arp" dev="proc" ino=4026532247 scontext=u:r:platform_app:s0:c512,c768 tcontext=u:object_r:proc_net:s0 tclass=file app=com.hht.lebocast
05-07 02:05:32.293 3003 3003 I auditd : type=1400 audit(0.0:6270): avc: granted { read open } for comm=4173796E635461736B2023323131 path="/proc/3003/net/arp" dev="proc" ino=4026532247 scontext=u:r:platform_app:s0:c512,c768 tcontext=u:object_r:proc_net:s0 tclass=file app=com.hht.lebocast
05-07 02:05:32.293 3003 3003 I auditd : type=1400 audit(0.0:6271): avc: granted { getattr } for comm=4173796E635461736B2023323131 path="/proc/3003/net/arp" dev="proc" ino=4026532247 scontext=u:r:platform_app:s0:c512,c768 tcontext=u:object_r:proc_net:s0 tclass=file app=com.hht.lebocast
05-07 02:05:32.297 3003 3003 I auditd : type=1400 audit(0.0:6272): avc: granted { getattr } for comm=4173796E635461736B2023323131 path="/proc/3003/net/arp" dev="proc" ino=4026532247 scontext=u:r:platform_app:s0:c512,c768 tcontext=u:object_r:proc_net:s0 tclass=file app=com.hht.lebocast
05-07 02:05:34.441 3003 3003 I auditd : type=1400 audit(0.0:6273): avc: granted { read } for comm=4173796E635461736B2023323132 name="arp" dev="proc" ino=4026532247 scontext=u:r:platform_app:s0:c512,c768 tcontext=u:object_r:proc_net:s0 tclass=file app=com.hht.lebocast
05-07 02:05:34.441 3003 3003 I auditd : type=1400 audit(0.0:6274): avc: granted { read open } for comm=4173796E635461736B2023323132 path="/proc/3003/net/arp" dev="proc" ino=4026532247 scontext=u:r:platform_app:s0:c512,c768 tcontext=u:object_r:proc_net:s0 tclass=file app=com.hht.lebocast
05-07 02:05:34.441 3003 3003 I auditd : type=1400 audit(0.0:6275): avc: granted { getattr } for comm=4173796E635461736B2023323132 path="/proc/3003/net/arp" dev="proc" ino=4026532247 scontext=u:r:platform_app:s0:c512,c768 tcontext=u:object_r:proc_net:s0 tclass=file app=com.hht.lebocast
05-07 02:05:34.445 3003 3003 I auditd : type=1400 audit(0.0:6276): avc: granted { getattr } for comm=4173796E635461736B2023323132 path="/proc/3003/net/arp" dev="proc" ino=4026532247 scontext=u:r:platform_app:s0:c512,c768 tcontext=u:object_r:proc_net:s0 tclass=file app=com.hht.lebocast
05-07 02:05:35.513 1092 1217 I am_uid_idle: 10047
05-07 02:05:36.197 3003 3003 I auditd : type=1400 audit(0.0:6277): avc: granted { read } for comm=4173796E635461736B2023323133 name="arp" dev="proc" ino=4026532247 scontext=u:r:platform_app:s0:c512,c768 tcontext=u:object_r:proc_net:s0 tclass=file app=com.hht.lebocast
05-07 02:05:36.197 3003 3003 I auditd : type=1400 audit(0.0:6278): avc: granted { read open } for comm=4173796E635461736B2023323133 path="/proc/3003/net/arp" dev="proc" ino=4026532247 scontext=u:r:platform_app:s0:c512,c768 tcontext=u:object_r:proc_net:s0 tclass=file app=com.hht.lebocast
05-07 02:05:36.197 3003 3003 I auditd : type=1400 audit(0.0:6279): avc: granted { getattr } for comm=4173796E635461736B2023323133 path="/proc/3003/net/arp" dev="proc" ino=4026532247 scontext=u:r:platform_app:s0:c512,c768 tcontext=u:object_r:proc_net:s0 tclass=file app=com.hht.lebocast
05-07 02:05:36.197 3003 3003 I auditd : type=1400 audit(0.0:6280): avc: granted { getattr } for comm=4173796E635461736B2023323133 path="/proc/3003/net/arp" dev="proc" ino=4026532247 scontext=u:r:platform_app:s0:c512,c768 tcontext=u:object_r:proc_net:s0 tclass=file app=com.hht.lebocast
05-07 02:05:37.026 688 8370 I liblog : 3
05-07 02:05:37.027 688 8371 I liblog : 10
05-07 02:05:37.028 688 8366 I liblog : 22
05-07 02:05:37.032 688 8372 I liblog : 1
05-07 02:05:37.040 688 8380 I liblog : 1
05-07 02:05:37.055 688 8388 I liblog : 43
05-07 02:05:37.057 688 8390 I liblog : 12
05-07 02:05:37.057 688 8390 I liblog : 1
05-07 02:05:37.058 688 8383 I liblog : 2
05-07 02:05:37.061 688 8393 I liblog : 3
05-07 02:05:37.063 688 8397 I liblog : 3
05-07 02:05:37.064 688 8392 I liblog : 3
05-07 02:05:37.065 688 8394 I liblog : 1
05-07 02:05:37.066 688 8385 I liblog : 4
05-07 02:05:37.066 688 8396 I liblog : 2
05-07 02:05:37.067 688 8396 I liblog : 4
05-07 02:05:37.068 688 8388 I liblog : 1
05-07 02:05:38.945 3003 3003 I auditd : type=1400 audit(0.0:6281): avc: granted { read } for comm=4173796E635461736B2023323134 name="arp" dev="proc" ino=4026532247 scontext=u:r:platform_app:s0:c512,c768 tcontext=u:object_r:proc_net:s0 tclass=file app=com.hht.lebocast
05-07 02:05:38.945 3003 3003 I auditd : type=1400 audit(0.0:6282): avc: granted { read open } for comm=4173796E635461736B2023323134 path="/proc/3003/net/arp" dev="proc" ino=4026532247 scontext=u:r:platform_app:s0:c512,c768 tcontext=u:object_r:proc_net:s0 tclass=file app=com.hht.lebocast
05-07 02:05:38.949 3003 3003 I auditd : type=1400 audit(0.0:6283): avc: granted { getattr } for comm=4173796E635461736B2023323134 path="/proc/3003/net/arp" dev="proc" ino=4026532247 scontext=u:r:platform_app:s0:c512,c768 tcontext=u:object_r:proc_net:s0 tclass=file app=com.hht.lebocast
05-07 02:05:38.949 3003 3003 I auditd : type=1400 audit(0.0:6284): avc: granted { getattr } for comm=4173796E635461736B2023323134 path="/proc/3003/net/arp" dev="proc" ino=4026532247 scontext=u:r:platform_app:s0:c512,c768 tcontext=u:object_r:proc_net:s0 tclass=file app=com.hht.lebocast
05-07 02:05:41.506 1092 1217 I am_uid_idle: 10067
05-07 02:05:41.817 3003 3003 I auditd : type=1400 audit(0.0:6285): avc: granted { read } for comm=4173796E635461736B2023323135 name="arp" dev="proc" ino=4026532247 scontext=u:r:platform_app:s0:c512,c768 tcontext=u:object_r:proc_net:s0 tclass=file app=com.hht.lebocast
05-07 02:05:41.817 3003 3003 I auditd : type=1400 audit(0.0:6286): avc: granted { read open } for comm=4173796E635461736B2023323135 path="/proc/3003/net/arp" dev="proc" ino=4026532247 scontext=u:r:platform_app:s0:c512,c768 tcontext=u:object_r:proc_net:s0 tclass=file app=com.hht.lebocast
05-07 02:05:41.817 3003 3003 I auditd : type=1400 audit(0.0:6287): avc: granted { getattr } for comm=4173796E635461736B2023323135 path="/proc/3003/net/arp" dev="proc" ino=4026532247 scontext=u:r:platform_app:s0:c512,c768 tcontext=u:object_r:proc_net:s0 tclass=file app=com.hht.lebocast
05-07 02:05:41.821 3003 3003 I auditd : type=1400 audit(0.0:6288): avc: granted { getattr } for comm=4173796E635461736B2023323135 path="/proc/3003/net/arp" dev="proc" ino=4026532247 scontext=u:r:platform_app:s0:c512,c768 tcontext=u:object_r:proc_net:s0 tclass=file app=com.hht.lebocast
05-07 02:05:42.458 1092 1723 I netstats_mobile_sample: [0,0,0,0,0,0,0,0,0,0,0,0,1683514204310]
05-07 02:05:42.458 1092 1723 I netstats_wifi_sample: [308,4,568,5,308,4,568,5,228,2,520,4,1683514204310]
05-07 02:05:42.794 1092 1092 I notification_enqueue: [10100,5640,com.tencent.android.qqdownloader,127,NULL,0,Notification(channel=channel_id_default_silent shortcut=null contentView=com.tencent.android.qqdownloader/0x7f0a01c2 vibrate=null sound=null defaults=0x0 flags=0x2a2 color=0x00000000 groupKey=com.tencent.android.qqdownloader vis=PRIVATE),1]
05-07 02:05:48.469 3003 3003 I auditd : type=1400 audit(0.0:6289): avc: granted { read } for comm=4173796E635461736B2023323136 name="arp" dev="proc" ino=4026532247 scontext=u:r:platform_app:s0:c512,c768 tcontext=u:object_r:proc_net:s0 tclass=file app=com.hht.lebocast
05-07 02:05:48.469 3003 3003 I auditd : type=1400 audit(0.0:6290): avc: granted { read open } for comm=4173796E635461736B2023323136 path="/proc/3003/net/arp" dev="proc" ino=4026532247 scontext=u:r:platform_app:s0:c512,c768 tcontext=u:object_r:proc_net:s0 tclass=file app=com.hht.lebocast
05-07 02:05:48.473 3003 3003 I auditd : type=1400 audit(0.0:6291): avc: granted { getattr } for comm=4173796E635461736B2023323136 path="/proc/3003/net/arp" dev="proc" ino=4026532247 scontext=u:r:platform_app:s0:c512,c768 tcontext=u:object_r:proc_net:s0 tclass=file app=com.hht.lebocast
05-07 02:05:48.473 3003 3003 I auditd : type=1400 audit(0.0:6292): avc: granted { getattr } for comm=4173796E635461736B2023323136 path="/proc/3003/net/arp" dev="proc" ino=4026532247 scontext=u:r:platform_app:s0:c512,c768 tcontext=u:object_r:proc_net:s0 tclass=file app=com.hht.lebocast
05-07 02:05:52.361 3003 3003 I auditd : type=1400 audit(0.0:6293): avc: granted { read } for comm=4173796E635461736B2023323137 name="arp" dev="proc" ino=4026532247 scontext=u:r:platform_app:s0:c512,c768 tcontext=u:object_r:proc_net:s0 tclass=file app=com.hht.lebocast
05-07 02:05:52.361 3003 3003 I auditd : type=1400 audit(0.0:6294): avc: granted { read open } for comm=4173796E635461736B2023323137 path="/proc/3003/net/arp" dev="proc" ino=4026532247 scontext=u:r:platform_app:s0:c512,c768 tcontext=u:object_r:proc_net:s0 tclass=file app=com.hht.lebocast
05-07 02:05:52.361 3003 3003 I auditd : type=1400 audit(0.0:6295): avc: granted { getattr } for comm=4173796E635461736B2023323137 path="/proc/3003/net/arp" dev="proc" ino=4026532247 scontext=u:r:platform_app:s0:c512,c768 tcontext=u:object_r:proc_net:s0 tclass=file app=com.hht.lebocast
05-07 02:05:52.361 3003 3003 I auditd : type=1400 audit(0.0:6296): avc: granted { getattr } for comm=4173796E635461736B2023323137 path="/proc/3003/net/arp" dev="proc" ino=4026532247 scontext=u:r:platform_app:s0:c512,c768 tcontext=u:object_r:proc_net:s0 tclass=file app=com.hht.lebocast
05-07 02:05:52.791 1092 1723 I netstats_mobile_sample: [0,0,0,0,0,0,0,0,0,0,0,0,1683514214643]
05-07 02:05:52.792 1092 1723 I netstats_wifi_sample: [308,4,568,5,308,4,568,5,228,2,520,4,1683514214643]
05-07 02:05:56.253 3003 3003 I auditd : type=1400 audit(0.0:6297): avc: granted { read } for comm=4173796E635461736B2023323138 name="arp" dev="proc" ino=4026532247 scontext=u:r:platform_app:s0:c512,c768 tcontext=u:object_r:proc_net:s0 tclass=file app=com.hht.lebocast
05-07 02:05:56.253 3003 3003 I auditd : type=1400 audit(0.0:6298): avc: granted { read open } for comm=4173796E635461736B2023323138 path="/proc/3003/net/arp" dev="proc" ino=4026532247 scontext=u:r:platform_app:s0:c512,c768 tcontext=u:object_r:proc_net:s0 tclass=file app=com.hht.lebocast
05-07 02:05:56.253 3003 3003 I auditd : type=1400 audit(0.0:6299): avc: granted { getattr } for comm=4173796E635461736B2023323138 path="/proc/3003/net/arp" dev="proc" ino=4026532247 scontext=u:r:platform_app:s0:c512,c768 tcontext=u:object_r:proc_net:s0 tclass=file app=com.hht.lebocast
05-07 02:05:56.253 3003 3003 I auditd : type=1400 audit(0.0:6300): avc: granted { getattr } for comm=4173796E635461736B2023323138 path="/proc/3003/net/arp" dev="proc" ino=4026532247 scontext=u:r:platform_app:s0:c512,c768 tcontext=u:object_r:proc_net:s0 tclass=file app=com.hht.lebocast
05-07 02:05:58.917 3003 3003 I auditd : type=1400 audit(0.0:6301): avc: granted { read } for comm=4173796E635461736B2023323139 name="arp" dev="proc" ino=4026532247 scontext=u:r:platform_app:s0:c512,c768 tcontext=u:object_r:proc_net:s0 tclass=file app=com.hht.lebocast
05-07 02:05:58.917 3003 3003 I auditd : type=1400 audit(0.0:6302): avc: granted { read open } for comm=4173796E635461736B2023323139 path="/proc/3003/net/arp" dev="proc" ino=4026532247 scontext=u:r:platform_app:s0:c512,c768 tcontext=u:object_r:proc_net:s0 tclass=file app=com.hht.lebocast
05-07 02:05:58.917 3003 3003 I auditd : type=1400 audit(0.0:6303): avc: granted { getattr } for comm=4173796E635461736B2023323139 path="/proc/3003/net/arp" dev="proc" ino=4026532247 scontext=u:r:platform_app:s0:c512,c768 tcontext=u:object_r:proc_net:s0 tclass=file app=com.hht.lebocast
05-07 02:05:58.917 3003 3003 I auditd : type=1400 audit(0.0:6304): avc: granted { getattr } for comm=4173796E635461736B2023323139 path="/proc/3003/net/arp" dev="proc" ino=4026532247 scontext=u:r:platform_app:s0:c512,c768 tcontext=u:object_r:proc_net:s0 tclass=file app=com.hht.lebocast
05-07 02:05:59.334 1092 1242 I sysui_multi_action: [757,1696,758,6,759,2]
05-07 02:05:59.338 1092 1217 I am_wtf : [0,1092,system_server,-1,DisplayDeviceConfig,requesting nits when no mapping exists.]
05-07 02:05:59.344 1092 1217 I am_wtf : [0,1092,system_server,-1,DisplayDeviceConfig,requesting nits when no mapping exists.]
05-07 02:05:59.346 1092 1217 I service_manager_stats: [100,138,326325]
05-07 02:05:59.380 1092 1217 I am_wtf : [0,1092,system_server,-1,DisplayDeviceConfig,requesting nits when no mapping exists.]
05-07 02:05:59.385 1092 1217 I am_wtf : [0,1092,system_server,-1,DisplayDeviceConfig,requesting nits when no mapping exists.]
05-07 02:05:59.406 1092 1217 I am_wtf : [0,1092,system_server,-1,DisplayDeviceConfig,requesting nits when no mapping exists.]
05-07 02:05:59.411 1092 1217 I am_wtf : [0,1092,system_server,-1,DisplayDeviceConfig,requesting nits when no mapping exists.]
05-07 02:05:59.442 1092 1217 I am_wtf : [0,1092,system_server,-1,DisplayDeviceConfig,requesting nits when no mapping exists.]
05-07 02:05:59.445 1092 1217 I am_wtf : [0,1092,system_server,-1,DisplayDeviceConfig,requesting nits when no mapping exists.]
05-07 02:05:59.503 1092 1217 I am_wtf : [0,1092,system_server,-1,DisplayDeviceConfig,requesting nits when no mapping exists.]
05-07 02:05:59.505 1092 1217 I am_wtf : [0,1092,system_server,-1,DisplayDeviceConfig,requesting nits when no mapping exists.]
05-07 02:05:59.530 1092 1217 I am_wtf : [0,1092,system_server,-1,DisplayDeviceConfig,requesting nits when no mapping exists.]
05-07 02:05:59.531 1092 1217 I am_wtf : [0,1092,system_server,-1,DisplayDeviceConfig,requesting nits when no mapping exists.]
05-07 02:05:59.596 1092 1217 I am_wtf : [0,1092,system_server,-1,DisplayDeviceConfig,requesting nits when no mapping exists.]
05-07 02:05:59.598 1092 1217 I am_wtf : [0,1092,system_server,-1,DisplayDeviceConfig,requesting nits when no mapping exists.]
05-07 02:05:59.629 1092 1217 I am_wtf : [0,1092,system_server,-1,DisplayDeviceConfig,requesting nits when no mapping exists.]
05-07 02:05:59.630 1092 1217 I am_wtf : [0,1092,system_server,-1,DisplayDeviceConfig,requesting nits when no mapping exists.]
05-07 02:05:59.663 1092 1217 I am_wtf : [0,1092,system_server,-1,DisplayDeviceConfig,requesting nits when no mapping exists.]
05-07 02:05:59.674 1092 1217 I am_wtf : [0,1092,system_server,-1,DisplayDeviceConfig,requesting nits when no mapping exists.]
05-07 02:05:59.713 1092 1217 I am_wtf : [0,1092,system_server,-1,DisplayDeviceConfig,requesting nits when no mapping exists.]
05-07 02:05:59.715 1092 1217 I am_wtf : [0,1092,system_server,-1,DisplayDeviceConfig,requesting nits when no mapping exists.]
05-07 02:05:59.752 1092 1217 I am_wtf : [0,1092,system_server,-1,DisplayDeviceConfig,requesting nits when no mapping exists.]
05-07 02:05:59.756 1092 1217 I am_wtf : [0,1092,system_server,-1,DisplayDeviceConfig,requesting nits when no mapping exists.]
05-07 02:05:59.778 1092 1217 I am_wtf : [0,1092,system_server,-1,DisplayDeviceConfig,requesting nits when no mapping exists.]
05-07 02:05:59.781 1092 1217 I am_wtf : [0,1092,system_server,-1,DisplayDeviceConfig,requesting nits when no mapping exists.]
05-07 02:05:59.830 1092 1217 I am_wtf : [0,1092,system_server,-1,DisplayDeviceConfig,requesting nits when no mapping exists.]
05-07 02:05:59.833 1092 1217 I am_wtf : [0,1092,system_server,-1,DisplayDeviceConfig,requesting nits when no mapping exists.]
05-07 02:05:59.855 1092 1217 I am_wtf : [0,1092,system_server,-1,DisplayDeviceConfig,requesting nits when no mapping exists.]
05-07 02:05:59.856 1092 1217 I am_wtf : [0,1092,system_server,-1,DisplayDeviceConfig,requesting nits when no mapping exists.]
05-07 02:05:59.897 1092 1217 I am_wtf : [0,1092,system_server,-1,DisplayDeviceConfig,requesting nits when no mapping exists.]
05-07 02:05:59.899 1092 1217 I am_wtf : [0,1092,system_server,-1,DisplayDeviceConfig,requesting nits when no mapping exists.]
05-07 02:05:59.944 1092 1217 I am_wtf : [0,1092,system_server,-1,DisplayDeviceConfig,requesting nits when no mapping exists.]
05-07 02:05:59.947 1092 1217 I am_wtf : [0,1092,system_server,-1,DisplayDeviceConfig,requesting nits when no mapping exists.]
05-07 02:05:59.973 1092 1217 I am_wtf : [0,1092,system_server,-1,DisplayDeviceConfig,requesting nits when no mapping exists.]
05-07 02:05:59.974 1092 1217 I am_wtf : [0,1092,system_server,-1,DisplayDeviceConfig,requesting nits when no mapping exists.]
05-07 02:06:00.001 1092 1217 I am_wtf : [0,1092,system_server,-1,DisplayDeviceConfig,requesting nits when no mapping exists.]
05-07 02:06:00.004 1092 1217 I am_wtf : [0,1092,system_server,-1,DisplayDeviceConfig,requesting nits when no mapping exists.]
05-07 02:06:00.044 1092 1217 I am_wtf : [0,1092,system_server,-1,DisplayDeviceConfig,requesting nits when no mapping exists.]
05-07 02:06:00.047 1092 1217 I am_wtf : [0,1092,system_server,-1,DisplayDeviceConfig,requesting nits when no mapping exists.]
05-07 02:06:00.071 1092 1217 I am_wtf : [0,1092,system_server,-1,DisplayDeviceConfig,requesting nits when no mapping exists.]
05-07 02:06:00.073 1092 1217 I am_wtf : [0,1092,system_server,-1,DisplayDeviceConfig,requesting nits when no mapping exists.]
05-07 02:06:00.096 1092 1217 I am_wtf : [0,1092,system_server,-1,DisplayDeviceConfig,requesting nits when no mapping exists.]
05-07 02:06:00.098 1092 1217 I am_wtf : [0,1092,system_server,-1,DisplayDeviceConfig,requesting nits when no mapping exists.]
05-07 02:06:00.124 1092 1217 I am_wtf : [0,1092,system_server,-1,DisplayDeviceConfig,requesting nits when no mapping exists.]
05-07 02:06:00.130 1092 1217 I am_wtf : [0,1092,system_server,-1,DisplayDeviceConfig,requesting nits when no mapping exists.]
05-07 02:06:00.173 1092 1217 I am_wtf : [0,1092,system_server,-1,DisplayDeviceConfig,requesting nits when no mapping exists.]
05-07 02:06:00.175 1092 1217 I am_wtf : [0,1092,system_server,-1,DisplayDeviceConfig,requesting nits when no mapping exists.]
05-07 02:06:00.196 1092 1217 I am_wtf : [0,1092,system_server,-1,DisplayDeviceConfig,requesting nits when no mapping exists.]
05-07 02:06:00.198 1092 1217 I am_wtf : [0,1092,system_server,-1,DisplayDeviceConfig,requesting nits when no mapping exists.]
05-07 02:06:00.239 1092 1217 I am_wtf : [0,1092,system_server,-1,DisplayDeviceConfig,requesting nits when no mapping exists.]
05-07 02:06:00.240 1092 1217 I am_wtf : [0,1092,system_server,-1,DisplayDeviceConfig,requesting nits when no mapping exists.]
05-07 02:06:00.254 1092 1217 I am_wtf : [0,1092,system_server,-1,DisplayDeviceConfig,requesting nits when no mapping exists.]
05-07 02:06:00.256 1092 1217 I am_wtf : [0,1092,system_server,-1,DisplayDeviceConfig,requesting nits when no mapping exists.]
05-07 02:06:00.305 1092 1217 I am_wtf : [0,1092,system_server,-1,DisplayDeviceConfig,requesting nits when no mapping exists.]
05-07 02:06:00.307 1092 1217 I am_wtf : [0,1092,system_server,-1,DisplayDeviceConfig,requesting nits when no mapping exists.]
05-07 02:06:04.117 1092 1723 I netstats_mobile_sample: [0,0,0,0,0,0,0,0,0,0,0,0,1683514225969]
05-07 02:06:04.117 1092 1723 I netstats_wifi_sample: [308,4,568,5,308,4,568,5,228,2,520,4,1683514225969]
05-07 02:06:04.374 1092 1893 I sync : [com.tencent.android.qqdownloader.YYBLiveAccountProvider,0,3,24220937]
05-07 02:06:04.420 1092 1214 I am_pss : [5683,10100,com.tencent.android.qqdownloader,230432768,213286912,0,394739712,0,2,27]
05-07 02:06:04.450 1092 1893 I sync : [com.tencent.android.qqdownloader.YYBLiveAccountProvider,1,3,24220937]
05-07 02:06:04.456 1092 1893 I commit_sys_config_file: [sync-status,537740]
05-07 02:06:04.475 1092 1893 I sync : [com.tencent.android.qqdownloader.YYBLiveAccountProvider,0,3,24220937]
05-07 02:06:04.558 1092 1893 I sync : [com.tencent.android.qqdownloader.YYBLiveAccountProvider,1,3,24220937]
05-07 02:06:04.564 1092 1893 I commit_sys_config_file: [sync-status,537848]
05-07 02:06:06.293 1092 1092 I auditd : type=1400 audit(0.0:6305): avc: denied { getopt } for comm="Binder:1092_14" scontext=u:r:system_server:s0 tcontext=u:r:shell:s0 tclass=unix_stream_socket permissive=1
05-07 02:06:06.342 1092 1201 I sysui_multi_action: [757,222,758,1]
05-07 02:06:06.349 1092 1201 I am_uid_active: 10047
05-07 02:06:06.370 1092 1203 I commit_sys_config_file: [package-session,765437]
05-07 02:06:06.374 1092 1214 I am_pss : [3817,2000,com.android.shell,7800832,1966080,4842496,56619008,0,19,11]
05-07 02:06:06.377 1092 1203 I commit_sys_config_file: [package-session,765444]
05-07 02:06:06.377 1092 6559 I wm_task_created: [20,-1]
05-07 02:06:06.381 1092 6559 I wm_task_moved: [20,1,8]
05-07 02:06:06.381 1092 6559 I wm_task_to_front: [0,20]
05-07 02:06:06.382 1092 6559 I wm_create_task: [0,20]
05-07 02:06:06.382 1092 6559 I wm_create_activity: [0,240132209,20,com.thundercomm.screensaver/android.service.dreams.DreamActivity,NULL,NULL,NULL,276824064]
05-07 02:06:06.382 1092 6559 I wm_task_moved: [20,1,8]
05-07 02:06:06.384 1092 6559 I wm_pause_activity: [0,76565268,com.android.launcher3/.uioverrides.QuickstepLauncher,userLeaving=true,pauseBackTasks]
05-07 02:06:06.384 2610 2610 I wm_on_paused_called: [76565268,com.android.launcher3.uioverrides.QuickstepLauncher,performPause]
05-07 02:06:06.387 5683 5683 I wm_on_top_resumed_lost_called: [85185484,com.tencent.nucleus.search.SearchActivity,topStateChangedWhenResumed]
05-07 02:06:06.391 1092 1214 I am_pss : [3637,10028,com.android.managedprovisioning,10825728,4980736,4811776,60444672,0,19,11]
05-07 02:06:06.392 1092 2164 I wm_add_to_stopping: [0,76565268,com.android.launcher3/.uioverrides.QuickstepLauncher,makeInvisible]
05-07 02:06:06.393 1092 2164 I wm_restart_activity: [0,240132209,20,com.thundercomm.screensaver/android.service.dreams.DreamActivity]
05-07 02:06:06.395 1092 2164 I wm_set_resumed_activity: [0,com.thundercomm.screensaver/android.service.dreams.DreamActivity,minimalResumeActivityLocked]
05-07 02:06:06.404 1092 1214 I am_pss : [3167,10093,com.qualcomm.qti.workloadclassifier,19656704,17522688,0,109424640,0,0,11]
05-07 02:06:06.408 7438 7438 I wm_on_create_called: [240132209,android.service.dreams.DreamActivity,performCreate]
05-07 02:06:06.409 7438 7438 I wm_on_start_called: [240132209,android.service.dreams.DreamActivity,handleStartActivity]
05-07 02:06:06.409 7438 7438 I wm_on_resume_called: [240132209,android.service.dreams.DreamActivity,RESUME_ACTIVITY]
05-07 02:06:06.417 1092 1204 I sysui_multi_action: [757,803,799,window_time_2,802,79]
05-07 02:06:06.389 3003 3003 I auditd : type=1400 audit(0.0:6306): avc: granted { read } for comm=4173796E635461736B2023323230 name="arp" dev="proc" ino=4026532247 scontext=u:r:platform_app:s0:c512,c768 tcontext=u:object_r:proc_net:s0 tclass=file app=com.hht.lebocast
05-07 02:06:06.432 7438 7438 I wm_on_top_resumed_gained_called: [240132209,android.service.dreams.DreamActivity,topStateChangedWhenResumed]
05-07 02:06:06.433 1092 2164 I am_uid_active: 10067
05-07 02:06:06.441 1092 1214 I am_pss : [3066,10057,.pasr,5460992,3645440,0,88649728,0,0,10]
05-07 02:06:06.454 1092 1214 I am_pss : [3140,10090,com.qualcomm.qti.qccnetstat,6147072,4313088,0,90411008,0,0,10]
05-07 02:06:06.389 3003 3003 I auditd : type=1400 audit(0.0:6307): avc: granted { read open } for comm=4173796E635461736B2023323230 path="/proc/3003/net/arp" dev="proc" ino=4026532247 scontext=u:r:platform_app:s0:c512,c768 tcontext=u:object_r:proc_net:s0 tclass=file app=com.hht.lebocast
05-07 02:06:06.466 1092 1203 I commit_sys_config_file: [jobs,16]
05-07 02:06:06.470 1092 1206 I input_focus: [Focus request 1f319e2 com.thundercomm.screensaver/android.service.dreams.DreamActivity,reason=UpdateInputWindows]
05-07 02:06:06.470 1092 1214 I am_pss : [3089,10075,com.qualcomm.qti.services.systemhelper:systemhelper_service,6425600,4542464,0,92499968,0,0,9]
05-07 02:06:06.482 1092 1691 I input_focus: [Focus leaving 2f7a9f7 com.tencent.android.qqdownloader/com.tencent.nucleus.search.SearchActivity (server),reason=Waiting for window because NOT_VISIBLE]
05-07 02:06:06.389 3003 3003 I auditd : type=1400 audit(0.0:6308): avc: granted { getattr } for comm=4173796E635461736B2023323230 path="/proc/3003/net/arp" dev="proc" ino=4026532247 scontext=u:r:platform_app:s0:c512,c768 tcontext=u:object_r:proc_net:s0 tclass=file app=com.hht.lebocast
05-07 02:06:06.506 1092 1204 I dvm_lock_sample: [system_server,1,android.display,10,WindowManagerService.java,5186,void com.android.server.wm.WindowManagerService$H.handleMessage(android.os.Message),ActivityTaskManagerService.java,1073,android.content.res.Configuration com.android.server.wm.ActivityTaskManagerService.getGlobalConfigurationForPid(int),2]
05-07 02:06:06.506 1092 1201 I sysui_multi_action: [319,125,322,124,325,822,757,761,758,8,759,2,806,com.thundercomm.screensaver,871,android.service.dreams.DreamActivity,904,com.thundercomm.screensaver,905,0,1320,3,1321,21]
05-07 02:06:06.508 1092 1214 I am_pss : [3058,1000,com.hryt.hiphishowfsecontrol,14793728,12689408,0,105349120,0,0,10]
05-07 02:06:06.514 1092 1201 I wm_activity_launch_time: [0,240132209,com.thundercomm.screensaver/android.service.dreams.DreamActivity,124]
05-07 02:06:06.389 3003 3003 I auditd : type=1400 audit(0.0:6309): avc: granted { getattr } for comm=4173796E635461736B2023323230 path="/proc/3003/net/arp" dev="proc" ino=4026532247 scontext=u:r:platform_app:s0:c512,c768 tcontext=u:object_r:proc_net:s0 tclass=file app=com.hht.lebocast
05-07 02:06:06.530 1092 1242 I sysui_multi_action: [757,1696,758,6,759,3]
05-07 02:06:06.531 1092 1691 I input_focus: [Focus entering 1f319e2 com.thundercomm.screensaver/android.service.dreams.DreamActivity (server),reason=Window became focusable. Previous reason: NOT_VISIBLE]
05-07 02:06:06.536 1092 1214 I am_pss : [3033,10062,ts.car.uart,6265856,4481024,0,89870336,0,0,10]
05-07 02:06:06.539 1092 1217 I am_wtf : [0,1092,system_server,-1,DisplayDeviceConfig,requesting nits when no mapping exists.]
05-07 02:06:06.540 1092 1217 I am_wtf : [0,1092,system_server,-1,DisplayDeviceConfig,requesting nits when no mapping exists.]
05-07 02:06:06.559 1092 1214 I am_pss : [3003,10087,com.hht.lebocast,32763904,21454848,0,103837696,0,0,11]
05-07 02:06:06.615 1092 1217 I am_wtf : [0,1092,system_server,-1,DisplayDeviceConfig,requesting nits when no mapping exists.]
05-07 02:06:06.618 1092 1217 I am_wtf : [0,1092,system_server,-1,DisplayDeviceConfig,requesting nits when no mapping exists.]
05-07 02:06:06.659 1092 1217 I am_wtf : [0,1092,system_server,-1,DisplayDeviceConfig,requesting nits when no mapping exists.]
05-07 02:06:06.659 1092 1217 I am_wtf : [0,1092,system_server,-1,DisplayDeviceConfig,requesting nits when no mapping exists.]
05-07 02:06:06.715 1092 1217 I am_wtf : [0,1092,system_server,-1,DisplayDeviceConfig,requesting nits when no mapping exists.]
05-07 02:06:06.715 1092 1217 I am_wtf : [0,1092,system_server,-1,DisplayDeviceConfig,requesting nits when no mapping exists.]
05-07 02:06:06.742 1092 1217 I am_wtf : [0,1092,system_server,-1,DisplayDeviceConfig,requesting nits when no mapping exists.]
05-07 02:06:06.743 1092 1217 I am_wtf : [0,1092,system_server,-1,DisplayDeviceConfig,requesting nits when no mapping exists.]
05-07 02:06:06.791 1092 1217 I am_wtf : [0,1092,system_server,-1,DisplayDeviceConfig,requesting nits when no mapping exists.]
05-07 02:06:06.792 1092 1217 I am_wtf : [0,1092,system_server,-1,DisplayDeviceConfig,requesting nits when no mapping exists.]
05-07 02:06:06.795 1092 1204 I wm_stop_activity: [0,76565268,com.android.launcher3/.uioverrides.QuickstepLauncher]
05-07 02:06:06.815 2610 2610 I wm_on_stop_called: [76565268,com.android.launcher3.uioverrides.QuickstepLauncher,STOP_ACTIVITY_ITEM]
05-07 02:06:06.830 1092 1217 I am_wtf : [0,1092,system_server,-1,DisplayDeviceConfig,requesting nits when no mapping exists.]
05-07 02:06:06.831 1092 1217 I am_wtf : [0,1092,system_server,-1,DisplayDeviceConfig,requesting nits when no mapping exists.]
05-07 02:06:06.866 1092 1217 I am_wtf : [0,1092,system_server,-1,DisplayDeviceConfig,requesting nits when no mapping exists.]
05-07 02:06:06.867 1092 1217 I am_wtf : [0,1092,system_server,-1,DisplayDeviceConfig,requesting nits when no mapping exists.]
05-07 02:06:06.896 1092 1217 I am_wtf : [0,1092,system_server,-1,DisplayDeviceConfig,requesting nits when no mapping exists.]
05-07 02:06:06.897 1092 1217 I am_wtf : [0,1092,system_server,-1,DisplayDeviceConfig,requesting nits when no mapping exists.]
05-07 02:06:06.924 1092 1217 I am_wtf : [0,1092,system_server,-1,DisplayDeviceConfig,requesting nits when no mapping exists.]
05-07 02:06:06.925 1092 1217 I am_wtf : [0,1092,system_server,-1,DisplayDeviceConfig,requesting nits when no mapping exists.]
05-07 02:06:06.968 1092 1217 I am_wtf : [0,1092,system_server,-1,DisplayDeviceConfig,requesting nits when no mapping exists.]
05-07 02:06:06.970 1092 1217 I am_wtf : [0,1092,system_server,-1,DisplayDeviceConfig,requesting nits when no mapping exists.]
05-07 02:06:06.994 1092 1217 I am_wtf : [0,1092,system_server,-1,DisplayDeviceConfig,requesting nits when no mapping exists.]
05-07 02:06:06.994 1092 1217 I am_wtf : [0,1092,system_server,-1,DisplayDeviceConfig,requesting nits when no mapping exists.]
05-07 02:06:07.022 1092 1217 I am_wtf : [0,1092,system_server,-1,DisplayDeviceConfig,requesting nits when no mapping exists.]
05-07 02:06:07.023 1092 1217 I am_wtf : [0,1092,system_server,-1,DisplayDeviceConfig,requesting nits when no mapping exists.]
05-07 02:06:07.046 1092 1217 I am_wtf : [0,1092,system_server,-1,DisplayDeviceConfig,requesting nits when no mapping exists.]
05-07 02:06:07.046 1092 1217 I am_wtf : [0,1092,system_server,-1,DisplayDeviceConfig,requesting nits when no mapping exists.]
05-07 02:06:07.093 1092 1217 I am_wtf : [0,1092,system_server,-1,DisplayDeviceConfig,requesting nits when no mapping exists.]
05-07 02:06:07.095 1092 1217 I am_wtf : [0,1092,system_server,-1,DisplayDeviceConfig,requesting nits when no mapping exists.]
05-07 02:06:07.128 1092 1217 I am_wtf : [0,1092,system_server,-1,DisplayDeviceConfig,requesting nits when no mapping exists.]
05-07 02:06:07.129 1092 1217 I am_wtf : [0,1092,system_server,-1,DisplayDeviceConfig,requesting nits when no mapping exists.]
05-07 02:06:07.160 1092 1217 I am_wtf : [0,1092,system_server,-1,DisplayDeviceConfig,requesting nits when no mapping exists.]
05-07 02:06:07.160 1092 1217 I am_wtf : [0,1092,system_server,-1,DisplayDeviceConfig,requesting nits when no mapping exists.]
05-07 02:06:07.192 1092 1217 I am_wtf : [0,1092,system_server,-1,DisplayDeviceConfig,requesting nits when no mapping exists.]
05-07 02:06:07.193 1092 1217 I am_wtf : [0,1092,system_server,-1,DisplayDeviceConfig,requesting nits when no mapping exists.]
05-07 02:06:07.235 1092 1217 I am_wtf : [0,1092,system_server,-1,DisplayDeviceConfig,requesting nits when no mapping exists.]
05-07 02:06:07.236 1092 1217 I am_wtf : [0,1092,system_server,-1,DisplayDeviceConfig,requesting nits when no mapping exists.]
05-07 02:06:07.259 1092 1217 I am_wtf : [0,1092,system_server,-1,DisplayDeviceConfig,requesting nits when no mapping exists.]
05-07 02:06:07.259 1092 1217 I am_wtf : [0,1092,system_server,-1,DisplayDeviceConfig,requesting nits when no mapping exists.]
05-07 02:06:07.282 1092 1217 I am_wtf : [0,1092,system_server,-1,DisplayDeviceConfig,requesting nits when no mapping exists.]
05-07 02:06:07.283 1092 1217 I am_wtf : [0,1092,system_server,-1,DisplayDeviceConfig,requesting nits when no mapping exists.]
05-07 02:06:07.284 1092 1217 I service_manager_stats: [100,94,7938]
05-07 02:06:07.306 1092 1217 I am_wtf : [0,1092,system_server,-1,DisplayDeviceConfig,requesting nits when no mapping exists.]
05-07 02:06:07.307 1092 1217 I am_wtf : [0,1092,system_server,-1,DisplayDeviceConfig,requesting nits when no mapping exists.]
05-07 02:06:07.333 1092 1217 I am_wtf : [0,1092,system_server,-1,DisplayDeviceConfig,requesting nits when no mapping exists.]
05-07 02:06:07.333 1092 1217 I am_wtf : [0,1092,system_server,-1,DisplayDeviceConfig,requesting nits when no mapping exists.]
05-07 02:06:07.374 1092 1217 I am_wtf : [0,1092,system_server,-1,DisplayDeviceConfig,requesting nits when no mapping exists.]
05-07 02:06:07.375 1092 1217 I am_wtf : [0,1092,system_server,-1,DisplayDeviceConfig,requesting nits when no mapping exists.]
05-07 02:06:07.408 1092 1217 I am_wtf : [0,1092,system_server,-1,DisplayDeviceConfig,requesting nits when no mapping exists.]
05-07 02:06:07.409 1092 1217 I am_wtf : [0,1092,system_server,-1,DisplayDeviceConfig,requesting nits when no mapping exists.]
05-07 02:06:07.443 1092 1217 I am_wtf : [0,1092,system_server,-1,DisplayDeviceConfig,requesting nits when no mapping exists.]
05-07 02:06:07.443 1092 1217 I am_wtf : [0,1092,system_server,-1,DisplayDeviceConfig,requesting nits when no mapping exists.]
05-07 02:06:07.473 1092 1217 I am_wtf : [0,1092,system_server,-1,DisplayDeviceConfig,requesting nits when no mapping exists.]
05-07 02:06:07.474 1092 1217 I am_wtf : [0,1092,system_server,-1,DisplayDeviceConfig,requesting nits when no mapping exists.]
05-07 02:06:07.605 0 0 I auditd : type=1400 audit(0.0:6310): avc: denied { kill } for comm="swapper/5" capability=5 scontext=u:r:kernel:s0 tcontext=u:r:kernel:s0 tclass=capability permissive=1
05-07 02:06:08.319 1092 1303 I commit_sys_config_file: [package-session,767386]
05-07 02:06:08.309 1092 1092 I auditd : type=1400 audit(0.0:6311): avc: denied { getopt } for comm="Binder:1092_14" scontext=u:r:system_server:s0 tcontext=u:r:shell:s0 tclass=unix_stream_socket permissive=1
05-07 02:06:08.541 3003 3003 I auditd : type=1400 audit(0.0:6312): avc: granted { read } for comm=4173796E635461736B2023323231 name="arp" dev="proc" ino=4026532247 scontext=u:r:platform_app:s0:c512,c768 tcontext=u:object_r:proc_net:s0 tclass=file app=com.hht.lebocast
05-07 02:06:08.541 3003 3003 I auditd : type=1400 audit(0.0:6313): avc: granted { read open } for comm=4173796E635461736B2023323231 path="/proc/3003/net/arp" dev="proc" ino=4026532247 scontext=u:r:platform_app:s0:c512,c768 tcontext=u:object_r:proc_net:s0 tclass=file app=com.hht.lebocast
05-07 02:06:08.541 3003 3003 I auditd : type=1400 audit(0.0:6314): avc: granted { getattr } for comm=4173796E635461736B2023323231 path="/proc/3003/net/arp" dev="proc" ino=4026532247 scontext=u:r:platform_app:s0:c512,c768 tcontext=u:object_r:proc_net:s0 tclass=file app=com.hht.lebocast
05-07 02:06:08.545 3003 3003 I auditd : type=1400 audit(0.0:6315): avc: granted { getattr } for comm=4173796E635461736B2023323231 path="/proc/3003/net/arp" dev="proc" ino=4026532247 scontext=u:r:platform_app:s0:c512,c768 tcontext=u:object_r:proc_net:s0 tclass=file app=com.hht.lebocast
05-07 02:06:08.742 1092 1257 I commit_sys_config_file: [package-user-0,12]
05-07 02:06:08.742 1092 1257 I commit_sys_config_file: [package,89]
05-07 02:06:08.744 1092 1201 I dvm_lock_sample: [system_server,0,android.fg,105,PackageManagerService.java,5246,android.content.pm.PackageInfo com.android.server.pm.PackageManagerService$ComputerLocked.getPackageInfoInternalBody(java.lang.String, long, int, int, int),-,19525,void com.android.server.pm.PackageManagerService.updateSettingsInternalLI(com.android.server.pm.parsing.pkg.AndroidPackage, com.android.server.pm.PackageManagerService$InstallArgs, int[], com.android.server.pm.PackageManagerService$PackageInstalledInfo),21]
05-07 02:06:11.281 1092 1257 I unknown_sources_enabled: 1
05-07 02:06:11.287 1092 1303 I commit_sys_config_file: [package-session,770354]
05-07 02:06:11.307 1092 1309 I commit_sys_config_file: [overlays,773914]
05-07 02:06:11.324 1092 1092 I notification_cancel_all: [1000,1092,com.taptap,0,0,0,5,NULL]
05-07 02:06:11.340 1092 1673 I am_uid_active: 10097
05-07 02:06:11.844 1092 1092 I notification_enqueue: [10100,5640,com.tencent.android.qqdownloader,127,NULL,0,Notification(channel=channel_id_default_silent shortcut=null contentView=com.tencent.android.qqdownloader/0x7f0a01c2 vibrate=null sound=null defaults=0x0 flags=0x2a2 color=0x00000000 groupKey=com.tencent.android.qqdownloader vis=PRIVATE),1]
05-07 02:06:12.280 5683 5718 I dvm_lock_sample: [com.tencent.android.qqdownloader,0,temporary-4,8,,-1,com.tencent.nucleus.socialcontact.usercenter.u com.tencent.nucleus.socialcontact.usercenter.v.a(java.util.List, boolean),-,-1,com.tencent.nucleus.socialcontact.usercenter.u com.tencent.nucleus.socialcontact.usercenter.v.a(java.util.List, boolean),1]
05-07 02:06:12.289 3003 3003 I auditd : type=1400 audit(0.0:6316): avc: granted { read } for comm=4173796E635461736B2023323232 name="arp" dev="proc" ino=4026532247 scontext=u:r:platform_app:s0:c512,c768 tcontext=u:object_r:proc_net:s0 tclass=file app=com.hht.lebocast
05-07 02:06:12.289 3003 3003 I auditd : type=1400 audit(0.0:6317): avc: granted { read open } for comm=4173796E635461736B2023323232 path="/proc/3003/net/arp" dev="proc" ino=4026532247 scontext=u:r:platform_app:s0:c512,c768 tcontext=u:object_r:proc_net:s0 tclass=file app=com.hht.lebocast
05-07 02:06:12.289 3003 3003 I auditd : type=1400 audit(0.0:6318): avc: granted { getattr } for comm=4173796E635461736B2023323232 path="/proc/3003/net/arp" dev="proc" ino=4026532247 scontext=u:r:platform_app:s0:c512,c768 tcontext=u:object_r:proc_net:s0 tclass=file app=com.hht.lebocast
05-07 02:06:12.289 3003 3003 I auditd : type=1400 audit(0.0:6319): avc: granted { getattr } for comm=4173796E635461736B2023323232 path="/proc/3003/net/arp" dev="proc" ino=4026532247 scontext=u:r:platform_app:s0:c512,c768 tcontext=u:object_r:proc_net:s0 tclass=file app=com.hht.lebocast
05-07 02:06:12.863 1092 1092 I notification_enqueue: [10100,5640,com.tencent.android.qqdownloader,127,NULL,0,Notification(channel=channel_id_default_silent shortcut=null contentView=com.tencent.android.qqdownloader/0x7f0a01c2 vibrate=null sound=null defaults=0x0 flags=0x2a2 color=0x00000000 groupKey=com.tencent.android.qqdownloader vis=PRIVATE),1]
05-07 02:06:13.876 1092 1092 I notification_enqueue: [10100,5640,com.tencent.android.qqdownloader,127,NULL,0,Notification(channel=channel_id_default_silent shortcut=null contentView=com.tencent.android.qqdownloader/0x7f0a01c2 vibrate=null sound=null defaults=0x0 flags=0x2a2 color=0x00000000 groupKey=com.tencent.android.qqdownloader vis=PRIVATE),1]
05-07 02:06:15.328 1092 1691 I input_interaction: Interaction with: 1f319e2 com.thundercomm.screensaver/android.service.dreams.DreamActivity (server), edge-swipe (server), swipe-up (server), PointerEventDispatcher0 (server),
05-07 02:06:15.340 1092 1137 I wm_finish_activity: [0,240132209,20,com.thundercomm.screensaver/android.service.dreams.DreamActivity,finish-activity]
05-07 02:06:15.341 1092 1137 I wm_task_moved: [17,1,7]
05-07 02:06:15.345 1092 1137 I wm_task_to_front: [0,17]
05-07 02:06:15.347 1092 1137 I wm_set_resumed_activity: [0,com.tencent.android.qqdownloader/com.tencent.nucleus.search.SearchActivity,positionChildAt]
05-07 02:06:15.347 1092 1137 I wm_focused_root_task: [0,0,17,20,finish-top adjustFocusToNextFocusableTask]
05-07 02:06:15.347 1092 1137 I wm_set_resumed_activity: [0,com.tencent.android.qqdownloader/com.tencent.nucleus.search.SearchActivity,finish-top]
05-07 02:06:15.349 1092 1137 I wm_pause_activity: [0,240132209,com.thundercomm.screensaver/android.service.dreams.DreamActivity,userLeaving=false,finish]
05-07 02:06:15.361 7438 7438 I wm_on_top_resumed_lost_called: [240132209,android.service.dreams.DreamActivity,topStateChangedWhenResumed]
05-07 02:06:15.366 1092 1204 I sysui_multi_action: [757,803,799,window_time_0,802,9]
05-07 02:06:15.368 7438 7438 I wm_on_paused_called: [240132209,android.service.dreams.DreamActivity,performPause]
05-07 02:06:15.376 5683 5683 I wm_on_top_resumed_gained_called: [85185484,com.tencent.nucleus.search.SearchActivity,topStateChangedWhenResumed]
05-07 02:06:15.384 1092 6810 I wm_resume_activity: [0,76565268,8,com.android.launcher3/.uioverrides.QuickstepLauncher]
05-07 02:06:15.393 1092 1691 I input_focus: [Focus leaving 1f319e2 com.thundercomm.screensaver/android.service.dreams.DreamActivity (server),reason=NO_WINDOW]
05-07 02:06:15.397 7438 7438 I view_enqueue_input_event: [Motion - Cancel,com.thundercomm.screensaver/android.service.dreams.DreamActivity]
