05-07 01:55:36.340 1092 2164 I am_proc_died: [0,4822,com.microsoft.emmx:sandboxed_process0:org.chromium.content.app.SandboxedProcessService0:2,0,10]
05-07 01:55:36.341 1092 2164 I am_uid_stopped: 90002
05-07 01:55:36.605 0 0 I auditd : type=1400 audit(0.0:1165): avc: denied { kill } for comm="swapper/2" capability=5 scontext=u:r:kernel:s0 tcontext=u:r:kernel:s0 tclass=capability permissive=1
05-07 01:55:36.933 1092 1691 I input_interaction: Interaction with: 63b9d3a com.microsoft.emmx/com.microsoft.ruby.Main (server), edge-swipe (server), swipe-up (server), PointerEventDispatcher0 (server),
05-07 01:55:37.559 1092 2164 I am_uid_running: 90003
05-07 01:55:37.603 1092 1219 I am_proc_start: [0,4888,90003,com.microsoft.emmx:sandboxed_process0:org.chromium.content.app.SandboxedProcessService0:3,,{com.microsoft.emmx/org.chromium.content.app.SandboxedProcessService0:3}]
05-07 01:55:37.651 1092 3148 I am_proc_bound: [0,4888,com.microsoft.emmx:sandboxed_process0:org.chromium.content.app.SandboxedProcessService0:3]
05-07 01:55:37.653 1092 3148 I am_uid_active: 90003
05-07 01:55:37.744 1092 2620 I am_kill : [0,4888,com.microsoft.emmx:sandboxed_process0:org.chromium.content.app.SandboxedProcessService0:3,0,isolated not needed]
05-07 01:55:37.800 1092 1663 I commit_sys_config_file: [settings-3-0,62]
05-07 01:55:37.838 1092 1663 I commit_sys_config_file: [settings-1-0,6]
05-07 01:55:37.945 1092 2164 I am_proc_died: [0,4888,com.microsoft.emmx:sandboxed_process0:org.chromium.content.app.SandboxedProcessService0:3,0,10]
05-07 01:55:37.946 1092 2164 I am_uid_stopped: 90003
05-07 01:55:37.965 1092 1214 I am_pss : [3754,10097,com.android.permissioncontroller,12737536,9932800,0,104103936,0,6,10]
05-07 01:55:38.061 1092 3277 I am_uid_running: 10074
05-07 01:55:38.093 1092 1219 I am_proc_start: [0,5004,10074,com.android.webview:webview_service,service,{com.android.webview/org.chromium.android_webview.services.VariationsSeedServer}]
05-07 01:55:38.161 3380 4931 I dvm_lock_sample: [com.baidu.input,0,pass_pool_thread # 1,143,chromium-SystemWebView.apk-default-495156103,474,android.webkit.CookieManager com.android.webview.chromium.WebViewChromiumFactoryProvider.getCookieManager(),-,478,android.webkit.CookieManager com.android.webview.chromium.WebViewChromiumFactoryProvider.getCookieManager(),28]
05-07 01:55:38.162 3380 4970 I dvm_lock_sample: [com.baidu.input,0,pass_net_thread#1,149,chromium-SystemWebView.apk-default-495156103,474,android.webkit.CookieManager com.android.webview.chromium.WebViewChromiumFactoryProvider.getCookieManager(),-,478,android.webkit.CookieManager com.android.webview.chromium.WebViewChromiumFactoryProvider.getCookieManager(),29]
05-07 01:55:38.165 1092 3277 I am_proc_bound: [0,5004,com.android.webview:webview_service]
05-07 01:55:38.172 1092 3277 I am_uid_active: 10074
05-07 01:55:39.195 1092 1691 I input_interaction: Interaction with: 63b9d3a com.microsoft.emmx/com.microsoft.ruby.Main (server), PointerEventDispatcher0 (server),
05-07 01:55:39.219 1092 1214 I sysui_multi_action: [757,1717,758,1,759,0]
05-07 01:55:39.220 1092 1214 I sysui_multi_action: [757,1717,758,2,759,0]
05-07 01:55:39.221 1092 1214 I sysui_multi_action: [757,1717,758,3,759,0]
05-07 01:55:39.221 3003 3003 I auditd : type=1400 audit(0.0:1166): avc: granted { read } for comm=4173796E635461736B20233338 name="arp" dev="proc" ino=4026532247 scontext=u:r:platform_app:s0:c512,c768 tcontext=u:object_r:proc_net:s0 tclass=file app=com.hht.lebocast
05-07 01:55:39.221 3003 3003 I auditd : type=1400 audit(0.0:1167): avc: granted { read open } for comm=4173796E635461736B20233338 path="/proc/3003/net/arp" dev="proc" ino=4026532247 scontext=u:r:platform_app:s0:c512,c768 tcontext=u:object_r:proc_net:s0 tclass=file app=com.hht.lebocast
05-07 01:55:39.221 3003 3003 I auditd : type=1400 audit(0.0:1168): avc: granted { getattr } for comm=4173796E635461736B20233338 path="/proc/3003/net/arp" dev="proc" ino=4026532247 scontext=u:r:platform_app:s0:c512,c768 tcontext=u:object_r:proc_net:s0 tclass=file app=com.hht.lebocast
05-07 01:55:39.225 3003 3003 I auditd : type=1400 audit(0.0:1169): avc: granted { getattr } for comm=4173796E635461736B20233338 path="/proc/3003/net/arp" dev="proc" ino=4026532247 scontext=u:r:platform_app:s0:c512,c768 tcontext=u:object_r:proc_net:s0 tclass=file app=com.hht.lebocast
05-07 01:55:39.361 3380 3380 I auditd : type=1400 audit(0.0:1170): avc: denied { open } for comm="sec-1-thread-1" path="/proc/3380/net/route" dev="proc" ino=4026532250 scontext=u:r:priv_app:s0:c512,c768 tcontext=u:object_r:proc_net:s0 tclass=file permissive=1 app=com.baidu.input
05-07 01:55:39.361 3380 3380 I auditd : type=1400 audit(0.0:1171): avc: denied { getattr } for comm="sec-1-thread-1" path="/proc/3380/net/route" dev="proc" ino=4026532250 scontext=u:r:priv_app:s0:c512,c768 tcontext=u:object_r:proc_net:s0 tclass=file permissive=1 app=com.baidu.input
05-07 01:55:39.605 0 0 I auditd : type=1400 audit(0.0:1172): avc: denied { kill } for comm="swapper/4" capability=5 scontext=u:r:kernel:s0 tcontext=u:r:kernel:s0 tclass=capability permissive=1
05-07 01:55:39.880 1092 1723 I netstats_mobile_sample: [0,0,0,0,0,0,0,0,0,0,0,0,1683513601732]
05-07 01:55:39.881 1092 1723 I netstats_wifi_sample: [308,4,568,5,308,4,568,5,228,2,520,4,1683513601732]
05-07 01:55:40.097 3003 3003 I auditd : type=1400 audit(0.0:1173): avc: granted { read } for comm=4173796E635461736B20233339 name="arp" dev="proc" ino=4026532247 scontext=u:r:platform_app:s0:c512,c768 tcontext=u:object_r:proc_net:s0 tclass=file app=com.hht.lebocast
05-07 01:55:40.176 1092 2568 I am_uid_running: 90004
05-07 01:55:40.215 1092 1219 I am_proc_start: [0,5193,90004,com.microsoft.emmx:sandboxed_process0:org.chromium.content.app.SandboxedProcessService0:4,,{com.microsoft.emmx/org.chromium.content.app.SandboxedProcessService0:4}]
05-07 01:55:40.288 1092 2568 I am_proc_bound: [0,5193,com.microsoft.emmx:sandboxed_process0:org.chromium.content.app.SandboxedProcessService0:4]
05-07 01:55:40.293 1092 2568 I am_uid_active: 90004
05-07 01:55:40.428 1092 3148 I am_kill : [0,5193,com.microsoft.emmx:sandboxed_process0:org.chromium.content.app.SandboxedProcessService0:4,0,isolated not needed]
05-07 01:55:40.557 5223 5223 I auditd : type=1400 audit(0.0:1177): avc: denied { read } for comm="cat" name="uptime" dev="proc" ino=4026532237 scontext=u:r:priv_app:s0:c512,c768 tcontext=u:object_r:proc_uptime:s0 tclass=file permissive=1 app=com.baidu.input
05-07 01:55:40.557 5223 5223 I auditd : type=1400 audit(0.0:1178): avc: denied { open } for comm="cat" path="/proc/uptime" dev="proc" ino=4026532237 scontext=u:r:priv_app:s0:c512,c768 tcontext=u:object_r:proc_uptime:s0 tclass=file permissive=1 app=com.baidu.input
05-07 01:55:40.573 3380 3380 I auditd : type=1400 audit(0.0:1179): avc: denied { open } for comm="sec-1-thread-5" path="/proc/3380/net/route" dev="proc" ino=4026532250 scontext=u:r:priv_app:s0:c512,c768 tcontext=u:object_r:proc_net:s0 tclass=file permissive=1 app=com.baidu.input
05-07 01:55:40.577 3380 3380 I auditd : type=1400 audit(0.0:1180): avc: denied { read } for comm="sec-1-thread-5" name="u:object_r:bluetooth_prop:s0" dev="tmpfs" ino=28205 scontext=u:r:priv_app:s0:c512,c768 tcontext=u:object_r:bluetooth_prop:s0 tclass=file permissive=1 app=com.baidu.input
05-07 01:55:40.673 1092 2568 I am_proc_died: [0,5193,com.microsoft.emmx:sandboxed_process0:org.chromium.content.app.SandboxedProcessService0:4,0,10]
05-07 01:55:40.673 1092 2568 I am_uid_stopped: 90004
05-07 01:55:40.577 3380 3380 I auditd : type=1400 audit(0.0:1181): avc: denied { open } for comm="sec-1-thread-5" path="/dev/__properties__/u:object_r:bluetooth_prop:s0" dev="tmpfs" ino=28205 scontext=u:r:priv_app:s0:c512,c768 tcontext=u:object_r:bluetooth_prop:s0 tclass=file permissive=1 app=com.baidu.input
05-07 01:55:41.605 0 0 I auditd : type=1400 audit(0.0:1222): avc: denied { kill } for comm="swapper/1" capability=5 scontext=u:r:kernel:s0 tcontext=u:r:kernel:s0 tclass=capability permissive=1
05-07 01:55:41.752 4502 4611 I dvm_lock_sample: [com.microsoft.emmx,0,ThreadPoolForeg,7,chromium-ChromePublic.apk-stable-134305015,173,org.chromium.net.AndroidCertVerifyResult Fy4.g(byte[][], java.lang.String, java.lang.String),-,520,org.chromium.net.AndroidCertVerifyResult Fy4.g(byte[][], java.lang.String, java.lang.String),1]
05-07 01:55:42.814 4502 4876 I dvm_lock_sample: [com.microsoft.emmx,0,glide-source-thread-1,2464,URICertStore.java,-1,java.util.Collection sun.security.provider.certpath.URICertStore.engineGetCRLs(java.security.cert.CRLSelector),-,421,java.util.Collection sun.security.provider.certpath.URICertStore.engineGetCRLs(java.security.cert.CRLSelector),100]
05-07 01:55:42.879 1092 2567 I am_uid_running: 90005
05-07 01:55:42.937 1092 1219 I am_proc_start: [0,5251,90005,com.microsoft.emmx:sandboxed_process0:org.chromium.content.app.SandboxedProcessService0:5,,{com.microsoft.emmx/org.chromium.content.app.SandboxedProcessService0:5}]
05-07 01:55:42.953 3003 3003 I auditd : type=1400 audit(0.0:1223): avc: granted { read } for comm=4173796E635461736B20233433 name="arp" dev="proc" ino=4026532247 scontext=u:r:platform_app:s0:c512,c768 tcontext=u:object_r:proc_net:s0 tclass=file app=com.hht.lebocast
05-07 01:55:43.009 1092 2567 I am_proc_bound: [0,5251,com.microsoft.emmx:sandboxed_process0:org.chromium.content.app.SandboxedProcessService0:5]
05-07 01:55:42.953 3003 3003 I auditd : type=1400 audit(0.0:1224): avc: granted { read open } for comm=4173796E635461736B20233433 path="/proc/3003/net/arp" dev="proc" ino=4026532247 scontext=u:r:platform_app:s0:c512,c768 tcontext=u:object_r:proc_net:s0 tclass=file app=com.hht.lebocast
05-07 01:55:43.022 1092 2567 I am_uid_active: 90005
05-07 01:55:42.953 3003 3003 I auditd : type=1400 audit(0.0:1225): avc: granted { getattr } for comm=4173796E635461736B20233433 path="/proc/3003/net/arp" dev="proc" ino=4026532247 scontext=u:r:platform_app:s0:c512,c768 tcontext=u:object_r:proc_net:s0 tclass=file app=com.hht.lebocast
05-07 01:55:42.953 3003 3003 I auditd : type=1400 audit(0.0:1226): avc: granted { getattr } for comm=4173796E635461736B20233433 path="/proc/3003/net/arp" dev="proc" ino=4026532247 scontext=u:r:platform_app:s0:c512,c768 tcontext=u:object_r:proc_net:s0 tclass=file app=com.hht.lebocast
05-07 01:55:43.097 1092 2050 I am_kill : [0,5251,com.microsoft.emmx:sandboxed_process0:org.chromium.content.app.SandboxedProcessService0:5,0,isolated not needed]
05-07 01:55:43.256 1092 2050 I am_proc_died: [0,5251,com.microsoft.emmx:sandboxed_process0:org.chromium.content.app.SandboxedProcessService0:5,0,10]
05-07 01:55:43.257 1092 2050 I am_uid_stopped: 90005
05-07 01:55:43.286 1092 1214 I am_pss : [4659,90000,com.microsoft.emmx:sandboxed_process0:org.chromium.content.app.SandboxedProcessService0:0,37729280,9719808,0,187691008,0,3,12]
05-07 01:55:44.054 1092 1257 I commit_sys_config_file: [package-user-0,10]
05-07 01:55:44.081 3003 3003 I auditd : type=1400 audit(0.0:1227): avc: granted { read } for comm=4173796E635461736B20233432 name="arp" dev="proc" ino=4026532247 scontext=u:r:platform_app:s0:c512,c768 tcontext=u:object_r:proc_net:s0 tclass=file app=com.hht.lebocast
05-07 01:55:44.081 3003 3003 I auditd : type=1400 audit(0.0:1228): avc: granted { read open } for comm=4173796E635461736B20233432 path="/proc/3003/net/arp" dev="proc" ino=4026532247 scontext=u:r:platform_app:s0:c512,c768 tcontext=u:object_r:proc_net:s0 tclass=file app=com.hht.lebocast
05-07 01:55:44.081 3003 3003 I auditd : type=1400 audit(0.0:1229): avc: granted { getattr } for comm=4173796E635461736B20233432 path="/proc/3003/net/arp" dev="proc" ino=4026532247 scontext=u:r:platform_app:s0:c512,c768 tcontext=u:object_r:proc_net:s0 tclass=file app=com.hht.lebocast
05-07 01:55:44.085 3003 3003 I auditd : type=1400 audit(0.0:1230): avc: granted { getattr } for comm=4173796E635461736B20233432 path="/proc/3003/net/arp" dev="proc" ino=4026532247 scontext=u:r:platform_app:s0:c512,c768 tcontext=u:object_r:proc_net:s0 tclass=file app=com.hht.lebocast
05-07 01:55:44.769 1092 3148 I am_uid_running: 90006
05-07 01:55:44.828 1092 1219 I am_proc_start: [0,5274,90006,com.microsoft.emmx:sandboxed_process0:org.chromium.content.app.SandboxedProcessService0:6,,{com.microsoft.emmx/org.chromium.content.app.SandboxedProcessService0:6}]
05-07 01:55:44.900 1092 2567 I am_proc_bound: [0,5274,com.microsoft.emmx:sandboxed_process0:org.chromium.content.app.SandboxedProcessService0:6]
05-07 01:55:44.909 1092 2567 I am_uid_active: 90006
05-07 01:55:44.997 1092 2567 I am_kill : [0,5274,com.microsoft.emmx:sandboxed_process0:org.chromium.content.app.SandboxedProcessService0:6,0,isolated not needed]
05-07 01:55:45.024 1092 1214 I am_pss : [4502,10037,com.microsoft.emmx,159954944,127893504,0,365764608,0,2,19]
05-07 01:55:45.075 1092 2567 I am_uid_running: 90007
05-07 01:55:45.087 1092 2567 I am_kill : [0,4769,com.microsoft.emmx:sandboxed_process0:org.chromium.content.app.SandboxedProcessService0:1,0,isolated not needed]
05-07 01:55:45.120 1092 3148 I am_proc_died: [0,5274,com.microsoft.emmx:sandboxed_process0:org.chromium.content.app.SandboxedProcessService0:6,0,10]
05-07 01:55:45.124 1092 3148 I am_uid_stopped: 90006
05-07 01:55:45.126 1092 1219 I am_proc_start: [0,5295,90007,com.microsoft.emmx:sandboxed_process0:org.chromium.content.app.SandboxedProcessService0:7,,{com.microsoft.emmx/org.chromium.content.app.SandboxedProcessService0:7}]
05-07 01:55:45.142 1092 3148 I am_proc_died: [0,4769,com.microsoft.emmx:sandboxed_process0:org.chromium.content.app.SandboxedProcessService0:1,0,10]
05-07 01:55:45.142 1092 3148 I am_uid_stopped: 90001
05-07 01:55:45.168 1092 3148 I am_proc_bound: [0,5295,com.microsoft.emmx:sandboxed_process0:org.chromium.content.app.SandboxedProcessService0:7]
05-07 01:55:45.173 1092 3148 I am_uid_active: 90007
05-07 01:55:45.263 1092 2567 I am_kill : [0,5295,com.microsoft.emmx:sandboxed_process0:org.chromium.content.app.SandboxedProcessService0:7,0,isolated not needed]
05-07 01:55:45.416 1092 3148 I am_proc_died: [0,5295,com.microsoft.emmx:sandboxed_process0:org.chromium.content.app.SandboxedProcessService0:7,0,10]
05-07 01:55:45.417 1092 3148 I am_uid_stopped: 90007
05-07 01:55:45.605 11 11 I auditd : type=1400 audit(0.0:1231): avc: denied { kill } for comm="rcu_preempt" capability=5 scontext=u:r:kernel:s0 tcontext=u:r:kernel:s0 tclass=capability permissive=1
05-07 01:55:46.605 0 0 I auditd : type=1400 audit(0.0:1232): avc: denied { kill } for comm="swapper/3" capability=5 scontext=u:r:kernel:s0 tcontext=u:r:kernel:s0 tclass=capability permissive=1
05-07 01:55:47.345 3380 3380 I auditd : type=1400 audit(0.0:1233): avc: denied { open } for comm="sec-1-thread-1" path="/proc/3380/net/route" dev="proc" ino=4026532250 scontext=u:r:priv_app:s0:c512,c768 tcontext=u:object_r:proc_net:s0 tclass=file permissive=1 app=com.baidu.input
05-07 01:55:47.365 3380 3380 I auditd : type=1400 audit(0.0:1234): avc: denied { search } for comm="sec-1-thread-1" name="asound" dev="proc" ino=4026532151 scontext=u:r:priv_app:s0:c512,c768 tcontext=u:object_r:proc_asound:s0 tclass=dir permissive=1 app=com.baidu.input
05-07 01:55:47.369 3380 3380 I auditd : type=1400 audit(0.0:1235): avc: denied { read } for comm="sec-1-thread-1" name="id" dev="proc" ino=4026534059 scontext=u:r:priv_app:s0:c512,c768 tcontext=u:object_r:proc_asound:s0 tclass=file permissive=1 app=com.baidu.input
05-07 01:55:47.369 3380 3380 I auditd : type=1400 audit(0.0:1236): avc: denied { open } for comm="sec-1-thread-1" path="/proc/asound/card0/id" dev="proc" ino=4026534059 scontext=u:r:priv_app:s0:c512,c768 tcontext=u:object_r:proc_asound:s0 tclass=file permissive=1 app=com.baidu.input
05-07 01:55:47.589 1092 1203 I commit_sys_config_file: [uri-grants,16]
05-07 01:55:49.894 1092 1691 I input_interaction: Interaction with: 63b9d3a com.microsoft.emmx/com.microsoft.ruby.Main (server), edge-swipe (server), swipe-up (server), PointerEventDispatcher0 (server),
05-07 01:55:51.072 1092 1092 I service_manager_slow: [14,phone]
05-07 01:55:52.169 3003 3003 I auditd : type=1400 audit(0.0:1249): avc: granted { read } for comm=4173796E635461736B20233430 name="arp" dev="proc" ino=4026532247 scontext=u:r:platform_app:s0:c512,c768 tcontext=u:object_r:proc_net:s0 tclass=file app=com.hht.lebocast
05-07 01:55:52.169 3003 3003 I auditd : type=1400 audit(0.0:1250): avc: granted { read open } for comm=4173796E635461736B20233430 path="/proc/3003/net/arp" dev="proc" ino=4026532247 scontext=u:r:platform_app:s0:c512,c768 tcontext=u:object_r:proc_net:s0 tclass=file app=com.hht.lebocast
05-07 01:55:52.169 3003 3003 I auditd : type=1400 audit(0.0:1251): avc: granted { getattr } for comm=4173796E635461736B20233430 path="/proc/3003/net/arp" dev="proc" ino=4026532247 scontext=u:r:platform_app:s0:c512,c768 tcontext=u:object_r:proc_net:s0 tclass=file app=com.hht.lebocast
05-07 01:55:52.173 3003 3003 I auditd : type=1400 audit(0.0:1252): avc: granted { getattr } for comm=4173796E635461736B20233430 path="/proc/3003/net/arp" dev="proc" ino=4026532247 scontext=u:r:platform_app:s0:c512,c768 tcontext=u:object_r:proc_net:s0 tclass=file app=com.hht.lebocast
05-07 01:55:53.819 1092 1691 I input_interaction: Interaction with: 63b9d3a com.microsoft.emmx/com.microsoft.ruby.Main (server), PointerEventDispatcher0 (server),
05-07 01:55:53.914 1092 1723 I netstats_mobile_sample: [0,0,0,0,0,0,0,0,0,0,0,0,1683513615766]
05-07 01:55:53.915 1092 1723 I netstats_wifi_sample: [308,4,568,5,308,4,568,5,228,2,520,4,1683513615766]
05-07 01:55:56.345 1092 1092 I service_manager_stats: [100,138,52775]
05-07 01:55:56.881 3003 3003 I auditd : type=1400 audit(0.0:1253): avc: granted { read } for comm=4173796E635461736B20233533 name="arp" dev="proc" ino=4026532247 scontext=u:r:platform_app:s0:c512,c768 tcontext=u:object_r:proc_net:s0 tclass=file app=com.hht.lebocast
05-07 01:55:56.885 3003 3003 I auditd : type=1400 audit(0.0:1254): avc: granted { read open } for comm=4173796E635461736B20233533 path="/proc/3003/net/arp" dev="proc" ino=4026532247 scontext=u:r:platform_app:s0:c512,c768 tcontext=u:object_r:proc_net:s0 tclass=file app=com.hht.lebocast
05-07 01:55:56.885 3003 3003 I auditd : type=1400 audit(0.0:1255): avc: granted { getattr } for comm=4173796E635461736B20233533 path="/proc/3003/net/arp" dev="proc" ino=4026532247 scontext=u:r:platform_app:s0:c512,c768 tcontext=u:object_r:proc_net:s0 tclass=file app=com.hht.lebocast
05-07 01:55:56.885 3003 3003 I auditd : type=1400 audit(0.0:1256): avc: granted { getattr } for comm=4173796E635461736B20233533 path="/proc/3003/net/arp" dev="proc" ino=4026532247 scontext=u:r:platform_app:s0:c512,c768 tcontext=u:object_r:proc_net:s0 tclass=file app=com.hht.lebocast
05-07 01:55:57.597 3003 3003 I auditd : type=1400 audit(0.0:1257): avc: granted { read } for comm=4173796E635461736B20233431 name="arp" dev="proc" ino=4026532247 scontext=u:r:platform_app:s0:c512,c768 tcontext=u:object_r:proc_net:s0 tclass=file app=com.hht.lebocast
05-07 01:55:57.597 3003 3003 I auditd : type=1400 audit(0.0:1258): avc: granted { read open } for comm=4173796E635461736B20233431 path="/proc/3003/net/arp" dev="proc" ino=4026532247 scontext=u:r:platform_app:s0:c512,c768 tcontext=u:object_r:proc_net:s0 tclass=file app=com.hht.lebocast
05-07 01:55:57.925 3003 3003 I auditd : type=1400 audit(0.0:1261): avc: granted { read } for comm=4173796E635461736B20233435 name="arp" dev="proc" ino=4026532247 scontext=u:r:platform_app:s0:c512,c768 tcontext=u:object_r:proc_net:s0 tclass=file app=com.hht.lebocast
05-07 01:55:57.925 3003 3003 I auditd : type=1400 audit(0.0:1262): avc: granted { read open } for comm=4173796E635461736B20233435 path="/proc/3003/net/arp" dev="proc" ino=4026532247 scontext=u:r:platform_app:s0:c512,c768 tcontext=u:object_r:proc_net:s0 tclass=file app=com.hht.lebocast
05-07 01:55:57.925 3003 3003 I auditd : type=1400 audit(0.0:1263): avc: granted { getattr } for comm=4173796E635461736B20233435 path="/proc/3003/net/arp" dev="proc" ino=4026532247 scontext=u:r:platform_app:s0:c512,c768 tcontext=u:object_r:proc_net:s0 tclass=file app=com.hht.lebocast
05-07 01:55:57.929 3003 3003 I auditd : type=1400 audit(0.0:1264): avc: granted { getattr } for comm=4173796E635461736B20233435 path="/proc/3003/net/arp" dev="proc" ino=4026532247 scontext=u:r:platform_app:s0:c512,c768 tcontext=u:object_r:proc_net:s0 tclass=file app=com.hht.lebocast
05-07 01:55:58.517 3003 3003 I auditd : type=1400 audit(0.0:1265): avc: granted { read } for comm=4173796E635461736B20233537 name="arp" dev="proc" ino=4026532247 scontext=u:r:platform_app:s0:c512,c768 tcontext=u:object_r:proc_net:s0 tclass=file app=com.hht.lebocast
05-07 01:55:58.937 3003 3003 I auditd : type=1400 audit(0.0:1269): avc: granted { read } for comm=4173796E635461736B20233334 name="arp" dev="proc" ino=4026532247 scontext=u:r:platform_app:s0:c512,c768 tcontext=u:object_r:proc_net:s0 tclass=file app=com.hht.lebocast
05-07 01:55:58.937 3003 3003 I auditd : type=1400 audit(0.0:1270): avc: granted { read open } for comm=4173796E635461736B20233334 path="/proc/3003/net/arp" dev="proc" ino=4026532247 scontext=u:r:platform_app:s0:c512,c768 tcontext=u:object_r:proc_net:s0 tclass=file app=com.hht.lebocast
05-07 01:55:58.937 3003 3003 I auditd : type=1400 audit(0.0:1271): avc: granted { getattr } for comm=4173796E635461736B20233334 path="/proc/3003/net/arp" dev="proc" ino=4026532247 scontext=u:r:platform_app:s0:c512,c768 tcontext=u:object_r:proc_net:s0 tclass=file app=com.hht.lebocast
05-07 01:55:58.937 3003 3003 I auditd : type=1400 audit(0.0:1272): avc: granted { getattr } for comm=4173796E635461736B20233334 path="/proc/3003/net/arp" dev="proc" ino=4026532247 scontext=u:r:platform_app:s0:c512,c768 tcontext=u:object_r:proc_net:s0 tclass=file app=com.hht.lebocast
05-07 01:55:59.205 3003 3003 I auditd : type=1400 audit(0.0:1273): avc: granted { read } for comm=4173796E635461736B20233532 name="arp" dev="proc" ino=4026532247 scontext=u:r:platform_app:s0:c512,c768 tcontext=u:object_r:proc_net:s0 tclass=file app=com.hht.lebocast
05-07 01:55:59.733 1092 1691 I input_interaction: Interaction with: 63b9d3a com.microsoft.emmx/com.microsoft.ruby.Main (server), edge-swipe (server), swipe-up (server), PointerEventDispatcher0 (server),
05-07 01:56:00.050 1092 2050 I am_uid_running: 90008
05-07 01:56:00.100 1092 1219 I am_proc_start: [0,5335,90008,com.microsoft.emmx:sandboxed_process0:org.chromium.content.app.SandboxedProcessService0:8,,{com.microsoft.emmx/org.chromium.content.app.SandboxedProcessService0:8}]
05-07 01:56:00.185 1092 2050 I am_proc_bound: [0,5335,com.microsoft.emmx:sandboxed_process0:org.chromium.content.app.SandboxedProcessService0:8]
05-07 01:56:00.187 1092 2050 I am_uid_active: 90008
05-07 01:56:00.246 1092 2050 I am_kill : [0,5335,com.microsoft.emmx:sandboxed_process0:org.chromium.content.app.SandboxedProcessService0:8,0,isolated not needed]
05-07 01:56:00.412 1092 2567 I am_proc_died: [0,5335,com.microsoft.emmx:sandboxed_process0:org.chromium.content.app.SandboxedProcessService0:8,0,10]
05-07 01:56:00.413 1092 2567 I am_uid_stopped: 90008
05-07 01:56:00.454 1092 1214 I am_pss : [4715,10037,com.microsoft.emmx:privileged_process0,60107776,33306624,0,220542976,0,3,13]
05-07 01:56:00.466 1092 1214 I am_pss : [2532,10067,com.thundercomm.gamemode.provider,7224320,5468160,0,96321536,0,19,10]
05-07 01:56:00.614 1092 2567 I am_uid_running: 90009
05-07 01:56:00.605 0 0 I auditd : type=1400 audit(0.0:1281): avc: denied { kill } for comm="swapper/3" capability=5 scontext=u:r:kernel:s0 tcontext=u:r:kernel:s0 tclass=capability permissive=1
05-07 01:56:00.670 1092 1219 I am_proc_start: [0,5356,90009,com.microsoft.emmx:sandboxed_process0:org.chromium.content.app.SandboxedProcessService0:9,,{com.microsoft.emmx/org.chromium.content.app.SandboxedProcessService0:9}]
05-07 01:56:00.754 1092 2050 I am_proc_bound: [0,5356,com.microsoft.emmx:sandboxed_process0:org.chromium.content.app.SandboxedProcessService0:9]
05-07 01:56:00.760 1092 2050 I am_uid_active: 90009
05-07 01:56:00.828 1092 2050 I am_kill : [0,5356,com.microsoft.emmx:sandboxed_process0:org.chromium.content.app.SandboxedProcessService0:9,0,isolated not needed]
05-07 01:56:00.975 1092 2567 I am_proc_died: [0,5356,com.microsoft.emmx:sandboxed_process0:org.chromium.content.app.SandboxedProcessService0:9,0,10]
05-07 01:56:00.976 1092 2567 I am_uid_stopped: 90009
05-07 01:56:12.113 3003 3003 I auditd : type=1400 audit(0.0:1282): avc: granted { read } for comm=4173796E635461736B20233630 name="arp" dev="proc" ino=4026532247 scontext=u:r:platform_app:s0:c512,c768 tcontext=u:object_r:proc_net:s0 tclass=file app=com.hht.lebocast
05-07 01:56:12.113 3003 3003 I auditd : type=1400 audit(0.0:1283): avc: granted { read open } for comm=4173796E635461736B20233630 path="/proc/3003/net/arp" dev="proc" ino=4026532247 scontext=u:r:platform_app:s0:c512,c768 tcontext=u:object_r:proc_net:s0 tclass=file app=com.hht.lebocast
05-07 01:56:12.113 3003 3003 I auditd : type=1400 audit(0.0:1284): avc: granted { getattr } for comm=4173796E635461736B20233630 path="/proc/3003/net/arp" dev="proc" ino=4026532247 scontext=u:r:platform_app:s0:c512,c768 tcontext=u:object_r:proc_net:s0 tclass=file app=com.hht.lebocast
05-07 01:56:12.113 3003 3003 I auditd : type=1400 audit(0.0:1285): avc: granted { getattr } for comm=4173796E635461736B20233630 path="/proc/3003/net/arp" dev="proc" ino=4026532247 scontext=u:r:platform_app:s0:c512,c768 tcontext=u:object_r:proc_net:s0 tclass=file app=com.hht.lebocast
05-07 01:56:12.621 1092 1217 I am_uid_idle: 10092
05-07 01:56:12.965 3003 3003 I auditd : type=1400 audit(0.0:1286): avc: granted { read } for comm=4173796E635461736B20233631 name="arp" dev="proc" ino=4026532247 scontext=u:r:platform_app:s0:c512,c768 tcontext=u:object_r:proc_net:s0 tclass=file app=com.hht.lebocast
05-07 01:56:12.965 3003 3003 I auditd : type=1400 audit(0.0:1287): avc: granted { read open } for comm=4173796E635461736B20233631 path="/proc/3003/net/arp" dev="proc" ino=4026532247 scontext=u:r:platform_app:s0:c512,c768 tcontext=u:object_r:proc_net:s0 tclass=file app=com.hht.lebocast
05-07 01:56:12.965 3003 3003 I auditd : type=1400 audit(0.0:1288): avc: granted { getattr } for comm=4173796E635461736B20233631 path="/proc/3003/net/arp" dev="proc" ino=4026532247 scontext=u:r:platform_app:s0:c512,c768 tcontext=u:object_r:proc_net:s0 tclass=file app=com.hht.lebocast
05-07 01:56:12.965 3003 3003 I auditd : type=1400 audit(0.0:1289): avc: granted { getattr } for comm=4173796E635461736B20233631 path="/proc/3003/net/arp" dev="proc" ino=4026532247 scontext=u:r:platform_app:s0:c512,c768 tcontext=u:object_r:proc_net:s0 tclass=file app=com.hht.lebocast
05-07 01:56:13.345 1092 1217 I am_uid_idle: 10067
05-07 01:56:14.605 0 0 I auditd : type=1400 audit(0.0:1290): avc: denied { kill } for comm="swapper/2" capability=5 scontext=u:r:kernel:s0 tcontext=u:r:kernel:s0 tclass=capability permissive=1
05-07 01:56:16.800 1092 1723 I netstats_mobile_sample: [0,0,0,0,0,0,0,0,0,0,0,0,1683513638652]
05-07 01:56:16.801 1092 1723 I netstats_wifi_sample: [308,4,568,5,308,4,568,5,228,2,520,4,1683513638652]
05-07 01:56:18.597 3003 3003 I auditd : type=1400 audit(0.0:1291): avc: granted { read } for comm=4173796E635461736B20233632 name="arp" dev="proc" ino=4026532247 scontext=u:r:platform_app:s0:c512,c768 tcontext=u:object_r:proc_net:s0 tclass=file app=com.hht.lebocast
05-07 01:56:18.597 3003 3003 I auditd : type=1400 audit(0.0:1292): avc: granted { read open } for comm=4173796E635461736B20233632 path="/proc/3003/net/arp" dev="proc" ino=4026532247 scontext=u:r:platform_app:s0:c512,c768 tcontext=u:object_r:proc_net:s0 tclass=file app=com.hht.lebocast
05-07 01:56:18.597 3003 3003 I auditd : type=1400 audit(0.0:1293): avc: granted { getattr } for comm=4173796E635461736B20233632 path="/proc/3003/net/arp" dev="proc" ino=4026532247 scontext=u:r:platform_app:s0:c512,c768 tcontext=u:object_r:proc_net:s0 tclass=file app=com.hht.lebocast
05-07 01:56:18.597 3003 3003 I auditd : type=1400 audit(0.0:1294): avc: granted { getattr } for comm=4173796E635461736B20233632 path="/proc/3003/net/arp" dev="proc" ino=4026532247 scontext=u:r:platform_app:s0:c512,c768 tcontext=u:object_r:proc_net:s0 tclass=file app=com.hht.lebocast
05-07 01:56:18.901 3003 3003 I auditd : type=1400 audit(0.0:1295): avc: granted { read } for comm=4173796E635461736B20233633 name="arp" dev="proc" ino=4026532247 scontext=u:r:platform_app:s0:c512,c768 tcontext=u:object_r:proc_net:s0 tclass=file app=com.hht.lebocast
05-07 01:56:19.453 1092 1747 I storage_state: [41217664-9172-527a-b3d5-edabb50a7d69,0,0,116084510720,118610538496]
05-07 01:56:20.481 3003 3003 I auditd : type=1400 audit(0.0:1311): avc: granted { read } for comm=4173796E635461736B20233637 name="arp" dev="proc" ino=4026532247 scontext=u:r:platform_app:s0:c512,c768 tcontext=u:object_r:proc_net:s0 tclass=file app=com.hht.lebocast
05-07 01:56:20.481 3003 3003 I auditd : type=1400 audit(0.0:1312): avc: granted { read open } for comm=4173796E635461736B20233637 path="/proc/3003/net/arp" dev="proc" ino=4026532247 scontext=u:r:platform_app:s0:c512,c768 tcontext=u:object_r:proc_net:s0 tclass=file app=com.hht.lebocast
05-07 01:56:20.481 3003 3003 I auditd : type=1400 audit(0.0:1313): avc: granted { getattr } for comm=4173796E635461736B20233637 path="/proc/3003/net/arp" dev="proc" ino=4026532247 scontext=u:r:platform_app:s0:c512,c768 tcontext=u:object_r:proc_net:s0 tclass=file app=com.hht.lebocast
05-07 01:56:20.481 3003 3003 I auditd : type=1400 audit(0.0:1314): avc: granted { getattr } for comm=4173796E635461736B20233637 path="/proc/3003/net/arp" dev="proc" ino=4026532247 scontext=u:r:platform_app:s0:c512,c768 tcontext=u:object_r:proc_net:s0 tclass=file app=com.hht.lebocast
05-07 01:56:22.689 3003 3003 I auditd : type=1400 audit(0.0:1315): avc: granted { read } for comm=4173796E635461736B20233638 name="arp" dev="proc" ino=4026532247 scontext=u:r:platform_app:s0:c512,c768 tcontext=u:object_r:proc_net:s0 tclass=file app=com.hht.lebocast
05-07 01:56:22.689 3003 3003 I auditd : type=1400 audit(0.0:1316): avc: granted { read open } for comm=4173796E635461736B20233638 path="/proc/3003/net/arp" dev="proc" ino=4026532247 scontext=u:r:platform_app:s0:c512,c768 tcontext=u:object_r:proc_net:s0 tclass=file app=com.hht.lebocast
05-07 01:56:22.689 3003 3003 I auditd : type=1400 audit(0.0:1317): avc: granted { getattr } for comm=4173796E635461736B20233638 path="/proc/3003/net/arp" dev="proc" ino=4026532247 scontext=u:r:platform_app:s0:c512,c768 tcontext=u:object_r:proc_net:s0 tclass=file app=com.hht.lebocast
05-07 01:56:22.689 3003 3003 I auditd : type=1400 audit(0.0:1318): avc: granted { getattr } for comm=4173796E635461736B20233638 path="/proc/3003/net/arp" dev="proc" ino=4026532247 scontext=u:r:platform_app:s0:c512,c768 tcontext=u:object_r:proc_net:s0 tclass=file app=com.hht.lebocast
05-07 01:56:23.338 1092 1691 I input_interaction: Interaction with: 63b9d3a com.microsoft.emmx/com.microsoft.ruby.Main (server), PointerEventDispatcher0 (server),
05-07 01:56:24.197 1092 1723 I netstats_mobile_sample: [0,0,0,0,0,0,0,0,0,0,0,0,1683513646049]
05-07 01:56:24.197 1092 1723 I netstats_wifi_sample: [308,4,568,5,308,4,568,5,228,2,520,4,1683513646049]
05-07 01:56:25.414 1092 1723 I netstats_mobile_sample: [0,0,0,0,0,0,0,0,0,0,0,0,1683513647266]
05-07 01:56:25.414 1092 1723 I netstats_wifi_sample: [308,4,568,5,308,4,568,5,228,2,520,4,1683513647266]
05-07 01:56:26.065 3003 3003 I auditd : type=1400 audit(0.0:1319): avc: granted { read } for comm=4173796E635461736B20233530 name="arp" dev="proc" ino=4026532247 scontext=u:r:platform_app:s0:c512,c768 tcontext=u:object_r:proc_net:s0 tclass=file app=com.hht.lebocast
05-07 01:56:26.065 3003 3003 I auditd : type=1400 audit(0.0:1320): avc: granted { read open } for comm=4173796E635461736B20233530 path="/proc/3003/net/arp" dev="proc" ino=4026532247 scontext=u:r:platform_app:s0:c512,c768 tcontext=u:object_r:proc_net:s0 tclass=file app=com.hht.lebocast
05-07 01:56:26.140 1092 1691 I input_interaction: Interaction with: 63b9d3a com.microsoft.emmx/com.microsoft.ruby.Main (server), edge-swipe (server), swipe-up (server), PointerEventDispatcher0 (server),
05-07 01:56:26.065 3003 3003 I auditd : type=1400 audit(0.0:1321): avc: granted { getattr } for comm=4173796E635461736B20233530 path="/proc/3003/net/arp" dev="proc" ino=4026532247 scontext=u:r:platform_app:s0:c512,c768 tcontext=u:object_r:proc_net:s0 tclass=file app=com.hht.lebocast
05-07 01:56:26.069 3003 3003 I auditd : type=1400 audit(0.0:1322): avc: granted { getattr } for comm=4173796E635461736B20233530 path="/proc/3003/net/arp" dev="proc" ino=4026532247 scontext=u:r:platform_app:s0:c512,c768 tcontext=u:object_r:proc_net:s0 tclass=file app=com.hht.lebocast
05-07 01:56:26.358 1092 1092 I notification_enqueue: [10037,4502,com.microsoft.emmx,1000000,NULL,0,Notification(channel=downloads shortcut=null contentView=null vibrate=null sound=null defaults=0x0 flags=0x102 color=0x00000000 groupKey=Downloads actions=2 vis=PRIVATE),0]
05-07 01:56:26.395 1092 1214 I am_pss : [4659,90000,com.microsoft.emmx:sandboxed_process0:org.chromium.content.app.SandboxedProcessService0:0,106124288,74473472,0,251486208,0,3,16]
05-07 01:56:26.413 1092 1214 I am_pss : [4715,10037,com.microsoft.emmx:privileged_process0,74120192,47577088,0,234649600,0,3,14]
05-07 01:56:26.417 1092 1092 I notification_enqueue: [10037,4502,com.microsoft.emmx,1000000,NULL,0,Notification(channel=downloads shortcut=null contentView=null vibrate=null sound=null defaults=0x0 flags=0x142 color=0x00000000 groupKey=Downloads actions=2 vis=PRIVATE),0]
05-07 01:56:26.562 1092 1092 I sysui_multi_action: [757,1501,758,1,793,204,794,0,795,204,796,1000000,806,com.microsoft.emmx,857,downloads,858,2,946,Downloads,947,0,1500,0,1688,1]
05-07 01:56:26.562 1092 1092 I sysui_multi_action: [757,804,799,note_interruptive,801,0,802,1]
05-07 01:56:26.612 1092 1203 I commit_sys_config_file: [notification-policy,187079]
05-07 01:56:27.344 1092 2050 I sysui_multi_action: [757,856,758,1,806,com.microsoft.emmx,857,completed_downloads,858,2]
05-07 01:56:27.356 1092 1092 I notification_enqueue: [10037,4502,com.microsoft.emmx,1000000,NULL,0,Notification(channel=completed_downloads shortcut=null contentView=null vibrate=null sound=null defaults=0x0 flags=0x150 color=0x00000000 groupKey=Downloads vis=PRIVATE),1]
05-07 01:56:27.365 1092 1092 I notification_enqueue: [10037,4502,com.microsoft.emmx,1000000,NULL,0,Notification(channel=completed_downloads shortcut=null contentView=null vibrate=null sound=null defaults=0x0 flags=0x150 color=0x00000000 groupKey=Downloads vis=PRIVATE),1]
05-07 01:56:27.409 1092 2567 I am_uid_running: 90010
05-07 01:56:27.459 1092 1219 I am_proc_start: [0,5402,90010,com.microsoft.emmx:sandboxed_process0:org.chromium.content.app.SandboxedProcessService0:10,,{com.microsoft.emmx/org.chromium.content.app.SandboxedProcessService0:10}]
05-07 01:56:27.519 1092 2050 I am_proc_bound: [0,5402,com.microsoft.emmx:sandboxed_process0:org.chromium.content.app.SandboxedProcessService0:10]
05-07 01:56:27.522 1092 2050 I am_uid_active: 90010
05-07 01:56:27.534 1092 1092 I dvm_lock_sample: [system_server,0,main,10,ActivityManagerService.java,8688,int com.android.server.am.ActivityManagerService.getMemoryTrimLevel(),-,4744,void com.android.server.am.ActivityManagerService.attachApplication(android.app.IApplicationThread, long),2]
05-07 01:56:27.558 1092 1092 I sysui_multi_action: [757,1501,758,1,793,1142,794,0,795,203,796,1000000,806,com.microsoft.emmx,857,completed_downloads,858,2,946,Downloads,947,0,1500,0,1688,1]
05-07 01:56:27.558 1092 1092 I sysui_multi_action: [757,804,799,note_interruptive,801,0,802,1]
05-07 01:56:27.622 1092 2050 I am_kill : [0,5402,com.microsoft.emmx:sandboxed_process0:org.chromium.content.app.SandboxedProcessService0:10,0,isolated not needed]
05-07 01:56:27.601 5402 5402 I auditd : type=1400 audit(0.0:1323): avc: denied { setattr } for comm="ThreadPoolForeg" name="manifest.json" dev="dm-10" ino=12341 scontext=u:r:isolated_app:s0:c512,c768 tcontext=u:object_r:privapp_data_file:s0:c512,c768 tclass=file permissive=1
05-07 01:56:27.658 1092 1203 I commit_sys_config_file: [notification-policy,188125]
05-07 01:56:27.667 1092 2050 I am_proc_died: [0,5402,com.microsoft.emmx:sandboxed_process0:org.chromium.content.app.SandboxedProcessService0:10,0,10]
05-07 01:56:27.667 1092 2050 I am_uid_stopped: 90010
05-07 01:56:27.685 1092 1214 I am_pss : [3754,10097,com.android.permissioncontroller,12341248,9523200,0,103690240,0,19,10]
05-07 01:56:27.698 1092 1214 I am_pss : [5004,10074,com.android.webview:webview_service,19613696,5386240,0,91226112,0,19,10]
05-07 01:56:28.605 0 0 I auditd : type=1400 audit(0.0:1324): avc: denied { kill } for comm="swapper/6" capability=5 scontext=u:r:kernel:s0 tcontext=u:r:kernel:s0 tclass=capability permissive=1
05-07 01:56:29.910 1092 1092 I sysui_multi_action: [757,128,758,5,759,8,793,3495,794,0,795,2546,796,1000000,806,com.microsoft.emmx,857,completed_downloads,858,2,946,Downloads,947,0,1500,2546,1688,1]
05-07 01:56:29.913 1092 1092 I notification_canceled: [0|com.microsoft.emmx|1000000|null|10037,8,3495,2546,0,-1,-1,NULL]
05-07 01:56:29.924 1092 1217 I am_wtf : [0,1092,system_server,-1,Binder,Outgoing transactions from this process must be FLAG_ONEWAY]
05-07 01:56:29.942 1092 3148 I wm_task_created: [13,-1]
05-07 01:56:29.949 1092 3148 I wm_task_moved: [13,1,8]
05-07 01:56:29.949 1092 3148 I wm_task_to_front: [0,13]
05-07 01:56:29.950 1092 3148 I wm_create_task: [0,13]
05-07 01:56:29.950 1092 3148 I wm_create_activity: [0,66976722,13,com.android.packageinstaller/.InstallStart,android.intent.action.VIEW,application/vnd.android.package-archive,content://media/external/downloads/18,276824067]
05-07 01:56:29.950 1092 3148 I wm_task_moved: [13,1,8]
05-07 01:56:29.955 1092 3148 I wm_pause_activity: [0,76565268,com.android.launcher3/.uioverrides.QuickstepLauncher,userLeaving=true,pauseBackTasks]
05-07 01:56:29.956 2610 2610 I wm_on_paused_called: [76565268,com.android.launcher3.uioverrides.QuickstepLauncher,performPause]
05-07 01:56:29.965 1092 1887 I wm_restart_activity: [0,66976722,13,com.android.packageinstaller/.InstallStart]
05-07 01:56:29.967 1092 1887 I wm_set_resumed_activity: [0,com.android.packageinstaller/.InstallStart,minimalResumeActivityLocked]
05-07 01:56:29.971 4502 4502 I wm_on_top_resumed_lost_called: [204520842,com.microsoft.ruby.Main,topStateChangedWhenResumed]
05-07 01:56:29.972 1092 1204 I am_uid_active: 10029
05-07 01:56:29.974 1092 1204 I sysui_multi_action: [757,803,799,window_time_2,802,57]
05-07 01:56:29.981 1092 2050 I am_uid_active: 10067
05-07 01:56:30.011 1092 2050 I wm_task_moved: [13,1,8]
05-07 01:56:30.011 1092 2050 I wm_set_resumed_activity: [0,com.android.packageinstaller/.InstallStart,positionChildAt]
05-07 01:56:30.011 1092 2050 I wm_create_activity: [0,241004494,13,com.android.packageinstaller/.InstallStaging,android.intent.action.VIEW,application/vnd.android.package-archive,content://media/external/downloads/18,33554433]
05-07 01:56:30.012 1092 2050 I wm_pause_activity: [0,66976722,com.android.packageinstaller/.InstallStart,userLeaving=true,resumeTopActivityInnerLocked]
05-07 01:56:30.015 1092 1887 I wm_finish_activity: [0,66976722,13,com.android.packageinstaller/.InstallStart,app-request]
05-07 01:56:30.015 3729 3729 I wm_on_create_called: [66976722,com.android.packageinstaller.InstallStart,performCreate]
05-07 01:56:30.020 1092 2050 I wm_add_to_stopping: [0,66976722,com.android.packageinstaller/.InstallStart,completeFinishing]
05-07 01:56:30.023 1092 2050 I wm_restart_activity: [0,241004494,13,com.android.packageinstaller/.InstallStaging]
05-07 01:56:30.023 1092 2050 I wm_set_resumed_activity: [0,com.android.packageinstaller/.InstallStaging,minimalResumeActivityLocked]
05-07 01:56:30.037 1092 1204 I sysui_multi_action: [757,803,799,window_time_0,802,0]
05-07 01:56:30.050 3729 3729 I wm_on_create_called: [241004494,com.android.packageinstaller.InstallStaging,performCreate]
05-07 01:56:30.051 3729 3729 I wm_on_start_called: [241004494,com.android.packageinstaller.InstallStaging,handleStartActivity]
05-07 01:56:30.052 3729 3729 I wm_on_resume_called: [241004494,com.android.packageinstaller.InstallStaging,RESUME_ACTIVITY]
05-07 01:56:30.070 3729 3729 I wm_on_top_resumed_gained_called: [241004494,com.android.packageinstaller.InstallStaging,topStateChangedWhenResumed]
05-07 01:56:30.085 1092 1206 I input_focus: [Focus request 4d26ce7 com.android.packageinstaller/com.android.packageinstaller.InstallStaging,reason=UpdateInputWindows]
05-07 01:56:30.119 1092 1691 I input_focus: [Focus leaving 63b9d3a com.microsoft.emmx/com.microsoft.ruby.Main (server),reason=Waiting for window because NOT_VISIBLE]
05-07 01:56:30.174 1092 1201 I sysui_multi_action: [319,255,322,254,325,246,757,761,758,8,759,2,806,com.android.packageinstaller,871,com.android.packageinstaller.InstallStaging,904,com.android.packageinstaller,905,0,1320,4,1321,1]
05-07 01:56:30.175 1092 1201 I wm_activity_launch_time: [0,241004494,com.android.packageinstaller/.InstallStaging,254]
05-07 01:56:30.180 1092 1204 I wm_destroy_activity: [0,66976722,13,com.android.packageinstaller/.InstallStart,finish-imm:transit]
05-07 01:56:30.190 1092 1887 I wm_task_moved: [13,1,8]
05-07 01:56:30.190 1092 1887 I wm_set_resumed_activity: [0,com.android.packageinstaller/.InstallStaging,positionChildAt]
05-07 01:56:30.190 1092 1887 I wm_create_activity: [0,196579573,13,com.android.packageinstaller/.DeleteStagedFileOnResult,android.intent.action.VIEW,NULL,file:///data/user_de/0/com.android.packageinstaller/no_backup/package1408394439106795737.apk,33619969]
05-07 01:56:30.192 1092 1887 I wm_pause_activity: [0,241004494,com.android.packageinstaller/.InstallStaging,userLeaving=true,resumeTopActivityInnerLocked]
05-07 01:56:30.194 1092 2568 I wm_finish_activity: [0,241004494,13,com.android.packageinstaller/.InstallStaging,app-request]
05-07 01:56:30.195 1092 1691 I input_focus: [Focus entering 4d26ce7 com.android.packageinstaller/com.android.packageinstaller.InstallStaging (server),reason=Window became focusable. Previous reason: NOT_VISIBLE]
05-07 01:56:30.198 3729 3729 I wm_on_destroy_called: [66976722,com.android.packageinstaller.InstallStart,performDestroy]
05-07 01:56:30.198 3729 3729 I wm_on_top_resumed_lost_called: [241004494,com.android.packageinstaller.InstallStaging,topStateChangedWhenResumed]
05-07 01:56:30.199 3729 3729 I wm_on_paused_called: [241004494,com.android.packageinstaller.InstallStaging,performPause]
05-07 01:56:30.200 1092 2568 I wm_add_to_stopping: [0,241004494,com.android.packageinstaller/.InstallStaging,completeFinishing]
05-07 01:56:30.205 1092 2568 I wm_restart_activity: [0,196579573,13,com.android.packageinstaller/.DeleteStagedFileOnResult]
05-07 01:56:30.207 1092 2568 I wm_set_resumed_activity: [0,com.android.packageinstaller/.DeleteStagedFileOnResult,minimalResumeActivityLocked]
05-07 01:56:30.213 1092 1204 I sysui_multi_action: [757,803,799,window_time_0,802,0]
05-07 01:56:30.233 1092 1887 I wm_task_moved: [13,1,8]
05-07 01:56:30.233 1092 1887 I wm_set_resumed_activity: [0,com.android.packageinstaller/.DeleteStagedFileOnResult,positionChildAt]
05-07 01:56:30.233 1092 1887 I wm_create_activity: [0,93186477,13,com.android.packageinstaller/.PackageInstallerActivity,android.intent.action.VIEW,NULL,file:///data/user_de/0/com.android.packageinstaller/no_backup/package1408394439106795737.apk,65536]
05-07 01:56:30.235 1092 1887 I wm_pause_activity: [0,196579573,com.android.packageinstaller/.DeleteStagedFileOnResult,userLeaving=true,resumeTopActivityInnerLocked]
05-07 01:56:30.236 3729 3729 I wm_on_create_called: [196579573,com.android.packageinstaller.DeleteStagedFileOnResult,performCreate]
05-07 01:56:30.238 3729 3729 I wm_on_start_called: [196579573,com.android.packageinstaller.DeleteStagedFileOnResult,handleStartActivity]
05-07 01:56:30.238 3729 3729 I wm_on_resume_called: [196579573,com.android.packageinstaller.DeleteStagedFileOnResult,RESUME_ACTIVITY]
05-07 01:56:30.245 1092 1691 I input_focus: [Focus leaving 4d26ce7 com.android.packageinstaller/com.android.packageinstaller.InstallStaging (server),reason=NO_WINDOW]
05-07 01:56:30.246 3729 3729 I wm_on_top_resumed_gained_called: [196579573,com.android.packageinstaller.DeleteStagedFileOnResult,topStateChangedWhenResumed]
05-07 01:56:30.272 1092 1206 I input_focus: [Focus request 31d0073 com.android.packageinstaller/com.android.packageinstaller.DeleteStagedFileOnResult,reason=UpdateInputWindows]
05-07 01:56:30.274 3729 3729 I wm_on_top_resumed_lost_called: [196579573,com.android.packageinstaller.DeleteStagedFileOnResult,topStateChangedWhenResumed]
05-07 01:56:30.277 3729 3729 I wm_on_paused_called: [196579573,com.android.packageinstaller.DeleteStagedFileOnResult,performPause]
05-07 01:56:30.279 1092 3148 I wm_restart_activity: [0,93186477,13,com.android.packageinstaller/.PackageInstallerActivity]
05-07 01:56:30.280 1092 3148 I wm_set_resumed_activity: [0,com.android.packageinstaller/.PackageInstallerActivity,minimalResumeActivityLocked]
05-07 01:56:30.285 1092 1204 I sysui_multi_action: [757,803,799,window_time_0,802,0]
05-07 01:56:30.329 3729 3729 I wm_on_create_called: [93186477,com.android.packageinstaller.PackageInstallerActivity,performCreate]
05-07 01:56:30.331 3729 3729 I wm_on_start_called: [93186477,com.android.packageinstaller.PackageInstallerActivity,handleStartActivity]
05-07 01:56:30.338 3729 3729 I wm_on_resume_called: [93186477,com.android.packageinstaller.PackageInstallerActivity,RESUME_ACTIVITY]
05-07 01:56:30.441 3729 3729 I wm_on_top_resumed_gained_called: [93186477,com.android.packageinstaller.PackageInstallerActivity,topStateChangedWhenResumed]
05-07 01:56:30.530 1092 1206 I input_focus: [Focus request b1deee1 com.android.packageinstaller/com.android.packageinstaller.PackageInstallerActivity,reason=UpdateInputWindows]
05-07 01:56:30.601 1092 1201 I wm_activity_launch_time: [0,93186477,com.android.packageinstaller/.PackageInstallerActivity,412]
05-07 01:56:30.622 1092 1691 I input_focus: [Focus entering b1deee1 com.android.packageinstaller/com.android.packageinstaller.PackageInstallerActivity (server),reason=Window became focusable. Previous reason: NOT_VISIBLE]
05-07 01:56:30.605 0 0 I auditd : type=1400 audit(0.0:1325): avc: denied { kill } for comm="swapper/1" capability=5 scontext=u:r:kernel:s0 tcontext=u:r:kernel:s0 tclass=capability permissive=1
05-07 01:56:30.763 1092 1204 I wm_destroy_activity: [0,241004494,13,com.android.packageinstaller/.InstallStaging,finish-imm:transit]
05-07 01:56:30.790 3729 3729 I wm_on_stop_called: [241004494,com.android.packageinstaller.InstallStaging,LIFECYCLER_STOP_ACTIVITY]
05-07 01:56:30.790 3729 3729 I wm_on_destroy_called: [241004494,com.android.packageinstaller.InstallStaging,performDestroy]
05-07 01:56:31.406 1092 2568 I am_uid_running: 90011
05-07 01:56:31.438 1092 1219 I am_proc_start: [0,5454,90011,com.microsoft.emmx:sandboxed_process0:org.chromium.content.app.SandboxedProcessService0:11,,{com.microsoft.emmx/org.chromium.content.app.SandboxedProcessService0:11}]
05-07 01:56:31.474 1092 2568 I am_proc_bound: [0,5454,com.microsoft.emmx:sandboxed_process0:org.chromium.content.app.SandboxedProcessService0:11]
05-07 01:56:31.485 1092 2568 I am_uid_active: 90011
05-07 01:56:31.530 1092 1887 I am_kill : [0,5454,com.microsoft.emmx:sandboxed_process0:org.chromium.content.app.SandboxedProcessService0:11,0,isolated not needed]
05-07 01:56:31.517 5454 5454 I auditd : type=1400 audit(0.0:1326): avc: denied { setattr } for comm="ThreadPoolForeg" name="crl-set" dev="dm-10" ino=12366 scontext=u:r:isolated_app:s0:c512,c768 tcontext=u:object_r:privapp_data_file:s0:c512,c768 tclass=file permissive=1
05-07 01:56:31.605 0 0 I auditd : type=1400 audit(0.0:1327): avc: denied { kill } for comm="swapper/1" capability=5 scontext=u:r:kernel:s0 tcontext=u:r:kernel:s0 tclass=capability permissive=1
05-07 01:56:31.650 1092 1887 I am_proc_died: [0,5454,com.microsoft.emmx:sandboxed_process0:org.chromium.content.app.SandboxedProcessService0:11,0,10]
05-07 01:56:31.651 1092 1887 I am_uid_stopped: 90011
05-07 01:56:31.693 3003 3003 I auditd : type=1400 audit(0.0:1328): avc: granted { read } for comm=4173796E635461736B20233438 name="arp" dev="proc" ino=4026532247 scontext=u:r:platform_app:s0:c512,c768 tcontext=u:object_r:proc_net:s0 tclass=file app=com.hht.lebocast
05-07 01:56:31.693 3003 3003 I auditd : type=1400 audit(0.0:1329): avc: granted { read open } for comm=4173796E635461736B20233438 path="/proc/3003/net/arp" dev="proc" ino=4026532247 scontext=u:r:platform_app:s0:c512,c768 tcontext=u:object_r:proc_net:s0 tclass=file app=com.hht.lebocast
05-07 01:56:31.693 3003 3003 I auditd : type=1400 audit(0.0:1330): avc: granted { getattr } for comm=4173796E635461736B20233438 path="/proc/3003/net/arp" dev="proc" ino=4026532247 scontext=u:r:platform_app:s0:c512,c768 tcontext=u:object_r:proc_net:s0 tclass=file app=com.hht.lebocast
05-07 01:56:32.533 3003 3003 I auditd : type=1400 audit(0.0:1340): avc: granted { read } for comm=4173796E635461736B20233337 name="arp" dev="proc" ino=4026532247 scontext=u:r:platform_app:s0:c512,c768 tcontext=u:object_r:proc_net:s0 tclass=file app=com.hht.lebocast
05-07 01:56:32.533 3003 3003 I auditd : type=1400 audit(0.0:1341): avc: granted { read open } for comm=4173796E635461736B20233337 path="/proc/3003/net/arp" dev="proc" ino=4026532247 scontext=u:r:platform_app:s0:c512,c768 tcontext=u:object_r:proc_net:s0 tclass=file app=com.hht.lebocast
05-07 01:56:32.533 3003 3003 I auditd : type=1400 audit(0.0:1342): avc: granted { getattr } for comm=4173796E635461736B20233337 path="/proc/3003/net/arp" dev="proc" ino=4026532247 scontext=u:r:platform_app:s0:c512,c768 tcontext=u:object_r:proc_net:s0 tclass=file app=com.hht.lebocast
05-07 01:56:32.533 3003 3003 I auditd : type=1400 audit(0.0:1343): avc: granted { getattr } for comm=4173796E635461736B20233337 path="/proc/3003/net/arp" dev="proc" ino=4026532247 scontext=u:r:platform_app:s0:c512,c768 tcontext=u:object_r:proc_net:s0 tclass=file app=com.hht.lebocast
