05-07 02:10:34.385 3003 3003 W com.hht.lebocast: type=1400 audit(0.0:8336): avc: granted { getattr } for comm=4173796E635461736B2023323738 path="/proc/3003/net/arp" dev="proc" ino=4026532247 scontext=u:r:platform_app:s0:c512,c768 tcontext=u:object_r:proc_net:s0 tclass=file app=com.hht.lebocast
01-01 08:18:18.154 0 0 E i2c_geni 980000.i2c: i2c error :-107
05-07 02:10:34.385 3003 3003 I auditd : type=1400 audit(0.0:8337): avc: granted { getattr } for comm=4173796E635461736B2023323738 path="/proc/3003/net/arp" dev="proc" ino=4026532247 scontext=u:r:platform_app:s0:c512,c768 tcontext=u:object_r:proc_net:s0 tclass=file app=com.hht.lebocast
05-07 02:10:34.385 3003 3003 W com.hht.lebocast: type=1400 audit(0.0:8337): avc: granted { getattr } for comm=4173796E635461736B2023323738 path="/proc/3003/net/arp" dev="proc" ino=4026532247 scontext=u:r:platform_app:s0:c512,c768 tcontext=u:object_r:proc_net:s0 tclass=file app=com.hht.lebocast
01-01 08:18:18.160 0 0 E : [MAX975X:max96755g_write_bytes] *ERROR* i2c master send 0x85 err
01-01 08:18:18.263 0 0 E i2c_geni 980000.i2c: i2c error :-107
01-01 08:18:18.275 0 0 E : [MAX975X:max96755x_vc1_lcd_dtc_check] *ERROR* Failed to read dev:0x15 addr:0x85
01-01 08:18:18.284 0 0 E i2c_geni 980000.i2c: i2c error :-107
01-01 08:18:18.289 0 0 E : [MAX975X:max96755g_write_bytes] *ERROR* i2c master send 0x85 err
01-01 08:18:18.391 0 0 E i2c_geni 980000.i2c: i2c error :-107
01-01 08:18:18.403 0 0 E : [MAX975X:max96755x_vc1_lcd_dtc_check] *ERROR* Failed to read dev:0x15 addr:0x85
01-01 08:18:18.413 0 0 E i2c_geni 980000.i2c: i2c error :-107
01-01 08:18:18.417 0 0 E : [MAX975X:max96755g_write_bytes] *ERROR* i2c master send 0x85 err
01-01 08:18:18.519 0 0 E i2c_geni 980000.i2c: i2c error :-107
01-01 08:18:18.531 0 0 E : [MAX975X:max96755x_vc1_lcd_dtc_check] *ERROR* Failed to read dev:0x15 addr:0x85
01-01 08:18:18.541 0 0 E i2c_geni 980000.i2c: i2c error :-107
01-01 08:18:18.546 0 0 E : [MAX975X:max96755g_write_bytes] *ERROR* i2c master send 0x85 err
01-01 08:18:18.648 0 0 E i2c_geni 980000.i2c: i2c error :-107
01-01 08:18:18.660 0 0 E : [MAX975X:max96755x_vc1_lcd_dtc_check] *ERROR* Failed to read dev:0x15 addr:0x85
01-01 08:18:18.671 0 0 E i2c_geni 980000.i2c: i2c error :-107
01-01 08:18:18.675 0 0 E : [MAX975X:max96755g_write_bytes] *ERROR* i2c master send 0x85 err
01-01 08:18:18.779 0 0 E i2c_geni 980000.i2c: i2c error :-107
01-01 08:18:18.792 0 0 E : [MAX975X:max96755x_vc1_lcd_dtc_check] *ERROR* Failed to read dev:0x15 addr:0x85
01-01 08:18:18.800 0 0 E i2c_geni 980000.i2c: i2c error :-107
05-07 02:10:35.255 669 676 I mpu_uart: [MSG-P:RECV]:No message received in 1000 ms
05-07 02:10:35.256 669 675 I mpu_uart: [MSG-P:R]:recv sync frame timeout
01-01 08:18:18.805 0 0 E : [MAX975X:max96755g_write_bytes] *ERROR* i2c master send 0x85 err
01-01 08:18:18.907 0 0 E i2c_geni 980000.i2c: i2c error :-107
01-01 08:18:18.920 0 0 E : [MAX975X:max96755x_vc1_lcd_dtc_check] *ERROR* Failed to read dev:0x15 addr:0x85
01-01 08:18:18.929 0 0 E i2c_geni 980000.i2c: i2c error :-107
05-07 02:10:35.298 1377 9527 I OMX-VENC: venc_dev: stats: avg. fps 58.95, bitrate 126101
01-01 08:18:18.933 0 0 E : [MAX975X:max96755g_write_bytes] *ERROR* i2c master send 0x85 err
01-01 08:18:19.035 0 0 E i2c_geni 980000.i2c: i2c error :-107
01-01 08:18:19.047 0 0 E : [MAX975X:max96755x_vc1_lcd_dtc_check] *ERROR* Failed to read dev:0x15 addr:0x85
01-01 08:18:19.056 0 0 E i2c_geni 980000.i2c: i2c error :-107
01-01 08:18:19.061 0 0 E : [MAX975X:max96755g_write_bytes] *ERROR* i2c master send 0x85 err
01-01 08:18:19.163 0 0 E i2c_geni 980000.i2c: i2c error :-107
01-01 08:18:19.175 0 0 E : [MAX975X:max96755x_vc1_lcd_dtc_check] *ERROR* Failed to read dev:0x15 addr:0x85
01-01 08:18:19.184 0 0 E i2c_geni 980000.i2c: i2c error :-107
01-01 08:18:19.189 0 0 E : [MAX975X:max96755g_write_bytes] *ERROR* i2c master send 0x85 err
01-01 08:18:19.294 0 0 E i2c_geni 980000.i2c: i2c error :-107
01-01 08:18:19.306 0 0 E : [MAX975X:max96755x_vc1_lcd_dtc_check] *ERROR* Failed to read dev:0x15 addr:0x85
01-01 08:18:19.315 0 0 E i2c_geni 980000.i2c: i2c error :-107
01-01 08:18:19.320 0 0 E : [MAX975X:max96755g_write_bytes] *ERROR* i2c master send 0x85 err
01-01 08:18:19.424 0 0 E i2c_geni 980000.i2c: i2c error :-107
01-01 08:18:19.436 0 0 E : [MAX975X:max96755x_vc1_lcd_dtc_check] *ERROR* Failed to read dev:0x15 addr:0x85
01-01 08:18:19.445 0 0 E i2c_geni 980000.i2c: i2c error :-107
01-01 08:18:19.450 0 0 E : [MAX975X:max96755g_write_bytes] *ERROR* i2c master send 0x85 err
01-01 08:18:19.551 0 0 E i2c_geni 980000.i2c: i2c error :-107
01-01 08:18:19.563 0 0 E : [MAX975X:max96755x_vc1_lcd_dtc_check] *ERROR* Failed to read dev:0x15 addr:0x85
01-01 08:18:19.573 0 0 E i2c_geni 980000.i2c: i2c error :-107
05-07 02:10:35.959 6004 6017 E ocessService0:: failed to create Unix domain socket: Operation not permitted
01-01 08:18:19.577 0 0 E : [MAX975X:max96755g_write_bytes] *ERROR* i2c master send 0x85 err
01-01 08:18:19.680 0 0 E i2c_geni 980000.i2c: i2c error :-107
01-01 08:18:19.692 0 0 E : [MAX975X:max96755x_vc1_lcd_dtc_check] *ERROR* Failed to read dev:0x15 addr:0x85
01-01 08:18:19.701 0 0 E i2c_geni 980000.i2c: i2c error :-107
01-01 08:18:19.706 0 0 E : [MAX975X:max96755g_write_bytes] *ERROR* i2c master send 0x85 err
01-01 08:18:19.807 0 0 E i2c_geni 980000.i2c: i2c error :-107
01-01 08:18:19.819 0 0 E : [MAX975X:max96755x_vc1_lcd_dtc_check] *ERROR* Failed to read dev:0x15 addr:0x85
01-01 08:18:19.828 0 0 E i2c_geni 980000.i2c: i2c error :-107
05-07 02:10:36.256 669 676 I mpu_uart: [MSG-P:RECV]:No message received in 1000 ms
01-01 08:18:19.833 0 0 E : [MAX975X:max96755g_write_bytes] *ERROR* i2c master send 0x85 err
01-01 08:18:19.935 0 0 E i2c_geni 980000.i2c: i2c error :-107
01-01 08:18:19.947 0 0 E : [MAX975X:max96755x_vc1_lcd_dtc_check] *ERROR* Failed to read dev:0x15 addr:0x85
01-01 08:18:19.956 0 0 E i2c_geni 980000.i2c: i2c error :-107
05-07 02:10:36.314 1377 9527 I OMX-VENC: venc_dev: stats: avg. fps 60.07, bitrate 128692
01-01 08:18:19.961 0 0 E : [MAX975X:max96755g_write_bytes] *ERROR* i2c master send 0x85 err
01-01 08:18:20.063 0 0 E i2c_geni 980000.i2c: i2c error :-107
01-01 08:18:20.078 0 0 E : [MAX975X:max96755x_vc1_lcd_dtc_check] *ERROR* Failed to read dev:0x15 addr:0x85
01-01 08:18:20.086 0 0 E i2c_geni 980000.i2c: i2c error :-107
01-01 08:18:20.091 0 0 E : [MAX975X:max96755g_write_bytes] *ERROR* i2c master send 0x85 err
01-01 08:18:20.195 0 0 E i2c_geni 980000.i2c: i2c error :-107
01-01 08:18:20.207 0 0 E : [MAX975X:max96755x_vc1_lcd_dtc_check] *ERROR* Failed to read dev:0x15 addr:0x85
01-01 08:18:20.216 0 0 E i2c_geni 980000.i2c: i2c error :-107
01-01 08:18:20.221 0 0 E : [MAX975X:max96755g_write_bytes] *ERROR* i2c master send 0x85 err
01-01 08:18:20.323 0 0 E i2c_geni 980000.i2c: i2c error :-107
01-01 08:18:20.335 0 0 E : [MAX975X:max96755x_vc1_lcd_dtc_check] *ERROR* Failed to read dev:0x15 addr:0x85
01-01 08:18:20.344 0 0 E i2c_geni 980000.i2c: i2c error :-107
01-01 08:18:20.349 0 0 E : [MAX975X:max96755g_write_bytes] *ERROR* i2c master send 0x85 err
01-01 08:18:20.453 0 0 E i2c_geni 980000.i2c: i2c error :-107
01-01 08:18:20.465 0 0 E : [MAX975X:max96755x_vc1_lcd_dtc_check] *ERROR* Failed to read dev:0x15 addr:0x85
01-01 08:18:20.474 0 0 E i2c_geni 980000.i2c: i2c error :-107
01-01 08:18:20.479 0 0 E : [MAX975X:max96755g_write_bytes] *ERROR* i2c master send 0x8B err
01-01 08:18:20.583 0 0 E i2c_geni 980000.i2c: i2c error :-107
01-01 08:18:20.595 0 0 E : [MAX975X:max96755x_vc1_lcd_dtc_check] *ERROR* Failed to read dev:0x15 addr:0x8b
01-01 08:18:20.604 0 0 E i2c_geni 980000.i2c: i2c error :-107
01-01 08:18:20.609 0 0 E : [MAX975X:max96755g_write_bytes] *ERROR* i2c master send 0x8B err
01-01 08:18:20.711 0 0 E i2c_geni 980000.i2c: i2c error :-107
01-01 08:18:20.723 0 0 E : [MAX975X:max96755x_vc1_lcd_dtc_check] *ERROR* Failed to read dev:0x15 addr:0x8b
01-01 08:18:20.732 0 0 E i2c_geni 980000.i2c: i2c error :-107
01-01 08:18:20.737 0 0 E : [MAX975X:max96755g_write_bytes] *ERROR* i2c master send 0x8B err
01-01 08:18:20.839 0 0 E i2c_geni 980000.i2c: i2c error :-107
01-01 08:18:20.851 0 0 E : [MAX975X:max96755x_vc1_lcd_dtc_check] *ERROR* Failed to read dev:0x15 addr:0x8b
01-01 08:18:20.860 0 0 E i2c_geni 980000.i2c: i2c error :-107
05-07 02:10:37.256 669 676 I mpu_uart: [MSG-P:RECV]:No message received in 1000 ms
01-01 08:18:20.865 0 0 E : [MAX975X:max96755g_write_bytes] *ERROR* i2c master send 0x8B err
01-01 08:18:20.967 0 0 E i2c_geni 980000.i2c: i2c error :-107
01-01 08:18:20.979 0 0 E : [MAX975X:max96755x_vc1_lcd_dtc_check] *ERROR* Failed to read dev:0x15 addr:0x8b
01-01 08:18:20.988 0 0 E link_delay_work_func: DTC_ETH: SQI=0, link=0
01-01 08:18:20.988 0 0 E i2c_geni 980000.i2c: i2c error :-107
05-07 02:10:37.332 1377 9527 I OMX-VENC: venc_dev: stats: avg. fps 57.93, bitrate 123928
01-01 08:18:20.998 0 0 E : [MAX975X:max96755g_write_bytes] *ERROR* i2c master send 0x8B err
01-01 08:18:21.099 0 0 E i2c_geni 980000.i2c: i2c error :-107
01-01 08:18:21.111 0 0 E : [MAX975X:max96755x_vc1_lcd_dtc_check] *ERROR* Failed to read dev:0x15 addr:0x8b
01-01 08:18:21.120 0 0 E i2c_geni 980000.i2c: i2c error :-107
01-01 08:18:21.125 0 0 E : [MAX975X:max96755g_write_bytes] *ERROR* i2c master send 0x8B err
01-01 08:18:21.227 0 0 E i2c_geni 980000.i2c: i2c error :-107
01-01 08:18:21.240 0 0 E : [MAX975X:max96755x_vc1_lcd_dtc_check] *ERROR* Failed to read dev:0x15 addr:0x8b
01-01 08:18:21.249 0 0 E i2c_geni 980000.i2c: i2c error :-107
01-01 08:18:21.254 0 0 E : [MAX975X:max96755g_write_bytes] *ERROR* i2c master send 0x8B err
01-01 08:18:21.355 0 0 E i2c_geni 980000.i2c: i2c error :-107
01-01 08:18:21.367 0 0 E : [MAX975X:max96755x_vc1_lcd_dtc_check] *ERROR* Failed to read dev:0x15 addr:0x8b
01-01 08:18:21.376 0 0 E i2c_geni 980000.i2c: i2c error :-107
01-01 08:18:21.381 0 0 E : [MAX975X:max96755g_write_bytes] *ERROR* i2c master send 0x8B err
01-01 08:18:21.483 0 0 E i2c_geni 980000.i2c: i2c error :-107
01-01 08:18:21.496 0 0 E : [MAX975X:max96755x_vc1_lcd_dtc_check] *ERROR* Failed to read dev:0x15 addr:0x8b
01-01 08:18:21.505 0 0 E i2c_geni 980000.i2c: i2c error :-107
05-07 02:10:37.960 6004 6017 E ocessService0:: failed to create Unix domain socket: Operation not permitted
01-01 08:18:21.509 0 0 E : [MAX975X:max96755g_write_bytes] *ERROR* i2c master send 0x8B err
01-01 08:18:21.611 0 0 E i2c_geni 980000.i2c: i2c error :-107
01-01 08:18:21.623 0 0 E : [MAX975X:max96755x_vc1_lcd_dtc_check] *ERROR* Failed to read dev:0x15 addr:0x8b
01-01 08:18:21.635 0 0 E i2c_geni 980000.i2c: i2c error :-107
01-01 08:18:21.640 0 0 E : [MAX975X:max96755g_write_bytes] *ERROR* i2c master send 0x8B err
01-01 08:18:21.743 0 0 E i2c_geni 980000.i2c: i2c error :-107
01-01 08:18:21.756 0 0 E : [MAX975X:max96755x_vc1_lcd_dtc_check] *ERROR* Failed to read dev:0x15 addr:0x8b
01-01 08:18:21.764 0 0 E i2c_geni 980000.i2c: i2c error :-107
01-01 08:18:21.769 0 0 E : [MAX975X:max96755g_write_bytes] *ERROR* i2c master send 0x8B err
01-01 08:18:21.871 0 0 E i2c_geni 980000.i2c: i2c error :-107
01-01 08:18:21.883 0 0 E : [MAX975X:max96755x_vc1_lcd_dtc_check] *ERROR* Failed to read dev:0x15 addr:0x8b
01-01 08:18:21.893 0 0 E i2c_geni 980000.i2c: i2c error :-107
05-07 02:10:38.256 669 676 I mpu_uart: [MSG-P:RECV]:No message received in 1000 ms
05-07 02:10:38.257 669 675 I mpu_uart: [MSG-P:R]:recv sync frame timeout
01-01 08:18:21.897 0 0 E : [MAX975X:max96755g_write_bytes] *ERROR* i2c master send 0x8B err
01-01 08:18:21.999 0 0 E i2c_geni 980000.i2c: i2c error :-107
01-01 08:18:22.011 0 0 E : [MAX975X:max96755x_vc1_lcd_dtc_check] *ERROR* Failed to read dev:0x15 addr:0x8b
01-01 08:18:22.020 0 0 E i2c_geni 980000.i2c: i2c error :-107
05-07 02:10:38.356 1377 9527 I OMX-VENC: venc_dev: stats: avg. fps 57.59, bitrate 123316
01-01 08:18:22.025 0 0 E : [MAX975X:max96755g_write_bytes] *ERROR* i2c master send 0x8B err
01-01 08:18:22.128 0 0 E i2c_geni 980000.i2c: i2c error :-107
01-01 08:18:22.140 0 0 E : [MAX975X:max96755x_vc1_lcd_dtc_check] *ERROR* Failed to read dev:0x15 addr:0x8b
01-01 08:18:22.149 0 0 E i2c_geni 980000.i2c: i2c error :-107
01-01 08:18:22.153 0 0 E : [MAX975X:max96755g_write_bytes] *ERROR* i2c master send 0x8B err
01-01 08:18:22.255 0 0 E i2c_geni 980000.i2c: i2c error :-107
01-01 08:18:22.267 0 0 E : [MAX975X:max96755x_vc1_lcd_dtc_check] *ERROR* Failed to read dev:0x15 addr:0x8b
01-01 08:18:22.278 0 0 E i2c_geni 980000.i2c: i2c error :-107
01-01 08:18:22.283 0 0 E : [MAX975X:max96755g_write_bytes] *ERROR* i2c master send 0x8B err
01-01 08:18:22.383 0 0 E i2c_geni 980000.i2c: i2c error :-107
01-01 08:18:22.395 0 0 E : [MAX975X:max96755x_vc1_lcd_dtc_check] *ERROR* Failed to read dev:0x15 addr:0x8b
01-01 08:18:22.405 0 0 E i2c_geni 980000.i2c: i2c error :-107
01-01 08:18:22.409 0 0 E : [MAX975X:max96755g_write_bytes] *ERROR* i2c master send 0x8B err
01-01 08:18:22.511 0 0 E i2c_geni 980000.i2c: i2c error :-107
01-01 08:18:22.523 0 0 E : [MAX975X:max96755x_vc1_lcd_dtc_check] *ERROR* Failed to read dev:0x15 addr:0x8b
01-01 08:18:22.532 0 0 E i2c_geni 980000.i2c: i2c error :-107
01-01 08:18:22.537 0 0 E : [MAX975X:max96755g_write_bytes] *ERROR* i2c master send 0x8B err
01-01 08:18:22.639 0 0 E i2c_geni 980000.i2c: i2c error :-107
01-01 08:18:22.651 0 0 E : [MAX975X:max96755x_vc1_lcd_dtc_check] *ERROR* Failed to read dev:0x15 addr:0x8b
01-01 08:18:22.660 0 0 E i2c_geni 980000.i2c: i2c error :-107
05-07 02:10:38.989 3003 3003 I auditd : type=1400 audit(0.0:8338): avc: granted { read } for comm=4173796E635461736B2023323739 name="arp" dev="proc" ino=4026532247 scontext=u:r:platform_app:s0:c512,c768 tcontext=u:object_r:proc_net:s0 tclass=file app=com.hht.lebocast
05-07 02:10:38.989 3003 3003 W com.hht.lebocast: type=1400 audit(0.0:8338): avc: granted { read } for comm=4173796E635461736B2023323739 name="arp" dev="proc" ino=4026532247 scontext=u:r:platform_app:s0:c512,c768 tcontext=u:object_r:proc_net:s0 tclass=file app=com.hht.lebocast
01-01 08:18:22.665 0 0 E : [MAX975X:max96755g_write_bytes] *ERROR* i2c master send 0x8B err
05-07 02:10:38.989 3003 3003 I auditd : type=1400 audit(0.0:8339): avc: granted { read open } for comm=4173796E635461736B2023323739 path="/proc/3003/net/arp" dev="proc" ino=4026532247 scontext=u:r:platform_app:s0:c512,c768 tcontext=u:object_r:proc_net:s0 tclass=file app=com.hht.lebocast
05-07 02:10:38.989 3003 3003 W com.hht.lebocast: type=1400 audit(0.0:8339): avc: granted { read open } for comm=4173796E635461736B2023323739 path="/proc/3003/net/arp" dev="proc" ino=4026532247 scontext=u:r:platform_app:s0:c512,c768 tcontext=u:object_r:proc_net:s0 tclass=file app=com.hht.lebocast
05-07 02:10:38.989 3003 3003 I auditd : type=1400 audit(0.0:8340): avc: granted { getattr } for comm=4173796E635461736B2023323739 path="/proc/3003/net/arp" dev="proc" ino=4026532247 scontext=u:r:platform_app:s0:c512,c768 tcontext=u:object_r:proc_net:s0 tclass=file app=com.hht.lebocast
05-07 02:10:38.989 3003 3003 W com.hht.lebocast: type=1400 audit(0.0:8340): avc: granted { getattr } for comm=4173796E635461736B2023323739 path="/proc/3003/net/arp" dev="proc" ino=4026532247 scontext=u:r:platform_app:s0:c512,c768 tcontext=u:object_r:proc_net:s0 tclass=file app=com.hht.lebocast
05-07 02:10:38.993 3003 3003 I auditd : type=1400 audit(0.0:8341): avc: granted { getattr } for comm=4173796E635461736B2023323739 path="/proc/3003/net/arp" dev="proc" ino=4026532247 scontext=u:r:platform_app:s0:c512,c768 tcontext=u:object_r:proc_net:s0 tclass=file app=com.hht.lebocast
05-07 02:10:38.993 3003 3003 W com.hht.lebocast: type=1400 audit(0.0:8341): avc: granted { getattr } for comm=4173796E635461736B2023323739 path="/proc/3003/net/arp" dev="proc" ino=4026532247 scontext=u:r:platform_app:s0:c512,c768 tcontext=u:object_r:proc_net:s0 tclass=file app=com.hht.lebocast
01-01 08:18:22.767 0 0 E i2c_geni 980000.i2c: i2c error :-107
01-01 08:18:22.777 0 0 E : [MAX975X:max96755x_vc1_lcd_dtc_check] *ERROR* Failed to read dev:0x15 addr:0x8b
01-01 08:18:22.786 0 0 E i2c_geni 980000.i2c: i2c error :-107
01-01 08:18:22.790 0 0 E : [MAX975X:max96755g_write_bytes] *ERROR* i2c master send 0x8B err
01-01 08:18:22.892 0 0 E i2c_geni 980000.i2c: i2c error :-107
01-01 08:18:22.904 0 0 E : [MAX975X:max96755x_vc1_lcd_dtc_check] *ERROR* Failed to read dev:0x15 addr:0x8b
01-01 08:18:22.913 0 0 E i2c_geni 980000.i2c: i2c error :-107
05-07 02:10:39.258 669 676 I mpu_uart: [MSG-P:RECV]:No message received in 1000 ms
05-07 02:10:39.366 1377 9527 I OMX-VENC: venc_dev: stats: avg. fps 59.43, bitrate 127160
01-01 08:18:22.918 0 0 E : [MAX975X:max96755g_write_bytes] *ERROR* i2c master send 0x8B err
01-01 08:18:23.019 0 0 E i2c_geni 980000.i2c: i2c error :-107
01-01 08:18:23.032 0 0 E : [MAX975X:max96755x_vc1_lcd_dtc_check] *ERROR* Failed to read dev:0x15 addr:0x8b
01-01 08:18:23.041 0 0 E DTC_Display: Abnormal voltage: 0mV
01-01 08:18:23.045 0 0 E DTC_Display: screen not ready(0), bl_sta(0), lvl(0)
01-01 08:18:23.051 0 0 E i2c_geni 980000.i2c: i2c error :-107
01-01 08:18:23.056 0 0 E : [MAX975X:max96755g_write_bytes] *ERROR* i2c master send 0x80 err
01-01 08:18:23.159 0 0 E i2c_geni 980000.i2c: i2c error :-107
01-01 08:18:23.171 0 0 E : [MAX975X:max96755x_vc1_lcd_dtc_check] *ERROR* Failed to read dev:0x15 addr:0x80
01-01 08:18:23.180 0 0 E i2c_geni 980000.i2c: i2c error :-107
01-01 08:18:23.185 0 0 E : [MAX975X:max96755g_write_bytes] *ERROR* i2c master send 0x80 err
01-01 08:18:23.288 0 0 E i2c_geni 980000.i2c: i2c error :-107
01-01 08:18:23.300 0 0 E : [MAX975X:max96755x_vc1_lcd_dtc_check] *ERROR* Failed to read dev:0x15 addr:0x80
01-01 08:18:23.309 0 0 E i2c_geni 980000.i2c: i2c error :-107
01-01 08:18:23.314 0 0 E : [MAX975X:max96755g_write_bytes] *ERROR* i2c master send 0x80 err
01-01 08:18:23.415 0 0 E i2c_geni 980000.i2c: i2c error :-107
01-01 08:18:23.427 0 0 E : [MAX975X:max96755x_vc1_lcd_dtc_check] *ERROR* Failed to read dev:0x15 addr:0x80
01-01 08:18:23.436 0 0 E i2c_geni 980000.i2c: i2c error :-107
01-01 08:18:23.441 0 0 E : [MAX975X:max96755g_write_bytes] *ERROR* i2c master send 0x80 err
01-01 08:18:23.544 0 0 E i2c_geni 980000.i2c: i2c error :-107
01-01 08:18:23.556 0 0 E : [MAX975X:max96755x_vc1_lcd_dtc_check] *ERROR* Failed to read dev:0x15 addr:0x80
01-01 08:18:23.565 0 0 E i2c_geni 980000.i2c: i2c error :-107
05-07 02:10:39.960 6004 6017 E ocessService0:: failed to create Unix domain socket: Operation not permitted
01-01 08:18:23.570 0 0 E : [MAX975X:max96755g_write_bytes] *ERROR* i2c master send 0x80 err
01-01 08:18:23.671 0 0 E i2c_geni 980000.i2c: i2c error :-107
01-01 08:18:23.683 0 0 E : [MAX975X:max96755x_vc1_lcd_dtc_check] *ERROR* Failed to read dev:0x15 addr:0x80
01-01 08:18:23.692 0 0 E i2c_geni 980000.i2c: i2c error :-107
01-01 08:18:23.697 0 0 E : [MAX975X:max96755g_write_bytes] *ERROR* i2c master send 0x80 err
01-01 08:18:23.799 0 0 E i2c_geni 980000.i2c: i2c error :-107
01-01 08:18:23.811 0 0 E : [MAX975X:max96755x_vc1_lcd_dtc_check] *ERROR* Failed to read dev:0x15 addr:0x80
01-01 08:18:23.826 0 0 E i2c_geni 980000.i2c: i2c error :-107
05-07 02:10:40.258 669 676 I mpu_uart: [MSG-P:RECV]:No message received in 1000 ms
01-01 08:18:23.830 0 0 E : [MAX975X:max96755g_write_bytes] *ERROR* i2c master send 0x80 err
01-01 08:18:23.931 0 0 E i2c_geni 980000.i2c: i2c error :-107
01-01 08:18:23.944 0 0 E : [MAX975X:max96755x_vc1_lcd_dtc_check] *ERROR* Failed to read dev:0x15 addr:0x80
01-01 08:18:23.953 0 0 E i2c_geni 980000.i2c: i2c error :-107
05-07 02:10:40.381 1377 9527 I OMX-VENC: venc_dev: stats: avg. fps 59.12, bitrate 126632
01-01 08:18:23.958 0 0 E : [MAX975X:max96755g_write_bytes] *ERROR* i2c master send 0x80 err
01-01 08:18:24.044 0 0 I logd : logdr: UID=0 GID=0 PID=9724 b tail=0 logMask=bf pid=0 start=0ns deadline=0ns
01-01 08:18:24.063 0 0 E i2c_geni 980000.i2c: i2c error :-107
01-01 08:18:24.068 0 0 E : [MAX975X:max96755x_vc1_lcd_dtc_check] *ERROR* Failed to read dev:0x15 addr:0x80
01-01 08:18:24.078 0 0 E i2c_geni 980000.i2c: i2c error :-107
05-07 02:10:40.422 669 675 D mpu_uart: [MSG-P:R-M]:recved H:38, L:0
05-07 02:10:40.423 669 675 V mpu_uart: recv data buf:[0x3c, 0x26, 0x0, 0x2, 0xd, 0x2, 0x1, 0x1c, 0xd, 0xa, 0x20, 0x42, 0x2d, 0x6d, 0x61, 0x69, 0x6e, 0x5f, 0x6c, 0x6f, 0x6f, 0x70, 0x20, 0x69, 0x73, 0x20, 0x72, 0x75, 0x6e, 0x6e, 0x69, 0x6e, 0x67, 0xd, 0xa, 0x0, 0x0, 0x70, ]
05-07 02:10:40.423 669 676 D mpu_uart: [SESSION-Distribute]:Message en queue:d
05-07 02:10:40.495 3380 3397 W System : A resource failed to call close.
05-07 02:10:40.495 3380 3397 W System : A resource failed to call close.
05-07 02:10:40.506 3380 3397 W System : A resource failed to call close.
05-07 02:10:40.508 3380 3397 W System : A resource failed to call close.
05-07 02:10:40.508 3380 3397 W System : A resource failed to call close.
01-01 08:18:24.083 0 0 E : [MAX975X:max96755g_write_bytes] *ERROR* i2c master send 0x80 err
01-01 08:18:24.183 0 0 E i2c_geni 980000.i2c: i2c error :-107
01-01 08:18:24.195 0 0 E : [MAX975X:max96755x_vc1_lcd_dtc_check] *ERROR* Failed to read dev:0x15 addr:0x80
01-01 08:18:24.204 0 0 E i2c_geni 980000.i2c: i2c error :-107
01-01 08:18:24.209 0 0 E : [MAX975X:max96755g_write_bytes] *ERROR* i2c master send 0x80 err
01-01 08:18:24.311 0 0 E i2c_geni 980000.i2c: i2c error :-107
01-01 08:18:24.323 0 0 E : [MAX975X:max96755x_vc1_lcd_dtc_check] *ERROR* Failed to read dev:0x15 addr:0x80
01-01 08:18:24.332 0 0 E i2c_geni 980000.i2c: i2c error :-107
01-01 08:18:24.337 0 0 E : [MAX975X:max96755g_write_bytes] *ERROR* i2c master send 0x80 err
01-01 08:18:24.439 0 0 E i2c_geni 980000.i2c: i2c error :-107
01-01 08:18:24.451 0 0 E : [MAX975X:max96755x_vc1_lcd_dtc_check] *ERROR* Failed to read dev:0x15 addr:0x80
01-01 08:18:24.460 0 0 E i2c_geni 980000.i2c: i2c error :-107
05-07 02:10:40.877 8607 8607 I auditd : type=1400 audit(0.0:8342): avc: denied { read } for comm="Thread-62" name="tcp" dev="proc" ino=4026532258 scontext=u:r:untrusted_app_27:s0:c512,c768 tcontext=u:object_r:proc_net_tcp_udp:s0 tclass=file permissive=1 app=com.taptap
05-07 02:10:40.877 8607 8607 I Thread-62: type=1400 audit(0.0:8342): avc: denied { read } for name="tcp" dev="proc" ino=4026532258 scontext=u:r:untrusted_app_27:s0:c512,c768 tcontext=u:object_r:proc_net_tcp_udp:s0 tclass=file permissive=1 app=com.taptap
01-01 08:18:24.465 0 0 E : [MAX975X:max96755g_write_bytes] *ERROR* i2c master send 0x80 err
01-01 08:18:24.568 0 0 E i2c_geni 980000.i2c: i2c error :-107
01-01 08:18:24.588 0 0 E : [MAX975X:max96755x_vc1_lcd_dtc_check] *ERROR* Failed to read dev:0x15 addr:0x80
05-07 02:10:40.877 8607 8607 I auditd : type=1400 audit(0.0:8343): avc: denied { open } for comm="Thread-62" path="/proc/8607/net/tcp" dev="proc" ino=4026532258 scontext=u:r:untrusted_app_27:s0:c512,c768 tcontext=u:object_r:proc_net_tcp_udp:s0 tclass=file permissive=1 app=com.taptap
05-07 02:10:40.877 8607 8607 I Thread-62: type=1400 audit(0.0:8343): avc: denied { open } for path="/proc/8607/net/tcp" dev="proc" ino=4026532258 scontext=u:r:untrusted_app_27:s0:c512,c768 tcontext=u:object_r:proc_net_tcp_udp:s0 tclass=file permissive=1 app=com.taptap
01-01 08:18:24.620 0 0 E i2c_geni 980000.i2c: i2c error :-107
01-01 08:18:24.625 0 0 E : [MAX975X:max96755g_write_bytes] *ERROR* i2c master send 0x80 err
01-01 08:18:24.728 0 0 E i2c_geni 980000.i2c: i2c error :-107
01-01 08:18:24.740 0 0 E : [MAX975X:max96755x_vc1_lcd_dtc_check] *ERROR* Failed to read dev:0x15 addr:0x80
01-01 08:18:24.749 0 0 E i2c_geni 980000.i2c: i2c error :-107
05-07 02:10:41.153 3003 3003 I auditd : type=1400 audit(0.0:8344): avc: granted { read } for comm=4173796E635461736B2023323830 name="arp" dev="proc" ino=4026532247 scontext=u:r:platform_app:s0:c512,c768 tcontext=u:object_r:proc_net:s0 tclass=file app=com.hht.lebocast
05-07 02:10:41.153 3003 3003 W com.hht.lebocast: type=1400 audit(0.0:8344): avc: granted { read } for comm=4173796E635461736B2023323830 name="arp" dev="proc" ino=4026532247 scontext=u:r:platform_app:s0:c512,c768 tcontext=u:object_r:proc_net:s0 tclass=file app=com.hht.lebocast
01-01 08:18:24.753 0 0 E : [MAX975X:max96755g_write_bytes] *ERROR* i2c master send 0x80 err
01-01 08:18:24.857 0 0 E i2c_geni 980000.i2c: i2c error :-107
01-01 08:18:24.862 0 0 E : [MAX975X:max96755x_vc1_lcd_dtc_check] *ERROR* Failed to read dev:0x15 addr:0x80
01-01 08:18:24.862 0 0 E i2c_geni 980000.i2c: i2c error :-107
05-07 02:10:41.153 3003 3003 I auditd : type=1400 audit(0.0:8345): avc: granted { read open } for comm=4173796E635461736B2023323830 path="/proc/3003/net/arp" dev="proc" ino=4026532247 scontext=u:r:platform_app:s0:c512,c768 tcontext=u:object_r:proc_net:s0 tclass=file app=com.hht.lebocast
05-07 02:10:41.153 3003 3003 W com.hht.lebocast: type=1400 audit(0.0:8345): avc: granted { read open } for comm=4173796E635461736B2023323830 path="/proc/3003/net/arp" dev="proc" ino=4026532247 scontext=u:r:platform_app:s0:c512,c768 tcontext=u:object_r:proc_net:s0 tclass=file app=com.hht.lebocast
05-07 02:10:41.153 3003 3003 I auditd : type=1400 audit(0.0:8346): avc: granted { getattr } for comm=4173796E635461736B2023323830 path="/proc/3003/net/arp" dev="proc" ino=4026532247 scontext=u:r:platform_app:s0:c512,c768 tcontext=u:object_r:proc_net:s0 tclass=file app=com.hht.lebocast
05-07 02:10:41.153 3003 3003 W com.hht.lebocast: type=1400 audit(0.0:8346): avc: granted { getattr } for comm=4173796E635461736B2023323830 path="/proc/3003/net/arp" dev="proc" ino=4026532247 scontext=u:r:platform_app:s0:c512,c768 tcontext=u:object_r:proc_net:s0 tclass=file app=com.hht.lebocast
01-01 08:18:24.896 0 0 E : [MAX975X:max96755g_write_bytes] *ERROR* i2c master send 0x80 err
05-07 02:10:41.157 3003 3003 I auditd : type=1400 audit(0.0:8347): avc: granted { getattr } for comm=4173796E635461736B2023323830 path="/proc/3003/net/arp" dev="proc" ino=4026532247 scontext=u:r:platform_app:s0:c512,c768 tcontext=u:object_r:proc_net:s0 tclass=file app=com.hht.lebocast
05-07 02:10:41.157 3003 3003 W com.hht.lebocast: type=1400 audit(0.0:8347): avc: granted { getattr } for comm=4173796E635461736B2023323830 path="/proc/3003/net/arp" dev="proc" ino=4026532247 scontext=u:r:platform_app:s0:c512,c768 tcontext=u:object_r:proc_net:s0 tclass=file app=com.hht.lebocast
01-01 08:18:24.999 0 0 E i2c_geni 980000.i2c: i2c error :-107
01-01 08:18:25.004 0 0 E : [MAX975X:max96755x_vc1_lcd_dtc_check] *ERROR* Failed to read dev:0x15 addr:0x80
01-01 08:18:25.013 0 0 E i2c_geni 980000.i2c: i2c error :-107
05-07 02:10:41.381 1377 9527 I OMX-VENC: venc_dev: stats: avg. fps 55.97, bitrate 119746
05-07 02:10:41.424 669 676 I mpu_uart: [MSG-P:RECV]:No message received in 1000 ms
01-01 08:18:25.018 0 0 E : [MAX975X:max96755g_write_bytes] *ERROR* i2c master send 0x80 err
01-01 08:18:25.120 0 0 E i2c_geni 980000.i2c: i2c error :-107
01-01 08:18:25.133 0 0 E : [MAX975X:max96755x_vc1_lcd_dtc_check] *ERROR* Failed to read dev:0x15 addr:0x80
01-01 08:18:25.142 0 0 E i2c_geni 980000.i2c: i2c error :-107
01-01 08:18:25.147 0 0 E : [MAX975X:max96755g_write_bytes] *ERROR* i2c master send 0x80 err
01-01 08:18:25.247 0 0 E i2c_geni 980000.i2c: i2c error :-107
01-01 08:18:25.259 0 0 E : [MAX975X:max96755x_vc1_lcd_dtc_check] *ERROR* Failed to read dev:0x15 addr:0x80
01-01 08:18:25.268 0 0 E i2c_geni 980000.i2c: i2c error :-107
01-01 08:18:25.273 0 0 E : [MAX975X:max96755g_write_bytes] *ERROR* i2c master send 0x80 err
01-01 08:18:25.375 0 0 E i2c_geni 980000.i2c: i2c error :-107
01-01 08:18:25.387 0 0 E : [MAX975X:max96755x_vc1_lcd_dtc_check] *ERROR* Failed to read dev:0x15 addr:0x80
01-01 08:18:25.396 0 0 E i2c_geni 980000.i2c: i2c error :-107
01-01 08:18:25.401 0 0 E : [MAX975X:max96755g_write_bytes] *ERROR* i2c master send 0x80 err
01-01 08:18:25.504 0 0 E i2c_geni 980000.i2c: i2c error :-107
01-01 08:18:25.516 0 0 E : [MAX975X:max96755x_vc1_lcd_dtc_check] *ERROR* Failed to read dev:0x15 addr:0x80
01-01 08:18:25.525 0 0 E i2c_geni 980000.i2c: i2c error :-107
05-07 02:10:41.960 8757 9021 W Settings: Setting adb_enabled has moved from android.provider.Settings.Secure to android.provider.Settings.Global.
05-07 02:10:41.960 6004 6017 E ocessService0:: failed to create Unix domain socket: Operation not permitted
01-01 08:18:25.530 0 0 E : [MAX975X:max96755g_write_bytes] *ERROR* i2c master send 0x80 err
01-01 08:18:25.632 0 0 E i2c_geni 980000.i2c: i2c error :-107
01-01 08:18:25.644 0 0 E : [MAX975X:max96755x_vc1_lcd_dtc_check] *ERROR* Failed to read dev:0x15 addr:0x80
01-01 08:18:25.655 0 0 E i2c_geni 980000.i2c: i2c error :-107
05-07 02:10:42.052 8607 9026 W Settings: Setting adb_enabled has moved from android.provider.Settings.Secure to android.provider.Settings.Global.
05-07 02:10:42.057 1916 1916 D ViewTouchDebug: mView : com.android.systemui.navigationbar.NavigationBarFrame{e5b3745 V.E...... ........ 0,0-2560,46 #7f0b03f2 app:id/navigation_bar_frame}Receive event : MotionEvent { action=ACTION_OUTSIDE, actionButton=0, id[0]=0, x[0]=0.0, y[0]=-1034.0, toolType[0]=TOOL_TYPE_FINGER, buttonState=0, classification=NONE, metaState=0, flags=0x0, edgeFlags=0x0, pointerCount=1, historySize=0, eventTime=1098590, downTime=1098590, deviceId=-1, source=0x1002, displayId=0, eventId=1439820193 }
05-07 02:10:42.064 8607 8607 D ViewTouchDebug: mView : DecorView@3afccb[LoginActivity]Receive event : MotionEvent { action=ACTION_DOWN, actionButton=0, id[0]=0, x[0]=2462.0, y[0]=679.0, toolType[0]=TOOL_TYPE_FINGER, buttonState=0, classification=NONE, metaState=0, flags=0x0, edgeFlags=0x0, pointerCount=1, historySize=0, eventTime=1098590, downTime=1098590, deviceId=-1, source=0x1002, displayId=0, eventId=-804965298 }
01-01 08:18:25.660 0 0 E : [MAX975X:max96755g_write_bytes] *ERROR* i2c master send 0x85 err
01-01 08:18:25.764 0 0 E i2c_geni 980000.i2c: i2c error :-107
01-01 08:18:25.776 0 0 E : [MAX975X:max96755x_vc1_lcd_dtc_check] *ERROR* Failed to read dev:0x15 addr:0x85
01-01 08:18:25.785 0 0 E i2c_geni 980000.i2c: i2c error :-107
05-07 02:10:42.128 8607 8607 D ViewTouchDebug: mView : DecorView@3afccb[LoginActivity]Receive event : MotionEvent { action=ACTION_UP, actionButton=0, id[0]=0, x[0]=2462.0, y[0]=679.0, toolType[0]=TOOL_TYPE_FINGER, buttonState=0, classification=NONE, metaState=0, flags=0x0, edgeFlags=0x0, pointerCount=1, historySize=0, eventTime=1098646, downTime=1098590, deviceId=-1, source=0x1002, displayId=0, eventId=-13458957 }
01-01 08:18:25.790 0 0 E : [MAX975X:max96755g_write_bytes] *ERROR* i2c master send 0x85 err
01-01 08:18:25.891 0 0 E i2c_geni 980000.i2c: i2c error :-107
01-01 08:18:25.903 0 0 E : [MAX975X:max96755x_vc1_lcd_dtc_check] *ERROR* Failed to read dev:0x15 addr:0x85
01-01 08:18:25.912 0 0 E i2c_geni 980000.i2c: i2c error :-107
01-01 08:18:25.917 0 0 E : [MAX975X:max96755g_write_bytes] *ERROR* i2c master send 0x85 err
01-01 08:18:26.023 0 0 E i2c_geni 980000.i2c: i2c error :-107
01-01 08:18:26.035 0 0 E : [MAX975X:max96755x_vc1_lcd_dtc_check] *ERROR* Failed to read dev:0x15 addr:0x85
05-07 02:10:42.382 1377 9527 I OMX-VENC: venc_dev: stats: avg. fps 57.95, bitrate 213052
01-01 08:18:26.045 0 0 E i2c_geni 980000.i2c: i2c error :-107
05-07 02:10:42.425 669 676 I mpu_uart: [MSG-P:RECV]:No message received in 1000 ms
01-01 08:18:26.050 0 0 E : [MAX975X:max96755g_write_bytes] *ERROR* i2c master send 0x85 err
01-01 08:18:26.107 0 0 E link_delay_work_func: DTC_ETH: SQI=0, link=0
01-01 08:18:26.151 0 0 E i2c_geni 980000.i2c: i2c error :-107
01-01 08:18:26.156 0 0 E : [MAX975X:max96755x_vc1_lcd_dtc_check] *ERROR* Failed to read dev:0x15 addr:0x85
01-01 08:18:26.165 0 0 E i2c_geni 980000.i2c: i2c error :-107
05-07 02:10:42.576 1068 1103 W HWComposer: Ignoring duplicate VSYNC event from HWC for display 4630946816427681409 (t=1099111025000)
05-07 02:10:42.593 1068 1103 W HWComposer: Ignoring duplicate VSYNC event from HWC for display 4630946816427681409 (t=1099127782000)
05-07 02:10:42.611 1068 1103 W HWComposer: Ignoring duplicate VSYNC event from HWC for display 4630946816427681409 (t=1099144351000)
01-01 08:18:26.170 0 0 E : [MAX975X:max96755g_write_bytes] *ERROR* i2c master send 0x85 err
01-01 08:18:26.272 0 0 E i2c_geni 980000.i2c: i2c error :-107
01-01 08:18:26.284 0 0 E : [MAX975X:max96755x_vc1_lcd_dtc_check] *ERROR* Failed to read dev:0x15 addr:0x85
05-07 02:10:42.626 1068 1103 W HWComposer: Ignoring duplicate VSYNC event from HWC for display 4630946816427681409 (t=1099161030000)
01-01 08:18:26.295 0 0 E i2c_geni 980000.i2c: i2c error :-107
05-07 02:10:42.643 1068 1103 W HWComposer: Ignoring duplicate VSYNC event from HWC for display 4630946816427681409 (t=1099177722000)
05-07 02:10:42.660 1068 1103 W HWComposer: Ignoring duplicate VSYNC event from HWC for display 4630946816427681409 (t=1099194375000)
01-01 08:18:26.299 0 0 E : [MAX975X:max96755g_write_bytes] *ERROR* i2c master send 0x85 err
01-01 08:18:26.404 0 0 E i2c_geni 980000.i2c: i2c error :-107
01-01 08:18:26.416 0 0 E : [MAX975X:max96755x_vc1_lcd_dtc_check] *ERROR* Failed to read dev:0x15 addr:0x85
01-01 08:18:26.425 0 0 E i2c_geni 980000.i2c: i2c error :-107
01-01 08:18:26.429 0 0 E : [MAX975X:max96755g_write_bytes] *ERROR* i2c master send 0x85 err
01-01 08:18:26.532 0 0 E i2c_geni 980000.i2c: i2c error :-107
01-01 08:18:26.544 0 0 E : [MAX975X:max96755x_vc1_lcd_dtc_check] *ERROR* Failed to read dev:0x15 addr:0x85
01-01 08:18:26.552 0 0 E i2c_geni 980000.i2c: i2c error :-107
01-01 08:18:26.557 0 0 E : [MAX975X:max96755g_write_bytes] *ERROR* i2c master send 0x85 err
01-01 08:18:26.659 0 0 E i2c_geni 980000.i2c: i2c error :-107
01-01 08:18:26.671 0 0 E : [MAX975X:max96755x_vc1_lcd_dtc_check] *ERROR* Failed to read dev:0x15 addr:0x85
01-01 08:18:26.680 0 0 E i2c_geni 980000.i2c: i2c error :-107
01-01 08:18:26.685 0 0 E : [MAX975X:max96755g_write_bytes] *ERROR* i2c master send 0x85 err
01-01 08:18:26.787 0 0 E i2c_geni 980000.i2c: i2c error :-107
01-01 08:18:26.799 0 0 E : [MAX975X:max96755x_vc1_lcd_dtc_check] *ERROR* Failed to read dev:0x15 addr:0x85
01-01 08:18:26.808 0 0 E i2c_geni 980000.i2c: i2c error :-107
01-01 08:18:26.813 0 0 E : [MAX975X:max96755g_write_bytes] *ERROR* i2c master send 0x85 err
01-01 08:18:26.915 0 0 E i2c_geni 980000.i2c: i2c error :-107
01-01 08:18:26.927 0 0 E : [MAX975X:max96755x_vc1_lcd_dtc_check] *ERROR* Failed to read dev:0x15 addr:0x85
01-01 08:18:26.936 0 0 E i2c_geni 980000.i2c: i2c error :-107
05-07 02:10:43.384 1377 9527 I OMX-VENC: venc_dev: stats: avg. fps 58.92, bitrate 176778
01-01 08:18:26.941 0 0 E : [MAX975X:max96755g_write_bytes] *ERROR* i2c master send 0x85 err
01-01 08:18:27.044 0 0 E i2c_geni 980000.i2c: i2c error :-107
01-01 08:18:27.056 0 0 E : [MAX975X:max96755x_vc1_lcd_dtc_check] *ERROR* Failed to read dev:0x15 addr:0x85
01-01 08:18:27.064 0 0 E i2c_geni 980000.i2c: i2c error :-107
05-07 02:10:43.425 669 675 I mpu_uart: [MSG-P:R]:recv sync frame timeout
05-07 02:10:43.425 669 676 I mpu_uart: [MSG-P:RECV]:No message received in 1000 ms
01-01 08:18:27.069 0 0 E : [MAX975X:max96755g_write_bytes] *ERROR* i2c master send 0x85 err
01-01 08:18:27.171 0 0 E i2c_geni 980000.i2c: i2c error :-107
01-01 08:18:27.183 0 0 E : [MAX975X:max96755x_vc1_lcd_dtc_check] *ERROR* Failed to read dev:0x15 addr:0x85
01-01 08:18:27.192 0 0 E i2c_geni 980000.i2c: i2c error :-107
01-01 08:18:27.197 0 0 E : [MAX975X:max96755g_write_bytes] *ERROR* i2c master send 0x85 err
01-01 08:18:27.300 0 0 E i2c_geni 980000.i2c: i2c error :-107
01-01 08:18:27.312 0 0 E : [MAX975X:max96755x_vc1_lcd_dtc_check] *ERROR* Failed to read dev:0x15 addr:0x85
01-01 08:18:27.321 0 0 E i2c_geni 980000.i2c: i2c error :-107
01-01 08:18:27.325 0 0 E : [MAX975X:max96755g_write_bytes] *ERROR* i2c master send 0x85 err
01-01 08:18:27.427 0 0 E i2c_geni 980000.i2c: i2c error :-107
01-01 08:18:27.439 0 0 E : [MAX975X:max96755x_vc1_lcd_dtc_check] *ERROR* Failed to read dev:0x15 addr:0x85
01-01 08:18:27.448 0 0 E i2c_geni 980000.i2c: i2c error :-107
05-07 02:10:43.877 1916 1916 D ViewTouchDebug: mView : com.android.systemui.navigationbar.NavigationBarFrame{e5b3745 V.E...... ........ 0,0-2560,46 #7f0b03f2 app:id/navigation_bar_frame}Receive event : MotionEvent { action=ACTION_OUTSIDE, actionButton=0, id[0]=0, x[0]=0.0, y[0]=-1034.0, toolType[0]=TOOL_TYPE_FINGER, buttonState=0, classification=NONE, metaState=0, flags=0x0, edgeFlags=0x0, pointerCount=1, historySize=0, eventTime=1100410, downTime=1100410, deviceId=-1, source=0x1002, displayId=0, eventId=1995696643 }
05-07 02:10:43.880 8607 8607 D ViewTouchDebug: mView : DecorView@3afccb[LoginActivity]Receive event : MotionEvent { action=ACTION_DOWN, actionButton=0, id[0]=0, x[0]=26.0, y[0]=73.0, toolType[0]=TOOL_TYPE_FINGER, buttonState=0, classification=NONE, metaState=0, flags=0x0, edgeFlags=0x0, pointerCount=1, historySize=0, eventTime=1100410, downTime=1100410, deviceId=-1, source=0x1002, displayId=0, eventId=-667486935 }
05-07 02:10:43.899 1068 3328 I BpBinder: onLastStrongRef automatically unlinking death recipients:
01-01 08:18:27.453 0 0 E : [MAX975X:max96755g_write_bytes] *ERROR* i2c master send 0x85 err
01-01 08:18:27.555 0 0 E i2c_geni 980000.i2c: i2c error :-107
01-01 08:18:27.568 0 0 E : [MAX975X:max96755x_vc1_lcd_dtc_check] *ERROR* Failed to read dev:0x15 addr:0x85
01-01 08:18:27.577 0 0 E i2c_geni 980000.i2c: i2c error :-107
05-07 02:10:43.958 1068 3328 I BpBinder: onLastStrongRef automatically unlinking death recipients:
05-07 02:10:43.961 6004 6017 E ocessService0:: failed to create Unix domain socket: Operation not permitted
05-07 02:10:43.968 8607 8607 D ViewTouchDebug: mView : DecorView@3afccb[LoginActivity]Receive event : MotionEvent { action=ACTION_UP, actionButton=0, id[0]=0, x[0]=26.0, y[0]=73.0, toolType[0]=TOOL_TYPE_FINGER, buttonState=0, classification=NONE, metaState=0, flags=0x0, edgeFlags=0x0, pointerCount=1, historySize=0, eventTime=1100490, downTime=1100410, deviceId=-1, source=0x1002, displayId=0, eventId=-253659596 }
05-07 02:10:43.987 1092 9387 I wm_finish_activity: [0,216059701,21,com.taptap/.common.account.ui.login.LoginActivity,app-request]
05-07 02:10:44.014 1092 9387 D ActivityTrigger: ActivityTrigger activityPauseTrigger
05-07 02:10:44.016 1092 9387 I wm_pause_activity: [0,216059701,com.taptap/.common.account.ui.login.LoginActivity,userLeaving=false,finish]
01-01 08:18:27.581 0 0 E : [MAX975X:max96755g_write_bytes] *ERROR* i2c master send 0x85 err
01-01 08:18:27.688 0 0 E i2c_geni 980000.i2c: i2c error :-107
01-01 08:18:27.700 0 0 E : [MAX975X:max96755x_vc1_lcd_dtc_check] *ERROR* Failed to read dev:0x15 addr:0x85
01-01 08:18:27.709 0 0 E i2c_geni 980000.i2c: i2c error :-107
05-07 02:10:44.024 8607 8607 I wm_on_top_resumed_lost_called: [216059701,com.taptap.common.account.ui.login.LoginActivity,topStateChangedWhenResumed]
05-07 02:10:44.027 1068 1068 I BpBinder: onLastStrongRef automatically unlinking death recipients:
05-07 02:10:44.028 8607 8607 E FocusManager: onFragmentPaused
05-07 02:10:44.028 8607 8607 E FocusManager: onFragmentPaused
05-07 02:10:44.028 8607 8607 E FocusManager: onFragmentPaused
05-07 02:10:44.029 1092 1691 I input_focus: [Focus leaving 95c29b1 com.taptap/com.taptap.common.account.ui.login.LoginActivity (server),reason=NO_WINDOW]
05-07 02:10:44.031 1092 9387 I wm_finish_activity: [0,219745550,21,com.taptap/.common.account.ui.login.CheckOneKeyLoginActivity,app-request]
05-07 02:10:44.032 1092 9387 I wm_destroy_activity: [0,219745550,21,com.taptap/.common.account.ui.login.CheckOneKeyLoginActivity,finish-imm:finishIfPossible]
05-07 02:10:44.037 8607 9069 W SQLiteLog: (28) double-quoted string literal: "
05-07 02:10:44.037 8607 9069 W SQLiteLog: (28) double-quoted string literal: "DFF04D648B56E79F6C43C6CD76F58083"
05-07 02:10:44.039 8607 8607 I wm_on_paused_called: [216059701,com.taptap.common.account.ui.login.LoginActivity,performPause] --------- beginning of system
05-07 02:10:44.040 1092 3277 I ActivityTaskManager: FOREGROUND_APPLICATION_CHANGED to com.taptap.infra.page.core.activity.MainProxyActivity
05-07 02:10:44.050 1092 3277 I wm_set_resumed_activity: [0,com.taptap/.infra.page.core.activity.MainProxyActivity,resumeTopActivityInnerLocked]
05-07 02:10:44.051 1092 3277 I wm_resume_activity: [0,66471529,21,com.taptap/.infra.page.core.activity.MainProxyActivity]
05-07 02:10:44.058 1092 1206 I input_focus: [Focus request 5fa43f7 com.taptap/com.taptap.infra.page.core.activity.MainProxyActivity,reason=UpdateInputWindows]
05-07 02:10:44.065 8607 8607 I wm_on_stop_called: [219745550,com.taptap.common.account.ui.login.CheckOneKeyLoginActivity,LIFECYCLER_STOP_ACTIVITY]
05-07 02:10:44.067 8607 8607 I wm_on_destroy_called: [219745550,com.taptap.common.account.ui.login.CheckOneKeyLoginActivity,performDestroy]
05-07 02:10:44.073 1092 1204 I sysui_multi_action: [757,803,799,window_time_0,802,36]
05-07 02:10:44.073 1092 3277 W InputManager-JNI: Input channel object '4dcec1a com.taptap/com.taptap.common.account.ui.login.CheckOneKeyLoginActivity (client)' was disposed without first being removed with the input manager!
05-07 02:10:44.077 8607 8607 I crashsdk: Unexp log not enabled, skip update unexp info!
05-07 02:10:44.079 8607 8607 I wm_on_resume_called: [66471529,com.taptap.infra.page.core.activity.MainProxyActivity,RESUME_ACTIVITY]
05-07 02:10:44.080 8607 8607 E FocusManager: onFragmentResumed
05-07 02:10:44.081 8607 8607 E FocusManager: onFragmentResumed
05-07 02:10:44.081 8607 8607 E FocusManager: onFragmentResumed
05-07 02:10:44.081 8607 8607 E FocusManager: onFragmentResumed
05-07 02:10:44.081 8607 8607 E FocusManager: onFragmentResumed
05-07 02:10:44.081 8607 8607 E FocusManager: onFragmentResumed
05-07 02:10:44.082 8607 8607 E FocusManager: onFragmentResumed
05-07 02:10:44.083 8607 8607 E FocusManager: onFragmentResumed
05-07 02:10:44.083 8607 8607 E FocusManager: onFragmentResumed
05-07 02:10:44.083 8607 8607 E FocusManager: onFragmentResumed
05-07 02:10:44.083 8607 8607 E FocusManager: onFragmentResumed
05-07 02:10:44.083 8607 8607 E FocusManager: onFragmentResumed
05-07 02:10:44.083 8607 8607 E FocusManager: onFragmentResumed
05-07 02:10:44.084 8607 8607 E FocusManager: onFragmentResumed
05-07 02:10:44.084 8607 8607 E FocusManager: onFragmentResumed
05-07 02:10:44.084 8607 8607 E FocusManager: onFragmentResumed
05-07 02:10:44.084 8607 8607 I wm_on_top_resumed_gained_called: [66471529,com.taptap.infra.page.core.activity.MainProxyActivity,topWhenResuming]
05-07 02:10:44.087 8607 9069 W SQLiteLog: (28) double-quoted string literal: "DFF04D648B56E79F6C43C6CD76F58083"
05-07 02:10:44.088 8607 9069 W SQLiteLog: (28) double-quoted string literal: ""
05-07 02:10:44.088 8607 9069 W SQLiteLog: (28) double-quoted string literal: "DFF04D648B56E79F6C43C6CD76F58083"
05-07 02:10:44.088 8607 9069 W SQLiteLog: (28) double-quoted string literal: "-1"
05-07 02:10:44.091 2610 2610 E MCUUtil : saveLastActivity activityName=com.taptap.infra.page.core.activity.MainProxyActivity packageName=com.taptap
05-07 02:10:44.097 1092 1691 I input_focus: [Focus entering 5fa43f7 com.taptap/com.taptap.infra.page.core.activity.MainProxyActivity (server),reason=setFocusedWindow]
05-07 02:10:44.098 1092 6349 I wm_destroy_activity: [0,216059701,21,com.taptap/.common.account.ui.login.LoginActivity,finish-idle]
05-07 02:10:44.122 8607 8607 I wm_on_stop_called: [216059701,com.taptap.common.account.ui.login.LoginActivity,LIFECYCLER_STOP_ACTIVITY]
05-07 02:10:44.125 8607 8607 E FocusManager: onFragmentDestroyed
05-07 02:10:44.125 8607 8607 E FocusManager: onFragmentDestroyed
05-07 02:10:44.126 8607 8607 E FocusManager: onFragmentDestroyed
05-07 02:10:44.126 8607 8607 I wm_on_destroy_called: [216059701,com.taptap.common.account.ui.login.LoginActivity,performDestroy]
05-07 02:10:44.130 1092 9387 W InputManager-JNI: Input channel object '95c29b1 com.taptap/com.taptap.common.account.ui.login.LoginActivity (client)' was disposed without first being removed with the input manager!
05-07 02:10:44.155 1092 6349 W FreeFormWindowHelper: Current Display FreeFormTask is null
01-01 08:18:27.714 0 0 E : [MAX975X:max96755g_write_bytes] *ERROR* i2c master send 0x85 err
01-01 08:18:27.815 0 0 E i2c_geni 980000.i2c: i2c error :-107
01-01 08:18:27.829 0 0 E : [MAX975X:max96755x_vc1_lcd_dtc_check] *ERROR* Failed to read dev:0x15 addr:0x85
01-01 08:18:27.839 0 0 E i2c_geni 980000.i2c: i2c error :-107
05-07 02:10:44.214 1092 1131 I system_server: NativeAlloc concurrent copying GC freed 204568(12MB) AllocSpace objects, 19(876KB) LOS objects, 49% free, 15MB/30MB, paused 69us,64us total 177.446ms
01-01 08:18:27.845 0 0 E : [MAX975X:max96755g_write_bytes] *ERROR* i2c master send 0x85 err
01-01 08:18:27.951 0 0 E i2c_geni 980000.i2c: i2c error :-107
01-01 08:18:27.963 0 0 E : [MAX975X:max96755x_vc1_lcd_dtc_check] *ERROR* Failed to read dev:0x15 addr:0x85
01-01 08:18:27.972 0 0 E i2c_geni 980000.i2c: i2c error :-107
05-07 02:10:44.381 1092 1092 D CompatibilityInfo: mCompatibilityFlags - 4
05-07 02:10:44.381 1092 1092 D CompatibilityInfo: applicationDensity - 240
05-07 02:10:44.381 1092 1092 D CompatibilityInfo: applicationScale - 1.0
05-07 02:10:44.392 1092 1893 I sync : [com.tencent.android.qqdownloader.YYBLiveAccountProvider,0,3,24220937]
05-07 02:10:44.397 1092 1893 D CompatibilityInfo: mCompatibilityFlags - 4
05-07 02:10:44.397 1092 1893 D CompatibilityInfo: applicationDensity - 240
05-07 02:10:44.397 1092 1893 D CompatibilityInfo: applicationScale - 1.0
05-07 02:10:44.406 1377 9527 I OMX-VENC: venc_dev: stats: avg. fps 53.82, bitrate 416206
05-07 02:10:44.425 669 676 I mpu_uart: [MSG-P:RECV]:No message received in 1000 ms
01-01 08:18:27.977 0 0 E : [MAX975X:max96755g_write_bytes] *ERROR* i2c master send 0x85 err
01-01 08:18:28.079 0 0 E i2c_geni 980000.i2c: i2c error :-107
01-01 08:18:28.091 0 0 E : [MAX975X:max96755x_vc1_lcd_dtc_check] *ERROR* Failed to read dev:0x15 addr:0x85
01-01 08:18:28.101 0 0 E i2c_geni 980000.i2c: i2c error :-107
05-07 02:10:44.472 1092 1893 I sync : [com.tencent.android.qqdownloader.YYBLiveAccountProvider,1,3,24220937]
05-07 02:10:44.481 1092 1893 I commit_sys_config_file: [sync-status,817765]
05-07 02:10:44.490 1092 1893 D CompatibilityInfo: mCompatibilityFlags - 4
05-07 02:10:44.490 1092 1893 D CompatibilityInfo: applicationDensity - 240
05-07 02:10:44.490 1092 1893 D CompatibilityInfo: applicationScale - 1.0
05-07 02:10:44.496 1092 1893 I sync : [com.tencent.android.qqdownloader.YYBLiveAccountProvider,0,3,24220937]
05-07 02:10:44.499 1092 1893 D CompatibilityInfo: mCompatibilityFlags - 4
05-07 02:10:44.499 1092 1893 D CompatibilityInfo: applicationDensity - 240
05-07 02:10:44.499 1092 1893 D CompatibilityInfo: applicationScale - 1.0
05-07 02:10:44.555 1092 1893 W SyncManager: failed sync operation JobId=100027 ***/com.tencent.android.qqdownloader.YYBLiveAccountProvider.account u0 [com.tencent.android.qqdownloader.YYBLiveAccountProvider] USER ExpectedIn=0s STANDBY-EXEMPTED Reason=10100, SyncResult: syncAlreadyInProgress: true stats []
01-01 08:18:28.105 0 0 E : [MAX975X:max96755g_write_bytes] *ERROR* i2c master send 0x85 err
01-01 08:18:28.207 0 0 E i2c_geni 980000.i2c: i2c error :-107
01-01 08:18:28.219 0 0 E : [MAX975X:max96755x_vc1_lcd_dtc_check] *ERROR* Failed to read dev:0x15 addr:0x85
01-01 08:18:28.228 0 0 E i2c_geni 980000.i2c: i2c error :-107
05-07 02:10:44.566 1092 1893 I sync : [com.tencent.android.qqdownloader.YYBLiveAccountProvider,1,3,24220937]
05-07 02:10:44.573 1092 1893 I commit_sys_config_file: [sync-status,817857]
01-01 08:18:28.233 0 0 E : [MAX975X:max96755g_write_bytes] *ERROR* i2c master send 0x8B err
01-01 08:18:28.348 0 0 E i2c_geni 980000.i2c: i2c error :-107
01-01 08:18:28.348 0 0 E : [MAX975X:max96755x_vc1_lcd_dtc_check] *ERROR* Failed to read dev:0x15 addr:0x8b
05-07 02:10:44.645 3003 3003 I auditd : type=1400 audit(0.0:8348): avc: granted { read } for comm=4173796E635461736B2023323831 name="arp" dev="proc" ino=4026532247 scontext=u:r:platform_app:s0:c512,c768 tcontext=u:object_r:proc_net:s0 tclass=file app=com.hht.lebocast
05-07 02:10:44.645 3003 3003 W com.hht.lebocast: type=1400 audit(0.0:8348): avc: granted { read } for comm=4173796E635461736B2023323831 name="arp" dev="proc" ino=4026532247 scontext=u:r:platform_app:s0:c512,c768 tcontext=u:object_r:proc_net:s0 tclass=file app=com.hht.lebocast
01-01 08:18:28.354 0 0 W audit : audit_lost=7340 audit_rate_limit=5 audit_backlog_limit=64
01-01 08:18:28.361 0 0 E i2c_geni 980000.i2c: i2c error :-107
01-01 08:18:28.361 0 0 E : [MAX975X:max96755g_write_bytes] *ERROR* i2c master send 0x8B err
05-07 02:10:44.645 3003 3003 I auditd : type=1400 audit(0.0:8349): avc: granted { read open } for comm=4173796E635461736B2023323831 path="/proc/3003/net/arp" dev="proc" ino=4026532247 scontext=u:r:platform_app:s0:c512,c768 tcontext=u:object_r:proc_net:s0 tclass=file app=com.hht.lebocast
05-07 02:10:44.645 3003 3003 W com.hht.lebocast: type=1400 audit(0.0:8349): avc: granted { read open } for comm=4173796E635461736B2023323831 path="/proc/3003/net/arp" dev="proc" ino=4026532247 scontext=u:r:platform_app:s0:c512,c768 tcontext=u:object_r:proc_net:s0 tclass=file app=com.hht.lebocast
01-01 08:18:28.369 0 0 E audit : rate limit exceeded
05-07 02:10:44.645 3003 3003 I auditd : type=1400 audit(0.0:8350): avc: granted { getattr } for comm=4173796E635461736B2023323831 path="/proc/3003/net/arp" dev="proc" ino=4026532247 scontext=u:r:platform_app:s0:c512,c768 tcontext=u:object_r:proc_net:s0 tclass=file app=com.hht.lebocast
05-07 02:10:44.645 3003 3003 W com.hht.lebocast: type=1400 audit(0.0:8350): avc: granted { getattr } for comm=4173796E635461736B2023323831 path="/proc/3003/net/arp" dev="proc" ino=4026532247 scontext=u:r:platform_app:s0:c512,c768 tcontext=u:object_r:proc_net:s0 tclass=file app=com.hht.lebocast
05-07 02:10:44.645 3003 3003 I auditd : type=1400 audit(0.0:8351): avc: granted { getattr } for comm=4173796E635461736B2023323831 path="/proc/3003/net/arp" dev="proc" ino=4026532247 scontext=u:r:platform_app:s0:c512,c768 tcontext=u:object_r:proc_net:s0 tclass=file app=com.hht.lebocast
