01-01 08:00:54.029 I/ ( 0): kthread+0x140/0x150
01-01 08:00:54.029 I/ ( 0): ret_from_fork+0x10/0x1c
01-01 08:00:54.029 I/binder ( 0): 2449:2449 ioctl 40046210 7fc271e784 returned -22
01-01 08:00:54.037 E/ ( 0): INFO: trying to register non-static key.
01-01 08:00:54.042 E/ ( 0): the code is fine but needs lockdep annotation.
01-01 08:00:54.048 I/ ( 0): CPU: 7 PID: 338 Comm: kworker/u16:13 Tainted: G S W O 4.19.157+ #1
01-01 08:00:54.048 I/Hardware name( 0): Qualcomm Technologies, Inc. kona MTP-RmPM8150b. VX1(MCE) EVT1 (DT)
01-01 08:00:54.048 I/Workqueue( 0): events_unbound ion_system_secure_heap_prefetch_work
01-01 08:00:54.048 I/Call trace( 0):
01-01 08:00:54.048 I/ ( 0): dump_backtrace+0x0/0x258
01-01 08:00:54.048 I/ ( 0): show_stack+0x20/0x30
01-01 08:00:54.048 I/ ( 0): dump_stack+0xd8/0x12c
01-01 08:00:54.048 I/ ( 0): register_lock_class+0x4d0/0x5c8
01-01 08:00:54.048 I/ ( 0): __lock_acquire+0xbc/0x1e58
01-01 08:00:54.048 I/ ( 0): lock_acquire+0x1cc/0x218
01-01 08:00:54.048 I/ ( 0): _raw_spin_lock_irqsave+0x54/0x98
01-01 08:00:54.048 I/ ( 0): ion_system_secure_heap_prefetch_work+0x94/0x2c0
01-01 08:00:54.048 I/ ( 0): process_one_work+0x38c/0x660
01-01 08:00:54.048 I/ ( 0): worker_thread+0x268/0x4b8
01-01 08:00:54.048 I/ ( 0): kthread+0x140/0x150
01-01 08:00:54.048 I/ ( 0): ret_from_fork+0x10/0x1c
01-01 08:00:54.063 E/ ( 0): INFO: trying to register non-static key.
01-01 08:00:54.067 I/msm_vidc( 0): high: 00000001: ....d: Opening video instance: fffffffb1707c000, 1
01-01 08:00:54.069 E/ ( 0): the code is fine but needs lockdep annotation.
01-01 08:00:54.069 I/ ( 0): CPU: 7 PID: 338 Comm: kworker/u16:13 Tainted: G S W O 4.19.157+ #1
01-01 08:00:54.069 I/Hardware name( 0): Qualcomm Technologies, Inc. kona MTP-RmPM8150b. VX1(MCE) EVT1 (DT)
01-01 08:00:54.069 I/Workqueue( 0): events_unbound ion_system_secure_heap_prefetch_work
01-01 08:00:54.069 I/Call trace( 0):
01-01 08:00:54.069 I/ ( 0): dump_backtrace+0x0/0x258
01-01 08:00:54.069 I/ ( 0): show_stack+0x20/0x30
01-01 08:00:54.069 I/ ( 0): dump_stack+0xd8/0x12c
01-01 08:00:54.069 I/ ( 0): register_lock_class+0x4d0/0x5c8
01-01 08:00:54.069 I/ ( 0): __lock_acquire+0xbc/0x1e58
01-01 08:00:54.069 I/ ( 0): lock_acquire+0x1cc/0x218
01-01 08:00:54.069 I/ ( 0): _raw_spin_lock_irqsave+0x54/0x98
01-01 08:00:54.069 I/ ( 0): ion_system_secure_heap_prefetch_work+0x94/0x2c0
01-01 08:00:54.069 I/ ( 0): process_one_work+0x38c/0x660
01-01 08:00:54.069 I/ ( 0): worker_thread+0x268/0x4b8
01-01 08:00:54.069 I/ ( 0): kthread+0x140/0x150
01-01 08:00:54.069 I/ ( 0): ret_from_fork+0x10/0x1c
01-01 08:00:54.077 E/ ( 0): INFO: trying to register non-static key.
01-01 08:00:54.082 E/ ( 0): the code is fine but needs lockdep annotation.
01-01 08:00:54.088 I/ ( 0): CPU: 7 PID: 338 Comm: kworker/u16:13 Tainted: G S W O 4.19.157+ #1
01-01 08:00:54.088 I/Hardware name( 0): Qualcomm Technologies, Inc. kona MTP-RmPM8150b. VX1(MCE) EVT1 (DT)
01-01 08:00:54.088 I/Workqueue( 0): events_unbound ion_system_secure_heap_prefetch_work
01-01 08:00:54.088 I/Call trace( 0):
01-01 08:00:54.088 I/ ( 0): dump_backtrace+0x0/0x258
01-01 08:00:54.088 I/ ( 0): show_stack+0x20/0x30
01-01 08:00:54.088 I/ ( 0): dump_stack+0xd8/0x12c
01-01 08:00:54.088 I/ ( 0): register_lock_class+0x4d0/0x5c8
01-01 08:00:54.088 I/ ( 0): __lock_acquire+0xbc/0x1e58
01-01 08:00:54.088 I/ ( 0): lock_acquire+0x1cc/0x218
01-01 08:00:54.088 I/ ( 0): _raw_spin_lock_irqsave+0x54/0x98
01-01 08:00:54.088 I/ ( 0): ion_system_secure_heap_prefetch_work+0x94/0x2c0
01-01 08:00:54.088 I/ ( 0): process_one_work+0x38c/0x660
01-01 08:00:54.088 I/ ( 0): worker_thread+0x268/0x4b8
01-01 08:00:54.088 I/ ( 0): kthread+0x140/0x150
01-01 08:00:54.088 I/ ( 0): ret_from_fork+0x10/0x1c
01-01 08:00:54.102 E/ ( 0): INFO: trying to register non-static key.
01-01 08:00:54.107 E/ ( 0): the code is fine but needs lockdep annotation.
01-01 08:00:54.112 I/ ( 0): CPU: 7 PID: 338 Comm: kworker/u16:13 Tainted: G S W O 4.19.157+ #1
01-01 08:00:54.112 I/Hardware name( 0): Qualcomm Technologies, Inc. kona MTP-RmPM8150b. VX1(MCE) EVT1 (DT)
01-01 08:00:54.112 I/Workqueue( 0): events_unbound ion_system_secure_heap_prefetch_work
01-01 08:00:54.112 I/Call trace( 0):
01-01 08:00:54.112 I/ ( 0): dump_backtrace+0x0/0x258
01-01 08:00:54.112 I/ ( 0): show_stack+0x20/0x30
01-01 08:00:54.112 I/ ( 0): dump_stack+0xd8/0x12c
01-01 08:00:54.112 I/ ( 0): register_lock_class+0x4d0/0x5c8
01-01 08:00:54.112 I/ ( 0): __lock_acquire+0xbc/0x1e58
01-01 08:00:54.112 I/ ( 0): lock_acquire+0x1cc/0x218
01-01 08:00:54.112 I/ ( 0): _raw_spin_lock_irqsave+0x54/0x98
01-01 08:00:54.112 I/ ( 0): ion_system_secure_heap_prefetch_work+0x94/0x2c0
01-01 08:00:54.112 I/ ( 0): process_one_work+0x38c/0x660
01-01 08:00:54.112 I/ ( 0): worker_thread+0x268/0x4b8
01-01 08:00:54.112 I/ ( 0): kthread+0x140/0x150
01-01 08:00:54.112 I/ ( 0): ret_from_fork+0x10/0x1c
01-01 08:00:54.117 I/binder ( 0): 2517:2517 ioctl 40046210 7fc271fc14 returned -22
01-01 08:00:54.118 E/[kworke][0x3dba4e26][16:03:40.339793] wlan( 0): [332:E:QDF] ready_extract_init_status_tlv: 8884: ready_extract_init_status_tlv:0
01-01 08:00:54.123 E/ ( 0): INFO: trying to register non-static key.
01-01 08:00:54.133 I/msm_vidc( 0): high: 00000001: vp9d: Closed video instance: fffffffb1707c000
01-01 08:00:54.136 E/ ( 0): the code is fine but needs lockdep annotation.
01-01 08:00:54.136 I/ ( 0): CPU: 7 PID: 338 Comm: kworker/u16:13 Tainted: G S W O 4.19.157+ #1
01-01 08:00:54.136 I/Hardware name( 0): Qualcomm Technologies, Inc. kona MTP-RmPM8150b. VX1(MCE) EVT1 (DT)
01-01 08:00:54.136 I/Workqueue( 0): events_unbound ion_system_secure_heap_prefetch_work
01-01 08:00:54.136 I/Call trace( 0):
01-01 08:00:54.136 I/ ( 0): dump_backtrace+0x0/0x258
11-11 16:03:40.323 D/SystemUIBootTiming( 1933): StartServicescom.android.systemui.usb.StorageNotification took to complete: 6ms
11-11 16:03:40.336 W/ActivityThread( 1933): Failed to find provider info for com.android.contacts (user not unlocked)
01-01 08:00:54.136 I/ ( 0): show_stack+0x20/0x30
11-11 16:03:40.349 W/ContextImpl( 2449): Calling a method in the system process without a qualified user: android.app.ContextImpl.startService:1816 android.content.ContextWrapper.startService:774 com.thundercomm.tcservice.TCService.init:48 com.thundercomm.tcservice.TCService.onCreate:34 android.app.ActivityThread.handleCreateService:4488
11-11 16:03:40.355 D/CompatibilityChangeReporter( 1169): Compat change id reported: 168419799; UID 1000; state: DISABLED
11-11 16:03:40.356 D/SystemUIBootTiming( 1933): StartServicescom.android.systemui.power.PowerUI took to complete: 33ms
11-11 16:03:40.358 D/SystemUIBootTiming( 1933): StartServicescom.android.systemui.media.RingtonePlayer took to complete: 2ms
01-01 08:00:54.136 I/ ( 0): dump_stack+0xd8/0x12c
11-11 16:03:40.379 D/SystemUIBootTiming( 1933): StartServicescom.android.systemui.keyboard.KeyboardUI took to complete: 21ms
11-11 16:03:40.380 D/SystemUIBootTiming( 1933): StartServicescom.android.systemui.shortcut.ShortcutKeyDispatcher took to complete: 1ms
11-11 16:03:40.380 D/SystemUIBootTiming( 1933): StartServicescom.android.systemui.VendorServices took to complete: 0ms
11-11 16:03:40.381 D/SystemUIBootTiming( 1933): StartServicescom.android.systemui.util.leak.GarbageMonitor$Service took to complete: 1ms
11-11 16:03:40.381 D/SystemUIBootTiming( 1933): StartServicescom.android.systemui.LatencyTester took to complete: 0ms
11-11 16:03:40.386 D/SystemUIBootTiming( 1933): StartServicescom.android.systemui.globalactions.GlobalActionsComponent took to complete: 5ms
11-11 16:03:40.411 D/SystemUIBootTiming( 1933): StartServicescom.android.systemui.ScreenDecorations took to complete: 25ms
11-11 16:03:40.414 D/SystemUIBootTiming( 1933): StartServicescom.android.systemui.biometrics.AuthController took to complete: 3ms
11-11 16:03:40.414 D/SystemUIBootTiming( 1933): StartServicescom.android.systemui.SliceBroadcastRelayHandler took to complete: 0ms
11-11 16:03:40.421 D/SystemUIBootTiming( 1933): StartServicescom.android.systemui.statusbar.notification.InstantAppNotifier took to complete: 7ms
11-11 16:03:40.423 D/SystemUIBootTiming( 1933): StartServicescom.android.systemui.theme.ThemeOverlayController took to complete: 2ms
11-11 16:03:40.423 D/SystemUIBootTiming( 1933): StartServicescom.android.systemui.accessibility.WindowMagnification took to complete: 0ms
11-11 16:03:40.430 D/SystemUIBootTiming( 1933): StartServicescom.android.systemui.accessibility.SystemActions took to complete: 7ms
11-11 16:03:40.430 D/SystemUIBootTiming( 1933): StartServicescom.android.systemui.toast.ToastUI took to complete: 0ms
11-11 16:03:40.432 D/SystemUIBootTiming( 1933): StartServicescom.android.systemui.wmshell.WMShell took to complete: 2ms
01-01 08:00:54.136 I/ ( 0): register_lock_class+0x4d0/0x5c8
01-01 08:00:54.136 I/ ( 0): __lock_acquire+0xbc/0x1e58
01-01 08:00:54.136 I/ ( 0): lock_acquire+0x1cc/0x218
01-01 08:00:54.136 I/ ( 0): _raw_spin_lock_irqsave+0x54/0x98
01-01 08:00:54.136 I/ ( 0): ion_system_secure_heap_prefetch_work+0x94/0x2c0
01-01 08:00:54.136 I/ ( 0): process_one_work+0x38c/0x660
01-01 08:00:54.136 I/ ( 0): worker_thread+0x268/0x4b8
01-01 08:00:54.136 I/ ( 0): kthread+0x140/0x150
01-01 08:00:54.136 I/ ( 0): ret_from_fork+0x10/0x1c
01-01 08:00:54.139 E/[kworke][0x3dc02fa8][16:03:40.359867] wlan( 0): [332:E:QDF] cds_get_context: 1486: Module ID 65 context is Null
01-01 08:00:54.153 E/ ( 0): INFO: trying to register non-static key.
01-01 08:00:54.158 E/ ( 0): the code is fine but needs lockdep annotation.
01-01 08:00:54.164 I/ ( 0): CPU: 7 PID: 338 Comm: kworker/u16:13 Tainted: G S W O 4.19.157+ #1
01-01 08:00:54.164 I/Hardware name( 0): Qualcomm Technologies, Inc. kona MTP-RmPM8150b. VX1(MCE) EVT1 (DT)
01-01 08:00:54.164 I/Workqueue( 0): events_unbound ion_system_secure_heap_prefetch_work
01-01 08:00:54.164 I/Call trace( 0):
01-01 08:00:54.164 I/ ( 0): dump_backtrace+0x0/0x258
01-01 08:00:54.164 I/ ( 0): show_stack+0x20/0x30
01-01 08:00:54.164 I/ ( 0): dump_stack+0xd8/0x12c
01-01 08:00:54.164 I/ ( 0): register_lock_class+0x4d0/0x5c8
01-01 08:00:54.164 I/ ( 0): __lock_acquire+0xbc/0x1e58
01-01 08:00:54.164 I/ ( 0): lock_acquire+0x1cc/0x218
01-01 08:00:54.164 I/ ( 0): _raw_spin_lock_irqsave+0x54/0x98
01-01 08:00:54.164 I/ ( 0): ion_system_secure_heap_prefetch_work+0x94/0x2c0
01-01 08:00:54.164 I/ ( 0): process_one_work+0x38c/0x660
01-01 08:00:54.164 I/ ( 0): worker_thread+0x268/0x4b8
01-01 08:00:54.164 I/ ( 0): kthread+0x140/0x150
01-01 08:00:54.164 I/ ( 0): ret_from_fork+0x10/0x1c
01-01 08:00:54.173 E/ ( 0): INFO: trying to register non-static key.
01-01 08:00:54.174 F/[kworke][0x3dca9d16][16:03:40.395461] wlan( 0): [332:F:DP] cdp_ipa_set_uc_tx_partition_base invalid instance
01-01 08:00:54.178 E/ ( 0): the code is fine but needs lockdep annotation.
01-01 08:00:54.178 I/ ( 0): CPU: 7 PID: 338 Comm: kworker/u16:13 Tainted: G S W O 4.19.157+ #1
01-01 08:00:54.178 I/Hardware name( 0): Qualcomm Technologies, Inc. kona MTP-RmPM8150b. VX1(MCE) EVT1 (DT)
01-01 08:00:54.178 I/Workqueue( 0): events_unbound ion_system_secure_heap_prefetch_work
01-01 08:00:54.178 I/Call trace( 0):
01-01 08:00:54.178 I/ ( 0): dump_backtrace+0x0/0x258
01-01 08:00:54.178 I/ ( 0): show_stack+0x20/0x30
01-01 08:00:54.178 I/ ( 0): dump_stack+0xd8/0x12c
01-01 08:00:54.178 I/ ( 0): register_lock_class+0x4d0/0x5c8
01-01 08:00:54.178 I/ ( 0): __lock_acquire+0xbc/0x1e58
01-01 08:00:54.178 I/ ( 0): lock_acquire+0x1cc/0x218
01-01 08:00:54.178 I/ ( 0): _raw_spin_lock_irqsave+0x54/0x98
01-01 08:00:54.178 I/ ( 0): ion_system_secure_heap_prefetch_work+0x94/0x2c0
01-01 08:00:54.178 I/ ( 0): process_one_work+0x38c/0x660
01-01 08:00:54.178 I/ ( 0): worker_thread+0x268/0x4b8
01-01 08:00:54.178 I/ ( 0): kthread+0x140/0x150
01-01 08:00:54.178 I/ ( 0): ret_from_fork+0x10/0x1c
01-01 08:00:54.184 I/binder ( 0): 2546:2546 ioctl 40046210 7fc271fc14 returned -22
01-01 08:00:54.189 E/ ( 0): INFO: trying to register non-static key.
01-01 08:00:54.195 I/[kworke][0x3dd0d388][16:03:40.416665] wlan( 0): [332:I:WMA] wma_he_update_tgt_services: 996: 11ax is enabled
01-01 08:00:54.200 E/ ( 0): the code is fine but needs lockdep annotation.
01-01 08:00:54.200 I/ ( 0): CPU: 7 PID: 338 Comm: kworker/u16:13 Tainted: G S W O 4.19.157+ #1
01-01 08:00:54.200 I/Hardware name( 0): Qualcomm Technologies, Inc. kona MTP-RmPM8150b. VX1(MCE) EVT1 (DT)
01-01 08:00:54.200 I/Workqueue( 0): events_unbound ion_system_secure_heap_prefetch_work
01-01 08:00:54.200 I/Call trace( 0):
01-01 08:00:54.200 I/ ( 0): dump_backtrace+0x0/0x258
01-01 08:00:54.200 I/ ( 0): show_stack+0x20/0x30
01-01 08:00:54.200 I/ ( 0): dump_stack+0xd8/0x12c
01-01 08:00:54.200 I/ ( 0): register_lock_class+0x4d0/0x5c8
01-01 08:00:54.200 I/ ( 0): __lock_acquire+0xbc/0x1e58
01-01 08:00:54.200 I/ ( 0): lock_acquire+0x1cc/0x218
01-01 08:00:54.200 I/ ( 0): _raw_spin_lock_irqsave+0x54/0x98
01-01 08:00:54.200 I/ ( 0): ion_system_secure_heap_prefetch_work+0x94/0x2c0
01-01 08:00:54.200 I/ ( 0): process_one_work+0x38c/0x660
01-01 08:00:54.200 I/ ( 0): worker_thread+0x268/0x4b8
01-01 08:00:54.200 I/ ( 0): kthread+0x140/0x150
01-01 08:00:54.200 I/ ( 0): ret_from_fork+0x10/0x1c
01-01 08:00:54.208 E/ ( 0): INFO: trying to register non-static key.
01-01 08:00:54.213 E/ ( 0): the code is fine but needs lockdep annotation.
01-01 08:00:54.219 I/ ( 0): CPU: 7 PID: 338 Comm: kworker/u16:13 Tainted: G S W O 4.19.157+ #1
01-01 08:00:54.219 I/Hardware name( 0): Qualcomm Technologies, Inc. kona MTP-RmPM8150b. VX1(MCE) EVT1 (DT)
01-01 08:00:54.219 I/Workqueue( 0): events_unbound ion_system_secure_heap_prefetch_work
01-01 08:00:54.219 I/Call trace( 0):
01-01 08:00:54.219 I/ ( 0): dump_backtrace+0x0/0x258
01-01 08:00:54.219 I/ ( 0): show_stack+0x20/0x30
01-01 08:00:54.219 I/ ( 0): dump_stack+0xd8/0x12c
01-01 08:00:54.219 I/ ( 0): register_lock_class+0x4d0/0x5c8
01-01 08:00:54.219 I/ ( 0): __lock_acquire+0xbc/0x1e58
01-01 08:00:54.219 I/ ( 0): lock_acquire+0x1cc/0x218
01-01 08:00:54.219 I/ ( 0): _raw_spin_lock_irqsave+0x54/0x98
01-01 08:00:54.219 I/ ( 0): ion_system_secure_heap_prefetch_work+0x94/0x2c0
01-01 08:00:54.219 I/ ( 0): process_one_work+0x38c/0x660
01-01 08:00:54.219 I/ ( 0): worker_thread+0x268/0x4b8
01-01 08:00:54.219 I/ ( 0): kthread+0x140/0x150
01-01 08:00:54.219 I/ ( 0): ret_from_fork+0x10/0x1c
01-01 08:00:54.231 E/ ( 0): INFO: trying to register non-static key.
01-01 08:00:54.235 I/msm_vidc( 0): high: 00000001: ....d: Opening video instance: fffffffb162ec000, 1
01-01 08:00:54.236 E/ ( 0): the code is fine but needs lockdep annotation.
01-01 08:00:54.236 I/ ( 0): CPU: 7 PID: 338 Comm: kworker/u16:13 Tainted: G S W O 4.19.157+ #1
01-01 08:00:54.236 I/Hardware name( 0): Qualcomm Technologies, Inc. kona MTP-RmPM8150b. VX1(MCE) EVT1 (DT)
01-01 08:00:54.236 I/Workqueue( 0): events_unbound ion_system_secure_heap_prefetch_work
01-01 08:00:54.236 I/Call trace( 0):
01-01 08:00:54.236 I/ ( 0): dump_backtrace+0x0/0x258
01-01 08:00:54.236 I/ ( 0): show_stack+0x20/0x30
01-01 08:00:54.236 I/ ( 0): dump_stack+0xd8/0x12c
01-01 08:00:54.236 I/ ( 0): register_lock_class+0x4d0/0x5c8
01-01 08:00:54.236 I/ ( 0): __lock_acquire+0xbc/0x1e58
01-01 08:00:54.236 I/ ( 0): lock_acquire+0x1cc/0x218
01-01 08:00:54.236 I/ ( 0): _raw_spin_lock_irqsave+0x54/0x98
01-01 08:00:54.236 I/ ( 0): ion_system_secure_heap_prefetch_work+0x94/0x2c0
01-01 08:00:54.236 I/ ( 0): process_one_work+0x38c/0x660
01-01 08:00:54.236 I/ ( 0): worker_thread+0x268/0x4b8
01-01 08:00:54.236 I/ ( 0): kthread+0x140/0x150
01-01 08:00:54.236 I/ ( 0): ret_from_fork+0x10/0x1c
01-01 08:00:54.240 I/[kworke][0x3dde017f][16:03:40.461655] wlan( 0): [332:I:HIF] Initializing Runtime PM wakelock &mgmt_txrx_pdev_ctx->wakelock_tx_runtime_cmp
01-01 08:00:54.244 E/ ( 0): INFO: trying to register non-static key.
01-01 08:00:54.248 I/[kworke][0x3de04bb7][16:03:40.469470] wlan( 0): [332:I:dfs] WLAN_DEBUG_DFS_ALWAYS : wlan_dfs_pdev_obj_create_notification: 421: dfs_offload 1
01-01 08:00:54.249 E/ ( 0): the code is fine but needs lockdep annotation.
01-01 08:00:54.249 I/ ( 0): CPU: 7 PID: 338 Comm: kworker/u16:13 Tainted: G S W O 4.19.157+ #1
01-01 08:00:54.249 I/Hardware name( 0): Qualcomm Technologies, Inc. kona MTP-RmPM8150b. VX1(MCE) EVT1 (DT)
01-01 08:00:54.250 I/Workqueue( 0): events_unbound ion_system_secure_heap_prefetch_work
11-11 16:03:40.480 D/CompatibilityChangeReporter( 1169): Compat change id reported: 168419799; UID 10099; state: DISABLED
11-11 16:03:40.490 W/ActivityManager( 1169): Slow operation: 1905ms so far, now at startProcess: returned from zygote!
11-11 16:03:40.490 W/ActivityManager( 1169): Slow operation: 1905ms so far, now at startProcess: done updating battery stats
11-11 16:03:40.491 W/ActivityManager( 1169): Slow operation: 1906ms so far, now at startProcess: building log message
11-11 16:03:40.491 I/ActivityManager( 1169): Start proc 2598:com.thundercomm.gamemode.provider/u0a71 for content provider {com.thundercomm.gamemode.provider/com.thundercomm.gamemode.provider.SettingsProvider}
11-11 16:03:40.491 W/ActivityManager( 1169): Slow operation: 1906ms so far, now at startProcess: starting to update pids map
11-11 16:03:40.491 W/ActivityManager( 1169): Slow operation: 1906ms so far, now at startProcess: done updating pids map
11-11 16:03:40.491 W/ActivityManager( 1169): Slow operation: 1322ms so far, now at startProcess: asking zygote to start proc
11-11 16:03:40.491 D/CompatibilityChangeReporter( 1169): Compat change id reported: 143937733; UID 10080; state: ENABLED
11-11 16:03:40.545 W/ActivityManager( 1169): Slow operation: 1376ms so far, now at startProcess: returned from zygote!
11-11 16:03:40.545 W/ActivityManager( 1169): Slow operation: 1376ms so far, now at startProcess: done updating battery stats
11-11 16:03:40.545 W/ActivityManager( 1169): Slow operation: 1376ms so far, now at startProcess: building log message
11-11 16:03:40.545 I/ActivityManager( 1169): Start proc 2600:com.android.launcher3/u0a80 for service {com.android.launcher3/com.android.quickstep.TouchInteractionService}
11-11 16:03:40.545 W/ActivityManager( 1169): Slow operation: 1376ms so far, now at startProcess: starting to update pids map
11-11 16:03:40.545 W/ActivityManager( 1169): Slow operation: 1377ms so far, now at startProcess: done updating pids map
11-11 16:03:40.546 W/ActivityManager( 1169): Slow operation: 472ms so far, now at startProcess: asking zygote to start proc
11-11 16:03:40.546 D/CompatibilityChangeReporter( 1169): Compat change id reported: 143937733; UID 10054; state: ENABLED
11-11 16:03:40.550 D/SystemUIBootTiming( 1933): StartServicescom.android.systemui.ShowWindowUtil took to complete: 118ms
01-01 08:00:54.252 E/ ( 0): INFO: trying to register non-static key.
01-01 08:00:54.252 E/ ( 0): the code is fine but needs lockdep annotation.
01-01 08:00:54.255 I/[kworke][0x3de26e02][16:03:40.476754] wlan( 0): [332:I:SPECTRAL] null_get_capability: 1715: SPECTRAL : get_capability not registered
01-01 08:00:54.260 I/Call trace( 0):
01-01 08:00:54.260 I/ ( 0): dump_backtrace+0x0/0x258
01-01 08:00:54.260 I/ ( 0): show_stack+0x20/0x30
01-01 08:00:54.260 I/ ( 0): dump_stack+0xd8/0x12c
01-01 08:00:54.260 I/ ( 0): register_lock_class+0x4d0/0x5c8
01-01 08:00:54.260 I/ ( 0): __lock_acquire+0xbc/0x1e58
01-01 08:00:54.260 I/ ( 0): lock_acquire+0x1cc/0x218
01-01 08:00:54.260 I/ ( 0): _raw_spin_lock_irqsave+0x54/0x98
01-01 08:00:54.260 I/ ( 0): ion_system_secure_heap_prefetch_work+0x94/0x2c0
01-01 08:00:54.260 I/ ( 0): process_one_work+0x38c/0x660
01-01 08:00:54.260 I/ ( 0): worker_thread+0x268/0x4b8
01-01 08:00:54.260 I/ ( 0): kthread+0x140/0x150
01-01 08:00:54.260 I/ ( 0): ret_from_fork+0x10/0x1c
01-01 08:00:54.260 I/ ( 0): CPU: 2 PID: 2593 Comm: VideoDecMsgThre Tainted: G S W O 4.19.157+ #1
01-01 08:00:54.260 I/Hardware name( 0): Qualcomm Technologies, Inc. kona MTP-RmPM8150b. VX1(MCE) EVT1 (DT)
01-01 08:00:54.260 I/Call trace( 0):
01-01 08:00:54.260 I/ ( 0): dump_backtrace+0x0/0x258
01-01 08:00:54.260 I/ ( 0): show_stack+0x20/0x30
01-01 08:00:54.260 I/ ( 0): dump_stack+0xd8/0x12c
01-01 08:00:54.260 I/ ( 0): register_lock_class+0x4d0/0x5c8
01-01 08:00:54.260 I/ ( 0): __lock_acquire+0xbc/0x1e58
01-01 08:00:54.260 I/ ( 0): lock_acquire+0x1cc/0x218
01-01 08:00:54.260 I/ ( 0): _raw_spin_lock_irqsave+0x54/0x98
01-01 08:00:54.260 I/ ( 0): __ion_system_secure_heap_resize+0x768/0x8c0
01-01 08:00:54.260 I/ ( 0): ion_system_secure_heap_prefetch+0x28/0x38
01-01 08:00:54.260 I/ ( 0): ion_walk_heaps+0x88/0xb8
01-01 08:00:54.260 I/ ( 0): ion_ioctl+0x1b0/0x2a8
01-01 08:00:54.260 I/ ( 0): __arm64_compat_sys_ioctl+0xf4/0x240
01-01 08:00:54.260 I/ ( 0): el0_svc_common+0xa4/0x190
01-01 08:00:54.260 I/ ( 0): el0_svc_compat_handler+0x28/0x38
01-01 08:00:54.260 I/ ( 0): el0_svc_compat+0x8/0x34
01-01 08:00:54.262 E/ ( 0): INFO: trying to register non-static key.
01-01 08:00:54.267 I/[kworke][0x3de5e802][16:03:40.488621] wlan( 0): [332:I:SPECTRAL] target_if_pdev_spectral_init: 2249: HAL_CAP_PHYDIAG : Capable
01-01 08:00:54.268 E/ ( 0): INFO: trying to register non-static key.
01-01 08:00:54.268 E/ ( 0): the code is fine but needs lockdep annotation.
01-01 08:00:54.268 I/ ( 0): CPU: 7 PID: 338 Comm: kworker/u16:13 Tainted: G S W O 4.19.157+ #1
01-01 08:00:54.268 I/Hardware name( 0): Qualcomm Technologies, Inc. kona MTP-RmPM8150b. VX1(MCE) EVT1 (DT)
01-01 08:00:54.268 I/Workqueue( 0): events_unbound ion_system_secure_heap_prefetch_work
01-01 08:00:54.268 I/Call trace( 0):
01-01 08:00:54.268 I/ ( 0): dump_backtrace+0x0/0x258
01-01 08:00:54.268 I/ ( 0): show_stack+0x20/0x30
01-01 08:00:54.268 I/ ( 0): dump_stack+0xd8/0x12c
01-01 08:00:54.268 I/ ( 0): register_lock_class+0x4d0/0x5c8
01-01 08:00:54.268 I/ ( 0): __lock_acquire+0xbc/0x1e58
01-01 08:00:54.268 I/ ( 0): lock_acquire+0x1cc/0x218
01-01 08:00:54.268 I/ ( 0): _raw_spin_lock_irqsave+0x54/0x98
01-01 08:00:54.268 I/ ( 0): ion_system_secure_heap_prefetch_work+0x94/0x2c0
01-01 08:00:54.268 I/ ( 0): process_one_work+0x38c/0x660
01-01 08:00:54.268 I/ ( 0): worker_thread+0x268/0x4b8
01-01 08:00:54.268 I/ ( 0): kthread+0x140/0x150
01-01 08:00:54.268 I/ ( 0): ret_from_fork+0x10/0x1c
01-01 08:00:54.271 E/ ( 0): the code is fine but needs lockdep annotation.
01-01 08:00:54.271 I/ ( 0): CPU: 2 PID: 2593 Comm: VideoDecMsgThre Tainted: G S W O 4.19.157+ #1
01-01 08:00:54.271 I/Hardware name( 0): Qualcomm Technologies, Inc. kona MTP-RmPM8150b. VX1(MCE) EVT1 (DT)
01-01 08:00:54.271 I/Call trace( 0):
01-01 08:00:54.271 I/ ( 0): dump_backtrace+0x0/0x258
01-01 08:00:54.271 I/ ( 0): show_stack+0x20/0x30
01-01 08:00:54.271 I/ ( 0): dump_stack+0xd8/0x12c
01-01 08:00:54.271 I/ ( 0): register_lock_class+0x4d0/0x5c8
01-01 08:00:54.271 I/ ( 0): __lock_acquire+0xbc/0x1e58
01-01 08:00:54.271 I/ ( 0): lock_acquire+0x1cc/0x218
01-01 08:00:54.271 I/ ( 0): _raw_spin_lock_irqsave+0x54/0x98
01-01 08:00:54.271 I/ ( 0): __ion_system_secure_heap_resize+0x768/0x8c0
01-01 08:00:54.271 I/ ( 0): ion_system_secure_heap_prefetch+0x28/0x38
01-01 08:00:54.271 I/ ( 0): ion_walk_heaps+0x88/0xb8
01-01 08:00:54.271 I/ ( 0): ion_ioctl+0x1b0/0x2a8
01-01 08:00:54.271 I/ ( 0): __arm64_compat_sys_ioctl+0xf4/0x240
01-01 08:00:54.271 I/ ( 0): el0_svc_common+0xa4/0x190
01-01 08:00:54.271 I/ ( 0): el0_svc_compat_handler+0x28/0x38
01-01 08:00:54.271 I/ ( 0): el0_svc_compat+0x8/0x34
01-01 08:00:54.276 E/ ( 0): INFO: trying to register non-static key.
01-01 08:00:54.279 I/[kworke][0x3de9351f][16:03:40.499889] wlan( 0): [332:I:SPECTRAL] null_get_capability: 1715: SPECTRAL : get_capability not registered
01-01 08:00:54.281 E/ ( 0): INFO: trying to register non-static key.
01-01 08:00:54.281 E/ ( 0): the code is fine but needs lockdep annotation.
01-01 08:00:54.281 I/ ( 0): CPU: 2 PID: 1349 Comm: HwBinder:1308_2 Tainted: G S W O 4.19.157+ #1
01-01 08:00:54.281 I/Hardware name( 0): Qualcomm Technologies, Inc. kona MTP-RmPM8150b. VX1(MCE) EVT1 (DT)
01-01 08:00:54.281 I/Call trace( 0):
01-01 08:00:54.281 I/ ( 0): dump_backtrace+0x0/0x258
01-01 08:00:54.281 I/ ( 0): show_stack+0x20/0x30
01-01 08:00:54.281 I/ ( 0): dump_stack+0xd8/0x12c
01-01 08:00:54.281 I/ ( 0): register_lock_class+0x4d0/0x5c8
01-01 08:00:54.281 I/ ( 0): __lock_acquire+0xbc/0x1e58
01-01 08:00:54.281 I/ ( 0): lock_acquire+0x1cc/0x218
01-01 08:00:54.281 I/ ( 0): _raw_spin_lock_irqsave+0x54/0x98
01-01 08:00:54.281 I/ ( 0): __ion_system_secure_heap_resize+0x768/0x8c0
01-01 08:00:54.281 I/ ( 0): ion_system_secure_heap_drain+0x28/0x38
01-01 08:00:54.281 I/ ( 0): ion_walk_heaps+0x88/0xb8
01-01 08:00:54.281 I/ ( 0): ion_ioctl+0x1b0/0x2a8
01-01 08:00:54.282 I/ ( 0): __arm64_compat_sys_ioctl+0xf4/0x240
01-01 08:00:54.282 I/ ( 0): el0_svc_common+0xa4/0x190
01-01 08:00:54.282 I/ ( 0): el0_svc_compat_handler+0x28/0x38
01-01 08:00:54.282 I/ ( 0): el0_svc_compat+0x8/0x34
01-01 08:00:54.282 E/ ( 0): INFO: trying to register non-static key.
01-01 08:00:54.282 E/ ( 0): the code is fine but needs lockdep annotation.
01-01 08:00:54.282 I/ ( 0): CPU: 2 PID: 1349 Comm: HwBinder:1308_2 Tainted: G S W O 4.19.157+ #1
01-01 08:00:54.282 I/Hardware name( 0): Qualcomm Technologies, Inc. kona MTP-RmPM8150b. VX1(MCE) EVT1 (DT)
01-01 08:00:54.282 I/Call trace( 0):
01-01 08:00:54.282 I/ ( 0): dump_backtrace+0x0/0x258
01-01 08:00:54.282 I/ ( 0): show_stack+0x20/0x30
01-01 08:00:54.282 I/ ( 0): dump_stack+0xd8/0x12c
01-01 08:00:54.282 I/ ( 0): register_lock_class+0x4d0/0x5c8
01-01 08:00:54.282 I/ ( 0): __lock_acquire+0xbc/0x1e58
01-01 08:00:54.282 I/ ( 0): lock_acquire+0x1cc/0x218
01-01 08:00:54.282 I/ ( 0): _raw_spin_lock_irqsave+0x54/0x98
01-01 08:00:54.282 I/ ( 0): __ion_system_secure_heap_resize+0x768/0x8c0
01-01 08:00:54.282 I/ ( 0): ion_system_secure_heap_drain+0x28/0x38
01-01 08:00:54.282 I/ ( 0): ion_walk_heaps+0x88/0xb8
01-01 08:00:54.282 I/ ( 0): ion_ioctl+0x1b0/0x2a8
01-01 08:00:54.282 I/ ( 0): __arm64_compat_sys_ioctl+0xf4/0x240
01-01 08:00:54.282 I/ ( 0): el0_svc_common+0xa4/0x190
01-01 08:00:54.282 I/ ( 0): el0_svc_compat_handler+0x28/0x38
01-01 08:00:54.282 I/ ( 0): el0_svc_compat+0x8/0x34
01-01 08:00:54.282 E/ ( 0): the code is fine but needs lockdep annotation.
01-01 08:00:54.282 I/ ( 0): CPU: 7 PID: 338 Comm: kworker/u16:13 Tainted: G S W O 4.19.157+ #1
01-01 08:00:54.282 I/Hardware name( 0): Qualcomm Technologies, Inc. kona MTP-RmPM8150b. VX1(MCE) EVT1 (DT)
01-01 08:00:54.282 I/Workqueue( 0): events_unbound ion_system_secure_heap_prefetch_work
01-01 08:00:54.282 I/Call trace( 0):
01-01 08:00:54.282 I/ ( 0): dump_backtrace+0x0/0x258
01-01 08:00:54.282 I/ ( 0): show_stack+0x20/0x30
01-01 08:00:54.282 I/ ( 0): dump_stack+0xd8/0x12c
01-01 08:00:54.282 I/ ( 0): register_lock_class+0x4d0/0x5c8
01-01 08:00:54.282 I/ ( 0): __lock_acquire+0xbc/0x1e58
01-01 08:00:54.282 I/ ( 0): lock_acquire+0x1cc/0x218
01-01 08:00:54.282 I/ ( 0): _raw_spin_lock_irqsave+0x54/0x98
01-01 08:00:54.282 I/ ( 0): ion_system_secure_heap_prefetch_work+0x94/0x2c0
01-01 08:00:54.282 I/ ( 0): process_one_work+0x38c/0x660
01-01 08:00:54.282 I/ ( 0): worker_thread+0x268/0x4b8
01-01 08:00:54.282 I/ ( 0): kthread+0x140/0x150
01-01 08:00:54.282 I/ ( 0): ret_from_fork+0x10/0x1c
01-01 08:00:54.285 I/msm_vidc( 0): high: 00000001: vp9d: Closed video instance: fffffffb162ec000
01-01 08:00:54.288 I/[kworke][0x3debfc1b][16:03:40.509369] wlan( 0): [332:I:SPECTRAL] target_if_pdev_spectral_init: 2253: HAL_CAP_RADAR : Capable
01-01 08:00:54.288 I/[kworke][0x3debfec3][16:03:40.509404] wlan( 0): [332:I:SPECTRAL] null_get_capability: 1715: SPECTRAL : get_capability not registered
01-01 08:00:54.288 I/[kworke][0x3dec06a3][16:03:40.509508] wlan( 0): [332:I:SPECTRAL] target_if_pdev_spectral_init: 2258: HAL_CAP_SPECTRAL_SCAN : Capable
01-01 08:00:54.290 E/ ( 0): INFO: trying to register non-static key.
01-01 08:00:54.290 E/ ( 0): the code is fine but needs lockdep annotation.
01-01 08:00:54.290 I/ ( 0): CPU: 7 PID: 338 Comm: kworker/u16:13 Tainted: G S W O 4.19.157+ #1
01-01 08:00:54.290 I/Hardware name( 0): Qualcomm Technologies, Inc. kona MTP-RmPM8150b. VX1(MCE) EVT1 (DT)
01-01 08:00:54.290 I/Workqueue( 0): events_unbound ion_system_secure_heap_prefetch_work
01-01 08:00:54.290 I/Call trace( 0):
01-01 08:00:54.290 I/ ( 0): dump_backtrace+0x0/0x258
01-01 08:00:54.290 I/ ( 0): show_stack+0x20/0x30
01-01 08:00:54.290 I/ ( 0): dump_stack+0xd8/0x12c
01-01 08:00:54.290 I/ ( 0): register_lock_class+0x4d0/0x5c8
01-01 08:00:54.290 I/ ( 0): __lock_acquire+0xbc/0x1e58
01-01 08:00:54.290 I/ ( 0): lock_acquire+0x1cc/0x218
01-01 08:00:54.290 I/ ( 0): _raw_spin_lock_irqsave+0x54/0x98
01-01 08:00:54.290 I/ ( 0): ion_system_secure_heap_prefetch_work+0x94/0x2c0
01-01 08:00:54.290 I/ ( 0): process_one_work+0x38c/0x660
01-01 08:00:54.290 I/ ( 0): worker_thread+0x268/0x4b8
01-01 08:00:54.290 I/ ( 0): kthread+0x140/0x150
01-01 08:00:54.290 I/ ( 0): ret_from_fork+0x10/0x1c
01-01 08:00:54.298 E/ ( 0): INFO: trying to register non-static key.
01-01 08:00:54.299 I/[kworke][0x3def2245][16:03:40.520118] wlan( 0): [332:I:SPECTRAL] null_get_tsf64: 1703: SPECTRAL : get_tsf64 not registered
01-01 08:00:54.304 E/ ( 0): the code is fine but needs lockdep annotation.
01-01 08:00:54.304 I/ ( 0): CPU: 7 PID: 338 Comm: kworker/u16:13 Tainted: G S W O 4.19.157+ #1
01-01 08:00:54.304 I/Hardware name( 0): Qualcomm Technologies, Inc. kona MTP-RmPM8150b. VX1(MCE) EVT1 (DT)
01-01 08:00:54.304 I/Workqueue( 0): events_unbound ion_system_secure_heap_prefetch_work
01-01 08:00:54.304 I/Call trace( 0):
01-01 08:00:54.304 I/ ( 0): dump_backtrace+0x0/0x258
01-01 08:00:54.304 I/ ( 0): show_stack+0x20/0x30
01-01 08:00:54.304 I/ ( 0): dump_stack+0xd8/0x12c
01-01 08:00:54.304 I/ ( 0): register_lock_class+0x4d0/0x5c8
01-01 08:00:54.304 I/ ( 0): __lock_acquire+0xbc/0x1e58
01-01 08:00:54.304 I/ ( 0): lock_acquire+0x1cc/0x218
01-01 08:00:54.304 I/ ( 0): _raw_spin_lock_irqsave+0x54/0x98
01-01 08:00:54.304 I/ ( 0): ion_system_secure_heap_prefetch_work+0x94/0x2c0
01-01 08:00:54.304 I/ ( 0): process_one_work+0x38c/0x660
01-01 08:00:54.304 I/ ( 0): worker_thread+0x268/0x4b8
01-01 08:00:54.304 I/ ( 0): kthread+0x140/0x150
01-01 08:00:54.304 I/ ( 0): ret_from_fork+0x10/0x1c
01-01 08:00:54.312 E/ ( 0): INFO: trying to register non-static key.
01-01 08:00:54.319 I/[kworke][0x3df52607][16:03:40.540647] wlan( 0): [332:I:GREEN_AP] wlan_green_ap_pdev_obj_create_notification: 106: Green AP creation successful, green ap ctx: fffffffa7bc958e8, pdev: fffffffb181446e8
01-01 08:00:54.321 E/ ( 0): the code is fine but needs lockdep annotation.
01-01 08:00:54.321 I/ ( 0): CPU: 7 PID: 338 Comm: kworker/u16:13 Tainted: G S W O 4.19.157+ #1
01-01 08:00:54.321 I/Hardware name( 0): Qualcomm Technologies, Inc. kona MTP-RmPM8150b. VX1(MCE) EVT1 (DT)
01-01 08:00:54.321 I/Workqueue( 0): events_unbound ion_system_secure_heap_prefetch_work
01-01 08:00:54.321 I/Call trace( 0):
01-01 08:00:54.321 I/ ( 0): dump_backtrace+0x0/0x258
01-01 08:00:54.321 I/ ( 0): show_stack+0x20/0x30
01-01 08:00:54.321 I/ ( 0): dump_stack+0xd8/0x12c
01-01 08:00:54.321 I/ ( 0): register_lock_class+0x4d0/0x5c8
01-01 08:00:54.321 I/ ( 0): __lock_acquire+0xbc/0x1e58
01-01 08:00:54.321 I/ ( 0): lock_acquire+0x1cc/0x218
01-01 08:00:54.321 I/ ( 0): _raw_spin_lock_irqsave+0x54/0x98
01-01 08:00:54.321 I/ ( 0): ion_system_secure_heap_prefetch_work+0x94/0x2c0
01-01 08:00:54.321 I/ ( 0): process_one_work+0x38c/0x660
01-01 08:00:54.321 I/ ( 0): worker_thread+0x268/0x4b8
01-01 08:00:54.321 I/ ( 0): kthread+0x140/0x150
01-01 08:00:54.321 I/ ( 0): ret_from_fork+0x10/0x1c
01-01 08:00:54.323 E/ ( 0): INFO: trying to register non-static key.
01-01 08:00:54.332 I/[kworke][0x3df8e623][16:03:40.553449] wlan( 0): [332:I:IPA] wlan_ipa_wdi_init: 540: ipa_over_gsi: 1, is_smmu_enabled: 1
01-01 08:00:54.337 E/ ( 0): the code is fine but needs lockdep annotation.
01-01 08:00:54.337 I/ ( 0): CPU: 7 PID: 338 Comm: kworker/u16:13 Tainted: G S W O 4.19.157+ #1
01-01 08:00:54.337 I/Hardware name( 0): Qualcomm Technologies, Inc. kona MTP-RmPM8150b. VX1(MCE) EVT1 (DT)
01-01 08:00:54.337 I/Workqueue( 0): events_unbound ion_system_secure_heap_prefetch_work
01-01 08:00:54.337 I/Call trace( 0):
01-01 08:00:54.337 I/ ( 0): dump_backtrace+0x0/0x258
01-01 08:00:54.337 I/ ( 0): show_stack+0x20/0x30
01-01 08:00:54.337 I/ ( 0): dump_stack+0xd8/0x12c
01-01 08:00:54.337 I/ ( 0): register_lock_class+0x4d0/0x5c8
01-01 08:00:54.337 I/ ( 0): __lock_acquire+0xbc/0x1e58
01-01 08:00:54.337 I/ ( 0): lock_acquire+0x1cc/0x218
01-01 08:00:54.337 I/ ( 0): _raw_spin_lock_irqsave+0x54/0x98
01-01 08:00:54.337 I/ ( 0): ion_system_secure_heap_prefetch_work+0x94/0x2c0
01-01 08:00:54.337 I/ ( 0): process_one_work+0x38c/0x660
01-01 08:00:54.337 I/ ( 0): worker_thread+0x268/0x4b8
01-01 08:00:54.337 I/ ( 0): kthread+0x140/0x150
01-01 08:00:54.337 I/ ( 0): ret_from_fork+0x10/0x1c
01-01 08:00:54.344 E/ ( 0): INFO: trying to register non-static key.
01-01 08:00:54.357 I/[kworke][0x3e0001a3][16:03:40.577708] wlan( 0): [332:I:REGULATORY] reg_set_band: 483: set band bitmap: 3
01-01 08:00:54.358 E/ ( 0): the code is fine but needs lockdep annotation.
01-01 08:00:54.358 I/ ( 0): CPU: 7 PID: 338 Comm: kworker/u16:13 Tainted: G S W O 4.19.157+ #1
01-01 08:00:54.358 I/Hardware name( 0): Qualcomm Technologies, Inc. kona MTP-RmPM8150b. VX1(MCE) EVT1 (DT)
01-01 08:00:54.358 I/Workqueue( 0): events_unbound ion_system_secure_heap_prefetch_work
01-01 08:00:54.366 I/[kworke][0x3e02f6ad][16:03:40.587802] wlan( 0): [332:I:HIF] Initializing Runtime PM wakelock &ctx->dfs
01-01 08:00:54.369 I/Call trace( 0):
01-01 08:00:54.369 I/ ( 0): dump_backtrace+0x0/0x258
01-01 08:00:54.369 I/ ( 0): show_stack+0x20/0x30
01-01 08:00:54.369 I/ ( 0): dump_stack+0xd8/0x12c
01-01 08:00:54.369 I/ ( 0): register_lock_class+0x4d0/0x5c8
01-01 08:00:54.369 I/ ( 0): __lock_acquire+0xbc/0x1e58
01-01 08:00:54.369 I/ ( 0): lock_acquire+0x1cc/0x218
01-01 08:00:54.369 I/ ( 0): _raw_spin_lock_irqsave+0x54/0x98
01-01 08:00:54.369 I/ ( 0): ion_system_secure_heap_prefetch_work+0x94/0x2c0
01-01 08:00:54.369 I/ ( 0): process_one_work+0x38c/0x660
01-01 08:00:54.369 I/ ( 0): worker_thread+0x268/0x4b8
01-01 08:00:54.369 I/ ( 0): kthread+0x140/0x150
01-01 08:00:54.369 I/ ( 0): ret_from_fork+0x10/0x1c
01-01 08:00:54.371 E/ ( 0): INFO: trying to register non-static key.
01-01 08:00:54.375 I/[kworke][0x3e058bb1][16:03:40.596616] wlan( 0): [332:I:HIF] Initializing Runtime PM wakelock &ctx->connect
01-01 08:00:54.380 E/ ( 0): the code is fine but needs lockdep annotation.
01-01 08:00:54.380 I/ ( 0): CPU: 7 PID: 338 Comm: kworker/u16:13 Tainted: G S W O 4.19.157+ #1
01-01 08:00:54.380 I/Hardware name( 0): Qualcomm Technologies, Inc. kona MTP-RmPM8150b. VX1(MCE) EVT1 (DT)
01-01 08:00:54.380 I/Workqueue( 0): events_unbound ion_system_secure_heap_prefetch_work
01-01 08:00:54.380 I/Call trace( 0):
01-01 08:00:54.380 I/ ( 0): dump_backtrace+0x0/0x258
01-01 08:00:54.380 I/ ( 0): show_stack+0x20/0x30
01-01 08:00:54.380 I/ ( 0): dump_stack+0xd8/0x12c
01-01 08:00:54.380 I/ ( 0): register_lock_class+0x4d0/0x5c8
01-01 08:00:54.380 I/ ( 0): __lock_acquire+0xbc/0x1e58
01-01 08:00:54.380 I/ ( 0): lock_acquire+0x1cc/0x218
01-01 08:00:54.380 I/ ( 0): _raw_spin_lock_irqsave+0x54/0x98
01-01 08:00:54.380 I/ ( 0): ion_system_secure_heap_prefetch_work+0x94/0x2c0
01-01 08:00:54.380 I/ ( 0): process_one_work+0x38c/0x660
01-01 08:00:54.380 I/ ( 0): worker_thread+0x268/0x4b8
01-01 08:00:54.380 I/ ( 0): kthread+0x140/0x150
01-01 08:00:54.380 I/ ( 0): ret_from_fork+0x10/0x1c
01-01 08:00:54.382 E/ ( 0): INFO: trying to register non-static key.
01-01 08:00:54.387 I/[kworke][0x3e08e43c][16:03:40.608037] wlan( 0): [332:I:HIF] Initializing Runtime PM wakelock &ctx->user
01-01 08:00:54.391 E/ ( 0): the code is fine but needs lockdep annotation.
01-01 08:00:54.391 I/ ( 0): CPU: 7 PID: 338 Comm: kworker/u16:13 Tainted: G S W O 4.19.157+ #1
01-01 08:00:54.391 I/Hardware name( 0): Qualcomm Technologies, Inc. kona MTP-RmPM8150b. VX1(MCE) EVT1 (DT)
01-01 08:00:54.391 I/Workqueue( 0): events_unbound ion_system_secure_heap_prefetch_work
01-01 08:00:54.391 I/Call trace( 0):
01-01 08:00:54.391 I/ ( 0): dump_backtrace+0x0/0x258
01-01 08:00:54.391 I/ ( 0): show_stack+0x20/0x30
01-01 08:00:54.391 I/ ( 0): dump_stack+0xd8/0x12c
01-01 08:00:54.391 I/ ( 0): register_lock_class+0x4d0/0x5c8
01-01 08:00:54.391 I/ ( 0): __lock_acquire+0xbc/0x1e58
01-01 08:00:54.391 I/ ( 0): lock_acquire+0x1cc/0x218
01-01 08:00:54.391 I/ ( 0): _raw_spin_lock_irqsave+0x54/0x98
01-01 08:00:54.391 I/ ( 0): ion_system_secure_heap_prefetch_work+0x94/0x2c0
01-01 08:00:54.391 I/ ( 0): process_one_work+0x38c/0x660
01-01 08:00:54.391 I/ ( 0): worker_thread+0x268/0x4b8
01-01 08:00:54.391 I/ ( 0): kthread+0x140/0x150
01-01 08:00:54.391 I/ ( 0): ret_from_fork+0x10/0x1c
01-01 08:00:54.394 E/ ( 0): INFO: trying to register non-static key.
01-01 08:00:54.398 I/[kworke][0x3e0c411e][16:03:40.619515] wlan( 0): [332:I:HIF] Initializing Runtime PM wakelock &scan_priv->runtime_pm_lock
01-01 08:00:54.403 E/ ( 0): the code is fine but needs lockdep annotation.
01-01 08:00:54.403 I/ ( 0): CPU: 7 PID: 338 Comm: kworker/u16:13 Tainted: G S W O 4.19.157+ #1
01-01 08:00:54.403 I/Hardware name( 0): Qualcomm Technologies, Inc. kona MTP-RmPM8150b. VX1(MCE) EVT1 (DT)
01-01 08:00:54.403 I/Workqueue( 0): events_unbound ion_system_secure_heap_prefetch_work
01-01 08:00:54.403 I/Call trace( 0):
01-01 08:00:54.403 I/ ( 0): dump_backtrace+0x0/0x258
01-01 08:00:54.403 I/ ( 0): show_stack+0x20/0x30
01-01 08:00:54.403 I/ ( 0): dump_stack+0xd8/0x12c
01-01 08:00:54.403 I/ ( 0): register_lock_class+0x4d0/0x5c8
01-01 08:00:54.403 I/ ( 0): __lock_acquire+0xbc/0x1e58
01-01 08:00:54.403 I/ ( 0): lock_acquire+0x1cc/0x218
01-01 08:00:54.403 I/ ( 0): _raw_spin_lock_irqsave+0x54/0x98
01-01 08:00:54.403 I/ ( 0): ion_system_secure_heap_prefetch_work+0x94/0x2c0
01-01 08:00:54.403 I/ ( 0): process_one_work+0x38c/0x660
01-01 08:00:54.403 I/ ( 0): worker_thread+0x268/0x4b8
01-01 08:00:54.403 I/ ( 0): kthread+0x140/0x150
01-01 08:00:54.403 I/ ( 0): ret_from_fork+0x10/0x1c
01-01 08:00:54.405 E/ ( 0): INFO: trying to register non-static key.
01-01 08:00:54.409 I/[kworke][0x3e0f6122][16:03:40.630181] wlan( 0): [332:I:GREEN_AP] target_if_green_ap_register_egap_event_handler: 131: Set the Enhance Green AP event handler
01-01 08:00:54.414 E/ ( 0): the code is fine but needs lockdep annotation.
01-01 08:00:54.414 I/ ( 0): CPU: 7 PID: 338 Comm: kworker/u16:13 Tainted: G S W O 4.19.157+ #1
01-01 08:00:54.414 I/Hardware name( 0): Qualcomm Technologies, Inc. kona MTP-RmPM8150b. VX1(MCE) EVT1 (DT)
01-01 08:00:54.414 I/Workqueue( 0): events_unbound ion_system_secure_heap_prefetch_work
01-01 08:00:54.414 I/Call trace( 0):
01-01 08:00:54.414 I/ ( 0): dump_backtrace+0x0/0x258
01-01 08:00:54.414 I/ ( 0): show_stack+0x20/0x30
01-01 08:00:54.414 I/ ( 0): dump_stack+0xd8/0x12c
01-01 08:00:54.414 I/ ( 0): register_lock_class+0x4d0/0x5c8
01-01 08:00:54.414 I/ ( 0): __lock_acquire+0xbc/0x1e58
01-01 08:00:54.414 I/ ( 0): lock_acquire+0x1cc/0x218
01-01 08:00:54.414 I/ ( 0): _raw_spin_lock_irqsave+0x54/0x98
01-01 08:00:54.414 I/ ( 0): ion_system_secure_heap_prefetch_work+0x94/0x2c0
01-01 08:00:54.414 I/ ( 0): process_one_work+0x38c/0x660
01-01 08:00:54.414 I/ ( 0): worker_thread+0x268/0x4b8
01-01 08:00:54.414 I/ ( 0): kthread+0x140/0x150
01-01 08:00:54.414 I/ ( 0): ret_from_fork+0x10/0x1c
01-01 08:00:54.418 I/binder ( 0): 2513:2513 ioctl 40046210 7fc271f414 returned -22
01-01 08:00:54.420 E/[kworke][0x3e1291a9][16:03:40.641069] wlan( 0): [332:E:QDF] dp_peer_map_attach_wifi3: 10048: dp_peer_map_attach_wifi3 max_peers 55, max_ast_index: 144
01-01 08:00:54.421 E/ ( 0): INFO: trying to register non-static key.
01-01 08:00:54.430 I/binder ( 0): 2600:2600 ioctl 40046210 7fc271fc14 returned -22
01-01 08:00:54.436 I/[kworke][0x3e17513a][16:03:40.657277] wlan( 0): [332:I:DP]
01-01 08:00:54.436 I/ ( 0): <=== cfg max peer id 55 ====>
01-01 08:00:54.441 E/ ( 0): the code is fine but needs lockdep annotation.
01-01 08:00:54.441 I/ ( 0): CPU: 7 PID: 338 Comm: kworker/u16:13 Tainted: G S W O 4.19.157+ #1
01-01 08:00:54.441 I/Hardware name( 0): Qualcomm Technologies, Inc. kona MTP-RmPM8150b. VX1(MCE) EVT1 (DT)
01-01 08:00:54.441 I/Workqueue( 0): events_unbound ion_system_secure_heap_prefetch_work
01-01 08:00:54.441 I/Call trace( 0):
01-01 08:00:54.441 I/ ( 0): dump_backtrace+0x0/0x258
01-01 08:00:54.441 I/ ( 0): show_stack+0x20/0x30
01-01 08:00:54.441 I/ ( 0): dump_stack+0xd8/0x12c
01-01 08:00:54.441 I/ ( 0): register_lock_class+0x4d0/0x5c8
01-01 08:00:54.441 I/ ( 0): __lock_acquire+0xbc/0x1e58
01-01 08:00:54.441 I/ ( 0): lock_acquire+0x1cc/0x218
01-01 08:00:54.441 I/ ( 0): _raw_spin_lock_irqsave+0x54/0x98
01-01 08:00:54.441 I/ ( 0): ion_system_secure_heap_prefetch_work+0x94/0x2c0
01-01 08:00:54.441 I/ ( 0): process_one_work+0x38c/0x660
01-01 08:00:54.441 I/ ( 0): worker_thread+0x268/0x4b8
01-01 08:00:54.441 I/ ( 0): kthread+0x140/0x150
01-01 08:00:54.441 I/ ( 0): ret_from_fork+0x10/0x1c
11-11 16:03:40.565 D/SystemUIBootTiming( 1933): StartServices took to complete: 1506ms
01-01 08:00:54.453 E/ ( 0): INFO: trying to register non-static key.
01-01 08:00:54.458 E/ ( 0): the code is fine but needs lockdep annotation.
01-01 08:00:54.459 I/[kworke][0x3e1e0492][16:03:40.680148] wlan( 0): [332:I:DP]
01-01 08:00:54.459 I/ ( 0): <=== cfg max ast idx 144 ====>
01-01 08:00:54.464 I/ ( 0): CPU: 7 PID: 338 Comm: kworker/u16:13 Tainted: G S W O 4.19.157+ #1
01-01 08:00:54.464 I/Hardware name( 0): Qualcomm Technologies, Inc. kona MTP-RmPM8150b. VX1(MCE) EVT1 (DT)
01-01 08:00:54.464 I/Workqueue( 0): events_unbound ion_system_secure_heap_prefetch_work
01-01 08:00:54.464 I/Call trace( 0):
01-01 08:00:54.464 I/ ( 0): dump_backtrace+0x0/0x258
01-01 08:00:54.464 I/ ( 0): show_stack+0x20/0x30
01-01 08:00:54.464 I/ ( 0): dump_stack+0xd8/0x12c
01-01 08:00:54.464 I/ ( 0): register_lock_class+0x4d0/0x5c8
01-01 08:00:54.464 I/ ( 0): __lock_acquire+0xbc/0x1e58
01-01 08:00:54.464 I/ ( 0): lock_acquire+0x1cc/0x218
01-01 08:00:54.464 I/ ( 0): _raw_spin_lock_irqsave+0x54/0x98
01-01 08:00:54.464 I/ ( 0): ion_system_secure_heap_prefetch_work+0x94/0x2c0
01-01 08:00:54.464 I/ ( 0): process_one_work+0x38c/0x660
01-01 08:00:54.464 I/ ( 0): worker_thread+0x268/0x4b8
01-01 08:00:54.464 I/ ( 0): kthread+0x140/0x150
01-01 08:00:54.464 I/ ( 0): ret_from_fork+0x10/0x1c
01-01 08:00:54.465 I/[kworke][0x3e1fcf5b][16:03:40.686265] wlan( 0): [332:I:DP] ast hash_elems: 512, max_ast_idx: 144
01-01 08:00:54.468 I/[kworke][0x3e20b5c5][16:03:40.689336] wlan( 0): [292:I:WMA] wma_wait_for_ready_event: 6926: FW ready event received
01-01 08:00:54.472 E/ ( 0): INFO: trying to register non-static key.
01-01 08:00:54.477 E/ ( 0): the code is fine but needs lockdep annotation.
01-01 08:00:54.483 I/ ( 0): CPU: 7 PID: 338 Comm: kworker/u16:13 Tainted: G S W O 4.19.157+ #1
01-01 08:00:54.483 I/Hardware name( 0): Qualcomm Technologies, Inc. kona MTP-RmPM8150b. VX1(MCE) EVT1 (DT)
01-01 08:00:54.483 I/Workqueue( 0): events_unbound ion_system_secure_heap_prefetch_work
01-01 08:00:54.483 I/Call trace( 0):
01-01 08:00:54.483 I/ ( 0): dump_backtrace+0x0/0x258
01-01 08:00:54.483 I/ ( 0): show_stack+0x20/0x30
01-01 08:00:54.483 I/ ( 0): dump_stack+0xd8/0x12c
01-01 08:00:54.483 I/ ( 0): register_lock_class+0x4d0/0x5c8
01-01 08:00:54.483 I/ ( 0): __lock_acquire+0xbc/0x1e58
01-01 08:00:54.483 I/ ( 0): lock_acquire+0x1cc/0x218
01-01 08:00:54.483 I/ ( 0): _raw_spin_lock_irqsave+0x54/0x98
01-01 08:00:54.483 I/ ( 0): ion_system_secure_heap_prefetch_work+0x94/0x2c0
01-01 08:00:54.483 I/ ( 0): process_one_work+0x38c/0x660
01-01 08:00:54.483 I/ ( 0): worker_thread+0x268/0x4b8
01-01 08:00:54.483 I/ ( 0): kthread+0x140/0x150
01-01 08:00:54.483 I/ ( 0): ret_from_fork+0x10/0x1c
01-01 08:00:54.483 E/[kworke][0x3e253e2a][16:03:40.704807] wlan( 0): [292:E:WMI] send_action_oui_cmd_tlv: 220: Invalid action id
01-01 08:00:54.490 E/ ( 0): INFO: trying to register non-static key.
01-01 08:00:54.499 E/ ( 0): the code is fine but needs lockdep annotation.
01-01 08:00:54.499 I/msm_vidc( 0): high: 00000001: ....e: Opening video instance: fffffffa65c94000, 0
01-01 08:00:54.505 I/ ( 0): CPU: 7 PID: 338 Comm: kworker/u16:13 Tainted: G S W O 4.19.157+ #1
01-01 08:00:54.505 I/Hardware name( 0): Qualcomm Technologies, Inc. kona MTP-RmPM8150b. VX1(MCE) EVT1 (DT)
01-01 08:00:54.505 I/Workqueue( 0): events_unbound ion_system_secure_heap_prefetch_work
01-01 08:00:54.505 I/Call trace( 0):
01-01 08:00:54.505 I/ ( 0): dump_backtrace+0x0/0x258
01-01 08:00:54.505 I/ ( 0): show_stack+0x20/0x30
01-01 08:00:54.505 I/ ( 0): dump_stack+0xd8/0x12c
01-01 08:00:54.505 I/ ( 0): register_lock_class+0x4d0/0x5c8
01-01 08:00:54.505 I/ ( 0): __lock_acquire+0xbc/0x1e58
01-01 08:00:54.505 I/ ( 0): lock_acquire+0x1cc/0x218
01-01 08:00:54.505 I/ ( 0): _raw_spin_lock_irqsave+0x54/0x98
01-01 08:00:54.505 I/ ( 0): ion_system_secure_heap_prefetch_work+0x94/0x2c0
01-01 08:00:54.505 I/ ( 0): process_one_work+0x38c/0x660
01-01 08:00:54.505 I/ ( 0): worker_thread+0x268/0x4b8
01-01 08:00:54.505 I/ ( 0): kthread+0x140/0x150
01-01 08:00:54.505 I/ ( 0): ret_from_fork+0x10/0x1c
01-01 08:00:54.511 E/ ( 0): INFO: trying to register non-static key.
11-11 16:03:40.687 I/ExplicitHealthCheckController( 1169): Explicit health check service is connected ComponentInfo{android.ext.services/android.ext.services.watchdog.ExplicitHealthCheckServiceImpl}
11-11 16:03:40.688 I/ExplicitHealthCheckController( 1169): Service initialized, syncing requests
11-11 16:03:40.688 I/PackageWatchdog( 1169): Syncing health check requests for packages: {}
11-11 16:03:40.688 D/ExplicitHealthCheckController( 1169): Getting health check supported packages
11-11 16:03:40.702 I/DropBoxManagerService( 1169): add tag=system_app_strictmode isTagEnabled=true flags=0x2
11-11 16:03:40.708 D/CompatibilityChangeReporter( 1169): Compat change id reported: 168419799; UID 10080; state: DISABLED
11-11 16:03:40.728 W/ActivityManager( 1169): Slow operation: 654ms so far, now at startProcess: returned from zygote!
11-11 16:03:40.728 W/ActivityManager( 1169): Slow operation: 654ms so far, now at startProcess: done updating battery stats
11-11 16:03:40.728 W/ActivityManager( 1169): Slow operation: 654ms so far, now at startProcess: building log message
11-11 16:03:40.728 I/ActivityManager( 1169): Start proc 2641:com.qualcomm.timeservice/u0a54 for broadcast {com.qualcomm.timeservice/com.qualcomm.timeservice.TimeServiceBroadcastReceiver}
11-11 16:03:40.728 W/ActivityManager( 1169): Slow operation: 654ms so far, now at startProcess: starting to update pids map
11-11 16:03:40.729 W/ActivityManager( 1169): Slow operation: 655ms so far, now at startProcess: done updating pids map
11-11 16:03:40.731 I/DropBoxManagerService( 1169): add tag=system_app_strictmode isTagEnabled=true flags=0x2
11-11 16:03:40.734 I/DropBoxManagerService( 1169): add tag=system_app_strictmode isTagEnabled=true flags=0x2
11-11 16:03:40.736 I/DropBoxManagerService( 1169): add tag=system_app_strictmode isTagEnabled=true flags=0x2
11-11 16:03:40.741 V/NotificationAssistants( 1169): 0 notification assistant service connected: ComponentInfo{android.ext.services/android.ext.services.notification.Assistant}
01-01 08:00:54.516 E/ ( 0): the code is fine but needs lockdep annotation.
01-01 08:00:54.521 I/ ( 0): CPU: 7 PID: 338 Comm: kworker/u16:13 Tainted: G S W O 4.19.157+ #1
01-01 08:00:54.521 I/Hardware name( 0): Qualcomm Technologies, Inc. kona MTP-RmPM8150b. VX1(MCE) EVT1 (DT)
01-01 08:00:54.522 I/Workqueue( 0): events_unbound ion_system_secure_heap_prefetch_work
01-01 08:00:54.522 I/Call trace( 0):
01-01 08:00:54.522 I/ ( 0): dump_backtrace+0x0/0x258
01-01 08:00:54.522 I/ ( 0): show_stack+0x20/0x30
01-01 08:00:54.522 I/ ( 0): dump_stack+0xd8/0x12c
01-01 08:00:54.522 I/ ( 0): register_lock_class+0x4d0/0x5c8
01-01 08:00:54.522 I/ ( 0): __lock_acquire+0xbc/0x1e58
01-01 08:00:54.522 I/ ( 0): lock_acquire+0x1cc/0x218
01-01 08:00:54.522 I/ ( 0): _raw_spin_lock_irqsave+0x54/0x98
01-01 08:00:54.522 I/ ( 0): ion_system_secure_heap_prefetch_work+0x94/0x2c0
01-01 08:00:54.522 I/ ( 0): process_one_work+0x38c/0x660
01-01 08:00:54.522 I/ ( 0): worker_thread+0x268/0x4b8
01-01 08:00:54.522 I/ ( 0): kthread+0x140/0x150
01-01 08:00:54.522 I/ ( 0): ret_from_fork+0x10/0x1c
01-01 08:00:54.526 E/ ( 0): INFO: trying to register non-static key.
01-01 08:00:54.528 I/binder ( 0): 2598:2598 ioctl 40046210 7fc271fc14 returned -22
01-01 08:00:54.531 E/ ( 0): the code is fine but needs lockdep annotation.
01-01 08:00:54.531 I/ ( 0): CPU: 7 PID: 338 Comm: kworker/u16:13 Tainted: G S W O 4.19.157+ #1
01-01 08:00:54.531 I/Hardware name( 0): Qualcomm Technologies, Inc. kona MTP-RmPM8150b. VX1(MCE) EVT1 (DT)
01-01 08:00:54.536 I/Workqueue( 0): events_unbound ion_system_secure_heap_prefetch_work
01-01 08:00:54.536 I/Call trace( 0):
01-01 08:00:54.536 I/ ( 0): dump_backtrace+0x0/0x258
01-01 08:00:54.536 I/ ( 0): show_stack+0x20/0x30
01-01 08:00:54.536 I/ ( 0): dump_stack+0xd8/0x12c
01-01 08:00:54.536 I/ ( 0): register_lock_class+0x4d0/0x5c8
01-01 08:00:54.536 I/ ( 0): __lock_acquire+0xbc/0x1e58
01-01 08:00:54.536 I/ ( 0): lock_acquire+0x1cc/0x218
01-01 08:00:54.536 I/ ( 0): _raw_spin_lock_irqsave+0x54/0x98
01-01 08:00:54.536 I/ ( 0): ion_system_secure_heap_prefetch_work+0x94/0x2c0
01-01 08:00:54.536 I/ ( 0): process_one_work+0x38c/0x660
01-01 08:00:54.536 I/ ( 0): worker_thread+0x268/0x4b8
01-01 08:00:54.536 I/ ( 0): kthread+0x140/0x150
01-01 08:00:54.536 I/ ( 0): ret_from_fork+0x10/0x1c
01-01 08:00:54.541 E/ ( 0): INFO: trying to register non-static key.
01-01 08:00:54.546 E/ ( 0): the code is fine but needs lockdep annotation.
01-01 08:00:54.552 I/ ( 0): CPU: 7 PID: 338 Comm: kworker/u16:13 Tainted: G S W O 4.19.157+ #1
01-01 08:00:54.552 I/Hardware name( 0): Qualcomm Technologies, Inc. kona MTP-RmPM8150b. VX1(MCE) EVT1 (DT)
01-01 08:00:54.552 I/Workqueue( 0): events_unbound ion_system_secure_heap_prefetch_work
01-01 08:00:54.552 I/Call trace( 0):
01-01 08:00:54.552 I/ ( 0): dump_backtrace+0x0/0x258
01-01 08:00:54.552 I/ ( 0): show_stack+0x20/0x30
01-01 08:00:54.552 I/ ( 0): dump_stack+0xd8/0x12c
01-01 08:00:54.552 I/ ( 0): register_lock_class+0x4d0/0x5c8
01-01 08:00:54.552 I/ ( 0): __lock_acquire+0xbc/0x1e58
