01-01 08:00:46.110 D/SystemServerTiming( 1169): OnBootPhase_100_com.android.server.security.FileIntegrityService took to complete: 0ms
01-01 08:00:46.110 I/SystemServerTiming( 1169): OnBootPhase_100_com.android.server.pm.Installer
01-01 08:00:46.110 D/SystemServerTiming( 1169): OnBootPhase_100_com.android.server.pm.Installer took to complete: 0ms
01-01 08:00:46.110 I/SystemServerTiming( 1169): OnBootPhase_100_com.android.server.os.DeviceIdentifiersPolicyService
01-01 08:00:46.110 D/SystemServerTiming( 1169): OnBootPhase_100_com.android.server.os.DeviceIdentifiersPolicyService took to complete: 0ms
01-01 08:00:46.110 I/SystemServerTiming( 1169): OnBootPhase_100_com.android.server.uri.UriGrantsManagerService$Lifecycle
01-01 08:00:46.110 D/SystemServerTiming( 1169): OnBootPhase_100_com.android.server.uri.UriGrantsManagerService$Lifecycle took to complete: 0ms
01-01 08:00:46.110 I/SystemServerTiming( 1169): OnBootPhase_100_com.android.server.powerstats.PowerStatsService
01-01 08:00:46.110 D/SystemServerTiming( 1169): OnBootPhase_100_com.android.server.powerstats.PowerStatsService took to complete: 0ms
01-01 08:00:46.110 I/SystemServerTiming( 1169): OnBootPhase_100_com.android.server.wm.ActivityTaskManagerService$Lifecycle
01-01 08:00:46.110 D/SystemServerTiming( 1169): OnBootPhase_100_com.android.server.wm.ActivityTaskManagerService$Lifecycle took to complete: 0ms
01-01 08:00:46.110 I/SystemServerTiming( 1169): OnBootPhase_100_com.android.server.am.ActivityManagerService$Lifecycle
01-01 08:00:46.110 D/SystemServerTiming( 1169): OnBootPhase_100_com.android.server.am.ActivityManagerService$Lifecycle took to complete: 0ms
01-01 08:00:46.111 I/SystemServerTiming( 1169): OnBootPhase_100_com.android.server.pm.DataLoaderManagerService
01-01 08:00:46.111 D/SystemServerTiming( 1169): OnBootPhase_100_com.android.server.pm.DataLoaderManagerService took to complete: 0ms
01-01 08:00:46.111 I/SystemServerTiming( 1169): OnBootPhase_100_com.android.server.power.PowerManagerService
01-01 08:00:46.111 D/SystemServerTiming( 1169): OnBootPhase_100_com.android.server.power.PowerManagerService took to complete: 0ms
01-01 08:00:46.111 I/SystemServerTiming( 1169): OnBootPhase_100_com.android.server.power.ThermalManagerService
01-01 08:00:46.111 D/SystemServerTiming( 1169): OnBootPhase_100_com.android.server.power.ThermalManagerService took to complete: 0ms
01-01 08:00:46.111 I/SystemServerTiming( 1169): OnBootPhase_100_com.android.server.power.hint.HintManagerService
01-01 08:00:46.111 D/SystemServerTiming( 1169): OnBootPhase_100_com.android.server.power.hint.HintManagerService took to complete: 0ms
01-01 08:00:46.111 I/SystemServerTiming( 1169): OnBootPhase_100_com.android.server.recoverysystem.RecoverySystemService$Lifecycle
01-01 08:00:46.111 D/SystemServerTiming( 1169): OnBootPhase_100_com.android.server.recoverysystem.RecoverySystemService$Lifecycle took to complete: 0ms
01-01 08:00:46.111 I/SystemServerTiming( 1169): OnBootPhase_100_com.android.server.lights.LightsService
01-01 08:00:46.111 D/SystemServerTiming( 1169): OnBootPhase_100_com.android.server.lights.LightsService took to complete: 0ms
01-01 08:00:46.111 I/SystemServerTiming( 1169): OnBootPhase_100_com.android.server.display.DisplayManagerService
01-01 08:00:46.102 E/kona-asoc-snd soc( 0): qcom,msm-audio-apr:qcom,q6core-audio:sound: ASoC: Failed to add route DMIC2_OUTPUT -> direct -> TX SWR_DMIC1
01-01 08:00:46.123 I/DisplayDeviceRepository( 1169): Display device added: DisplayDeviceInfo{"内置屏幕": uniqueId="local:4630946370410392961", 2380 x 1020, modeId 1, defaultModeId 1, supportedModes [{id=1, width=2380, height=1020, fps=60.000004, alternativeRefreshRates=[30.000002, 45.0]}, {id=2, width=2380, height=1020, fps=45.0, alternativeRefreshRates=[30.000002, 60.000004]}, {id=3, width=2380, height=1020, fps=30.000002, alternativeRefreshRates=[45.0, 60.000004]}], colorMode 0, supportedColorModes [0], hdrCapabilities HdrCapabilities{mSupportedHdrTypes=[2, 3, 4], mMaxLuminance=500.0, mMaxAverageLuminance=500.0, mMinLuminance=0.0}, allmSupported false, gameContentTypeSupported false, density 240, 319.851 x 319.851 dpi, appVsyncOff 1000000, presDeadline 16666666, touch INTERNAL, rotation 0, type INTERNAL, address {port=129, model=0x40446d3026322d}, deviceProductInfo DeviceProductInfo{name=, manufacturerPnpId=QCM, productId=1, modelYear=null, manufactureDate=ManufactureDate{week=27, year=2006}, connectionToSinkType=0}, state UNKNOWN, frameRateOverride , brightnessMinimum 0.0, brightnessMaximum 1.0, brightnessDefault 1.0, FLAG_DEFAULT_DISPLAY, FLAG_ROTATES_WITH_CONTENT, FLAG_SECURE, FLAG_SUPPORTS_PROTECTED_BUFFERS}
01-01 08:00:46.116 E/kona-asoc-snd soc( 0): qcom,msm-audio-apr:qcom,q6core-audio:sound: ASoC: no source widget found for DMIC3_OUTPUT
01-01 08:00:46.128 E/kona-asoc-snd soc( 0): qcom,msm-audio-apr:qcom,q6core-audio:sound: ASoC: Failed to add route DMIC3_OUTPUT -> direct -> TX SWR_DMIC2
01-01 08:00:46.138 I/LogicalDisplayMapper( 1169): Applying layout: [{addr: {port=129, model=0x40446d3026322d}, dispId: 0(ON)}], Previous layout: null
01-01 08:00:46.145 I/LogicalDisplayMapper( 1169): Adding new display: 0: DisplayInfo{"内置屏幕", displayId 0", displayGroupId -1, FLAG_SECURE, FLAG_SUPPORTS_PROTECTED_BUFFERS, FLAG_TRUSTED, real 2380 x 1020, largest app 2380 x 1020, smallest app 2380 x 1020, appVsyncOff 1000000, presDeadline 16666666, mode 1, defaultMode 1, modes [{id=1, width=2380, height=1020, fps=60.000004, alternativeRefreshRates=[30.000002, 45.0]}, {id=2, width=2380, height=1020, fps=45.0, alternativeRefreshRates=[30.000002, 60.000004]}, {id=3, width=2380, height=1020, fps=30.000002, alternativeRefreshRates=[45.0, 60.000004]}], hdrCapabilities HdrCapabilities{mSupportedHdrTypes=[2, 3, 4], mMaxLuminance=500.0, mMaxAverageLuminance=500.0, mMinLuminance=0.0}, userDisabledHdrTypes [], minimalPostProcessingSupported false, rotation 0, state UNKNOWN, type INTERNAL, uniqueId "local:4630946370410392961", app 2380 x 1020, density 240 (319.851 x 319.851) dpi, layerStack 0, colorMode 0, supportedColorModes [0], address {port=129, model=0x40446d3026322d}, deviceProductInfo DeviceProductInfo{name=, manufacturerPnpId=QCM, productId=1, modelYear=null, manufactureDate=ManufactureDate{week=27, year=2006}, connectionToSinkType=0}, removeMode 0, refreshRateOverride 0.0, brightnessMinimum 0.0, brightnessMaximum 1.0, brightnessDefault 1.0}
01-01 08:00:46.147 I/LogicalDisplayMapper( 1169): Setting new display group 0 for display 0, from previous group: null
01-01 08:00:46.141 E/kona-asoc-snd soc( 0): qcom,msm-audio-apr:qcom,q6core-audio:sound: ASoC: no source widget found for DMIC4_OUTPUT
01-01 08:00:46.155 E/DisplayDeviceConfig( 1169): requesting nits when no mapping exists.
01-01 08:00:46.155 E/kona-asoc-snd soc( 0): qcom,msm-audio-apr:qcom,q6core-audio:sound: ASoC: Failed to add route DMIC4_OUTPUT -> direct -> TX SWR_DMIC3
01-01 08:00:46.176 E/DisplayDeviceConfig( 1169): requesting nits when no mapping exists.
01-01 08:00:46.178 W/SystemServiceManager( 1169): Service com.android.server.display.DisplayManagerService took 67 ms in onBootPhase
01-01 08:00:46.178 D/SystemServerTiming( 1169): OnBootPhase_100_com.android.server.display.DisplayManagerService took to complete: 67ms
01-01 08:00:46.179 D/SystemServerTiming( 1169): OnBootPhase_100 took to complete: 68ms
01-01 08:00:46.179 D/SystemServerTiming( 1169): WaitForDisplay took to complete: 69ms
01-01 08:00:46.179 I/SystemServerTiming( 1169): StartDomainVerificationService
01-01 08:00:46.183 I/DisplayDeviceRepository( 1169): Display device changed state: "内置屏幕", ON
01-01 08:00:46.184 D/SystemServerTiming( 1169): StartDomainVerificationService took to complete: 5ms
01-01 08:00:46.184 I/SystemServerTiming( 1169): StartPackageManagerService
01-01 08:00:46.184 I/Watchdog( 1169): Pausing HandlerChecker: main thread for reason: packagemanagermain. Pause count: 1
01-01 08:00:46.190 I/PackageManagerTiming( 1169): create package manager
01-01 08:00:46.168 E/kona-asoc-snd soc( 0): qcom,msm-audio-apr:qcom,q6core-audio:sound: ASoC: no source widget found for DMIC5_OUTPUT
01-01 08:00:46.179 E/kona-asoc-snd soc( 0): qcom,msm-audio-apr:qcom,q6core-audio:sound: ASoC: Failed to add route DMIC5_OUTPUT -> direct -> TX SWR_DMIC4
01-01 08:00:46.193 E/kona-asoc-snd soc( 0): qcom,msm-audio-apr:qcom,q6core-audio:sound: ASoC: no source widget found for DMIC6_OUTPUT
01-01 08:00:46.204 E/kona-asoc-snd soc( 0): qcom,msm-audio-apr:qcom,q6core-audio:sound: ASoC: Failed to add route DMIC6_OUTPUT -> direct -> TX SWR_DMIC5
01-01 08:00:46.199 I/PackageManagerTiming( 1169): readListOfPackagesToBeDisabled
01-01 08:00:46.200 D/PackageManager( 1169): Disabling packages for wifi-only device, source: /vendor/etc/telephony_packages.xml
01-01 08:00:46.200 D/PackageManagerTiming( 1169): readListOfPackagesToBeDisabled took to complete: 1ms
01-01 08:00:46.200 I/PackageManagerTiming( 1169): createSubComponents
01-01 08:00:46.218 E/kona-asoc-snd soc( 0): qcom,msm-audio-apr:qcom,q6core-audio:sound: ASoC: no source widget found for DMIC7_OUTPUT
01-01 08:00:46.228 I/capability( 0): warning: `msm_irqbalance' uses 32-bit capabilities (legacy support in use)
01-01 08:00:46.229 E/kona-asoc-snd soc( 0): qcom,msm-audio-apr:qcom,q6core-audio:sound: ASoC: Failed to add route DMIC7_OUTPUT -> direct -> TX SWR_DMIC6
01-01 08:00:46.242 I/android_work( 0): did not send uevent (0 0 0000000000000000)
01-01 08:00:46.246 D/PackageManagerTiming( 1169): createSubComponents took to complete: 46ms
01-01 08:00:46.246 I/PackageManagerTiming( 1169): addSharedUsers
01-01 08:00:46.246 D/PackageManagerTiming( 1169): addSharedUsers took to complete: 0ms
01-01 08:00:46.247 I/PackageManagerTiming( 1169): get system config
01-01 08:00:46.247 D/PackageManagerTiming( 1169): get system config took to complete: 0ms
01-01 08:00:46.243 E/kona-asoc-snd soc( 0): qcom,msm-audio-apr:qcom,q6core-audio:sound: ASoC: no source widget found for DMIC8_OUTPUT
01-01 08:00:46.254 E/kona-asoc-snd soc( 0): qcom,msm-audio-apr:qcom,q6core-audio:sound: ASoC: Failed to add route DMIC8_OUTPUT -> direct -> TX SWR_DMIC7
01-01 08:00:46.261 D/PackageManager( 1169): Directories scanned as system partitions: [/system:0, /vendor:524288, /odm:4194304, /oem:262144, /product:1048576, /system_ext:2097152, /apex/com.android.vndk.v30:8388608, /apex/com.android.wifi:8388608, /apex/com.android.vndk.v31:8388608, /apex/com.android.tzdata:8388608, /apex/com.android.tethering:8388608, /apex/com.android.sdkext:8388608, /apex/com.android.scheduling:8388608, /apex/com.android.runtime:8388608, /apex/com.android.resolv:8388608, /apex/com.android.permission:8388608, /apex/com.android.os.statsd:8388608, /apex/com.android.neuralnetworks:8388608, /apex/com.android.mediaprovider:8388608, /apex/com.android.media.swcodec:8388608, /apex/com.android.media:8388608, /apex/com.android.ipsec:8388608, /apex/com.android.i18n:8388608, /apex/com.android.extservices:8388608, /apex/com.android.conscrypt:8388608, /apex/com.android.art:8388608, /apex/com.android.appsearch:8388608, /apex/com.android.adbd:8388608]
01-01 08:00:46.264 D/SELinuxMMAC( 1169): Using policy file /system/etc/selinux/plat_mac_permissions.xml
01-01 08:00:46.267 D/SELinuxMMAC( 1169): Using policy file /system_ext/etc/selinux/system_ext_mac_permissions.xml
01-01 08:00:46.268 E/kona-asoc-snd soc( 0): qcom,msm-audio-apr:qcom,q6core-audio:sound: ASoC: no sink widget found for SpkrLeft IN
01-01 08:00:46.272 D/SELinuxMMAC( 1169): Using policy file /product/etc/selinux/product_mac_permissions.xml
01-01 08:00:46.274 D/SELinuxMMAC( 1169): Using policy file /vendor/etc/selinux/vendor_mac_permissions.xml
01-01 08:00:46.276 D/SELinuxMMAC( 1169): Using policy file /odm/etc/selinux/odm_mac_permissions.xml
01-01 08:00:46.277 I/PackageManagerTiming( 1169): loadFallbacks
01-01 08:00:46.280 D/PackageManagerTiming( 1169): loadFallbacks took to complete: 2ms
01-01 08:00:46.291 I/PackageManagerTiming( 1169): read user settings
01-01 08:00:46.279 E/kona-asoc-snd soc( 0): qcom,msm-audio-apr:qcom,q6core-audio:sound: ASoC: Failed to add route WSA_SPK1 OUT -> direct -> SpkrLeft IN
01-01 08:00:46.292 E/kona-asoc-snd soc( 0): qcom,msm-audio-apr:qcom,q6core-audio:sound: ASoC: no sink widget found for SpkrRight IN
01-01 08:00:46.304 E/kona-asoc-snd soc( 0): qcom,msm-audio-apr:qcom,q6core-audio:sound: ASoC: Failed to add route WSA_SPK2 OUT -> direct -> SpkrRight IN
01-01 08:00:46.318 E/kona-asoc-snd soc( 0): qcom,msm-audio-apr:qcom,q6core-audio:sound: ASoC: no sink widget found for VA MIC BIAS3
01-01 08:00:46.329 E/kona-asoc-snd soc( 0): qcom,msm-audio-apr:qcom,q6core-audio:sound: ASoC: Failed to add route Digital Mic0 -> direct -> VA MIC BIAS3
01-01 08:00:46.338 I/ ( 0): ip (1580) used greatest stack depth: 9320 bytes left
01-01 08:00:46.342 E/kona-asoc-snd soc( 0): qcom,msm-audio-apr:qcom,q6core-audio:sound: ASoC: no sink widget found for VA MIC BIAS3
01-01 08:00:46.353 E/kona-asoc-snd soc( 0): qcom,msm-audio-apr:qcom,q6core-audio:sound: ASoC: Failed to add route Digital Mic1 -> direct -> VA MIC BIAS3
01-01 08:00:46.367 W/android.permission.PermissionManager( 1169): Missing ActivityManager; assuming 1000 holds android.permission.SET_PREFERRED_APPLICATIONS
01-01 08:00:46.368 W/android.permission.PermissionManager( 1169): Missing ActivityManager; assuming 1000 holds android.permission.SET_PREFERRED_APPLICATIONS
01-01 08:00:46.376 W/android.permission.PermissionManager( 1169): Missing ActivityManager; assuming 1000 holds android.permission.SET_PREFERRED_APPLICATIONS
01-01 08:00:46.377 W/android.permission.PermissionManager( 1169): Missing ActivityManager; assuming 1000 holds android.permission.SET_PREFERRED_APPLICATIONS
01-01 08:00:46.367 E/kona-asoc-snd soc( 0): qcom,msm-audio-apr:qcom,q6core-audio:sound: ASoC: no sink widget found for VA MIC BIAS4
01-01 08:00:46.377 W/android.permission.PermissionManager( 1169): Missing ActivityManager; assuming 1000 holds android.permission.SET_PREFERRED_APPLICATIONS
01-01 08:00:46.378 W/android.permission.PermissionManager( 1169): Missing ActivityManager; assuming 1000 holds android.permission.SET_PREFERRED_APPLICATIONS
01-01 08:00:46.379 W/android.permission.PermissionManager( 1169): Missing ActivityManager; assuming 1000 holds android.permission.SET_PREFERRED_APPLICATIONS
01-01 08:00:46.379 W/android.permission.PermissionManager( 1169): Missing ActivityManager; assuming 1000 holds android.permission.SET_PREFERRED_APPLICATIONS
01-01 08:00:46.380 W/android.permission.PermissionManager( 1169): Missing ActivityManager; assuming 1000 holds android.permission.SET_PREFERRED_APPLICATIONS
01-01 08:00:46.381 W/android.permission.PermissionManager( 1169): Missing ActivityManager; assuming 1000 holds android.permission.SET_PREFERRED_APPLICATIONS
01-01 08:00:46.381 W/android.permission.PermissionManager( 1169): Missing ActivityManager; assuming 1000 holds android.permission.SET_PREFERRED_APPLICATIONS
01-01 08:00:46.382 W/android.permission.PermissionManager( 1169): Missing ActivityManager; assuming 1000 holds android.permission.SET_PREFERRED_APPLICATIONS
01-01 08:00:46.382 W/android.permission.PermissionManager( 1169): Missing ActivityManager; assuming 1000 holds android.permission.SET_PREFERRED_APPLICATIONS
01-01 08:00:46.383 W/android.permission.PermissionManager( 1169): Missing ActivityManager; assuming 1000 holds android.permission.SET_PREFERRED_APPLICATIONS
01-01 08:00:46.384 W/android.permission.PermissionManager( 1169): Missing ActivityManager; assuming 1000 holds android.permission.SET_PREFERRED_APPLICATIONS
01-01 08:00:46.384 W/android.permission.PermissionManager( 1169): Missing ActivityManager; assuming 1000 holds android.permission.SET_PREFERRED_APPLICATIONS
01-01 08:00:46.385 W/android.permission.PermissionManager( 1169): Missing ActivityManager; assuming 1000 holds android.permission.SET_PREFERRED_APPLICATIONS
01-01 08:00:46.386 W/android.permission.PermissionManager( 1169): Missing ActivityManager; assuming 1000 holds android.permission.SET_PREFERRED_APPLICATIONS
01-01 08:00:46.386 W/android.permission.PermissionManager( 1169): Missing ActivityManager; assuming 1000 holds android.permission.SET_PREFERRED_APPLICATIONS
01-01 08:00:46.387 W/android.permission.PermissionManager( 1169): Missing ActivityManager; assuming 1000 holds android.permission.SET_PREFERRED_APPLICATIONS
01-01 08:00:46.388 W/android.permission.PermissionManager( 1169): Missing ActivityManager; assuming 1000 holds android.permission.SET_PREFERRED_APPLICATIONS
01-01 08:00:46.396 W/android.permission.PermissionManager( 1169): Missing ActivityManager; assuming 1000 holds android.permission.SET_PREFERRED_APPLICATIONS
01-01 08:00:46.378 E/kona-asoc-snd soc( 0): qcom,msm-audio-apr:qcom,q6core-audio:sound: ASoC: Failed to add route Digital Mic4 -> direct -> VA MIC BIAS4
01-01 08:00:46.399 W/android.permission.PermissionManager( 1169): Missing ActivityManager; assuming 1000 holds android.permission.SET_PREFERRED_APPLICATIONS
01-01 08:00:46.391 E/kona-asoc-snd soc( 0): qcom,msm-audio-apr:qcom,q6core-audio:sound: ASoC: no sink widget found for VA MIC BIAS4
01-01 08:00:46.403 E/kona-asoc-snd soc( 0): qcom,msm-audio-apr:qcom,q6core-audio:sound: ASoC: Failed to add route Digital Mic5 -> direct -> VA MIC BIAS4
01-01 08:00:46.401 W/android.permission.PermissionManager( 1169): Missing ActivityManager; assuming 1000 holds android.permission.SET_PREFERRED_APPLICATIONS
01-01 08:00:46.402 W/android.permission.PermissionManager( 1169): Missing ActivityManager; assuming 1000 holds android.permission.SET_PREFERRED_APPLICATIONS
01-01 08:00:46.403 W/android.permission.PermissionManager( 1169): Missing ActivityManager; assuming 1000 holds android.permission.SET_PREFERRED_APPLICATIONS
01-01 08:00:46.403 W/android.permission.PermissionManager( 1169): Missing ActivityManager; assuming 1000 holds android.permission.SET_PREFERRED_APPLICATIONS
01-01 08:00:46.404 W/android.permission.PermissionManager( 1169): Missing ActivityManager; assuming 1000 holds android.permission.SET_PREFERRED_APPLICATIONS
01-01 08:00:46.405 W/android.permission.PermissionManager( 1169): Missing ActivityManager; assuming 1000 holds android.permission.SET_PREFERRED_APPLICATIONS
01-01 08:00:46.405 W/android.permission.PermissionManager( 1169): Missing ActivityManager; assuming 1000 holds android.permission.SET_PREFERRED_APPLICATIONS
01-01 08:00:46.406 W/android.permission.PermissionManager( 1169): Missing ActivityManager; assuming 1000 holds android.permission.SET_PREFERRED_APPLICATIONS
01-01 08:00:46.406 W/android.permission.PermissionManager( 1169): Missing ActivityManager; assuming 1000 holds android.permission.SET_PREFERRED_APPLICATIONS
01-01 08:00:46.407 W/android.permission.PermissionManager( 1169): Missing ActivityManager; assuming 1000 holds android.permission.SET_PREFERRED_APPLICATIONS
01-01 08:00:46.407 W/android.permission.PermissionManager( 1169): Missing ActivityManager; assuming 1000 holds android.permission.SET_PREFERRED_APPLICATIONS
01-01 08:00:46.408 W/android.permission.PermissionManager( 1169): Missing ActivityManager; assuming 1000 holds android.permission.SET_PREFERRED_APPLICATIONS
01-01 08:00:46.409 W/android.permission.PermissionManager( 1169): Missing ActivityManager; assuming 1000 holds android.permission.SET_PREFERRED_APPLICATIONS
01-01 08:00:46.409 W/android.permission.PermissionManager( 1169): Missing ActivityManager; assuming 1000 holds android.permission.SET_PREFERRED_APPLICATIONS
01-01 08:00:46.411 W/android.permission.PermissionManager( 1169): Missing ActivityManager; assuming 1000 holds android.permission.SET_PREFERRED_APPLICATIONS
01-01 08:00:46.411 W/android.permission.PermissionManager( 1169): Missing ActivityManager; assuming 1000 holds android.permission.SET_PREFERRED_APPLICATIONS
01-01 08:00:46.414 W/android.permission.PermissionManager( 1169): Missing ActivityManager; assuming 1000 holds android.permission.SET_PREFERRED_APPLICATIONS
01-01 08:00:46.415 W/android.permission.PermissionManager( 1169): Missing ActivityManager; assuming 1000 holds android.permission.SET_PREFERRED_APPLICATIONS
01-01 08:00:46.415 W/android.permission.PermissionManager( 1169): Missing ActivityManager; assuming 1000 holds android.permission.SET_PREFERRED_APPLICATIONS
01-01 08:00:46.416 W/android.permission.PermissionManager( 1169): Missing ActivityManager; assuming 1000 holds android.permission.SET_PREFERRED_APPLICATIONS
01-01 08:00:46.416 W/android.permission.PermissionManager( 1169): Missing ActivityManager; assuming 1000 holds android.permission.SET_PREFERRED_APPLICATIONS
01-01 08:00:46.417 W/ProcessCpuTracker( 1169): Failed to stat(/proc/1238): android.system.ErrnoException: stat failed: ENOENT (No such file or directory)
01-01 08:00:46.417 W/ProcessCpuTracker( 1169): Skipping unknown process pid 1238
01-01 08:00:46.418 W/android.permission.PermissionManager( 1169): Missing ActivityManager; assuming 1000 holds android.permission.SET_PREFERRED_APPLICATIONS
01-01 08:00:46.418 W/android.permission.PermissionManager( 1169): Missing ActivityManager; assuming 1000 holds android.permission.SET_PREFERRED_APPLICATIONS
01-01 08:00:46.419 W/android.permission.PermissionManager( 1169): Missing ActivityManager; assuming 1000 holds android.permission.SET_PREFERRED_APPLICATIONS
01-01 08:00:46.419 W/android.permission.PermissionManager( 1169): Missing ActivityManager; assuming 1000 holds android.permission.SET_PREFERRED_APPLICATIONS
01-01 08:00:46.420 W/android.permission.PermissionManager( 1169): Missing ActivityManager; assuming 1000 holds android.permission.SET_PREFERRED_APPLICATIONS
01-01 08:00:46.421 W/android.permission.PermissionManager( 1169): Missing ActivityManager; assuming 1000 holds android.permission.SET_PREFERRED_APPLICATIONS
01-01 08:00:46.421 W/android.permission.PermissionManager( 1169): Missing ActivityManager; assuming 1000 holds android.permission.SET_PREFERRED_APPLICATIONS
01-01 08:00:46.422 W/android.permission.PermissionManager( 1169): Missing ActivityManager; assuming 1000 holds android.permission.SET_PREFERRED_APPLICATIONS
01-01 08:00:46.422 W/android.permission.PermissionManager( 1169): Missing ActivityManager; assuming 1000 holds android.permission.SET_PREFERRED_APPLICATIONS
01-01 08:00:46.423 W/android.permission.PermissionManager( 1169): Missing ActivityManager; assuming 1000 holds android.permission.SET_PREFERRED_APPLICATIONS
01-01 08:00:46.423 W/android.permission.PermissionManager( 1169): Missing ActivityManager; assuming 1000 holds android.permission.SET_PREFERRED_APPLICATIONS
01-01 08:00:46.424 W/android.permission.PermissionManager( 1169): Missing ActivityManager; assuming 1000 holds android.permission.SET_PREFERRED_APPLICATIONS
01-01 08:00:46.424 W/android.permission.PermissionManager( 1169): Missing ActivityManager; assuming 1000 holds android.permission.SET_PREFERRED_APPLICATIONS
01-01 08:00:46.425 W/android.permission.PermissionManager( 1169): Missing ActivityManager; assuming 1000 holds android.permission.SET_PREFERRED_APPLICATIONS
01-01 08:00:46.425 W/android.permission.PermissionManager( 1169): Missing ActivityManager; assuming 1000 holds android.permission.SET_PREFERRED_APPLICATIONS
01-01 08:00:46.426 W/android.permission.PermissionManager( 1169): Missing ActivityManager; assuming 1000 holds android.permission.SET_PREFERRED_APPLICATIONS
01-01 08:00:46.426 W/android.permission.PermissionManager( 1169): Missing ActivityManager; assuming 1000 holds android.permission.SET_PREFERRED_APPLICATIONS
01-01 08:00:46.427 W/android.permission.PermissionManager( 1169): Missing ActivityManager; assuming 1000 holds android.permission.SET_PREFERRED_APPLICATIONS
01-01 08:00:46.427 W/android.permission.PermissionManager( 1169): Missing ActivityManager; assuming 1000 holds android.permission.SET_PREFERRED_APPLICATIONS
01-01 08:00:46.428 W/android.permission.PermissionManager( 1169): Missing ActivityManager; assuming 1000 holds android.permission.SET_PREFERRED_APPLICATIONS
01-01 08:00:46.429 W/android.permission.PermissionManager( 1169): Missing ActivityManager; assuming 1000 holds android.permission.SET_PREFERRED_APPLICATIONS
01-01 08:00:46.429 W/android.permission.PermissionManager( 1169): Missing ActivityManager; assuming 1000 holds android.permission.SET_PREFERRED_APPLICATIONS
01-01 08:00:46.416 E/kona-asoc-snd soc( 0): qcom,msm-audio-apr:qcom,q6core-audio:sound: ASoC: no source widget found for VA MIC BIAS3
01-01 08:00:46.425 I/init ( 0): processing action (ro.vendor.ril.mbn_copy_completed=1) from (/vendor/etc/init/hw/init.qcom.rc:741)
01-01 08:00:46.428 E/kona-asoc-snd soc( 0): qcom,msm-audio-apr:qcom,q6core-audio:sound: ASoC: Failed to add route VA MIC BIAS3 -> direct -> VA DMIC0
01-01 08:00:46.430 W/android.permission.PermissionManager( 1169): Missing ActivityManager; assuming 1000 holds android.permission.SET_PREFERRED_APPLICATIONS
01-01 08:00:46.432 W/android.permission.PermissionManager( 1169): Missing ActivityManager; assuming 1000 holds android.permission.SET_PREFERRED_APPLICATIONS
01-01 08:00:46.433 W/ProcessCpuTracker( 1169): Failed to stat(/proc/1491): android.system.ErrnoException: stat failed: ENOENT (No such file or directory)
01-01 08:00:46.433 W/ProcessCpuTracker( 1169): Skipping unknown process pid 1491
01-01 08:00:46.433 W/ProcessCpuTracker( 1169): Failed to stat(/proc/1505): android.system.ErrnoException: stat failed: ENOENT (No such file or directory)
01-01 08:00:46.433 W/ProcessCpuTracker( 1169): Skipping unknown process pid 1505
01-01 08:00:46.433 W/ProcessCpuTracker( 1169): Failed to stat(/proc/1507): android.system.ErrnoException: stat failed: ENOENT (No such file or directory)
01-01 08:00:46.433 W/ProcessCpuTracker( 1169): Skipping unknown process pid 1507
01-01 08:00:46.433 W/ProcessCpuTracker( 1169): Failed to stat(/proc/1510): android.system.ErrnoException: stat failed: ENOENT (No such file or directory)
01-01 08:00:46.434 W/ProcessCpuTracker( 1169): Skipping unknown process pid 1510
01-01 08:00:46.434 W/ProcessCpuTracker( 1169): Failed to stat(/proc/1517): android.system.ErrnoException: stat failed: ENOENT (No such file or directory)
01-01 08:00:46.434 W/ProcessCpuTracker( 1169): Skipping unknown process pid 1517
01-01 08:00:46.434 W/android.permission.PermissionManager( 1169): Missing ActivityManager; assuming 1000 holds android.permission.SET_PREFERRED_APPLICATIONS
01-01 08:00:46.434 W/ProcessCpuTracker( 1169): Failed to stat(/proc/1522): android.system.ErrnoException: stat failed: ENOENT (No such file or directory)
01-01 08:00:46.434 W/ProcessCpuTracker( 1169): Skipping unknown process pid 1522
01-01 08:00:46.435 W/ProcessCpuTracker( 1169): Failed to stat(/proc/1525): android.system.ErrnoException: stat failed: ENOENT (No such file or directory)
01-01 08:00:46.435 W/ProcessCpuTracker( 1169): Skipping unknown process pid 1525
01-01 08:00:46.435 W/ProcessCpuTracker( 1169): Failed to stat(/proc/1527): android.system.ErrnoException: stat failed: ENOENT (No such file or directory)
01-01 08:00:46.435 W/android.permission.PermissionManager( 1169): Missing ActivityManager; assuming 1000 holds android.permission.SET_PREFERRED_APPLICATIONS
01-01 08:00:46.436 W/ProcessCpuTracker( 1169): Skipping unknown process pid 1527
01-01 08:00:46.436 W/android.permission.PermissionManager( 1169): Missing ActivityManager; assuming 1000 holds android.permission.SET_PREFERRED_APPLICATIONS
01-01 08:00:46.437 W/android.permission.PermissionManager( 1169): Missing ActivityManager; assuming 1000 holds android.permission.SET_PREFERRED_APPLICATIONS
01-01 08:00:46.438 W/android.permission.PermissionManager( 1169): Missing ActivityManager; assuming 1000 holds android.permission.SET_PREFERRED_APPLICATIONS
01-01 08:00:46.439 W/android.permission.PermissionManager( 1169): Missing ActivityManager; assuming 1000 holds android.permission.SET_PREFERRED_APPLICATIONS
01-01 08:00:46.439 W/android.permission.PermissionManager( 1169): Missing ActivityManager; assuming 1000 holds android.permission.SET_PREFERRED_APPLICATIONS
01-01 08:00:46.440 W/android.permission.PermissionManager( 1169): Missing ActivityManager; assuming 1000 holds android.permission.SET_PREFERRED_APPLICATIONS
01-01 08:00:46.441 W/android.permission.PermissionManager( 1169): Missing ActivityManager; assuming 1000 holds android.permission.SET_PREFERRED_APPLICATIONS
01-01 08:00:46.441 W/android.permission.PermissionManager( 1169): Missing ActivityManager; assuming 1000 holds android.permission.SET_PREFERRED_APPLICATIONS
01-01 08:00:46.442 W/android.permission.PermissionManager( 1169): Missing ActivityManager; assuming 1000 holds android.permission.SET_PREFERRED_APPLICATIONS
01-01 08:00:46.442 W/android.permission.PermissionManager( 1169): Missing ActivityManager; assuming 1000 holds android.permission.SET_PREFERRED_APPLICATIONS
01-01 08:00:46.443 W/android.permission.PermissionManager( 1169): Missing ActivityManager; assuming 1000 holds android.permission.SET_PREFERRED_APPLICATIONS
01-01 08:00:46.443 W/android.permission.PermissionManager( 1169): Missing ActivityManager; assuming 1000 holds android.permission.SET_PREFERRED_APPLICATIONS
01-01 08:00:46.443 W/android.permission.PermissionManager( 1169): Missing ActivityManager; assuming 1000 holds android.permission.SET_PREFERRED_APPLICATIONS
01-01 08:00:46.444 W/android.permission.PermissionManager( 1169): Missing ActivityManager; assuming 1000 holds android.permission.SET_PREFERRED_APPLICATIONS
01-01 08:00:46.444 W/android.permission.PermissionManager( 1169): Missing ActivityManager; assuming 1000 holds android.permission.SET_PREFERRED_APPLICATIONS
01-01 08:00:46.445 W/android.permission.PermissionManager( 1169): Missing ActivityManager; assuming 1000 holds android.permission.SET_PREFERRED_APPLICATIONS
01-01 08:00:46.445 W/android.permission.PermissionManager( 1169): Missing ActivityManager; assuming 1000 holds android.permission.SET_PREFERRED_APPLICATIONS
01-01 08:00:46.446 W/android.permission.PermissionManager( 1169): Missing ActivityManager; assuming 1000 holds android.permission.SET_PREFERRED_APPLICATIONS
01-01 08:00:46.446 W/android.permission.PermissionManager( 1169): Missing ActivityManager; assuming 1000 holds android.permission.SET_PREFERRED_APPLICATIONS
01-01 08:00:46.447 W/android.permission.PermissionManager( 1169): Missing ActivityManager; assuming 1000 holds android.permission.SET_PREFERRED_APPLICATIONS
01-01 08:00:46.447 W/android.permission.PermissionManager( 1169): Missing ActivityManager; assuming 1000 holds android.permission.SET_PREFERRED_APPLICATIONS
01-01 08:00:46.448 W/android.permission.PermissionManager( 1169): Missing ActivityManager; assuming 1000 holds android.permission.SET_PREFERRED_APPLICATIONS
01-01 08:00:46.448 W/android.permission.PermissionManager( 1169): Missing ActivityManager; assuming 1000 holds android.permission.SET_PREFERRED_APPLICATIONS
01-01 08:00:46.448 W/android.permission.PermissionManager( 1169): Missing ActivityManager; assuming 1000 holds android.permission.SET_PREFERRED_APPLICATIONS
01-01 08:00:46.449 W/android.permission.PermissionManager( 1169): Missing ActivityManager; assuming 1000 holds android.permission.SET_PREFERRED_APPLICATIONS
01-01 08:00:46.449 W/android.permission.PermissionManager( 1169): Missing ActivityManager; assuming 1000 holds android.permission.SET_PREFERRED_APPLICATIONS
01-01 08:00:46.449 W/android.permission.PermissionManager( 1169): Missing ActivityManager; assuming 1000 holds android.permission.SET_PREFERRED_APPLICATIONS
01-01 08:00:46.450 W/android.permission.PermissionManager( 1169): Missing ActivityManager; assuming 1000 holds android.permission.SET_PREFERRED_APPLICATIONS
01-01 08:00:46.450 W/android.permission.PermissionManager( 1169): Missing ActivityManager; assuming 1000 holds android.permission.SET_PREFERRED_APPLICATIONS
01-01 08:00:46.450 W/android.permission.PermissionManager( 1169): Missing ActivityManager; assuming 1000 holds android.permission.SET_PREFERRED_APPLICATIONS
01-01 08:00:46.450 W/android.permission.PermissionManager( 1169): Missing ActivityManager; assuming 1000 holds android.permission.SET_PREFERRED_APPLICATIONS
01-01 08:00:46.451 W/android.permission.PermissionManager( 1169): Missing ActivityManager; assuming 1000 holds android.permission.SET_PREFERRED_APPLICATIONS
01-01 08:00:46.451 W/android.permission.PermissionManager( 1169): Missing ActivityManager; assuming 1000 holds android.permission.SET_PREFERRED_APPLICATIONS
01-01 08:00:46.451 W/android.permission.PermissionManager( 1169): Missing ActivityManager; assuming 1000 holds android.permission.SET_PREFERRED_APPLICATIONS
01-01 08:00:46.452 W/android.permission.PermissionManager( 1169): Missing ActivityManager; assuming 1000 holds android.permission.SET_PREFERRED_APPLICATIONS
01-01 08:00:46.452 W/android.permission.PermissionManager( 1169): Missing ActivityManager; assuming 1000 holds android.permission.SET_PREFERRED_APPLICATIONS
01-01 08:00:46.441 E/kona-asoc-snd soc( 0): qcom,msm-audio-apr:qcom,q6core-audio:sound: ASoC: no source widget found for VA MIC BIAS3
01-01 08:00:46.452 E/kona-asoc-snd soc( 0): qcom,msm-audio-apr:qcom,q6core-audio:sound: ASoC: Failed to add route VA MIC BIAS3 -> direct -> VA DMIC1
01-01 08:00:46.452 W/android.permission.PermissionManager( 1169): Missing ActivityManager; assuming 1000 holds android.permission.SET_PREFERRED_APPLICATIONS
01-01 08:00:46.452 W/android.permission.PermissionManager( 1169): Missing ActivityManager; assuming 1000 holds android.permission.SET_PREFERRED_APPLICATIONS
01-01 08:00:46.453 W/android.permission.PermissionManager( 1169): Missing ActivityManager; assuming 1000 holds android.permission.SET_PREFERRED_APPLICATIONS
01-01 08:00:46.453 W/android.permission.PermissionManager( 1169): Missing ActivityManager; assuming 1000 holds android.permission.SET_PREFERRED_APPLICATIONS
01-01 08:00:46.453 W/android.permission.PermissionManager( 1169): Missing ActivityManager; assuming 1000 holds android.permission.SET_PREFERRED_APPLICATIONS
01-01 08:00:46.454 W/android.permission.PermissionManager( 1169): Missing ActivityManager; assuming 1000 holds android.permission.SET_PREFERRED_APPLICATIONS
01-01 08:00:46.454 W/android.permission.PermissionManager( 1169): Missing ActivityManager; assuming 1000 holds android.permission.SET_PREFERRED_APPLICATIONS
01-01 08:00:46.454 W/android.permission.PermissionManager( 1169): Missing ActivityManager; assuming 1000 holds android.permission.SET_PREFERRED_APPLICATIONS
01-01 08:00:46.455 W/android.permission.PermissionManager( 1169): Missing ActivityManager; assuming 1000 holds android.permission.SET_PREFERRED_APPLICATIONS
01-01 08:00:46.455 W/android.permission.PermissionManager( 1169): Missing ActivityManager; assuming 1000 holds android.permission.SET_PREFERRED_APPLICATIONS
01-01 08:00:46.455 W/android.permission.PermissionManager( 1169): Missing ActivityManager; assuming 1000 holds android.permission.SET_PREFERRED_APPLICATIONS
01-01 08:00:46.455 W/android.permission.PermissionManager( 1169): Missing ActivityManager; assuming 1000 holds android.permission.SET_PREFERRED_APPLICATIONS
01-01 08:00:46.457 W/android.permission.PermissionManager( 1169): Missing ActivityManager; assuming 1000 holds android.permission.SET_PREFERRED_APPLICATIONS
01-01 08:00:46.458 W/android.permission.PermissionManager( 1169): Missing ActivityManager; assuming 1000 holds android.permission.SET_PREFERRED_APPLICATIONS
01-01 08:00:46.459 W/android.permission.PermissionManager( 1169): Missing ActivityManager; assuming 1000 holds android.permission.SET_PREFERRED_APPLICATIONS
01-01 08:00:46.459 W/android.permission.PermissionManager( 1169): Missing ActivityManager; assuming 1000 holds android.permission.SET_PREFERRED_APPLICATIONS
01-01 08:00:46.460 W/android.permission.PermissionManager( 1169): Missing ActivityManager; assuming 1000 holds android.permission.SET_PREFERRED_APPLICATIONS
01-01 08:00:46.461 W/android.permission.PermissionManager( 1169): Missing ActivityManager; assuming 1000 holds android.permission.SET_PREFERRED_APPLICATIONS
01-01 08:00:46.461 W/android.permission.PermissionManager( 1169): Missing ActivityManager; assuming 1000 holds android.permission.SET_PREFERRED_APPLICATIONS
01-01 08:00:46.462 W/android.permission.PermissionManager( 1169): Missing ActivityManager; assuming 1000 holds android.permission.SET_PREFERRED_APPLICATIONS
01-01 08:00:46.463 W/android.permission.PermissionManager( 1169): Missing ActivityManager; assuming 1000 holds android.permission.SET_PREFERRED_APPLICATIONS
01-01 08:00:46.463 W/android.permission.PermissionManager( 1169): Missing ActivityManager; assuming 1000 holds android.permission.SET_PREFERRED_APPLICATIONS
01-01 08:00:46.463 W/android.permission.PermissionManager( 1169): Missing ActivityManager; assuming 1000 holds android.permission.SET_PREFERRED_APPLICATIONS
01-01 08:00:46.464 W/android.permission.PermissionManager( 1169): Missing ActivityManager; assuming 1000 holds android.permission.SET_PREFERRED_APPLICATIONS
01-01 08:00:46.464 W/android.permission.PermissionManager( 1169): Missing ActivityManager; assuming 1000 holds android.permission.SET_PREFERRED_APPLICATIONS
01-01 08:00:46.465 W/android.permission.PermissionManager( 1169): Missing ActivityManager; assuming 1000 holds android.permission.SET_PREFERRED_APPLICATIONS
01-01 08:00:46.466 W/android.permission.PermissionManager( 1169): Missing ActivityManager; assuming 1000 holds android.permission.SET_PREFERRED_APPLICATIONS
01-01 08:00:46.466 W/android.permission.PermissionManager( 1169): Missing ActivityManager; assuming 1000 holds android.permission.SET_PREFERRED_APPLICATIONS
01-01 08:00:46.467 W/android.permission.PermissionManager( 1169): Missing ActivityManager; assuming 1000 holds android.permission.SET_PREFERRED_APPLICATIONS
01-01 08:00:46.468 W/android.permission.PermissionManager( 1169): Missing ActivityManager; assuming 1000 holds android.permission.SET_PREFERRED_APPLICATIONS
01-01 08:00:46.468 W/android.permission.PermissionManager( 1169): Missing ActivityManager; assuming 1000 holds android.permission.SET_PREFERRED_APPLICATIONS
01-01 08:00:46.469 W/android.permission.PermissionManager( 1169): Missing ActivityManager; assuming 1000 holds android.permission.SET_PREFERRED_APPLICATIONS
01-01 08:00:46.469 W/android.permission.PermissionManager( 1169): Missing ActivityManager; assuming 1000 holds android.permission.SET_PREFERRED_APPLICATIONS
01-01 08:00:46.470 W/android.permission.PermissionManager( 1169): Missing ActivityManager; assuming 1000 holds android.permission.SET_PREFERRED_APPLICATIONS
01-01 08:00:46.470 W/android.permission.PermissionManager( 1169): Missing ActivityManager; assuming 1000 holds android.permission.SET_PREFERRED_APPLICATIONS
01-01 08:00:46.471 W/android.permission.PermissionManager( 1169): Missing ActivityManager; assuming 1000 holds android.permission.SET_PREFERRED_APPLICATIONS
01-01 08:00:46.465 E/kona-asoc-snd soc( 0): qcom,msm-audio-apr:qcom,q6core-audio:sound: ASoC: no source widget found for VA MIC BIAS4
01-01 08:00:46.472 W/android.permission.PermissionManager( 1169): Missing ActivityManager; assuming 1000 holds android.permission.SET_PREFERRED_APPLICATIONS
01-01 08:00:46.473 W/android.permission.PermissionManager( 1169): Missing ActivityManager; assuming 1000 holds android.permission.SET_PREFERRED_APPLICATIONS
01-01 08:00:46.473 W/android.permission.PermissionManager( 1169): Missing ActivityManager; assuming 1000 holds android.permission.SET_PREFERRED_APPLICATIONS
01-01 08:00:46.474 W/android.permission.PermissionManager( 1169): Missing ActivityManager; assuming 1000 holds android.permission.SET_PREFERRED_APPLICATIONS
01-01 08:00:46.484 W/PackageSettings( 1169): Missing permission state for package: android.frameworkres.overlay
01-01 08:00:46.484 W/PackageSettings( 1169): Missing permission state for package: com.android.cts.priv.ctsshim
01-01 08:00:46.484 W/PackageSettings( 1169): Missing permission state for package: com.thundercomm.gamemode.provider
01-01 08:00:46.484 W/PackageSettings( 1169): Missing permission state for package: com.thundercomm.gamecenter
01-01 08:00:46.484 W/PackageSettings( 1169): Missing permission state for package: com.android.internal.systemui.navbar.gestural_wide_back
01-01 08:00:46.484 W/PackageSettings( 1169): Missing permission state for package: com.qualcomm.qti.gpudrivers.kona.api30
01-01 08:00:46.484 W/PackageSettings( 1169): Missing permission state for package: com.android.htmlviewer
01-01 08:00:46.484 W/PackageSettings( 1169): Missing permission state for package: com.android.internal.systemui.onehanded.gestural
01-01 08:00:46.485 W/PackageSettings( 1169): Missing permission state for package: com.qualcomm.qti.optinoverlay
01-01 08:00:46.485 W/PackageSettings( 1169): Missing permission state for package: android.qvaoverlay.common
01-01 08:00:46.485 W/PackageSettings( 1169): Missing permission state for package: android.overlay.common
01-01 08:00:46.485 W/PackageSettings( 1169): Missing permission state for package: com.android.connectivity.resources
01-01 08:00:46.485 W/PackageSettings( 1169): Missing permission state for package: com.android.modulemetadata
01-01 08:00:46.485 W/PackageSettings( 1169): Missing permission state for package: android.overlay.target
01-01 08:00:46.485 W/PackageSettings( 1169): Missing permission state for package: com.android.internal.systemui.navbar.gestural_extra_wide_back
01-01 08:00:46.485 W/PackageSettings( 1169): Missing permission state for package: com.android.wifi.resources.overlay.common
01-01 08:00:46.485 W/PackageSettings( 1169): Missing permission state for package: com.android.dreams.basic
01-01 08:00:46.485 W/PackageSettings( 1169): Missing permission state for package: com.android.settings.overlay.common
01-01 08:00:46.485 W/PackageSettings( 1169): Missing permission state for package: android.ext.shared
01-01 08:00:46.485 W/PackageSettings( 1169): Missing permission state for package: com.android.wifi.resources.overlay.target
01-01 08:00:46.486 W/PackageSettings( 1169): Missing permission state for package: com.android.wifi.resources
01-01 08:00:46.486 W/PackageSettings( 1169): Missing permission state for package: com.android.systemui.overlay.common
01-01 08:00:46.486 W/PackageSettings( 1169): Missing permission state for package: com.android.cameraextensions
01-01 08:00:46.486 W/PackageSettings( 1169): Missing permission state for package: com.android.theme.font.notoserifsource
01-01 08:00:46.477 E/kona-asoc-snd soc( 0): qcom,msm-audio-apr:qcom,q6core-audio:sound: ASoC: Failed to add route VA MIC BIAS4 -> direct -> VA DMIC4
01-01 08:00:46.486 W/PackageSettings( 1169): Missing permission state for package: com.android.internal.display.cutout.emulation.waterfall
01-01 08:00:46.486 W/PackageSettings( 1169): Missing permission state for package: com.android.providers.settings.overlay
01-01 08:00:46.486 W/PackageSettings( 1169): Missing permission state for package: com.android.bookmarkprovider
01-01 08:00:46.486 W/PackageSettings( 1169): Missing permission state for package: com.android.cts.ctsshim
01-01 08:00:46.487 W/PackageSettings( 1169): Missing permission state for package: com.qualcomm.qti.xrcb
01-01 08:00:46.487 W/PackageSettings( 1169): Missing permission state for package: com.android.internal.systemui.navbar.gestural
01-01 08:00:46.487 W/PackageSettings( 1169): Missing permission state for package: com.android.internal.systemui.navbar.gestural_narrow_back
01-01 08:00:46.487 W/PackageSettings( 1169): Missing permission state for package: com.android.cellbroadcastreceiver.overlay.common
01-01 08:00:46.487 W/PackageSettings( 1169): Missing permission state for shared user: android.uid.log
01-01 08:00:46.488 W/PackageSettings( 1169): Missing permission state for shared user: android.uid.uwb
01-01 08:00:46.490 E/kona-asoc-snd soc( 0): qcom,msm-audio-apr:qcom,q6core-audio:sound: ASoC: no source widget found for VA MIC BIAS4
01-01 08:00:46.501 E/kona-asoc-snd soc( 0): qcom,msm-audio-apr:qcom,q6core-audio:sound: ASoC: Failed to add route VA MIC BIAS4 -> direct -> VA DMIC5
01-01 08:00:46.502 I/init ( 0): Service 'qcom-sh' (pid 1429) exited with status 0 oneshot service took 1.087000 seconds in background
01-01 08:00:46.514 I/init ( 0): Sending signal 9 to service 'qcom-sh' (pid 1429) process group...
01-01 08:00:46.514 E/kona-asoc-snd soc( 0): qcom,msm-audio-apr:qcom,q6core-audio:sound: ASoC: no source widget found for ADC1_OUTPUT
01-01 08:00:46.516 I/libprocessgroup( 0): Successfully killed process cgroup uid 0 pid 1429 in 1ms
01-01 08:00:46.526 E/kona-asoc-snd soc( 0): qcom,msm-audio-apr:qcom,q6core-audio:sound: ASoC: Failed to add route ADC1_OUTPUT -> direct -> VA SWR_ADC0
01-01 08:00:46.535 D/PackageManagerTiming( 1169): read user settings took to complete: 243ms
01-01 08:00:46.526 E/kona-asoc-snd soc( 0): qcom,msm-audio-apr:qcom,q6core-audio:sound: ASoC: no source widget found for ADC2_OUTPUT
01-01 08:00:46.546 D/PackageManager( 1169): Keeping known cache a1c3f2a9f48c6de3281dbea3e64119533952b955
01-01 08:00:46.549 W/android.permission.PermissionManager( 1169): Missing ActivityManager; assuming 1000 holds android.permission.WATCH_APPOPS
01-01 08:00:46.549 W/android.permission.PermissionManager( 1169): Missing ActivityManager; assuming 1000 holds android.permission.WATCH_APPOPS
01-01 08:00:46.559 D/CompatibilityChangeReporter( 1169): Compat change id reported: 143539591; UID -1; state: ENABLED
01-01 08:00:46.549 E/kona-asoc-snd soc( 0): qcom,msm-audio-apr:qcom,q6core-audio:sound: ASoC: Failed to add route ADC2_OUTPUT -> direct -> VA SWR_ADC1
01-01 08:00:46.571 D/CompatibilityChangeReporter( 1169): Compat change id reported: 143539591; UID -1; state: DISABLED
01-01 08:00:46.571 D/CompatibilityChangeReporter( 1169): Compat change id reported: 168782947; UID -1; state: ENABLED
01-01 08:00:46.578 W/PackageManager( 1169): Failed to parse /system/framework/arm: Missing base APK in /system/framework/arm
01-01 08:00:46.579 W/PackageManager( 1169): Failed to parse /system/framework/oat: Missing base APK in /system/framework/oat
01-01 08:00:46.580 W/PackageManager( 1169): Failed to parse /system/framework/arm64: Missing base APK in /system/framework/arm64
01-01 08:00:46.563 E/kona-asoc-snd soc( 0): qcom,msm-audio-apr:qcom,q6core-audio:sound: ASoC: no source widget found for ADC3_OUTPUT
01-01 08:00:46.574 E/kona-asoc-snd soc( 0): qcom,msm-audio-apr:qcom,q6core-audio:sound: ASoC: Failed to add route ADC3_OUTPUT -> direct -> VA SWR_ADC2
01-01 08:00:46.587 E/kona-asoc-snd soc( 0): qcom,msm-audio-apr:qcom,q6core-audio:sound: ASoC: no source widget found for ADC4_OUTPUT
01-01 08:00:46.598 E/kona-asoc-snd soc( 0): qcom,msm-audio-apr:qcom,q6core-audio:sound: ASoC: Failed to add route ADC4_OUTPUT -> direct -> VA SWR_ADC3
01-01 08:00:46.613 D/CompatibilityChangeReporter( 1169): Compat change id reported: 168782947; UID -1; state: DISABLED
01-01 08:00:46.612 E/kona-asoc-snd soc( 0): qcom,msm-audio-apr:qcom,q6core-audio:sound: ASoC: no source widget found for DMIC1_OUTPUT
01-01 08:00:46.623 E/kona-asoc-snd soc( 0): qcom,msm-audio-apr:qcom,q6core-audio:sound: ASoC: Failed to add route DMIC1_OUTPUT -> direct -> VA SWR_MIC0
01-01 08:00:46.636 E/kona-asoc-snd soc( 0): qcom,msm-audio-apr:qcom,q6core-audio:sound: ASoC: no source widget found for DMIC2_OUTPUT
01-01 08:00:46.648 E/kona-asoc-snd soc( 0): qcom,msm-audio-apr:qcom,q6core-audio:sound: ASoC: Failed to add route DMIC2_OUTPUT -> direct -> VA SWR_MIC1
01-01 08:00:46.661 E/kona-asoc-snd soc( 0): qcom,msm-audio-apr:qcom,q6core-audio:sound: ASoC: no source widget found for DMIC3_OUTPUT
01-01 08:00:46.673 E/kona-asoc-snd soc( 0): qcom,msm-audio-apr:qcom,q6core-audio:sound: ASoC: Failed to add route DMIC3_OUTPUT -> direct -> VA SWR_MIC2
01-01 08:00:46.686 E/kona-asoc-snd soc( 0): qcom,msm-audio-apr:qcom,q6core-audio:sound: ASoC: no source widget found for DMIC4_OUTPUT
01-01 08:00:46.697 E/kona-asoc-snd soc( 0): qcom,msm-audio-apr:qcom,q6core-audio:sound: ASoC: Failed to add route DMIC4_OUTPUT -> direct -> VA SWR_MIC3
01-01 08:00:46.711 E/kona-asoc-snd soc( 0): qcom,msm-audio-apr:qcom,q6core-audio:sound: ASoC: no source widget found for DMIC5_OUTPUT
01-01 08:00:46.722 E/kona-asoc-snd soc( 0): qcom,msm-audio-apr:qcom,q6core-audio:sound: ASoC: Failed to add route DMIC5_OUTPUT -> direct -> VA SWR_MIC4
01-01 08:00:46.735 E/kona-asoc-snd soc( 0): qcom,msm-audio-apr:qcom,q6core-audio:sound: ASoC: no source widget found for DMIC6_OUTPUT
01-01 08:00:46.756 W/PackageManager( 1169): Failed to parse /vendor/app/CneApp: Missing base APK in /vendor/app/CneApp/lib/arm64
01-01 08:00:46.747 E/kona-asoc-snd soc( 0): qcom,msm-audio-apr:qcom,q6core-audio:sound: ASoC: Failed to add route DMIC6_OUTPUT -> direct -> VA SWR_MIC5
01-01 08:00:46.760 E/kona-asoc-snd soc( 0): qcom,msm-audio-apr:qcom,q6core-audio:sound: ASoC: no source widget found for DMIC7_OUTPUT
01-01 08:00:46.771 E/kona-asoc-snd soc( 0): qcom,msm-audio-apr:qcom,q6core-audio:sound: ASoC: Failed to add route DMIC7_OUTPUT -> direct -> VA SWR_MIC6
01-01 08:00:46.785 E/kona-asoc-snd soc( 0): qcom,msm-audio-apr:qcom,q6core-audio:sound: ASoC: no source widget found for DMIC8_OUTPUT
01-01 08:00:46.796 E/kona-asoc-snd soc( 0): qcom,msm-audio-apr:qcom,q6core-audio:sound: ASoC: Failed to add route DMIC8_OUTPUT -> direct -> VA SWR_MIC7
01-01 08:00:46.797 E/init ( 0): Control message: Could not find 'android.frameworks.sensorservice@1.0::ISensorManager/default' for ctl.interface_start from pid: 519 (/system/bin/hwservicemanager)
01-01 08:00:46.809 W/kona-asoc-snd soc( 0): qcom,msm-audio-apr:qcom,q6core-audio:sound: ASoC: no DMI vendor name!
01-01 08:00:46.827 E/init ( 0): Control message: Could not find 'android.frameworks.sensorservice@1.0::ISensorManager/default' for ctl.interface_start from pid: 519 (/system/bin/hwservicemanager)
01-01 08:00:46.845 I/init ( 0): processing action (persist.vendor.hvdcp_opti.start=1) from (/vendor/etc/init/vendor.qti.hardware.charger_monitor@1.0-service.rc:39)
01-01 08:00:46.846 I/init ( 0): starting service 'vendor.hvdcp_opti'...
01-01 08:00:46.859 I/PackageManager( 1169): /system_ext/priv-app/Settings changed; collecting certs
