01-01 08:00:51.455 D/cnss ( 0): Regulator wlan-ant-switch is being enabled
01-01 08:00:51.455 D/cnss ( 0): Regulator vdd-wlan-aon is being enabled
01-01 08:00:51.456 D/cnss ( 0): Regulator vdd-wlan-dig is being enabled
01-01 08:00:51.459 I/cnss-daemon( 0): DMS thread joined succesfully
01-01 08:00:51.459 I/cnss-daemon( 0): wlfw_stop: Stop done: 0
01-01 08:00:51.459 I/cnss-daemon( 0): wlfw_start: Starting
01-01 08:00:51.459 D/cnss ( 0): Regulator vdd-wlan-rfa1 is being enabled
01-01 08:00:51.460 D/cnss ( 0): Regulator vdd-wlan-rfa2 is being enabled
05-05 23:59:17.952 W/ActivityManager( 1169): Slow operation: 242ms so far, now at startProcess: returned from zygote!
01-01 08:00:51.461 D/cnss ( 0): BT_EN_GPIO State: Off. Delay WLAN_GPIO enable
01-01 08:00:51.462 I/cnss-daemon( 0): wlfw_service_request: Start the pthread: 0x0K
01-01 08:00:51.475 I/cnss-daemon( 0): ro.baseband : [apq]
05-05 23:59:18.000 D/CompatibilityChangeReporter( 1169): Compat change id reported: 168936375; UID 1000; state: ENABLED
05-05 23:59:18.000 D/CompatibilityChangeReporter( 1169): Compat change id reported: 168936375; UID 1000; state: DISABLED
05-05 23:59:18.002 D/WallpaperManagerService( 1169): switch-user-0 took to complete: 96ms
05-05 23:59:18.002 W/SystemServiceManager( 1169): Service com.android.server.wallpaper.WallpaperManagerService$Lifecycle took 97 ms in onBootPhase
05-05 23:59:18.002 D/SystemServerTiming( 1169): OnBootPhase_600_com.android.server.wallpaper.WallpaperManagerService$Lifecycle took to complete: 97ms
05-05 23:59:18.002 I/SystemServerTiming( 1169): OnBootPhase_600_com.android.server.audio.AudioService$Lifecycle
05-05 23:59:18.002 D/SystemServerTiming( 1169): OnBootPhase_600_com.android.server.audio.AudioService$Lifecycle took to complete: 0ms
05-05 23:59:18.002 I/SystemServerTiming( 1169): OnBootPhase_600_com.android.server.soundtrigger_middleware.SoundTriggerMiddlewareService$Lifecycle
05-05 23:59:18.002 D/SystemServerTiming( 1169): OnBootPhase_600_com.android.server.soundtrigger_middleware.SoundTriggerMiddlewareService$Lifecycle took to complete: 0ms
05-05 23:59:18.003 I/SystemServerTiming( 1169): OnBootPhase_600_com.android.server.DockObserver
05-05 23:59:18.003 W/ActivityManager( 1169): Slow operation: 292ms so far, now at startProcess: done updating battery stats
01-01 08:00:51.475 I/cnss-daemon( 0): Hardware supports external modem
01-01 08:00:51.532 I/binder ( 0): 1953:1953 ioctl 40046210 fff85868 returned -22
05-05 23:59:18.003 W/ActivityManager( 1169): Slow operation: 293ms so far, now at startProcess: building log message
05-05 23:59:18.003 I/ActivityManager( 1169): Start proc 1953:WebViewLoader-armeabi-v7a/1037 [android.webkit.WebViewLibraryLoader$RelroFileCreator] for null
05-05 23:59:18.003 W/ActivityManager( 1169): Slow operation: 293ms so far, now at startProcess: starting to update pids map
05-05 23:59:18.003 W/ActivityManager( 1169): Slow operation: 293ms so far, now at startProcess: done updating pids map
05-05 23:59:18.003 W/ActivityManager( 1169): Slow operation: 292ms so far, now at startProcess: asking zygote to start proc
05-05 23:59:18.004 D/SystemServerTiming( 1169): OnBootPhase_600_com.android.server.DockObserver took to complete: 0ms
05-05 23:59:18.004 I/SystemServerTiming( 1169): OnBootPhase_600_com.android.server.midi.MidiService$Lifecycle
05-05 23:59:18.004 D/SystemServerTiming( 1169): OnBootPhase_600_com.android.server.midi.MidiService$Lifecycle took to complete: 0ms
05-05 23:59:18.004 I/SystemServerTiming( 1169): OnBootPhase_600_com.android.server.adb.AdbService$Lifecycle
05-05 23:59:18.004 D/SystemServerTiming( 1169): OnBootPhase_600_com.android.server.adb.AdbService$Lifecycle took to complete: 0ms
05-05 23:59:18.004 I/SystemServerTiming( 1169): OnBootPhase_600_com.android.server.usb.UsbService$Lifecycle
05-05 23:59:18.004 D/SystemServerTiming( 1169): OnBootPhase_600_com.android.server.usb.UsbService$Lifecycle took to complete: 0ms
05-05 23:59:18.004 I/SystemServerTiming( 1169): OnBootPhase_600_com.android.server.twilight.TwilightService
05-05 23:59:18.004 D/SystemServerTiming( 1169): OnBootPhase_600_com.android.server.twilight.TwilightService took to complete: 0ms
05-05 23:59:18.006 I/SystemServerTiming( 1169): OnBootPhase_600_com.android.server.display.color.ColorDisplayService
05-05 23:59:18.006 D/SystemServerTiming( 1169): OnBootPhase_600_com.android.server.display.color.ColorDisplayService took to complete: 0ms
05-05 23:59:18.006 I/SystemServerTiming( 1169): OnBootPhase_600_com.android.server.job.JobSchedulerService
05-05 23:59:18.006 D/CompatibilityChangeReporter( 1169): Compat change id reported: 168419799; UID 10085; state: DISABLED
05-05 23:59:18.008 D/SystemServerTiming( 1169): OnBootPhase_600_com.android.server.job.JobSchedulerService took to complete: 2ms
05-05 23:59:18.008 I/SystemServerTiming( 1169): OnBootPhase_600_com.android.server.soundtrigger.SoundTriggerService
05-05 23:59:18.008 D/SoundTriggerService( 1169): onBootPhase: 600 : false
05-05 23:59:18.009 D/SystemServerTiming( 1169): OnBootPhase_600_com.android.server.soundtrigger.SoundTriggerService took to complete: 0ms
05-05 23:59:18.009 I/SystemServerTiming( 1169): OnBootPhase_600_com.android.server.trust.TrustManagerService
05-05 23:59:18.014 D/BiometricService( 1169): Sensor ID(0), oemStrength: 15, updatedStrength: 15, modality 2, state: 0, cookie: 0, props: ID: 0, Strength: 2, Type: 1, sensorId 0, hasEnrollments: false cannot participate in Keystore operations
05-05 23:59:18.026 W/Looper ( 1169): Slow dispatch took 123ms android.fg h=com.android.server.location.gnss.GnssLocationProvider$ProviderHandler c=com.android.server.location.gnss.GnssLocationProvider$$ExternalSyntheticLambda8@2b1be8e m=0
05-05 23:59:18.027 D/SystemServerTiming( 1169): OnBootPhase_600_com.android.server.trust.TrustManagerService took to complete: 16ms
05-05 23:59:18.027 I/SystemServerTiming( 1169): OnBootPhase_600_com.android.server.backup.BackupManagerService$Lifecycle
05-05 23:59:18.027 D/SystemServerTiming( 1169): OnBootPhase_600_com.android.server.backup.BackupManagerService$Lifecycle took to complete: 0ms
05-05 23:59:18.027 I/SystemServerTiming( 1169): OnBootPhase_600_com.android.server.appwidget.AppWidgetService
05-05 23:59:18.027 D/SystemServerTiming( 1169): OnBootPhase_600_com.android.server.appwidget.AppWidgetService took to complete: 0ms
05-05 23:59:18.027 I/SystemServerTiming( 1169): OnBootPhase_600_com.android.server.voiceinteraction.VoiceInteractionManagerService
05-05 23:59:18.033 D/SystemServerTiming( 1169): OnBootPhase_600_com.android.server.voiceinteraction.VoiceInteractionManagerService took to complete: 6ms
05-05 23:59:18.033 I/SystemServerTiming( 1169): OnBootPhase_600_com.android.server.apphibernation.AppHibernationService
05-05 23:59:18.033 D/SystemServerTiming( 1169): OnBootPhase_600_com.android.server.apphibernation.AppHibernationService took to complete: 0ms
05-05 23:59:18.033 I/SystemServerTiming( 1169): OnBootPhase_600_com.android.server.SensorNotificationService
05-05 23:59:18.034 D/SystemServerTiming( 1169): OnBootPhase_600_com.android.server.SensorNotificationService took to complete: 0ms
05-05 23:59:18.034 I/SystemServerTiming( 1169): OnBootPhase_600_com.android.server.emergency.EmergencyAffordanceService
05-05 23:59:18.034 D/SystemServerTiming( 1169): OnBootPhase_600_com.android.server.emergency.EmergencyAffordanceService took to complete: 0ms
05-05 23:59:18.034 I/SystemServerTiming( 1169): OnBootPhase_600_com.android.server.blob.BlobStoreManagerService
05-05 23:59:18.046 D/SystemServerTiming( 1169): OnBootPhase_600_com.android.server.blob.BlobStoreManagerService took to complete: 12ms
05-05 23:59:18.046 I/SystemServerTiming( 1169): OnBootPhase_600_com.android.server.dreams.DreamManagerService
01-01 08:00:51.565 D/cnss ( 0): Assert WLAN_EN GPIO successfully
01-01 08:00:51.565 D/cnss ( 0): Resuming PCI link
01-01 08:00:51.565 I/msm_pcie_enable( 0): PCIe: Assert the reset of endpoint of RC0.
05-05 23:59:18.053 D/SystemServerTiming( 1169): OnBootPhase_600_com.android.server.dreams.DreamManagerService took to complete: 7ms
05-05 23:59:18.054 I/SystemServerTiming( 1169): OnBootPhase_600_com.android.server.companion.CompanionDeviceManagerService
05-05 23:59:18.054 D/SystemServerTiming( 1169): OnBootPhase_600_com.android.server.companion.CompanionDeviceManagerService took to complete: 0ms
05-05 23:59:18.054 I/SystemServerTiming( 1169): OnBootPhase_600_com.android.server.restrictions.RestrictionsManagerService
05-05 23:59:18.054 D/SystemServerTiming( 1169): OnBootPhase_600_com.android.server.restrictions.RestrictionsManagerService took to complete: 0ms
05-05 23:59:18.054 I/SystemServerTiming( 1169): OnBootPhase_600_com.android.server.media.MediaSessionService
05-05 23:59:18.054 D/SystemServerTiming( 1169): OnBootPhase_600_com.android.server.media.MediaSessionService took to complete: 0ms
05-05 23:59:18.054 I/SystemServerTiming( 1169): OnBootPhase_600_com.android.server.media.MediaResourceMonitorService
05-05 23:59:18.054 D/SystemServerTiming( 1169): OnBootPhase_600_com.android.server.media.MediaResourceMonitorService took to complete: 0ms
05-05 23:59:18.054 I/SystemServerTiming( 1169): OnBootPhase_600_com.android.server.biometrics.sensors.fingerprint.FingerprintService
05-05 23:59:18.054 D/SystemServerTiming( 1169): OnBootPhase_600_com.android.server.biometrics.sensors.fingerprint.FingerprintService took to complete: 0ms
05-05 23:59:18.054 I/SystemServerTiming( 1169): OnBootPhase_600_com.android.server.biometrics.BiometricService
05-05 23:59:18.054 D/SystemServerTiming( 1169): OnBootPhase_600_com.android.server.biometrics.BiometricService took to complete: 0ms
05-05 23:59:18.054 I/SystemServerTiming( 1169): OnBootPhase_600_com.android.server.biometrics.AuthService
05-05 23:59:18.054 D/SystemServerTiming( 1169): OnBootPhase_600_com.android.server.biometrics.AuthService took to complete: 0ms
05-05 23:59:18.054 I/SystemServerTiming( 1169): OnBootPhase_600_com.android.server.pm.ShortcutService$Lifecycle
05-05 23:59:18.054 D/SystemServerTiming( 1169): OnBootPhase_600_com.android.server.pm.ShortcutService$Lifecycle took to complete: 0ms
05-05 23:59:18.054 I/SystemServerTiming( 1169): OnBootPhase_600_com.android.server.pm.LauncherAppsService
05-05 23:59:18.054 D/SystemServerTiming( 1169): OnBootPhase_600_com.android.server.pm.LauncherAppsService took to complete: 0ms
05-05 23:59:18.054 I/SystemServerTiming( 1169): OnBootPhase_600_com.android.server.pm.CrossProfileAppsService
05-05 23:59:18.055 D/SystemServerTiming( 1169): OnBootPhase_600_com.android.server.pm.CrossProfileAppsService took to complete: 0ms
05-05 23:59:18.055 I/SystemServerTiming( 1169): OnBootPhase_600_com.android.server.people.PeopleService
05-05 23:59:18.055 D/SystemServerTiming( 1169): OnBootPhase_600_com.android.server.people.PeopleService took to complete: 0ms
05-05 23:59:18.055 I/SystemServerTiming( 1169): OnBootPhase_600_com.android.server.media.metrics.MediaMetricsManagerService
05-05 23:59:18.055 D/SystemServerTiming( 1169): OnBootPhase_600_com.android.server.media.metrics.MediaMetricsManagerService took to complete: 0ms
05-05 23:59:18.055 I/SystemServerTiming( 1169): OnBootPhase_600_com.android.server.media.projection.MediaProjectionManagerService
05-05 23:59:18.055 D/SystemServerTiming( 1169): OnBootPhase_600_com.android.server.media.projection.MediaProjectionManagerService took to complete: 0ms
05-05 23:59:18.055 I/SystemServerTiming( 1169): OnBootPhase_600_com.android.server.slice.SliceManagerService$Lifecycle
05-05 23:59:18.055 D/SystemServerTiming( 1169): OnBootPhase_600_com.android.server.slice.SliceManagerService$Lifecycle took to complete: 0ms
05-05 23:59:18.055 I/SystemServerTiming( 1169): OnBootPhase_600_com.android.server.stats.StatsCompanion$Lifecycle
01-01 08:00:51.571 I/msm_pcie_enable( 0): PCIe: RC0: PCIE20_PARF_INT_ALL_MASK: 0x7f80d202
01-01 08:00:51.573 I/pcie_phy_init( 0): PCIe RC0 PHY is ready!
01-01 08:00:51.583 I/msm_pcie_enable( 0): PCIe: Release the reset of endpoint of RC0.
01-01 08:00:51.587 I/binder ( 0): 1304:1304 ioctl 40046210 7fe6e0c6b4 returned -22
05-05 23:59:18.077 D/SystemServerTiming( 1169): OnBootPhase_600_com.android.server.stats.StatsCompanion$Lifecycle took to complete: 21ms
05-05 23:59:18.077 I/SystemServerTiming( 1169): OnBootPhase_600_com.android.server.scheduling.RebootReadinessManagerService$Lifecycle
05-05 23:59:18.077 D/SystemServerTiming( 1169): OnBootPhase_600_com.android.server.scheduling.RebootReadinessManagerService$Lifecycle took to complete: 0ms
05-05 23:59:18.077 I/SystemServerTiming( 1169): OnBootPhase_600_com.android.server.stats.pull.StatsPullAtomService
05-05 23:59:18.077 D/SystemServerTiming( 1169): OnBootPhase_600_com.android.server.stats.pull.StatsPullAtomService took to complete: 0ms
05-05 23:59:18.077 I/SystemServerTiming( 1169): OnBootPhase_600_com.android.server.incident.IncidentCompanionService
05-05 23:59:18.078 D/SystemServerTiming( 1169): OnBootPhase_600_com.android.server.incident.IncidentCompanionService took to complete: 0ms
05-05 23:59:18.078 I/SystemServerTiming( 1169): OnBootPhase_600_com.android.server.MmsServiceBroker
05-05 23:59:18.078 D/SystemServerTiming( 1169): OnBootPhase_600_com.android.server.MmsServiceBroker took to complete: 0ms
05-05 23:59:18.078 I/SystemServerTiming( 1169): OnBootPhase_600_com.android.server.autofill.AutofillManagerService
05-05 23:59:18.078 D/StatsPullAtomService( 1169): Registering NetworkStats pullers with statsd
05-05 23:59:18.078 D/SystemServerTiming( 1169): OnBootPhase_600_com.android.server.autofill.AutofillManagerService took to complete: 1ms
05-05 23:59:18.078 I/SystemServerTiming( 1169): OnBootPhase_600_com.android.server.clipboard.ClipboardService
05-05 23:59:18.078 D/SystemServerTiming( 1169): OnBootPhase_600_com.android.server.clipboard.ClipboardService took to complete: 0ms
05-05 23:59:18.079 I/SystemServerTiming( 1169): OnBootPhase_600_com.android.server.appbinding.AppBindingService$Lifecycle
05-05 23:59:18.079 D/SystemServerTiming( 1169): OnBootPhase_600_com.android.server.appbinding.AppBindingService$Lifecycle took to complete: 1ms
05-05 23:59:18.079 I/SystemServerTiming( 1169): OnBootPhase_600_com.android.server.tracing.TracingServiceProxy
05-05 23:59:18.079 D/SystemServerTiming( 1169): OnBootPhase_600_com.android.server.tracing.TracingServiceProxy took to complete: 0ms
05-05 23:59:18.079 I/SystemServerTiming( 1169): OnBootPhase_600_com.android.server.policy.PermissionPolicyService
05-05 23:59:18.079 D/SystemServerTiming( 1169): OnBootPhase_600_com.android.server.policy.PermissionPolicyService took to complete: 0ms
05-05 23:59:18.079 I/SystemServerTiming( 1169): OnBootPhase_600_com.android.server.pm.StagingManager$Lifecycle
05-05 23:59:18.079 D/SystemServerTiming( 1169): OnBootPhase_600_com.android.server.pm.StagingManager$Lifecycle took to complete: 0ms
05-05 23:59:18.079 I/SystemServerTiming( 1169): OnBootPhase_600_com.android.server.app.GameManagerService$Lifecycle
05-05 23:59:18.079 D/SystemServerTiming( 1169): OnBootPhase_600_com.android.server.app.GameManagerService$Lifecycle took to complete: 0ms
05-05 23:59:18.079 I/SystemServerTiming( 1169): OnBootPhase_600_com.android.server.appsearch.AppSearchManagerService
05-05 23:59:18.079 D/SystemServerTiming( 1169): OnBootPhase_600_com.android.server.appsearch.AppSearchManagerService took to complete: 0ms
05-05 23:59:18.079 I/SystemServerTiming( 1169): OnBootPhase_600_com.android.server.media.MediaCommunicationService
05-05 23:59:18.079 D/SystemServerTiming( 1169): OnBootPhase_600_com.android.server.media.MediaCommunicationService took to complete: 0ms
05-05 23:59:18.079 D/SystemServerTiming( 1169): OnBootPhase_600 took to complete: 265ms
05-05 23:59:18.079 D/SystemServerTiming( 1169): PhaseThirdPartyAppsCanStart took to complete: 265ms
05-05 23:59:18.079 I/SystemServerTiming( 1169): StartNetworkStack
05-05 23:59:18.080 D/ConnectivityModuleConnector( 1169): Starting networking module android.net.INetworkStackConnector
05-05 23:59:18.080 D/ConnectivityModuleConnector( 1169): Starting networking module in network_stack process
05-05 23:59:18.083 D/CompatibilityChangeReporter( 1169): Compat change id reported: 135634846; UID 1073; state: DISABLED
05-05 23:59:18.083 D/CompatibilityChangeReporter( 1169): Compat change id reported: 177438394; UID 1073; state: DISABLED
05-05 23:59:18.083 D/CompatibilityChangeReporter( 1169): Compat change id reported: 135772972; UID 1073; state: DISABLED
05-05 23:59:18.083 D/CompatibilityChangeReporter( 1169): Compat change id reported: 135754954; UID 1073; state: ENABLED
05-05 23:59:18.087 D/ConnectivityModuleConnector( 1169): Networking module service start requested
05-05 23:59:18.087 D/SystemServerTiming( 1169): StartNetworkStack took to complete: 8ms
05-05 23:59:18.087 I/SystemServerTiming( 1169): StartTethering
05-05 23:59:18.087 D/ConnectivityModuleConnector( 1169): Starting networking module android.net.ITetheringConnector
05-05 23:59:18.088 D/ConnectivityModuleConnector( 1169): Starting networking module in network_stack process
05-05 23:59:18.088 D/ConnectivityModuleConnector( 1169): Networking module service start requested
05-05 23:59:18.088 D/SystemServerTiming( 1169): StartTethering took to complete: 1ms
05-05 23:59:18.088 I/SystemServerTiming( 1169): MakeCountryDetectionServiceReady
05-05 23:59:18.088 D/SystemServerTiming( 1169): MakeCountryDetectionServiceReady took to complete: 0ms
05-05 23:59:18.088 I/SystemServerTiming( 1169): MakeNetworkTimeUpdateReady
05-05 23:59:18.098 D/SystemServerTiming( 1169): MakeNetworkTimeUpdateReady took to complete: 10ms
05-05 23:59:18.098 I/SystemServerTiming( 1169): MakeInputManagerServiceReady
05-05 23:59:18.099 I/ActivityTaskManager( 1169): Config changes=4000 {1.0 ?mcc?mnc [zh_CN] ldltr sw680dp w1586dp h625dp 240dpi lrg long hdr land night finger -keyb/v/h -nav/h winConfig={ mBounds=Rect(0, 0 - 2380, 1020) mAppBounds=Rect(0, 0 - 2380, 974) mMaxBounds=Rect(0, 0 - 2380, 1020) mWindowingMode=fullscreen mDisplayWindowingMode=fullscreen mActivityType=undefined mAlwaysOnTop=undefined mRotation=ROTATION_0} s.10 fontWeightAdjustment=0}
05-05 23:59:18.101 I/WindowManager( 1169): Override config changes=4000 {1.0 ?mcc?mnc [zh_CN] ldltr sw680dp w1586dp h625dp 240dpi lrg long hdr land night finger -keyb/v/h -nav/h winConfig={ mBounds=Rect(0, 0 - 2380, 1020) mAppBounds=Rect(0, 0 - 2380, 974) mMaxBounds=Rect(0, 0 - 2380, 1020) mWindowingMode=fullscreen mDisplayWindowingMode=fullscreen mActivityType=undefined mAlwaysOnTop=undefined mRotation=ROTATION_0} s.10 fontWeightAdjustment=0} for displayId=0
01-01 08:00:51.604 E/init ( 0): Control message: Could not find 'vendor.qti.hardware.iop@2.0::IIop/default' for ctl.interface_start from pid: 519 (/system/bin/hwservicemanager)
01-01 08:00:51.604 I/msm_pcie_link_train( 0): PCIe RC0 link initialized
05-05 23:59:18.112 D/SystemServerTiming( 1169): MakeInputManagerServiceReady took to complete: 14ms
05-05 23:59:18.112 I/SystemServerTiming( 1169): MakeTelephonyRegistryReady
05-05 23:59:18.113 D/SystemServerTiming( 1169): MakeTelephonyRegistryReady took to complete: 0ms
05-05 23:59:18.113 I/SystemServerTiming( 1169): MakeMediaRouterServiceReady
05-05 23:59:18.113 D/SystemServerTiming( 1169): MakeMediaRouterServiceReady took to complete: 0ms
05-05 23:59:18.113 I/SystemServerTiming( 1169): MakeMmsServiceReady
05-05 23:59:18.113 I/MmsServiceBroker( 1169): Delay connecting to MmsService until an API is called
05-05 23:59:18.113 D/SystemServerTiming( 1169): MakeMmsServiceReady took to complete: 0ms
05-05 23:59:18.113 I/SystemServerTiming( 1169): IncidentDaemonReady
05-05 23:59:18.119 D/SystemServerTiming( 1169): IncidentDaemonReady took to complete: 6ms
05-05 23:59:18.119 I/SystemServerTiming( 1169): MakeIncrementalServiceReady
05-05 23:59:18.119 D/SystemServerTiming( 1169): MakeIncrementalServiceReady took to complete: 0ms
05-05 23:59:18.119 I/SystemServerTiming( 1169): getCurrentUser
05-05 23:59:18.119 I/ActivityManager( 1169): Current user:0
05-05 23:59:18.119 D/SystemServerTiming( 1169): getCurrentUser took to complete: 0ms
05-05 23:59:18.120 I/SystemServerTiming( 1169): ActivityManagerStartApps
05-05 23:59:18.120 I/SystemServerTiming( 1169): ssm.StartUser-0
05-05 23:59:18.120 I/SystemServiceManager( 1169): Calling onStartUser 0
05-05 23:59:18.120 I/SystemServerTiming( 1169): ssm.onStartUser-0_com.android.server.security.FileIntegrityService
05-05 23:59:18.120 D/SystemServerTiming( 1169): ssm.onStartUser-0_com.android.server.security.FileIntegrityService took to complete: 0ms
05-05 23:59:18.121 I/SystemServerTiming( 1169): ssm.onStartUser-0_com.android.server.pm.Installer
05-05 23:59:18.121 D/SystemServerTiming( 1169): ssm.onStartUser-0_com.android.server.pm.Installer took to complete: 0ms
05-05 23:59:18.121 I/SystemServerTiming( 1169): ssm.onStartUser-0_com.android.server.os.DeviceIdentifiersPolicyService
05-05 23:59:18.121 D/SystemServerTiming( 1169): ssm.onStartUser-0_com.android.server.os.DeviceIdentifiersPolicyService took to complete: 0ms
05-05 23:59:18.121 I/SystemServerTiming( 1169): ssm.onStartUser-0_com.android.server.uri.UriGrantsManagerService$Lifecycle
05-05 23:59:18.121 D/SystemServerTiming( 1169): ssm.onStartUser-0_com.android.server.uri.UriGrantsManagerService$Lifecycle took to complete: 0ms
05-05 23:59:18.121 I/SystemServerTiming( 1169): ssm.onStartUser-0_com.android.server.powerstats.PowerStatsService
05-05 23:59:18.121 D/SystemServerTiming( 1169): ssm.onStartUser-0_com.android.server.powerstats.PowerStatsService took to complete: 0ms
05-05 23:59:18.121 I/SystemServerTiming( 1169): ssm.onStartUser-0_com.android.server.wm.ActivityTaskManagerService$Lifecycle
05-05 23:59:18.121 D/SystemServerTiming( 1169): ssm.onStartUser-0_com.android.server.wm.ActivityTaskManagerService$Lifecycle took to complete: 0ms
05-05 23:59:18.121 I/SystemServerTiming( 1169): ssm.onStartUser-0_com.android.server.am.ActivityManagerService$Lifecycle
05-05 23:59:18.121 D/SystemServerTiming( 1169): ssm.onStartUser-0_com.android.server.am.ActivityManagerService$Lifecycle took to complete: 0ms
05-05 23:59:18.122 I/SystemServerTiming( 1169): ssm.onStartUser-0_com.android.server.pm.DataLoaderManagerService
05-05 23:59:18.122 D/SystemServerTiming( 1169): ssm.onStartUser-0_com.android.server.pm.DataLoaderManagerService took to complete: 0ms
05-05 23:59:18.122 I/SystemServerTiming( 1169): ssm.onStartUser-0_com.android.server.power.PowerManagerService
05-05 23:59:18.122 D/SystemServerTiming( 1169): ssm.onStartUser-0_com.android.server.power.PowerManagerService took to complete: 0ms
05-05 23:59:18.122 I/SystemServerTiming( 1169): ssm.onStartUser-0_com.android.server.power.ThermalManagerService
05-05 23:59:18.122 D/SystemServerTiming( 1169): ssm.onStartUser-0_com.android.server.power.ThermalManagerService took to complete: 0ms
05-05 23:59:18.122 I/SystemServerTiming( 1169): ssm.onStartUser-0_com.android.server.power.hint.HintManagerService
05-05 23:59:18.122 D/SystemServerTiming( 1169): ssm.onStartUser-0_com.android.server.power.hint.HintManagerService took to complete: 0ms
05-05 23:59:18.122 I/SystemServerTiming( 1169): ssm.onStartUser-0_com.android.server.recoverysystem.RecoverySystemService$Lifecycle
05-05 23:59:18.123 D/SystemServerTiming( 1169): ssm.onStartUser-0_com.android.server.recoverysystem.RecoverySystemService$Lifecycle took to complete: 0ms
05-05 23:59:18.123 I/SystemServerTiming( 1169): ssm.onStartUser-0_com.android.server.lights.LightsService
05-05 23:59:18.123 D/SystemServerTiming( 1169): ssm.onStartUser-0_com.android.server.lights.LightsService took to complete: 0ms
05-05 23:59:18.123 I/SystemServerTiming( 1169): ssm.onStartUser-0_com.android.server.display.DisplayManagerService
05-05 23:59:18.123 D/SystemServerTiming( 1169): ssm.onStartUser-0_com.android.server.display.DisplayManagerService took to complete: 0ms
05-05 23:59:18.123 I/SystemServerTiming( 1169): ssm.onStartUser-0_com.android.server.pm.verify.domain.DomainVerificationService
05-05 23:59:18.123 D/SystemServerTiming( 1169): ssm.onStartUser-0_com.android.server.pm.verify.domain.DomainVerificationService took to complete: 0ms
05-05 23:59:18.123 I/SystemServerTiming( 1169): ssm.onStartUser-0_com.android.server.pm.PackageInstallerService$Lifecycle
05-05 23:59:18.123 D/SystemServerTiming( 1169): ssm.onStartUser-0_com.android.server.pm.PackageInstallerService$Lifecycle took to complete: 0ms
05-05 23:59:18.123 I/SystemServerTiming( 1169): ssm.onStartUser-0_com.android.server.pm.UserManagerService$LifeCycle
05-05 23:59:18.123 D/SystemServerTiming( 1169): ssm.onStartUser-0_com.android.server.pm.UserManagerService$LifeCycle took to complete: 0ms
05-05 23:59:18.123 I/SystemServerTiming( 1169): ssm.onStartUser-0_com.android.server.om.OverlayManagerService
05-05 23:59:18.124 D/SystemServerTiming( 1169): ssm.onStartUser-0_com.android.server.om.OverlayManagerService took to complete: 0ms
05-05 23:59:18.124 I/SystemServerTiming( 1169): ssm.onStartUser-0_com.android.server.SensorPrivacyService
05-05 23:59:18.124 D/SystemServerTiming( 1169): ssm.onStartUser-0_com.android.server.SensorPrivacyService took to complete: 0ms
05-05 23:59:18.124 I/SystemServerTiming( 1169): ssm.onStartUser-0_com.android.server.thunderperf.ThunderBoostPerfService
05-05 23:59:18.124 D/SystemServerTiming( 1169): ssm.onStartUser-0_com.android.server.thunderperf.ThunderBoostPerfService took to complete: 0ms
05-05 23:59:18.125 I/SystemServerTiming( 1169): ssm.onStartUser-0_com.android.server.sensors.SensorService
05-05 23:59:18.125 D/SystemServerTiming( 1169): ssm.onStartUser-0_com.android.server.sensors.SensorService took to complete: 0ms
05-05 23:59:18.125 I/SystemServerTiming( 1169): ssm.onStartUser-0_com.android.server.SystemConfigService
05-05 23:59:18.125 D/SystemServerTiming( 1169): ssm.onStartUser-0_com.android.server.SystemConfigService took to complete: 0ms
05-05 23:59:18.125 I/SystemServerTiming( 1169): ssm.onStartUser-0_com.android.server.BatteryService
05-05 23:59:18.125 D/SystemServerTiming( 1169): ssm.onStartUser-0_com.android.server.BatteryService took to complete: 0ms
05-05 23:59:18.125 I/SystemServerTiming( 1169): ssm.onStartUser-0_com.android.server.usage.UsageStatsService
05-05 23:59:18.125 D/SystemServerTiming( 1169): ssm.onStartUser-0_com.android.server.usage.UsageStatsService took to complete: 0ms
05-05 23:59:18.125 I/SystemServerTiming( 1169): ssm.onStartUser-0_com.android.server.webkit.WebViewUpdateService
05-05 23:59:18.125 D/SystemServerTiming( 1169): ssm.onStartUser-0_com.android.server.webkit.WebViewUpdateService took to complete: 0ms
05-05 23:59:18.125 I/SystemServerTiming( 1169): ssm.onStartUser-0_com.android.server.CachedDeviceStateService
05-05 23:59:18.125 D/SystemServerTiming( 1169): ssm.onStartUser-0_com.android.server.CachedDeviceStateService took to complete: 0ms
05-05 23:59:18.125 I/SystemServerTiming( 1169): ssm.onStartUser-0_com.android.server.BinderCallsStatsService$LifeCycle
05-05 23:59:18.125 D/SystemServerTiming( 1169): ssm.onStartUser-0_com.android.server.BinderCallsStatsService$LifeCycle took to complete: 0ms
05-05 23:59:18.125 I/SystemServerTiming( 1169): ssm.onStartUser-0_com.android.server.LooperStatsService$Lifecycle
05-05 23:59:18.125 D/SystemServerTiming( 1169): ssm.onStartUser-0_com.android.server.LooperStatsService$Lifecycle took to complete: 0ms
05-05 23:59:18.125 I/SystemServerTiming( 1169): ssm.onStartUser-0_com.android.server.rollback.RollbackManagerService
05-05 23:59:18.125 D/SystemServerTiming( 1169): ssm.onStartUser-0_com.android.server.rollback.RollbackManagerService took to complete: 0ms
05-05 23:59:18.125 I/SystemServerTiming( 1169): ssm.onStartUser-0_com.android.server.os.NativeTombstoneManagerService
05-05 23:59:18.125 D/SystemServerTiming( 1169): ssm.onStartUser-0_com.android.server.os.NativeTombstoneManagerService took to complete: 0ms
05-05 23:59:18.126 I/SystemServerTiming( 1169): ssm.onStartUser-0_com.android.server.os.BugreportManagerService
05-05 23:59:18.126 D/SystemServerTiming( 1169): ssm.onStartUser-0_com.android.server.os.BugreportManagerService took to complete: 0ms
05-05 23:59:18.126 I/SystemServerTiming( 1169): ssm.onStartUser-0_com.android.server.gpu.GpuService
05-05 23:59:18.126 D/SystemServerTiming( 1169): ssm.onStartUser-0_com.android.server.gpu.GpuService took to complete: 0ms
05-05 23:59:18.126 I/SystemServerTiming( 1169): ssm.onStartUser-0_com.android.server.security.KeyChainSystemService
05-05 23:59:18.126 D/SystemServerTiming( 1169): ssm.onStartUser-0_com.android.server.security.KeyChainSystemService took to complete: 0ms
05-05 23:59:18.126 I/SystemServerTiming( 1169): ssm.onStartUser-0_com.android.server.telecom.TelecomLoaderService
05-05 23:59:18.126 D/SystemServerTiming( 1169): ssm.onStartUser-0_com.android.server.telecom.TelecomLoaderService took to complete: 0ms
05-05 23:59:18.126 I/SystemServerTiming( 1169): ssm.onStartUser-0_com.android.server.accounts.AccountManagerService$Lifecycle
05-05 23:59:18.126 D/SystemServerTiming( 1169): ssm.onStartUser-0_com.android.server.accounts.AccountManagerService$Lifecycle took to complete: 0ms
05-05 23:59:18.126 I/SystemServerTiming( 1169): ssm.onStartUser-0_com.android.server.content.ContentService$Lifecycle
05-05 23:59:18.126 D/SystemServerTiming( 1169): ssm.onStartUser-0_com.android.server.content.ContentService$Lifecycle took to complete: 0ms
05-05 23:59:18.126 I/SystemServerTiming( 1169): ssm.onStartUser-0_com.android.server.DropBoxManagerService
05-05 23:59:18.126 D/SystemServerTiming( 1169): ssm.onStartUser-0_com.android.server.DropBoxManagerService took to complete: 0ms
05-05 23:59:18.126 I/SystemServerTiming( 1169): ssm.onStartUser-0_com.android.role.RoleService
01-01 08:00:51.661 I/cnss_pci 0000( 0): 01:00.0: enabling device (0000 -> 0002)
05-05 23:59:18.132 W/ActivityManager( 1169): Slow operation: 421ms so far, now at startProcess: returned from zygote!
05-05 23:59:18.132 W/ActivityManager( 1169): Slow operation: 421ms so far, now at startProcess: done updating battery stats
05-05 23:59:18.132 W/ActivityManager( 1169): Slow operation: 421ms so far, now at startProcess: building log message
05-05 23:59:18.132 I/ActivityManager( 1169): Start proc 1981:WebViewLoader-arm64-v8a/1037 [android.webkit.WebViewLibraryLoader$RelroFileCreator] for null
05-05 23:59:18.132 W/ActivityManager( 1169): Slow operation: 421ms so far, now at startProcess: starting to update pids map
05-05 23:59:18.133 W/ActivityManager( 1169): Slow operation: 422ms so far, now at startProcess: done updating pids map
05-05 23:59:18.133 W/ActivityManager( 1169): Slow operation: 51ms so far, now at startProcess: asking zygote to start proc
05-05 23:59:18.134 D/SystemServerTiming( 1169): ssm.onStartUser-0_com.android.role.RoleService took to complete: 8ms
05-05 23:59:18.134 I/SystemServerTiming( 1169): ssm.onStartUser-0_com.android.server.vibrator.VibratorManagerService$Lifecycle
05-05 23:59:18.135 D/SystemServerTiming( 1169): ssm.onStartUser-0_com.android.server.vibrator.VibratorManagerService$Lifecycle took to complete: 0ms
05-05 23:59:18.135 I/SystemServerTiming( 1169): ssm.onStartUser-0_com.android.server.alarm.AlarmManagerService
05-05 23:59:18.135 D/SystemServerTiming( 1169): ssm.onStartUser-0_com.android.server.alarm.AlarmManagerService took to complete: 0ms
05-05 23:59:18.135 I/SystemServerTiming( 1169): ssm.onStartUser-0_com.android.server.devicestate.DeviceStateManagerService
05-05 23:59:18.135 D/SystemServerTiming( 1169): ssm.onStartUser-0_com.android.server.devicestate.DeviceStateManagerService took to complete: 0ms
05-05 23:59:18.135 I/SystemServerTiming( 1169): ssm.onStartUser-0_com.android.server.camera.CameraServiceProxy
05-05 23:59:18.148 D/SystemServerTiming( 1169): ssm.onStartUser-0_com.android.server.camera.CameraServiceProxy took to complete: 12ms
05-05 23:59:18.148 I/SystemServerTiming( 1169): ssm.onStartUser-0_com.android.server.BluetoothService
05-05 23:59:18.148 D/SystemServerTiming( 1169): ssm.onStartUser-0_com.android.server.BluetoothService took to complete: 0ms
05-05 23:59:18.148 I/SystemServerTiming( 1169): ssm.onStartUser-0_com.android.server.connectivity.IpConnectivityMetrics
05-05 23:59:18.148 D/SystemServerTiming( 1169): ssm.onStartUser-0_com.android.server.connectivity.IpConnectivityMetrics took to complete: 0ms
05-05 23:59:18.148 I/SystemServerTiming( 1169): ssm.onStartUser-0_com.android.server.net.watchlist.NetworkWatchlistService$Lifecycle
05-05 23:59:18.148 D/SystemServerTiming( 1169): ssm.onStartUser-0_com.android.server.net.watchlist.NetworkWatchlistService$Lifecycle took to complete: 0ms
05-05 23:59:18.148 I/SystemServerTiming( 1169): ssm.onStartUser-0_com.android.server.PinnerService
05-05 23:59:18.148 D/SystemServerTiming( 1169): ssm.onStartUser-0_com.android.server.PinnerService took to complete: 0ms
05-05 23:59:18.148 I/SystemServerTiming( 1169): ssm.onStartUser-0_com.google.android.startop.iorap.IorapForwardingService
05-05 23:59:18.148 D/SystemServerTiming( 1169): ssm.onStartUser-0_com.google.android.startop.iorap.IorapForwardingService took to complete: 0ms
05-05 23:59:18.148 I/SystemServerTiming( 1169): ssm.onStartUser-0_com.android.server.ActivityTriggerService
05-05 23:59:18.148 D/SystemServerTiming( 1169): ssm.onStartUser-0_com.android.server.ActivityTriggerService took to complete: 0ms
05-05 23:59:18.148 I/SystemServerTiming( 1169): ssm.onStartUser-0_com.android.server.integrity.AppIntegrityManagerService
05-05 23:59:18.148 D/SystemServerTiming( 1169): ssm.onStartUser-0_com.android.server.integrity.AppIntegrityManagerService took to complete: 0ms
05-05 23:59:18.148 I/SystemServerTiming( 1169): ssm.onStartUser-0_com.android.server.inputmethod.InputMethodManagerService$Lifecycle
05-05 23:59:18.148 D/SystemServerTiming( 1169): ssm.onStartUser-0_com.android.server.inputmethod.InputMethodManagerService$Lifecycle took to complete: 0ms
05-05 23:59:18.148 I/SystemServerTiming( 1169): ssm.onStartUser-0_com.android.server.accessibility.AccessibilityManagerService$Lifecycle
05-05 23:59:18.148 D/SystemServerTiming( 1169): ssm.onStartUser-0_com.android.server.accessibility.AccessibilityManagerService$Lifecycle took to complete: 0ms
05-05 23:59:18.148 I/SystemServerTiming( 1169): ssm.onStartUser-0_com.android.server.StorageManagerService$Lifecycle
05-05 23:59:18.151 V/StorageManagerService( 1169): Package com.sohu.inputmethod.sogou.car has legacy storage
05-05 23:59:18.152 V/StorageManagerService( 1169): Package android.frameworkres.overlay does not have legacy storage
05-05 23:59:18.152 V/StorageManagerService( 1169): Package com.android.cts.priv.ctsshim does not have legacy storage
05-05 23:59:18.152 V/StorageManagerService( 1169): Package com.thundercomm.gamemode.provider does not have legacy storage
05-05 23:59:18.152 V/StorageManagerService( 1169): Package com.thundercomm.gamemode does not have legacy storage
05-05 23:59:18.152 V/StorageManagerService( 1169): Package com.thundercomm.microservice does not have legacy storage
05-05 23:59:18.152 V/StorageManagerService( 1169): Package com.android.dynsystem does not have legacy storage
05-05 23:59:18.152 V/StorageManagerService( 1169): Package com.hht.lebocast does not have legacy storage
05-05 23:59:18.152 V/StorageManagerService( 1169): Package com.thundercomm.gamecenter does not have legacy storage
05-05 23:59:18.152 V/StorageManagerService( 1169): Package com.android.providers.calendar does not have legacy storage
05-05 23:59:18.152 V/StorageManagerService( 1169): Package com.android.providers.media does not have legacy storage
05-05 23:59:18.152 V/StorageManagerService( 1169): Package com.android.internal.systemui.navbar.gestural_wide_back does not have legacy storage
05-05 23:59:18.152 V/StorageManagerService( 1169): Package com.android.wallpapercropper does not have legacy storage
05-05 23:59:18.152 V/StorageManagerService( 1169): Package com.thundercomm.microsettings does not have legacy storage
05-05 23:59:18.153 V/StorageManagerService( 1169): Package com.qualcomm.qti.gpudrivers.kona.api30 does not have legacy storage
05-05 23:59:18.153 V/StorageManagerService( 1169): Package com.android.documentsui does not have legacy storage
05-05 23:59:18.153 V/StorageManagerService( 1169): Package com.android.externalstorage does not have legacy storage
05-05 23:59:18.153 V/StorageManagerService( 1169): Package com.qualcomm.uimremoteclient does not have legacy storage
05-05 23:59:18.153 V/StorageManagerService( 1169): Package com.android.htmlviewer does not have legacy storage
05-05 23:59:18.153 V/StorageManagerService( 1169): Package com.qualcomm.qti.uceShimService does not have legacy storage
05-05 23:59:18.153 V/StorageManagerService( 1169): Package com.android.companiondevicemanager does not have legacy storage
05-05 23:59:18.153 V/StorageManagerService( 1169): Package com.qualcomm.qti.qms.service.connectionsecurity does not have legacy storage
05-05 23:59:18.153 V/StorageManagerService( 1169): Package com.android.providers.downloads does not have legacy storage
05-05 23:59:18.153 V/StorageManagerService( 1169): Package com.android.internal.systemui.onehanded.gestural does not have legacy storage
05-05 23:59:18.153 V/StorageManagerService( 1169): Package vendor.qti.hardware.cacert.server does not have legacy storage
05-05 23:59:18.153 V/StorageManagerService( 1169): Package com.thundercomm.tchttpserver does not have legacy storage
05-05 23:59:18.154 V/StorageManagerService( 1169): Package vendor.qti.iwlan does not have legacy storage
05-05 23:59:18.154 V/StorageManagerService( 1169): Package com.qualcomm.qti.optinoverlay does not have legacy storage
05-05 23:59:18.154 V/StorageManagerService( 1169): Package com.qualcomm.uimremoteserver does not have legacy storage
05-05 23:59:18.154 V/StorageManagerService( 1169): Package com.tc.logclient does not have legacy storage
05-05 23:59:18.154 V/StorageManagerService( 1169): Package android.qvaoverlay.common does not have legacy storage
05-05 23:59:18.154 V/StorageManagerService( 1169): Package com.android.providers.downloads.ui does not have legacy storage
05-05 23:59:18.154 V/StorageManagerService( 1169): Package com.android.pacprocessor does not have legacy storage
05-05 23:59:18.154 V/StorageManagerService( 1169): Package com.android.networkstack does not have legacy storage
05-05 23:59:18.154 V/StorageManagerService( 1169): Package android.overlay.common does not have legacy storage
05-05 23:59:18.154 V/StorageManagerService( 1169): Package com.android.connectivity.resources does not have legacy storage
05-05 23:59:18.154 V/StorageManagerService( 1169): Package com.android.modulemetadata does not have legacy storage
05-05 23:59:18.154 V/StorageManagerService( 1169): Package com.android.certinstaller does not have legacy storage
05-05 23:59:18.154 V/StorageManagerService( 1169): Package android does not have legacy storage
05-05 23:59:18.155 V/StorageManagerService( 1169): Package com.qualcomm.wfd.service does not have legacy storage
05-05 23:59:18.155 V/StorageManagerService( 1169): Package com.thundercomm.tcsetupwizard does not have legacy storage
05-05 23:59:18.155 V/StorageManagerService( 1169): Package ts.car.uart does not have legacy storage
05-05 23:59:18.155 V/StorageManagerService( 1169): Package com.android.egg does not have legacy storage
05-05 23:59:18.155 V/StorageManagerService( 1169): Package com.android.mtp does not have legacy storage
05-05 23:59:18.155 V/StorageManagerService( 1169): Package com.android.nfc does not have legacy storage
05-05 23:59:18.155 V/StorageManagerService( 1169): Package com.android.launcher3 does not have legacy storage
05-05 23:59:18.155 V/StorageManagerService( 1169): Package com.android.backupconfirm does not have legacy storage
05-05 23:59:18.155 V/StorageManagerService( 1169): Package vendor.qti.qesdk.sysservice does not have legacy storage
05-05 23:59:18.155 V/StorageManagerService( 1169): Package com.hryt.hiphishowfsecontrol does not have legacy storage
05-05 23:59:18.155 V/StorageManagerService( 1169): Package com.android.provision does not have legacy storage
05-05 23:59:18.155 V/StorageManagerService( 1169): Package com.thundercomm.debugtools does not have legacy storage
05-05 23:59:18.155 V/StorageManagerService( 1169): Package android.overlay.target does not have legacy storage
05-05 23:59:18.156 V/StorageManagerService( 1169): Package com.microsoft.emmx does not have legacy storage
05-05 23:59:18.156 V/StorageManagerService( 1169): Package com.qti.pasrservice does not have legacy storage
05-05 23:59:18.156 V/StorageManagerService( 1169): Package com.android.settings.intelligence does not have legacy storage
05-05 23:59:18.156 V/StorageManagerService( 1169): Package com.android.internal.systemui.navbar.gestural_extra_wide_back does not have legacy storage
05-05 23:59:18.156 V/StorageManagerService( 1169): Package com.qualcomm.qti.dynamicddsservice does not have legacy storage
05-05 23:59:18.156 V/StorageManagerService( 1169): Package com.qualcomm.qti.xrvd.service does not have legacy storage
05-05 23:59:18.156 V/StorageManagerService( 1169): Package com.android.providers.settings does not have legacy storage
05-05 23:59:18.156 V/StorageManagerService( 1169): Package com.android.sharedstoragebackup does not have legacy storage
05-05 23:59:18.156 V/StorageManagerService( 1169): Package com.android.printspooler does not have legacy storage
05-05 23:59:18.156 V/StorageManagerService( 1169): Package com.qti.qualcomm.mstatssystemservice does not have legacy storage
05-05 23:59:18.156 V/StorageManagerService( 1169): Package com.qualcomm.qti.services.systemhelper does not have legacy storage
05-05 23:59:18.156 V/StorageManagerService( 1169): Package com.android.wifi.resources.overlay.common does not have legacy storage
05-05 23:59:18.157 V/StorageManagerService( 1169): Package com.android.dreams.basic does not have legacy storage
05-05 23:59:18.157 V/StorageManagerService( 1169): Package com.android.webview does not have legacy storage
05-05 23:59:18.157 V/StorageManagerService( 1169): Package com.android.se does not have legacy storage
05-05 23:59:18.157 V/StorageManagerService( 1169): Package com.android.inputdevices does not have legacy storage
05-05 23:59:18.157 V/StorageManagerService( 1169): Package com.android.bips does not have legacy storage
05-05 23:59:18.157 V/StorageManagerService( 1169): Package com.qti.dpmserviceapp does not have legacy storage
05-05 23:59:18.157 V/StorageManagerService( 1169): Package com.thundercomm.remotecontrolservice does not have legacy storage
05-05 23:59:18.157 V/StorageManagerService( 1169): Package com.android.musicfx does not have legacy storage
05-05 23:59:18.157 V/StorageManagerService( 1169): Package com.android.settings.overlay.common does not have legacy storage
05-05 23:59:18.157 V/StorageManagerService( 1169): Package com.hryt.hiphimanual does not have legacy storage
05-05 23:59:18.157 V/StorageManagerService( 1169): Package com.qualcomm.qti.qccnetstat does not have legacy storage
05-05 23:59:18.158 V/StorageManagerService( 1169): Package com.example.android.locationattribution does not have legacy storage
05-05 23:59:18.158 V/StorageManagerService( 1169): Package android.ext.shared does not have legacy storage
05-05 23:59:18.167 V/StorageManagerService( 1169): Package com.android.onetimeinitializer does not have legacy storage
05-05 23:59:18.167 V/StorageManagerService( 1169): Package com.android.server.telecom does not have legacy storage
05-05 23:59:18.167 V/StorageManagerService( 1169): Package com.android.keychain does not have legacy storage
05-05 23:59:18.167 V/StorageManagerService( 1169): Package com.qti.snapdragon.qdcm_ff does not have legacy storage
05-05 23:59:18.167 V/StorageManagerService( 1169): Package com.android.wifi.resources.overlay.target does not have legacy storage
05-05 23:59:18.168 V/StorageManagerService( 1169): Package com.android.printservice.recommendation does not have legacy storage
05-05 23:59:18.168 V/StorageManagerService( 1169): Package com.android.gallery3d has legacy storage
05-05 23:59:18.168 V/StorageManagerService( 1169): Package android.ext.services does not have legacy storage
05-05 23:59:18.168 V/StorageManagerService( 1169): Package com.android.wifi.resources does not have legacy storage
05-05 23:59:18.168 V/StorageManagerService( 1169): Package com.baidu.input does not have legacy storage
05-05 23:59:18.168 V/StorageManagerService( 1169): Package com.android.systemui.overlay.common does not have legacy storage
05-05 23:59:18.168 V/StorageManagerService( 1169): Package com.android.cameraextensions does not have legacy storage
05-05 23:59:18.168 V/StorageManagerService( 1169): Package com.thundercomm.tcservice does not have legacy storage
05-05 23:59:18.168 V/StorageManagerService( 1169): Package com.android.localtransport does not have legacy storage
05-05 23:59:18.168 V/StorageManagerService( 1169): Package com.android.packageinstaller does not have legacy storage
05-05 23:59:18.168 V/StorageManagerService( 1169): Package com.qualcomm.qti.devicestatisticsservice does not have legacy storage
05-05 23:59:18.168 V/StorageManagerService( 1169): Package com.android.theme.font.notoserifsource does not have legacy storage
05-05 23:59:18.169 V/StorageManagerService( 1169): Package com.android.proxyhandler does not have legacy storage
05-05 23:59:18.169 V/StorageManagerService( 1169): Package com.android.internal.display.cutout.emulation.waterfall does not have legacy storage
05-05 23:59:18.169 V/StorageManagerService( 1169): Package com.qualcomm.qti.workloadclassifier does not have legacy storage
05-05 23:59:18.169 V/StorageManagerService( 1169): Package com.android.inputmethod.latin does not have legacy storage
05-05 23:59:18.169 V/StorageManagerService( 1169): Package com.android.providers.settings.overlay does not have legacy storage
05-05 23:59:18.169 V/StorageManagerService( 1169): Package com.android.managedprovisioning does not have legacy storage
05-05 23:59:18.170 D/CompatibilityChangeReporter( 1169): Compat change id reported: 151105954; UID 1000; state: ENABLED
05-05 23:59:18.170 D/CompatibilityChangeReporter( 1169): Compat change id reported: 151105954; UID 1000; state: DISABLED
05-05 23:59:18.171 E/AppOps ( 1169): package com.hryt.whud not found, can't check for attributionTag null
05-05 23:59:18.171 E/AppOps ( 1169): checkOperation
05-05 23:59:18.171 E/AppOps ( 1169): java.lang.SecurityException: Specified package com.hryt.whud under uid 10101 but it is not
05-05 23:59:18.171 E/AppOps ( 1169): at com.android.server.appop.AppOpsService.verifyAndGetBypass(AppOpsService.java:4622)
05-05 23:59:18.171 E/AppOps ( 1169): at com.android.server.appop.AppOpsService.verifyAndGetBypass(AppOpsService.java:4514)
05-05 23:59:18.171 E/AppOps ( 1169): at com.android.server.appop.AppOpsService.checkOperationUnchecked(AppOpsService.java:3234)
05-05 23:59:18.171 E/AppOps ( 1169): at com.android.server.appop.AppOpsService.checkOperationImpl(AppOpsService.java:3217)
05-05 23:59:18.171 E/AppOps ( 1169): at com.android.server.appop.AppOpsService.access$3700(AppOpsService.java:215)
05-05 23:59:18.171 E/AppOps ( 1169): at com.android.server.appop.AppOpsService$CheckOpsDelegateDispatcher.lambda$checkOperation$0(AppOpsService.java:7501)
05-05 23:59:18.171 E/AppOps ( 1169): at com.android.server.appop.AppOpsService$CheckOpsDelegateDispatcher$$ExternalSyntheticLambda17.apply(Unknown Source:25)
05-05 23:59:18.171 E/AppOps ( 1169): at com.android.server.policy.AppOpsPolicy.checkOperation(AppOpsPolicy.java:207)
05-05 23:59:18.171 E/AppOps ( 1169): at com.android.server.appop.AppOpsService$CheckOpsDelegateDispatcher.checkOperation(AppOpsService.java:7500)
05-05 23:59:18.171 E/AppOps ( 1169): at com.android.server.appop.AppOpsService.checkOperation(AppOpsService.java:3204)
05-05 23:59:18.171 E/AppOps ( 1169): at com.android.server.StorageManagerService.snapshotAndMonitorLegacyStorageAppOp(StorageManagerService.java:2066)
05-05 23:59:18.171 E/AppOps ( 1169): at com.android.server.StorageManagerService.access$1000(StorageManagerService.java:204)
05-05 23:59:18.171 E/AppOps ( 1169): at com.android.server.StorageManagerService$Lifecycle.onUserStarting(StorageManagerService.java:286)
05-05 23:59:18.171 E/AppOps ( 1169): at com.android.server.SystemServiceManager.onUser(SystemServiceManager.java:406)
05-05 23:59:18.171 E/AppOps ( 1169): at com.android.server.SystemServiceManager.onUserStarting(SystemServiceManager.java:296)
05-05 23:59:18.171 E/AppOps ( 1169): at com.android.server.am.ActivityManagerService.systemReady(ActivityManagerService.java:7745)
05-05 23:59:18.171 E/AppOps ( 1169): at com.android.server.SystemServer.startOtherServices(SystemServer.java:2733)
05-05 23:59:18.171 E/AppOps ( 1169): at com.android.server.SystemServer.run(SystemServer.java:885)
05-05 23:59:18.171 E/AppOps ( 1169): at com.android.server.SystemServer.main(SystemServer.java:616)
05-05 23:59:18.171 E/AppOps ( 1169): at java.lang.reflect.Method.invoke(Native Method)
05-05 23:59:18.171 E/AppOps ( 1169): at com.android.internal.os.RuntimeInit$MethodAndArgsCaller.run(RuntimeInit.java:548)
05-05 23:59:18.171 E/AppOps ( 1169): at com.android.internal.os.ZygoteInit.main(ZygoteInit.java:987)
05-05 23:59:18.172 V/StorageManagerService( 1169): Package com.hryt.whud does not have legacy storage
05-05 23:59:18.172 V/StorageManagerService( 1169): Package com.android.networkstack.tethering does not have legacy storage
05-05 23:59:18.172 V/StorageManagerService( 1169): Package com.android.soundpicker does not have legacy storage
05-05 23:59:18.172 V/StorageManagerService( 1169): Package com.android.dreams.phototable does not have legacy storage
05-05 23:59:18.172 V/StorageManagerService( 1169): Package com.thundercomm.screensaver does not have legacy storage
05-05 23:59:18.172 V/StorageManagerService( 1169): Package com.android.wallpaper.livepicker does not have legacy storage
05-05 23:59:18.172 V/StorageManagerService( 1169): Package com.android.apps.tag does not have legacy storage
