11-11 16:08:47.092 E/AudioSystem-JNI( 1169): Command failed for android_media_AudioSystem_setStreamVolumeIndex: -22
11-11 16:08:47.092 D/APM_AudioPolicyManager( 1028): setVolumeCurveIndex: wrong index 0 min=1 max=15
11-11 16:08:47.092 E/APM_AudioPolicyManager( 1028): setVolumeIndexForAttributes failed to set curve index for group 1 device 0x4
11-11 16:08:47.092 E/AudioSystem-JNI( 1169): Command failed for android_media_AudioSystem_setStreamVolumeIndex: -22
11-11 16:08:47.092 D/APM_AudioPolicyManager( 1028): setVolumeCurveIndex: wrong index 0 min=1 max=15
11-11 16:08:47.092 E/APM_AudioPolicyManager( 1028): setVolumeIndexForAttributes failed to set curve index for group 1 device 0x8
11-11 16:08:47.093 E/AudioSystem-JNI( 1169): Command failed for android_media_AudioSystem_setStreamVolumeIndex: -22
11-11 16:08:47.093 D/APM_AudioPolicyManager( 1028): setVolumeCurveIndex: wrong index 0 min=1 max=15
11-11 16:08:47.093 E/APM_AudioPolicyManager( 1028): setVolumeIndexForAttributes failed to set curve index for group 1 device 0x4000000
11-11 16:08:47.093 E/AudioSystem-JNI( 1169): Command failed for android_media_AudioSystem_setStreamVolumeIndex: -22
11-11 16:08:47.093 D/APM_AudioPolicyManager( 1028): setVolumeCurveIndex: wrong index 0 min=1 max=15
11-11 16:08:47.093 E/APM_AudioPolicyManager( 1028): setVolumeIndexForAttributes failed to set curve index for group 1 device 0x40000000
11-11 16:08:47.093 E/AudioSystem-JNI( 1169): Command failed for android_media_AudioSystem_setStreamVolumeIndex: -22
11-11 16:08:47.123 D/APM_AudioPolicyManager( 1028): setVolumeCurveIndex: wrong index 0 min=1 max=7
11-11 16:08:47.123 E/APM_AudioPolicyManager( 1028): setVolumeIndexForAttributes failed to set curve index for group 2 device 0x2
11-11 16:08:47.124 E/AudioSystem-JNI( 1169): Command failed for android_media_AudioSystem_setStreamVolumeIndex: -22
11-11 16:08:47.124 D/APM_AudioPolicyManager( 1028): setVolumeCurveIndex: wrong index 0 min=1 max=7
11-11 16:08:47.124 E/APM_AudioPolicyManager( 1028): setVolumeIndexForAttributes failed to set curve index for group 2 device 0x4
11-11 16:08:47.124 E/AudioSystem-JNI( 1169): Command failed for android_media_AudioSystem_setStreamVolumeIndex: -22
11-11 16:08:47.125 D/APM_AudioPolicyManager( 1028): setVolumeCurveIndex: wrong index 0 min=1 max=7
11-11 16:08:47.125 E/APM_AudioPolicyManager( 1028): setVolumeIndexForAttributes failed to set curve index for group 2 device 0x8
11-11 16:08:47.125 E/AudioSystem-JNI( 1169): Command failed for android_media_AudioSystem_setStreamVolumeIndex: -22
11-11 16:08:47.125 D/APM_AudioPolicyManager( 1028): setVolumeCurveIndex: wrong index 0 min=1 max=7
11-11 16:08:47.125 E/APM_AudioPolicyManager( 1028): setVolumeIndexForAttributes failed to set curve index for group 2 device 0x4000000
11-11 16:08:47.126 E/AudioSystem-JNI( 1169): Command failed for android_media_AudioSystem_setStreamVolumeIndex: -22
11-11 16:08:47.126 D/APM_AudioPolicyManager( 1028): setVolumeCurveIndex: wrong index 0 min=1 max=7
11-11 16:08:47.126 E/APM_AudioPolicyManager( 1028): setVolumeIndexForAttributes failed to set curve index for group 2 device 0x40000000
11-11 16:08:47.126 E/AudioSystem-JNI( 1169): Command failed for android_media_AudioSystem_setStreamVolumeIndex: -22
11-11 16:08:47.158 D/RemoteControlService( 2422): setVolume called, target type: music, target volume 0
11-11 16:08:47.160 D/RemoteControlService( 2422): Digest: 78C7BDB871E5C00BE407B8A303DC0FDC27ACE492FF4E11CDCD115AAB1792FC4B
11-11 16:08:47.160 D/RemoteControlService( 2422): Send data length: 133
11-11 16:08:47.161 D/RemoteControlService( 2422): Send message finished. direction: 16, messageType: 19, json: {"name":"music","source":0,"token":"BYdGz1fZZDdu2YZ","type":"volume_change","value":0}
11-11 16:08:47.163 D/RemoteControlService( 2422): RemoteVolumeCommand ResponseSpeedTest - use time: 3797
11-11 16:08:47.163 D/RemoteControlService( 2422): handleMessage called
11-11 16:08:47.163 D/RemoteControlService( 2422): Client-192.168.4.4 handleHeartBeat:282
11-11 16:08:47.163 D/RemoteControlService( 2422): Is not connect command
11-11 16:08:47.164 D/RemoteControlService( 2422): haveControl ? clientcom.thundercomm.remotecontrolservice.RemoteControllerClient@9c510e2
11-11 16:08:47.164 D/RemoteControlService( 2422): Client have control
11-11 16:08:47.166 D/AS.AudioService( 1169): idcm_volume:setIDCMicroVolume(stream=3, index=11, calling=com.thundercomm.remotecontrolservice)
11-11 16:08:47.166 D/AudioIDCMicroNegotiator( 1169): idcm_volume:setIDCMicroVolume
11-11 16:08:47.166 D/AudioIDCMicroNegotiator( 1169): idcm_common:requestResult method = setVolume parameters = {"functionInfo":{"IDCM_VolumeValue_Media":"11"}}
11-11 16:08:47.166 I/MicroServiceManager( 1169): requestResult(setVolume) parameters is{"functionInfo":{"IDCM_VolumeValue_Media":"11"}}.
11-11 16:08:47.176 D/MicroService( 2075): Send message to IDCM:SocketMessageBean{businessData='21930', srcService='FSEM_AudioService', destService='IDCM_CarAudioService', messageType='0', uuid='1668154127167760870', payloadData={"srcService":"FSEM_AudioService","dstService":"IDCM_CarAudioService","messageType":0,"uuid":1668154127167760870,"methodName":"setVolume","parameters":{"functionInfo":{"IDCM_VolumeValue_Media":"11"}}}}
11-11 16:08:47.179 D/KeyguardUpdateMonitor( 1933): handleTimeUpdate
11-11 16:08:47.222 I/MicroService( 2075): Receive message: SocketMessageBean{businessData='21930', srcService='IDCM_CarAudioService', destService='FSEM_AudioService', messageType='1', uuid='1668154127167760870', payloadData={"srcService":"IDCM_CarAudioService","dstService":"FSEM_AudioService","methodName":"setVolume","messageType":1,"uuid":1668154127167760870,"parameters":{"functionInfo":{"IDCM_VolumeValue_Media":"11"}}}}
11-11 16:08:47.222 I/vol.Events( 1933): writeEvent show_dialog volume_changed keyguard=false
11-11 16:08:47.222 I/MicroService( 2075): onResponse(setVolume): {"functionInfo":{"IDCM_VolumeValue_Media":"11"}}
11-11 16:08:47.223 D/AudioIDCMicroNegotiator( 1169): idcm_common:response from IDCM method = setVolume parameters = {"functionInfo":{"IDCM_VolumeValue_Media":"11"}}
11-11 16:08:47.223 D/AudioIDCMicroNegotiator( 1169): idcm_volume:onSetIDCMicroVolume mIsTimeout= false value = 11 isRequested=true
11-11 16:08:47.223 D/AudioIDCMicroNegotiator( 1169): idcm_volume:setIDCMicroVolume return 11
11-11 16:08:47.223 D/AS.AudioService( 1169): idcm_volume:setIDCMicroVolume: 11
11-11 16:08:47.226 D/MicroService( 2075): handleHeartBeat:482
11-11 16:08:47.231 D/BluetoothDatabase( 1910): getBondedDevicesOrdered: Invalid address for device LocalStorage
11-11 16:08:47.254 I/vol.Events( 1933): writeEvent level_changed STREAM_ALARM 3
11-11 16:08:47.254 I/vol.Events( 1933): writeEvent level_changed STREAM_RING 2
11-11 16:08:47.254 I/vol.Events( 1933): writeEvent level_changed STREAM_SYSTEM 2
11-11 16:08:47.254 I/vol.Events( 1933): writeEvent level_changed STREAM_VOICE_CALL 2
11-11 16:08:47.254 I/vol.Events( 1933): writeEvent level_changed STREAM_MUSIC 11
11-11 16:08:47.255 I/vol.Events( 1933): writeEvent mute_changed STREAM_MUSIC false
11-11 16:08:47.257 D/APM_AudioPolicyManager( 1028): setVolumeCurveIndex: wrong index 0 min=1 max=15
11-11 16:08:47.257 E/APM_AudioPolicyManager( 1028): setVolumeIndexForAttributes failed to set curve index for group 1 device 0x2
11-11 16:08:47.258 E/AudioSystem-JNI( 1169): Command failed for android_media_AudioSystem_setStreamVolumeIndex: -22
11-11 16:08:47.266 D/APM_AudioPolicyManager( 1028): setVolumeCurveIndex: wrong index 0 min=1 max=7
11-11 16:08:47.266 E/APM_AudioPolicyManager( 1028): setVolumeIndexForAttributes failed to set curve index for group 2 device 0x2
11-11 16:08:47.266 E/AudioSystem-JNI( 1169): Command failed for android_media_AudioSystem_setStreamVolumeIndex: -22
11-11 16:08:47.292 D/APM_AudioPolicyManager( 1028): setVolumeCurveIndex: wrong index 0 min=1 max=15
11-11 16:08:47.292 E/APM_AudioPolicyManager( 1028): setVolumeIndexForAttributes failed to set curve index for group 1 device 0x2
11-11 16:08:47.293 E/AudioSystem-JNI( 1169): Command failed for android_media_AudioSystem_setStreamVolumeIndex: -22
11-11 16:08:47.293 D/APM_AudioPolicyManager( 1028): setVolumeCurveIndex: wrong index 0 min=1 max=15
11-11 16:08:47.294 E/APM_AudioPolicyManager( 1028): setVolumeIndexForAttributes failed to set curve index for group 1 device 0x4
11-11 16:08:47.294 E/AudioSystem-JNI( 1169): Command failed for android_media_AudioSystem_setStreamVolumeIndex: -22
11-11 16:08:47.294 D/APM_AudioPolicyManager( 1028): setVolumeCurveIndex: wrong index 0 min=1 max=15
11-11 16:08:47.294 E/APM_AudioPolicyManager( 1028): setVolumeIndexForAttributes failed to set curve index for group 1 device 0x8
11-11 16:08:47.295 E/AudioSystem-JNI( 1169): Command failed for android_media_AudioSystem_setStreamVolumeIndex: -22
11-11 16:08:47.295 D/APM_AudioPolicyManager( 1028): setVolumeCurveIndex: wrong index 0 min=1 max=15
11-11 16:08:47.295 E/APM_AudioPolicyManager( 1028): setVolumeIndexForAttributes failed to set curve index for group 1 device 0x4000000
11-11 16:08:47.296 E/AudioSystem-JNI( 1169): Command failed for android_media_AudioSystem_setStreamVolumeIndex: -22
11-11 16:08:47.296 D/APM_AudioPolicyManager( 1028): setVolumeCurveIndex: wrong index 0 min=1 max=15
11-11 16:08:47.296 E/APM_AudioPolicyManager( 1028): setVolumeIndexForAttributes failed to set curve index for group 1 device 0x40000000
11-11 16:08:47.297 E/AudioSystem-JNI( 1169): Command failed for android_media_AudioSystem_setStreamVolumeIndex: -22
11-11 16:08:47.336 D/APM_AudioPolicyManager( 1028): setVolumeCurveIndex: wrong index 0 min=1 max=7
11-11 16:08:47.336 E/APM_AudioPolicyManager( 1028): setVolumeIndexForAttributes failed to set curve index for group 2 device 0x2
11-11 16:08:47.336 E/AudioSystem-JNI( 1169): Command failed for android_media_AudioSystem_setStreamVolumeIndex: -22
11-11 16:08:47.338 D/APM_AudioPolicyManager( 1028): setVolumeCurveIndex: wrong index 0 min=1 max=7
11-11 16:08:47.338 E/APM_AudioPolicyManager( 1028): setVolumeIndexForAttributes failed to set curve index for group 2 device 0x4
11-11 16:08:47.339 E/AudioSystem-JNI( 1169): Command failed for android_media_AudioSystem_setStreamVolumeIndex: -22
11-11 16:08:47.339 D/APM_AudioPolicyManager( 1028): setVolumeCurveIndex: wrong index 0 min=1 max=7
11-11 16:08:47.339 E/APM_AudioPolicyManager( 1028): setVolumeIndexForAttributes failed to set curve index for group 2 device 0x8
11-11 16:08:47.339 E/AudioSystem-JNI( 1169): Command failed for android_media_AudioSystem_setStreamVolumeIndex: -22
11-11 16:08:47.340 D/APM_AudioPolicyManager( 1028): setVolumeCurveIndex: wrong index 0 min=1 max=7
11-11 16:08:47.340 E/APM_AudioPolicyManager( 1028): setVolumeIndexForAttributes failed to set curve index for group 2 device 0x4000000
11-11 16:08:47.340 E/AudioSystem-JNI( 1169): Command failed for android_media_AudioSystem_setStreamVolumeIndex: -22
11-11 16:08:47.341 D/APM_AudioPolicyManager( 1028): setVolumeCurveIndex: wrong index 0 min=1 max=7
11-11 16:08:47.341 E/APM_AudioPolicyManager( 1028): setVolumeIndexForAttributes failed to set curve index for group 2 device 0x40000000
11-11 16:08:47.341 E/AudioSystem-JNI( 1169): Command failed for android_media_AudioSystem_setStreamVolumeIndex: -22
11-11 16:08:47.371 W/Looper ( 1169): Slow dispatch took 121ms main h=android.app.ActivityThread$H c=android.app.LoadedApk$ReceiverDispatcher$Args$$ExternalSyntheticLambda0@f84fb9d m=0
11-11 16:08:47.371 D/RemoteControlService( 2422): setVolume called, target type: music, target volume 11
11-11 16:08:47.373 D/RemoteControlService( 2422): Digest: 8F74D1CCE5B6E32F3898A8C225BD56D6EE2042E58A0DE93A5F9D7758BADE10CB
11-11 16:08:47.374 D/RemoteControlService( 2422): Send data length: 133
11-11 16:08:47.374 D/RemoteControlService( 2422): Send message finished. direction: 16, messageType: 19, json: {"name":"music","source":0,"token":"BYdGz1fZZDdu2YZ","type":"volume_change","value":11}
11-11 16:08:47.379 D/RemoteControlService( 2422): RemoteVolumeCommand ResponseSpeedTest - use time: 3839
11-11 16:08:47.380 D/RemoteControlService( 2422): handleMessage called
11-11 16:08:47.380 D/RemoteControlService( 2422): Client-192.168.4.4 handleHeartBeat:283
11-11 16:08:47.380 D/RemoteControlService( 2422): Is not connect command
11-11 16:08:47.380 D/RemoteControlService( 2422): haveControl ? clientcom.thundercomm.remotecontrolservice.RemoteControllerClient@9c510e2
11-11 16:08:47.380 D/RemoteControlService( 2422): Client have control
11-11 16:08:47.384 D/AS.AudioService( 1169): idcm_volume:setIDCMicroVolume(stream=3, index=0, calling=com.thundercomm.remotecontrolservice)
11-11 16:08:47.384 D/AudioIDCMicroNegotiator( 1169): idcm_volume:setIDCMicroVolume
11-11 16:08:47.384 D/AudioIDCMicroNegotiator( 1169): idcm_common:requestResult method = setVolume parameters = {"functionInfo":{"IDCM_VolumeValue_Media":"0"}}
11-11 16:08:47.384 I/MicroServiceManager( 1169): requestResult(setVolume) parameters is{"functionInfo":{"IDCM_VolumeValue_Media":"0"}}.
11-11 16:08:47.394 D/MicroService( 2075): Send message to IDCM:SocketMessageBean{businessData='21930', srcService='FSEM_AudioService', destService='IDCM_CarAudioService', messageType='0', uuid='1668154127385922745', payloadData={"srcService":"FSEM_AudioService","dstService":"IDCM_CarAudioService","messageType":0,"uuid":1668154127385922745,"methodName":"setVolume","parameters":{"functionInfo":{"IDCM_VolumeValue_Media":"0"}}}}
11-11 16:08:47.402 I/vol.Events( 1933): writeEvent show_dialog volume_changed keyguard=false
11-11 16:08:47.413 D/BluetoothDatabase( 1910): getBondedDevicesOrdered: Invalid address for device LocalStorage
11-11 16:08:47.427 I/MicroService( 2075): Receive message: SocketMessageBean{businessData='21930', srcService='IDCM_CarAudioService', destService='FSEM_AudioService', messageType='1', uuid='1668154127385922745', payloadData={"srcService":"IDCM_CarAudioService","dstService":"FSEM_AudioService","methodName":"setVolume","messageType":1,"uuid":1668154127385922745,"parameters":{"functionInfo":{"IDCM_VolumeValue_Media":"0"}}}}
11-11 16:08:47.427 I/MicroService( 2075): onResponse(setVolume): {"functionInfo":{"IDCM_VolumeValue_Media":"0"}}
11-11 16:08:47.428 D/AudioIDCMicroNegotiator( 1169): idcm_common:response from IDCM method = setVolume parameters = {"functionInfo":{"IDCM_VolumeValue_Media":"0"}}
11-11 16:08:47.428 D/AudioIDCMicroNegotiator( 1169): idcm_volume:onSetIDCMicroVolume mIsTimeout= false value = 0 isRequested=true
11-11 16:08:47.431 D/MicroService( 2075): handleHeartBeat:483
11-11 16:08:47.436 D/AudioIDCMicroNegotiator( 1169): idcm_volume:setIDCMicroVolume return 0
11-11 16:08:47.436 D/AS.AudioService( 1169): idcm_volume:setIDCMicroVolume: 0
11-11 16:08:47.449 D/RemoteControlService( 2422): setVolume called, target type: music, target volume 0
11-11 16:08:47.457 D/APM_AudioPolicyManager( 1028): setVolumeCurveIndex: wrong index 0 min=1 max=15
11-11 16:08:47.457 E/APM_AudioPolicyManager( 1028): setVolumeIndexForAttributes failed to set curve index for group 1 device 0x2
11-11 16:08:47.457 E/AudioSystem-JNI( 1169): Command failed for android_media_AudioSystem_setStreamVolumeIndex: -22
11-11 16:08:47.458 I/mpu_uart( 664): [MSG-P:RECV]:No message received in 1000 ms
11-11 16:08:47.468 D/APM_AudioPolicyManager( 1028): setVolumeCurveIndex: wrong index 0 min=1 max=7
11-11 16:08:47.468 E/APM_AudioPolicyManager( 1028): setVolumeIndexForAttributes failed to set curve index for group 2 device 0x2
11-11 16:08:47.468 E/AudioSystem-JNI( 1169): Command failed for android_media_AudioSystem_setStreamVolumeIndex: -22
11-11 16:08:47.495 D/APM_AudioPolicyManager( 1028): setVolumeCurveIndex: wrong index 0 min=1 max=15
11-11 16:08:47.495 E/APM_AudioPolicyManager( 1028): setVolumeIndexForAttributes failed to set curve index for group 1 device 0x2
11-11 16:08:47.495 E/AudioSystem-JNI( 1169): Command failed for android_media_AudioSystem_setStreamVolumeIndex: -22
11-11 16:08:47.496 D/APM_AudioPolicyManager( 1028): setVolumeCurveIndex: wrong index 0 min=1 max=15
11-11 16:08:47.496 E/APM_AudioPolicyManager( 1028): setVolumeIndexForAttributes failed to set curve index for group 1 device 0x4
11-11 16:08:47.496 E/AudioSystem-JNI( 1169): Command failed for android_media_AudioSystem_setStreamVolumeIndex: -22
11-11 16:08:47.497 D/APM_AudioPolicyManager( 1028): setVolumeCurveIndex: wrong index 0 min=1 max=15
11-11 16:08:47.497 E/APM_AudioPolicyManager( 1028): setVolumeIndexForAttributes failed to set curve index for group 1 device 0x8
11-11 16:08:47.497 E/AudioSystem-JNI( 1169): Command failed for android_media_AudioSystem_setStreamVolumeIndex: -22
11-11 16:08:47.498 D/APM_AudioPolicyManager( 1028): setVolumeCurveIndex: wrong index 0 min=1 max=15
11-11 16:08:47.499 E/APM_AudioPolicyManager( 1028): setVolumeIndexForAttributes failed to set curve index for group 1 device 0x4000000
11-11 16:08:47.499 E/AudioSystem-JNI( 1169): Command failed for android_media_AudioSystem_setStreamVolumeIndex: -22
11-11 16:08:47.499 D/APM_AudioPolicyManager( 1028): setVolumeCurveIndex: wrong index 0 min=1 max=15
11-11 16:08:47.499 E/APM_AudioPolicyManager( 1028): setVolumeIndexForAttributes failed to set curve index for group 1 device 0x40000000
11-11 16:08:47.500 E/AudioSystem-JNI( 1169): Command failed for android_media_AudioSystem_setStreamVolumeIndex: -22
11-11 16:08:47.539 D/APM_AudioPolicyManager( 1028): setVolumeCurveIndex: wrong index 0 min=1 max=7
11-11 16:08:47.539 E/APM_AudioPolicyManager( 1028): setVolumeIndexForAttributes failed to set curve index for group 2 device 0x2
11-11 16:08:47.539 E/AudioSystem-JNI( 1169): Command failed for android_media_AudioSystem_setStreamVolumeIndex: -22
11-11 16:08:47.539 D/APM_AudioPolicyManager( 1028): setVolumeCurveIndex: wrong index 0 min=1 max=7
11-11 16:08:47.540 E/APM_AudioPolicyManager( 1028): setVolumeIndexForAttributes failed to set curve index for group 2 device 0x4
11-11 16:08:47.540 E/AudioSystem-JNI( 1169): Command failed for android_media_AudioSystem_setStreamVolumeIndex: -22
11-11 16:08:47.540 D/APM_AudioPolicyManager( 1028): setVolumeCurveIndex: wrong index 0 min=1 max=7
11-11 16:08:47.540 E/APM_AudioPolicyManager( 1028): setVolumeIndexForAttributes failed to set curve index for group 2 device 0x8
11-11 16:08:47.541 E/AudioSystem-JNI( 1169): Command failed for android_media_AudioSystem_setStreamVolumeIndex: -22
11-11 16:08:47.541 D/APM_AudioPolicyManager( 1028): setVolumeCurveIndex: wrong index 0 min=1 max=7
11-11 16:08:47.541 E/APM_AudioPolicyManager( 1028): setVolumeIndexForAttributes failed to set curve index for group 2 device 0x4000000
11-11 16:08:47.542 E/AudioSystem-JNI( 1169): Command failed for android_media_AudioSystem_setStreamVolumeIndex: -22
11-11 16:08:47.542 D/APM_AudioPolicyManager( 1028): setVolumeCurveIndex: wrong index 0 min=1 max=7
11-11 16:08:47.542 E/APM_AudioPolicyManager( 1028): setVolumeIndexForAttributes failed to set curve index for group 2 device 0x40000000
11-11 16:08:47.542 E/AudioSystem-JNI( 1169): Command failed for android_media_AudioSystem_setStreamVolumeIndex: -22
11-11 16:08:47.567 W/Looper ( 1169): Slow dispatch took 106ms main h=android.app.ActivityThread$H c=android.app.LoadedApk$ReceiverDispatcher$Args$$ExternalSyntheticLambda0@8b72812 m=0
11-11 16:08:47.567 I/vol.Events( 1933): writeEvent level_changed STREAM_MUSIC 0
11-11 16:08:47.568 D/RemoteControlService( 2422): Digest: 78C7BDB871E5C00BE407B8A303DC0FDC27ACE492FF4E11CDCD115AAB1792FC4B
11-11 16:08:47.568 D/RemoteControlService( 2422): Send data length: 133
11-11 16:08:47.568 I/vol.Events( 1933): writeEvent level_changed STREAM_ALARM 1
11-11 16:08:47.568 I/vol.Events( 1933): writeEvent level_changed STREAM_RING 0
11-11 16:08:47.569 D/RemoteControlService( 2422): Send message finished. direction: 16, messageType: 19, json: {"name":"music","source":0,"token":"BYdGz1fZZDdu2YZ","type":"volume_change","value":0}
11-11 16:08:47.571 D/RemoteControlService( 2422): RemoteVolumeCommand ResponseSpeedTest - use time: 3856
11-11 16:08:47.571 D/RemoteControlService( 2422): handleMessage called
11-11 16:08:47.571 D/RemoteControlService( 2422): Client-192.168.4.4 handleHeartBeat:284
11-11 16:08:47.571 D/RemoteControlService( 2422): Is not connect command
11-11 16:08:47.571 D/RemoteControlService( 2422): haveControl ? clientcom.thundercomm.remotecontrolservice.RemoteControllerClient@9c510e2
11-11 16:08:47.571 D/RemoteControlService( 2422): Client have control
11-11 16:08:47.569 I/vol.Events( 1933): writeEvent level_changed STREAM_SYSTEM 0
11-11 16:08:47.573 I/vol.Events( 1933): writeEvent level_changed STREAM_VOICE_CALL 1
11-11 16:08:47.573 I/vol.Events( 1933): writeEvent mute_changed STREAM_MUSIC true
11-11 16:08:47.573 D/AS.AudioService( 1169): idcm_volume:setIDCMicroVolume(stream=3, index=11, calling=com.thundercomm.remotecontrolservice)
11-11 16:08:47.574 D/AudioIDCMicroNegotiator( 1169): idcm_volume:setIDCMicroVolume
11-11 16:08:47.574 D/AudioIDCMicroNegotiator( 1169): idcm_common:requestResult method = setVolume parameters = {"functionInfo":{"IDCM_VolumeValue_Media":"11"}}
11-11 16:08:47.574 I/MicroServiceManager( 1169): requestResult(setVolume) parameters is{"functionInfo":{"IDCM_VolumeValue_Media":"11"}}.
11-11 16:08:47.585 I/vol.Events( 1933): writeEvent show_dialog volume_changed keyguard=false
11-11 16:08:47.590 D/MicroService( 2075): Send message to IDCM:SocketMessageBean{businessData='21930', srcService='FSEM_AudioService', destService='IDCM_CarAudioService', messageType='0', uuid='1668154127574485037', payloadData={"srcService":"FSEM_AudioService","dstService":"IDCM_CarAudioService","messageType":0,"uuid":1668154127574485037,"methodName":"setVolume","parameters":{"functionInfo":{"IDCM_VolumeValue_Media":"11"}}}}
11-11 16:08:47.608 D/BluetoothDatabase( 1910): getBondedDevicesOrdered: Invalid address for device LocalStorage
11-11 16:08:47.635 I/MicroService( 2075): Receive message: SocketMessageBean{businessData='21930', srcService='IDCM_CarAudioService', destService='FSEM_AudioService', messageType='1', uuid='1668154127574485037', payloadData={"srcService":"IDCM_CarAudioService","dstService":"FSEM_AudioService","methodName":"setVolume","messageType":1,"uuid":1668154127574485037,"parameters":{"functionInfo":{"IDCM_VolumeValue_Media":"11"}}}}
11-11 16:08:47.635 I/MicroService( 2075): onResponse(setVolume): {"functionInfo":{"IDCM_VolumeValue_Media":"11"}}
11-11 16:08:47.635 D/AudioIDCMicroNegotiator( 1169): idcm_common:response from IDCM method = setVolume parameters = {"functionInfo":{"IDCM_VolumeValue_Media":"11"}}
11-11 16:08:47.636 D/AudioIDCMicroNegotiator( 1169): idcm_volume:onSetIDCMicroVolume mIsTimeout= false value = 11 isRequested=true
11-11 16:08:47.636 D/AudioIDCMicroNegotiator( 1169): idcm_volume:setIDCMicroVolume return 11
11-11 16:08:47.636 D/AS.AudioService( 1169): idcm_volume:setIDCMicroVolume: 11
11-11 16:08:47.637 D/MicroService( 2075): handleHeartBeat:484
11-11 16:08:47.662 I/vol.Events( 1933): writeEvent level_changed STREAM_ALARM 3
11-11 16:08:47.664 I/vol.Events( 1933): writeEvent level_changed STREAM_RING 2
11-11 16:08:47.666 I/vol.Events( 1933): writeEvent level_changed STREAM_SYSTEM 2
11-11 16:08:47.669 I/vol.Events( 1933): writeEvent level_changed STREAM_VOICE_CALL 2
11-11 16:08:47.672 I/vol.Events( 1933): writeEvent level_changed STREAM_MUSIC 11
11-11 16:08:47.672 I/vol.Events( 1933): writeEvent mute_changed STREAM_MUSIC false
11-11 16:08:47.672 D/APM_AudioPolicyManager( 1028): setVolumeCurveIndex: wrong index 0 min=1 max=15
11-11 16:08:47.672 E/APM_AudioPolicyManager( 1028): setVolumeIndexForAttributes failed to set curve index for group 1 device 0x2
11-11 16:08:47.673 E/AudioSystem-JNI( 1169): Command failed for android_media_AudioSystem_setStreamVolumeIndex: -22
11-11 16:08:47.681 D/APM_AudioPolicyManager( 1028): setVolumeCurveIndex: wrong index 0 min=1 max=7
11-11 16:08:47.681 E/APM_AudioPolicyManager( 1028): setVolumeIndexForAttributes failed to set curve index for group 2 device 0x2
11-11 16:08:47.682 E/AudioSystem-JNI( 1169): Command failed for android_media_AudioSystem_setStreamVolumeIndex: -22
11-11 16:08:47.689 D/RemoteControlService( 2422): setVolume called, target type: music, target volume 11
11-11 16:08:47.706 D/APM_AudioPolicyManager( 1028): setVolumeCurveIndex: wrong index 0 min=1 max=15
11-11 16:08:47.706 E/APM_AudioPolicyManager( 1028): setVolumeIndexForAttributes failed to set curve index for group 1 device 0x2
11-11 16:08:47.707 E/AudioSystem-JNI( 1169): Command failed for android_media_AudioSystem_setStreamVolumeIndex: -22
11-11 16:08:47.708 D/APM_AudioPolicyManager( 1028): setVolumeCurveIndex: wrong index 0 min=1 max=15
11-11 16:08:47.708 E/APM_AudioPolicyManager( 1028): setVolumeIndexForAttributes failed to set curve index for group 1 device 0x4
11-11 16:08:47.708 E/AudioSystem-JNI( 1169): Command failed for android_media_AudioSystem_setStreamVolumeIndex: -22
11-11 16:08:47.709 D/APM_AudioPolicyManager( 1028): setVolumeCurveIndex: wrong index 0 min=1 max=15
11-11 16:08:47.709 E/APM_AudioPolicyManager( 1028): setVolumeIndexForAttributes failed to set curve index for group 1 device 0x8
11-11 16:08:47.709 E/AudioSystem-JNI( 1169): Command failed for android_media_AudioSystem_setStreamVolumeIndex: -22
11-11 16:08:47.710 D/APM_AudioPolicyManager( 1028): setVolumeCurveIndex: wrong index 0 min=1 max=15
11-11 16:08:47.710 E/APM_AudioPolicyManager( 1028): setVolumeIndexForAttributes failed to set curve index for group 1 device 0x4000000
11-11 16:08:47.710 E/AudioSystem-JNI( 1169): Command failed for android_media_AudioSystem_setStreamVolumeIndex: -22
11-11 16:08:47.711 D/APM_AudioPolicyManager( 1028): setVolumeCurveIndex: wrong index 0 min=1 max=15
11-11 16:08:47.711 E/APM_AudioPolicyManager( 1028): setVolumeIndexForAttributes failed to set curve index for group 1 device 0x40000000
11-11 16:08:47.711 E/AudioSystem-JNI( 1169): Command failed for android_media_AudioSystem_setStreamVolumeIndex: -22
11-11 16:08:47.748 D/APM_AudioPolicyManager( 1028): setVolumeCurveIndex: wrong index 0 min=1 max=7
11-11 16:08:47.748 E/APM_AudioPolicyManager( 1028): setVolumeIndexForAttributes failed to set curve index for group 2 device 0x2
11-11 16:08:47.748 E/AudioSystem-JNI( 1169): Command failed for android_media_AudioSystem_setStreamVolumeIndex: -22
11-11 16:08:47.749 D/APM_AudioPolicyManager( 1028): setVolumeCurveIndex: wrong index 0 min=1 max=7
11-11 16:08:47.750 E/APM_AudioPolicyManager( 1028): setVolumeIndexForAttributes failed to set curve index for group 2 device 0x4
11-11 16:08:47.750 E/AudioSystem-JNI( 1169): Command failed for android_media_AudioSystem_setStreamVolumeIndex: -22
11-11 16:08:47.750 D/APM_AudioPolicyManager( 1028): setVolumeCurveIndex: wrong index 0 min=1 max=7
11-11 16:08:47.750 E/APM_AudioPolicyManager( 1028): setVolumeIndexForAttributes failed to set curve index for group 2 device 0x8
11-11 16:08:47.751 E/AudioSystem-JNI( 1169): Command failed for android_media_AudioSystem_setStreamVolumeIndex: -22
11-11 16:08:47.751 D/APM_AudioPolicyManager( 1028): setVolumeCurveIndex: wrong index 0 min=1 max=7
11-11 16:08:47.751 E/APM_AudioPolicyManager( 1028): setVolumeIndexForAttributes failed to set curve index for group 2 device 0x4000000
11-11 16:08:47.752 E/AudioSystem-JNI( 1169): Command failed for android_media_AudioSystem_setStreamVolumeIndex: -22
11-11 16:08:47.752 D/APM_AudioPolicyManager( 1028): setVolumeCurveIndex: wrong index 0 min=1 max=7
11-11 16:08:47.752 E/APM_AudioPolicyManager( 1028): setVolumeIndexForAttributes failed to set curve index for group 2 device 0x40000000
11-11 16:08:47.753 E/AudioSystem-JNI( 1169): Command failed for android_media_AudioSystem_setStreamVolumeIndex: -22
11-11 16:08:47.785 W/Looper ( 1169): Slow dispatch took 114ms main h=android.app.ActivityThread$H c=android.app.LoadedApk$ReceiverDispatcher$Args$$ExternalSyntheticLambda0@41dbbe3 m=0
11-11 16:08:47.789 D/RemoteControlService( 2422): Digest: 8F74D1CCE5B6E32F3898A8C225BD56D6EE2042E58A0DE93A5F9D7758BADE10CB
11-11 16:08:47.790 D/RemoteControlService( 2422): Send data length: 133
11-11 16:08:47.791 D/RemoteControlService( 2422): Send message finished. direction: 16, messageType: 19, json: {"name":"music","source":0,"token":"BYdGz1fZZDdu2YZ","type":"volume_change","value":11}
11-11 16:08:47.792 D/RemoteControlService( 2422): RemoteVolumeCommand ResponseSpeedTest - use time: 3899
11-11 16:08:47.793 D/RemoteControlService( 2422): handleMessage called
11-11 16:08:47.793 D/RemoteControlService( 2422): Client-192.168.4.4 handleHeartBeat:285
11-11 16:08:47.793 D/RemoteControlService( 2422): Is not connect command
11-11 16:08:47.793 D/RemoteControlService( 2422): haveControl ? clientcom.thundercomm.remotecontrolservice.RemoteControllerClient@9c510e2
11-11 16:08:47.793 D/RemoteControlService( 2422): Client have control
11-11 16:08:47.796 D/AS.AudioService( 1169): idcm_volume:setIDCMicroVolume(stream=3, index=0, calling=com.thundercomm.remotecontrolservice)
11-11 16:08:47.796 D/AudioIDCMicroNegotiator( 1169): idcm_volume:setIDCMicroVolume
11-11 16:08:47.796 D/AudioIDCMicroNegotiator( 1169): idcm_common:requestResult method = setVolume parameters = {"functionInfo":{"IDCM_VolumeValue_Media":"0"}}
11-11 16:08:47.796 I/MicroServiceManager( 1169): requestResult(setVolume) parameters is{"functionInfo":{"IDCM_VolumeValue_Media":"0"}}.
11-11 16:08:47.806 D/MicroService( 2075): Send message to IDCM:SocketMessageBean{businessData='21930', srcService='FSEM_AudioService', destService='IDCM_CarAudioService', messageType='0', uuid='1668154127797964932', payloadData={"srcService":"FSEM_AudioService","dstService":"IDCM_CarAudioService","messageType":0,"uuid":1668154127797964932,"methodName":"setVolume","parameters":{"functionInfo":{"IDCM_VolumeValue_Media":"0"}}}}
11-11 16:08:47.817 I/vol.Events( 1933): writeEvent show_dialog volume_changed keyguard=false
11-11 16:08:47.822 D/BluetoothDatabase( 1910): getBondedDevicesOrdered: Invalid address for device LocalStorage
11-11 16:08:47.845 I/MicroService( 2075): Receive message: SocketMessageBean{businessData='21930', srcService='IDCM_CarAudioService', destService='FSEM_AudioService', messageType='1', uuid='1668154127797964932', payloadData={"srcService":"IDCM_CarAudioService","dstService":"FSEM_AudioService","methodName":"setVolume","messageType":1,"uuid":1668154127797964932,"parameters":{"functionInfo":{"IDCM_VolumeValue_Media":"0"}}}}
11-11 16:08:47.845 I/MicroService( 2075): onResponse(setVolume): {"functionInfo":{"IDCM_VolumeValue_Media":"0"}}
11-11 16:08:47.846 D/AudioIDCMicroNegotiator( 1169): idcm_common:response from IDCM method = setVolume parameters = {"functionInfo":{"IDCM_VolumeValue_Media":"0"}}
11-11 16:08:47.846 D/AudioIDCMicroNegotiator( 1169): idcm_volume:onSetIDCMicroVolume mIsTimeout= false value = 0 isRequested=true
11-11 16:08:47.846 D/AudioIDCMicroNegotiator( 1169): idcm_volume:setIDCMicroVolume return 0
11-11 16:08:47.846 D/AS.AudioService( 1169): idcm_volume:setIDCMicroVolume: 0
11-11 16:08:47.849 D/MicroService( 2075): handleHeartBeat:485
11-11 16:08:47.870 I/vol.Events( 1933): writeEvent level_changed STREAM_ALARM 1
11-11 16:08:47.870 I/vol.Events( 1933): writeEvent level_changed STREAM_RING 0
11-11 16:08:47.876 I/vol.Events( 1933): writeEvent level_changed STREAM_SYSTEM 0
11-11 16:08:47.877 I/vol.Events( 1933): writeEvent level_changed STREAM_VOICE_CALL 1
11-11 16:08:47.877 I/vol.Events( 1933): writeEvent level_changed STREAM_MUSIC 0
11-11 16:08:47.877 I/vol.Events( 1933): writeEvent mute_changed STREAM_MUSIC true
11-11 16:08:47.880 D/APM_AudioPolicyManager( 1028): setVolumeCurveIndex: wrong index 0 min=1 max=15
11-11 16:08:47.880 E/APM_AudioPolicyManager( 1028): setVolumeIndexForAttributes failed to set curve index for group 1 device 0x2
11-11 16:08:47.880 E/AudioSystem-JNI( 1169): Command failed for android_media_AudioSystem_setStreamVolumeIndex: -22
11-11 16:08:47.888 D/APM_AudioPolicyManager( 1028): setVolumeCurveIndex: wrong index 0 min=1 max=7
11-11 16:08:47.888 E/APM_AudioPolicyManager( 1028): setVolumeIndexForAttributes failed to set curve index for group 2 device 0x2
11-11 16:08:47.888 E/AudioSystem-JNI( 1169): Command failed for android_media_AudioSystem_setStreamVolumeIndex: -22
11-11 16:08:47.898 D/RemoteControlService( 2422): setVolume called, target type: music, target volume 0
11-11 16:08:47.915 D/APM_AudioPolicyManager( 1028): setVolumeCurveIndex: wrong index 0 min=1 max=15
11-11 16:08:47.915 E/APM_AudioPolicyManager( 1028): setVolumeIndexForAttributes failed to set curve index for group 1 device 0x2
11-11 16:08:47.915 E/AudioSystem-JNI( 1169): Command failed for android_media_AudioSystem_setStreamVolumeIndex: -22
11-11 16:08:47.916 D/APM_AudioPolicyManager( 1028): setVolumeCurveIndex: wrong index 0 min=1 max=15
11-11 16:08:47.916 E/APM_AudioPolicyManager( 1028): setVolumeIndexForAttributes failed to set curve index for group 1 device 0x4
11-11 16:08:47.916 E/AudioSystem-JNI( 1169): Command failed for android_media_AudioSystem_setStreamVolumeIndex: -22
11-11 16:08:47.917 D/APM_AudioPolicyManager( 1028): setVolumeCurveIndex: wrong index 0 min=1 max=15
11-11 16:08:47.917 E/APM_AudioPolicyManager( 1028): setVolumeIndexForAttributes failed to set curve index for group 1 device 0x8
11-11 16:08:47.917 E/AudioSystem-JNI( 1169): Command failed for android_media_AudioSystem_setStreamVolumeIndex: -22
11-11 16:08:47.918 D/APM_AudioPolicyManager( 1028): setVolumeCurveIndex: wrong index 0 min=1 max=15
11-11 16:08:47.918 E/APM_AudioPolicyManager( 1028): setVolumeIndexForAttributes failed to set curve index for group 1 device 0x4000000
11-11 16:08:47.918 E/AudioSystem-JNI( 1169): Command failed for android_media_AudioSystem_setStreamVolumeIndex: -22
11-11 16:08:47.918 D/APM_AudioPolicyManager( 1028): setVolumeCurveIndex: wrong index 0 min=1 max=15
11-11 16:08:47.919 E/APM_AudioPolicyManager( 1028): setVolumeIndexForAttributes failed to set curve index for group 1 device 0x40000000
11-11 16:08:47.919 E/AudioSystem-JNI( 1169): Command failed for android_media_AudioSystem_setStreamVolumeIndex: -22
11-11 16:08:47.958 D/APM_AudioPolicyManager( 1028): setVolumeCurveIndex: wrong index 0 min=1 max=7
11-11 16:08:47.958 E/APM_AudioPolicyManager( 1028): setVolumeIndexForAttributes failed to set curve index for group 2 device 0x2
11-11 16:08:47.958 E/AudioSystem-JNI( 1169): Command failed for android_media_AudioSystem_setStreamVolumeIndex: -22
11-11 16:08:47.958 D/APM_AudioPolicyManager( 1028): setVolumeCurveIndex: wrong index 0 min=1 max=7
11-11 16:08:47.958 E/APM_AudioPolicyManager( 1028): setVolumeIndexForAttributes failed to set curve index for group 2 device 0x4
11-11 16:08:47.959 E/AudioSystem-JNI( 1169): Command failed for android_media_AudioSystem_setStreamVolumeIndex: -22
11-11 16:08:47.959 D/APM_AudioPolicyManager( 1028): setVolumeCurveIndex: wrong index 0 min=1 max=7
11-11 16:08:47.959 E/APM_AudioPolicyManager( 1028): setVolumeIndexForAttributes failed to set curve index for group 2 device 0x8
11-11 16:08:47.960 E/AudioSystem-JNI( 1169): Command failed for android_media_AudioSystem_setStreamVolumeIndex: -22
11-11 16:08:47.960 D/APM_AudioPolicyManager( 1028): setVolumeCurveIndex: wrong index 0 min=1 max=7
11-11 16:08:47.960 E/APM_AudioPolicyManager( 1028): setVolumeIndexForAttributes failed to set curve index for group 2 device 0x4000000
11-11 16:08:47.960 E/AudioSystem-JNI( 1169): Command failed for android_media_AudioSystem_setStreamVolumeIndex: -22
11-11 16:08:47.961 D/APM_AudioPolicyManager( 1028): setVolumeCurveIndex: wrong index 0 min=1 max=7
11-11 16:08:47.961 E/APM_AudioPolicyManager( 1028): setVolumeIndexForAttributes failed to set curve index for group 2 device 0x40000000
11-11 16:08:47.961 E/AudioSystem-JNI( 1169): Command failed for android_media_AudioSystem_setStreamVolumeIndex: -22
11-11 16:08:47.991 W/Looper ( 1169): Slow dispatch took 116ms main h=android.app.ActivityThread$H c=android.app.LoadedApk$ReceiverDispatcher$Args$$ExternalSyntheticLambda0@5b340c m=0
11-11 16:08:47.994 D/RemoteControlService( 2422): Digest: 78C7BDB871E5C00BE407B8A303DC0FDC27ACE492FF4E11CDCD115AAB1792FC4B
11-11 16:08:47.995 D/RemoteControlService( 2422): Send data length: 133
11-11 16:08:47.996 D/RemoteControlService( 2422): Send message finished. direction: 16, messageType: 19, json: {"name":"music","source":0,"token":"BYdGz1fZZDdu2YZ","type":"volume_change","value":0}
11-11 16:08:48.000 D/RemoteControlService( 2422): RemoteVolumeCommand ResponseSpeedTest - use time: 3927
11-11 16:08:48.000 D/RemoteControlService( 2422): handleMessage called
11-11 16:08:48.000 D/RemoteControlService( 2422): Client-192.168.4.4 handleHeartBeat:286
11-11 16:08:48.000 D/RemoteControlService( 2422): Is not connect command
11-11 16:08:48.000 D/RemoteControlService( 2422): haveControl ? clientcom.thundercomm.remotecontrolservice.RemoteControllerClient@9c510e2
11-11 16:08:48.000 D/RemoteControlService( 2422): Client have control
11-11 16:08:48.004 D/AS.AudioService( 1169): idcm_volume:setIDCMicroVolume(stream=3, index=11, calling=com.thundercomm.remotecontrolservice)
11-11 16:08:48.005 D/AudioIDCMicroNegotiator( 1169): idcm_volume:setIDCMicroVolume
11-11 16:08:48.005 D/AudioIDCMicroNegotiator( 1169): idcm_common:requestResult method = setVolume parameters = {"functionInfo":{"IDCM_VolumeValue_Media":"11"}}
11-11 16:08:48.005 I/MicroServiceManager( 1169): requestResult(setVolume) parameters is{"functionInfo":{"IDCM_VolumeValue_Media":"11"}}.
11-11 16:08:48.017 D/MicroService( 2075): Send message to IDCM:SocketMessageBean{businessData='21930', srcService='FSEM_AudioService', destService='IDCM_CarAudioService', messageType='0', uuid='1668154128006262172', payloadData={"srcService":"FSEM_AudioService","dstService":"IDCM_CarAudioService","messageType":0,"uuid":1668154128006262172,"methodName":"setVolume","parameters":{"functionInfo":{"IDCM_VolumeValue_Media":"11"}}}}
11-11 16:08:48.028 I/vol.Events( 1933): writeEvent show_dialog volume_changed keyguard=false
11-11 16:08:48.035 D/BluetoothDatabase( 1910): getBondedDevicesOrdered: Invalid address for device LocalStorage
11-11 16:08:48.055 I/MicroService( 2075): Receive message: SocketMessageBean{businessData='21930', srcService='IDCM_CarAudioService', destService='FSEM_AudioService', messageType='1', uuid='1668154128006262172', payloadData={"srcService":"IDCM_CarAudioService","dstService":"FSEM_AudioService","methodName":"setVolume","messageType":1,"uuid":1668154128006262172,"parameters":{"functionInfo":{"IDCM_VolumeValue_Media":"11"}}}}
11-11 16:08:48.056 I/MicroService( 2075): onResponse(setVolume): {"functionInfo":{"IDCM_VolumeValue_Media":"11"}}
11-11 16:08:48.056 D/AudioIDCMicroNegotiator( 1169): idcm_common:response from IDCM method = setVolume parameters = {"functionInfo":{"IDCM_VolumeValue_Media":"11"}}
11-11 16:08:48.056 D/AudioIDCMicroNegotiator( 1169): idcm_volume:onSetIDCMicroVolume mIsTimeout= false value = 11 isRequested=true
11-11 16:08:48.056 D/AudioIDCMicroNegotiator( 1169): idcm_volume:setIDCMicroVolume return 11
11-11 16:08:48.057 D/AS.AudioService( 1169): idcm_volume:setIDCMicroVolume: 11
11-11 16:08:48.059 D/MicroService( 2075): handleHeartBeat:486
11-11 16:08:48.087 D/APM_AudioPolicyManager( 1028): setVolumeCurveIndex: wrong index 0 min=1 max=15
11-11 16:08:48.087 E/APM_AudioPolicyManager( 1028): setVolumeIndexForAttributes failed to set curve index for group 1 device 0x2
11-11 16:08:48.088 E/AudioSystem-JNI( 1169): Command failed for android_media_AudioSystem_setStreamVolumeIndex: -22
11-11 16:08:48.092 I/vol.Events( 1933): writeEvent level_changed STREAM_ALARM 3
11-11 16:08:48.093 I/vol.Events( 1933): writeEvent level_changed STREAM_RING 2
11-11 16:08:48.097 I/vol.Events( 1933): writeEvent level_changed STREAM_SYSTEM 2
11-11 16:08:48.097 I/vol.Events( 1933): writeEvent level_changed STREAM_VOICE_CALL 2
11-11 16:08:48.097 I/vol.Events( 1933): writeEvent level_changed STREAM_MUSIC 11
11-11 16:08:48.098 I/vol.Events( 1933): writeEvent mute_changed STREAM_MUSIC false
11-11 16:08:48.098 D/APM_AudioPolicyManager( 1028): setVolumeCurveIndex: wrong index 0 min=1 max=7
11-11 16:08:48.098 E/APM_AudioPolicyManager( 1028): setVolumeIndexForAttributes failed to set curve index for group 2 device 0x2
11-11 16:08:48.099 E/AudioSystem-JNI( 1169): Command failed for android_media_AudioSystem_setStreamVolumeIndex: -22
11-11 16:08:48.109 D/RemoteControlService( 2422): setVolume called, target type: music, target volume 11
11-11 16:08:48.134 D/APM_AudioPolicyManager( 1028): setVolumeCurveIndex: wrong index 0 min=1 max=15
11-11 16:08:48.134 E/APM_AudioPolicyManager( 1028): setVolumeIndexForAttributes failed to set curve index for group 1 device 0x2
11-11 16:08:48.135 E/AudioSystem-JNI( 1169): Command failed for android_media_AudioSystem_setStreamVolumeIndex: -22
11-11 16:08:48.135 D/APM_AudioPolicyManager( 1028): setVolumeCurveIndex: wrong index 0 min=1 max=15
11-11 16:08:48.136 E/APM_AudioPolicyManager( 1028): setVolumeIndexForAttributes failed to set curve index for group 1 device 0x4
11-11 16:08:48.136 E/AudioSystem-JNI( 1169): Command failed for android_media_AudioSystem_setStreamVolumeIndex: -22
11-11 16:08:48.137 D/APM_AudioPolicyManager( 1028): setVolumeCurveIndex: wrong index 0 min=1 max=15
11-11 16:08:48.137 E/APM_AudioPolicyManager( 1028): setVolumeIndexForAttributes failed to set curve index for group 1 device 0x8
11-11 16:08:48.137 E/AudioSystem-JNI( 1169): Command failed for android_media_AudioSystem_setStreamVolumeIndex: -22
11-11 16:08:48.138 D/APM_AudioPolicyManager( 1028): setVolumeCurveIndex: wrong index 0 min=1 max=15
11-11 16:08:48.138 E/APM_AudioPolicyManager( 1028): setVolumeIndexForAttributes failed to set curve index for group 1 device 0x4000000
11-11 16:08:48.138 E/AudioSystem-JNI( 1169): Command failed for android_media_AudioSystem_setStreamVolumeIndex: -22
11-11 16:08:48.139 D/APM_AudioPolicyManager( 1028): setVolumeCurveIndex: wrong index 0 min=1 max=15
11-11 16:08:48.139 E/APM_AudioPolicyManager( 1028): setVolumeIndexForAttributes failed to set curve index for group 1 device 0x40000000
11-11 16:08:48.139 E/AudioSystem-JNI( 1169): Command failed for android_media_AudioSystem_setStreamVolumeIndex: -22
11-11 16:08:48.175 D/APM_AudioPolicyManager( 1028): setVolumeCurveIndex: wrong index 0 min=1 max=7
11-11 16:08:48.175 E/APM_AudioPolicyManager( 1028): setVolumeIndexForAttributes failed to set curve index for group 2 device 0x2
11-11 16:08:48.175 E/AudioSystem-JNI( 1169): Command failed for android_media_AudioSystem_setStreamVolumeIndex: -22
11-11 16:08:48.176 D/APM_AudioPolicyManager( 1028): setVolumeCurveIndex: wrong index 0 min=1 max=7
11-11 16:08:48.176 E/APM_AudioPolicyManager( 1028): setVolumeIndexForAttributes failed to set curve index for group 2 device 0x4
11-11 16:08:48.177 E/AudioSystem-JNI( 1169): Command failed for android_media_AudioSystem_setStreamVolumeIndex: -22
11-11 16:08:48.177 D/APM_AudioPolicyManager( 1028): setVolumeCurveIndex: wrong index 0 min=1 max=7
11-11 16:08:48.177 E/APM_AudioPolicyManager( 1028): setVolumeIndexForAttributes failed to set curve index for group 2 device 0x8
11-11 16:08:48.178 E/AudioSystem-JNI( 1169): Command failed for android_media_AudioSystem_setStreamVolumeIndex: -22
11-11 16:08:48.178 D/APM_AudioPolicyManager( 1028): setVolumeCurveIndex: wrong index 0 min=1 max=7
11-11 16:08:48.178 E/APM_AudioPolicyManager( 1028): setVolumeIndexForAttributes failed to set curve index for group 2 device 0x4000000
11-11 16:08:48.178 E/AudioSystem-JNI( 1169): Command failed for android_media_AudioSystem_setStreamVolumeIndex: -22
11-11 16:08:48.179 D/APM_AudioPolicyManager( 1028): setVolumeCurveIndex: wrong index 0 min=1 max=7
11-11 16:08:48.179 E/APM_AudioPolicyManager( 1028): setVolumeIndexForAttributes failed to set curve index for group 2 device 0x40000000
11-11 16:08:48.179 E/AudioSystem-JNI( 1169): Command failed for android_media_AudioSystem_setStreamVolumeIndex: -22
11-11 16:08:48.209 W/Looper ( 1169): Slow dispatch took 118ms main h=android.app.ActivityThread$H c=android.app.LoadedApk$ReceiverDispatcher$Args$$ExternalSyntheticLambda0@7d4d036 m=0
11-11 16:08:48.210 W/system_server( 1169): Long monitor contention with owner AudioService (1856) at int com.android.server.audio.AudioService$VolumeStreamState.getIndex(int)(AudioService.java:7285) waiters=1 in int com.android.server.audio.AudioService.getDevicesForStreamInt(int) for 129ms
11-11 16:08:48.212 D/RemoteControlService( 2422): Digest: 8F74D1CCE5B6E32F3898A8C225BD56D6EE2042E58A0DE93A5F9D7758BADE10CB
11-11 16:08:48.212 D/RemoteControlService( 2422): Send data length: 133
11-11 16:08:48.213 D/RemoteControlService( 2422): Send message finished. direction: 16, messageType: 19, json: {"name":"music","source":0,"token":"BYdGz1fZZDdu2YZ","type":"volume_change","value":11}
11-11 16:08:48.215 D/RemoteControlService( 2422): RemoteVolumeCommand ResponseSpeedTest - use time: 3962
11-11 16:08:48.215 D/RemoteControlService( 2422): handleMessage called
11-11 16:08:48.215 D/RemoteControlService( 2422): Client-192.168.4.4 handleHeartBeat:287
11-11 16:08:48.215 D/RemoteControlService( 2422): Is not connect command
11-11 16:08:48.215 D/RemoteControlService( 2422): haveControl ? clientcom.thundercomm.remotecontrolservice.RemoteControllerClient@9c510e2
11-11 16:08:48.215 D/RemoteControlService( 2422): Client have control
11-11 16:08:48.217 D/AS.AudioService( 1169): idcm_volume:setIDCMicroVolume(stream=3, index=0, calling=com.thundercomm.remotecontrolservice)
11-11 16:08:48.217 D/AudioIDCMicroNegotiator( 1169): idcm_volume:setIDCMicroVolume
11-11 16:08:48.218 D/AudioIDCMicroNegotiator( 1169): idcm_common:requestResult method = setVolume parameters = {"functionInfo":{"IDCM_VolumeValue_Media":"0"}}
11-11 16:08:48.218 I/MicroServiceManager( 1169): requestResult(setVolume) parameters is{"functionInfo":{"IDCM_VolumeValue_Media":"0"}}.
11-11 16:08:48.241 I/vol.Events( 1933): writeEvent show_dialog volume_changed keyguard=false
11-11 16:08:48.244 D/MicroService( 2075): Send message to IDCM:SocketMessageBean{businessData='21930', srcService='FSEM_AudioService', destService='IDCM_CarAudioService', messageType='0', uuid='1668154128221689255', payloadData={"srcService":"FSEM_AudioService","dstService":"IDCM_CarAudioService","messageType":0,"uuid":1668154128221689255,"methodName":"setVolume","parameters":{"functionInfo":{"IDCM_VolumeValue_Media":"0"}}}}
11-11 16:08:48.250 D/BluetoothDatabase( 1910): getBondedDevicesOrdered: Invalid address for device LocalStorage
11-11 16:08:48.280 I/MicroService( 2075): Receive message: SocketMessageBean{businessData='21930', srcService='IDCM_CarAudioService', destService='FSEM_AudioService', messageType='1', uuid='1668154128221689255', payloadData={"srcService":"IDCM_CarAudioService","dstService":"FSEM_AudioService","methodName":"setVolume","messageType":1,"uuid":1668154128221689255,"parameters":{"functionInfo":{"IDCM_VolumeValue_Media":"0"}}}}
11-11 16:08:48.280 I/MicroService( 2075): onResponse(setVolume): {"functionInfo":{"IDCM_VolumeValue_Media":"0"}}
11-11 16:08:48.281 D/AudioIDCMicroNegotiator( 1169): idcm_common:response from IDCM method = setVolume parameters = {"functionInfo":{"IDCM_VolumeValue_Media":"0"}}
11-11 16:08:48.281 D/AudioIDCMicroNegotiator( 1169): idcm_volume:onSetIDCMicroVolume mIsTimeout= false value = 0 isRequested=true
11-11 16:08:48.282 D/MicroService( 2075): handleHeartBeat:487
11-11 16:08:48.285 D/AudioIDCMicroNegotiator( 1169): idcm_volume:setIDCMicroVolume return 0
11-11 16:08:48.285 D/AS.AudioService( 1169): idcm_volume:setIDCMicroVolume: 0
11-11 16:08:48.302 I/vol.Events( 1933): writeEvent level_changed STREAM_ALARM 1
11-11 16:08:48.302 I/vol.Events( 1933): writeEvent level_changed STREAM_RING 0
11-11 16:08:48.302 I/vol.Events( 1933): writeEvent level_changed STREAM_SYSTEM 0
11-11 16:08:48.305 D/RemoteControlService( 2422): setVolume called, target type: music, target volume 0
11-11 16:08:48.308 D/APM_AudioPolicyManager( 1028): setVolumeCurveIndex: wrong index 0 min=1 max=15
11-11 16:08:48.308 E/APM_AudioPolicyManager( 1028): setVolumeIndexForAttributes failed to set curve index for group 1 device 0x2
11-11 16:08:48.309 E/AudioSystem-JNI( 1169): Command failed for android_media_AudioSystem_setStreamVolumeIndex: -22
11-11 16:08:48.320 D/APM_AudioPolicyManager( 1028): setVolumeCurveIndex: wrong index 0 min=1 max=7
11-11 16:08:48.320 E/APM_AudioPolicyManager( 1028): setVolumeIndexForAttributes failed to set curve index for group 2 device 0x2
11-11 16:08:48.321 E/AudioSystem-JNI( 1169): Command failed for android_media_AudioSystem_setStreamVolumeIndex: -22
11-11 16:08:48.348 D/APM_AudioPolicyManager( 1028): setVolumeCurveIndex: wrong index 0 min=1 max=15
11-11 16:08:48.349 E/APM_AudioPolicyManager( 1028): setVolumeIndexForAttributes failed to set curve index for group 1 device 0x2
11-11 16:08:48.349 E/AudioSystem-JNI( 1169): Command failed for android_media_AudioSystem_setStreamVolumeIndex: -22
11-11 16:08:48.350 D/APM_AudioPolicyManager( 1028): setVolumeCurveIndex: wrong index 0 min=1 max=15
11-11 16:08:48.350 E/APM_AudioPolicyManager( 1028): setVolumeIndexForAttributes failed to set curve index for group 1 device 0x4
11-11 16:08:48.350 E/AudioSystem-JNI( 1169): Command failed for android_media_AudioSystem_setStreamVolumeIndex: -22
11-11 16:08:48.351 D/APM_AudioPolicyManager( 1028): setVolumeCurveIndex: wrong index 0 min=1 max=15
11-11 16:08:48.351 E/APM_AudioPolicyManager( 1028): setVolumeIndexForAttributes failed to set curve index for group 1 device 0x8
11-11 16:08:48.351 E/AudioSystem-JNI( 1169): Command failed for android_media_AudioSystem_setStreamVolumeIndex: -22
11-11 16:08:48.351 D/APM_AudioPolicyManager( 1028): setVolumeCurveIndex: wrong index 0 min=1 max=15
11-11 16:08:48.351 E/APM_AudioPolicyManager( 1028): setVolumeIndexForAttributes failed to set curve index for group 1 device 0x4000000
11-11 16:08:48.352 E/AudioSystem-JNI( 1169): Command failed for android_media_AudioSystem_setStreamVolumeIndex: -22
11-11 16:08:48.352 D/APM_AudioPolicyManager( 1028): setVolumeCurveIndex: wrong index 0 min=1 max=15
