11-11 16:09:11.055 D/Launcher.IconCache( 2600): at com.android.launcher3.icons.IconCache.updateIconsForPkg(IconCache.java:122)
11-11 16:09:11.055 D/Launcher.IconCache( 2600): at com.android.launcher3.model.PackageUpdatedTask.execute(PackageUpdatedTask.java:130)
11-11 16:09:11.055 D/Launcher.IconCache( 2600): at com.android.launcher3.model.BaseModelUpdateTask.run(BaseModelUpdateTask.java:80)
11-11 16:09:11.055 D/Launcher.IconCache( 2600): at com.android.launcher3.util.LooperExecutor.execute(LooperExecutor.java:45)
11-11 16:09:11.055 D/Launcher.IconCache( 2600): at com.android.launcher3.LauncherModel.enqueueModelUpdateTask(LauncherModel.java:555)
11-11 16:09:11.055 D/Launcher.IconCache( 2600): at com.android.launcher3.LauncherModel.onPackageChanged(LauncherModel.java:156)
11-11 16:09:11.055 D/Launcher.IconCache( 2600): at com.android.launcher3.LauncherModel.onAppIconChanged(LauncherModel.java:226)
11-11 16:09:11.055 D/Launcher.IconCache( 2600): at com.android.launcher3.LauncherAppState$IconObserver.onAppIconChanged(LauncherAppState.java:206)
11-11 16:09:11.055 D/Launcher.IconCache( 2600): at com.android.launcher3.icons.IconProvider$IconChangeReceiver.onReceive(IconProvider.java:371)
11-11 16:09:11.055 D/Launcher.IconCache( 2600): at android.app.LoadedApk$ReceiverDispatcher$Args.lambda$getRunnable$0$LoadedApk$ReceiverDispatcher$Args(LoadedApk.java:1679)
11-11 16:09:11.055 D/Launcher.IconCache( 2600): at android.app.LoadedApk$ReceiverDispatcher$Args$$ExternalSyntheticLambda0.run(Unknown Source:2)
11-11 16:09:11.055 D/Launcher.IconCache( 2600): at android.os.Handler.handleCallback(Handler.java:938)
11-11 16:09:11.055 D/Launcher.IconCache( 2600): at android.os.Handler.dispatchMessage(Handler.java:99)
11-11 16:09:11.055 D/Launcher.IconCache( 2600): at android.os.Looper.loopOnce(Looper.java:201)
11-11 16:09:11.055 D/Launcher.IconCache( 2600): at android.os.Looper.loop(Looper.java:288)
11-11 16:09:11.055 D/Launcher.IconCache( 2600): at android.os.HandlerThread.run(HandlerThread.java:67)
11-11 16:09:11.057 D/BaseModelUpdateTask( 2600): BaseModelUpdateTask constructor
11-11 16:09:11.057 D/BaseModelUpdateTask( 2600): java.lang.Exception
11-11 16:09:11.057 D/BaseModelUpdateTask( 2600): at com.android.launcher3.model.BaseModelUpdateTask.(BaseModelUpdateTask.java:57)
11-11 16:09:11.057 D/BaseModelUpdateTask( 2600): at com.android.launcher3.LauncherModel$6.(LauncherModel.java:605)
11-11 16:09:11.057 D/BaseModelUpdateTask( 2600): at com.android.launcher3.LauncherModel.refreshAndBindWidgetsAndShortcuts(LauncherModel.java:605)
11-11 16:09:11.057 D/BaseModelUpdateTask( 2600): at com.android.launcher3.Launcher.refreshAndBindWidgetsForPackageUser(Launcher.java:2862)
11-11 16:09:11.057 D/BaseModelUpdateTask( 2600): at com.android.launcher3.model.PackageUpdatedTask.execute(PackageUpdatedTask.java:139)
11-11 16:09:11.057 D/BaseModelUpdateTask( 2600): at com.android.launcher3.model.BaseModelUpdateTask.run(BaseModelUpdateTask.java:80)
11-11 16:09:11.057 D/BaseModelUpdateTask( 2600): at com.android.launcher3.util.LooperExecutor.execute(LooperExecutor.java:45)
11-11 16:09:11.057 D/BaseModelUpdateTask( 2600): at com.android.launcher3.LauncherModel.enqueueModelUpdateTask(LauncherModel.java:555)
11-11 16:09:11.057 D/BaseModelUpdateTask( 2600): at com.android.launcher3.LauncherModel.onPackageChanged(LauncherModel.java:156)
11-11 16:09:11.057 D/BaseModelUpdateTask( 2600): at com.android.launcher3.LauncherModel.onAppIconChanged(LauncherModel.java:226)
11-11 16:09:11.057 D/BaseModelUpdateTask( 2600): at com.android.launcher3.LauncherAppState$IconObserver.onAppIconChanged(LauncherAppState.java:206)
11-11 16:09:11.057 D/BaseModelUpdateTask( 2600): at com.android.launcher3.icons.IconProvider$IconChangeReceiver.onReceive(IconProvider.java:371)
11-11 16:09:11.057 D/BaseModelUpdateTask( 2600): at android.app.LoadedApk$ReceiverDispatcher$Args.lambda$getRunnable$0$LoadedApk$ReceiverDispatcher$Args(LoadedApk.java:1679)
11-11 16:09:11.057 D/BaseModelUpdateTask( 2600): at android.app.LoadedApk$ReceiverDispatcher$Args$$ExternalSyntheticLambda0.run(Unknown Source:2)
11-11 16:09:11.057 D/BaseModelUpdateTask( 2600): at android.os.Handler.handleCallback(Handler.java:938)
11-11 16:09:11.057 D/BaseModelUpdateTask( 2600): at android.os.Handler.dispatchMessage(Handler.java:99)
11-11 16:09:11.057 D/BaseModelUpdateTask( 2600): at android.os.Looper.loopOnce(Looper.java:201)
11-11 16:09:11.057 D/BaseModelUpdateTask( 2600): at android.os.Looper.loop(Looper.java:288)
11-11 16:09:11.057 D/BaseModelUpdateTask( 2600): at android.os.HandlerThread.run(HandlerThread.java:67)
11-11 16:09:11.057 V/LocSvc_HIDL_IzatSubscription( 846): [timeChangeUpdate][645] [HS] <<<<= [HC]
11-11 16:09:11.058 I/LocSvc_SystemStatusOsObserver( 846): DataItem: IS_TIME_CHANGED: true >> Wiper
11-11 16:09:11.061 D/QC-time-services( 662): Daemon: Connection accepted:time_genoff
11-11 16:09:11.063 D/KeyguardUpdateMonitor( 1933): received broadcast android.intent.action.TIME_SET
11-11 16:09:11.065 D/QC-time-services( 662): Daemon:Received base = 2, unit = 1, operation = 0,value = 1668154151062
11-11 16:09:11.066 D/QC-time-services( 662): Daemon:genoff_opr: Base = 2, val = 1668154151062, operation = 0
11-11 16:09:11.066 I/WidgetsModel( 2600): found whitelist widget: com.android.settings, label: 设置快捷方式, sectionName:S
11-11 16:09:11.066 I/WidgetsModel( 2600): found whitelist widget: com.android.gallery3d, label: 照片, sectionName:T
11-11 16:09:11.066 I/WidgetsModel( 2600): found whitelist widget: com.android.systemui, label: 对话, sectionName:D
11-11 16:09:11.067 I/WidgetsModel( 2600): found whitelist widget: com.android.music, label: 音乐, sectionName:Y
11-11 16:09:11.067 D/QC-time-services( 662): Daemon:Value read from QTimer mseconds = 385053
11-11 16:09:11.067 D/QC-time-services( 662): Daemon:Value read from RTC mseconds on boot = 38000
11-11 16:09:11.068 D/QC-time-services( 662): Daemon:Delta read on boot mseconds = 181
11-11 16:09:11.068 D/KeyguardUpdateMonitor( 1933): handleTimeUpdate
11-11 16:09:11.068 D/QC-time-services( 662): Daemon:new time 1668154151062
11-11 16:09:11.068 D/QC-time-services( 662): Daemon: delta 1668153765828 genoff 1668153765828
11-11 16:09:11.068 D/QC-time-services( 662): Daemon:genoff_persistent_update: Writing genoff = 1668153765828 to memory
11-11 16:09:11.068 D/QC-time-services( 662): Daemon:Opening File: /mnt/vendor/persist/time/ats_2 /data/vendor/time/ats_2
11-11 16:09:11.068 D/ModelWriter( 2600): removing items from db
11-11 16:09:11.068 D/ModelWriter( 2600): java.lang.Exception
11-11 16:09:11.068 D/ModelWriter( 2600): at com.android.launcher3.model.ModelWriter.deleteItemsFromDatabase(ModelWriter.java:280)
11-11 16:09:11.068 D/ModelWriter( 2600): at com.android.launcher3.model.ModelWriter.deleteItemsFromDatabase(ModelWriter.java:268)
11-11 16:09:11.068 D/ModelWriter( 2600): at com.android.launcher3.model.BaseModelUpdateTask.deleteAndBindComponentsRemoved(BaseModelUpdateTask.java:140)
11-11 16:09:11.068 D/ModelWriter( 2600): at com.android.launcher3.model.PackageUpdatedTask.execute(PackageUpdatedTask.java:353)
11-11 16:09:11.068 D/ModelWriter( 2600): at com.android.launcher3.model.BaseModelUpdateTask.run(BaseModelUpdateTask.java:80)
11-11 16:09:11.068 D/ModelWriter( 2600): at com.android.launcher3.util.LooperExecutor.execute(LooperExecutor.java:45)
11-11 16:09:11.068 D/ModelWriter( 2600): at com.android.launcher3.LauncherModel.enqueueModelUpdateTask(LauncherModel.java:555)
11-11 16:09:11.068 D/ModelWriter( 2600): at com.android.launcher3.LauncherModel.onPackageChanged(LauncherModel.java:156)
11-11 16:09:11.068 D/ModelWriter( 2600): at com.android.launcher3.LauncherModel.onAppIconChanged(LauncherModel.java:226)
11-11 16:09:11.068 D/ModelWriter( 2600): at com.android.launcher3.LauncherAppState$IconObserver.onAppIconChanged(LauncherAppState.java:206)
11-11 16:09:11.068 D/ModelWriter( 2600): at com.android.launcher3.icons.IconProvider$IconChangeReceiver.onReceive(IconProvider.java:371)
11-11 16:09:11.068 D/ModelWriter( 2600): at android.app.LoadedApk$ReceiverDispatcher$Args.lambda$getRunnable$0$LoadedApk$ReceiverDispatcher$Args(LoadedApk.java:1679)
11-11 16:09:11.068 D/ModelWriter( 2600): at android.app.LoadedApk$ReceiverDispatcher$Args$$ExternalSyntheticLambda0.run(Unknown Source:2)
11-11 16:09:11.068 D/ModelWriter( 2600): at android.os.Handler.handleCallback(Handler.java:938)
11-11 16:09:11.068 D/ModelWriter( 2600): at android.os.Handler.dispatchMessage(Handler.java:99)
11-11 16:09:11.068 D/ModelWriter( 2600): at android.os.Looper.loopOnce(Looper.java:201)
11-11 16:09:11.068 D/ModelWriter( 2600): at android.os.Looper.loop(Looper.java:288)
11-11 16:09:11.068 D/ModelWriter( 2600): at android.os.HandlerThread.run(HandlerThread.java:67)
11-11 16:09:11.068 D/QC-time-services( 662): Daemon:time_persistent_memory_opr:Genoff write operation
11-11 16:09:11.081 D/BaseModelUpdateTask( 2600): BaseModelUpdateTask constructor
11-11 16:09:11.081 D/BaseModelUpdateTask( 2600): java.lang.Exception
11-11 16:09:11.081 D/BaseModelUpdateTask( 2600): at com.android.launcher3.model.BaseModelUpdateTask.(BaseModelUpdateTask.java:57)
11-11 16:09:11.081 D/BaseModelUpdateTask( 2600): at com.android.launcher3.model.AddWorkspaceItemsTask.(AddWorkspaceItemsTask.java:58)
11-11 16:09:11.081 D/BaseModelUpdateTask( 2600): at com.android.launcher3.LauncherModel.addAndBindAddedWorkspaceItems(LauncherModel.java:145)
11-11 16:09:11.081 D/BaseModelUpdateTask( 2600): at com.android.launcher3.model.PackageUpdatedTask.updateToWorkSpace(PackageUpdatedTask.java:406)
11-11 16:09:11.081 D/BaseModelUpdateTask( 2600): at com.android.launcher3.model.PackageUpdatedTask.execute(PackageUpdatedTask.java:370)
11-11 16:09:11.081 D/BaseModelUpdateTask( 2600): at com.android.launcher3.model.BaseModelUpdateTask.run(BaseModelUpdateTask.java:80)
11-11 16:09:11.081 D/BaseModelUpdateTask( 2600): at com.android.launcher3.util.LooperExecutor.execute(LooperExecutor.java:45)
11-11 16:09:11.081 D/BaseModelUpdateTask( 2600): at com.android.launcher3.LauncherModel.enqueueModelUpdateTask(LauncherModel.java:555)
11-11 16:09:11.081 D/BaseModelUpdateTask( 2600): at com.android.launcher3.LauncherModel.onPackageChanged(LauncherModel.java:156)
11-11 16:09:11.081 D/BaseModelUpdateTask( 2600): at com.android.launcher3.LauncherModel.onAppIconChanged(LauncherModel.java:226)
11-11 16:09:11.081 D/BaseModelUpdateTask( 2600): at com.android.launcher3.LauncherAppState$IconObserver.onAppIconChanged(LauncherAppState.java:206)
11-11 16:09:11.081 D/BaseModelUpdateTask( 2600): at com.android.launcher3.icons.IconProvider$IconChangeReceiver.onReceive(IconProvider.java:371)
11-11 16:09:11.081 D/BaseModelUpdateTask( 2600): at android.app.LoadedApk$ReceiverDispatcher$Args.lambda$getRunnable$0$LoadedApk$ReceiverDispatcher$Args(LoadedApk.java:1679)
11-11 16:09:11.081 D/BaseModelUpdateTask( 2600): at android.app.LoadedApk$ReceiverDispatcher$Args$$ExternalSyntheticLambda0.run(Unknown Source:2)
11-11 16:09:11.081 D/BaseModelUpdateTask( 2600): at android.os.Handler.handleCallback(Handler.java:938)
11-11 16:09:11.081 D/BaseModelUpdateTask( 2600): at android.os.Handler.dispatchMessage(Handler.java:99)
11-11 16:09:11.081 D/BaseModelUpdateTask( 2600): at android.os.Looper.loopOnce(Looper.java:201)
11-11 16:09:11.081 D/BaseModelUpdateTask( 2600): at android.os.Looper.loop(Looper.java:288)
11-11 16:09:11.081 D/BaseModelUpdateTask( 2600): at android.os.HandlerThread.run(HandlerThread.java:67)
11-11 16:09:11.097 D/QC-time-services( 662): Updating the TOD offset
11-11 16:09:11.097 D/QC-time-services( 662): Daemon:genoff_persistent_update: Writing genoff = 1668153765828 to memory
11-11 16:09:11.097 D/QC-time-services( 662): Daemon:Opening File: /mnt/vendor/persist/time/ats_1 /data/vendor/time/ats_1
11-11 16:09:11.097 D/QC-time-services( 662): Daemon:time_persistent_memory_opr:Genoff write operation
11-11 16:09:11.108 D/QC-time-services( 662): Daemon:genoff_set: Updating the WLAN offset
11-11 16:09:11.108 D/QC-time-services( 662): Daemon:genoff_persistent_update: Writing genoff = 1668153765828 to memory
11-11 16:09:11.108 D/QC-time-services( 662): Daemon:Opening File: /mnt/vendor/persist/time/ats_16 /data/vendor/time/ats_16
11-11 16:09:11.108 D/QC-time-services( 662): Daemon:time_persistent_memory_opr:Genoff write operation
11-11 16:09:11.115 E/QC-time-services( 662): Daemon: Time-services: Waiting to acceptconnection
11-11 16:09:11.116 D/TimeService( 2641): Set time successfully!
11-11 16:09:11.244 I/mpu_uart( 664): [MSG-P:RECV]:No message received in 1000 ms
11-11 16:09:11.843 W/dcm_main( 1761): type=1400 audit(0.0:677): avc: denied { kill } for capability=5 scontext=u:r:hht_ota_mgr:s0 tcontext=u:r:hht_ota_mgr:s0 tclass=capability permissive=0
11-11 16:09:12.245 I/mpu_uart( 664): [MSG-P:RECV]:No message received in 1000 ms
11-11 16:09:12.295 I/mpu_uart( 664): [MSG-P:R]:recv sync frame timeout
11-11 16:09:12.941 D/RemoteControlService( 2422): heart beat timer called
11-11 16:09:12.988 D/MicroService( 2075): handleHeartBeat:514
11-11 16:09:13.247 I/mpu_uart( 664): [MSG-P:RECV]:No message received in 1000 ms
11-11 16:09:13.843 W/swapper/1( 0): type=1400 audit(0.0:678): avc: denied { kill } for capability=5 scontext=u:r:kernel:s0 tcontext=u:r:kernel:s0 tclass=capability permissive=0
11-11 16:09:14.248 I/mpu_uart( 664): [MSG-P:RECV]:No message received in 1000 ms
11-11 16:09:14.843 W/swapper/1( 0): type=1400 audit(0.0:679): avc: denied { kill } for capability=5 scontext=u:r:kernel:s0 tcontext=u:r:kernel:s0 tclass=capability permissive=0
11-11 16:09:14.979 I/MicroService( 2075): Receive message: SocketMessageBean{businessData='21930', srcService='IDCM_COM', destService='FSEM_COM', messageType='2', uuid='0', payloadData={
11-11 16:09:14.979 I/MicroService( 2075): "dstService" : "FSEM_COM",
11-11 16:09:14.979 I/MicroService( 2075): "messageType" : 2,
11-11 16:09:14.979 I/MicroService( 2075): "methodName" : "startup",
11-11 16:09:14.979 I/MicroService( 2075): "parameters" : {
11-11 16:09:14.979 I/MicroService( 2075): "crash" : "true"
11-11 16:09:14.979 I/MicroService( 2075): },
11-11 16:09:14.979 I/MicroService( 2075): "srcService" : "IDCM_COM",
11-11 16:09:14.979 I/MicroService( 2075): "uuid" : 0
11-11 16:09:14.979 I/MicroService( 2075): }
11-11 16:09:14.979 I/MicroService( 2075): }
11-11 16:09:14.997 D/MicroService( 2075): Send message to IDCM:SocketMessageBean{businessData='21930', srcService='FSEM_COM', destService='IDCM_COM', messageType='2', uuid='1668154154979478982', payloadData={"srcService":"FSEM_COM","dstService":"IDCM_COM","messageType":2,"uuid":1668154154979478982,"methodName":"handShake","parameters":{"clientName":"FSEM_COM","clientVersion":"01.10"}}}
11-11 16:09:15.035 I/MicroService( 2075): Receive message: SocketMessageBean{businessData='21930', srcService='IDCM_COM', destService='FSEM_COM', messageType='2', uuid='1668154154979478982', payloadData={
11-11 16:09:15.035 I/MicroService( 2075): "srcService":"IDCM_COM",
11-11 16:09:15.035 I/MicroService( 2075): "dstService":"FSEM_COM",
11-11 16:09:15.035 I/MicroService( 2075): "messageType":2,
11-11 16:09:15.035 I/MicroService( 2075): "uuid":1668154154979478982,
11-11 16:09:15.035 I/MicroService( 2075): "methodName":"handShake",
11-11 16:09:15.035 I/MicroService( 2075): "parameters":{"result":"true","serverName":"IDCM_COM","serverVersion":"01.01"}
11-11 16:09:15.035 I/MicroService( 2075): }}
11-11 16:09:15.036 I/MicroService( 2075): Client connect status changed. Status: 1
11-11 16:09:15.036 D/MicroService( 2075): startHeartBeat Timer
11-11 16:09:15.036 D/MicroService( 2075): is started
11-11 16:09:15.036 I/MicroService( 2075): onConnectStateChanged: 1
11-11 16:09:15.037 I/MicroService( 2075): onConnectStateChanged count = 2
11-11 16:09:15.038 D/AudioIDCMicroNegotiator( 1169): idcm_common:onConnectStateChange: 1
11-11 16:09:15.039 D/MicroSettings: SettingMicroservices( 2108): onNettyConnectState: 1mLastNettyState: 1
11-11 16:09:15.047 I/MicroService( 2075): Receive message: SocketMessageBean{businessData='21930', srcService='IDCM_HHServer', destService='FSEM_SettingService', messageType='0', uuid='1668154155497853000', payloadData={
11-11 16:09:15.047 I/MicroService( 2075): "dstService" : "FSEM_SettingService",
11-11 16:09:15.047 I/MicroService( 2075): "messageType" : 0,
11-11 16:09:15.047 I/MicroService( 2075): "methodName" : "sendBrightness",
11-11 16:09:15.047 I/MicroService( 2075): "parameters" : {
11-11 16:09:15.047 I/MicroService( 2075): "IDCM_BrightValue" : 20
11-11 16:09:15.047 I/MicroService( 2075): },
11-11 16:09:15.047 I/MicroService( 2075): "srcService" : "IDCM_HHServer",
11-11 16:09:15.047 I/MicroService( 2075): "uuid" : 1668154155497853000
11-11 16:09:15.047 I/MicroService( 2075): }
11-11 16:09:15.047 I/MicroService( 2075): }
11-11 16:09:15.047 I/MicroService( 2075): onRequest(sendBrightness): {"IDCM_BrightValue":20}
11-11 16:09:15.049 D/MicroSettings: ITCMicroCommonCallback( 2108): get request method = sendBrightness parameters = {"IDCM_BrightValue":20}
11-11 16:09:15.056 D/MicroService( 2075): handleHeartBeat:515
11-11 16:09:15.062 I/MicroService( 2075): Receive message: SocketMessageBean{businessData='21930', srcService='IDCM_HHServer', destService='FSEM_SettingService', messageType='0', uuid='1668154155504671000', payloadData={
11-11 16:09:15.062 I/MicroService( 2075): "dstService" : "FSEM_SettingService",
11-11 16:09:15.062 I/MicroService( 2075): "messageType" : 0,
11-11 16:09:15.062 I/MicroService( 2075): "methodName" : "syncTime",
11-11 16:09:15.062 I/MicroService( 2075): "parameters" : {
11-11 16:09:15.062 I/MicroService( 2075): "IDCM_Time_12_24" : "24",
11-11 16:09:15.062 I/MicroService( 2075): "IDCM_Timestamp" : 1668154155000,
11-11 16:09:15.062 I/MicroService( 2075): "IDCM_Timezone" : "Asia/Shanghai"
11-11 16:09:15.062 I/MicroService( 2075): },
11-11 16:09:15.062 I/MicroService( 2075): "srcService" : "IDCM_HHServer",
11-11 16:09:15.062 I/MicroService( 2075): "uuid" : 1668154155504671000
11-11 16:09:15.062 I/MicroService( 2075): }
11-11 16:09:15.062 I/MicroService( 2075): }
11-11 16:09:15.063 I/MicroService( 2075): onRequest(syncTime): {"IDCM_Time_12_24":"24","IDCM_Timestamp":1668154155000,"IDCM_Timezone":"Asia\/Shanghai"}
11-11 16:09:15.064 D/MicroSettings: ITCMicroCommonCallback( 2108): get request method = syncTime parameters = {"IDCM_Time_12_24":"24","IDCM_Timestamp":1668154155000,"IDCM_Timezone":"Asia\/Shanghai"}
11-11 16:09:15.064 D/MicroSettings: SetTimeAction( 2108): current timestamp: 1668154155064
11-11 16:09:15.064 D/MicroSettings: SetTimeAction( 2108): setTime: 1668154155000
11-11 16:09:15.064 D/AlarmManagerService( 1169): Setting time of day to sec=1668154155
11-11 16:09:15.001 W/AlarmManagerService( 1169): Unable to set rtc to 1668154155: Permission denied
11-11 16:09:15.008 I/MicroService( 2075): Receive message: SocketMessageBean{businessData='21930', srcService='IDCM_MultiScreenService', destService='FSEM_SettingService', messageType='0', uuid='2349720738529', payloadData={"srcService":"IDCM_MultiScreenService","dstService":"FSEM_SettingService","messageType":0,"uuid":2349720738529,"methodName":"getScreenDisplay","parameters":{"ScreenDisplay":0}}}
11-11 16:09:15.008 I/MicroService( 2075): onRequest(getScreenDisplay): {"ScreenDisplay":0}
11-11 16:09:15.017 I/MicroService( 2075): Receive message: SocketMessageBean{businessData='21930', srcService='IDCM_IVIInfoService', destService='FSEM_SettingService', messageType='0', uuid='2349721444154', payloadData={"srcService":"IDCM_IVIInfoService","dstService":"FSEM_SettingService","messageType":0,"uuid":2349721444154,"methodName":"WifiInfo","parameters":{"status":1,"level":3}}}
11-11 16:09:15.017 I/MicroService( 2075): onRequest(WifiInfo): {"status":1,"level":3}
11-11 16:09:15.184 I/mpu_uart( 664): [MSG-P:RECV]:No message received in 1000 ms
11-11 16:09:15.233 I/mpu_uart( 664): [MSG-P:R]:recv sync frame timeout
11-11 16:09:15.779 W/swapper/1( 0): type=1400 audit(0.0:680): avc: denied { kill } for capability=5 scontext=u:r:kernel:s0 tcontext=u:r:kernel:s0 tclass=capability permissive=0
11-11 16:09:16.000 D/CompatibilityInfo( 1169): mCompatibilityFlags - 4
11-11 16:09:16.001 D/CompatibilityInfo( 1169): applicationDensity - 240
11-11 16:09:16.001 D/CompatibilityInfo( 1169): applicationScale - 1.0
11-11 16:09:16.003 D/MicroSettings: SetTimeAction( 2108): setTimezone: Asia/Shanghai
11-11 16:09:16.005 D/AlarmManagerService( 1169): Kernel timezone updated to -480 minutes west of GMT
11-11 16:09:16.012 D/CompatibilityInfo( 1169): mCompatibilityFlags - 4
11-11 16:09:16.013 D/CompatibilityInfo( 1169): applicationDensity - 240
11-11 16:09:16.013 D/CompatibilityInfo( 1169): applicationScale - 1.0
11-11 16:09:16.185 I/mpu_uart( 664): [MSG-P:RECV]:No message received in 1000 ms
11-11 16:09:16.779 W/swapper/1( 0): type=1400 audit(0.0:681): avc: denied { kill } for capability=5 scontext=u:r:kernel:s0 tcontext=u:r:kernel:s0 tclass=capability permissive=0
11-11 16:09:16.846 D/RemoteControlService( 2422): getEvent: clientSocket = Socket[address=/192.168.4.4,port=36211,localPort=12600]
11-11 16:09:16.848 D/RemoteControlService( 2422): run: called
11-11 16:09:16.848 D/RemoteControlService( 2422): getEvent: start waiting...
11-11 16:09:16.850 E/RemoteControlService( 2422): Enter ListenSocketRunnable
11-11 16:09:16.852 D/RemoteControlService( 2422): After desEncrypt json is [{"source":0,"token":"BYdGz1fZZDdu2YZ"}]
11-11 16:09:16.853 D/RemoteControlService( 2422): buildRemoteCommand:type=7
11-11 16:09:16.853 D/RemoteControlService( 2422): Request params: BaseRequestCommandBean{source=0, token='BYdGz1fZZDdu2YZ', type='null', value='null'}
11-11 16:09:16.855 D/RemoteControlService( 2422): handleMessage called
11-11 16:09:16.855 D/RemoteControlService( 2422): Client-192.168.4.4 handleHeartBeat:299
11-11 16:09:16.856 D/RemoteControlService( 2422): Client have control
11-11 16:09:16.856 D/RemoteControlService( 2422): Digest: 3E10D432E48A34EC54C6AC499FF7E9B59DDAB20D1396B6CF20B04D371C8AB3D5
11-11 16:09:16.857 D/RemoteControlService( 2422): Send data length: 117
11-11 16:09:16.858 D/RemoteControlService( 2422): Send message finished. direction: 16, messageType: 7, json: {"source":0,"token":"BYdGz1fZZDdu2YZ","type":"heart_beat","value":1}
11-11 16:09:16.860 D/RemoteControlService( 2422): HeartBeatCommand ResponseSpeedTest - use time: 14
11-11 16:09:16.866 D/RemoteControlService( 2422): getEvent: clientSocket = Socket[address=/192.168.4.4,port=38835,localPort=12600]
11-11 16:09:16.867 D/RemoteControlService( 2422): run: called
11-11 16:09:16.867 D/RemoteControlService( 2422): getEvent: start waiting...
11-11 16:09:16.868 E/RemoteControlService( 2422): Enter ListenSocketRunnable
11-11 16:09:16.870 D/RemoteControlService( 2422): After desEncrypt json is [{"source":0,"token":"BYdGz1fZZDdu2YZ"}]
11-11 16:09:16.870 D/RemoteControlService( 2422): buildRemoteCommand:type=23
11-11 16:09:16.870 D/RemoteControlService( 2422): Request params: BaseRequestCommandBean{source=0, token='BYdGz1fZZDdu2YZ', type='null', value='null'}
11-11 16:09:16.870 D/RemoteControlService( 2422): handleMessage called
11-11 16:09:16.870 D/RemoteControlService( 2422): Client-192.168.4.4 handleHeartBeat:300
11-11 16:09:16.870 D/RemoteControlService( 2422): Is not connect command
11-11 16:09:16.871 D/RemoteControlService( 2422): haveControl ? clientcom.thundercomm.remotecontrolservice.RemoteControllerClient@9c510e2
11-11 16:09:16.871 D/RemoteControlService( 2422): Client have control
11-11 16:09:16.877 I/RemoteControlService( 2422): RemoteVolumeQueryCommand doAction send message: {"source":0,"token":"BYdGz1fZZDdu2YZ","type":"current_volume","value":[{"name":"music","value":0,"value_max":39},{"name":"alarm","value":0,"value_max":7},{"name":"ring","value":0,"value_max":7}]}
11-11 16:09:16.877 D/RemoteControlService( 2422): Digest: 8003FC59590A1EADDBC9BB1591C7F61FF66BB56D2ED95209B5FE39C43B96BA3F
11-11 16:09:16.878 D/RemoteControlService( 2422): Send data length: 245
11-11 16:09:16.878 D/RemoteControlService( 2422): Send message finished. direction: 16, messageType: 23, json: {"source":0,"token":"BYdGz1fZZDdu2YZ","type":"current_volume","value":[{"name":"music","value":0,"value_max":39},{"name":"alarm","value":0,"value_max":7},{"name":"ring","value":0,"value_max":7}]}
11-11 16:09:16.878 D/RemoteControlService( 2422): getEvent: clientSocket = Socket[address=/192.168.4.4,port=56143,localPort=12600]
11-11 16:09:16.879 D/RemoteControlService( 2422): run: called
11-11 16:09:16.879 D/RemoteControlService( 2422): getEvent: start waiting...
11-11 16:09:16.879 E/RemoteControlService( 2422): Enter ListenSocketRunnable
11-11 16:09:16.879 D/RemoteControlService( 2422): RemoteVolumeQueryCommand ResponseSpeedTest - use time: 13
11-11 16:09:16.880 D/RemoteControlService( 2422): After desEncrypt json is [{"source":0,"token":"BYdGz1fZZDdu2YZ"}]
11-11 16:09:16.880 D/RemoteControlService( 2422): buildRemoteCommand:type=37
11-11 16:09:16.881 D/RemoteControlService( 2422): Request params: BaseRequestCommandBean{source=0, token='BYdGz1fZZDdu2YZ', type='null', value='null'}
11-11 16:09:16.881 D/RemoteControlService( 2422): handleMessage called
11-11 16:09:16.881 D/RemoteControlService( 2422): Client-192.168.4.4 handleHeartBeat:301
11-11 16:09:16.881 D/RemoteControlService( 2422): Is not connect command
11-11 16:09:16.881 D/RemoteControlService( 2422): haveControl ? clientcom.thundercomm.remotecontrolservice.RemoteControllerClient@9c510e2
11-11 16:09:16.881 D/RemoteControlService( 2422): Client have control
11-11 16:09:16.882 I/RemoteControlService( 2422): RemoteScreenStatusQueryCommand doAction send message: {"source":0,"token":"BYdGz1fZZDdu2YZ","type":"current_screen_status","value":"screen_on"}
11-11 16:09:16.882 D/RemoteControlService( 2422): Digest: E9EFD37AAABED9512BF5DF5F30BE0922A32CB6A47EF6CBF6DC18393A23DD5924
11-11 16:09:16.883 D/RemoteControlService( 2422): Send data length: 133
11-11 16:09:16.883 D/RemoteControlService( 2422): Send message finished. direction: 16, messageType: 37, json: {"source":0,"token":"BYdGz1fZZDdu2YZ","type":"current_screen_status","value":"screen_on"}
11-11 16:09:16.884 D/RemoteControlService( 2422): RemoteScreenStatusQueryCommand ResponseSpeedTest - use time: 6
11-11 16:09:16.967 D/MicroService( 2075): handleHeartBeat:516
11-11 16:09:17.011 W/ContextImpl( 2108): Calling a method in the system process without a qualified user: android.app.ContextImpl.sendBroadcast:1173 android.content.ContextWrapper.sendBroadcast:479 com.thundercomm.microsettings.action.SetTimeAction.timeUpdated:212 com.thundercomm.microsettings.action.SetTimeAction.update24HourFormat:194 com.thundercomm.microsettings.action.SetTimeAction.doActualAction:154
11-11 16:09:17.016 D/MicroService( 2075): handleHeartBeat:517
11-11 16:09:17.016 W/mm.microservic( 2075): Long monitor contention with owner Thread-953 (5917) at void com.thundercomm.microservice.MicroService.request(com.thundercomm.microservice.ITCMicroBean)(MicroService.java:342) waiters=0 in void com.thundercomm.microservice.MicroService.request(com.thundercomm.microservice.ITCMicroBean) for 2.008s
11-11 16:09:17.022 D/MicroSettings: ITCMicroCommonCallback( 2108): get request method = getScreenDisplay parameters = {"ScreenDisplay":0}
11-11 16:09:17.023 I/MicroServiceManager( 2108): requestResult(reportScreenDisplay) parameters is{"reportScreenDisplay":1}.
11-11 16:09:17.023 D/MicroSettings: GetScreenDisplayAction( 2108): report screen status
11-11 16:09:17.023 D/MicroService( 2075): handleHeartBeat:518
11-11 16:09:17.026 D/MicroSettings: ITCMicroCommonCallback( 2108): get request method = WifiInfo parameters = {"status":1,"level":3}
11-11 16:09:17.026 D/MicroSettings: NetworkSwitchUtil( 2108): syncNetStatus:wifi is true
11-11 16:09:17.034 D/MicroService( 2075): handleHeartBeat:519
11-11 16:09:17.039 D/MicroService( 2075): Send message to IDCM:SocketMessageBean{businessData='21930', srcService='FSEM_SettingService', destService='IDCM_MultiScreenService', messageType='0', uuid='1668154157023148564', payloadData={"srcService":"FSEM_SettingService","dstService":"IDCM_MultiScreenService","messageType":0,"uuid":1668154157023148564,"methodName":"reportScreenDisplay","parameters":{"reportScreenDisplay":1}}}
11-11 16:09:17.039 D/DevicePolicyManager( 1169): updateSystemUpdateFreezePeriodsRecord
11-11 16:09:17.039 D/ConditionProviders.SCP( 1169): onReceive android.intent.action.TIME_SET
11-11 16:09:17.040 D/ConditionProviders.SCP( 1169): evaluateSubscriptionLocked cal=ScheduleCalendar[mDays={1, 2, 3, 4, 5, 6, 7}, mSchedule=ScheduleInfo{days=[1, 2, 3, 4, 5, 6, 7], startHour=22, startMinute=0, endHour=7, endMinute=0, exitAtAlarm=true, nextAlarm=Thu Jan 01 08:00:00 GMT+08:00 1970 (0)}], now=Fri Nov 11 16:09:17 GMT+08:00 2022 (1668154157039), nextUserAlarmTime=Thu Jan 01 08:00:00 GMT+08:00 1970 (0)
11-11 16:09:17.040 D/ConditionProviders.SCP( 1169): notifyCondition condition://android/schedule?days=1.2.3.4.5.6.7&start=22.0&end=7.0&exitAtAlarm=true STATE_FALSE reason=!meetsSchedule
11-11 16:09:17.042 D/IconProvider( 2600): onReceive: android.intent.action.TIME_SET
11-11 16:09:17.042 D/IconProvider( 2600): onReceive: android.intent.action.TIME_SET
11-11 16:09:17.043 D/CompatibilityInfo( 1169): mCompatibilityFlags - 4
11-11 16:09:17.043 D/CompatibilityInfo( 1169): applicationDensity - 240
11-11 16:09:17.043 D/CompatibilityInfo( 1169): applicationScale - 1.0
11-11 16:09:17.043 D/BaseModelUpdateTask( 2600): BaseModelUpdateTask constructor
11-11 16:09:17.043 D/BaseModelUpdateTask( 2600): java.lang.Exception
11-11 16:09:17.043 D/BaseModelUpdateTask( 2600): at com.android.launcher3.model.BaseModelUpdateTask.(BaseModelUpdateTask.java:57)
11-11 16:09:17.043 D/BaseModelUpdateTask( 2600): at com.android.launcher3.model.PackageUpdatedTask.(PackageUpdatedTask.java:88)
11-11 16:09:17.043 D/BaseModelUpdateTask( 2600): at com.android.launcher3.LauncherModel.onPackageChanged(LauncherModel.java:156)
11-11 16:09:17.043 D/BaseModelUpdateTask( 2600): at com.android.launcher3.LauncherModel.onAppIconChanged(LauncherModel.java:226)
11-11 16:09:17.043 D/BaseModelUpdateTask( 2600): at com.android.launcher3.LauncherAppState$IconObserver.onAppIconChanged(LauncherAppState.java:206)
11-11 16:09:17.043 D/BaseModelUpdateTask( 2600): at com.android.launcher3.icons.IconProvider$IconChangeReceiver.onReceive(IconProvider.java:371)
11-11 16:09:17.043 D/BaseModelUpdateTask( 2600): at android.app.LoadedApk$ReceiverDispatcher$Args.lambda$getRunnable$0$LoadedApk$ReceiverDispatcher$Args(LoadedApk.java:1679)
11-11 16:09:17.043 D/BaseModelUpdateTask( 2600): at android.app.LoadedApk$ReceiverDispatcher$Args$$ExternalSyntheticLambda0.run(Unknown Source:2)
11-11 16:09:17.043 D/BaseModelUpdateTask( 2600): at android.os.Handler.handleCallback(Handler.java:938)
11-11 16:09:17.043 D/BaseModelUpdateTask( 2600): at android.os.Handler.dispatchMessage(Handler.java:99)
11-11 16:09:17.043 D/BaseModelUpdateTask( 2600): at android.os.Looper.loopOnce(Looper.java:201)
11-11 16:09:17.043 D/BaseModelUpdateTask( 2600): at android.os.Looper.loop(Looper.java:288)
11-11 16:09:17.043 D/BaseModelUpdateTask( 2600): at android.os.HandlerThread.run(HandlerThread.java:67)
11-11 16:09:17.043 W/QCC:PeriodicCI( 2513): [ERROR] Current time is wrong, status=3
11-11 16:09:17.044 D/PackageUpdatedTask( 2600): PackageUpdatedTask constructor: op=2,user=UserHandle{0},packages=[com.android.calendar]
11-11 16:09:17.044 D/PackageUpdatedTask( 2600): java.lang.Exception
11-11 16:09:17.044 D/PackageUpdatedTask( 2600): at com.android.launcher3.model.PackageUpdatedTask.(PackageUpdatedTask.java:93)
11-11 16:09:17.044 D/PackageUpdatedTask( 2600): at com.android.launcher3.LauncherModel.onPackageChanged(LauncherModel.java:156)
11-11 16:09:17.044 D/PackageUpdatedTask( 2600): at com.android.launcher3.LauncherModel.onAppIconChanged(LauncherModel.java:226)
11-11 16:09:17.044 D/PackageUpdatedTask( 2600): at com.android.launcher3.LauncherAppState$IconObserver.onAppIconChanged(LauncherAppState.java:206)
11-11 16:09:17.044 D/PackageUpdatedTask( 2600): at com.android.launcher3.icons.IconProvider$IconChangeReceiver.onReceive(IconProvider.java:371)
11-11 16:09:17.044 D/PackageUpdatedTask( 2600): at android.app.LoadedApk$ReceiverDispatcher$Args.lambda$getRunnable$0$LoadedApk$ReceiverDispatcher$Args(LoadedApk.java:1679)
11-11 16:09:17.044 D/PackageUpdatedTask( 2600): at android.app.LoadedApk$ReceiverDispatcher$Args$$ExternalSyntheticLambda0.run(Unknown Source:2)
11-11 16:09:17.044 D/PackageUpdatedTask( 2600): at android.os.Handler.handleCallback(Handler.java:938)
11-11 16:09:17.044 D/PackageUpdatedTask( 2600): at android.os.Handler.dispatchMessage(Handler.java:99)
11-11 16:09:17.044 D/PackageUpdatedTask( 2600): at android.os.Looper.loopOnce(Looper.java:201)
11-11 16:09:17.044 D/PackageUpdatedTask( 2600): at android.os.Looper.loop(Looper.java:288)
11-11 16:09:17.044 D/PackageUpdatedTask( 2600): at android.os.HandlerThread.run(HandlerThread.java:67)
11-11 16:09:17.044 D/ConditionProviders.SCP( 1169): Scheduling evaluate for Fri Nov 11 22:00:00 GMT+08:00 2022 (1668175200000), in +5h50m42s961ms, now=Fri Nov 11 16:09:17 GMT+08:00 2022 (1668154157039)
11-11 16:09:17.046 D/Launcher.IconCache( 2600): Package not found
11-11 16:09:17.046 D/Launcher.IconCache( 2600): android.content.pm.PackageManager$NameNotFoundException: com.android.calendar
11-11 16:09:17.046 D/Launcher.IconCache( 2600): at android.app.ApplicationPackageManager.getPackageInfoAsUser(ApplicationPackageManager.java:241)
11-11 16:09:17.046 D/Launcher.IconCache( 2600): at android.app.ApplicationPackageManager.getPackageInfo(ApplicationPackageManager.java:213)
11-11 16:09:17.046 D/Launcher.IconCache( 2600): at com.android.launcher3.icons.IconCache.updateIconsForPkg(IconCache.java:122)
11-11 16:09:17.046 D/Launcher.IconCache( 2600): at com.android.launcher3.model.PackageUpdatedTask.execute(PackageUpdatedTask.java:130)
11-11 16:09:17.046 D/Launcher.IconCache( 2600): at com.android.launcher3.model.BaseModelUpdateTask.run(BaseModelUpdateTask.java:80)
11-11 16:09:17.046 D/Launcher.IconCache( 2600): at com.android.launcher3.util.LooperExecutor.execute(LooperExecutor.java:45)
11-11 16:09:17.046 D/Launcher.IconCache( 2600): at com.android.launcher3.LauncherModel.enqueueModelUpdateTask(LauncherModel.java:555)
11-11 16:09:17.046 D/Launcher.IconCache( 2600): at com.android.launcher3.LauncherModel.onPackageChanged(LauncherModel.java:156)
11-11 16:09:17.046 D/Launcher.IconCache( 2600): at com.android.launcher3.LauncherModel.onAppIconChanged(LauncherModel.java:226)
11-11 16:09:17.046 D/Launcher.IconCache( 2600): at com.android.launcher3.LauncherAppState$IconObserver.onAppIconChanged(LauncherAppState.java:206)
11-11 16:09:17.046 D/Launcher.IconCache( 2600): at com.android.launcher3.icons.IconProvider$IconChangeReceiver.onReceive(IconProvider.java:371)
11-11 16:09:17.046 D/Launcher.IconCache( 2600): at android.app.LoadedApk$ReceiverDispatcher$Args.lambda$getRunnable$0$LoadedApk$ReceiverDispatcher$Args(LoadedApk.java:1679)
11-11 16:09:17.046 D/Launcher.IconCache( 2600): at android.app.LoadedApk$ReceiverDispatcher$Args$$ExternalSyntheticLambda0.run(Unknown Source:2)
11-11 16:09:17.046 D/Launcher.IconCache( 2600): at android.os.Handler.handleCallback(Handler.java:938)
11-11 16:09:17.046 D/Launcher.IconCache( 2600): at android.os.Handler.dispatchMessage(Handler.java:99)
11-11 16:09:17.046 D/Launcher.IconCache( 2600): at android.os.Looper.loopOnce(Looper.java:201)
11-11 16:09:17.046 D/Launcher.IconCache( 2600): at android.os.Looper.loop(Looper.java:288)
11-11 16:09:17.046 D/Launcher.IconCache( 2600): at android.os.HandlerThread.run(HandlerThread.java:67)
11-11 16:09:17.046 D/OsAgent ( 2840): [time_change_update][3164] [HC] =>> [HS]
11-11 16:09:17.047 D/BaseModelUpdateTask( 2600): BaseModelUpdateTask constructor
11-11 16:09:17.047 D/BaseModelUpdateTask( 2600): java.lang.Exception
11-11 16:09:17.047 D/BaseModelUpdateTask( 2600): at com.android.launcher3.model.BaseModelUpdateTask.(BaseModelUpdateTask.java:57)
11-11 16:09:17.047 D/BaseModelUpdateTask( 2600): at com.android.launcher3.LauncherModel$6.(LauncherModel.java:605)
11-11 16:09:17.047 D/BaseModelUpdateTask( 2600): at com.android.launcher3.LauncherModel.refreshAndBindWidgetsAndShortcuts(LauncherModel.java:605)
11-11 16:09:17.047 D/BaseModelUpdateTask( 2600): at com.android.launcher3.Launcher.refreshAndBindWidgetsForPackageUser(Launcher.java:2862)
11-11 16:09:17.047 D/BaseModelUpdateTask( 2600): at com.android.launcher3.model.PackageUpdatedTask.execute(PackageUpdatedTask.java:139)
11-11 16:09:17.047 D/BaseModelUpdateTask( 2600): at com.android.launcher3.model.BaseModelUpdateTask.run(BaseModelUpdateTask.java:80)
11-11 16:09:17.047 D/BaseModelUpdateTask( 2600): at com.android.launcher3.util.LooperExecutor.execute(LooperExecutor.java:45)
11-11 16:09:17.047 D/BaseModelUpdateTask( 2600): at com.android.launcher3.LauncherModel.enqueueModelUpdateTask(LauncherModel.java:555)
11-11 16:09:17.047 D/BaseModelUpdateTask( 2600): at com.android.launcher3.LauncherModel.onPackageChanged(LauncherModel.java:156)
11-11 16:09:17.047 D/BaseModelUpdateTask( 2600): at com.android.launcher3.LauncherModel.onAppIconChanged(LauncherModel.java:226)
11-11 16:09:17.047 D/BaseModelUpdateTask( 2600): at com.android.launcher3.LauncherAppState$IconObserver.onAppIconChanged(LauncherAppState.java:206)
11-11 16:09:17.047 D/BaseModelUpdateTask( 2600): at com.android.launcher3.icons.IconProvider$IconChangeReceiver.onReceive(IconProvider.java:371)
11-11 16:09:17.047 D/BaseModelUpdateTask( 2600): at android.app.LoadedApk$ReceiverDispatcher$Args.lambda$getRunnable$0$LoadedApk$ReceiverDispatcher$Args(LoadedApk.java:1679)
11-11 16:09:17.047 D/BaseModelUpdateTask( 2600): at android.app.LoadedApk$ReceiverDispatcher$Args$$ExternalSyntheticLambda0.run(Unknown Source:2)
11-11 16:09:17.047 D/BaseModelUpdateTask( 2600): at android.os.Handler.handleCallback(Handler.java:938)
11-11 16:09:17.047 D/BaseModelUpdateTask( 2600): at android.os.Handler.dispatchMessage(Handler.java:99)
11-11 16:09:17.047 D/BaseModelUpdateTask( 2600): at android.os.Looper.loopOnce(Looper.java:201)
11-11 16:09:17.047 D/BaseModelUpdateTask( 2600): at android.os.Looper.loop(Looper.java:288)
11-11 16:09:17.047 D/BaseModelUpdateTask( 2600): at android.os.HandlerThread.run(HandlerThread.java:67)
11-11 16:09:17.047 V/LocSvc_HIDL_IzatSubscription( 846): [timeChangeUpdate][645] [HS] <<<<= [HC]
11-11 16:09:17.048 I/LocSvc_SystemStatusOsObserver( 846): DataItem: IS_TIME_CHANGED: true >> Wiper
11-11 16:09:17.050 D/TimeService( 2641): Receivedandroid.intent.action.TIME_SET intent. Current Time is 1668154157050
11-11 16:09:17.052 D/KeyguardUpdateMonitor( 1933): received broadcast android.intent.action.TIME_SET
11-11 16:09:17.052 D/KeyguardUpdateMonitor( 1933): handleTimeUpdate
11-11 16:09:17.054 I/WidgetsModel( 2600): found whitelist widget: com.android.settings, label: 设置快捷方式, sectionName:S
11-11 16:09:17.054 I/WidgetsModel( 2600): found whitelist widget: com.android.gallery3d, label: 照片, sectionName:T
11-11 16:09:17.054 I/WidgetsModel( 2600): found whitelist widget: com.android.systemui, label: 对话, sectionName:D
11-11 16:09:17.055 I/WidgetsModel( 2600): found whitelist widget: com.android.music, label: 音乐, sectionName:Y
11-11 16:09:17.055 D/ModelWriter( 2600): removing items from db
11-11 16:09:17.055 D/ModelWriter( 2600): java.lang.Exception
11-11 16:09:17.055 D/ModelWriter( 2600): at com.android.launcher3.model.ModelWriter.deleteItemsFromDatabase(ModelWriter.java:280)
11-11 16:09:17.055 D/ModelWriter( 2600): at com.android.launcher3.model.ModelWriter.deleteItemsFromDatabase(ModelWriter.java:268)
11-11 16:09:17.055 D/ModelWriter( 2600): at com.android.launcher3.model.BaseModelUpdateTask.deleteAndBindComponentsRemoved(BaseModelUpdateTask.java:140)
11-11 16:09:17.055 D/ModelWriter( 2600): at com.android.launcher3.model.PackageUpdatedTask.execute(PackageUpdatedTask.java:353)
11-11 16:09:17.055 D/ModelWriter( 2600): at com.android.launcher3.model.BaseModelUpdateTask.run(BaseModelUpdateTask.java:80)
11-11 16:09:17.055 D/ModelWriter( 2600): at com.android.launcher3.util.LooperExecutor.execute(LooperExecutor.java:45)
11-11 16:09:17.055 D/ModelWriter( 2600): at com.android.launcher3.LauncherModel.enqueueModelUpdateTask(LauncherModel.java:555)
11-11 16:09:17.055 D/ModelWriter( 2600): at com.android.launcher3.LauncherModel.onPackageChanged(LauncherModel.java:156)
11-11 16:09:17.055 D/ModelWriter( 2600): at com.android.launcher3.LauncherModel.onAppIconChanged(LauncherModel.java:226)
11-11 16:09:17.055 D/ModelWriter( 2600): at com.android.launcher3.LauncherAppState$IconObserver.onAppIconChanged(LauncherAppState.java:206)
11-11 16:09:17.055 D/ModelWriter( 2600): at com.android.launcher3.icons.IconProvider$IconChangeReceiver.onReceive(IconProvider.java:371)
11-11 16:09:17.055 D/ModelWriter( 2600): at android.app.LoadedApk$ReceiverDispatcher$Args.lambda$getRunnable$0$LoadedApk$ReceiverDispatcher$Args(LoadedApk.java:1679)
11-11 16:09:17.055 D/ModelWriter( 2600): at android.app.LoadedApk$ReceiverDispatcher$Args$$ExternalSyntheticLambda0.run(Unknown Source:2)
11-11 16:09:17.055 D/ModelWriter( 2600): at android.os.Handler.handleCallback(Handler.java:938)
11-11 16:09:17.055 D/ModelWriter( 2600): at android.os.Handler.dispatchMessage(Handler.java:99)
11-11 16:09:17.055 D/ModelWriter( 2600): at android.os.Looper.loopOnce(Looper.java:201)
11-11 16:09:17.055 D/ModelWriter( 2600): at android.os.Looper.loop(Looper.java:288)
11-11 16:09:17.055 D/ModelWriter( 2600): at android.os.HandlerThread.run(HandlerThread.java:67)
11-11 16:09:17.058 D/QC-time-services( 662): Daemon: Connection accepted:time_genoff
11-11 16:09:17.061 D/QC-time-services( 662): Daemon:Received base = 2, unit = 1, operation = 0,value = 1668154157060
11-11 16:09:17.061 D/QC-time-services( 662): Daemon:genoff_opr: Base = 2, val = 1668154157060, operation = 0
11-11 16:09:17.061 D/QC-time-services( 662): Daemon:Value read from QTimer mseconds = 391112
11-11 16:09:17.061 D/QC-time-services( 662): Daemon:Value read from RTC mseconds on boot = 38000
11-11 16:09:17.061 D/QC-time-services( 662): Daemon:Delta read on boot mseconds = 181
11-11 16:09:17.062 D/QC-time-services( 662): Daemon:new time 1668154157060
11-11 16:09:17.062 D/QC-time-services( 662): Daemon: delta 1668153765767 genoff 1668153765767
11-11 16:09:17.062 D/QC-time-services( 662): Daemon:genoff_persistent_update: Writing genoff = 1668153765767 to memory
11-11 16:09:17.062 D/QC-time-services( 662): Daemon:Opening File: /mnt/vendor/persist/time/ats_2 /data/vendor/time/ats_2
11-11 16:09:17.062 D/QC-time-services( 662): Daemon:time_persistent_memory_opr:Genoff write operation
11-11 16:09:17.068 D/BaseModelUpdateTask( 2600): BaseModelUpdateTask constructor
11-11 16:09:17.068 D/BaseModelUpdateTask( 2600): java.lang.Exception
11-11 16:09:17.068 D/BaseModelUpdateTask( 2600): at com.android.launcher3.model.BaseModelUpdateTask.(BaseModelUpdateTask.java:57)
11-11 16:09:17.068 D/BaseModelUpdateTask( 2600): at com.android.launcher3.model.AddWorkspaceItemsTask.(AddWorkspaceItemsTask.java:58)
11-11 16:09:17.068 D/BaseModelUpdateTask( 2600): at com.android.launcher3.LauncherModel.addAndBindAddedWorkspaceItems(LauncherModel.java:145)
11-11 16:09:17.068 D/BaseModelUpdateTask( 2600): at com.android.launcher3.model.PackageUpdatedTask.updateToWorkSpace(PackageUpdatedTask.java:406)
11-11 16:09:17.068 D/BaseModelUpdateTask( 2600): at com.android.launcher3.model.PackageUpdatedTask.execute(PackageUpdatedTask.java:370)
11-11 16:09:17.068 D/BaseModelUpdateTask( 2600): at com.android.launcher3.model.BaseModelUpdateTask.run(BaseModelUpdateTask.java:80)
11-11 16:09:17.068 D/BaseModelUpdateTask( 2600): at com.android.launcher3.util.LooperExecutor.execute(LooperExecutor.java:45)
11-11 16:09:17.068 D/BaseModelUpdateTask( 2600): at com.android.launcher3.LauncherModel.enqueueModelUpdateTask(LauncherModel.java:555)
11-11 16:09:17.068 D/BaseModelUpdateTask( 2600): at com.android.launcher3.LauncherModel.onPackageChanged(LauncherModel.java:156)
11-11 16:09:17.068 D/BaseModelUpdateTask( 2600): at com.android.launcher3.LauncherModel.onAppIconChanged(LauncherModel.java:226)
11-11 16:09:17.068 D/BaseModelUpdateTask( 2600): at com.android.launcher3.LauncherAppState$IconObserver.onAppIconChanged(LauncherAppState.java:206)
11-11 16:09:17.068 D/BaseModelUpdateTask( 2600): at com.android.launcher3.icons.IconProvider$IconChangeReceiver.onReceive(IconProvider.java:371)
11-11 16:09:17.068 D/BaseModelUpdateTask( 2600): at android.app.LoadedApk$ReceiverDispatcher$Args.lambda$getRunnable$0$LoadedApk$ReceiverDispatcher$Args(LoadedApk.java:1679)
11-11 16:09:17.068 D/BaseModelUpdateTask( 2600): at android.app.LoadedApk$ReceiverDispatcher$Args$$ExternalSyntheticLambda0.run(Unknown Source:2)
11-11 16:09:17.068 D/BaseModelUpdateTask( 2600): at android.os.Handler.handleCallback(Handler.java:938)
11-11 16:09:17.068 D/BaseModelUpdateTask( 2600): at android.os.Handler.dispatchMessage(Handler.java:99)
11-11 16:09:17.068 D/BaseModelUpdateTask( 2600): at android.os.Looper.loopOnce(Looper.java:201)
11-11 16:09:17.068 D/BaseModelUpdateTask( 2600): at android.os.Looper.loop(Looper.java:288)
11-11 16:09:17.068 D/BaseModelUpdateTask( 2600): at android.os.HandlerThread.run(HandlerThread.java:67)
11-11 16:09:17.082 D/QC-time-services( 662): Updating the TOD offset
11-11 16:09:17.082 D/QC-time-services( 662): Daemon:genoff_persistent_update: Writing genoff = 1668153765767 to memory
11-11 16:09:17.082 D/QC-time-services( 662): Daemon:Opening File: /mnt/vendor/persist/time/ats_1 /data/vendor/time/ats_1
11-11 16:09:17.082 D/QC-time-services( 662): Daemon:time_persistent_memory_opr:Genoff write operation
11-11 16:09:17.091 D/QC-time-services( 662): Daemon:genoff_set: Updating the WLAN offset
11-11 16:09:17.091 D/QC-time-services( 662): Daemon:genoff_persistent_update: Writing genoff = 1668153765767 to memory
11-11 16:09:17.092 D/QC-time-services( 662): Daemon:Opening File: /mnt/vendor/persist/time/ats_16 /data/vendor/time/ats_16
11-11 16:09:17.092 D/QC-time-services( 662): Daemon:time_persistent_memory_opr:Genoff write operation
11-11 16:09:17.104 D/TimeService( 2641): Set time successfully!
11-11 16:09:17.107 E/QC-time-services( 662): Daemon: Time-services: Waiting to acceptconnection
11-11 16:09:17.186 I/mpu_uart( 664): [MSG-P:RECV]:No message received in 1000 ms
11-11 16:09:17.779 W/swapper/1( 0): type=1400 audit(0.0:682): avc: denied { kill } for capability=5 scontext=u:r:kernel:s0 tcontext=u:r:kernel:s0 tclass=capability permissive=0
11-11 16:09:18.187 I/mpu_uart( 664): [MSG-P:RECV]:No message received in 1000 ms
11-11 16:09:18.238 I/mpu_uart( 664): [MSG-P:R]:recv sync frame timeout
11-11 16:09:18.779 W/swapper/1( 0): type=1400 audit(0.0:683): avc: denied { kill } for capability=5 scontext=u:r:kernel:s0 tcontext=u:r:kernel:s0 tclass=capability permissive=0
11-11 16:09:18.961 D/MicroService( 2075): handleHeartBeat:520
11-11 16:09:19.188 I/mpu_uart( 664): [MSG-P:RECV]:No message received in 1000 ms
11-11 16:09:19.690 I/netd ( 689): setProcSysNet(4, 2, wlan0, retrans_time_ms, 750) <0.82ms>
11-11 16:09:19.691 I/netd ( 689): setProcSysNet(4, 2, wlan0, ucast_solicit, 10) <0.40ms>
11-11 16:09:19.693 I/netd ( 689): setProcSysNet(6, 2, wlan0, retrans_time_ms, 750) <0.51ms>
11-11 16:09:19.694 I/netd ( 689): setProcSysNet(6, 2, wlan0, ucast_solicit, 10) <0.33ms>
11-11 16:09:19.779 W/swapper/1( 0): type=1400 audit(0.0:684): avc: denied { kill } for capability=5 scontext=u:r:kernel:s0 tcontext=u:r:kernel:s0 tclass=capability permissive=0
11-11 16:09:20.189 I/mpu_uart( 664): [MSG-P:RECV]:No message received in 1000 ms
11-11 16:09:20.779 W/swapper/1( 0): type=1400 audit(0.0:685): avc: denied { kill } for capability=5 scontext=u:r:kernel:s0 tcontext=u:r:kernel:s0 tclass=capability permissive=0
11-11 16:09:20.989 I/MicroService( 2075): Receive message: null.
11-11 16:09:20.996 I/MicroService( 2075): Receive message: SocketMessageBean{businessData='21930', srcService='IDCM_COM', destService='FSEM_COM', messageType='2', uuid='0', payloadData={
11-11 16:09:20.996 I/MicroService( 2075): "dstService" : "FSEM_COM",
11-11 16:09:20.996 I/MicroService( 2075): "messageType" : 2,
11-11 16:09:20.996 I/MicroService( 2075): "methodName" : "startup",
11-11 16:09:20.996 I/MicroService( 2075): "parameters" : {
11-11 16:09:20.996 I/MicroService( 2075): "crash" : "true"
11-11 16:09:20.996 I/MicroService( 2075): },
11-11 16:09:20.996 I/MicroService( 2075): "srcService" : "IDCM_COM",
11-11 16:09:20.996 I/MicroService( 2075): "uuid" : 0
11-11 16:09:20.996 I/MicroService( 2075): }
11-11 16:09:20.996 I/MicroService( 2075): }
11-11 16:09:21.010 D/MicroService( 2075): Send message to IDCM:SocketMessageBean{businessData='21930', srcService='FSEM_COM', destService='IDCM_COM', messageType='2', uuid='1668154160996434500', payloadData={"srcService":"FSEM_COM","dstService":"IDCM_COM","messageType":2,"uuid":1668154160996434500,"methodName":"handShake","parameters":{"clientName":"FSEM_COM","clientVersion":"01.10"}}}
11-11 16:09:21.022 I/MicroService( 2075): Receive message: SocketMessageBean{businessData='21930', srcService='IDCM_COM', destService='FSEM_COM', messageType='2', uuid='1668154160996434500', payloadData={
11-11 16:09:21.022 I/MicroService( 2075): "srcService":"IDCM_COM",
11-11 16:09:21.022 I/MicroService( 2075): "dstService":"FSEM_COM",
11-11 16:09:21.022 I/MicroService( 2075): "messageType":2,
11-11 16:09:21.022 I/MicroService( 2075): "uuid":1668154160996434500,
11-11 16:09:21.022 I/MicroService( 2075): "methodName":"handShake",
11-11 16:09:21.022 I/MicroService( 2075): "parameters":{"result":"true","serverName":"IDCM_COM","serverVersion":"01.01"}
11-11 16:09:21.022 I/MicroService( 2075): }}
11-11 16:09:21.022 I/MicroService( 2075): Client connect status changed. Status: 1
11-11 16:09:21.022 D/MicroService( 2075): startHeartBeat Timer
11-11 16:09:21.022 D/MicroService( 2075): is started
11-11 16:09:21.022 I/MicroService( 2075): onConnectStateChanged: 1
11-11 16:09:21.022 I/MicroService( 2075): onConnectStateChanged count = 2
