11-11 16:08:42.971 D/MicroService( 2075): Send message to IDCM:SocketMessageBean{businessData='21930', srcService='FSEM_AudioService', destService='IDCM_CarAudioService', messageType='0', uuid='1668154122963864674', payloadData={"srcService":"FSEM_AudioService","dstService":"IDCM_CarAudioService","messageType":0,"uuid":1668154122963864674,"methodName":"setVolume","parameters":{"functionInfo":{"IDCM_VolumeValue_Media":"11"}}}}
11-11 16:08:42.996 I/vol.Events( 1933): writeEvent show_dialog volume_changed keyguard=false
11-11 16:08:42.998 I/MicroService( 2075): Receive message: SocketMessageBean{businessData='21930', srcService='IDCM_CarAudioService', destService='FSEM_AudioService', messageType='1', uuid='1668154122963864674', payloadData={"srcService":"IDCM_CarAudioService","dstService":"FSEM_AudioService","methodName":"setVolume","messageType":1,"uuid":1668154122963864674,"parameters":{"functionInfo":{"IDCM_VolumeValue_Media":"11"}}}}
11-11 16:08:42.998 I/MicroService( 2075): onResponse(setVolume): {"functionInfo":{"IDCM_VolumeValue_Media":"11"}}
11-11 16:08:42.999 D/AudioIDCMicroNegotiator( 1169): idcm_common:response from IDCM method = setVolume parameters = {"functionInfo":{"IDCM_VolumeValue_Media":"11"}}
11-11 16:08:42.999 D/AudioIDCMicroNegotiator( 1169): idcm_volume:onSetIDCMicroVolume mIsTimeout= false value = 11 isRequested=true
11-11 16:08:42.999 D/AudioIDCMicroNegotiator( 1169): idcm_volume:setIDCMicroVolume return 11
11-11 16:08:42.999 D/AS.AudioService( 1169): idcm_volume:setIDCMicroVolume: 11
11-11 16:08:43.003 D/BluetoothDatabase( 1910): getBondedDevicesOrdered: Invalid address for device LocalStorage
11-11 16:08:43.004 D/MicroService( 2075): handleHeartBeat:465
11-11 16:08:43.004 D/RemoteControlService( 2422): getEvent: clientSocket = Socket[address=/192.168.4.4,port=48733,localPort=12600]
11-11 16:08:43.005 D/RemoteControlService( 2422): run: called
11-11 16:08:43.005 D/RemoteControlService( 2422): getEvent: start waiting...
11-11 16:08:43.005 E/RemoteControlService( 2422): Enter ListenSocketRunnable
11-11 16:08:43.006 D/RemoteControlService( 2422): After desEncrypt json is [{"type":"music","source":0,"token":"BYdGz1fZZDdu2YZ","value":0}]
11-11 16:08:43.007 D/RemoteControlService( 2422): buildRemoteCommand:type=19
11-11 16:08:43.007 D/RemoteControlService( 2422): Request params: BaseRequestCommandBean{source=0, token='BYdGz1fZZDdu2YZ', type='music', value='0'}
11-11 16:08:43.038 D/APM_AudioPolicyManager( 1028): setVolumeCurveIndex: wrong index 0 min=1 max=15
11-11 16:08:43.039 E/APM_AudioPolicyManager( 1028): setVolumeIndexForAttributes failed to set curve index for group 1 device 0x2
11-11 16:08:43.039 E/AudioSystem-JNI( 1169): Command failed for android_media_AudioSystem_setStreamVolumeIndex: -22
11-11 16:08:43.042 I/vol.Events( 1933): writeEvent level_changed STREAM_ALARM 3
11-11 16:08:43.042 I/vol.Events( 1933): writeEvent level_changed STREAM_RING 2
11-11 16:08:43.042 I/vol.Events( 1933): writeEvent level_changed STREAM_SYSTEM 2
11-11 16:08:43.043 I/vol.Events( 1933): writeEvent level_changed STREAM_VOICE_CALL 2
11-11 16:08:43.043 I/vol.Events( 1933): writeEvent level_changed STREAM_MUSIC 11
11-11 16:08:43.043 I/vol.Events( 1933): writeEvent mute_changed STREAM_MUSIC false
11-11 16:08:43.046 D/APM_AudioPolicyManager( 1028): setVolumeCurveIndex: wrong index 0 min=1 max=7
11-11 16:08:43.046 E/APM_AudioPolicyManager( 1028): setVolumeIndexForAttributes failed to set curve index for group 2 device 0x2
11-11 16:08:43.046 E/AudioSystem-JNI( 1169): Command failed for android_media_AudioSystem_setStreamVolumeIndex: -22
11-11 16:08:43.065 D/APM_AudioPolicyManager( 1028): setVolumeCurveIndex: wrong index 0 min=1 max=15
11-11 16:08:43.065 E/APM_AudioPolicyManager( 1028): setVolumeIndexForAttributes failed to set curve index for group 1 device 0x2
11-11 16:08:43.065 E/AudioSystem-JNI( 1169): Command failed for android_media_AudioSystem_setStreamVolumeIndex: -22
11-11 16:08:43.066 D/APM_AudioPolicyManager( 1028): setVolumeCurveIndex: wrong index 0 min=1 max=15
11-11 16:08:43.066 E/APM_AudioPolicyManager( 1028): setVolumeIndexForAttributes failed to set curve index for group 1 device 0x4
11-11 16:08:43.066 E/AudioSystem-JNI( 1169): Command failed for android_media_AudioSystem_setStreamVolumeIndex: -22
11-11 16:08:43.067 D/APM_AudioPolicyManager( 1028): setVolumeCurveIndex: wrong index 0 min=1 max=15
11-11 16:08:43.067 E/APM_AudioPolicyManager( 1028): setVolumeIndexForAttributes failed to set curve index for group 1 device 0x8
11-11 16:08:43.067 E/AudioSystem-JNI( 1169): Command failed for android_media_AudioSystem_setStreamVolumeIndex: -22
11-11 16:08:43.068 D/APM_AudioPolicyManager( 1028): setVolumeCurveIndex: wrong index 0 min=1 max=15
11-11 16:08:43.068 E/APM_AudioPolicyManager( 1028): setVolumeIndexForAttributes failed to set curve index for group 1 device 0x4000000
11-11 16:08:43.069 E/AudioSystem-JNI( 1169): Command failed for android_media_AudioSystem_setStreamVolumeIndex: -22
11-11 16:08:43.069 D/APM_AudioPolicyManager( 1028): setVolumeCurveIndex: wrong index 0 min=1 max=15
11-11 16:08:43.069 E/APM_AudioPolicyManager( 1028): setVolumeIndexForAttributes failed to set curve index for group 1 device 0x40000000
11-11 16:08:43.070 E/AudioSystem-JNI( 1169): Command failed for android_media_AudioSystem_setStreamVolumeIndex: -22
11-11 16:08:43.109 D/APM_AudioPolicyManager( 1028): setVolumeCurveIndex: wrong index 0 min=1 max=7
11-11 16:08:43.109 E/APM_AudioPolicyManager( 1028): setVolumeIndexForAttributes failed to set curve index for group 2 device 0x2
11-11 16:08:43.110 E/AudioSystem-JNI( 1169): Command failed for android_media_AudioSystem_setStreamVolumeIndex: -22
11-11 16:08:43.110 D/APM_AudioPolicyManager( 1028): setVolumeCurveIndex: wrong index 0 min=1 max=7
11-11 16:08:43.110 E/APM_AudioPolicyManager( 1028): setVolumeIndexForAttributes failed to set curve index for group 2 device 0x4
11-11 16:08:43.111 E/AudioSystem-JNI( 1169): Command failed for android_media_AudioSystem_setStreamVolumeIndex: -22
11-11 16:08:43.111 D/APM_AudioPolicyManager( 1028): setVolumeCurveIndex: wrong index 0 min=1 max=7
11-11 16:08:43.111 E/APM_AudioPolicyManager( 1028): setVolumeIndexForAttributes failed to set curve index for group 2 device 0x8
11-11 16:08:43.111 E/AudioSystem-JNI( 1169): Command failed for android_media_AudioSystem_setStreamVolumeIndex: -22
11-11 16:08:43.112 D/APM_AudioPolicyManager( 1028): setVolumeCurveIndex: wrong index 0 min=1 max=7
11-11 16:08:43.112 E/APM_AudioPolicyManager( 1028): setVolumeIndexForAttributes failed to set curve index for group 2 device 0x4000000
11-11 16:08:43.112 E/AudioSystem-JNI( 1169): Command failed for android_media_AudioSystem_setStreamVolumeIndex: -22
11-11 16:08:43.113 D/APM_AudioPolicyManager( 1028): setVolumeCurveIndex: wrong index 0 min=1 max=7
11-11 16:08:43.113 E/APM_AudioPolicyManager( 1028): setVolumeIndexForAttributes failed to set curve index for group 2 device 0x40000000
11-11 16:08:43.113 E/AudioSystem-JNI( 1169): Command failed for android_media_AudioSystem_setStreamVolumeIndex: -22
11-11 16:08:43.135 W/swapper/2( 0): type=1400 audit(0.0:655): avc: denied { kill } for capability=5 scontext=u:r:kernel:s0 tcontext=u:r:kernel:s0 tclass=capability permissive=0
11-11 16:08:43.144 W/system_server( 1169): Long monitor contention with owner AudioService (1856) at int com.android.server.audio.AudioService$VolumeStreamState.getIndex(int)(AudioService.java:7285) waiters=2 in int com.android.server.audio.AudioService.getDevicesForStreamInt(int) for 107ms
11-11 16:08:43.144 W/Looper ( 1169): Slow dispatch took 110ms main h=android.app.ActivityThread$H c=android.app.LoadedApk$ReceiverDispatcher$Args$$ExternalSyntheticLambda0@c5ed952 m=0
11-11 16:08:43.145 D/RemoteControlService( 2422): setVolume called, target type: music, target volume 11
11-11 16:08:43.148 D/RemoteControlService( 2422): Digest: 8F74D1CCE5B6E32F3898A8C225BD56D6EE2042E58A0DE93A5F9D7758BADE10CB
11-11 16:08:43.148 D/RemoteControlService( 2422): Send data length: 133
11-11 16:08:43.149 D/RemoteControlService( 2422): Send message finished. direction: 16, messageType: 19, json: {"name":"music","source":0,"token":"BYdGz1fZZDdu2YZ","type":"volume_change","value":11}
11-11 16:08:43.151 D/RemoteControlService( 2422): RemoteVolumeCommand ResponseSpeedTest - use time: 2143
11-11 16:08:43.151 D/RemoteControlService( 2422): handleMessage called
11-11 16:08:43.151 D/RemoteControlService( 2422): Client-192.168.4.4 handleHeartBeat:266
11-11 16:08:43.151 D/RemoteControlService( 2422): Client have control
11-11 16:08:43.151 D/RemoteControlService( 2422): Digest: 3E10D432E48A34EC54C6AC499FF7E9B59DDAB20D1396B6CF20B04D371C8AB3D5
11-11 16:08:43.152 D/RemoteControlService( 2422): Send data length: 117
11-11 16:08:43.152 D/RemoteControlService( 2422): Send message finished. direction: 16, messageType: 7, json: {"source":0,"token":"BYdGz1fZZDdu2YZ","type":"heart_beat","value":1}
11-11 16:08:43.154 D/RemoteControlService( 2422): HeartBeatCommand ResponseSpeedTest - use time: 1956
11-11 16:08:43.154 D/RemoteControlService( 2422): handleMessage called
11-11 16:08:43.154 D/RemoteControlService( 2422): Client-192.168.4.4 handleHeartBeat:267
11-11 16:08:43.154 D/RemoteControlService( 2422): Is not connect command
11-11 16:08:43.154 D/RemoteControlService( 2422): haveControl ? clientcom.thundercomm.remotecontrolservice.RemoteControllerClient@9c510e2
11-11 16:08:43.154 D/RemoteControlService( 2422): Client have control
11-11 16:08:43.157 D/AS.AudioService( 1169): idcm_volume:setIDCMicroVolume(stream=3, index=0, calling=com.thundercomm.remotecontrolservice)
11-11 16:08:43.157 D/AudioIDCMicroNegotiator( 1169): idcm_volume:setIDCMicroVolume
11-11 16:08:43.158 D/AudioIDCMicroNegotiator( 1169): idcm_common:requestResult method = setVolume parameters = {"functionInfo":{"IDCM_VolumeValue_Media":"0"}}
11-11 16:08:43.158 I/MicroServiceManager( 1169): requestResult(setVolume) parameters is{"functionInfo":{"IDCM_VolumeValue_Media":"0"}}.
11-11 16:08:43.164 D/RemoteControlService( 2422): getEvent: clientSocket = Socket[address=/192.168.4.4,port=32845,localPort=12600]
11-11 16:08:43.165 D/RemoteControlService( 2422): run: called
11-11 16:08:43.165 D/RemoteControlService( 2422): getEvent: start waiting...
11-11 16:08:43.165 E/RemoteControlService( 2422): Enter ListenSocketRunnable
11-11 16:08:43.166 D/RemoteControlService( 2422): getEvent: clientSocket = Socket[address=/192.168.4.4,port=58753,localPort=12600]
11-11 16:08:43.167 D/RemoteControlService( 2422): run: called
11-11 16:08:43.167 D/RemoteControlService( 2422): getEvent: start waiting...
11-11 16:08:43.168 E/RemoteControlService( 2422): Enter ListenSocketRunnable
11-11 16:08:43.169 D/RemoteControlService( 2422): After desEncrypt json is [{"source":0,"token":"BYdGz1fZZDdu2YZ"}]
11-11 16:08:43.169 D/RemoteControlService( 2422): buildRemoteCommand:type=37
11-11 16:08:43.170 D/RemoteControlService( 2422): Request params: BaseRequestCommandBean{source=0, token='BYdGz1fZZDdu2YZ', type='null', value='null'}
11-11 16:08:43.172 D/MicroService( 2075): Send message to IDCM:SocketMessageBean{businessData='21930', srcService='FSEM_AudioService', destService='IDCM_CarAudioService', messageType='0', uuid='1668154123159429258', payloadData={"srcService":"FSEM_AudioService","dstService":"IDCM_CarAudioService","messageType":0,"uuid":1668154123159429258,"methodName":"setVolume","parameters":{"functionInfo":{"IDCM_VolumeValue_Media":"0"}}}}
11-11 16:08:43.175 D/RemoteControlService( 2422): After desEncrypt json is [{"source":0,"token":"BYdGz1fZZDdu2YZ"}]
11-11 16:08:43.175 D/RemoteControlService( 2422): buildRemoteCommand:type=23
11-11 16:08:43.175 D/RemoteControlService( 2422): Request params: BaseRequestCommandBean{source=0, token='BYdGz1fZZDdu2YZ', type='null', value='null'}
11-11 16:08:43.176 I/vol.Events( 1933): writeEvent show_dialog volume_changed keyguard=false
11-11 16:08:43.182 D/RemoteControlService( 2422): getEvent: clientSocket = Socket[address=/192.168.4.4,port=36293,localPort=12600]
11-11 16:08:43.183 D/RemoteControlService( 2422): run: called
11-11 16:08:43.183 D/RemoteControlService( 2422): getEvent: start waiting...
11-11 16:08:43.183 E/RemoteControlService( 2422): Enter ListenSocketRunnable
11-11 16:08:43.184 D/RemoteControlService( 2422): After desEncrypt json is [{"type":"music","source":0,"token":"BYdGz1fZZDdu2YZ","value":11}]
11-11 16:08:43.184 D/RemoteControlService( 2422): buildRemoteCommand:type=19
11-11 16:08:43.185 D/RemoteControlService( 2422): Request params: BaseRequestCommandBean{source=0, token='BYdGz1fZZDdu2YZ', type='music', value='11'}
11-11 16:08:43.185 D/BluetoothDatabase( 1910): getBondedDevicesOrdered: Invalid address for device LocalStorage
11-11 16:08:43.203 I/MicroService( 2075): Receive message: SocketMessageBean{businessData='21930', srcService='IDCM_CarAudioService', destService='FSEM_AudioService', messageType='1', uuid='1668154123159429258', payloadData={"srcService":"IDCM_CarAudioService","dstService":"FSEM_AudioService","methodName":"setVolume","messageType":1,"uuid":1668154123159429258,"parameters":{"functionInfo":{"IDCM_VolumeValue_Media":"0"}}}}
11-11 16:08:43.203 I/MicroService( 2075): onResponse(setVolume): {"functionInfo":{"IDCM_VolumeValue_Media":"0"}}
11-11 16:08:43.204 D/AudioIDCMicroNegotiator( 1169): idcm_common:response from IDCM method = setVolume parameters = {"functionInfo":{"IDCM_VolumeValue_Media":"0"}}
11-11 16:08:43.204 D/AudioIDCMicroNegotiator( 1169): idcm_volume:onSetIDCMicroVolume mIsTimeout= false value = 0 isRequested=true
11-11 16:08:43.205 D/AudioIDCMicroNegotiator( 1169): idcm_volume:setIDCMicroVolume return 0
11-11 16:08:43.205 D/AS.AudioService( 1169): idcm_volume:setIDCMicroVolume: 0
11-11 16:08:43.208 D/MicroService( 2075): handleHeartBeat:466
11-11 16:08:43.237 I/vol.Events( 1933): writeEvent level_changed STREAM_ALARM 1
11-11 16:08:43.237 I/vol.Events( 1933): writeEvent level_changed STREAM_RING 0
11-11 16:08:43.237 I/vol.Events( 1933): writeEvent level_changed STREAM_SYSTEM 0
11-11 16:08:43.238 I/vol.Events( 1933): writeEvent level_changed STREAM_VOICE_CALL 1
11-11 16:08:43.238 I/vol.Events( 1933): writeEvent level_changed STREAM_MUSIC 0
11-11 16:08:43.242 I/vol.Events( 1933): writeEvent mute_changed STREAM_MUSIC true
11-11 16:08:43.243 D/APM_AudioPolicyManager( 1028): setVolumeCurveIndex: wrong index 0 min=1 max=15
11-11 16:08:43.243 E/APM_AudioPolicyManager( 1028): setVolumeIndexForAttributes failed to set curve index for group 1 device 0x2
11-11 16:08:43.243 E/AudioSystem-JNI( 1169): Command failed for android_media_AudioSystem_setStreamVolumeIndex: -22
11-11 16:08:43.254 D/APM_AudioPolicyManager( 1028): setVolumeCurveIndex: wrong index 0 min=1 max=7
11-11 16:08:43.255 E/APM_AudioPolicyManager( 1028): setVolumeIndexForAttributes failed to set curve index for group 2 device 0x2
11-11 16:08:43.256 E/AudioSystem-JNI( 1169): Command failed for android_media_AudioSystem_setStreamVolumeIndex: -22
11-11 16:08:43.280 D/APM_AudioPolicyManager( 1028): setVolumeCurveIndex: wrong index 0 min=1 max=15
11-11 16:08:43.280 E/APM_AudioPolicyManager( 1028): setVolumeIndexForAttributes failed to set curve index for group 1 device 0x2
11-11 16:08:43.281 E/AudioSystem-JNI( 1169): Command failed for android_media_AudioSystem_setStreamVolumeIndex: -22
11-11 16:08:43.282 D/APM_AudioPolicyManager( 1028): setVolumeCurveIndex: wrong index 0 min=1 max=15
11-11 16:08:43.282 E/APM_AudioPolicyManager( 1028): setVolumeIndexForAttributes failed to set curve index for group 1 device 0x4
11-11 16:08:43.282 E/AudioSystem-JNI( 1169): Command failed for android_media_AudioSystem_setStreamVolumeIndex: -22
11-11 16:08:43.283 D/APM_AudioPolicyManager( 1028): setVolumeCurveIndex: wrong index 0 min=1 max=15
11-11 16:08:43.283 E/APM_AudioPolicyManager( 1028): setVolumeIndexForAttributes failed to set curve index for group 1 device 0x8
11-11 16:08:43.283 E/AudioSystem-JNI( 1169): Command failed for android_media_AudioSystem_setStreamVolumeIndex: -22
11-11 16:08:43.284 D/APM_AudioPolicyManager( 1028): setVolumeCurveIndex: wrong index 0 min=1 max=15
11-11 16:08:43.284 E/APM_AudioPolicyManager( 1028): setVolumeIndexForAttributes failed to set curve index for group 1 device 0x4000000
11-11 16:08:43.284 E/AudioSystem-JNI( 1169): Command failed for android_media_AudioSystem_setStreamVolumeIndex: -22
11-11 16:08:43.285 D/APM_AudioPolicyManager( 1028): setVolumeCurveIndex: wrong index 0 min=1 max=15
11-11 16:08:43.285 E/APM_AudioPolicyManager( 1028): setVolumeIndexForAttributes failed to set curve index for group 1 device 0x40000000
11-11 16:08:43.285 E/AudioSystem-JNI( 1169): Command failed for android_media_AudioSystem_setStreamVolumeIndex: -22
11-11 16:08:43.310 D/APM_AudioPolicyManager( 1028): setVolumeCurveIndex: wrong index 0 min=1 max=7
11-11 16:08:43.310 E/APM_AudioPolicyManager( 1028): setVolumeIndexForAttributes failed to set curve index for group 2 device 0x2
11-11 16:08:43.310 E/AudioSystem-JNI( 1169): Command failed for android_media_AudioSystem_setStreamVolumeIndex: -22
11-11 16:08:43.311 D/APM_AudioPolicyManager( 1028): setVolumeCurveIndex: wrong index 0 min=1 max=7
11-11 16:08:43.311 E/APM_AudioPolicyManager( 1028): setVolumeIndexForAttributes failed to set curve index for group 2 device 0x4
11-11 16:08:43.311 E/AudioSystem-JNI( 1169): Command failed for android_media_AudioSystem_setStreamVolumeIndex: -22
11-11 16:08:43.311 D/APM_AudioPolicyManager( 1028): setVolumeCurveIndex: wrong index 0 min=1 max=7
11-11 16:08:43.311 E/APM_AudioPolicyManager( 1028): setVolumeIndexForAttributes failed to set curve index for group 2 device 0x8
11-11 16:08:43.311 E/AudioSystem-JNI( 1169): Command failed for android_media_AudioSystem_setStreamVolumeIndex: -22
11-11 16:08:43.312 D/APM_AudioPolicyManager( 1028): setVolumeCurveIndex: wrong index 0 min=1 max=7
11-11 16:08:43.312 E/APM_AudioPolicyManager( 1028): setVolumeIndexForAttributes failed to set curve index for group 2 device 0x4000000
11-11 16:08:43.312 E/AudioSystem-JNI( 1169): Command failed for android_media_AudioSystem_setStreamVolumeIndex: -22
11-11 16:08:43.312 D/APM_AudioPolicyManager( 1028): setVolumeCurveIndex: wrong index 0 min=1 max=7
11-11 16:08:43.312 E/APM_AudioPolicyManager( 1028): setVolumeIndexForAttributes failed to set curve index for group 2 device 0x40000000
11-11 16:08:43.312 E/AudioSystem-JNI( 1169): Command failed for android_media_AudioSystem_setStreamVolumeIndex: -22
11-11 16:08:43.344 W/Looper ( 1169): Slow dispatch took 106ms main h=android.app.ActivityThread$H c=android.app.LoadedApk$ReceiverDispatcher$Args$$ExternalSyntheticLambda0@ff56f7f m=0
11-11 16:08:43.347 W/system_server( 1169): Long monitor contention with owner AudioService (1856) at void com.android.server.audio.AudioService$VolumeStreamState.applyAllVolumes()(AudioService.java:7198) waiters=2 in int com.android.server.audio.AudioService.getDevicesForStreamInt(int) for 107ms
11-11 16:08:43.348 D/RemoteControlService( 2422): setVolume called, target type: music, target volume 0
11-11 16:08:43.350 D/RemoteControlService( 2422): Digest: 78C7BDB871E5C00BE407B8A303DC0FDC27ACE492FF4E11CDCD115AAB1792FC4B
11-11 16:08:43.351 D/RemoteControlService( 2422): Send data length: 133
11-11 16:08:43.352 D/RemoteControlService( 2422): Send message finished. direction: 16, messageType: 19, json: {"name":"music","source":0,"token":"BYdGz1fZZDdu2YZ","type":"volume_change","value":0}
11-11 16:08:43.354 D/RemoteControlService( 2422): RemoteVolumeCommand ResponseSpeedTest - use time: 2159
11-11 16:08:43.354 D/RemoteControlService( 2422): handleMessage called
11-11 16:08:43.354 D/RemoteControlService( 2422): Client-192.168.4.4 handleHeartBeat:268
11-11 16:08:43.354 D/RemoteControlService( 2422): Is not connect command
11-11 16:08:43.354 D/RemoteControlService( 2422): haveControl ? clientcom.thundercomm.remotecontrolservice.RemoteControllerClient@9c510e2
11-11 16:08:43.354 D/RemoteControlService( 2422): Client have control
11-11 16:08:43.356 D/AS.AudioService( 1169): idcm_volume:setIDCMicroVolume(stream=3, index=11, calling=com.thundercomm.remotecontrolservice)
11-11 16:08:43.356 D/AudioIDCMicroNegotiator( 1169): idcm_volume:setIDCMicroVolume
11-11 16:08:43.356 D/AudioIDCMicroNegotiator( 1169): idcm_common:requestResult method = setVolume parameters = {"functionInfo":{"IDCM_VolumeValue_Media":"11"}}
11-11 16:08:43.356 I/MicroServiceManager( 1169): requestResult(setVolume) parameters is{"functionInfo":{"IDCM_VolumeValue_Media":"11"}}.
11-11 16:08:43.366 D/RemoteControlService( 2422): getEvent: clientSocket = Socket[address=/192.168.4.4,port=55057,localPort=12600]
11-11 16:08:43.367 D/RemoteControlService( 2422): run: called
11-11 16:08:43.367 D/RemoteControlService( 2422): getEvent: start waiting...
11-11 16:08:43.367 E/RemoteControlService( 2422): Enter ListenSocketRunnable
11-11 16:08:43.369 D/RemoteControlService( 2422): After desEncrypt json is [{"type":"music","source":0,"token":"BYdGz1fZZDdu2YZ","value":0}]
11-11 16:08:43.369 D/RemoteControlService( 2422): buildRemoteCommand:type=19
11-11 16:08:43.369 D/RemoteControlService( 2422): Request params: BaseRequestCommandBean{source=0, token='BYdGz1fZZDdu2YZ', type='music', value='0'}
11-11 16:08:43.372 D/MicroService( 2075): Send message to IDCM:SocketMessageBean{businessData='21930', srcService='FSEM_AudioService', destService='IDCM_CarAudioService', messageType='0', uuid='1668154123356298581', payloadData={"srcService":"FSEM_AudioService","dstService":"IDCM_CarAudioService","messageType":0,"uuid":1668154123356298581,"methodName":"setVolume","parameters":{"functionInfo":{"IDCM_VolumeValue_Media":"11"}}}}
11-11 16:08:43.384 I/vol.Events( 1933): writeEvent show_dialog volume_changed keyguard=false
11-11 16:08:43.391 D/BluetoothDatabase( 1910): getBondedDevicesOrdered: Invalid address for device LocalStorage
11-11 16:08:43.406 I/MicroService( 2075): Receive message: SocketMessageBean{businessData='21930', srcService='IDCM_CarAudioService', destService='FSEM_AudioService', messageType='1', uuid='1668154123356298581', payloadData={"srcService":"IDCM_CarAudioService","dstService":"FSEM_AudioService","methodName":"setVolume","messageType":1,"uuid":1668154123356298581,"parameters":{"functionInfo":{"IDCM_VolumeValue_Media":"11"}}}}
11-11 16:08:43.406 I/MicroService( 2075): onResponse(setVolume): {"functionInfo":{"IDCM_VolumeValue_Media":"11"}}
11-11 16:08:43.407 D/AudioIDCMicroNegotiator( 1169): idcm_common:response from IDCM method = setVolume parameters = {"functionInfo":{"IDCM_VolumeValue_Media":"11"}}
11-11 16:08:43.407 D/AudioIDCMicroNegotiator( 1169): idcm_volume:onSetIDCMicroVolume mIsTimeout= false value = 11 isRequested=true
11-11 16:08:43.408 D/AudioIDCMicroNegotiator( 1169): idcm_volume:setIDCMicroVolume return 11
11-11 16:08:43.408 D/AS.AudioService( 1169): idcm_volume:setIDCMicroVolume: 11
11-11 16:08:43.410 D/MicroService( 2075): handleHeartBeat:467
11-11 16:08:43.444 I/vol.Events( 1933): writeEvent level_changed STREAM_ALARM 3
11-11 16:08:43.445 I/vol.Events( 1933): writeEvent level_changed STREAM_RING 2
11-11 16:08:43.445 I/vol.Events( 1933): writeEvent level_changed STREAM_SYSTEM 2
11-11 16:08:43.445 I/vol.Events( 1933): writeEvent level_changed STREAM_VOICE_CALL 2
11-11 16:08:43.452 I/vol.Events( 1933): writeEvent level_changed STREAM_MUSIC 11
11-11 16:08:43.453 I/vol.Events( 1933): writeEvent mute_changed STREAM_MUSIC false
11-11 16:08:43.453 D/APM_AudioPolicyManager( 1028): setVolumeCurveIndex: wrong index 0 min=1 max=15
11-11 16:08:43.453 E/APM_AudioPolicyManager( 1028): setVolumeIndexForAttributes failed to set curve index for group 1 device 0x2
11-11 16:08:43.454 E/AudioSystem-JNI( 1169): Command failed for android_media_AudioSystem_setStreamVolumeIndex: -22
11-11 16:08:43.465 D/APM_AudioPolicyManager( 1028): setVolumeCurveIndex: wrong index 0 min=1 max=7
11-11 16:08:43.465 E/APM_AudioPolicyManager( 1028): setVolumeIndexForAttributes failed to set curve index for group 2 device 0x2
11-11 16:08:43.465 E/AudioSystem-JNI( 1169): Command failed for android_media_AudioSystem_setStreamVolumeIndex: -22
11-11 16:08:43.492 D/APM_AudioPolicyManager( 1028): setVolumeCurveIndex: wrong index 0 min=1 max=15
11-11 16:08:43.492 E/APM_AudioPolicyManager( 1028): setVolumeIndexForAttributes failed to set curve index for group 1 device 0x2
11-11 16:08:43.493 E/AudioSystem-JNI( 1169): Command failed for android_media_AudioSystem_setStreamVolumeIndex: -22
11-11 16:08:43.493 D/APM_AudioPolicyManager( 1028): setVolumeCurveIndex: wrong index 0 min=1 max=15
11-11 16:08:43.493 E/APM_AudioPolicyManager( 1028): setVolumeIndexForAttributes failed to set curve index for group 1 device 0x4
11-11 16:08:43.495 E/AudioSystem-JNI( 1169): Command failed for android_media_AudioSystem_setStreamVolumeIndex: -22
11-11 16:08:43.495 D/APM_AudioPolicyManager( 1028): setVolumeCurveIndex: wrong index 0 min=1 max=15
11-11 16:08:43.495 E/APM_AudioPolicyManager( 1028): setVolumeIndexForAttributes failed to set curve index for group 1 device 0x8
11-11 16:08:43.496 E/AudioSystem-JNI( 1169): Command failed for android_media_AudioSystem_setStreamVolumeIndex: -22
11-11 16:08:43.496 D/APM_AudioPolicyManager( 1028): setVolumeCurveIndex: wrong index 0 min=1 max=15
11-11 16:08:43.496 E/APM_AudioPolicyManager( 1028): setVolumeIndexForAttributes failed to set curve index for group 1 device 0x4000000
11-11 16:08:43.497 E/AudioSystem-JNI( 1169): Command failed for android_media_AudioSystem_setStreamVolumeIndex: -22
11-11 16:08:43.497 D/APM_AudioPolicyManager( 1028): setVolumeCurveIndex: wrong index 0 min=1 max=15
11-11 16:08:43.497 E/APM_AudioPolicyManager( 1028): setVolumeIndexForAttributes failed to set curve index for group 1 device 0x40000000
11-11 16:08:43.498 E/AudioSystem-JNI( 1169): Command failed for android_media_AudioSystem_setStreamVolumeIndex: -22
11-11 16:08:43.512 D/APM_AudioPolicyManager( 1028): setVolumeCurveIndex: wrong index 0 min=1 max=7
11-11 16:08:43.512 E/APM_AudioPolicyManager( 1028): setVolumeIndexForAttributes failed to set curve index for group 2 device 0x2
11-11 16:08:43.512 E/AudioSystem-JNI( 1169): Command failed for android_media_AudioSystem_setStreamVolumeIndex: -22
11-11 16:08:43.513 D/APM_AudioPolicyManager( 1028): setVolumeCurveIndex: wrong index 0 min=1 max=7
11-11 16:08:43.513 E/APM_AudioPolicyManager( 1028): setVolumeIndexForAttributes failed to set curve index for group 2 device 0x4
11-11 16:08:43.513 E/AudioSystem-JNI( 1169): Command failed for android_media_AudioSystem_setStreamVolumeIndex: -22
11-11 16:08:43.513 D/APM_AudioPolicyManager( 1028): setVolumeCurveIndex: wrong index 0 min=1 max=7
11-11 16:08:43.513 E/APM_AudioPolicyManager( 1028): setVolumeIndexForAttributes failed to set curve index for group 2 device 0x8
11-11 16:08:43.513 I/mpu_uart( 664): [MSG-P:RECV]:No message received in 1000 ms
11-11 16:08:43.513 E/AudioSystem-JNI( 1169): Command failed for android_media_AudioSystem_setStreamVolumeIndex: -22
11-11 16:08:43.513 D/APM_AudioPolicyManager( 1028): setVolumeCurveIndex: wrong index 0 min=1 max=7
11-11 16:08:43.513 E/APM_AudioPolicyManager( 1028): setVolumeIndexForAttributes failed to set curve index for group 2 device 0x4000000
11-11 16:08:43.514 E/AudioSystem-JNI( 1169): Command failed for android_media_AudioSystem_setStreamVolumeIndex: -22
11-11 16:08:43.514 D/APM_AudioPolicyManager( 1028): setVolumeCurveIndex: wrong index 0 min=1 max=7
11-11 16:08:43.514 E/APM_AudioPolicyManager( 1028): setVolumeIndexForAttributes failed to set curve index for group 2 device 0x40000000
11-11 16:08:43.514 E/AudioSystem-JNI( 1169): Command failed for android_media_AudioSystem_setStreamVolumeIndex: -22
11-11 16:08:43.528 D/RemoteControlService( 2422): setVolume called, target type: music, target volume 11
11-11 16:08:43.529 D/RemoteControlService( 2422): Digest: 8F74D1CCE5B6E32F3898A8C225BD56D6EE2042E58A0DE93A5F9D7758BADE10CB
11-11 16:08:43.530 D/RemoteControlService( 2422): Send data length: 133
11-11 16:08:43.530 D/RemoteControlService( 2422): Send message finished. direction: 16, messageType: 19, json: {"name":"music","source":0,"token":"BYdGz1fZZDdu2YZ","type":"volume_change","value":11}
11-11 16:08:43.532 D/RemoteControlService( 2422): RemoteVolumeCommand ResponseSpeedTest - use time: 2152
11-11 16:08:43.532 D/RemoteControlService( 2422): handleMessage called
11-11 16:08:43.532 D/RemoteControlService( 2422): Client-192.168.4.4 handleHeartBeat:269
11-11 16:08:43.532 D/RemoteControlService( 2422): Is not connect command
11-11 16:08:43.532 D/RemoteControlService( 2422): haveControl ? clientcom.thundercomm.remotecontrolservice.RemoteControllerClient@9c510e2
11-11 16:08:43.532 D/RemoteControlService( 2422): Client have control
11-11 16:08:43.535 D/AS.AudioService( 1169): idcm_volume:setIDCMicroVolume(stream=3, index=0, calling=com.thundercomm.remotecontrolservice)
11-11 16:08:43.535 D/AudioIDCMicroNegotiator( 1169): idcm_volume:setIDCMicroVolume
11-11 16:08:43.535 D/AudioIDCMicroNegotiator( 1169): idcm_common:requestResult method = setVolume parameters = {"functionInfo":{"IDCM_VolumeValue_Media":"0"}}
11-11 16:08:43.535 I/MicroServiceManager( 1169): requestResult(setVolume) parameters is{"functionInfo":{"IDCM_VolumeValue_Media":"0"}}.
11-11 16:08:43.540 D/RemoteControlService( 2422): getEvent: clientSocket = Socket[address=/192.168.4.4,port=44043,localPort=12600]
11-11 16:08:43.541 D/RemoteControlService( 2422): run: called
11-11 16:08:43.541 D/RemoteControlService( 2422): getEvent: start waiting...
11-11 16:08:43.541 E/RemoteControlService( 2422): Enter ListenSocketRunnable
11-11 16:08:43.542 D/RemoteControlService( 2422): After desEncrypt json is [{"type":"music","source":0,"token":"BYdGz1fZZDdu2YZ","value":11}]
11-11 16:08:43.542 D/RemoteControlService( 2422): buildRemoteCommand:type=19
11-11 16:08:43.543 D/RemoteControlService( 2422): Request params: BaseRequestCommandBean{source=0, token='BYdGz1fZZDdu2YZ', type='music', value='11'}
11-11 16:08:43.546 D/MicroService( 2075): Send message to IDCM:SocketMessageBean{businessData='21930', srcService='FSEM_AudioService', destService='IDCM_CarAudioService', messageType='0', uuid='1668154123536285143', payloadData={"srcService":"FSEM_AudioService","dstService":"IDCM_CarAudioService","messageType":0,"uuid":1668154123536285143,"methodName":"setVolume","parameters":{"functionInfo":{"IDCM_VolumeValue_Media":"0"}}}}
11-11 16:08:43.566 I/vol.Events( 1933): writeEvent show_dialog volume_changed keyguard=false
11-11 16:08:43.574 D/BluetoothDatabase( 1910): getBondedDevicesOrdered: Invalid address for device LocalStorage
11-11 16:08:43.588 I/MicroService( 2075): Receive message: SocketMessageBean{businessData='21930', srcService='IDCM_CarAudioService', destService='FSEM_AudioService', messageType='1', uuid='1668154123536285143', payloadData={"srcService":"IDCM_CarAudioService","dstService":"FSEM_AudioService","methodName":"setVolume","messageType":1,"uuid":1668154123536285143,"parameters":{"functionInfo":{"IDCM_VolumeValue_Media":"0"}}}}
11-11 16:08:43.589 I/MicroService( 2075): onResponse(setVolume): {"functionInfo":{"IDCM_VolumeValue_Media":"0"}}
11-11 16:08:43.589 D/AudioIDCMicroNegotiator( 1169): idcm_common:response from IDCM method = setVolume parameters = {"functionInfo":{"IDCM_VolumeValue_Media":"0"}}
11-11 16:08:43.590 D/AudioIDCMicroNegotiator( 1169): idcm_volume:onSetIDCMicroVolume mIsTimeout= false value = 0 isRequested=true
11-11 16:08:43.590 D/AudioIDCMicroNegotiator( 1169): idcm_volume:setIDCMicroVolume return 0
11-11 16:08:43.590 D/AS.AudioService( 1169): idcm_volume:setIDCMicroVolume: 0
11-11 16:08:43.593 D/MicroService( 2075): handleHeartBeat:468
11-11 16:08:43.612 I/vol.Events( 1933): writeEvent level_changed STREAM_ALARM 1
11-11 16:08:43.615 I/vol.Events( 1933): writeEvent level_changed STREAM_RING 0
11-11 16:08:43.620 I/vol.Events( 1933): writeEvent level_changed STREAM_SYSTEM 0
11-11 16:08:43.622 I/vol.Events( 1933): writeEvent level_changed STREAM_VOICE_CALL 1
11-11 16:08:43.629 I/vol.Events( 1933): writeEvent level_changed STREAM_MUSIC 0
11-11 16:08:43.630 D/APM_AudioPolicyManager( 1028): setVolumeCurveIndex: wrong index 0 min=1 max=15
11-11 16:08:43.630 E/APM_AudioPolicyManager( 1028): setVolumeIndexForAttributes failed to set curve index for group 1 device 0x2
11-11 16:08:43.631 E/AudioSystem-JNI( 1169): Command failed for android_media_AudioSystem_setStreamVolumeIndex: -22
11-11 16:08:43.629 I/vol.Events( 1933): writeEvent mute_changed STREAM_MUSIC true
11-11 16:08:43.636 D/APM_AudioPolicyManager( 1028): setVolumeCurveIndex: wrong index 0 min=1 max=7
11-11 16:08:43.636 E/APM_AudioPolicyManager( 1028): setVolumeIndexForAttributes failed to set curve index for group 2 device 0x2
11-11 16:08:43.637 E/AudioSystem-JNI( 1169): Command failed for android_media_AudioSystem_setStreamVolumeIndex: -22
11-11 16:08:43.652 D/APM_AudioPolicyManager( 1028): setVolumeCurveIndex: wrong index 0 min=1 max=15
11-11 16:08:43.652 E/APM_AudioPolicyManager( 1028): setVolumeIndexForAttributes failed to set curve index for group 1 device 0x2
11-11 16:08:43.652 E/AudioSystem-JNI( 1169): Command failed for android_media_AudioSystem_setStreamVolumeIndex: -22
11-11 16:08:43.652 D/APM_AudioPolicyManager( 1028): setVolumeCurveIndex: wrong index 0 min=1 max=15
11-11 16:08:43.652 E/APM_AudioPolicyManager( 1028): setVolumeIndexForAttributes failed to set curve index for group 1 device 0x4
11-11 16:08:43.653 E/AudioSystem-JNI( 1169): Command failed for android_media_AudioSystem_setStreamVolumeIndex: -22
11-11 16:08:43.653 D/APM_AudioPolicyManager( 1028): setVolumeCurveIndex: wrong index 0 min=1 max=15
11-11 16:08:43.653 E/APM_AudioPolicyManager( 1028): setVolumeIndexForAttributes failed to set curve index for group 1 device 0x8
11-11 16:08:43.653 E/AudioSystem-JNI( 1169): Command failed for android_media_AudioSystem_setStreamVolumeIndex: -22
11-11 16:08:43.653 D/APM_AudioPolicyManager( 1028): setVolumeCurveIndex: wrong index 0 min=1 max=15
11-11 16:08:43.653 E/APM_AudioPolicyManager( 1028): setVolumeIndexForAttributes failed to set curve index for group 1 device 0x4000000
11-11 16:08:43.654 E/AudioSystem-JNI( 1169): Command failed for android_media_AudioSystem_setStreamVolumeIndex: -22
11-11 16:08:43.654 D/APM_AudioPolicyManager( 1028): setVolumeCurveIndex: wrong index 0 min=1 max=15
11-11 16:08:43.654 E/APM_AudioPolicyManager( 1028): setVolumeIndexForAttributes failed to set curve index for group 1 device 0x40000000
11-11 16:08:43.654 E/AudioSystem-JNI( 1169): Command failed for android_media_AudioSystem_setStreamVolumeIndex: -22
11-11 16:08:43.673 D/APM_AudioPolicyManager( 1028): setVolumeCurveIndex: wrong index 0 min=1 max=7
11-11 16:08:43.673 E/APM_AudioPolicyManager( 1028): setVolumeIndexForAttributes failed to set curve index for group 2 device 0x2
11-11 16:08:43.673 E/AudioSystem-JNI( 1169): Command failed for android_media_AudioSystem_setStreamVolumeIndex: -22
11-11 16:08:43.673 D/APM_AudioPolicyManager( 1028): setVolumeCurveIndex: wrong index 0 min=1 max=7
11-11 16:08:43.673 E/APM_AudioPolicyManager( 1028): setVolumeIndexForAttributes failed to set curve index for group 2 device 0x4
11-11 16:08:43.673 E/AudioSystem-JNI( 1169): Command failed for android_media_AudioSystem_setStreamVolumeIndex: -22
11-11 16:08:43.674 D/APM_AudioPolicyManager( 1028): setVolumeCurveIndex: wrong index 0 min=1 max=7
11-11 16:08:43.674 E/APM_AudioPolicyManager( 1028): setVolumeIndexForAttributes failed to set curve index for group 2 device 0x8
11-11 16:08:43.674 E/AudioSystem-JNI( 1169): Command failed for android_media_AudioSystem_setStreamVolumeIndex: -22
11-11 16:08:43.674 D/APM_AudioPolicyManager( 1028): setVolumeCurveIndex: wrong index 0 min=1 max=7
11-11 16:08:43.674 E/APM_AudioPolicyManager( 1028): setVolumeIndexForAttributes failed to set curve index for group 2 device 0x4000000
11-11 16:08:43.674 E/AudioSystem-JNI( 1169): Command failed for android_media_AudioSystem_setStreamVolumeIndex: -22
11-11 16:08:43.674 D/APM_AudioPolicyManager( 1028): setVolumeCurveIndex: wrong index 0 min=1 max=7
11-11 16:08:43.675 E/APM_AudioPolicyManager( 1028): setVolumeIndexForAttributes failed to set curve index for group 2 device 0x40000000
11-11 16:08:43.675 E/AudioSystem-JNI( 1169): Command failed for android_media_AudioSystem_setStreamVolumeIndex: -22
11-11 16:08:43.694 D/RemoteControlService( 2422): setVolume called, target type: music, target volume 0
11-11 16:08:43.696 D/RemoteControlService( 2422): Digest: 78C7BDB871E5C00BE407B8A303DC0FDC27ACE492FF4E11CDCD115AAB1792FC4B
11-11 16:08:43.697 D/RemoteControlService( 2422): Send data length: 133
11-11 16:08:43.697 D/RemoteControlService( 2422): Send message finished. direction: 16, messageType: 19, json: {"name":"music","source":0,"token":"BYdGz1fZZDdu2YZ","type":"volume_change","value":0}
11-11 16:08:43.699 D/RemoteControlService( 2422): RemoteVolumeCommand ResponseSpeedTest - use time: 2136
11-11 16:08:43.699 D/RemoteControlService( 2422): handleMessage called
11-11 16:08:43.699 D/RemoteControlService( 2422): Client-192.168.4.4 handleHeartBeat:270
11-11 16:08:43.699 D/RemoteControlService( 2422): Is not connect command
11-11 16:08:43.699 D/RemoteControlService( 2422): haveControl ? clientcom.thundercomm.remotecontrolservice.RemoteControllerClient@9c510e2
11-11 16:08:43.699 D/RemoteControlService( 2422): Client have control
11-11 16:08:43.703 D/AS.AudioService( 1169): idcm_volume:setIDCMicroVolume(stream=3, index=11, calling=com.thundercomm.remotecontrolservice)
11-11 16:08:43.703 D/AudioIDCMicroNegotiator( 1169): idcm_volume:setIDCMicroVolume
11-11 16:08:43.703 D/AudioIDCMicroNegotiator( 1169): idcm_common:requestResult method = setVolume parameters = {"functionInfo":{"IDCM_VolumeValue_Media":"11"}}
11-11 16:08:43.703 I/MicroServiceManager( 1169): requestResult(setVolume) parameters is{"functionInfo":{"IDCM_VolumeValue_Media":"11"}}.
11-11 16:08:43.712 D/MicroService( 2075): Send message to IDCM:SocketMessageBean{businessData='21930', srcService='FSEM_AudioService', destService='IDCM_CarAudioService', messageType='0', uuid='1668154123704600768', payloadData={"srcService":"FSEM_AudioService","dstService":"IDCM_CarAudioService","messageType":0,"uuid":1668154123704600768,"methodName":"setVolume","parameters":{"functionInfo":{"IDCM_VolumeValue_Media":"11"}}}}
11-11 16:08:43.715 D/RemoteControlService( 2422): getEvent: clientSocket = Socket[address=/192.168.4.4,port=54783,localPort=12600]
11-11 16:08:43.716 D/RemoteControlService( 2422): run: called
11-11 16:08:43.716 D/RemoteControlService( 2422): getEvent: start waiting...
11-11 16:08:43.718 I/vol.Events( 1933): writeEvent show_dialog volume_changed keyguard=false
11-11 16:08:43.718 E/RemoteControlService( 2422): Enter ListenSocketRunnable
11-11 16:08:43.720 D/RemoteControlService( 2422): After desEncrypt json is [{"type":"music","source":0,"token":"BYdGz1fZZDdu2YZ","value":0}]
11-11 16:08:43.720 D/RemoteControlService( 2422): buildRemoteCommand:type=19
11-11 16:08:43.720 D/RemoteControlService( 2422): Request params: BaseRequestCommandBean{source=0, token='BYdGz1fZZDdu2YZ', type='music', value='0'}
11-11 16:08:43.724 D/BluetoothDatabase( 1910): getBondedDevicesOrdered: Invalid address for device LocalStorage
11-11 16:08:43.748 I/MicroService( 2075): Receive message: SocketMessageBean{businessData='21930', srcService='IDCM_CarAudioService', destService='FSEM_AudioService', messageType='1', uuid='1668154123704600768', payloadData={"srcService":"IDCM_CarAudioService","dstService":"FSEM_AudioService","methodName":"setVolume","messageType":1,"uuid":1668154123704600768,"parameters":{"functionInfo":{"IDCM_VolumeValue_Media":"11"}}}}
11-11 16:08:43.749 I/MicroService( 2075): onResponse(setVolume): {"functionInfo":{"IDCM_VolumeValue_Media":"11"}}
11-11 16:08:43.749 D/AudioIDCMicroNegotiator( 1169): idcm_common:response from IDCM method = setVolume parameters = {"functionInfo":{"IDCM_VolumeValue_Media":"11"}}
11-11 16:08:43.750 D/AudioIDCMicroNegotiator( 1169): idcm_volume:onSetIDCMicroVolume mIsTimeout= false value = 11 isRequested=true
11-11 16:08:43.750 D/AudioIDCMicroNegotiator( 1169): idcm_volume:setIDCMicroVolume return 11
11-11 16:08:43.750 D/AS.AudioService( 1169): idcm_volume:setIDCMicroVolume: 11
11-11 16:08:43.756 D/MicroService( 2075): handleHeartBeat:469
11-11 16:08:43.773 I/vol.Events( 1933): writeEvent level_changed STREAM_ALARM 3
11-11 16:08:43.777 I/vol.Events( 1933): writeEvent level_changed STREAM_RING 2
11-11 16:08:43.788 I/vol.Events( 1933): writeEvent level_changed STREAM_SYSTEM 2
11-11 16:08:43.790 I/vol.Events( 1933): writeEvent level_changed STREAM_VOICE_CALL 2
11-11 16:08:43.791 I/vol.Events( 1933): writeEvent level_changed STREAM_MUSIC 11
11-11 16:08:43.792 I/vol.Events( 1933): writeEvent mute_changed STREAM_MUSIC false
11-11 16:08:43.792 D/APM_AudioPolicyManager( 1028): setVolumeCurveIndex: wrong index 0 min=1 max=15
11-11 16:08:43.792 E/APM_AudioPolicyManager( 1028): setVolumeIndexForAttributes failed to set curve index for group 1 device 0x2
11-11 16:08:43.792 E/AudioSystem-JNI( 1169): Command failed for android_media_AudioSystem_setStreamVolumeIndex: -22
11-11 16:08:43.800 D/APM_AudioPolicyManager( 1028): setVolumeCurveIndex: wrong index 0 min=1 max=7
11-11 16:08:43.800 E/APM_AudioPolicyManager( 1028): setVolumeIndexForAttributes failed to set curve index for group 2 device 0x2
11-11 16:08:43.800 E/AudioSystem-JNI( 1169): Command failed for android_media_AudioSystem_setStreamVolumeIndex: -22
11-11 16:08:43.824 D/APM_AudioPolicyManager( 1028): setVolumeCurveIndex: wrong index 0 min=1 max=15
11-11 16:08:43.824 E/APM_AudioPolicyManager( 1028): setVolumeIndexForAttributes failed to set curve index for group 1 device 0x2
11-11 16:08:43.825 E/AudioSystem-JNI( 1169): Command failed for android_media_AudioSystem_setStreamVolumeIndex: -22
11-11 16:08:43.825 D/APM_AudioPolicyManager( 1028): setVolumeCurveIndex: wrong index 0 min=1 max=15
11-11 16:08:43.826 E/APM_AudioPolicyManager( 1028): setVolumeIndexForAttributes failed to set curve index for group 1 device 0x4
11-11 16:08:43.826 E/AudioSystem-JNI( 1169): Command failed for android_media_AudioSystem_setStreamVolumeIndex: -22
11-11 16:08:43.826 D/APM_AudioPolicyManager( 1028): setVolumeCurveIndex: wrong index 0 min=1 max=15
11-11 16:08:43.826 E/APM_AudioPolicyManager( 1028): setVolumeIndexForAttributes failed to set curve index for group 1 device 0x8
11-11 16:08:43.827 E/AudioSystem-JNI( 1169): Command failed for android_media_AudioSystem_setStreamVolumeIndex: -22
11-11 16:08:43.828 D/APM_AudioPolicyManager( 1028): setVolumeCurveIndex: wrong index 0 min=1 max=15
11-11 16:08:43.828 E/APM_AudioPolicyManager( 1028): setVolumeIndexForAttributes failed to set curve index for group 1 device 0x4000000
11-11 16:08:43.828 E/AudioSystem-JNI( 1169): Command failed for android_media_AudioSystem_setStreamVolumeIndex: -22
11-11 16:08:43.829 D/APM_AudioPolicyManager( 1028): setVolumeCurveIndex: wrong index 0 min=1 max=15
11-11 16:08:43.829 E/APM_AudioPolicyManager( 1028): setVolumeIndexForAttributes failed to set curve index for group 1 device 0x40000000
11-11 16:08:43.829 E/AudioSystem-JNI( 1169): Command failed for android_media_AudioSystem_setStreamVolumeIndex: -22
11-11 16:08:43.867 D/APM_AudioPolicyManager( 1028): setVolumeCurveIndex: wrong index 0 min=1 max=7
11-11 16:08:43.867 E/APM_AudioPolicyManager( 1028): setVolumeIndexForAttributes failed to set curve index for group 2 device 0x2
11-11 16:08:43.867 E/AudioSystem-JNI( 1169): Command failed for android_media_AudioSystem_setStreamVolumeIndex: -22
11-11 16:08:43.868 D/APM_AudioPolicyManager( 1028): setVolumeCurveIndex: wrong index 0 min=1 max=7
11-11 16:08:43.868 E/APM_AudioPolicyManager( 1028): setVolumeIndexForAttributes failed to set curve index for group 2 device 0x4
11-11 16:08:43.868 E/AudioSystem-JNI( 1169): Command failed for android_media_AudioSystem_setStreamVolumeIndex: -22
11-11 16:08:43.869 D/APM_AudioPolicyManager( 1028): setVolumeCurveIndex: wrong index 0 min=1 max=7
11-11 16:08:43.869 E/APM_AudioPolicyManager( 1028): setVolumeIndexForAttributes failed to set curve index for group 2 device 0x8
11-11 16:08:43.870 E/AudioSystem-JNI( 1169): Command failed for android_media_AudioSystem_setStreamVolumeIndex: -22
11-11 16:08:43.870 D/APM_AudioPolicyManager( 1028): setVolumeCurveIndex: wrong index 0 min=1 max=7
11-11 16:08:43.870 E/APM_AudioPolicyManager( 1028): setVolumeIndexForAttributes failed to set curve index for group 2 device 0x4000000
11-11 16:08:43.871 E/AudioSystem-JNI( 1169): Command failed for android_media_AudioSystem_setStreamVolumeIndex: -22
11-11 16:08:43.871 D/APM_AudioPolicyManager( 1028): setVolumeCurveIndex: wrong index 0 min=1 max=7
11-11 16:08:43.871 E/APM_AudioPolicyManager( 1028): setVolumeIndexForAttributes failed to set curve index for group 2 device 0x40000000
11-11 16:08:43.872 E/AudioSystem-JNI( 1169): Command failed for android_media_AudioSystem_setStreamVolumeIndex: -22
11-11 16:08:43.893 D/RemoteControlService( 2422): getEvent: clientSocket = Socket[address=/192.168.4.4,port=38459,localPort=12600]
11-11 16:08:43.895 D/RemoteControlService( 2422): run: called
11-11 16:08:43.895 D/RemoteControlService( 2422): getEvent: start waiting...
11-11 16:08:43.895 E/RemoteControlService( 2422): Enter ListenSocketRunnable
11-11 16:08:43.897 D/RemoteControlService( 2422): After desEncrypt json is [{"type":"music","source":0,"token":"BYdGz1fZZDdu2YZ","value":11}]
11-11 16:08:43.897 D/RemoteControlService( 2422): buildRemoteCommand:type=19
11-11 16:08:43.897 D/RemoteControlService( 2422): Request params: BaseRequestCommandBean{source=0, token='BYdGz1fZZDdu2YZ', type='music', value='11'}
11-11 16:08:43.901 W/Looper ( 1169): Slow dispatch took 112ms main h=android.app.ActivityThread$H c=android.app.LoadedApk$ReceiverDispatcher$Args$$ExternalSyntheticLambda0@35fc7e4 m=0
11-11 16:08:43.901 D/RemoteControlService( 2422): setVolume called, target type: music, target volume 11
11-11 16:08:43.902 D/RemoteControlService( 2422): Digest: 8F74D1CCE5B6E32F3898A8C225BD56D6EE2042E58A0DE93A5F9D7758BADE10CB
11-11 16:08:43.903 D/RemoteControlService( 2422): Send data length: 133
11-11 16:08:43.903 D/RemoteControlService( 2422): Send message finished. direction: 16, messageType: 19, json: {"name":"music","source":0,"token":"BYdGz1fZZDdu2YZ","type":"volume_change","value":11}
11-11 16:08:43.905 D/RemoteControlService( 2422): RemoteVolumeCommand ResponseSpeedTest - use time: 2163
11-11 16:08:43.905 D/RemoteControlService( 2422): handleMessage called
11-11 16:08:43.905 D/RemoteControlService( 2422): Client-192.168.4.4 handleHeartBeat:271
11-11 16:08:43.905 D/RemoteControlService( 2422): Is not connect command
11-11 16:08:43.906 D/RemoteControlService( 2422): haveControl ? clientcom.thundercomm.remotecontrolservice.RemoteControllerClient@9c510e2
11-11 16:08:43.906 D/RemoteControlService( 2422): Client have control
11-11 16:08:43.910 D/AS.AudioService( 1169): idcm_volume:setIDCMicroVolume(stream=3, index=0, calling=com.thundercomm.remotecontrolservice)
11-11 16:08:43.910 D/AudioIDCMicroNegotiator( 1169): idcm_volume:setIDCMicroVolume
11-11 16:08:43.910 D/AudioIDCMicroNegotiator( 1169): idcm_common:requestResult method = setVolume parameters = {"functionInfo":{"IDCM_VolumeValue_Media":"0"}}
11-11 16:08:43.910 I/MicroServiceManager( 1169): requestResult(setVolume) parameters is{"functionInfo":{"IDCM_VolumeValue_Media":"0"}}.
11-11 16:08:43.920 D/MicroService( 2075): Send message to IDCM:SocketMessageBean{businessData='21930', srcService='FSEM_AudioService', destService='IDCM_CarAudioService', messageType='0', uuid='1668154123910317330', payloadData={"srcService":"FSEM_AudioService","dstService":"IDCM_CarAudioService","messageType":0,"uuid":1668154123910317330,"methodName":"setVolume","parameters":{"functionInfo":{"IDCM_VolumeValue_Media":"0"}}}}
11-11 16:08:43.934 I/vol.Events( 1933): writeEvent show_dialog volume_changed keyguard=false
11-11 16:08:43.943 D/BluetoothDatabase( 1910): getBondedDevicesOrdered: Invalid address for device LocalStorage
11-11 16:08:43.961 I/MicroService( 2075): Receive message: SocketMessageBean{businessData='21930', srcService='IDCM_CarAudioService', destService='FSEM_AudioService', messageType='1', uuid='1668154123910317330', payloadData={"srcService":"IDCM_CarAudioService","dstService":"FSEM_AudioService","methodName":"setVolume","messageType":1,"uuid":1668154123910317330,"parameters":{"functionInfo":{"IDCM_VolumeValue_Media":"0"}}}}
11-11 16:08:43.962 I/MicroService( 2075): onResponse(setVolume): {"functionInfo":{"IDCM_VolumeValue_Media":"0"}}
11-11 16:08:43.962 D/AudioIDCMicroNegotiator( 1169): idcm_common:response from IDCM method = setVolume parameters = {"functionInfo":{"IDCM_VolumeValue_Media":"0"}}
11-11 16:08:43.962 D/AudioIDCMicroNegotiator( 1169): idcm_volume:onSetIDCMicroVolume mIsTimeout= false value = 0 isRequested=true
11-11 16:08:43.963 D/AudioIDCMicroNegotiator( 1169): idcm_volume:setIDCMicroVolume return 0
11-11 16:08:43.963 D/AS.AudioService( 1169): idcm_volume:setIDCMicroVolume: 0
11-11 16:08:43.966 D/MicroService( 2075): handleHeartBeat:470
11-11 16:08:43.991 I/vol.Events( 1933): writeEvent level_changed STREAM_ALARM 1
11-11 16:08:43.997 I/vol.Events( 1933): writeEvent level_changed STREAM_RING 0
11-11 16:08:43.997 I/vol.Events( 1933): writeEvent level_changed STREAM_SYSTEM 0
11-11 16:08:44.000 I/vol.Events( 1933): writeEvent level_changed STREAM_VOICE_CALL 1
11-11 16:08:44.001 D/RemoteControlService( 2422): setVolume called, target type: music, target volume 0
11-11 16:08:44.002 D/RemoteControlService( 2422): Digest: 78C7BDB871E5C00BE407B8A303DC0FDC27ACE492FF4E11CDCD115AAB1792FC4B
11-11 16:08:44.002 D/RemoteControlService( 2422): Send data length: 133
11-11 16:08:44.003 D/RemoteControlService( 2422): Send message finished. direction: 16, messageType: 19, json: {"name":"music","source":0,"token":"BYdGz1fZZDdu2YZ","type":"volume_change","value":0}
11-11 16:08:44.004 D/RemoteControlService( 2422): RemoteVolumeCommand ResponseSpeedTest - use time: 2075
