11-11 16:08:48.352 E/APM_AudioPolicyManager( 1028): setVolumeIndexForAttributes failed to set curve index for group 1 device 0x40000000
11-11 16:08:48.353 E/AudioSystem-JNI( 1169): Command failed for android_media_AudioSystem_setStreamVolumeIndex: -22
11-11 16:08:48.395 D/APM_AudioPolicyManager( 1028): setVolumeCurveIndex: wrong index 0 min=1 max=7
11-11 16:08:48.396 E/APM_AudioPolicyManager( 1028): setVolumeIndexForAttributes failed to set curve index for group 2 device 0x2
11-11 16:08:48.396 E/AudioSystem-JNI( 1169): Command failed for android_media_AudioSystem_setStreamVolumeIndex: -22
11-11 16:08:48.396 D/APM_AudioPolicyManager( 1028): setVolumeCurveIndex: wrong index 0 min=1 max=7
11-11 16:08:48.396 E/APM_AudioPolicyManager( 1028): setVolumeIndexForAttributes failed to set curve index for group 2 device 0x4
11-11 16:08:48.397 E/AudioSystem-JNI( 1169): Command failed for android_media_AudioSystem_setStreamVolumeIndex: -22
11-11 16:08:48.398 D/APM_AudioPolicyManager( 1028): setVolumeCurveIndex: wrong index 0 min=1 max=7
11-11 16:08:48.398 E/APM_AudioPolicyManager( 1028): setVolumeIndexForAttributes failed to set curve index for group 2 device 0x8
11-11 16:08:48.399 E/AudioSystem-JNI( 1169): Command failed for android_media_AudioSystem_setStreamVolumeIndex: -22
11-11 16:08:48.399 D/APM_AudioPolicyManager( 1028): setVolumeCurveIndex: wrong index 0 min=1 max=7
11-11 16:08:48.399 E/APM_AudioPolicyManager( 1028): setVolumeIndexForAttributes failed to set curve index for group 2 device 0x4000000
11-11 16:08:48.400 E/AudioSystem-JNI( 1169): Command failed for android_media_AudioSystem_setStreamVolumeIndex: -22
11-11 16:08:48.400 D/APM_AudioPolicyManager( 1028): setVolumeCurveIndex: wrong index 0 min=1 max=7
11-11 16:08:48.400 E/APM_AudioPolicyManager( 1028): setVolumeIndexForAttributes failed to set curve index for group 2 device 0x40000000
11-11 16:08:48.400 E/AudioSystem-JNI( 1169): Command failed for android_media_AudioSystem_setStreamVolumeIndex: -22
11-11 16:08:48.431 W/system_server( 1169): Long monitor contention with owner AudioService (1856) at void com.android.server.audio.AudioService$VolumeStreamState.applyAllVolumes()(AudioService.java:7198) waiters=2 in int com.android.server.audio.AudioService.getDevicesForStreamInt(int) for 123ms
11-11 16:08:48.431 I/vol.Events( 1933): writeEvent level_changed STREAM_MUSIC 0
11-11 16:08:48.432 W/system_server( 1169): Long monitor contention with owner AudioService (1856) at void com.android.server.audio.AudioService$VolumeStreamState.applyAllVolumes()(AudioService.java:7198) waiters=3 in int com.android.server.audio.AudioService.getDevicesForStreamInt(int) for 121ms
11-11 16:08:48.432 I/vol.Events( 1933): writeEvent level_changed STREAM_VOICE_CALL 1
11-11 16:08:48.432 W/Looper ( 1169): Slow dispatch took 122ms main h=android.app.ActivityThread$H c=android.app.LoadedApk$ReceiverDispatcher$Args$$ExternalSyntheticLambda0@9e563d3 m=0
11-11 16:08:48.433 I/vol.Events( 1933): writeEvent mute_changed STREAM_MUSIC true
11-11 16:08:48.433 D/RemoteControlService( 2422): Digest: 78C7BDB871E5C00BE407B8A303DC0FDC27ACE492FF4E11CDCD115AAB1792FC4B
11-11 16:08:48.434 D/RemoteControlService( 2422): Send data length: 133
11-11 16:08:48.435 D/RemoteControlService( 2422): Send message finished. direction: 16, messageType: 19, json: {"name":"music","source":0,"token":"BYdGz1fZZDdu2YZ","type":"volume_change","value":0}
11-11 16:08:48.437 D/RemoteControlService( 2422): RemoteVolumeCommand ResponseSpeedTest - use time: 4004
11-11 16:08:48.437 D/RemoteControlService( 2422): handleMessage called
11-11 16:08:48.437 D/RemoteControlService( 2422): Client-192.168.4.4 handleHeartBeat:288
11-11 16:08:48.437 D/RemoteControlService( 2422): Is not connect command
11-11 16:08:48.437 D/RemoteControlService( 2422): haveControl ? clientcom.thundercomm.remotecontrolservice.RemoteControllerClient@9c510e2
11-11 16:08:48.437 D/RemoteControlService( 2422): Client have control
11-11 16:08:48.439 D/AS.AudioService( 1169): idcm_volume:setIDCMicroVolume(stream=3, index=11, calling=com.thundercomm.remotecontrolservice)
11-11 16:08:48.439 D/AudioIDCMicroNegotiator( 1169): idcm_volume:setIDCMicroVolume
11-11 16:08:48.439 D/AudioIDCMicroNegotiator( 1169): idcm_common:requestResult method = setVolume parameters = {"functionInfo":{"IDCM_VolumeValue_Media":"11"}}
11-11 16:08:48.439 I/MicroServiceManager( 1169): requestResult(setVolume) parameters is{"functionInfo":{"IDCM_VolumeValue_Media":"11"}}.
11-11 16:08:48.452 D/MicroService( 2075): Send message to IDCM:SocketMessageBean{businessData='21930', srcService='FSEM_AudioService', destService='IDCM_CarAudioService', messageType='0', uuid='1668154128440105140', payloadData={"srcService":"FSEM_AudioService","dstService":"IDCM_CarAudioService","messageType":0,"uuid":1668154128440105140,"methodName":"setVolume","parameters":{"functionInfo":{"IDCM_VolumeValue_Media":"11"}}}}
11-11 16:08:48.461 I/mpu_uart( 664): [MSG-P:RECV]:No message received in 1000 ms
11-11 16:08:48.462 I/vol.Events( 1933): writeEvent show_dialog volume_changed keyguard=false
11-11 16:08:48.472 D/BluetoothDatabase( 1910): getBondedDevicesOrdered: Invalid address for device LocalStorage
11-11 16:08:48.492 I/MicroService( 2075): Receive message: SocketMessageBean{businessData='21930', srcService='IDCM_CarAudioService', destService='FSEM_AudioService', messageType='1', uuid='1668154128440105140', payloadData={"srcService":"IDCM_CarAudioService","dstService":"FSEM_AudioService","methodName":"setVolume","messageType":1,"uuid":1668154128440105140,"parameters":{"functionInfo":{"IDCM_VolumeValue_Media":"11"}}}}
11-11 16:08:48.492 I/MicroService( 2075): onResponse(setVolume): {"functionInfo":{"IDCM_VolumeValue_Media":"11"}}
11-11 16:08:48.493 D/AudioIDCMicroNegotiator( 1169): idcm_common:response from IDCM method = setVolume parameters = {"functionInfo":{"IDCM_VolumeValue_Media":"11"}}
11-11 16:08:48.493 D/AudioIDCMicroNegotiator( 1169): idcm_volume:onSetIDCMicroVolume mIsTimeout= false value = 11 isRequested=true
11-11 16:08:48.494 D/AudioIDCMicroNegotiator( 1169): idcm_volume:setIDCMicroVolume return 11
11-11 16:08:48.494 D/AS.AudioService( 1169): idcm_volume:setIDCMicroVolume: 11
11-11 16:08:48.498 D/MicroService( 2075): handleHeartBeat:488
11-11 16:08:48.501 I/mpu_uart( 664): [MSG-P:R]:recv sync frame timeout
11-11 16:08:48.518 I/vol.Events( 1933): writeEvent level_changed STREAM_ALARM 3
11-11 16:08:48.523 I/vol.Events( 1933): writeEvent level_changed STREAM_RING 2
11-11 16:08:48.529 I/vol.Events( 1933): writeEvent level_changed STREAM_SYSTEM 2
11-11 16:08:48.532 I/vol.Events( 1933): writeEvent level_changed STREAM_VOICE_CALL 2
11-11 16:08:48.532 I/vol.Events( 1933): writeEvent level_changed STREAM_MUSIC 11
11-11 16:08:48.535 D/APM_AudioPolicyManager( 1028): setVolumeCurveIndex: wrong index 0 min=1 max=15
11-11 16:08:48.535 E/APM_AudioPolicyManager( 1028): setVolumeIndexForAttributes failed to set curve index for group 1 device 0x2
11-11 16:08:48.536 E/AudioSystem-JNI( 1169): Command failed for android_media_AudioSystem_setStreamVolumeIndex: -22
11-11 16:08:48.537 I/vol.Events( 1933): writeEvent mute_changed STREAM_MUSIC false
11-11 16:08:48.544 D/APM_AudioPolicyManager( 1028): setVolumeCurveIndex: wrong index 0 min=1 max=7
11-11 16:08:48.544 E/APM_AudioPolicyManager( 1028): setVolumeIndexForAttributes failed to set curve index for group 2 device 0x2
11-11 16:08:48.545 E/AudioSystem-JNI( 1169): Command failed for android_media_AudioSystem_setStreamVolumeIndex: -22
11-11 16:08:48.570 D/APM_AudioPolicyManager( 1028): setVolumeCurveIndex: wrong index 0 min=1 max=15
11-11 16:08:48.570 E/APM_AudioPolicyManager( 1028): setVolumeIndexForAttributes failed to set curve index for group 1 device 0x2
11-11 16:08:48.570 E/AudioSystem-JNI( 1169): Command failed for android_media_AudioSystem_setStreamVolumeIndex: -22
11-11 16:08:48.571 D/APM_AudioPolicyManager( 1028): setVolumeCurveIndex: wrong index 0 min=1 max=15
11-11 16:08:48.571 E/APM_AudioPolicyManager( 1028): setVolumeIndexForAttributes failed to set curve index for group 1 device 0x4
11-11 16:08:48.572 E/AudioSystem-JNI( 1169): Command failed for android_media_AudioSystem_setStreamVolumeIndex: -22
11-11 16:08:48.572 D/APM_AudioPolicyManager( 1028): setVolumeCurveIndex: wrong index 0 min=1 max=15
11-11 16:08:48.572 E/APM_AudioPolicyManager( 1028): setVolumeIndexForAttributes failed to set curve index for group 1 device 0x8
11-11 16:08:48.572 E/AudioSystem-JNI( 1169): Command failed for android_media_AudioSystem_setStreamVolumeIndex: -22
11-11 16:08:48.573 D/APM_AudioPolicyManager( 1028): setVolumeCurveIndex: wrong index 0 min=1 max=15
11-11 16:08:48.573 E/APM_AudioPolicyManager( 1028): setVolumeIndexForAttributes failed to set curve index for group 1 device 0x4000000
11-11 16:08:48.573 E/AudioSystem-JNI( 1169): Command failed for android_media_AudioSystem_setStreamVolumeIndex: -22
11-11 16:08:48.574 D/APM_AudioPolicyManager( 1028): setVolumeCurveIndex: wrong index 0 min=1 max=15
11-11 16:08:48.574 E/APM_AudioPolicyManager( 1028): setVolumeIndexForAttributes failed to set curve index for group 1 device 0x40000000
11-11 16:08:48.574 E/AudioSystem-JNI( 1169): Command failed for android_media_AudioSystem_setStreamVolumeIndex: -22
11-11 16:08:48.610 D/APM_AudioPolicyManager( 1028): setVolumeCurveIndex: wrong index 0 min=1 max=7
11-11 16:08:48.610 E/APM_AudioPolicyManager( 1028): setVolumeIndexForAttributes failed to set curve index for group 2 device 0x2
11-11 16:08:48.610 E/AudioSystem-JNI( 1169): Command failed for android_media_AudioSystem_setStreamVolumeIndex: -22
11-11 16:08:48.611 D/APM_AudioPolicyManager( 1028): setVolumeCurveIndex: wrong index 0 min=1 max=7
11-11 16:08:48.611 E/APM_AudioPolicyManager( 1028): setVolumeIndexForAttributes failed to set curve index for group 2 device 0x4
11-11 16:08:48.611 E/AudioSystem-JNI( 1169): Command failed for android_media_AudioSystem_setStreamVolumeIndex: -22
11-11 16:08:48.611 D/APM_AudioPolicyManager( 1028): setVolumeCurveIndex: wrong index 0 min=1 max=7
11-11 16:08:48.611 E/APM_AudioPolicyManager( 1028): setVolumeIndexForAttributes failed to set curve index for group 2 device 0x8
11-11 16:08:48.612 E/AudioSystem-JNI( 1169): Command failed for android_media_AudioSystem_setStreamVolumeIndex: -22
11-11 16:08:48.612 D/APM_AudioPolicyManager( 1028): setVolumeCurveIndex: wrong index 0 min=1 max=7
11-11 16:08:48.612 E/APM_AudioPolicyManager( 1028): setVolumeIndexForAttributes failed to set curve index for group 2 device 0x4000000
11-11 16:08:48.613 E/AudioSystem-JNI( 1169): Command failed for android_media_AudioSystem_setStreamVolumeIndex: -22
11-11 16:08:48.613 D/APM_AudioPolicyManager( 1028): setVolumeCurveIndex: wrong index 0 min=1 max=7
11-11 16:08:48.613 E/APM_AudioPolicyManager( 1028): setVolumeIndexForAttributes failed to set curve index for group 2 device 0x40000000
11-11 16:08:48.614 E/AudioSystem-JNI( 1169): Command failed for android_media_AudioSystem_setStreamVolumeIndex: -22
11-11 16:08:48.649 W/Looper ( 1169): Slow dispatch took 115ms main h=android.app.ActivityThread$H c=android.app.LoadedApk$ReceiverDispatcher$Args$$ExternalSyntheticLambda0@619b83c m=0
11-11 16:08:48.652 D/RemoteControlService( 2422): setVolume called, target type: music, target volume 11
11-11 16:08:48.654 D/RemoteControlService( 2422): Digest: 8F74D1CCE5B6E32F3898A8C225BD56D6EE2042E58A0DE93A5F9D7758BADE10CB
11-11 16:08:48.654 D/RemoteControlService( 2422): Send data length: 133
11-11 16:08:48.655 D/RemoteControlService( 2422): Send message finished. direction: 16, messageType: 19, json: {"name":"music","source":0,"token":"BYdGz1fZZDdu2YZ","type":"volume_change","value":11}
11-11 16:08:48.656 D/RemoteControlService( 2422): RemoteVolumeCommand ResponseSpeedTest - use time: 4055
11-11 16:08:48.656 D/RemoteControlService( 2422): handleMessage called
11-11 16:08:48.656 D/RemoteControlService( 2422): Client-192.168.4.4 handleHeartBeat:289
11-11 16:08:48.656 D/RemoteControlService( 2422): Is not connect command
11-11 16:08:48.657 D/RemoteControlService( 2422): haveControl ? clientcom.thundercomm.remotecontrolservice.RemoteControllerClient@9c510e2
11-11 16:08:48.657 D/RemoteControlService( 2422): Client have control
11-11 16:08:48.665 D/AS.AudioService( 1169): idcm_volume:setIDCMicroVolume(stream=3, index=0, calling=com.thundercomm.remotecontrolservice)
11-11 16:08:48.665 D/AudioIDCMicroNegotiator( 1169): idcm_volume:setIDCMicroVolume
11-11 16:08:48.665 D/AudioIDCMicroNegotiator( 1169): idcm_common:requestResult method = setVolume parameters = {"functionInfo":{"IDCM_VolumeValue_Media":"0"}}
11-11 16:08:48.665 I/MicroServiceManager( 1169): requestResult(setVolume) parameters is{"functionInfo":{"IDCM_VolumeValue_Media":"0"}}.
11-11 16:08:48.678 D/MicroService( 2075): Send message to IDCM:SocketMessageBean{businessData='21930', srcService='FSEM_AudioService', destService='IDCM_CarAudioService', messageType='0', uuid='1668154128666723942', payloadData={"srcService":"FSEM_AudioService","dstService":"IDCM_CarAudioService","messageType":0,"uuid":1668154128666723942,"methodName":"setVolume","parameters":{"functionInfo":{"IDCM_VolumeValue_Media":"0"}}}}
11-11 16:08:48.682 I/vol.Events( 1933): writeEvent show_dialog volume_changed keyguard=false
11-11 16:08:48.687 D/BluetoothDatabase( 1910): getBondedDevicesOrdered: Invalid address for device LocalStorage
11-11 16:08:48.704 I/MicroService( 2075): Receive message: SocketMessageBean{businessData='21930', srcService='IDCM_CarAudioService', destService='FSEM_AudioService', messageType='1', uuid='1668154128666723942', payloadData={"srcService":"IDCM_CarAudioService","dstService":"FSEM_AudioService","methodName":"setVolume","messageType":1,"uuid":1668154128666723942,"parameters":{"functionInfo":{"IDCM_VolumeValue_Media":"0"}}}}
11-11 16:08:48.704 I/MicroService( 2075): onResponse(setVolume): {"functionInfo":{"IDCM_VolumeValue_Media":"0"}}
11-11 16:08:48.706 D/AudioIDCMicroNegotiator( 1169): idcm_common:response from IDCM method = setVolume parameters = {"functionInfo":{"IDCM_VolumeValue_Media":"0"}}
11-11 16:08:48.706 D/AudioIDCMicroNegotiator( 1169): idcm_volume:onSetIDCMicroVolume mIsTimeout= false value = 0 isRequested=true
11-11 16:08:48.707 D/AudioIDCMicroNegotiator( 1169): idcm_volume:setIDCMicroVolume return 0
11-11 16:08:48.707 D/AS.AudioService( 1169): idcm_volume:setIDCMicroVolume: 0
11-11 16:08:48.708 D/MicroService( 2075): handleHeartBeat:489
11-11 16:08:48.743 D/AudioAnalytics( 1271): gc(1700, 2000): log size:1700 item map size:82, item map items:1700
11-11 16:08:48.758 D/APM_AudioPolicyManager( 1028): setVolumeCurveIndex: wrong index 0 min=1 max=15
11-11 16:08:48.758 E/APM_AudioPolicyManager( 1028): setVolumeIndexForAttributes failed to set curve index for group 1 device 0x2
11-11 16:08:48.758 E/AudioSystem-JNI( 1169): Command failed for android_media_AudioSystem_setStreamVolumeIndex: -22
11-11 16:08:48.764 I/vol.Events( 1933): writeEvent level_changed STREAM_ALARM 1
11-11 16:08:48.764 I/vol.Events( 1933): writeEvent level_changed STREAM_RING 0
11-11 16:08:48.765 I/vol.Events( 1933): writeEvent level_changed STREAM_SYSTEM 0
11-11 16:08:48.765 I/vol.Events( 1933): writeEvent level_changed STREAM_VOICE_CALL 1
11-11 16:08:48.765 I/vol.Events( 1933): writeEvent level_changed STREAM_MUSIC 0
11-11 16:08:48.765 I/vol.Events( 1933): writeEvent mute_changed STREAM_MUSIC true
11-11 16:08:48.776 D/APM_AudioPolicyManager( 1028): setVolumeCurveIndex: wrong index 0 min=1 max=7
11-11 16:08:48.776 E/APM_AudioPolicyManager( 1028): setVolumeIndexForAttributes failed to set curve index for group 2 device 0x2
11-11 16:08:48.777 E/AudioSystem-JNI( 1169): Command failed for android_media_AudioSystem_setStreamVolumeIndex: -22
11-11 16:08:48.806 D/APM_AudioPolicyManager( 1028): setVolumeCurveIndex: wrong index 0 min=1 max=15
11-11 16:08:48.807 E/APM_AudioPolicyManager( 1028): setVolumeIndexForAttributes failed to set curve index for group 1 device 0x2
11-11 16:08:48.807 E/AudioSystem-JNI( 1169): Command failed for android_media_AudioSystem_setStreamVolumeIndex: -22
11-11 16:08:48.807 D/APM_AudioPolicyManager( 1028): setVolumeCurveIndex: wrong index 0 min=1 max=15
11-11 16:08:48.807 E/APM_AudioPolicyManager( 1028): setVolumeIndexForAttributes failed to set curve index for group 1 device 0x4
11-11 16:08:48.808 E/AudioSystem-JNI( 1169): Command failed for android_media_AudioSystem_setStreamVolumeIndex: -22
11-11 16:08:48.808 D/APM_AudioPolicyManager( 1028): setVolumeCurveIndex: wrong index 0 min=1 max=15
11-11 16:08:48.808 E/APM_AudioPolicyManager( 1028): setVolumeIndexForAttributes failed to set curve index for group 1 device 0x8
11-11 16:08:48.810 E/AudioSystem-JNI( 1169): Command failed for android_media_AudioSystem_setStreamVolumeIndex: -22
11-11 16:08:48.810 D/APM_AudioPolicyManager( 1028): setVolumeCurveIndex: wrong index 0 min=1 max=15
11-11 16:08:48.810 E/APM_AudioPolicyManager( 1028): setVolumeIndexForAttributes failed to set curve index for group 1 device 0x4000000
11-11 16:08:48.811 E/AudioSystem-JNI( 1169): Command failed for android_media_AudioSystem_setStreamVolumeIndex: -22
11-11 16:08:48.811 D/APM_AudioPolicyManager( 1028): setVolumeCurveIndex: wrong index 0 min=1 max=15
11-11 16:08:48.811 E/APM_AudioPolicyManager( 1028): setVolumeIndexForAttributes failed to set curve index for group 1 device 0x40000000
11-11 16:08:48.812 E/AudioSystem-JNI( 1169): Command failed for android_media_AudioSystem_setStreamVolumeIndex: -22
11-11 16:08:48.852 D/APM_AudioPolicyManager( 1028): setVolumeCurveIndex: wrong index 0 min=1 max=7
11-11 16:08:48.852 E/APM_AudioPolicyManager( 1028): setVolumeIndexForAttributes failed to set curve index for group 2 device 0x2
11-11 16:08:48.853 E/AudioSystem-JNI( 1169): Command failed for android_media_AudioSystem_setStreamVolumeIndex: -22
11-11 16:08:48.854 D/APM_AudioPolicyManager( 1028): setVolumeCurveIndex: wrong index 0 min=1 max=7
11-11 16:08:48.854 E/APM_AudioPolicyManager( 1028): setVolumeIndexForAttributes failed to set curve index for group 2 device 0x4
11-11 16:08:48.854 E/AudioSystem-JNI( 1169): Command failed for android_media_AudioSystem_setStreamVolumeIndex: -22
11-11 16:08:48.855 D/APM_AudioPolicyManager( 1028): setVolumeCurveIndex: wrong index 0 min=1 max=7
11-11 16:08:48.855 E/APM_AudioPolicyManager( 1028): setVolumeIndexForAttributes failed to set curve index for group 2 device 0x8
11-11 16:08:48.855 E/AudioSystem-JNI( 1169): Command failed for android_media_AudioSystem_setStreamVolumeIndex: -22
11-11 16:08:48.856 D/APM_AudioPolicyManager( 1028): setVolumeCurveIndex: wrong index 0 min=1 max=7
11-11 16:08:48.856 E/APM_AudioPolicyManager( 1028): setVolumeIndexForAttributes failed to set curve index for group 2 device 0x4000000
11-11 16:08:48.856 E/AudioSystem-JNI( 1169): Command failed for android_media_AudioSystem_setStreamVolumeIndex: -22
11-11 16:08:48.857 D/APM_AudioPolicyManager( 1028): setVolumeCurveIndex: wrong index 0 min=1 max=7
11-11 16:08:48.857 E/APM_AudioPolicyManager( 1028): setVolumeIndexForAttributes failed to set curve index for group 2 device 0x40000000
11-11 16:08:48.857 E/AudioSystem-JNI( 1169): Command failed for android_media_AudioSystem_setStreamVolumeIndex: -22
11-11 16:08:48.887 W/system_server( 1169): Long monitor contention with owner AudioService (1856) at void com.android.server.audio.AudioService$VolumeStreamState.applyAllVolumes()(AudioService.java:7198) waiters=1 in int com.android.server.audio.AudioService$VolumeStreamState.getIndex(int) for 132ms
11-11 16:08:48.889 W/Looper ( 1169): Slow dispatch took 136ms main h=android.app.ActivityThread$H c=android.app.LoadedApk$ReceiverDispatcher$Args$$ExternalSyntheticLambda0@f585d41 m=0
11-11 16:08:48.890 D/RemoteControlService( 2422): setVolume called, target type: music, target volume 0
11-11 16:08:48.892 D/RemoteControlService( 2422): Digest: 78C7BDB871E5C00BE407B8A303DC0FDC27ACE492FF4E11CDCD115AAB1792FC4B
11-11 16:08:48.893 D/RemoteControlService( 2422): Send data length: 133
11-11 16:08:48.893 D/RemoteControlService( 2422): Send message finished. direction: 16, messageType: 19, json: {"name":"music","source":0,"token":"BYdGz1fZZDdu2YZ","type":"volume_change","value":0}
11-11 16:08:48.895 D/RemoteControlService( 2422): RemoteVolumeCommand ResponseSpeedTest - use time: 4099
11-11 16:08:48.916 I/vol.Events( 1933): writeEvent show_dialog volume_changed keyguard=false
11-11 16:08:48.922 D/BluetoothDatabase( 1910): getBondedDevicesOrdered: Invalid address for device LocalStorage
11-11 16:08:48.984 D/MicroService( 2075): handleHeartBeat:490
11-11 16:08:49.079 W/swapper/2( 0): type=1400 audit(0.0:659): avc: denied { kill } for capability=5 scontext=u:r:kernel:s0 tcontext=u:r:kernel:s0 tclass=capability permissive=0
11-11 16:08:49.462 I/mpu_uart( 664): [MSG-P:RECV]:No message received in 1000 ms
11-11 16:08:50.079 W/swapper/2( 0): type=1400 audit(0.0:660): avc: denied { kill } for capability=5 scontext=u:r:kernel:s0 tcontext=u:r:kernel:s0 tclass=capability permissive=0
11-11 16:08:50.142 D/RemoteControlService( 2422): getEvent: clientSocket = Socket[address=/192.168.4.4,port=51769,localPort=12600]
11-11 16:08:50.143 D/RemoteControlService( 2422): run: called
11-11 16:08:50.143 D/RemoteControlService( 2422): getEvent: start waiting...
11-11 16:08:50.143 E/RemoteControlService( 2422): Enter ListenSocketRunnable
11-11 16:08:50.145 D/RemoteControlService( 2422): After desEncrypt json is [{"source":0,"token":"BYdGz1fZZDdu2YZ"}]
11-11 16:08:50.145 D/RemoteControlService( 2422): buildRemoteCommand:type=7
11-11 16:08:50.146 D/RemoteControlService( 2422): Request params: BaseRequestCommandBean{source=0, token='BYdGz1fZZDdu2YZ', type='null', value='null'}
11-11 16:08:50.146 D/RemoteControlService( 2422): handleMessage called
11-11 16:08:50.146 D/RemoteControlService( 2422): Client-192.168.4.4 handleHeartBeat:290
11-11 16:08:50.146 D/RemoteControlService( 2422): Client have control
11-11 16:08:50.147 D/RemoteControlService( 2422): Digest: 3E10D432E48A34EC54C6AC499FF7E9B59DDAB20D1396B6CF20B04D371C8AB3D5
11-11 16:08:50.147 D/RemoteControlService( 2422): Send data length: 117
11-11 16:08:50.147 D/RemoteControlService( 2422): Send message finished. direction: 16, messageType: 7, json: {"source":0,"token":"BYdGz1fZZDdu2YZ","type":"heart_beat","value":1}
11-11 16:08:50.154 D/RemoteControlService( 2422): HeartBeatCommand ResponseSpeedTest - use time: 12
11-11 16:08:50.159 D/RemoteControlService( 2422): getEvent: clientSocket = Socket[address=/192.168.4.4,port=60947,localPort=12600]
11-11 16:08:50.160 D/RemoteControlService( 2422): run: called
11-11 16:08:50.160 D/RemoteControlService( 2422): getEvent: start waiting...
11-11 16:08:50.162 D/RemoteControlService( 2422): getEvent: clientSocket = Socket[address=/192.168.4.4,port=36657,localPort=12600]
11-11 16:08:50.163 D/RemoteControlService( 2422): run: called
11-11 16:08:50.163 D/RemoteControlService( 2422): getEvent: start waiting...
11-11 16:08:50.164 E/RemoteControlService( 2422): Enter ListenSocketRunnable
11-11 16:08:50.164 E/RemoteControlService( 2422): Enter ListenSocketRunnable
11-11 16:08:50.166 D/RemoteControlService( 2422): After desEncrypt json is [{"source":0,"token":"BYdGz1fZZDdu2YZ"}]
11-11 16:08:50.166 D/RemoteControlService( 2422): After desEncrypt json is [{"source":0,"token":"BYdGz1fZZDdu2YZ"}]
11-11 16:08:50.166 D/RemoteControlService( 2422): buildRemoteCommand:type=37
11-11 16:08:50.166 D/RemoteControlService( 2422): buildRemoteCommand:type=23
11-11 16:08:50.166 D/RemoteControlService( 2422): Request params: BaseRequestCommandBean{source=0, token='BYdGz1fZZDdu2YZ', type='null', value='null'}
11-11 16:08:50.166 D/RemoteControlService( 2422): handleMessage called
11-11 16:08:50.166 D/RemoteControlService( 2422): Client-192.168.4.4 handleHeartBeat:291
11-11 16:08:50.166 D/RemoteControlService( 2422): Is not connect command
11-11 16:08:50.167 D/RemoteControlService( 2422): haveControl ? clientcom.thundercomm.remotecontrolservice.RemoteControllerClient@9c510e2
11-11 16:08:50.167 D/RemoteControlService( 2422): Client have control
11-11 16:08:50.167 D/RemoteControlService( 2422): Request params: BaseRequestCommandBean{source=0, token='BYdGz1fZZDdu2YZ', type='null', value='null'}
11-11 16:08:50.168 I/RemoteControlService( 2422): RemoteScreenStatusQueryCommand doAction send message: {"source":0,"token":"BYdGz1fZZDdu2YZ","type":"current_screen_status","value":"screen_on"}
11-11 16:08:50.169 D/RemoteControlService( 2422): Digest: E9EFD37AAABED9512BF5DF5F30BE0922A32CB6A47EF6CBF6DC18393A23DD5924
11-11 16:08:50.169 D/RemoteControlService( 2422): Send data length: 133
11-11 16:08:50.170 D/RemoteControlService( 2422): Send message finished. direction: 16, messageType: 37, json: {"source":0,"token":"BYdGz1fZZDdu2YZ","type":"current_screen_status","value":"screen_on"}
11-11 16:08:50.171 D/RemoteControlService( 2422): RemoteScreenStatusQueryCommand ResponseSpeedTest - use time: 9
11-11 16:08:50.171 D/RemoteControlService( 2422): handleMessage called
11-11 16:08:50.171 D/RemoteControlService( 2422): Client-192.168.4.4 handleHeartBeat:292
11-11 16:08:50.171 D/RemoteControlService( 2422): Is not connect command
11-11 16:08:50.171 D/RemoteControlService( 2422): haveControl ? clientcom.thundercomm.remotecontrolservice.RemoteControllerClient@9c510e2
11-11 16:08:50.172 D/RemoteControlService( 2422): Client have control
11-11 16:08:50.176 I/RemoteControlService( 2422): RemoteVolumeQueryCommand doAction send message: {"source":0,"token":"BYdGz1fZZDdu2YZ","type":"current_volume","value":[{"name":"music","value":0,"value_max":39},{"name":"alarm","value":0,"value_max":7},{"name":"ring","value":0,"value_max":7}]}
11-11 16:08:50.176 D/RemoteControlService( 2422): Digest: 8003FC59590A1EADDBC9BB1591C7F61FF66BB56D2ED95209B5FE39C43B96BA3F
11-11 16:08:50.176 D/RemoteControlService( 2422): Send data length: 245
11-11 16:08:50.177 D/RemoteControlService( 2422): Send message finished. direction: 16, messageType: 23, json: {"source":0,"token":"BYdGz1fZZDdu2YZ","type":"current_volume","value":[{"name":"music","value":0,"value_max":39},{"name":"alarm","value":0,"value_max":7},{"name":"ring","value":0,"value_max":7}]}
11-11 16:08:50.178 D/RemoteControlService( 2422): RemoteVolumeQueryCommand ResponseSpeedTest - use time: 19
11-11 16:08:50.463 I/mpu_uart( 664): [MSG-P:RECV]:No message received in 1000 ms
11-11 16:08:50.974 I/MicroService( 2075): Receive message: SocketMessageBean{businessData='21930', srcService='IDCM_COM', destService='FSEM_COM', messageType='2', uuid='0', payloadData={
11-11 16:08:50.974 I/MicroService( 2075): "dstService" : "FSEM_COM",
11-11 16:08:50.974 I/MicroService( 2075): "messageType" : 2,
11-11 16:08:50.974 I/MicroService( 2075): "methodName" : "startup",
11-11 16:08:50.974 I/MicroService( 2075): "parameters" : {
11-11 16:08:50.974 I/MicroService( 2075): "crash" : "true"
11-11 16:08:50.974 I/MicroService( 2075): },
11-11 16:08:50.974 I/MicroService( 2075): "srcService" : "IDCM_COM",
11-11 16:08:50.974 I/MicroService( 2075): "uuid" : 0
11-11 16:08:50.974 I/MicroService( 2075): }
11-11 16:08:50.974 I/MicroService( 2075): }
11-11 16:08:50.998 D/MicroService( 2075): Send message to IDCM:SocketMessageBean{businessData='21930', srcService='FSEM_COM', destService='IDCM_COM', messageType='2', uuid='1668154130975029202', payloadData={"srcService":"FSEM_COM","dstService":"IDCM_COM","messageType":2,"uuid":1668154130975029202,"methodName":"handShake","parameters":{"clientName":"FSEM_COM","clientVersion":"01.10"}}}
11-11 16:08:51.025 I/MicroService( 2075): Receive message: SocketMessageBean{businessData='21930', srcService='IDCM_COM', destService='FSEM_COM', messageType='2', uuid='1668154130975029202', payloadData={
11-11 16:08:51.025 I/MicroService( 2075): "srcService":"IDCM_COM",
11-11 16:08:51.025 I/MicroService( 2075): "dstService":"FSEM_COM",
11-11 16:08:51.025 I/MicroService( 2075): "messageType":2,
11-11 16:08:51.025 I/MicroService( 2075): "uuid":1668154130975029202,
11-11 16:08:51.025 I/MicroService( 2075): "methodName":"handShake",
11-11 16:08:51.025 I/MicroService( 2075): "parameters":{"result":"true","serverName":"IDCM_COM","serverVersion":"01.01"}
11-11 16:08:51.025 I/MicroService( 2075): }}
11-11 16:08:51.025 I/MicroService( 2075): Client connect status changed. Status: 1
11-11 16:08:51.025 D/MicroService( 2075): startHeartBeat Timer
11-11 16:08:51.025 D/MicroService( 2075): is started
11-11 16:08:51.025 I/MicroService( 2075): onConnectStateChanged: 1
11-11 16:08:51.026 I/MicroService( 2075): onConnectStateChanged count = 2
11-11 16:08:51.026 D/AudioIDCMicroNegotiator( 1169): idcm_common:onConnectStateChange: 1
11-11 16:08:51.027 D/MicroSettings: SettingMicroservices( 2108): onNettyConnectState: 1mLastNettyState: 1
11-11 16:08:51.040 I/MicroService( 2075): Receive message: SocketMessageBean{businessData='21930', srcService='IDCM_HHServer', destService='FSEM_SettingService', messageType='0', uuid='1668154131262955000', payloadData={
11-11 16:08:51.040 I/MicroService( 2075): "dstService" : "FSEM_SettingService",
11-11 16:08:51.040 I/MicroService( 2075): "messageType" : 0,
11-11 16:08:51.040 I/MicroService( 2075): "methodName" : "sendBrightness",
11-11 16:08:51.040 I/MicroService( 2075): "parameters" : {
11-11 16:08:51.040 I/MicroService( 2075): "IDCM_BrightValue" : 20
11-11 16:08:51.040 I/MicroService( 2075): },
11-11 16:08:51.040 I/MicroService( 2075): "srcService" : "IDCM_HHServer",
11-11 16:08:51.040 I/MicroService( 2075): "uuid" : 1668154131262955000
11-11 16:08:51.040 I/MicroService( 2075): }
11-11 16:08:51.040 I/MicroService( 2075): }
11-11 16:08:51.040 I/MicroService( 2075): onRequest(sendBrightness): {"IDCM_BrightValue":20}
11-11 16:08:51.044 D/MicroSettings: ITCMicroCommonCallback( 2108): get request method = sendBrightness parameters = {"IDCM_BrightValue":20}
11-11 16:08:51.049 D/MicroService( 2075): handleHeartBeat:491
11-11 16:08:51.053 I/MicroService( 2075): Receive message: SocketMessageBean{businessData='21930', srcService='IDCM_HHServer', destService='FSEM_SettingService', messageType='0', uuid='1668154131268728000', payloadData={
11-11 16:08:51.053 I/MicroService( 2075): "dstService" : "FSEM_SettingService",
11-11 16:08:51.053 I/MicroService( 2075): "messageType" : 0,
11-11 16:08:51.053 I/MicroService( 2075): "methodName" : "syncTime",
11-11 16:08:51.053 I/MicroService( 2075): "parameters" : {
11-11 16:08:51.053 I/MicroService( 2075): "IDCM_Time_12_24" : "24",
11-11 16:08:51.053 I/MicroService( 2075): "IDCM_Timestamp" : 1668154131000,
11-11 16:08:51.053 I/MicroService( 2075): "IDCM_Timezone" : "Asia/Shanghai"
11-11 16:08:51.053 I/MicroService( 2075): },
11-11 16:08:51.053 I/MicroService( 2075): "srcService" : "IDCM_HHServer",
11-11 16:08:51.053 I/MicroService( 2075): "uuid" : 1668154131268728000
11-11 16:08:51.053 I/MicroService( 2075): }
11-11 16:08:51.053 I/MicroService( 2075): }
11-11 16:08:51.053 I/MicroService( 2075): onRequest(syncTime): {"IDCM_Time_12_24":"24","IDCM_Timestamp":1668154131000,"IDCM_Timezone":"Asia\/Shanghai"}
11-11 16:08:51.055 D/MicroSettings: ITCMicroCommonCallback( 2108): get request method = syncTime parameters = {"IDCM_Time_12_24":"24","IDCM_Timestamp":1668154131000,"IDCM_Timezone":"Asia\/Shanghai"}
11-11 16:08:51.055 D/MicroSettings: SetTimeAction( 2108): current timestamp: 1668154131055
11-11 16:08:51.055 D/MicroSettings: SetTimeAction( 2108): setTime: 1668154131000
11-11 16:08:51.056 D/AlarmManagerService( 1169): Setting time of day to sec=1668154131
11-11 16:08:51.001 W/AlarmManagerService( 1169): Unable to set rtc to 1668154131: Permission denied
11-11 16:08:51.007 I/MicroService( 2075): Receive message: SocketMessageBean{businessData='21930', srcService='IDCM_MultiScreenService', destService='FSEM_SettingService', messageType='0', uuid='2325484721923', payloadData={"srcService":"IDCM_MultiScreenService","dstService":"FSEM_SettingService","messageType":0,"uuid":2325484721923,"methodName":"getScreenDisplay","parameters":{"ScreenDisplay":0}}}
11-11 16:08:51.007 I/MicroService( 2075): onRequest(getScreenDisplay): {"ScreenDisplay":0}
11-11 16:08:51.021 I/MicroService( 2075): Receive message: SocketMessageBean{businessData='21930', srcService='IDCM_IVIInfoService', destService='FSEM_SettingService', messageType='0', uuid='2325485808642', payloadData={"srcService":"IDCM_IVIInfoService","dstService":"FSEM_SettingService","messageType":0,"uuid":2325485808642,"methodName":"WifiInfo","parameters":{"status":1,"level":3}}}
11-11 16:08:51.021 I/MicroService( 2075): onRequest(WifiInfo): {"status":1,"level":3}
11-11 16:08:51.023 W/kworker/2:1( 126): type=1400 audit(0.0:661): avc: denied { kill } for capability=5 scontext=u:r:kernel:s0 tcontext=u:r:kernel:s0 tclass=capability permissive=0
11-11 16:08:51.407 I/mpu_uart( 664): [MSG-P:RECV]:No message received in 1000 ms
11-11 16:08:51.446 I/mpu_uart( 664): [MSG-P:R]:recv sync frame timeout
11-11 16:08:51.862 I/vol.Events( 1933): writeEvent dismiss_dialog timeout
11-11 16:08:51.868 I/vol.Events( 1933): writeEvent active_stream_changed UNKNOWN_STREAM_-1
11-11 16:08:51.927 I/OpenGLRenderer( 1933): Davey! duration=9223371678590ms; Flags=0, FrameTimelineVsyncId=3869, IntendedVsync=358264449606, Vsync=358264449606, InputEventId=0, HandleInputStart=358265420555, AnimationStart=358265422482, PerformTraversalsStart=358265951492, DrawStart=358266031961, FrameDeadline=358281116272, FrameInterval=358265416909, FrameStartTime=16666666, SyncQueued=358266235867, SyncStart=358266507326, IssueDrawCommandsStart=358266784201, SwapBuffers=358271815034, FrameCompleted=9223372036854775807, DequeueBufferDuration=65053, QueueBufferDuration=4677656, GpuCompleted=9223372036854775807, SwapBuffersCompleted=358279691544, DisplayPresentTime=0,
11-11 16:08:51.990 D/CompatibilityInfo( 1169): mCompatibilityFlags - 4
11-11 16:08:51.990 D/CompatibilityInfo( 1169): applicationDensity - 240
11-11 16:08:51.990 D/CompatibilityInfo( 1169): applicationScale - 1.0
11-11 16:08:52.003 D/MicroSettings: SetTimeAction( 2108): setTimezone: Asia/Shanghai
11-11 16:08:52.004 D/AlarmManagerService( 1169): Kernel timezone updated to -480 minutes west of GMT
11-11 16:08:52.010 D/CompatibilityInfo( 1169): mCompatibilityFlags - 4
11-11 16:08:52.010 D/CompatibilityInfo( 1169): applicationDensity - 240
11-11 16:08:52.010 D/CompatibilityInfo( 1169): applicationScale - 1.0
11-11 16:08:52.188 W/InputManager-JNI( 1169): Input channel object 'ba74e70 VolumeDialogImpl (client)' was disposed without first being removed with the input manager!
11-11 16:08:52.381 D/resolv ( 689): GetAddrInfoHandler::run: {100 100 100 983140 10036 0}
11-11 16:08:52.382 D/resolv ( 689): resolv_getaddrinfo: explore_fqdn(): ai_family=0 ai_socktype=1 ai_protocol=6
11-11 16:08:52.388 D/resolv ( 689): doQuery: (1, 1)
11-11 16:08:52.388 D/resolv ( 689): res_nmkquery: (QUERY, IN, A)
11-11 16:08:52.388 D/resolv ( 689): res_nsend
11-11 16:08:52.388 I/resolv ( 689): resolv_cache_lookup: lookup
11-11 16:08:52.388 I/resolv ( 689): resolv_cache_lookup: FOUND IN CACHE entry=0xb400006f7dd14df0
11-11 16:08:52.388 D/resolv ( 689): doQuery: rcode=0, ancount=3
11-11 16:08:52.391 I/ResolverController( 689): No valid NAT64 prefix (100, /0)
11-11 16:08:52.408 I/mpu_uart( 664): [MSG-P:RECV]:No message received in 1000 ms
11-11 16:08:52.939 D/RemoteControlService( 2422): heart beat timer called
11-11 16:08:52.971 D/MicroService( 2075): handleHeartBeat:492
11-11 16:08:53.013 W/ContextImpl( 2108): Calling a method in the system process without a qualified user: android.app.ContextImpl.sendBroadcast:1173 android.content.ContextWrapper.sendBroadcast:479 com.thundercomm.microsettings.action.SetTimeAction.timeUpdated:212 com.thundercomm.microsettings.action.SetTimeAction.update24HourFormat:194 com.thundercomm.microsettings.action.SetTimeAction.doActualAction:154
11-11 16:08:53.020 D/MicroService( 2075): handleHeartBeat:493
11-11 16:08:53.020 W/mm.microservic( 2075): Long monitor contention with owner Thread-911 (5846) at void com.thundercomm.microservice.MicroService.request(com.thundercomm.microservice.ITCMicroBean)(MicroService.java:342) waiters=0 in void com.thundercomm.microservice.MicroService.request(com.thundercomm.microservice.ITCMicroBean) for 2.012s
11-11 16:08:53.025 D/MicroSettings: ITCMicroCommonCallback( 2108): get request method = getScreenDisplay parameters = {"ScreenDisplay":0}
11-11 16:08:53.026 I/MicroServiceManager( 2108): requestResult(reportScreenDisplay) parameters is{"reportScreenDisplay":1}.
11-11 16:08:53.027 D/MicroSettings: GetScreenDisplayAction( 2108): report screen status
11-11 16:08:53.027 D/MicroService( 2075): handleHeartBeat:494
11-11 16:08:53.031 D/MicroSettings: ITCMicroCommonCallback( 2108): get request method = WifiInfo parameters = {"status":1,"level":3}
11-11 16:08:53.031 D/MicroSettings: NetworkSwitchUtil( 2108): syncNetStatus:wifi is true
11-11 16:08:53.037 D/MicroService( 2075): Send message to IDCM:SocketMessageBean{businessData='21930', srcService='FSEM_SettingService', destService='IDCM_MultiScreenService', messageType='0', uuid='1668154133027516961', payloadData={"srcService":"FSEM_SettingService","dstService":"IDCM_MultiScreenService","messageType":0,"uuid":1668154133027516961,"methodName":"reportScreenDisplay","parameters":{"reportScreenDisplay":1}}}
11-11 16:08:53.039 D/MicroService( 2075): handleHeartBeat:495
11-11 16:08:53.052 D/CompatibilityInfo( 1169): mCompatibilityFlags - 4
11-11 16:08:53.052 D/CompatibilityInfo( 1169): applicationDensity - 240
11-11 16:08:53.052 D/CompatibilityInfo( 1169): applicationScale - 1.0
11-11 16:08:53.053 D/OsAgent ( 2840): [time_change_update][3164] [HC] =>> [HS]
11-11 16:08:53.053 D/DevicePolicyManager( 1169): updateSystemUpdateFreezePeriodsRecord
11-11 16:08:53.053 D/ConditionProviders.SCP( 1169): onReceive android.intent.action.TIME_SET
11-11 16:08:53.053 V/LocSvc_HIDL_IzatSubscription( 846): [timeChangeUpdate][645] [HS] <<<<= [HC]
11-11 16:08:53.053 W/QCC:PeriodicCI( 2513): [ERROR] Current time is wrong, status=3
11-11 16:08:53.054 D/IconProvider( 2600): onReceive: android.intent.action.TIME_SET
11-11 16:08:53.054 D/IconProvider( 2600): onReceive: android.intent.action.TIME_SET
11-11 16:08:53.054 D/TimeService( 2641): Receivedandroid.intent.action.TIME_SET intent. Current Time is 1668154133054
11-11 16:08:53.054 I/LocSvc_SystemStatusOsObserver( 846): DataItem: IS_TIME_CHANGED: true >> Wiper
11-11 16:08:53.055 D/BaseModelUpdateTask( 2600): BaseModelUpdateTask constructor
11-11 16:08:53.055 D/BaseModelUpdateTask( 2600): java.lang.Exception
11-11 16:08:53.055 D/BaseModelUpdateTask( 2600): at com.android.launcher3.model.BaseModelUpdateTask.(BaseModelUpdateTask.java:57)
11-11 16:08:53.055 D/BaseModelUpdateTask( 2600): at com.android.launcher3.model.PackageUpdatedTask.(PackageUpdatedTask.java:88)
11-11 16:08:53.055 D/BaseModelUpdateTask( 2600): at com.android.launcher3.LauncherModel.onPackageChanged(LauncherModel.java:156)
11-11 16:08:53.055 D/BaseModelUpdateTask( 2600): at com.android.launcher3.LauncherModel.onAppIconChanged(LauncherModel.java:226)
11-11 16:08:53.055 D/BaseModelUpdateTask( 2600): at com.android.launcher3.LauncherAppState$IconObserver.onAppIconChanged(LauncherAppState.java:206)
11-11 16:08:53.055 D/BaseModelUpdateTask( 2600): at com.android.launcher3.icons.IconProvider$IconChangeReceiver.onReceive(IconProvider.java:371)
11-11 16:08:53.055 D/BaseModelUpdateTask( 2600): at android.app.LoadedApk$ReceiverDispatcher$Args.lambda$getRunnable$0$LoadedApk$ReceiverDispatcher$Args(LoadedApk.java:1679)
11-11 16:08:53.055 D/BaseModelUpdateTask( 2600): at android.app.LoadedApk$ReceiverDispatcher$Args$$ExternalSyntheticLambda0.run(Unknown Source:2)
11-11 16:08:53.055 D/BaseModelUpdateTask( 2600): at android.os.Handler.handleCallback(Handler.java:938)
11-11 16:08:53.055 D/BaseModelUpdateTask( 2600): at android.os.Handler.dispatchMessage(Handler.java:99)
11-11 16:08:53.055 D/BaseModelUpdateTask( 2600): at android.os.Looper.loopOnce(Looper.java:201)
11-11 16:08:53.055 D/BaseModelUpdateTask( 2600): at android.os.Looper.loop(Looper.java:288)
11-11 16:08:53.055 D/BaseModelUpdateTask( 2600): at android.os.HandlerThread.run(HandlerThread.java:67)
11-11 16:08:53.055 D/ConditionProviders.SCP( 1169): evaluateSubscriptionLocked cal=ScheduleCalendar[mDays={1, 2, 3, 4, 5, 6, 7}, mSchedule=ScheduleInfo{days=[1, 2, 3, 4, 5, 6, 7], startHour=22, startMinute=0, endHour=7, endMinute=0, exitAtAlarm=true, nextAlarm=Thu Jan 01 08:00:00 GMT+08:00 1970 (0)}], now=Fri Nov 11 16:08:53 GMT+08:00 2022 (1668154133053), nextUserAlarmTime=Thu Jan 01 08:00:00 GMT+08:00 1970 (0)
11-11 16:08:53.055 D/ConditionProviders.SCP( 1169): notifyCondition condition://android/schedule?days=1.2.3.4.5.6.7&start=22.0&end=7.0&exitAtAlarm=true STATE_FALSE reason=!meetsSchedule
11-11 16:08:53.055 D/ConditionProviders.SCP( 1169): Scheduling evaluate for Fri Nov 11 22:00:00 GMT+08:00 2022 (1668175200000), in +5h51m6s947ms, now=Fri Nov 11 16:08:53 GMT+08:00 2022 (1668154133053)
11-11 16:08:53.055 D/PackageUpdatedTask( 2600): PackageUpdatedTask constructor: op=2,user=UserHandle{0},packages=[com.android.calendar]
11-11 16:08:53.055 D/PackageUpdatedTask( 2600): java.lang.Exception
11-11 16:08:53.055 D/PackageUpdatedTask( 2600): at com.android.launcher3.model.PackageUpdatedTask.(PackageUpdatedTask.java:93)
11-11 16:08:53.055 D/PackageUpdatedTask( 2600): at com.android.launcher3.LauncherModel.onPackageChanged(LauncherModel.java:156)
11-11 16:08:53.055 D/PackageUpdatedTask( 2600): at com.android.launcher3.LauncherModel.onAppIconChanged(LauncherModel.java:226)
11-11 16:08:53.055 D/PackageUpdatedTask( 2600): at com.android.launcher3.LauncherAppState$IconObserver.onAppIconChanged(LauncherAppState.java:206)
11-11 16:08:53.055 D/PackageUpdatedTask( 2600): at com.android.launcher3.icons.IconProvider$IconChangeReceiver.onReceive(IconProvider.java:371)
11-11 16:08:53.055 D/PackageUpdatedTask( 2600): at android.app.LoadedApk$ReceiverDispatcher$Args.lambda$getRunnable$0$LoadedApk$ReceiverDispatcher$Args(LoadedApk.java:1679)
11-11 16:08:53.055 D/PackageUpdatedTask( 2600): at android.app.LoadedApk$ReceiverDispatcher$Args$$ExternalSyntheticLambda0.run(Unknown Source:2)
11-11 16:08:53.055 D/PackageUpdatedTask( 2600): at android.os.Handler.handleCallback(Handler.java:938)
11-11 16:08:53.055 D/PackageUpdatedTask( 2600): at android.os.Handler.dispatchMessage(Handler.java:99)
11-11 16:08:53.055 D/PackageUpdatedTask( 2600): at android.os.Looper.loopOnce(Looper.java:201)
11-11 16:08:53.055 D/PackageUpdatedTask( 2600): at android.os.Looper.loop(Looper.java:288)
11-11 16:08:53.055 D/PackageUpdatedTask( 2600): at android.os.HandlerThread.run(HandlerThread.java:67)
11-11 16:08:53.057 D/Launcher.IconCache( 2600): Package not found
11-11 16:08:53.057 D/Launcher.IconCache( 2600): android.content.pm.PackageManager$NameNotFoundException: com.android.calendar
11-11 16:08:53.057 D/Launcher.IconCache( 2600): at android.app.ApplicationPackageManager.getPackageInfoAsUser(ApplicationPackageManager.java:241)
11-11 16:08:53.057 D/Launcher.IconCache( 2600): at android.app.ApplicationPackageManager.getPackageInfo(ApplicationPackageManager.java:213)
11-11 16:08:53.057 D/Launcher.IconCache( 2600): at com.android.launcher3.icons.IconCache.updateIconsForPkg(IconCache.java:122)
11-11 16:08:53.057 D/Launcher.IconCache( 2600): at com.android.launcher3.model.PackageUpdatedTask.execute(PackageUpdatedTask.java:130)
11-11 16:08:53.057 D/Launcher.IconCache( 2600): at com.android.launcher3.model.BaseModelUpdateTask.run(BaseModelUpdateTask.java:80)
11-11 16:08:53.057 D/Launcher.IconCache( 2600): at com.android.launcher3.util.LooperExecutor.execute(LooperExecutor.java:45)
11-11 16:08:53.057 D/Launcher.IconCache( 2600): at com.android.launcher3.LauncherModel.enqueueModelUpdateTask(LauncherModel.java:555)
11-11 16:08:53.057 D/Launcher.IconCache( 2600): at com.android.launcher3.LauncherModel.onPackageChanged(LauncherModel.java:156)
11-11 16:08:53.057 D/Launcher.IconCache( 2600): at com.android.launcher3.LauncherModel.onAppIconChanged(LauncherModel.java:226)
11-11 16:08:53.057 D/Launcher.IconCache( 2600): at com.android.launcher3.LauncherAppState$IconObserver.onAppIconChanged(LauncherAppState.java:206)
11-11 16:08:53.057 D/Launcher.IconCache( 2600): at com.android.launcher3.icons.IconProvider$IconChangeReceiver.onReceive(IconProvider.java:371)
11-11 16:08:53.057 D/Launcher.IconCache( 2600): at android.app.LoadedApk$ReceiverDispatcher$Args.lambda$getRunnable$0$LoadedApk$ReceiverDispatcher$Args(LoadedApk.java:1679)
11-11 16:08:53.057 D/Launcher.IconCache( 2600): at android.app.LoadedApk$ReceiverDispatcher$Args$$ExternalSyntheticLambda0.run(Unknown Source:2)
11-11 16:08:53.057 D/Launcher.IconCache( 2600): at android.os.Handler.handleCallback(Handler.java:938)
11-11 16:08:53.057 D/Launcher.IconCache( 2600): at android.os.Handler.dispatchMessage(Handler.java:99)
11-11 16:08:53.057 D/Launcher.IconCache( 2600): at android.os.Looper.loopOnce(Looper.java:201)
11-11 16:08:53.057 D/Launcher.IconCache( 2600): at android.os.Looper.loop(Looper.java:288)
11-11 16:08:53.057 D/Launcher.IconCache( 2600): at android.os.HandlerThread.run(HandlerThread.java:67)
11-11 16:08:53.059 D/BaseModelUpdateTask( 2600): BaseModelUpdateTask constructor
11-11 16:08:53.059 D/BaseModelUpdateTask( 2600): java.lang.Exception
11-11 16:08:53.059 D/BaseModelUpdateTask( 2600): at com.android.launcher3.model.BaseModelUpdateTask.(BaseModelUpdateTask.java:57)
11-11 16:08:53.059 D/BaseModelUpdateTask( 2600): at com.android.launcher3.LauncherModel$6.(LauncherModel.java:605)
11-11 16:08:53.059 D/BaseModelUpdateTask( 2600): at com.android.launcher3.LauncherModel.refreshAndBindWidgetsAndShortcuts(LauncherModel.java:605)
11-11 16:08:53.059 D/BaseModelUpdateTask( 2600): at com.android.launcher3.Launcher.refreshAndBindWidgetsForPackageUser(Launcher.java:2862)
11-11 16:08:53.059 D/BaseModelUpdateTask( 2600): at com.android.launcher3.model.PackageUpdatedTask.execute(PackageUpdatedTask.java:139)
11-11 16:08:53.059 D/BaseModelUpdateTask( 2600): at com.android.launcher3.model.BaseModelUpdateTask.run(BaseModelUpdateTask.java:80)
11-11 16:08:53.059 D/BaseModelUpdateTask( 2600): at com.android.launcher3.util.LooperExecutor.execute(LooperExecutor.java:45)
11-11 16:08:53.059 D/BaseModelUpdateTask( 2600): at com.android.launcher3.LauncherModel.enqueueModelUpdateTask(LauncherModel.java:555)
11-11 16:08:53.059 D/BaseModelUpdateTask( 2600): at com.android.launcher3.LauncherModel.onPackageChanged(LauncherModel.java:156)
11-11 16:08:53.059 D/BaseModelUpdateTask( 2600): at com.android.launcher3.LauncherModel.onAppIconChanged(LauncherModel.java:226)
11-11 16:08:53.059 D/BaseModelUpdateTask( 2600): at com.android.launcher3.LauncherAppState$IconObserver.onAppIconChanged(LauncherAppState.java:206)
11-11 16:08:53.059 D/BaseModelUpdateTask( 2600): at com.android.launcher3.icons.IconProvider$IconChangeReceiver.onReceive(IconProvider.java:371)
11-11 16:08:53.059 D/BaseModelUpdateTask( 2600): at android.app.LoadedApk$ReceiverDispatcher$Args.lambda$getRunnable$0$LoadedApk$ReceiverDispatcher$Args(LoadedApk.java:1679)
11-11 16:08:53.059 D/BaseModelUpdateTask( 2600): at android.app.LoadedApk$ReceiverDispatcher$Args$$ExternalSyntheticLambda0.run(Unknown Source:2)
11-11 16:08:53.059 D/BaseModelUpdateTask( 2600): at android.os.Handler.handleCallback(Handler.java:938)
11-11 16:08:53.059 D/BaseModelUpdateTask( 2600): at android.os.Handler.dispatchMessage(Handler.java:99)
11-11 16:08:53.059 D/BaseModelUpdateTask( 2600): at android.os.Looper.loopOnce(Looper.java:201)
11-11 16:08:53.059 D/BaseModelUpdateTask( 2600): at android.os.Looper.loop(Looper.java:288)
11-11 16:08:53.059 D/BaseModelUpdateTask( 2600): at android.os.HandlerThread.run(HandlerThread.java:67)
11-11 16:08:53.060 D/KeyguardUpdateMonitor( 1933): received broadcast android.intent.action.TIME_SET
11-11 16:08:53.065 D/QC-time-services( 662): Daemon: Connection accepted:time_genoff
11-11 16:08:53.066 I/WidgetsModel( 2600): found whitelist widget: com.android.settings, label: 设置快捷方式, sectionName:S
11-11 16:08:53.066 I/WidgetsModel( 2600): found whitelist widget: com.android.gallery3d, label: 照片, sectionName:T
11-11 16:08:53.066 I/WidgetsModel( 2600): found whitelist widget: com.android.systemui, label: 对话, sectionName:D
11-11 16:08:53.067 I/WidgetsModel( 2600): found whitelist widget: com.android.music, label: 音乐, sectionName:Y
11-11 16:08:53.068 D/ModelWriter( 2600): removing items from db
11-11 16:08:53.068 D/ModelWriter( 2600): java.lang.Exception
11-11 16:08:53.068 D/ModelWriter( 2600): at com.android.launcher3.model.ModelWriter.deleteItemsFromDatabase(ModelWriter.java:280)
11-11 16:08:53.068 D/ModelWriter( 2600): at com.android.launcher3.model.ModelWriter.deleteItemsFromDatabase(ModelWriter.java:268)
11-11 16:08:53.068 D/ModelWriter( 2600): at com.android.launcher3.model.BaseModelUpdateTask.deleteAndBindComponentsRemoved(BaseModelUpdateTask.java:140)
11-11 16:08:53.068 D/ModelWriter( 2600): at com.android.launcher3.model.PackageUpdatedTask.execute(PackageUpdatedTask.java:353)
11-11 16:08:53.068 D/ModelWriter( 2600): at com.android.launcher3.model.BaseModelUpdateTask.run(BaseModelUpdateTask.java:80)
11-11 16:08:53.068 D/ModelWriter( 2600): at com.android.launcher3.util.LooperExecutor.execute(LooperExecutor.java:45)
11-11 16:08:53.068 D/ModelWriter( 2600): at com.android.launcher3.LauncherModel.enqueueModelUpdateTask(LauncherModel.java:555)
11-11 16:08:53.068 D/ModelWriter( 2600): at com.android.launcher3.LauncherModel.onPackageChanged(LauncherModel.java:156)
11-11 16:08:53.068 D/ModelWriter( 2600): at com.android.launcher3.LauncherModel.onAppIconChanged(LauncherModel.java:226)
11-11 16:08:53.068 D/ModelWriter( 2600): at com.android.launcher3.LauncherAppState$IconObserver.onAppIconChanged(LauncherAppState.java:206)
11-11 16:08:53.068 D/ModelWriter( 2600): at com.android.launcher3.icons.IconProvider$IconChangeReceiver.onReceive(IconProvider.java:371)
