11-11 16:08:42.030 D/APM_AudioPolicyManager( 1028): setVolumeCurveIndex: wrong index 0 min=1 max=15
11-11 16:08:42.030 E/APM_AudioPolicyManager( 1028): setVolumeIndexForAttributes failed to set curve index for group 1 device 0x2
11-11 16:08:42.030 E/AudioSystem-JNI( 1169): Command failed for android_media_AudioSystem_setStreamVolumeIndex: -22
11-11 16:08:42.031 I/vol.Events( 1933): writeEvent level_changed STREAM_SYSTEM 2
11-11 16:08:42.031 I/vol.Events( 1933): writeEvent level_changed STREAM_VOICE_CALL 2
11-11 16:08:42.031 I/vol.Events( 1933): writeEvent level_changed STREAM_MUSIC 11
11-11 16:08:42.031 I/vol.Events( 1933): writeEvent mute_changed STREAM_MUSIC false
11-11 16:08:42.043 D/APM_AudioPolicyManager( 1028): setVolumeCurveIndex: wrong index 0 min=1 max=7
11-11 16:08:42.043 E/APM_AudioPolicyManager( 1028): setVolumeIndexForAttributes failed to set curve index for group 2 device 0x2
11-11 16:08:42.043 E/AudioSystem-JNI( 1169): Command failed for android_media_AudioSystem_setStreamVolumeIndex: -22
11-11 16:08:42.060 D/RemoteControlService( 2422): setVolume called, target type: music, target volume 11
11-11 16:08:42.071 D/APM_AudioPolicyManager( 1028): setVolumeCurveIndex: wrong index 0 min=1 max=15
11-11 16:08:42.072 E/APM_AudioPolicyManager( 1028): setVolumeIndexForAttributes failed to set curve index for group 1 device 0x2
11-11 16:08:42.072 E/AudioSystem-JNI( 1169): Command failed for android_media_AudioSystem_setStreamVolumeIndex: -22
11-11 16:08:42.072 D/APM_AudioPolicyManager( 1028): setVolumeCurveIndex: wrong index 0 min=1 max=15
11-11 16:08:42.072 E/APM_AudioPolicyManager( 1028): setVolumeIndexForAttributes failed to set curve index for group 1 device 0x4
11-11 16:08:42.073 E/AudioSystem-JNI( 1169): Command failed for android_media_AudioSystem_setStreamVolumeIndex: -22
11-11 16:08:42.074 D/APM_AudioPolicyManager( 1028): setVolumeCurveIndex: wrong index 0 min=1 max=15
11-11 16:08:42.074 E/APM_AudioPolicyManager( 1028): setVolumeIndexForAttributes failed to set curve index for group 1 device 0x8
11-11 16:08:42.074 E/AudioSystem-JNI( 1169): Command failed for android_media_AudioSystem_setStreamVolumeIndex: -22
11-11 16:08:42.074 D/APM_AudioPolicyManager( 1028): setVolumeCurveIndex: wrong index 0 min=1 max=15
11-11 16:08:42.075 E/APM_AudioPolicyManager( 1028): setVolumeIndexForAttributes failed to set curve index for group 1 device 0x4000000
11-11 16:08:42.075 E/AudioSystem-JNI( 1169): Command failed for android_media_AudioSystem_setStreamVolumeIndex: -22
11-11 16:08:42.075 D/APM_AudioPolicyManager( 1028): setVolumeCurveIndex: wrong index 0 min=1 max=15
11-11 16:08:42.075 E/APM_AudioPolicyManager( 1028): setVolumeIndexForAttributes failed to set curve index for group 1 device 0x40000000
11-11 16:08:42.076 E/AudioSystem-JNI( 1169): Command failed for android_media_AudioSystem_setStreamVolumeIndex: -22
11-11 16:08:42.109 D/RemoteControlService( 2422): getEvent: clientSocket = Socket[address=/192.168.4.4,port=37995,localPort=12600]
11-11 16:08:42.110 D/RemoteControlService( 2422): run: called
11-11 16:08:42.110 D/RemoteControlService( 2422): getEvent: start waiting...
11-11 16:08:42.111 E/RemoteControlService( 2422): Enter ListenSocketRunnable
11-11 16:08:42.112 D/RemoteControlService( 2422): After desEncrypt json is [{"type":"music","source":0,"token":"BYdGz1fZZDdu2YZ","value":11}]
11-11 16:08:42.112 D/RemoteControlService( 2422): buildRemoteCommand:type=19
11-11 16:08:42.113 D/RemoteControlService( 2422): Request params: BaseRequestCommandBean{source=0, token='BYdGz1fZZDdu2YZ', type='music', value='11'}
11-11 16:08:42.116 D/APM_AudioPolicyManager( 1028): setVolumeCurveIndex: wrong index 0 min=1 max=7
11-11 16:08:42.116 E/APM_AudioPolicyManager( 1028): setVolumeIndexForAttributes failed to set curve index for group 2 device 0x2
11-11 16:08:42.116 E/AudioSystem-JNI( 1169): Command failed for android_media_AudioSystem_setStreamVolumeIndex: -22
11-11 16:08:42.117 D/APM_AudioPolicyManager( 1028): setVolumeCurveIndex: wrong index 0 min=1 max=7
11-11 16:08:42.117 E/APM_AudioPolicyManager( 1028): setVolumeIndexForAttributes failed to set curve index for group 2 device 0x4
11-11 16:08:42.117 E/AudioSystem-JNI( 1169): Command failed for android_media_AudioSystem_setStreamVolumeIndex: -22
11-11 16:08:42.118 D/APM_AudioPolicyManager( 1028): setVolumeCurveIndex: wrong index 0 min=1 max=7
11-11 16:08:42.118 E/APM_AudioPolicyManager( 1028): setVolumeIndexForAttributes failed to set curve index for group 2 device 0x8
11-11 16:08:42.119 E/AudioSystem-JNI( 1169): Command failed for android_media_AudioSystem_setStreamVolumeIndex: -22
11-11 16:08:42.119 D/APM_AudioPolicyManager( 1028): setVolumeCurveIndex: wrong index 0 min=1 max=7
11-11 16:08:42.119 E/APM_AudioPolicyManager( 1028): setVolumeIndexForAttributes failed to set curve index for group 2 device 0x4000000
11-11 16:08:42.119 E/AudioSystem-JNI( 1169): Command failed for android_media_AudioSystem_setStreamVolumeIndex: -22
11-11 16:08:42.120 D/APM_AudioPolicyManager( 1028): setVolumeCurveIndex: wrong index 0 min=1 max=7
11-11 16:08:42.120 E/APM_AudioPolicyManager( 1028): setVolumeIndexForAttributes failed to set curve index for group 2 device 0x40000000
11-11 16:08:42.120 E/AudioSystem-JNI( 1169): Command failed for android_media_AudioSystem_setStreamVolumeIndex: -22
11-11 16:08:42.135 W/swapper/2( 0): type=1400 audit(0.0:654): avc: denied { kill } for capability=5 scontext=u:r:kernel:s0 tcontext=u:r:kernel:s0 tclass=capability permissive=0
11-11 16:08:42.154 D/RemoteControlService( 2422): Digest: 8F74D1CCE5B6E32F3898A8C225BD56D6EE2042E58A0DE93A5F9D7758BADE10CB
11-11 16:08:42.155 D/RemoteControlService( 2422): Send data length: 133
11-11 16:08:42.155 D/RemoteControlService( 2422): Send message finished. direction: 16, messageType: 19, json: {"name":"music","source":0,"token":"BYdGz1fZZDdu2YZ","type":"volume_change","value":11}
11-11 16:08:42.157 D/RemoteControlService( 2422): RemoteVolumeCommand ResponseSpeedTest - use time: 2246
11-11 16:08:42.157 D/RemoteControlService( 2422): handleMessage called
11-11 16:08:42.158 D/RemoteControlService( 2422): Client-192.168.4.4 handleHeartBeat:260
11-11 16:08:42.158 D/RemoteControlService( 2422): Is not connect command
11-11 16:08:42.158 D/RemoteControlService( 2422): haveControl ? clientcom.thundercomm.remotecontrolservice.RemoteControllerClient@9c510e2
11-11 16:08:42.158 D/RemoteControlService( 2422): Client have control
11-11 16:08:42.164 D/AS.AudioService( 1169): idcm_volume:setIDCMicroVolume(stream=3, index=0, calling=com.thundercomm.remotecontrolservice)
11-11 16:08:42.164 D/AudioIDCMicroNegotiator( 1169): idcm_volume:setIDCMicroVolume
11-11 16:08:42.164 D/AudioIDCMicroNegotiator( 1169): idcm_common:requestResult method = setVolume parameters = {"functionInfo":{"IDCM_VolumeValue_Media":"0"}}
11-11 16:08:42.165 I/MicroServiceManager( 1169): requestResult(setVolume) parameters is{"functionInfo":{"IDCM_VolumeValue_Media":"0"}}.
11-11 16:08:42.178 D/MicroService( 2075): Send message to IDCM:SocketMessageBean{businessData='21930', srcService='FSEM_AudioService', destService='IDCM_CarAudioService', messageType='0', uuid='1668154122165848946', payloadData={"srcService":"FSEM_AudioService","dstService":"IDCM_CarAudioService","messageType":0,"uuid":1668154122165848946,"methodName":"setVolume","parameters":{"functionInfo":{"IDCM_VolumeValue_Media":"0"}}}}
11-11 16:08:42.179 I/vol.Events( 1933): writeEvent show_dialog volume_changed keyguard=false
11-11 16:08:42.188 D/BluetoothDatabase( 1910): getBondedDevicesOrdered: Invalid address for device LocalStorage
11-11 16:08:42.208 I/MicroService( 2075): Receive message: SocketMessageBean{businessData='21930', srcService='IDCM_CarAudioService', destService='FSEM_AudioService', messageType='1', uuid='1668154122165848946', payloadData={"srcService":"IDCM_CarAudioService","dstService":"FSEM_AudioService","methodName":"setVolume","messageType":1,"uuid":1668154122165848946,"parameters":{"functionInfo":{"IDCM_VolumeValue_Media":"0"}}}}
11-11 16:08:42.209 I/MicroService( 2075): onResponse(setVolume): {"functionInfo":{"IDCM_VolumeValue_Media":"0"}}
11-11 16:08:42.209 D/AudioIDCMicroNegotiator( 1169): idcm_common:response from IDCM method = setVolume parameters = {"functionInfo":{"IDCM_VolumeValue_Media":"0"}}
11-11 16:08:42.210 D/AudioIDCMicroNegotiator( 1169): idcm_volume:onSetIDCMicroVolume mIsTimeout= false value = 0 isRequested=true
11-11 16:08:42.210 D/AudioIDCMicroNegotiator( 1169): idcm_volume:setIDCMicroVolume return 0
11-11 16:08:42.210 D/AS.AudioService( 1169): idcm_volume:setIDCMicroVolume: 0
11-11 16:08:42.213 D/MicroService( 2075): handleHeartBeat:459
11-11 16:08:42.239 D/APM_AudioPolicyManager( 1028): setVolumeCurveIndex: wrong index 0 min=1 max=15
11-11 16:08:42.239 E/APM_AudioPolicyManager( 1028): setVolumeIndexForAttributes failed to set curve index for group 1 device 0x2
11-11 16:08:42.239 E/AudioSystem-JNI( 1169): Command failed for android_media_AudioSystem_setStreamVolumeIndex: -22
11-11 16:08:42.248 D/APM_AudioPolicyManager( 1028): setVolumeCurveIndex: wrong index 0 min=1 max=7
11-11 16:08:42.248 E/APM_AudioPolicyManager( 1028): setVolumeIndexForAttributes failed to set curve index for group 2 device 0x2
11-11 16:08:42.248 E/AudioSystem-JNI( 1169): Command failed for android_media_AudioSystem_setStreamVolumeIndex: -22
11-11 16:08:42.256 D/RemoteControlService( 2422): setVolume called, target type: music, target volume 0
11-11 16:08:42.261 W/ProcessCpuTracker( 1169): Failed to stat(/proc/5733): android.system.ErrnoException: stat failed: ENOENT (No such file or directory)
11-11 16:08:42.261 W/ProcessCpuTracker( 1169): Skipping unknown process pid 5733
11-11 16:08:42.267 D/APM_AudioPolicyManager( 1028): setVolumeCurveIndex: wrong index 0 min=1 max=15
11-11 16:08:42.267 E/APM_AudioPolicyManager( 1028): setVolumeIndexForAttributes failed to set curve index for group 1 device 0x2
11-11 16:08:42.267 E/AudioSystem-JNI( 1169): Command failed for android_media_AudioSystem_setStreamVolumeIndex: -22
11-11 16:08:42.267 D/APM_AudioPolicyManager( 1028): setVolumeCurveIndex: wrong index 0 min=1 max=15
11-11 16:08:42.267 E/APM_AudioPolicyManager( 1028): setVolumeIndexForAttributes failed to set curve index for group 1 device 0x4
11-11 16:08:42.268 E/AudioSystem-JNI( 1169): Command failed for android_media_AudioSystem_setStreamVolumeIndex: -22
11-11 16:08:42.268 D/APM_AudioPolicyManager( 1028): setVolumeCurveIndex: wrong index 0 min=1 max=15
11-11 16:08:42.268 E/APM_AudioPolicyManager( 1028): setVolumeIndexForAttributes failed to set curve index for group 1 device 0x8
11-11 16:08:42.268 E/AudioSystem-JNI( 1169): Command failed for android_media_AudioSystem_setStreamVolumeIndex: -22
11-11 16:08:42.269 D/APM_AudioPolicyManager( 1028): setVolumeCurveIndex: wrong index 0 min=1 max=15
11-11 16:08:42.269 E/APM_AudioPolicyManager( 1028): setVolumeIndexForAttributes failed to set curve index for group 1 device 0x4000000
11-11 16:08:42.269 E/AudioSystem-JNI( 1169): Command failed for android_media_AudioSystem_setStreamVolumeIndex: -22
11-11 16:08:42.269 D/APM_AudioPolicyManager( 1028): setVolumeCurveIndex: wrong index 0 min=1 max=15
11-11 16:08:42.269 E/APM_AudioPolicyManager( 1028): setVolumeIndexForAttributes failed to set curve index for group 1 device 0x40000000
11-11 16:08:42.270 E/AudioSystem-JNI( 1169): Command failed for android_media_AudioSystem_setStreamVolumeIndex: -22
11-11 16:08:42.270 I/vol.Events( 1933): writeEvent level_changed STREAM_MUSIC 0
11-11 16:08:42.272 D/RemoteControlService( 2422): Digest: 78C7BDB871E5C00BE407B8A303DC0FDC27ACE492FF4E11CDCD115AAB1792FC4B
11-11 16:08:42.273 D/RemoteControlService( 2422): Send data length: 133
11-11 16:08:42.274 D/RemoteControlService( 2422): Send message finished. direction: 16, messageType: 19, json: {"name":"music","source":0,"token":"BYdGz1fZZDdu2YZ","type":"volume_change","value":0}
11-11 16:08:42.275 D/RemoteControlService( 2422): RemoteVolumeCommand ResponseSpeedTest - use time: 2182
11-11 16:08:42.275 D/RemoteControlService( 2422): handleMessage called
11-11 16:08:42.275 D/RemoteControlService( 2422): Client-192.168.4.4 handleHeartBeat:261
11-11 16:08:42.275 D/RemoteControlService( 2422): Is not connect command
11-11 16:08:42.275 D/RemoteControlService( 2422): haveControl ? clientcom.thundercomm.remotecontrolservice.RemoteControllerClient@9c510e2
11-11 16:08:42.275 D/RemoteControlService( 2422): Client have control
11-11 16:08:42.283 I/vol.Events( 1933): writeEvent level_changed STREAM_ALARM 1
11-11 16:08:42.284 I/vol.Events( 1933): writeEvent level_changed STREAM_RING 0
11-11 16:08:42.284 I/vol.Events( 1933): writeEvent level_changed STREAM_SYSTEM 0
11-11 16:08:42.284 I/vol.Events( 1933): writeEvent level_changed STREAM_VOICE_CALL 1
11-11 16:08:42.284 I/vol.Events( 1933): writeEvent mute_changed STREAM_MUSIC true
11-11 16:08:42.287 D/APM_AudioPolicyManager( 1028): setVolumeCurveIndex: wrong index 0 min=1 max=7
11-11 16:08:42.287 E/APM_AudioPolicyManager( 1028): setVolumeIndexForAttributes failed to set curve index for group 2 device 0x2
11-11 16:08:42.288 E/AudioSystem-JNI( 1169): Command failed for android_media_AudioSystem_setStreamVolumeIndex: -22
11-11 16:08:42.288 D/RemoteControlService( 2422): getEvent: clientSocket = Socket[address=/192.168.4.4,port=50511,localPort=12600]
11-11 16:08:42.288 D/APM_AudioPolicyManager( 1028): setVolumeCurveIndex: wrong index 0 min=1 max=7
11-11 16:08:42.288 E/APM_AudioPolicyManager( 1028): setVolumeIndexForAttributes failed to set curve index for group 2 device 0x4
11-11 16:08:42.288 E/AudioSystem-JNI( 1169): Command failed for android_media_AudioSystem_setStreamVolumeIndex: -22
11-11 16:08:42.288 D/APM_AudioPolicyManager( 1028): setVolumeCurveIndex: wrong index 0 min=1 max=7
11-11 16:08:42.288 E/APM_AudioPolicyManager( 1028): setVolumeIndexForAttributes failed to set curve index for group 2 device 0x8
11-11 16:08:42.288 E/AudioSystem-JNI( 1169): Command failed for android_media_AudioSystem_setStreamVolumeIndex: -22
11-11 16:08:42.289 D/APM_AudioPolicyManager( 1028): setVolumeCurveIndex: wrong index 0 min=1 max=7
11-11 16:08:42.289 E/APM_AudioPolicyManager( 1028): setVolumeIndexForAttributes failed to set curve index for group 2 device 0x4000000
11-11 16:08:42.289 E/AudioSystem-JNI( 1169): Command failed for android_media_AudioSystem_setStreamVolumeIndex: -22
11-11 16:08:42.289 D/APM_AudioPolicyManager( 1028): setVolumeCurveIndex: wrong index 0 min=1 max=7
11-11 16:08:42.289 E/APM_AudioPolicyManager( 1028): setVolumeIndexForAttributes failed to set curve index for group 2 device 0x40000000
11-11 16:08:42.289 D/RemoteControlService( 2422): run: called
11-11 16:08:42.289 D/RemoteControlService( 2422): getEvent: start waiting...
11-11 16:08:42.289 E/AudioSystem-JNI( 1169): Command failed for android_media_AudioSystem_setStreamVolumeIndex: -22
11-11 16:08:42.291 E/RemoteControlService( 2422): Enter ListenSocketRunnable
11-11 16:08:42.292 D/RemoteControlService( 2422): After desEncrypt json is [{"type":"music","source":0,"token":"BYdGz1fZZDdu2YZ","value":0}]
11-11 16:08:42.292 D/RemoteControlService( 2422): buildRemoteCommand:type=19
11-11 16:08:42.293 D/RemoteControlService( 2422): Request params: BaseRequestCommandBean{source=0, token='BYdGz1fZZDdu2YZ', type='music', value='0'}
11-11 16:08:42.302 D/AS.AudioService( 1169): idcm_volume:setIDCMicroVolume(stream=3, index=11, calling=com.thundercomm.remotecontrolservice)
11-11 16:08:42.302 D/AudioIDCMicroNegotiator( 1169): idcm_volume:setIDCMicroVolume
11-11 16:08:42.302 D/AudioIDCMicroNegotiator( 1169): idcm_common:requestResult method = setVolume parameters = {"functionInfo":{"IDCM_VolumeValue_Media":"11"}}
11-11 16:08:42.302 I/MicroServiceManager( 1169): requestResult(setVolume) parameters is{"functionInfo":{"IDCM_VolumeValue_Media":"11"}}.
11-11 16:08:42.309 I/vol.Events( 1933): writeEvent show_dialog volume_changed keyguard=false
11-11 16:08:42.315 D/MicroService( 2075): Send message to IDCM:SocketMessageBean{businessData='21930', srcService='FSEM_AudioService', destService='IDCM_CarAudioService', messageType='0', uuid='1668154122303217800', payloadData={"srcService":"FSEM_AudioService","dstService":"IDCM_CarAudioService","messageType":0,"uuid":1668154122303217800,"methodName":"setVolume","parameters":{"functionInfo":{"IDCM_VolumeValue_Media":"11"}}}}
11-11 16:08:42.343 D/BluetoothDatabase( 1910): getBondedDevicesOrdered: Invalid address for device LocalStorage
11-11 16:08:42.356 I/MicroService( 2075): Receive message: SocketMessageBean{businessData='21930', srcService='IDCM_CarAudioService', destService='FSEM_AudioService', messageType='1', uuid='1668154122303217800', payloadData={"srcService":"IDCM_CarAudioService","dstService":"FSEM_AudioService","methodName":"setVolume","messageType":1,"uuid":1668154122303217800,"parameters":{"functionInfo":{"IDCM_VolumeValue_Media":"11"}}}}
11-11 16:08:42.357 I/MicroService( 2075): onResponse(setVolume): {"functionInfo":{"IDCM_VolumeValue_Media":"11"}}
11-11 16:08:42.357 D/AudioIDCMicroNegotiator( 1169): idcm_common:response from IDCM method = setVolume parameters = {"functionInfo":{"IDCM_VolumeValue_Media":"11"}}
11-11 16:08:42.357 D/AudioIDCMicroNegotiator( 1169): idcm_volume:onSetIDCMicroVolume mIsTimeout= false value = 11 isRequested=true
11-11 16:08:42.358 D/AudioIDCMicroNegotiator( 1169): idcm_volume:setIDCMicroVolume return 11
11-11 16:08:42.358 D/AS.AudioService( 1169): idcm_volume:setIDCMicroVolume: 11
11-11 16:08:42.362 D/MicroService( 2075): handleHeartBeat:460
11-11 16:08:42.380 I/vol.Events( 1933): writeEvent level_changed STREAM_ALARM 3
11-11 16:08:42.381 I/vol.Events( 1933): writeEvent level_changed STREAM_RING 2
11-11 16:08:42.389 D/RemoteControlService( 2422): setVolume called, target type: music, target volume 11
11-11 16:08:42.393 I/vol.Events( 1933): writeEvent level_changed STREAM_SYSTEM 2
11-11 16:08:42.393 I/vol.Events( 1933): writeEvent level_changed STREAM_VOICE_CALL 2
11-11 16:08:42.394 D/APM_AudioPolicyManager( 1028): setVolumeCurveIndex: wrong index 0 min=1 max=15
11-11 16:08:42.394 E/APM_AudioPolicyManager( 1028): setVolumeIndexForAttributes failed to set curve index for group 1 device 0x2
11-11 16:08:42.394 E/AudioSystem-JNI( 1169): Command failed for android_media_AudioSystem_setStreamVolumeIndex: -22
11-11 16:08:42.398 D/APM_AudioPolicyManager( 1028): setVolumeCurveIndex: wrong index 0 min=1 max=7
11-11 16:08:42.398 E/APM_AudioPolicyManager( 1028): setVolumeIndexForAttributes failed to set curve index for group 2 device 0x2
11-11 16:08:42.398 E/AudioSystem-JNI( 1169): Command failed for android_media_AudioSystem_setStreamVolumeIndex: -22
11-11 16:08:42.403 D/RemoteControlService( 2422): Digest: 8F74D1CCE5B6E32F3898A8C225BD56D6EE2042E58A0DE93A5F9D7758BADE10CB
11-11 16:08:42.403 D/RemoteControlService( 2422): Send data length: 133
11-11 16:08:42.404 D/RemoteControlService( 2422): Send message finished. direction: 16, messageType: 19, json: {"name":"music","source":0,"token":"BYdGz1fZZDdu2YZ","type":"volume_change","value":11}
11-11 16:08:42.404 D/RemoteControlService( 2422): RemoteVolumeCommand ResponseSpeedTest - use time: 2129
11-11 16:08:42.404 D/RemoteControlService( 2422): handleMessage called
11-11 16:08:42.404 D/RemoteControlService( 2422): Client-192.168.4.4 handleHeartBeat:262
11-11 16:08:42.404 D/RemoteControlService( 2422): Is not connect command
11-11 16:08:42.404 D/RemoteControlService( 2422): haveControl ? clientcom.thundercomm.remotecontrolservice.RemoteControllerClient@9c510e2
11-11 16:08:42.404 D/RemoteControlService( 2422): Client have control
11-11 16:08:42.409 D/APM_AudioPolicyManager( 1028): setVolumeCurveIndex: wrong index 0 min=1 max=15
11-11 16:08:42.409 E/APM_AudioPolicyManager( 1028): setVolumeIndexForAttributes failed to set curve index for group 1 device 0x2
11-11 16:08:42.410 E/AudioSystem-JNI( 1169): Command failed for android_media_AudioSystem_setStreamVolumeIndex: -22
11-11 16:08:42.410 D/APM_AudioPolicyManager( 1028): setVolumeCurveIndex: wrong index 0 min=1 max=15
11-11 16:08:42.410 E/APM_AudioPolicyManager( 1028): setVolumeIndexForAttributes failed to set curve index for group 1 device 0x4
11-11 16:08:42.410 E/AudioSystem-JNI( 1169): Command failed for android_media_AudioSystem_setStreamVolumeIndex: -22
11-11 16:08:42.410 D/APM_AudioPolicyManager( 1028): setVolumeCurveIndex: wrong index 0 min=1 max=15
11-11 16:08:42.410 E/APM_AudioPolicyManager( 1028): setVolumeIndexForAttributes failed to set curve index for group 1 device 0x8
11-11 16:08:42.410 E/AudioSystem-JNI( 1169): Command failed for android_media_AudioSystem_setStreamVolumeIndex: -22
11-11 16:08:42.411 D/APM_AudioPolicyManager( 1028): setVolumeCurveIndex: wrong index 0 min=1 max=15
11-11 16:08:42.411 E/APM_AudioPolicyManager( 1028): setVolumeIndexForAttributes failed to set curve index for group 1 device 0x4000000
11-11 16:08:42.411 E/AudioSystem-JNI( 1169): Command failed for android_media_AudioSystem_setStreamVolumeIndex: -22
11-11 16:08:42.411 D/APM_AudioPolicyManager( 1028): setVolumeCurveIndex: wrong index 0 min=1 max=15
11-11 16:08:42.411 E/APM_AudioPolicyManager( 1028): setVolumeIndexForAttributes failed to set curve index for group 1 device 0x40000000
11-11 16:08:42.411 E/AudioSystem-JNI( 1169): Command failed for android_media_AudioSystem_setStreamVolumeIndex: -22
11-11 16:08:42.427 D/APM_AudioPolicyManager( 1028): setVolumeCurveIndex: wrong index 0 min=1 max=7
11-11 16:08:42.427 E/APM_AudioPolicyManager( 1028): setVolumeIndexForAttributes failed to set curve index for group 2 device 0x2
11-11 16:08:42.427 E/AudioSystem-JNI( 1169): Command failed for android_media_AudioSystem_setStreamVolumeIndex: -22
11-11 16:08:42.427 D/APM_AudioPolicyManager( 1028): setVolumeCurveIndex: wrong index 0 min=1 max=7
11-11 16:08:42.427 E/APM_AudioPolicyManager( 1028): setVolumeIndexForAttributes failed to set curve index for group 2 device 0x4
11-11 16:08:42.427 E/AudioSystem-JNI( 1169): Command failed for android_media_AudioSystem_setStreamVolumeIndex: -22
11-11 16:08:42.428 D/APM_AudioPolicyManager( 1028): setVolumeCurveIndex: wrong index 0 min=1 max=7
11-11 16:08:42.428 E/APM_AudioPolicyManager( 1028): setVolumeIndexForAttributes failed to set curve index for group 2 device 0x8
11-11 16:08:42.428 E/AudioSystem-JNI( 1169): Command failed for android_media_AudioSystem_setStreamVolumeIndex: -22
11-11 16:08:42.428 D/APM_AudioPolicyManager( 1028): setVolumeCurveIndex: wrong index 0 min=1 max=7
11-11 16:08:42.428 E/APM_AudioPolicyManager( 1028): setVolumeIndexForAttributes failed to set curve index for group 2 device 0x4000000
11-11 16:08:42.428 E/AudioSystem-JNI( 1169): Command failed for android_media_AudioSystem_setStreamVolumeIndex: -22
11-11 16:08:42.429 D/APM_AudioPolicyManager( 1028): setVolumeCurveIndex: wrong index 0 min=1 max=7
11-11 16:08:42.429 E/APM_AudioPolicyManager( 1028): setVolumeIndexForAttributes failed to set curve index for group 2 device 0x40000000
11-11 16:08:42.429 E/AudioSystem-JNI( 1169): Command failed for android_media_AudioSystem_setStreamVolumeIndex: -22
11-11 16:08:42.442 D/AS.AudioService( 1169): idcm_volume:setIDCMicroVolume(stream=3, index=0, calling=com.thundercomm.remotecontrolservice)
11-11 16:08:42.442 I/vol.Events( 1933): writeEvent level_changed STREAM_MUSIC 11
11-11 16:08:42.442 D/AudioIDCMicroNegotiator( 1169): idcm_volume:setIDCMicroVolume
11-11 16:08:42.442 D/AudioIDCMicroNegotiator( 1169): idcm_common:requestResult method = setVolume parameters = {"functionInfo":{"IDCM_VolumeValue_Media":"0"}}
11-11 16:08:42.443 I/MicroServiceManager( 1169): requestResult(setVolume) parameters is{"functionInfo":{"IDCM_VolumeValue_Media":"0"}}.
11-11 16:08:42.445 I/vol.Events( 1933): writeEvent mute_changed STREAM_MUSIC false
11-11 16:08:42.459 D/MicroService( 2075): Send message to IDCM:SocketMessageBean{businessData='21930', srcService='FSEM_AudioService', destService='IDCM_CarAudioService', messageType='0', uuid='1668154122449324310', payloadData={"srcService":"FSEM_AudioService","dstService":"IDCM_CarAudioService","messageType":0,"uuid":1668154122449324310,"methodName":"setVolume","parameters":{"functionInfo":{"IDCM_VolumeValue_Media":"0"}}}}
11-11 16:08:42.466 D/RemoteControlService( 2422): getEvent: clientSocket = Socket[address=/192.168.4.4,port=36467,localPort=12600]
11-11 16:08:42.467 D/RemoteControlService( 2422): run: called
11-11 16:08:42.467 D/RemoteControlService( 2422): getEvent: start waiting...
11-11 16:08:42.467 E/RemoteControlService( 2422): Enter ListenSocketRunnable
11-11 16:08:42.469 D/RemoteControlService( 2422): After desEncrypt json is [{"type":"music","source":0,"token":"BYdGz1fZZDdu2YZ","value":11}]
11-11 16:08:42.469 D/RemoteControlService( 2422): buildRemoteCommand:type=19
11-11 16:08:42.469 D/RemoteControlService( 2422): Request params: BaseRequestCommandBean{source=0, token='BYdGz1fZZDdu2YZ', type='music', value='11'}
11-11 16:08:42.473 I/vol.Events( 1933): writeEvent show_dialog volume_changed keyguard=false
11-11 16:08:42.476 D/BluetoothDatabase( 1910): getBondedDevicesOrdered: Invalid address for device LocalStorage
11-11 16:08:42.494 I/MicroService( 2075): Receive message: SocketMessageBean{businessData='21930', srcService='IDCM_CarAudioService', destService='FSEM_AudioService', messageType='1', uuid='1668154122449324310', payloadData={"srcService":"IDCM_CarAudioService","dstService":"FSEM_AudioService","methodName":"setVolume","messageType":1,"uuid":1668154122449324310,"parameters":{"functionInfo":{"IDCM_VolumeValue_Media":"0"}}}}
11-11 16:08:42.494 I/MicroService( 2075): onResponse(setVolume): {"functionInfo":{"IDCM_VolumeValue_Media":"0"}}
11-11 16:08:42.495 D/AudioIDCMicroNegotiator( 1169): idcm_common:response from IDCM method = setVolume parameters = {"functionInfo":{"IDCM_VolumeValue_Media":"0"}}
11-11 16:08:42.495 D/AudioIDCMicroNegotiator( 1169): idcm_volume:onSetIDCMicroVolume mIsTimeout= false value = 0 isRequested=true
11-11 16:08:42.496 D/AudioIDCMicroNegotiator( 1169): idcm_volume:setIDCMicroVolume return 0
11-11 16:08:42.496 D/AS.AudioService( 1169): idcm_volume:setIDCMicroVolume: 0
11-11 16:08:42.497 D/MicroService( 2075): handleHeartBeat:461
11-11 16:08:42.512 I/mpu_uart( 664): [MSG-P:RECV]:No message received in 1000 ms
11-11 16:08:42.519 I/vol.Events( 1933): writeEvent level_changed STREAM_ALARM 1
11-11 16:08:42.520 I/vol.Events( 1933): writeEvent level_changed STREAM_RING 0
11-11 16:08:42.520 I/vol.Events( 1933): writeEvent level_changed STREAM_SYSTEM 0
11-11 16:08:42.520 I/vol.Events( 1933): writeEvent level_changed STREAM_VOICE_CALL 1
11-11 16:08:42.522 I/vol.Events( 1933): writeEvent level_changed STREAM_MUSIC 0
11-11 16:08:42.523 D/APM_AudioPolicyManager( 1028): setVolumeCurveIndex: wrong index 0 min=1 max=15
11-11 16:08:42.523 E/APM_AudioPolicyManager( 1028): setVolumeIndexForAttributes failed to set curve index for group 1 device 0x2
11-11 16:08:42.524 I/vol.Events( 1933): writeEvent mute_changed STREAM_MUSIC true
11-11 16:08:42.524 E/AudioSystem-JNI( 1169): Command failed for android_media_AudioSystem_setStreamVolumeIndex: -22
11-11 16:08:42.527 D/APM_AudioPolicyManager( 1028): setVolumeCurveIndex: wrong index 0 min=1 max=7
11-11 16:08:42.527 E/APM_AudioPolicyManager( 1028): setVolumeIndexForAttributes failed to set curve index for group 2 device 0x2
11-11 16:08:42.527 E/AudioSystem-JNI( 1169): Command failed for android_media_AudioSystem_setStreamVolumeIndex: -22
11-11 16:08:42.538 D/APM_AudioPolicyManager( 1028): setVolumeCurveIndex: wrong index 0 min=1 max=15
11-11 16:08:42.538 E/APM_AudioPolicyManager( 1028): setVolumeIndexForAttributes failed to set curve index for group 1 device 0x2
11-11 16:08:42.539 E/AudioSystem-JNI( 1169): Command failed for android_media_AudioSystem_setStreamVolumeIndex: -22
11-11 16:08:42.539 D/APM_AudioPolicyManager( 1028): setVolumeCurveIndex: wrong index 0 min=1 max=15
11-11 16:08:42.539 E/APM_AudioPolicyManager( 1028): setVolumeIndexForAttributes failed to set curve index for group 1 device 0x4
11-11 16:08:42.539 E/AudioSystem-JNI( 1169): Command failed for android_media_AudioSystem_setStreamVolumeIndex: -22
11-11 16:08:42.539 D/APM_AudioPolicyManager( 1028): setVolumeCurveIndex: wrong index 0 min=1 max=15
11-11 16:08:42.539 E/APM_AudioPolicyManager( 1028): setVolumeIndexForAttributes failed to set curve index for group 1 device 0x8
11-11 16:08:42.539 E/AudioSystem-JNI( 1169): Command failed for android_media_AudioSystem_setStreamVolumeIndex: -22
11-11 16:08:42.540 D/APM_AudioPolicyManager( 1028): setVolumeCurveIndex: wrong index 0 min=1 max=15
11-11 16:08:42.540 E/APM_AudioPolicyManager( 1028): setVolumeIndexForAttributes failed to set curve index for group 1 device 0x4000000
11-11 16:08:42.540 E/AudioSystem-JNI( 1169): Command failed for android_media_AudioSystem_setStreamVolumeIndex: -22
11-11 16:08:42.540 D/APM_AudioPolicyManager( 1028): setVolumeCurveIndex: wrong index 0 min=1 max=15
11-11 16:08:42.540 E/APM_AudioPolicyManager( 1028): setVolumeIndexForAttributes failed to set curve index for group 1 device 0x40000000
11-11 16:08:42.540 E/AudioSystem-JNI( 1169): Command failed for android_media_AudioSystem_setStreamVolumeIndex: -22
11-11 16:08:42.553 I/mpu_uart( 664): [MSG-P:R]:recv sync frame timeout
11-11 16:08:42.555 D/APM_AudioPolicyManager( 1028): setVolumeCurveIndex: wrong index 0 min=1 max=7
11-11 16:08:42.555 E/APM_AudioPolicyManager( 1028): setVolumeIndexForAttributes failed to set curve index for group 2 device 0x2
11-11 16:08:42.555 E/AudioSystem-JNI( 1169): Command failed for android_media_AudioSystem_setStreamVolumeIndex: -22
11-11 16:08:42.555 D/APM_AudioPolicyManager( 1028): setVolumeCurveIndex: wrong index 0 min=1 max=7
11-11 16:08:42.555 E/APM_AudioPolicyManager( 1028): setVolumeIndexForAttributes failed to set curve index for group 2 device 0x4
11-11 16:08:42.556 E/AudioSystem-JNI( 1169): Command failed for android_media_AudioSystem_setStreamVolumeIndex: -22
11-11 16:08:42.556 D/APM_AudioPolicyManager( 1028): setVolumeCurveIndex: wrong index 0 min=1 max=7
11-11 16:08:42.556 E/APM_AudioPolicyManager( 1028): setVolumeIndexForAttributes failed to set curve index for group 2 device 0x8
11-11 16:08:42.556 E/AudioSystem-JNI( 1169): Command failed for android_media_AudioSystem_setStreamVolumeIndex: -22
11-11 16:08:42.556 D/APM_AudioPolicyManager( 1028): setVolumeCurveIndex: wrong index 0 min=1 max=7
11-11 16:08:42.556 E/APM_AudioPolicyManager( 1028): setVolumeIndexForAttributes failed to set curve index for group 2 device 0x4000000
11-11 16:08:42.556 E/AudioSystem-JNI( 1169): Command failed for android_media_AudioSystem_setStreamVolumeIndex: -22
11-11 16:08:42.557 D/APM_AudioPolicyManager( 1028): setVolumeCurveIndex: wrong index 0 min=1 max=7
11-11 16:08:42.557 E/APM_AudioPolicyManager( 1028): setVolumeIndexForAttributes failed to set curve index for group 2 device 0x40000000
11-11 16:08:42.557 E/AudioSystem-JNI( 1169): Command failed for android_media_AudioSystem_setStreamVolumeIndex: -22
11-11 16:08:42.580 D/RemoteControlService( 2422): setVolume called, target type: music, target volume 0
11-11 16:08:42.582 D/RemoteControlService( 2422): Digest: 78C7BDB871E5C00BE407B8A303DC0FDC27ACE492FF4E11CDCD115AAB1792FC4B
11-11 16:08:42.582 D/RemoteControlService( 2422): Send data length: 133
11-11 16:08:42.583 D/RemoteControlService( 2422): Send message finished. direction: 16, messageType: 19, json: {"name":"music","source":0,"token":"BYdGz1fZZDdu2YZ","type":"volume_change","value":0}
11-11 16:08:42.591 D/RemoteControlService( 2422): RemoteVolumeCommand ResponseSpeedTest - use time: 2130
11-11 16:08:42.591 D/RemoteControlService( 2422): handleMessage called
11-11 16:08:42.591 D/RemoteControlService( 2422): Client-192.168.4.4 handleHeartBeat:263
11-11 16:08:42.591 D/RemoteControlService( 2422): Is not connect command
11-11 16:08:42.591 D/RemoteControlService( 2422): haveControl ? clientcom.thundercomm.remotecontrolservice.RemoteControllerClient@9c510e2
11-11 16:08:42.591 D/RemoteControlService( 2422): Client have control
11-11 16:08:42.595 D/AS.AudioService( 1169): idcm_volume:setIDCMicroVolume(stream=3, index=11, calling=com.thundercomm.remotecontrolservice)
11-11 16:08:42.595 D/AudioIDCMicroNegotiator( 1169): idcm_volume:setIDCMicroVolume
11-11 16:08:42.595 D/AudioIDCMicroNegotiator( 1169): idcm_common:requestResult method = setVolume parameters = {"functionInfo":{"IDCM_VolumeValue_Media":"11"}}
11-11 16:08:42.595 I/MicroServiceManager( 1169): requestResult(setVolume) parameters is{"functionInfo":{"IDCM_VolumeValue_Media":"11"}}.
11-11 16:08:42.597 I/vol.Events( 1933): writeEvent show_dialog volume_changed keyguard=false
11-11 16:08:42.603 D/BluetoothDatabase( 1910): getBondedDevicesOrdered: Invalid address for device LocalStorage
11-11 16:08:42.607 D/MicroService( 2075): Send message to IDCM:SocketMessageBean{businessData='21930', srcService='FSEM_AudioService', destService='IDCM_CarAudioService', messageType='0', uuid='1668154122596376706', payloadData={"srcService":"FSEM_AudioService","dstService":"IDCM_CarAudioService","messageType":0,"uuid":1668154122596376706,"methodName":"setVolume","parameters":{"functionInfo":{"IDCM_VolumeValue_Media":"11"}}}}
11-11 16:08:42.640 I/MicroService( 2075): Receive message: SocketMessageBean{businessData='21930', srcService='IDCM_CarAudioService', destService='FSEM_AudioService', messageType='1', uuid='1668154122596376706', payloadData={"srcService":"IDCM_CarAudioService","dstService":"FSEM_AudioService","methodName":"setVolume","messageType":1,"uuid":1668154122596376706,"parameters":{"functionInfo":{"IDCM_VolumeValue_Media":"11"}}}}
11-11 16:08:42.640 I/MicroService( 2075): onResponse(setVolume): {"functionInfo":{"IDCM_VolumeValue_Media":"11"}}
11-11 16:08:42.642 D/AudioIDCMicroNegotiator( 1169): idcm_common:response from IDCM method = setVolume parameters = {"functionInfo":{"IDCM_VolumeValue_Media":"11"}}
11-11 16:08:42.642 D/AudioIDCMicroNegotiator( 1169): idcm_volume:onSetIDCMicroVolume mIsTimeout= false value = 11 isRequested=true
11-11 16:08:42.642 D/AudioIDCMicroNegotiator( 1169): idcm_volume:setIDCMicroVolume return 11
11-11 16:08:42.642 D/AS.AudioService( 1169): idcm_volume:setIDCMicroVolume: 11
11-11 16:08:42.647 D/MicroService( 2075): handleHeartBeat:462
11-11 16:08:42.654 D/RemoteControlService( 2422): getEvent: clientSocket = Socket[address=/192.168.4.4,port=36113,localPort=12600]
11-11 16:08:42.657 D/RemoteControlService( 2422): run: called
11-11 16:08:42.657 D/RemoteControlService( 2422): getEvent: start waiting...
11-11 16:08:42.658 E/RemoteControlService( 2422): Enter ListenSocketRunnable
11-11 16:08:42.659 D/RemoteControlService( 2422): After desEncrypt json is [{"type":"music","source":0,"token":"BYdGz1fZZDdu2YZ","value":0}]
11-11 16:08:42.659 D/RemoteControlService( 2422): buildRemoteCommand:type=19
11-11 16:08:42.660 D/RemoteControlService( 2422): Request params: BaseRequestCommandBean{source=0, token='BYdGz1fZZDdu2YZ', type='music', value='0'}
11-11 16:08:42.664 I/vol.Events( 1933): writeEvent level_changed STREAM_ALARM 3
11-11 16:08:42.667 I/vol.Events( 1933): writeEvent level_changed STREAM_RING 2
11-11 16:08:42.668 D/APM_AudioPolicyManager( 1028): setVolumeCurveIndex: wrong index 0 min=1 max=15
11-11 16:08:42.668 I/vol.Events( 1933): writeEvent level_changed STREAM_SYSTEM 2
11-11 16:08:42.668 E/APM_AudioPolicyManager( 1028): setVolumeIndexForAttributes failed to set curve index for group 1 device 0x2
11-11 16:08:42.669 E/AudioSystem-JNI( 1169): Command failed for android_media_AudioSystem_setStreamVolumeIndex: -22
11-11 16:08:42.669 I/vol.Events( 1933): writeEvent level_changed STREAM_VOICE_CALL 2
11-11 16:08:42.669 I/vol.Events( 1933): writeEvent level_changed STREAM_MUSIC 11
11-11 16:08:42.669 I/vol.Events( 1933): writeEvent mute_changed STREAM_MUSIC false
11-11 16:08:42.672 D/APM_AudioPolicyManager( 1028): setVolumeCurveIndex: wrong index 0 min=1 max=7
11-11 16:08:42.672 E/APM_AudioPolicyManager( 1028): setVolumeIndexForAttributes failed to set curve index for group 2 device 0x2
11-11 16:08:42.672 E/AudioSystem-JNI( 1169): Command failed for android_media_AudioSystem_setStreamVolumeIndex: -22
11-11 16:08:42.691 D/APM_AudioPolicyManager( 1028): setVolumeCurveIndex: wrong index 0 min=1 max=15
11-11 16:08:42.691 E/APM_AudioPolicyManager( 1028): setVolumeIndexForAttributes failed to set curve index for group 1 device 0x2
11-11 16:08:42.691 E/AudioSystem-JNI( 1169): Command failed for android_media_AudioSystem_setStreamVolumeIndex: -22
11-11 16:08:42.691 D/APM_AudioPolicyManager( 1028): setVolumeCurveIndex: wrong index 0 min=1 max=15
11-11 16:08:42.691 E/APM_AudioPolicyManager( 1028): setVolumeIndexForAttributes failed to set curve index for group 1 device 0x4
11-11 16:08:42.691 E/AudioSystem-JNI( 1169): Command failed for android_media_AudioSystem_setStreamVolumeIndex: -22
11-11 16:08:42.692 D/APM_AudioPolicyManager( 1028): setVolumeCurveIndex: wrong index 0 min=1 max=15
11-11 16:08:42.692 E/APM_AudioPolicyManager( 1028): setVolumeIndexForAttributes failed to set curve index for group 1 device 0x8
11-11 16:08:42.692 E/AudioSystem-JNI( 1169): Command failed for android_media_AudioSystem_setStreamVolumeIndex: -22
11-11 16:08:42.692 D/APM_AudioPolicyManager( 1028): setVolumeCurveIndex: wrong index 0 min=1 max=15
11-11 16:08:42.692 E/APM_AudioPolicyManager( 1028): setVolumeIndexForAttributes failed to set curve index for group 1 device 0x4000000
11-11 16:08:42.692 E/AudioSystem-JNI( 1169): Command failed for android_media_AudioSystem_setStreamVolumeIndex: -22
11-11 16:08:42.692 D/APM_AudioPolicyManager( 1028): setVolumeCurveIndex: wrong index 0 min=1 max=15
11-11 16:08:42.692 E/APM_AudioPolicyManager( 1028): setVolumeIndexForAttributes failed to set curve index for group 1 device 0x40000000
11-11 16:08:42.693 E/AudioSystem-JNI( 1169): Command failed for android_media_AudioSystem_setStreamVolumeIndex: -22
11-11 16:08:42.710 D/APM_AudioPolicyManager( 1028): setVolumeCurveIndex: wrong index 0 min=1 max=7
11-11 16:08:42.711 E/APM_AudioPolicyManager( 1028): setVolumeIndexForAttributes failed to set curve index for group 2 device 0x2
11-11 16:08:42.711 E/AudioSystem-JNI( 1169): Command failed for android_media_AudioSystem_setStreamVolumeIndex: -22
11-11 16:08:42.711 D/APM_AudioPolicyManager( 1028): setVolumeCurveIndex: wrong index 0 min=1 max=7
11-11 16:08:42.711 E/APM_AudioPolicyManager( 1028): setVolumeIndexForAttributes failed to set curve index for group 2 device 0x4
11-11 16:08:42.712 E/AudioSystem-JNI( 1169): Command failed for android_media_AudioSystem_setStreamVolumeIndex: -22
11-11 16:08:42.712 D/APM_AudioPolicyManager( 1028): setVolumeCurveIndex: wrong index 0 min=1 max=7
11-11 16:08:42.712 E/APM_AudioPolicyManager( 1028): setVolumeIndexForAttributes failed to set curve index for group 2 device 0x8
11-11 16:08:42.713 E/AudioSystem-JNI( 1169): Command failed for android_media_AudioSystem_setStreamVolumeIndex: -22
11-11 16:08:42.713 D/APM_AudioPolicyManager( 1028): setVolumeCurveIndex: wrong index 0 min=1 max=7
11-11 16:08:42.713 E/APM_AudioPolicyManager( 1028): setVolumeIndexForAttributes failed to set curve index for group 2 device 0x4000000
11-11 16:08:42.714 E/AudioSystem-JNI( 1169): Command failed for android_media_AudioSystem_setStreamVolumeIndex: -22
11-11 16:08:42.715 D/APM_AudioPolicyManager( 1028): setVolumeCurveIndex: wrong index 0 min=1 max=7
11-11 16:08:42.715 E/APM_AudioPolicyManager( 1028): setVolumeIndexForAttributes failed to set curve index for group 2 device 0x40000000
11-11 16:08:42.716 E/AudioSystem-JNI( 1169): Command failed for android_media_AudioSystem_setStreamVolumeIndex: -22
11-11 16:08:42.740 D/RemoteControlService( 2422): setVolume called, target type: music, target volume 11
11-11 16:08:42.741 D/RemoteControlService( 2422): Digest: 8F74D1CCE5B6E32F3898A8C225BD56D6EE2042E58A0DE93A5F9D7758BADE10CB
11-11 16:08:42.742 D/RemoteControlService( 2422): Send data length: 133
11-11 16:08:42.743 D/RemoteControlService( 2422): Send message finished. direction: 16, messageType: 19, json: {"name":"music","source":0,"token":"BYdGz1fZZDdu2YZ","type":"volume_change","value":11}
11-11 16:08:42.745 D/RemoteControlService( 2422): RemoteVolumeCommand ResponseSpeedTest - use time: 2093
11-11 16:08:42.745 D/RemoteControlService( 2422): handleMessage called
11-11 16:08:42.745 D/RemoteControlService( 2422): Client-192.168.4.4 handleHeartBeat:264
11-11 16:08:42.745 D/RemoteControlService( 2422): Is not connect command
11-11 16:08:42.745 D/RemoteControlService( 2422): haveControl ? clientcom.thundercomm.remotecontrolservice.RemoteControllerClient@9c510e2
11-11 16:08:42.745 D/RemoteControlService( 2422): Client have control
11-11 16:08:42.748 D/AS.AudioService( 1169): idcm_volume:setIDCMicroVolume(stream=3, index=0, calling=com.thundercomm.remotecontrolservice)
11-11 16:08:42.748 D/AudioIDCMicroNegotiator( 1169): idcm_volume:setIDCMicroVolume
11-11 16:08:42.749 D/AudioIDCMicroNegotiator( 1169): idcm_common:requestResult method = setVolume parameters = {"functionInfo":{"IDCM_VolumeValue_Media":"0"}}
11-11 16:08:42.749 I/MicroServiceManager( 1169): requestResult(setVolume) parameters is{"functionInfo":{"IDCM_VolumeValue_Media":"0"}}.
11-11 16:08:42.761 D/MicroService( 2075): Send message to IDCM:SocketMessageBean{businessData='21930', srcService='FSEM_AudioService', destService='IDCM_CarAudioService', messageType='0', uuid='1668154122749933372', payloadData={"srcService":"FSEM_AudioService","dstService":"IDCM_CarAudioService","messageType":0,"uuid":1668154122749933372,"methodName":"setVolume","parameters":{"functionInfo":{"IDCM_VolumeValue_Media":"0"}}}}
11-11 16:08:42.768 I/vol.Events( 1933): writeEvent show_dialog volume_changed keyguard=false
11-11 16:08:42.783 D/BluetoothDatabase( 1910): getBondedDevicesOrdered: Invalid address for device LocalStorage
11-11 16:08:42.800 I/MicroService( 2075): Receive message: SocketMessageBean{businessData='21930', srcService='IDCM_CarAudioService', destService='FSEM_AudioService', messageType='1', uuid='1668154122749933372', payloadData={"srcService":"IDCM_CarAudioService","dstService":"FSEM_AudioService","methodName":"setVolume","messageType":1,"uuid":1668154122749933372,"parameters":{"functionInfo":{"IDCM_VolumeValue_Media":"0"}}}}
11-11 16:08:42.801 I/MicroService( 2075): onResponse(setVolume): {"functionInfo":{"IDCM_VolumeValue_Media":"0"}}
11-11 16:08:42.801 D/AudioIDCMicroNegotiator( 1169): idcm_common:response from IDCM method = setVolume parameters = {"functionInfo":{"IDCM_VolumeValue_Media":"0"}}
11-11 16:08:42.802 D/AudioIDCMicroNegotiator( 1169): idcm_volume:onSetIDCMicroVolume mIsTimeout= false value = 0 isRequested=true
11-11 16:08:42.802 D/AudioIDCMicroNegotiator( 1169): idcm_volume:setIDCMicroVolume return 0
11-11 16:08:42.802 D/AS.AudioService( 1169): idcm_volume:setIDCMicroVolume: 0
11-11 16:08:42.807 D/MicroService( 2075): handleHeartBeat:463
11-11 16:08:42.831 D/RemoteControlService( 2422): getEvent: clientSocket = Socket[address=/192.168.4.4,port=38679,localPort=12600]
11-11 16:08:42.834 D/RemoteControlService( 2422): run: called
11-11 16:08:42.834 D/RemoteControlService( 2422): getEvent: start waiting...
11-11 16:08:42.836 E/RemoteControlService( 2422): Enter ListenSocketRunnable
11-11 16:08:42.836 I/vol.Events( 1933): writeEvent level_changed STREAM_ALARM 1
11-11 16:08:42.836 I/vol.Events( 1933): writeEvent level_changed STREAM_RING 0
11-11 16:08:42.837 I/vol.Events( 1933): writeEvent level_changed STREAM_SYSTEM 0
11-11 16:08:42.837 I/vol.Events( 1933): writeEvent level_changed STREAM_VOICE_CALL 1
11-11 16:08:42.837 I/vol.Events( 1933): writeEvent level_changed STREAM_MUSIC 0
11-11 16:08:42.837 I/vol.Events( 1933): writeEvent mute_changed STREAM_MUSIC true
11-11 16:08:42.838 D/RemoteControlService( 2422): After desEncrypt json is [{"type":"music","source":0,"token":"BYdGz1fZZDdu2YZ","value":11}]
11-11 16:08:42.838 D/RemoteControlService( 2422): buildRemoteCommand:type=19
11-11 16:08:42.838 D/RemoteControlService( 2422): Request params: BaseRequestCommandBean{source=0, token='BYdGz1fZZDdu2YZ', type='music', value='11'}
11-11 16:08:42.845 D/APM_AudioPolicyManager( 1028): setVolumeCurveIndex: wrong index 0 min=1 max=15
11-11 16:08:42.845 E/APM_AudioPolicyManager( 1028): setVolumeIndexForAttributes failed to set curve index for group 1 device 0x2
11-11 16:08:42.846 E/AudioSystem-JNI( 1169): Command failed for android_media_AudioSystem_setStreamVolumeIndex: -22
11-11 16:08:42.852 D/APM_AudioPolicyManager( 1028): setVolumeCurveIndex: wrong index 0 min=1 max=7
11-11 16:08:42.852 E/APM_AudioPolicyManager( 1028): setVolumeIndexForAttributes failed to set curve index for group 2 device 0x2
11-11 16:08:42.852 E/AudioSystem-JNI( 1169): Command failed for android_media_AudioSystem_setStreamVolumeIndex: -22
11-11 16:08:42.857 D/RemoteControlService( 2422): setVolume called, target type: music, target volume 0
11-11 16:08:42.867 D/RemoteControlService( 2422): Digest: 78C7BDB871E5C00BE407B8A303DC0FDC27ACE492FF4E11CDCD115AAB1792FC4B
11-11 16:08:42.867 D/RemoteControlService( 2422): Send data length: 133
11-11 16:08:42.868 D/RemoteControlService( 2422): Send message finished. direction: 16, messageType: 19, json: {"name":"music","source":0,"token":"BYdGz1fZZDdu2YZ","type":"volume_change","value":0}
11-11 16:08:42.869 D/RemoteControlService( 2422): RemoteVolumeCommand ResponseSpeedTest - use time: 2036
11-11 16:08:42.869 D/RemoteControlService( 2422): handleMessage called
11-11 16:08:42.870 D/RemoteControlService( 2422): Client-192.168.4.4 handleHeartBeat:265
11-11 16:08:42.870 D/RemoteControlService( 2422): Is not connect command
11-11 16:08:42.870 D/RemoteControlService( 2422): haveControl ? clientcom.thundercomm.remotecontrolservice.RemoteControllerClient@9c510e2
11-11 16:08:42.870 D/RemoteControlService( 2422): Client have control
11-11 16:08:42.880 D/APM_AudioPolicyManager( 1028): setVolumeCurveIndex: wrong index 0 min=1 max=15
11-11 16:08:42.880 E/APM_AudioPolicyManager( 1028): setVolumeIndexForAttributes failed to set curve index for group 1 device 0x2
11-11 16:08:42.880 E/AudioSystem-JNI( 1169): Command failed for android_media_AudioSystem_setStreamVolumeIndex: -22
11-11 16:08:42.881 D/APM_AudioPolicyManager( 1028): setVolumeCurveIndex: wrong index 0 min=1 max=15
11-11 16:08:42.881 E/APM_AudioPolicyManager( 1028): setVolumeIndexForAttributes failed to set curve index for group 1 device 0x4
11-11 16:08:42.881 E/AudioSystem-JNI( 1169): Command failed for android_media_AudioSystem_setStreamVolumeIndex: -22
11-11 16:08:42.882 D/APM_AudioPolicyManager( 1028): setVolumeCurveIndex: wrong index 0 min=1 max=15
11-11 16:08:42.882 E/APM_AudioPolicyManager( 1028): setVolumeIndexForAttributes failed to set curve index for group 1 device 0x8
11-11 16:08:42.882 E/AudioSystem-JNI( 1169): Command failed for android_media_AudioSystem_setStreamVolumeIndex: -22
11-11 16:08:42.882 D/APM_AudioPolicyManager( 1028): setVolumeCurveIndex: wrong index 0 min=1 max=15
11-11 16:08:42.882 E/APM_AudioPolicyManager( 1028): setVolumeIndexForAttributes failed to set curve index for group 1 device 0x4000000
11-11 16:08:42.883 E/AudioSystem-JNI( 1169): Command failed for android_media_AudioSystem_setStreamVolumeIndex: -22
11-11 16:08:42.883 D/APM_AudioPolicyManager( 1028): setVolumeCurveIndex: wrong index 0 min=1 max=15
11-11 16:08:42.883 E/APM_AudioPolicyManager( 1028): setVolumeIndexForAttributes failed to set curve index for group 1 device 0x40000000
11-11 16:08:42.884 E/AudioSystem-JNI( 1169): Command failed for android_media_AudioSystem_setStreamVolumeIndex: -22
11-11 16:08:42.927 D/APM_AudioPolicyManager( 1028): setVolumeCurveIndex: wrong index 0 min=1 max=7
11-11 16:08:42.927 E/APM_AudioPolicyManager( 1028): setVolumeIndexForAttributes failed to set curve index for group 2 device 0x2
11-11 16:08:42.927 E/AudioSystem-JNI( 1169): Command failed for android_media_AudioSystem_setStreamVolumeIndex: -22
11-11 16:08:42.928 D/APM_AudioPolicyManager( 1028): setVolumeCurveIndex: wrong index 0 min=1 max=7
11-11 16:08:42.928 E/APM_AudioPolicyManager( 1028): setVolumeIndexForAttributes failed to set curve index for group 2 device 0x4
11-11 16:08:42.929 E/AudioSystem-JNI( 1169): Command failed for android_media_AudioSystem_setStreamVolumeIndex: -22
11-11 16:08:42.929 D/APM_AudioPolicyManager( 1028): setVolumeCurveIndex: wrong index 0 min=1 max=7
11-11 16:08:42.929 E/APM_AudioPolicyManager( 1028): setVolumeIndexForAttributes failed to set curve index for group 2 device 0x8
11-11 16:08:42.930 E/AudioSystem-JNI( 1169): Command failed for android_media_AudioSystem_setStreamVolumeIndex: -22
11-11 16:08:42.931 D/APM_AudioPolicyManager( 1028): setVolumeCurveIndex: wrong index 0 min=1 max=7
11-11 16:08:42.931 E/APM_AudioPolicyManager( 1028): setVolumeIndexForAttributes failed to set curve index for group 2 device 0x4000000
11-11 16:08:42.931 E/AudioSystem-JNI( 1169): Command failed for android_media_AudioSystem_setStreamVolumeIndex: -22
11-11 16:08:42.931 D/APM_AudioPolicyManager( 1028): setVolumeCurveIndex: wrong index 0 min=1 max=7
11-11 16:08:42.932 E/APM_AudioPolicyManager( 1028): setVolumeIndexForAttributes failed to set curve index for group 2 device 0x40000000
11-11 16:08:42.932 E/AudioSystem-JNI( 1169): Command failed for android_media_AudioSystem_setStreamVolumeIndex: -22
11-11 16:08:42.938 D/RemoteControlService( 2422): heart beat timer called
11-11 16:08:42.962 D/AS.AudioService( 1169): idcm_volume:setIDCMicroVolume(stream=3, index=11, calling=com.thundercomm.remotecontrolservice)
11-11 16:08:42.962 D/AudioIDCMicroNegotiator( 1169): idcm_volume:setIDCMicroVolume
11-11 16:08:42.962 D/AudioIDCMicroNegotiator( 1169): idcm_common:requestResult method = setVolume parameters = {"functionInfo":{"IDCM_VolumeValue_Media":"11"}}
11-11 16:08:42.962 I/MicroServiceManager( 1169): requestResult(setVolume) parameters is{"functionInfo":{"IDCM_VolumeValue_Media":"11"}}.
11-11 16:08:42.971 D/MicroService( 2075): handleHeartBeat:464
