01-01 08:00:44.776 D/CompatConfig( 1169): Adding: com.android.server.compat.config.Change@9966698
01-01 08:00:44.777 D/CompatConfig( 1169): Adding: com.android.server.compat.config.Change@9dc2ef1
01-01 08:00:44.779 I/mv2112_config_aneg( 0): autoneg 1
01-01 08:00:44.779 I/ ( 0): mv2112_restart_aneg
01-01 08:00:44.782 E/mv2112_read_status( 0): autoneg not complete;time=37172 ms
01-01 08:00:44.782 I/ ( 0): mv2112_setup_forced
01-01 08:00:44.779 D/CompatConfig( 1169): Adding: com.android.server.compat.config.Change@8739ad6
01-01 08:00:44.780 I/SystemConfig( 1169): Reading permissions from /system/etc/permissions/com.thundercomm.screensaver.xml
01-01 08:00:44.780 D/CompatConfig( 1169): Adding: com.android.server.compat.config.Change@dd75444
01-01 08:00:44.782 D/CompatConfig( 1169): Adding: com.android.server.compat.config.Change@f3c92d
01-01 08:00:44.785 D/CompatConfig( 1169): Adding: com.android.server.compat.config.Change@4e68e62
01-01 08:00:44.787 D/CompatConfig( 1169): Adding: com.android.server.compat.config.Change@758abf3
01-01 08:00:44.805 D/CompatConfig( 1169): Adding: com.android.server.compat.config.Change@470cb29
01-01 08:00:44.814 I/SystemConfig( 1169): Reading permissions from /system/etc/permissions/com.android.networkstack.xml
01-01 08:00:44.816 I/SystemConfig( 1169): Reading permissions from /system/etc/permissions/privapp-permissions-platform.xml
01-01 08:00:44.823 D/CompatConfig( 1169): Adding: com.android.server.compat.config.Change@248144f
01-01 08:00:44.824 D/CompatConfig( 1169): Adding: com.android.server.compat.config.Change@2fae7dc
01-01 08:00:44.803 I/binder ( 0): 1278:1278 ioctl 40046210 7fe8e8a5b4 returned -22
01-01 08:00:44.805 I/lan743x 0001( 0): 01:00.0 eth0: successfully registered ptp clock
01-01 08:00:44.818 I/lan743x 0001( 0): 01:00.0 eth0: Link is Down
01-01 08:00:44.826 D/CompatConfig( 1169): Adding: com.android.server.compat.config.Change@7a1f0e5
01-01 08:00:44.831 I/SystemConfig( 1169): Reading permissions from /system/etc/permissions/com.baidu.input.xml
01-01 08:00:44.842 I/SystemConfig( 1169): Reading permissions from /system/etc/permissions/android.test.base.xml
01-01 08:00:44.843 D/CompatConfig( 1169): Adding: com.android.server.compat.config.Change@93ca5c8
01-01 08:00:44.845 D/CompatConfig( 1169): Adding: com.android.server.compat.config.Change@a05b661
01-01 08:00:44.846 D/CompatConfig( 1169): Adding: com.android.server.compat.config.Change@2066586
01-01 08:00:44.848 I/SystemConfig( 1169): Reading permissions from /system/etc/permissions/uimremoteclient.xml
01-01 08:00:44.850 D/CompatConfig( 1169): Adding: com.android.server.compat.config.Change@c5a5674
01-01 08:00:44.853 I/SystemConfig( 1169): Reading permissions from /system/etc/permissions/com.thundercomm.tcservice.xml
01-01 08:00:44.854 D/CompatConfig( 1169): Adding: com.android.server.compat.config.Change@a535412
01-01 08:00:44.858 I/SystemConfig( 1169): Reading permissions from /system/etc/permissions/android.test.mock.xml
01-01 08:00:44.864 I/SystemConfig( 1169): Reading permissions from /system/etc/permissions/com.android.documentsui.xml
01-01 08:00:44.864 D/CompatConfig( 1169): Adding: com.android.server.compat.config.Change@275d099
01-01 08:00:44.865 D/CompatConfig( 1169): Adding: com.android.server.compat.config.Change@10e9f5e
01-01 08:00:44.866 D/CompatConfig( 1169): Adding: com.android.server.compat.config.Change@87caf3f
01-01 08:00:44.866 D/CompatConfig( 1169): Adding: com.android.server.compat.config.Change@436000c
01-01 08:00:44.867 D/CompatConfig( 1169): Adding: com.android.server.compat.config.Change@449dd55
01-01 08:00:44.868 D/CompatConfig( 1169): Adding: com.android.server.compat.config.Change@9a1536a
01-01 08:00:44.868 D/CompatConfig( 1169): Adding: com.android.server.compat.config.Change@f17005b
01-01 08:00:44.869 D/CompatConfig( 1169): Adding: com.android.server.compat.config.Change@4910f8
01-01 08:00:44.869 D/CompatConfig( 1169): Adding: com.android.server.compat.config.Change@a17f9d1
01-01 08:00:44.870 D/CompatConfig( 1169): Adding: com.android.server.compat.config.Change@2f93c36
01-01 08:00:44.871 D/CompatConfig( 1169): Adding: com.android.server.compat.config.Change@c3b4737
01-01 08:00:44.871 I/SystemConfig( 1169): Reading permissions from /system/etc/permissions/com.android.future.usb.accessory.xml
01-01 08:00:44.872 D/CompatConfig( 1169): Adding: com.android.server.compat.config.Change@fd1620d
01-01 08:00:44.873 D/CompatConfig( 1169): Adding: com.android.server.compat.config.Change@b14e5c2
01-01 08:00:44.873 I/SystemConfig( 1169): Reading permissions from /system/etc/permissions/com.android.mediadrm.signer.xml
01-01 08:00:44.874 D/CompatConfig( 1169): Adding: com.android.server.compat.config.Change@a690710
01-01 08:00:44.875 D/CompatConfig( 1169): Adding: com.android.server.compat.config.Change@53f1209
01-01 08:00:44.876 D/CompatConfig( 1169): Adding: com.android.server.compat.config.Change@f4f9c0e
01-01 08:00:44.876 I/SystemConfig( 1169): Reading permissions from /system/etc/permissions/android.software.webview.xml
01-01 08:00:44.877 D/CompatConfig( 1169): Adding: com.android.server.compat.config.Change@c3f843c
01-01 08:00:44.878 D/CompatConfig( 1169): Adding: com.android.server.compat.config.Change@3bdc5c5
01-01 08:00:44.878 I/SystemConfig( 1169): Reading permissions from /system/etc/permissions/privapp-permissions-qti.xml
01-01 08:00:44.879 D/CompatConfig( 1169): Adding: com.android.server.compat.config.Change@654b64b
01-01 08:00:44.880 D/CompatConfig( 1169): Adding: com.android.server.compat.config.Change@a9ea828
01-01 08:00:44.881 I/SystemConfig( 1169): Reading permissions from /system/etc/permissions/org.apache.http.legacy.xml
01-01 08:00:44.881 D/CompatConfig( 1169): Adding: com.android.server.compat.config.Change@9671ee6
01-01 08:00:44.882 D/CompatConfig( 1169): Adding: com.android.server.compat.config.Change@8366c27
01-01 08:00:44.885 I/SystemConfig( 1169): Reading permissions from /system/etc/permissions/com.android.media.remotedisplay.xml
01-01 08:00:44.887 I/imsrcsd ( 1333): Uce Service HAL is starting up...
01-01 08:00:44.887 I/SystemConfig( 1169): Reading permissions from /system/etc/permissions/android.test.runner.xml
01-01 08:00:44.887 D/CompatConfig( 1169): Adding: com.android.server.compat.config.Change@bf64372
01-01 08:00:44.892 I/SystemConfig( 1169): Reading permissions from /system/etc/permissions/uimremoteserver.xml
01-01 08:00:44.893 D/CompatConfig( 1169): Adding: com.android.server.compat.config.Change@2945440
01-01 08:00:44.900 I/imsrcsd ( 1333): Uce Service HAL loading imsrcsbaseimpl
01-01 08:00:44.900 I/SystemConfig( 1169): Reading permissions from /system/etc/permissions/com.android.nfc_extras.xml
01-01 08:00:44.907 I/IPv6 ( 0): ADDRCONF(NETDEV_UP): eth0: link is not ready
01-01 08:00:44.901 D/CompatConfig( 1169): Adding: com.android.server.compat.config.Change@de124be
01-01 08:00:44.903 D/CompatConfig( 1169): Adding: com.android.server.compat.config.Change@b02b91f
01-01 08:00:44.904 D/CompatConfig( 1169): Adding: com.android.server.compat.config.Change@18a746c
01-01 08:00:44.905 I/SystemConfig( 1169): Reading permissions from /system/etc/permissions/android.software.freeform_window_management.xml
01-01 08:00:44.906 D/CompatConfig( 1169): Adding: com.android.server.compat.config.Change@406ceca
01-01 08:00:44.908 D/CompatConfig( 1169): Adding: com.android.server.compat.config.Change@423c83b
01-01 08:00:44.909 I/SystemConfig( 1169): Reading permissions from /system/etc/permissions/android.software.live_wallpaper.xml
01-01 08:00:44.913 D/CompatConfig( 1169): Adding: com.android.server.compat.config.Change@852b4b1
01-01 08:00:44.913 I/SystemConfig( 1169): Reading permissions from /system/etc/permissions/com.android.networkstack.tethering.xml
01-01 08:00:44.914 I/SystemConfig( 1169): Reading permissions from /system/etc/permissions/com.thundercomm.debugtools.xml
01-01 08:00:44.915 I/SystemConfig( 1169): Reading permissions from /system/etc/permissions/com.android.location.provider.xml
01-01 08:00:44.915 D/CompatConfig( 1169): Adding: com.android.server.compat.config.Change@5aceaed
01-01 08:00:44.918 D/CompatConfig( 1169): Adding: com.android.server.compat.config.Change@a826d22
01-01 08:00:44.918 I/SystemConfig( 1169): Reading permissions from /system/etc/permissions/javax.obex.xml
01-01 08:00:44.919 I/SystemConfig( 1169): Reading permissions from /system/etc/permissions/platform.xml
01-01 08:00:44.922 I/SystemConfig( 1169): Reading permissions from /vendor/etc/permissions/android.hardware.sensor.relative_humidity.xml
01-01 08:00:44.925 D/CompatConfig( 1169): Found a config file: /system/etc/compatconfig/framework-platform-compat-config.xml
01-01 08:00:44.928 I/SystemConfig( 1169): Reading permissions from /vendor/etc/permissions/handheld_core_hardware.xml
01-01 08:00:44.929 D/CompatConfig( 1169): Adding: com.android.server.compat.config.Change@d49d09c
01-01 08:00:44.932 D/CompatConfig( 1169): Adding: com.android.server.compat.config.Change@aa58aa5
01-01 08:00:44.935 D/CompatConfig( 1169): Adding: com.android.server.compat.config.Change@9587e7a
01-01 08:00:44.938 I/binder ( 0): 1273:1273 ioctl 40046210 ffaf3e88 returned -22
01-01 08:00:44.943 D/CompatConfig( 1169): Adding: com.android.server.compat.config.Change@d93362b
01-01 08:00:44.947 D/CompatConfig( 1169): Adding: com.android.server.compat.config.Change@2715a88
01-01 08:00:44.950 D/CompatConfig( 1169): Adding: com.android.server.compat.config.Change@1092c21
01-01 08:00:44.952 D/CompatConfig( 1169): Adding: com.android.server.compat.config.Change@ee00846
01-01 08:00:44.953 D/CompatConfig( 1169): Adding: com.android.server.compat.config.Change@40d0a07
01-01 08:00:44.957 D/CompatConfig( 1169): Adding: com.android.server.compat.config.Change@b059734
01-01 08:00:44.958 D/CompatConfig( 1169): Adding: com.android.server.compat.config.Change@bab695d
01-01 08:00:44.959 D/CompatConfig( 1169): Adding: com.android.server.compat.config.Change@d0462d2
01-01 08:00:44.961 D/CompatConfig( 1169): Adding: com.android.server.compat.config.Change@1663fa3
01-01 08:00:44.961 I/SystemConfig( 1169): Reading permissions from /vendor/etc/permissions/android.hardware.sensor.accelerometer.xml
01-01 08:00:44.962 D/CompatConfig( 1169): Adding: com.android.server.compat.config.Change@43a3e59
01-01 08:00:44.963 I/SystemConfig( 1169): Reading permissions from /vendor/etc/permissions/android.hardware.sensor.compass.xml
01-01 08:00:44.963 D/CompatConfig( 1169): Adding: com.android.server.compat.config.Change@f9332ff
01-01 08:00:44.964 I/SystemConfig( 1169): Reading permissions from /vendor/etc/permissions/android.hardware.light.xml
01-01 08:00:44.965 I/SystemConfig( 1169): Reading permissions from /vendor/etc/permissions/android.hardware.se.omapi.ese.xml
01-01 08:00:44.967 I/SystemConfig( 1169): Reading permissions from /vendor/etc/permissions/android.hardware.opengles.aep.xml
01-01 08:00:44.968 I/SystemConfig( 1169): Reading permissions from /vendor/etc/permissions/android.hardware.sensor.ambient_temperature.xml
01-01 08:00:44.962 I/binder ( 0): 1273:1273 ioctl 40046210 ffaf3e70 returned -22
01-01 08:00:44.972 I/SystemConfig( 1169): Reading permissions from /vendor/etc/permissions/android.hardware.se.omapi.uicc.xml
01-01 08:00:44.974 I/SystemConfig( 1169): Reading permissions from /vendor/etc/permissions/vendor.qti.hardware.factory.xml
01-01 08:00:44.980 I/SystemConfig( 1169): Reading permissions from /vendor/etc/permissions/android.hardware.sensor.gyroscope.xml
01-01 08:00:44.984 I/SystemConfig( 1169): Reading permissions from /vendor/etc/permissions/android.software.midi.xml
01-01 08:00:44.986 I/SystemConfig( 1169): Reading permissions from /vendor/etc/permissions/android.hardware.sensor.hifi_sensors.xml
01-01 08:00:44.988 I/SystemConfig( 1169): Reading permissions from /vendor/etc/permissions/android.hardware.vulkan.compute-0.xml
01-01 08:00:44.989 I/SystemConfig( 1169): Reading permissions from /vendor/etc/permissions/android.hardware.usb.accessory.xml
01-01 08:00:44.991 I/SystemConfig( 1169): Reading permissions from /vendor/etc/permissions/android.software.verified_boot.xml
01-01 08:00:44.992 D/CompatConfig( 1169): Adding: com.android.server.compat.config.Change@78443d0
01-01 08:00:44.993 D/CompatConfig( 1169): Adding: com.android.server.compat.config.Change@2da6fc9
01-01 08:00:44.994 D/CompatConfig( 1169): Adding: com.android.server.compat.config.Change@38706ce
01-01 08:00:44.995 D/CompatConfig( 1169): Adding: com.android.server.compat.config.Change@5e4d9ef
01-01 08:00:44.998 D/CompatConfig( 1169): Adding: com.android.server.compat.config.Change@ab1ccfc
01-01 08:00:45.001 D/CompatConfig( 1169): Adding: com.android.server.compat.config.Change@1113f85
01-01 08:00:45.005 D/CompatConfig( 1169): Adding: com.android.server.compat.config.Change@b90c1da
01-01 08:00:45.007 D/CompatConfig( 1169): Adding: com.android.server.compat.config.Change@4f260b
01-01 08:00:45.009 I/SystemConfig( 1169): Reading permissions from /vendor/etc/permissions/android.hardware.bluetooth_le.xml
01-01 08:00:45.018 I/ ( 0): ip (1356) used greatest stack depth: 9848 bytes left
01-01 08:00:45.010 D/CompatConfig( 1169): Adding: com.android.server.compat.config.Change@a2b4f01
01-01 08:00:45.019 D/CompatConfig( 1169): Adding: com.android.server.compat.config.Change@24921a6
01-01 08:00:45.028 D/CompatConfig( 1169): Adding: com.android.server.compat.config.Change@dc817e7
01-01 08:00:45.029 I/SystemConfig( 1169): Reading permissions from /vendor/etc/permissions/android.hardware.wifi.passpoint.xml
01-01 08:00:45.031 D/CompatConfig( 1169): Adding: com.android.server.compat.config.Change@77cda3d
01-01 08:00:45.033 D/CompatConfig( 1169): Adding: com.android.server.compat.config.Change@2d5b232
01-01 08:00:45.034 D/CompatConfig( 1169): Adding: com.android.server.compat.config.Change@5f44b83
01-01 08:00:45.035 D/CompatConfig( 1169): Adding: com.android.server.compat.config.Change@2584100
01-01 08:00:45.037 I/SystemConfig( 1169): Reading permissions from /vendor/etc/permissions/android.hardware.sensor.barometer.xml
01-01 08:00:45.038 D/CompatConfig( 1169): Adding: com.android.server.compat.config.Change@328bf7e
01-01 08:00:45.039 D/CompatConfig( 1169): Adding: com.android.server.compat.config.Change@c261cdf
01-01 08:00:45.040 D/CompatConfig( 1169): Adding: com.android.server.compat.config.Change@c806d2c
01-01 08:00:45.042 D/CompatConfig( 1169): Adding: com.android.server.compat.config.Change@ffa13f5
01-01 08:00:45.051 D/CompatConfig( 1169): Adding: com.android.server.compat.config.Change@40d558a
01-01 08:00:45.052 D/CompatConfig( 1169): Adding: com.android.server.compat.config.Change@c79a7fb
01-01 08:00:45.053 D/CompatConfig( 1169): Adding: com.android.server.compat.config.Change@81d3018
01-01 08:00:45.055 D/CompatConfig( 1169): Adding: com.android.server.compat.config.Change@3a4fa71
01-01 08:00:45.056 I/SystemConfig( 1169): Reading permissions from /vendor/etc/permissions/android.hardware.audio.low_latency.xml
01-01 08:00:45.057 D/CompatConfig( 1169): Adding: com.android.server.compat.config.Change@eb0c8d7
01-01 08:00:45.058 D/CompatConfig( 1169): Adding: com.android.server.compat.config.Change@bc135c4
01-01 08:00:45.059 I/SystemConfig( 1169): Reading permissions from /vendor/etc/permissions/android.hardware.wifi.aware.xml
01-01 08:00:45.059 D/CompatConfig( 1169): Adding: com.android.server.compat.config.Change@e7b0be2
01-01 08:00:45.061 D/CompatConfig( 1169): Adding: com.android.server.compat.config.Change@acf1b73
01-01 08:00:45.062 D/CompatConfig( 1169): Adding: com.android.server.compat.config.Change@27dea30
01-01 08:00:45.063 D/CompatConfig( 1169): Adding: com.android.server.compat.config.Change@e1786a9
01-01 08:00:45.063 I/SystemConfig( 1169): Reading permissions from /vendor/etc/permissions/android.hardware.wifi.direct.xml
01-01 08:00:45.065 D/CompatConfig( 1169): Adding: com.android.server.compat.config.Change@b75fbcf
01-01 08:00:45.065 I/SystemConfig( 1169): Reading permissions from /vendor/etc/permissions/android.hardware.bluetooth.xml
01-01 08:00:45.066 D/CompatConfig( 1169): Adding: com.android.server.compat.config.Change@7b8e465
01-01 08:00:45.067 I/SystemConfig( 1169): Reading permissions from /vendor/etc/permissions/android.hardware.audio.pro.xml
01-01 08:00:45.069 D/CompatConfig( 1169): Adding: com.android.server.compat.config.Change@a0085eb
01-01 08:00:45.070 D/CompatConfig( 1169): Adding: com.android.server.compat.config.Change@9c8cf48
01-01 08:00:45.071 D/CompatConfig( 1169): Adding: com.android.server.compat.config.Change@35861e1
01-01 08:00:45.072 D/CompatConfig( 1169): Adding: com.android.server.compat.config.Change@f7a6b06
01-01 08:00:45.072 I/SystemConfig( 1169): Reading permissions from /vendor/etc/permissions/android.hardware.usb.host.xml
01-01 08:00:45.073 D/CompatConfig( 1169): Adding: com.android.server.compat.config.Change@73f97f4
01-01 08:00:45.074 I/SystemConfig( 1169): Reading permissions from /vendor/etc/permissions/android.hardware.wifi.rtt.xml
01-01 08:00:45.075 D/CompatConfig( 1169): Adding: com.android.server.compat.config.Change@ec23192
01-01 08:00:45.076 I/SystemConfig( 1169): Reading permissions from /vendor/etc/permissions/vendor-qti-hardware-sensorscalibrate.xml
01-01 08:00:45.076 D/CompatConfig( 1169): Adding: com.android.server.compat.config.Change@5b83f60
01-01 08:00:45.077 I/SystemConfig( 1169): Reading permissions from /vendor/etc/permissions/android.software.vulkan.deqp.level.xml
01-01 08:00:45.077 D/CompatConfig( 1169): Adding: com.android.server.compat.config.Change@d4dd4de
01-01 08:00:45.078 I/SystemConfig( 1169): Reading permissions from /vendor/etc/permissions/android.software.ipsec_tunnels.xml
01-01 08:00:45.080 D/CompatConfig( 1169): Adding: com.android.server.compat.config.Change@b51f18c
01-01 08:00:45.081 D/CompatConfig( 1169): Adding: com.android.server.compat.config.Change@7c4b0d5
01-01 08:00:45.083 D/CompatConfig( 1169): Adding: com.android.server.compat.config.Change@65e60ea
01-01 08:00:45.084 D/CompatConfig( 1169): Adding: com.android.server.compat.config.Change@6b2bfdb
01-01 08:00:45.084 I/SystemConfig( 1169): Reading permissions from /vendor/etc/permissions/android.hardware.wifi.xml
01-01 08:00:45.086 I/SystemConfig( 1169): Reading permissions from /vendor/etc/permissions/android.hardware.touchscreen.multitouch.jazzhand.xml
01-01 08:00:45.087 I/SystemConfig( 1169): Reading permissions from /vendor/etc/permissions/android.hardware.location.gps.xml
01-01 08:00:45.088 I/SystemConfig( 1169): Reading permissions from /vendor/etc/permissions/qti_fingerprint_interface.xml
01-01 08:00:45.088 I/SystemConfig( 1169): Reading permissions from /vendor/etc/permissions/android.hardware.vulkan.level-1.xml
01-01 08:00:45.089 D/CompatConfig( 1169): Adding: com.android.server.compat.config.Change@663258d
01-01 08:00:45.090 I/SystemConfig( 1169): Reading permissions from /vendor/etc/permissions/android.hardware.vulkan.version-1_1.xml
01-01 08:00:45.091 I/SystemConfig( 1169): Reading permissions from /vendor/etc/permissions/android.software.device_id_attestation.xml
01-01 08:00:45.094 I/SystemConfig( 1169): Reading permissions from /vendor/etc/permissions/android.hardware.fingerprint.xml
01-01 08:00:45.098 I/SystemConfig( 1169): Reading permissions from /product/etc/sysconfig/preinstalled-packages-platform-handheld-product.xml
01-01 08:00:45.099 I/SystemConfig( 1169): Reading permissions from /product/etc/sysconfig/preinstalled-packages-platform-overlays.xml
01-01 08:00:45.101 D/CompatConfig( 1169): Found a config file: /system/etc/compatconfig/icu4j-platform-compat-config.xml
01-01 08:00:45.103 D/CompatConfig( 1169): Adding: com.android.server.compat.config.Change@8fad5bc
01-01 08:00:45.104 D/CompatConfig( 1169): Found a config file: /system/etc/compatconfig/documents-ui-compat-config.xml
01-01 08:00:45.106 D/CompatConfig( 1169): Adding: com.android.server.compat.config.Change@48d89a
01-01 08:00:45.106 I/SystemConfig( 1169): Reading permissions from /product/etc/permissions/ims_ext_common.xml
01-01 08:00:45.108 D/CompatConfig( 1169): Found a config file: /system/etc/compatconfig/calendar-provider-compat-config.xml
01-01 08:00:45.108 I/SystemConfig( 1169): Reading permissions from /product/etc/permissions/vendor.qti.hardware.data.connection-V1.1-java.xml
01-01 08:00:45.112 D/CompatConfig( 1169): Adding: com.android.server.compat.config.Change@e4be466
01-01 08:00:45.112 I/SystemConfig( 1169): Reading permissions from /product/etc/permissions/telephony_product_privapp-permissions-qti.xml
01-01 08:00:45.115 I/SystemConfig( 1169): Reading permissions from /product/etc/permissions/vendor.qti.hardware.data.connection-V1.0-java.xml
01-01 08:00:45.116 D/CompatConfig( 1169): Found a config file: /system/system_ext/etc/compatconfig/settings-platform-compat-config.xml
01-01 08:00:45.117 I/SystemConfig( 1169): Reading permissions from /product/etc/permissions/com.android.settings.intelligence.xml
01-01 08:00:45.118 D/CompatConfig( 1169): Adding: com.android.server.compat.config.Change@422b343
01-01 08:00:45.118 I/SystemConfig( 1169): Reading permissions from /product/etc/permissions/UimService.xml
01-01 08:00:45.121 D/CompatConfig( 1169): No directory /apex/com.android.vndk.v30/etc/compatconfig, skipping
01-01 08:00:45.121 D/CompatConfig( 1169): No directory /apex/com.android.wifi/etc/compatconfig, skipping
01-01 08:00:45.121 D/CompatConfig( 1169): No directory /apex/com.android.vndk.v31/etc/compatconfig, skipping
01-01 08:00:45.121 D/CompatConfig( 1169): No directory /apex/com.android.tzdata/etc/compatconfig, skipping
01-01 08:00:45.121 D/CompatConfig( 1169): No directory /apex/com.android.tethering/etc/compatconfig, skipping
01-01 08:00:45.121 D/CompatConfig( 1169): No directory /apex/com.android.sdkext/etc/compatconfig, skipping
01-01 08:00:45.121 I/SystemConfig( 1169): Reading permissions from /product/etc/permissions/com.qti.snapdragon.sdk.display.xml
01-01 08:00:45.122 D/CompatConfig( 1169): No directory /apex/com.android.scheduling/etc/compatconfig, skipping
01-01 08:00:45.122 D/CompatConfig( 1169): No directory /apex/com.android.runtime/etc/compatconfig, skipping
01-01 08:00:45.122 D/CompatConfig( 1169): No directory /apex/com.android.resolv/etc/compatconfig, skipping
01-01 08:00:45.122 D/CompatConfig( 1169): No directory /apex/com.android.permission/etc/compatconfig, skipping
01-01 08:00:45.122 D/CompatConfig( 1169): No directory /apex/com.android.os.statsd/etc/compatconfig, skipping
01-01 08:00:45.122 D/CompatConfig( 1169): No directory /apex/com.android.neuralnetworks/etc/compatconfig, skipping
01-01 08:00:45.123 D/CompatConfig( 1169): Found a config file: /apex/com.android.mediaprovider/etc/compatconfig/media-provider-platform-compat-config.xml
01-01 08:00:45.124 I/SystemConfig( 1169): Reading permissions from /system_ext/etc/sysconfig/qti_whitelist_system_ext.xml
01-01 08:00:45.125 D/CompatConfig( 1169): Adding: com.android.server.compat.config.Change@a7d25ec
01-01 08:00:45.125 I/SystemConfig( 1169): Reading permissions from /system_ext/etc/sysconfig/qti_telephony_system_packages_config.xml
01-01 08:00:45.129 D/CompatConfig( 1169): Adding: com.android.server.compat.config.Change@1589c4a
01-01 08:00:45.132 D/CompatConfig( 1169): Adding: com.android.server.compat.config.Change@d9547bb
01-01 08:00:45.133 D/CompatConfig( 1169): Adding: com.android.server.compat.config.Change@a0cb4d8
01-01 08:00:45.135 D/CompatConfig( 1169): Adding: com.android.server.compat.config.Change@d930031
01-01 08:00:45.137 D/CompatConfig( 1169): Adding: com.android.server.compat.config.Change@88c3316
01-01 08:00:45.137 I/SystemConfig( 1169): Reading permissions from /system_ext/etc/permissions/embms.xml
01-01 08:00:45.139 I/SystemConfig( 1169): Reading permissions from /system_ext/etc/permissions/android.software.verified_boot.xml
01-01 08:00:45.139 D/CompatConfig( 1169): Adding: com.android.server.compat.config.Change@9666e6d
01-01 08:00:45.139 I/imsrcsd ( 1333): Starting Service for First Time imsbaseimpl
01-01 08:00:45.142 D/CompatConfig( 1169): No directory /apex/com.android.media.swcodec/etc/compatconfig, skipping
01-01 08:00:45.142 D/CompatConfig( 1169): No directory /apex/com.android.media/etc/compatconfig, skipping
01-01 08:00:45.142 D/CompatConfig( 1169): No directory /apex/com.android.ipsec/etc/compatconfig, skipping
01-01 08:00:45.142 I/SystemConfig( 1169): Reading permissions from /system_ext/etc/permissions/dpmapi.xml
01-01 08:00:45.142 D/CompatConfig( 1169): No directory /apex/com.android.i18n/etc/compatconfig, skipping
01-01 08:00:45.143 D/CompatConfig( 1169): No directory /apex/com.android.extservices/etc/compatconfig, skipping
01-01 08:00:45.143 D/CompatConfig( 1169): No directory /apex/com.android.conscrypt/etc/compatconfig, skipping
01-01 08:00:45.144 I/SystemConfig( 1169): Reading permissions from /system_ext/etc/permissions/vendor.qti.ims.rcsservice.xml
01-01 08:00:45.144 I/imsrcsd ( 1333): Interface com.qualcomm.qti.uceservice@2.3::IUceService com.qualcomm.qti.uceservice is found in manifest
01-01 08:00:45.146 I/SystemConfig( 1169): Reading permissions from /system_ext/etc/permissions/com.android.systemui.xml
01-01 08:00:45.146 D/CompatConfig( 1169): Found a config file: /apex/com.android.art/etc/compatconfig/libcore-platform-compat-config.xml
01-01 08:00:45.147 I/SystemConfig( 1169): Reading permissions from /system_ext/etc/permissions/privapp-permissions-com.qualcomm.location.xml
01-01 08:00:45.147 I/HidlServiceManagement( 1333): Registered com.qualcomm.qti.uceservice@2.3::IUceService/com.qualcomm.qti.uceservice (start delay of 469ms)
01-01 08:00:45.149 I/SystemConfig( 1169): Reading permissions from /system_ext/etc/permissions/qti_permissions.xml
01-01 08:00:45.149 D/CompatConfig( 1169): Adding: com.android.server.compat.config.Change@f0be21c
01-01 08:00:45.151 I/SystemConfig( 1169): Reading permissions from /system_ext/etc/permissions/com.qti.location.sdk.xml
01-01 08:00:45.157 I/imsrcsd ( 1333): Interface com.qualcomm.qti.imscmservice@2.2::IImsCmService qti.ims.connectionmanagerservice is found in manifest
01-01 08:00:45.158 I/SystemConfig( 1169): Reading permissions from /system_ext/etc/permissions/com.android.settings.xml
01-01 08:00:45.159 I/HidlServiceManagement( 1333): Registered com.qualcomm.qti.imscmservice@2.2::IImsCmService/qti.ims.connectionmanagerservice (start delay of 481ms)
01-01 08:00:45.162 I/imsrcsd ( 1333): Interface vendor.qti.ims.factory@1.1::IImsFactory default is not found in manifest
01-01 08:00:45.164 I/imsrcsd ( 1333): Interface vendor.qti.ims.factory@1.0::IImsFactory default is found in manifest
01-01 08:00:45.167 I/SystemConfig( 1169): Reading permissions from /system_ext/etc/permissions/com.qti.dpmframework.xml
01-01 08:00:45.172 I/HidlServiceManagement( 1333): Registered vendor.qti.ims.factory@1.0::IImsFactory/default (start delay of 494ms)
01-01 08:00:45.173 I/SystemConfig( 1169): Reading permissions from /system_ext/etc/permissions/com.android.provision.xml
01-01 08:00:45.174 D/CompatConfig( 1169): Adding: com.android.server.compat.config.Change@2b357a1
01-01 08:00:45.175 I/imsrcsd ( 1333): Interface vendor.qti.ims.callinfo@1.0::IService default is found in manifest
01-01 08:00:45.176 D/CompatConfig( 1169): Adding: com.android.server.compat.config.Change@2958dc6
01-01 08:00:45.177 I/SystemConfig( 1169): Reading permissions from /system_ext/etc/permissions/telephony_system-ext_privapp-permissions-qti.xml
01-01 08:00:45.180 I/SystemConfig( 1169): Reading permissions from /system_ext/etc/permissions/com.qualcomm.qmapbridge.xml
01-01 08:00:45.183 D/CompatConfig( 1169): Adding: com.android.server.compat.config.Change@88cccdd
01-01 08:00:45.184 I/SystemConfig( 1169): Reading permissions from /system_ext/etc/permissions/audiosphere.xml
01-01 08:00:45.186 D/CompatConfig( 1169): Adding: com.android.server.compat.config.Change@6b30f23
01-01 08:00:45.188 I/SystemConfig( 1169): Reading permissions from /system_ext/etc/permissions/com.qti.media.secureprocessor.xml
01-01 08:00:45.189 D/CompatConfig( 1169): No directory /apex/com.android.appsearch/etc/compatconfig, skipping
01-01 08:00:45.190 D/CompatConfig( 1169): No directory /apex/com.android.adbd/etc/compatconfig, skipping
01-01 08:00:45.193 I/SystemConfig( 1169): Reading permissions from /system_ext/etc/permissions/izat.xt.srv.xml
01-01 08:00:45.204 I/SystemConfig( 1169): Reading permissions from /system_ext/etc/permissions/com.android.emergency.xml
01-01 08:00:45.206 W/CompatConfig( 1169): Error processing /data/misc/appcompat/compat_framework_overrides.xml org.xmlpull.v1.XmlPullParserException: unexpected type (position:END_DOCUMENT null@1:54105 in java.io.InputStreamReader@89a0a4c)
01-01 08:00:45.209 I/SystemConfig( 1169): Reading permissions from /system_ext/etc/permissions/com.qualcomm.qti.izattools.xml
01-01 08:00:45.214 I/binder ( 0): 1243:1243 ioctl 40046210 7fdc17f564 returned -22
01-01 08:00:45.215 I/HidlServiceManagement( 1333): Registered vendor.qti.ims.callinfo@1.0::IService/default (start delay of 537ms)
01-01 08:00:45.215 I/imsrcsd ( 1333): ImsRcsBaseImpl ImsCallInfo After Registering Service
01-01 08:00:45.216 I/SystemConfig( 1169): Reading permissions from /system_ext/etc/permissions/wfd-system-ext-privapp-permissions-qti.xml
01-01 08:00:45.218 I/SystemConfig( 1169): Reading permissions from /system_ext/etc/permissions/com.android.storagemanager.xml
01-01 08:00:45.220 I/binder ( 0): 1243:1243 ioctl 40046210 7fdc17f584 returned -22
01-01 08:00:45.221 I/SystemConfig( 1169): Reading permissions from /system_ext/etc/permissions/com.qualcomm.qti.imscmservice.xml
01-01 08:00:45.223 D/SystemServerTiming( 1169): PlatformCompat took to complete: 559ms
01-01 08:00:45.223 I/SystemServerTiming( 1169): StartFileIntegrityService
01-01 08:00:45.224 I/SystemServiceManager( 1169): Starting com.android.server.security.FileIntegrityService
01-01 08:00:45.225 I/SystemConfig( 1169): Reading permissions from /system_ext/etc/permissions/embms-noship_product_privapp_permissions_qti.xml
01-01 08:00:45.230 I/SystemConfig( 1169): Reading permissions from /system_ext/etc/permissions/com.qualcomm.qti.imscmservice-V2.1-java.xml
01-01 08:00:45.233 I/SystemConfig( 1169): Reading permissions from /system_ext/etc/permissions/com.nxp.nfc.nq.xml
01-01 08:00:45.227 E/bolero-codec soc( 0): qcom,msm-audio-apr:qcom,q6core-audio:bolero-cdc: ASoC: unknown pin WSA AIF VI
01-01 08:00:45.240 I/SystemConfig( 1169): Reading permissions from /system_ext/etc/permissions/privapp-permissions-qti-system-ext.xml
01-01 08:00:45.252 D/SystemServerTiming( 1169): StartFileIntegrityService took to complete: 29ms
01-01 08:00:45.252 I/SystemServerTiming( 1169): StartInstaller
01-01 08:00:45.253 I/SystemServiceManager( 1169): Starting com.android.server.pm.Installer
01-01 08:00:45.267 D/SystemServerTiming( 1169): StartInstaller took to complete: 15ms
01-01 08:00:45.267 I/SystemServerTiming( 1169): DeviceIdentifiersPolicyService
01-01 08:00:45.268 I/SystemServiceManager( 1169): Starting com.android.server.os.DeviceIdentifiersPolicyService
01-01 08:00:45.271 W/swr-wcd rx_swr_ctrl( 0): DMA mask not set
01-01 08:00:45.270 I/SystemConfig( 1169): Reading permissions from /system_ext/etc/permissions/com.qualcomm.qti.imscmservice-V2.2-java.xml
01-01 08:00:45.271 D/SystemServerTiming( 1169): DeviceIdentifiersPolicyService took to complete: 3ms
01-01 08:00:45.271 I/SystemServerTiming( 1169): UriGrantsManagerService
01-01 08:00:45.271 I/SystemServiceManager( 1169): Starting com.android.server.uri.UriGrantsManagerService$Lifecycle
01-01 08:00:45.273 D/SystemServerTiming( 1169): UriGrantsManagerService took to complete: 2ms
01-01 08:00:45.273 I/SystemServerTiming( 1169): StartPowerStatsService
01-01 08:00:45.274 I/SystemServiceManager( 1169): Starting com.android.server.powerstats.PowerStatsService
01-01 08:00:45.275 I/SystemConfig( 1169): Reading permissions from /system_ext/etc/permissions/com.hht.lebocast.xml
01-01 08:00:45.278 I/SystemConfig( 1169): Reading permissions from /system_ext/etc/permissions/privapp-permissions-aptxals.xml
01-01 08:00:45.282 I/SystemConfig( 1169): Reading permissions from /system_ext/etc/permissions/com.qualcomm.qti.imscmservice-V2.0-java.xml
01-01 08:00:45.285 I/SystemConfig( 1169): Reading permissions from /system_ext/etc/permissions/com.thundercomm.microsettings.xml
01-01 08:00:45.284 I/binder ( 0): 1169:1169 ioctl 40046210 7fc271f654 returned -22
01-01 08:00:45.288 I/SystemConfig( 1169): Reading permissions from /system_ext/etc/permissions/qti_libpermissions.xml
01-01 08:00:45.290 I/SystemConfig( 1169): Reading permissions from /system_ext/etc/permissions/qti_supplicant_interface.xml
01-01 08:00:45.295 I/SystemConfig( 1169): Reading permissions from /system_ext/etc/permissions/com.qualcomm.location.xml
01-01 08:00:45.301 I/SystemConfig( 1169): Reading permissions from /system_ext/etc/permissions/com.android.launcher3.xml
01-01 08:00:45.307 D/SystemServerTiming( 1169): StartPowerStatsService took to complete: 34ms
01-01 08:00:45.307 I/SystemServerTiming( 1169): StartIStatsService
01-01 08:00:45.309 I/SystemConfig( 1169): Reading permissions from /apex/com.android.ipsec/etc/permissions/android.net.ipsec.ike.xml
01-01 08:00:45.315 D/SystemConfig( 1169): readAllPermissions took to complete: 639ms
01-01 08:00:45.316 D/SystemServerInitThreadPool( 1169): Finished executing ReadingSystemConfig
01-01 08:00:45.316 D/SystemServerTimingAsync( 1169): InitThreadPoolExec:ReadingSystemConfig took to complete: 641ms
01-01 08:00:45.323 D/SystemServerTiming( 1169): StartIStatsService took to complete: 16ms
01-01 08:00:45.323 I/SystemServerTiming( 1169): MemtrackProxyService
01-01 08:00:45.338 D/SystemServerTiming( 1169): MemtrackProxyService took to complete: 15ms
01-01 08:00:45.339 I/SystemServerTiming( 1169): StartActivityManager
01-01 08:00:45.339 I/SystemServiceManager( 1169): Starting com.android.server.wm.ActivityTaskManagerService$Lifecycle
01-01 08:00:45.376 I/SystemServiceManager( 1169): Starting com.android.server.am.ActivityManagerService$Lifecycle
01-01 08:00:45.355 E/kona-asoc-snd soc( 0): qcom,msm-audio-apr:qcom,q6core-audio:sound: ASoC: no source widget found for MIC BIAS1
01-01 08:00:45.359 I/cnss-daemon( 0): NL group_id 10, cnss_nl.family_id 28
01-01 08:00:45.359 I/cnss-daemon( 0): wlfw_start: Starting
01-01 08:00:45.370 E/kona-asoc-snd soc( 0): qcom,msm-audio-apr:qcom,q6core-audio:sound: ASoC: Failed to add route MIC BIAS1 -> direct -> AMIC1
01-01 08:00:45.383 E/kona-asoc-snd soc( 0): qcom,msm-audio-apr:qcom,q6core-audio:sound: ASoC: no sink widget found for MIC BIAS1
01-01 08:00:45.385 I/cnss-daemon( 0): no interop issues ap currently
01-01 08:00:45.394 I/ActivityManager( 1169): Memory class: 512
01-01 08:00:45.394 E/kona-asoc-snd soc( 0): qcom,msm-audio-apr:qcom,q6core-audio:sound: ASoC: Failed to add route Analog Mic1 -> direct -> MIC BIAS1
01-01 08:00:45.398 I/cnss-daemon( 0): ro.baseband : [apq]
01-01 08:00:45.398 I/cnss-daemon( 0): Hardware supports external modem
01-01 08:00:45.407 E/kona-asoc-snd soc( 0): qcom,msm-audio-apr:qcom,q6core-audio:sound: ASoC: no source widget found for MIC BIAS2
01-01 08:00:45.413 I/Binder ( 1169): Setting heavy hitter watcher config: false, 0, 0.0
01-01 08:00:45.409 I/cnss-daemon( 0): wlfw_service_request: Start the pthread: 0x0K
01-01 08:00:45.418 I/cnss-daemon( 0): pm_release_vote: pm_handle is NULL
01-01 08:00:45.418 I/cnss-daemon( 0): pm_release_vote: pm_handle is NULL
01-01 08:00:45.418 I/cnss-daemon( 0): wlfw_build_cal_table: not read /data/vendor/wifi/wlfw_cal_00.bin
01-01 08:00:45.421 E/kona-asoc-snd soc( 0): qcom,msm-audio-apr:qcom,q6core-audio:sound: ASoC: Failed to add route MIC BIAS2 -> direct -> AMIC2
01-01 08:00:45.426 I/cnss-daemon( 0): wlfw_build_cal_table: not read /data/vendor/wifi/wlfw_cal_02.bin
01-01 08:00:45.434 D/cnss ( 0): Received QMI WLFW request memory indication
01-01 08:00:45.434 D/cnss ( 0): FW requests for memory, size: 0x5e0000, type: 1
01-01 08:00:45.434 D/cnss ( 0): FW requests for memory, size: 0xd8000, type: 4
01-01 08:00:45.434 D/cnss ( 0): Posting event: REQUEST_MEM(2), state: 0x9 flags: 0x0
01-01 08:00:45.434 D/cnss ( 0): PM stay awake, state: 0x9, count: 1
01-01 08:00:45.435 D/cnss ( 0): PM stay awake, state: 0x9, count: 1
01-01 08:00:45.435 D/cnss ( 0): PM relax, state: 0x9, count: 0
01-01 08:00:45.435 D/cnss ( 0): Processing driver event: REQUEST_MEM(2), state: 0x9
01-01 08:00:45.438 E/kona-asoc-snd soc( 0): qcom,msm-audio-apr:qcom,q6core-audio:sound: ASoC: no sink widget found for MIC BIAS2
01-01 08:00:45.449 E/kona-asoc-snd soc( 0): qcom,msm-audio-apr:qcom,q6core-audio:sound: ASoC: Failed to add route Analog Mic2 -> direct -> MIC BIAS2
01-01 08:00:45.462 E/kona-asoc-snd soc( 0): qcom,msm-audio-apr:qcom,q6core-audio:sound: ASoC: no source widget found for MIC BIAS3
01-01 08:00:45.474 E/kona-asoc-snd soc( 0): qcom,msm-audio-apr:qcom,q6core-audio:sound: ASoC: Failed to add route MIC BIAS3 -> direct -> AMIC3
01-01 08:00:45.487 E/kona-asoc-snd soc( 0): qcom,msm-audio-apr:qcom,q6core-audio:sound: ASoC: no sink widget found for MIC BIAS3
01-01 08:00:45.498 E/kona-asoc-snd soc( 0): qcom,msm-audio-apr:qcom,q6core-audio:sound: ASoC: Failed to add route Analog Mic3 -> direct -> MIC BIAS3
01-01 08:00:45.511 E/kona-asoc-snd soc( 0): qcom,msm-audio-apr:qcom,q6core-audio:sound: ASoC: no source widget found for MIC BIAS3
01-01 08:00:45.522 E/kona-asoc-snd soc( 0): qcom,msm-audio-apr:qcom,q6core-audio:sound: ASoC: Failed to add route MIC BIAS3 -> direct -> AMIC4
01-01 08:00:45.534 E/kona-asoc-snd soc( 0): qcom,msm-audio-apr:qcom,q6core-audio:sound: ASoC: no sink widget found for MIC BIAS3
01-01 08:00:45.541 D/BatteryStatsImpl( 1169): Reading daily items from /data/system/batterystats-daily.xml
01-01 08:00:45.545 E/kona-asoc-snd soc( 0): qcom,msm-audio-apr:qcom,q6core-audio:sound: ASoC: Failed to add route Analog Mic4 -> direct -> MIC BIAS3
01-01 08:00:45.558 E/kona-asoc-snd soc( 0): qcom,msm-audio-apr:qcom,q6core-audio:sound: ASoC: no source widget found for MIC BIAS4
01-01 08:00:45.569 E/kona-asoc-snd soc( 0): qcom,msm-audio-apr:qcom,q6core-audio:sound: ASoC: Failed to add route MIC BIAS4 -> direct -> AMIC5
01-01 08:00:45.582 E/kona-asoc-snd soc( 0): qcom,msm-audio-apr:qcom,q6core-audio:sound: ASoC: no sink widget found for MIC BIAS4
01-01 08:00:45.588 I/KernelCpuUidFreqTimeReader( 1169): mPerClusterTimesAvailable=false
01-01 08:00:45.593 E/kona-asoc-snd soc( 0): qcom,msm-audio-apr:qcom,q6core-audio:sound: ASoC: Failed to add route Analog Mic5 -> direct -> MIC BIAS4
01-01 08:00:45.607 E/kona-asoc-snd soc( 0): qcom,msm-audio-apr:qcom,q6core-audio:sound: ASoC: no source widget found for MIC BIAS3
01-01 08:00:45.618 E/kona-asoc-snd soc( 0): qcom,msm-audio-apr:qcom,q6core-audio:sound: ASoC: Failed to add route MIC BIAS3 -> direct -> TX DMIC0
01-01 08:00:45.607 E/KernelCpuSpeedReader( 1169): Failed to read cpu-freq: /sys/devices/system/cpu/cpu4/cpufreq/stats/time_in_state: open failed: ENOENT (No such file or directory)
01-01 08:00:45.607 E/KernelCpuSpeedReader( 1169): Failed to read cpu-freq: /sys/devices/system/cpu/cpu0/cpufreq/stats/time_in_state: open failed: ENOENT (No such file or directory)
01-01 08:00:45.631 E/kona-asoc-snd soc( 0): qcom,msm-audio-apr:qcom,q6core-audio:sound: ASoC: no sink widget found for MIC BIAS3
01-01 08:00:45.641 E/kona-asoc-snd soc( 0): qcom,msm-audio-apr:qcom,q6core-audio:sound: ASoC: Failed to add route Digital Mic0 -> direct -> MIC BIAS3
01-01 08:00:45.650 I/binder ( 0): 1434:1434 ioctl 40046210 7fdb0f0ae4 returned -22
01-01 08:00:45.655 E/kona-asoc-snd soc( 0): qcom,msm-audio-apr:qcom,q6core-audio:sound: ASoC: no source widget found for MIC BIAS3
01-01 08:00:45.664 I/binder ( 0): 1378:1378 ioctl 40046210 7fc5571f04 returned -22
01-01 08:00:45.666 E/kona-asoc-snd soc( 0): qcom,msm-audio-apr:qcom,q6core-audio:sound: ASoC: Failed to add route MIC BIAS3 -> direct -> TX DMIC1
01-01 08:00:45.670 I/binder ( 0): 1434:1434 ioctl 40046210 7fdb0f0914 returned -22
01-01 08:00:45.679 E/kona-asoc-snd soc( 0): qcom,msm-audio-apr:qcom,q6core-audio:sound: ASoC: no sink widget found for MIC BIAS3
01-01 08:00:45.690 E/kona-asoc-snd soc( 0): qcom,msm-audio-apr:qcom,q6core-audio:sound: ASoC: Failed to add route Digital Mic1 -> direct -> MIC BIAS3
01-01 08:00:45.704 E/kona-asoc-snd soc( 0): qcom,msm-audio-apr:qcom,q6core-audio:sound: ASoC: no source widget found for MIC BIAS1
01-01 08:00:45.710 I/binder ( 0): 1458:1458 ioctl 40046210 7fd01af2e4 returned -22
01-01 08:00:45.715 E/kona-asoc-snd soc( 0): qcom,msm-audio-apr:qcom,q6core-audio:sound: ASoC: Failed to add route MIC BIAS1 -> direct -> TX DMIC2
01-01 08:00:45.726 I/binder ( 0): 1447:1447 ioctl 40046210 7fe2369264 returned -22
01-01 08:00:45.727 E/kona-asoc-snd soc( 0): qcom,msm-audio-apr:qcom,q6core-audio:sound: ASoC: no sink widget found for MIC BIAS1
01-01 08:00:45.738 E/kona-asoc-snd soc( 0): qcom,msm-audio-apr:qcom,q6core-audio:sound: ASoC: Failed to add route Digital Mic2 -> direct -> MIC BIAS1
01-01 08:00:45.742 I/binder ( 0): 1447:1447 ioctl 40046210 7fe2368e64 returned -22
01-01 08:00:45.751 E/kona-asoc-snd soc( 0): qcom,msm-audio-apr:qcom,q6core-audio:sound: ASoC: no source widget found for MIC BIAS1
01-01 08:00:45.762 E/kona-asoc-snd soc( 0): qcom,msm-audio-apr:qcom,q6core-audio:sound: ASoC: Failed to add route MIC BIAS1 -> direct -> TX DMIC3
01-01 08:00:45.775 E/kona-asoc-snd soc( 0): qcom,msm-audio-apr:qcom,q6core-audio:sound: ASoC: no sink widget found for MIC BIAS1
01-01 08:00:45.786 E/kona-asoc-snd soc( 0): qcom,msm-audio-apr:qcom,q6core-audio:sound: ASoC: Failed to add route Digital Mic3 -> direct -> MIC BIAS1
01-01 08:00:45.799 E/kona-asoc-snd soc( 0): qcom,msm-audio-apr:qcom,q6core-audio:sound: ASoC: no source widget found for MIC BIAS4
01-01 08:00:45.810 E/kona-asoc-snd soc( 0): qcom,msm-audio-apr:qcom,q6core-audio:sound: ASoC: Failed to add route MIC BIAS4 -> direct -> TX DMIC4
01-01 08:00:45.823 E/kona-asoc-snd soc( 0): qcom,msm-audio-apr:qcom,q6core-audio:sound: ASoC: no sink widget found for MIC BIAS4
01-01 08:00:45.827 E/mv2112_update_link( 0): link 0x4
01-01 08:00:45.834 E/kona-asoc-snd soc( 0): qcom,msm-audio-apr:qcom,q6core-audio:sound: ASoC: Failed to add route Digital Mic4 -> direct -> MIC BIAS4
01-01 08:00:45.822 W/KernelMemoryBandwidthStats( 1169): No kernel memory bandwidth stats available
01-01 08:00:45.851 I/IntentFirewall( 1169): Read new rules (A:0 B:0 S:0)
01-01 08:00:45.851 E/kona-asoc-snd soc( 0): qcom,msm-audio-apr:qcom,q6core-audio:sound: ASoC: no source widget found for MIC BIAS4
01-01 08:00:45.856 I/lan743x 0001( 0): 01:00.0 eth0: Link is Up - 100Mbps/Full - flow control off
01-01 08:00:45.862 E/kona-asoc-snd soc( 0): qcom,msm-audio-apr:qcom,q6core-audio:sound: ASoC: Failed to add route MIC BIAS4 -> direct -> TX DMIC5
01-01 08:00:45.863 E/kona-asoc-snd soc( 0): qcom,msm-audio-apr:qcom,q6core-audio:sound: ASoC: no sink widget found for MIC BIAS4
01-01 08:00:45.884 D/qbt ( 0): qbt_open: entry minor_no=0 fd_available=1
01-01 08:00:45.885 D/qbt ( 0): qbt_open: exit : 0 fd_available=0
01-01 08:00:45.885 D/qbt ( 0): qbt_open: entry minor_no=1 fd_available=0
01-01 08:00:45.885 D/qbt ( 0): qbt_open: exit : 0 fd_available=0
01-01 08:00:45.886 E/kona-asoc-snd soc( 0): qcom,msm-audio-apr:qcom,q6core-audio:sound: ASoC: Failed to add route Digital Mic5 -> direct -> MIC BIAS4
01-01 08:00:45.886 D/qbt ( 0): qbt_ioctl: cmd received 102
01-01 08:00:45.899 E/kona-asoc-snd soc( 0): qcom,msm-audio-apr:qcom,q6core-audio:sound: ASoC: no sink widget found for IN1_HPHL
01-01 08:00:45.909 D/AppOps ( 1169): AppOpsService published
01-01 08:00:45.908 I/IPv6 ( 0): ADDRCONF(NETDEV_CHANGE): eth0: link becomes ready
01-01 08:00:45.909 E/kona-asoc-snd soc( 0): qcom,msm-audio-apr:qcom,q6core-audio:sound: ASoC: Failed to add route HPHL_OUT -> direct -> IN1_HPHL
01-01 08:00:45.922 E/kona-asoc-snd soc( 0): qcom,msm-audio-apr:qcom,q6core-audio:sound: ASoC: no sink widget found for IN2_HPHR
01-01 08:00:45.936 W/SystemServiceManager( 1169): Service com.android.server.am.ActivityManagerService$Lifecycle took 70 ms in onStart
01-01 08:00:45.936 D/SystemServerTiming( 1169): StartActivityManager took to complete: 597ms
01-01 08:00:45.936 I/SystemServerTiming( 1169): StartDataLoaderManagerService
01-01 08:00:45.936 I/SystemServiceManager( 1169): Starting com.android.server.pm.DataLoaderManagerService
01-01 08:00:45.933 E/kona-asoc-snd soc( 0): qcom,msm-audio-apr:qcom,q6core-audio:sound: ASoC: Failed to add route HPHR_OUT -> direct -> IN2_HPHR
01-01 08:00:45.940 D/qbt ( 0): qbt_ioctl: qbt_ioctl: QBT_ENABLE_IPC
01-01 08:00:45.954 D/SystemServerTiming( 1169): StartDataLoaderManagerService took to complete: 18ms
01-01 08:00:45.954 I/SystemServerTiming( 1169): StartIncrementalService
01-01 08:00:45.946 E/kona-asoc-snd soc( 0): qcom,msm-audio-apr:qcom,q6core-audio:sound: ASoC: no sink widget found for IN3_AUX
01-01 08:00:45.956 E/kona-asoc-snd soc( 0): qcom,msm-audio-apr:qcom,q6core-audio:sound: ASoC: Failed to add route AUX_OUT -> direct -> IN3_AUX
01-01 08:00:45.962 D/SystemServerTiming( 1169): StartIncrementalService took to complete: 8ms
01-01 08:00:45.963 I/SystemServerTiming( 1169): StartPowerManager
01-01 08:00:45.963 I/SystemServiceManager( 1169): Starting com.android.server.power.PowerManagerService
01-01 08:00:45.963 I/TLOC ( 1477): [main ]"TLOC DAEMON main thread"
01-01 08:00:45.963 D/TLOC ( 1477): [TLOCDaemon ]"---------- TLOC Daemon Starts ----------"
01-01 08:00:45.969 D/TLOC ( 1477): [TLOCChannel]"The channel was initialized successfully for TLOCD"
01-01 08:00:45.963 D/qbt ( 0): qbt_ioctl: cmd received 107
01-01 08:00:45.969 E/kona-asoc-snd soc( 0): qcom,msm-audio-apr:qcom,q6core-audio:sound: ASoC: no source widget found for ADC1_OUTPUT
01-01 08:00:45.969 D/qbt ( 0): qbt_ioctl: Acquiring wakelock
01-01 08:00:45.980 E/kona-asoc-snd soc( 0): qcom,msm-audio-apr:qcom,q6core-audio:sound: ASoC: Failed to add route ADC1_OUTPUT -> direct -> TX SWR_ADC0
01-01 08:00:45.980 E/kona-asoc-snd soc( 0): qcom,msm-audio-apr:qcom,q6core-audio:sound: ASoC: no source widget found for ADC2_OUTPUT
01-01 08:00:46.000 D/TLOC ( 1477): [TLOCChannel]"The channel was initialized successfully for TLOCL"
01-01 08:00:46.002 D/TLOC ( 1477): [TLOCChannel]"The channel was initialized successfully for MODEM"
01-01 08:00:46.002 D/TLOC ( 1477): [TLOCChannel]"TLOCChannel was initialized successfully"
01-01 08:00:46.002 D/TLOC ( 1477): [TLOCChannel] "TLOCChannel is already initialized"
01-01 08:00:46.005 D/SystemServerTiming( 1169): StartPowerManager took to complete: 42ms
01-01 08:00:46.005 I/SystemServerTiming( 1169): StartThermalManager
01-01 08:00:46.005 I/SystemServiceManager( 1169): Starting com.android.server.power.ThermalManagerService
01-01 08:00:46.011 D/SystemServerTiming( 1169): StartThermalManager took to complete: 6ms
01-01 08:00:46.011 I/SystemServerTiming( 1169): StartHintManager
01-01 08:00:46.011 I/SystemServiceManager( 1169): Starting com.android.server.power.hint.HintManagerService
01-01 08:00:46.004 E/kona-asoc-snd soc( 0): qcom,msm-audio-apr:qcom,q6core-audio:sound: ASoC: Failed to add route ADC2_OUTPUT -> direct -> TX SWR_ADC1
01-01 08:00:46.018 E/kona-asoc-snd soc( 0): qcom,msm-audio-apr:qcom,q6core-audio:sound: ASoC: no source widget found for ADC3_OUTPUT
01-01 08:00:46.017 D/SystemServerTiming( 1169): StartHintManager took to complete: 6ms
01-01 08:00:46.017 I/SystemServerTiming( 1169): InitPowerManagement
01-01 08:00:46.036 D/SystemServerTiming( 1169): InitPowerManagement took to complete: 19ms
01-01 08:00:46.036 I/SystemServerTiming( 1169): StartRecoverySystemService
01-01 08:00:46.036 I/SystemServiceManager( 1169): Starting com.android.server.recoverysystem.RecoverySystemService$Lifecycle
01-01 08:00:46.038 D/SystemServerTiming( 1169): StartRecoverySystemService took to complete: 2ms
01-01 08:00:46.038 I/PackageWatchdog( 1169): Syncing state, reason: added new observer
01-01 08:00:46.038 I/PackageWatchdog( 1169): Not pruning observers, elapsed time: 0ms
01-01 08:00:46.038 I/PackageWatchdog( 1169): Cancelling state sync, nothing to sync
01-01 08:00:46.040 I/PackageWatchdog( 1169): Saving observer state to file
01-01 08:00:46.029 E/kona-asoc-snd soc( 0): qcom,msm-audio-apr:qcom,q6core-audio:sound: ASoC: Failed to add route ADC3_OUTPUT -> direct -> TX SWR_ADC2
01-01 08:00:46.042 E/kona-asoc-snd soc( 0): qcom,msm-audio-apr:qcom,q6core-audio:sound: ASoC: no source widget found for ADC4_OUTPUT
01-01 08:00:46.053 E/kona-asoc-snd soc( 0): qcom,msm-audio-apr:qcom,q6core-audio:sound: ASoC: Failed to add route ADC4_OUTPUT -> direct -> TX SWR_ADC3
01-01 08:00:46.056 I/SystemServerTiming( 1169): StartLightsService
01-01 08:00:46.056 I/SystemServiceManager( 1169): Starting com.android.server.lights.LightsService
01-01 08:00:46.062 D/SystemServerTiming( 1169): StartLightsService took to complete: 6ms
01-01 08:00:46.062 I/SystemServerTiming( 1169): StartSidekickService
01-01 08:00:46.062 D/SystemServerTiming( 1169): StartSidekickService took to complete: 0ms
01-01 08:00:46.062 I/SystemServerTiming( 1169): StartDisplayManager
01-01 08:00:46.062 I/SystemServiceManager( 1169): Starting com.android.server.display.DisplayManagerService
01-01 08:00:46.066 I/ ( 0): read descriptors
01-01 08:00:46.067 E/kona-asoc-snd soc( 0): qcom,msm-audio-apr:qcom,q6core-audio:sound: ASoC: no source widget found for DMIC1_OUTPUT
01-01 08:00:46.068 I/ ( 0): read strings
01-01 08:00:46.078 E/kona-asoc-snd soc( 0): qcom,msm-audio-apr:qcom,q6core-audio:sound: ASoC: Failed to add route DMIC1_OUTPUT -> direct -> TX SWR_DMIC0
01-01 08:00:46.079 E/kona-asoc-snd soc( 0): qcom,msm-audio-apr:qcom,q6core-audio:sound: ASoC: no source widget found for DMIC2_OUTPUT
01-01 08:00:46.110 D/SystemServerTiming( 1169): StartDisplayManager took to complete: 48ms
01-01 08:00:46.110 I/SystemServerTiming( 1169): WaitForDisplay
01-01 08:00:46.110 I/SystemServiceManager( 1169): Starting phase 100
01-01 08:00:46.110 I/SystemServerTiming( 1169): OnBootPhase_100
01-01 08:00:46.110 I/SystemServerTiming( 1169): OnBootPhase_100_com.android.server.security.FileIntegrityService
