11-11 16:03:44.931 D/CompatibilityChangeReporter( 1169): Compat change id reported: 177438394; UID 1000; state: DISABLED
11-11 16:03:44.931 D/CompatibilityChangeReporter( 1169): Compat change id reported: 135772972; UID 1000; state: DISABLED
11-11 16:03:44.932 D/CompatibilityChangeReporter( 1169): Compat change id reported: 135754954; UID 1000; state: ENABLED
11-11 16:03:44.940 D/CompatibilityChangeReporter( 1169): Compat change id reported: 135634846; UID 10073; state: DISABLED
11-11 16:03:44.940 D/CompatibilityChangeReporter( 1169): Compat change id reported: 177438394; UID 10073; state: DISABLED
11-11 16:03:44.940 D/CompatibilityChangeReporter( 1169): Compat change id reported: 135772972; UID 10073; state: DISABLED
11-11 16:03:44.941 D/CompatibilityChangeReporter( 1169): Compat change id reported: 135754954; UID 10073; state: ENABLED
11-11 16:03:44.976 I/ActivityManager( 1169): Start proc 3841:com.android.dynsystem:dynsystem/1000 for service {com.android.dynsystem/com.android.dynsystem.DynamicSystemInstallationService}
11-11 16:03:44.976 D/CompatibilityChangeReporter( 1169): Compat change id reported: 143937733; UID 10073; state: ENABLED
11-11 16:03:45.020 W/ActivityManager( 1169): Slow operation: 81ms so far, now at startProcess: returned from zygote!
11-11 16:03:45.021 W/ActivityManager( 1169): Slow operation: 81ms so far, now at startProcess: done updating battery stats
11-11 16:03:45.021 W/ActivityManager( 1169): Slow operation: 81ms so far, now at startProcess: building log message
11-11 16:03:45.021 I/ActivityManager( 1169): Start proc 3849:com.android.inputmethod.latin/u0a73 for broadcast {com.android.inputmethod.latin/com.android.inputmethod.latin.SystemBroadcastReceiver}
11-11 16:03:45.021 W/ActivityManager( 1169): Slow operation: 81ms so far, now at startProcess: starting to update pids map
11-11 16:03:45.021 W/ActivityManager( 1169): Slow operation: 81ms so far, now at startProcess: done updating pids map
01-01 08:01:03.022 I/binder ( 0): 3841:3841 ioctl 40046210 7fc271fc14 returned -22
01-01 08:01:03.063 I/binder ( 0): 3849:3849 ioctl 40046210 7fc271fc14 returned -22
11-11 16:03:45.078 D/CompatibilityChangeReporter( 1169): Compat change id reported: 168419799; UID 10073; state: DISABLED
11-11 16:03:45.142 I/GameModeConfig( 1169): isGameModeOn = false
11-11 16:03:45.142 I/GameModeConfig( 1169): isGameModeOn = false
11-11 16:03:45.148 I/DynamicSystemService( 1169): isInstalled(): false
11-11 16:03:45.154 I/GameModeConfig( 1169): isGameModeOn = false
11-11 16:03:45.204 W/ActivityManager( 1169): Receiver with filter android.content.IntentFilter@34c264c already registered for pid 3365, callerPackage is com.baidu.input
11-11 16:03:45.447 I/ActivityManager( 1169): Process com.android.inputmethod.latin (pid 3849) has died: fg RCVR
11-11 16:03:45.468 I/ActivityManager( 1169): com.android.managedprovisioning is exempt from freezer
11-11 16:03:45.468 D/CompatibilityChangeReporter( 1169): Compat change id reported: 135634846; UID 10034; state: DISABLED
11-11 16:03:45.468 D/CompatibilityChangeReporter( 1169): Compat change id reported: 177438394; UID 10034; state: DISABLED
11-11 16:03:45.468 D/CompatibilityChangeReporter( 1169): Compat change id reported: 135772972; UID 10034; state: DISABLED
11-11 16:03:45.469 D/CompatibilityChangeReporter( 1169): Compat change id reported: 135754954; UID 10034; state: ENABLED
11-11 16:03:45.471 D/CompatibilityChangeReporter( 1169): Compat change id reported: 143937733; UID 10034; state: ENABLED
11-11 16:03:45.513 I/ActivityManager( 1169): Start proc 3877:com.android.managedprovisioning/u0a34 for broadcast {com.android.managedprovisioning/com.android.managedprovisioning.BootReminder}
01-01 08:01:03.566 I/binder ( 0): 3877:3877 ioctl 40046210 7fc271fc14 returned -22
11-11 16:03:45.585 D/CompatibilityChangeReporter( 1169): Compat change id reported: 168419799; UID 10034; state: DISABLED
11-11 16:03:45.834 D/CompatibilityChangeReporter( 1169): Compat change id reported: 168419799; UID 10023; state: DISABLED
11-11 16:03:45.843 D/CompatibilityChangeReporter( 1169): Compat change id reported: 135634846; UID 10093; state: DISABLED
11-11 16:03:45.843 D/CompatibilityChangeReporter( 1169): Compat change id reported: 177438394; UID 10093; state: DISABLED
11-11 16:03:45.843 D/CompatibilityChangeReporter( 1169): Compat change id reported: 135772972; UID 10093; state: DISABLED
11-11 16:03:45.844 D/CompatibilityChangeReporter( 1169): Compat change id reported: 135754954; UID 10093; state: ENABLED
11-11 16:03:45.844 D/CompatibilityChangeReporter( 1169): Compat change id reported: 143937733; UID 10093; state: ENABLED
11-11 16:03:45.890 I/ActivityManager( 1169): Start proc 3895:com.android.music/u0a93 for broadcast {com.android.music/com.android.music.MediaPlaybackReceiver}
01-01 08:01:03.950 I/binder ( 0): 3895:3895 ioctl 40046210 7fc271fc14 returned -22
11-11 16:03:45.968 D/CompatibilityChangeReporter( 1169): Compat change id reported: 168419799; UID 10093; state: DISABLED
11-11 16:03:46.006 W/ContextImpl( 2108): Calling a method in the system process without a qualified user: android.app.ContextImpl.sendBroadcast:1173 android.content.ContextWrapper.sendBroadcast:479 com.thundercomm.microsettings.action.SetTimeAction.timeUpdated:212 com.thundercomm.microsettings.action.SetTimeAction.update24HourFormat:194 com.thundercomm.microsettings.action.SetTimeAction.doActualAction:154
11-11 16:03:46.029 D/DevicePolicyManager( 1169): updateSystemUpdateFreezePeriodsRecord
11-11 16:03:46.031 D/ConditionProviders.SCP( 1169): onReceive android.intent.action.TIME_SET
11-11 16:03:46.032 D/ConditionProviders.SCP( 1169): evaluateSubscriptionLocked cal=ScheduleCalendar[mDays={1, 2, 3, 4, 5, 6, 7}, mSchedule=ScheduleInfo{days=[1, 2, 3, 4, 5, 6, 7], startHour=22, startMinute=0, endHour=7, endMinute=0, exitAtAlarm=true, nextAlarm=Thu Jan 01 08:00:00 GMT+08:00 1970 (0)}], now=Fri Nov 11 16:03:46 GMT+08:00 2022 (1668153826031), nextUserAlarmTime=Thu Jan 01 08:00:00 GMT+08:00 1970 (0)
11-11 16:03:46.032 D/ConditionProviders.SCP( 1169): notifyCondition condition://android/schedule?days=1.2.3.4.5.6.7&start=22.0&end=7.0&exitAtAlarm=true STATE_FALSE reason=!meetsSchedule
11-11 16:03:46.032 D/ConditionProviders.SCP( 1169): Scheduling evaluate for Fri Nov 11 22:00:00 GMT+08:00 2022 (1668175200000), in +5h56m13s969ms, now=Fri Nov 11 16:03:46 GMT+08:00 2022 (1668153826031)
11-11 16:03:45.000 E/LazyAlarmStore( 1169): Removed TIME_TICK alarm
11-11 16:03:45.002 I/DropBoxManagerService( 1169): add tag=system_server_wtf isTagEnabled=true flags=0x2
11-11 16:03:45.005 D/DevicePolicyManager( 1169): updateSystemUpdateFreezePeriodsRecord
11-11 16:03:45.005 D/ConditionProviders.SCP( 1169): onReceive android.intent.action.TIME_SET
11-11 16:03:45.006 D/ConditionProviders.SCP( 1169): evaluateSubscriptionLocked cal=ScheduleCalendar[mDays={1, 2, 3, 4, 5, 6, 7}, mSchedule=ScheduleInfo{days=[1, 2, 3, 4, 5, 6, 7], startHour=22, startMinute=0, endHour=7, endMinute=0, exitAtAlarm=true, nextAlarm=Thu Jan 01 08:00:00 GMT+08:00 1970 (0)}], now=Fri Nov 11 16:03:45 GMT+08:00 2022 (1668153825006), nextUserAlarmTime=Thu Jan 01 08:00:00 GMT+08:00 1970 (0)
11-11 16:03:45.006 D/ConditionProviders.SCP( 1169): notifyCondition condition://android/schedule?days=1.2.3.4.5.6.7&start=22.0&end=7.0&exitAtAlarm=true STATE_FALSE reason=!meetsSchedule
11-11 16:03:45.007 D/ConditionProviders.SCP( 1169): Scheduling evaluate for Fri Nov 11 22:00:00 GMT+08:00 2022 (1668175200000), in +5h56m14s994ms, now=Fri Nov 11 16:03:45 GMT+08:00 2022 (1668153825006)
11-11 16:03:45.182 D/CompatibilityChangeReporter( 1169): Compat change id reported: 135634846; UID 10063; state: DISABLED
11-11 16:03:45.182 D/CompatibilityChangeReporter( 1169): Compat change id reported: 177438394; UID 10063; state: DISABLED
11-11 16:03:45.183 D/CompatibilityChangeReporter( 1169): Compat change id reported: 135772972; UID 10063; state: DISABLED
11-11 16:03:45.183 D/CompatibilityChangeReporter( 1169): Compat change id reported: 135754954; UID 10063; state: ENABLED
11-11 16:03:45.184 D/CompatibilityChangeReporter( 1169): Compat change id reported: 143937733; UID 10063; state: ENABLED
11-11 16:03:45.232 W/ActivityManager( 1169): Slow operation: 51ms so far, now at startProcess: returned from zygote!
11-11 16:03:45.232 W/ActivityManager( 1169): Slow operation: 51ms so far, now at startProcess: done updating battery stats
11-11 16:03:45.232 W/ActivityManager( 1169): Slow operation: 51ms so far, now at startProcess: building log message
11-11 16:03:45.232 I/ActivityManager( 1169): Start proc 3917:com.android.onetimeinitializer/u0a63 for broadcast {com.android.onetimeinitializer/com.android.onetimeinitializer.OneTimeInitializerReceiver}
11-11 16:03:45.232 W/ActivityManager( 1169): Slow operation: 51ms so far, now at startProcess: starting to update pids map
11-11 16:03:45.233 W/ActivityManager( 1169): Slow operation: 52ms so far, now at startProcess: done updating pids map
01-01 08:01:04.344 I/binder ( 0): 3917:3917 ioctl 40046210 7fc271fc14 returned -22
11-11 16:03:45.333 D/CompatibilityChangeReporter( 1169): Compat change id reported: 168419799; UID 10063; state: DISABLED
11-11 16:03:45.483 I/ActivityManager( 1169): com.android.packageinstaller is exempt from freezer
11-11 16:03:45.483 D/CompatibilityChangeReporter( 1169): Compat change id reported: 135634846; UID 10029; state: DISABLED
11-11 16:03:45.483 D/CompatibilityChangeReporter( 1169): Compat change id reported: 177438394; UID 10029; state: DISABLED
11-11 16:03:45.484 D/CompatibilityChangeReporter( 1169): Compat change id reported: 135772972; UID 10029; state: DISABLED
11-11 16:03:45.484 D/CompatibilityChangeReporter( 1169): Compat change id reported: 135754954; UID 10029; state: ENABLED
11-11 16:03:45.485 D/CompatibilityChangeReporter( 1169): Compat change id reported: 143937733; UID 10029; state: ENABLED
11-11 16:03:45.531 I/ActivityManager( 1169): Start proc 3937:com.android.packageinstaller/u0a29 for broadcast {com.android.packageinstaller/com.android.packageinstaller.TemporaryFileManager}
01-01 08:01:04.646 I/binder ( 0): 3937:3937 ioctl 40046210 7fc271fc14 returned -22
11-11 16:03:45.620 D/CompatibilityChangeReporter( 1169): Compat change id reported: 168419799; UID 10029; state: DISABLED
11-11 16:03:45.831 D/CompatibilityChangeReporter( 1169): Compat change id reported: 135634846; UID 10097; state: DISABLED
11-11 16:03:45.831 D/CompatibilityChangeReporter( 1169): Compat change id reported: 177438394; UID 10097; state: DISABLED
11-11 16:03:45.832 D/CompatibilityChangeReporter( 1169): Compat change id reported: 135772972; UID 10097; state: DISABLED
11-11 16:03:45.833 D/CompatibilityChangeReporter( 1169): Compat change id reported: 135754954; UID 10097; state: DISABLED
11-11 16:03:45.833 D/CompatibilityChangeReporter( 1169): Compat change id reported: 143937733; UID 10097; state: DISABLED
11-11 16:03:45.891 W/ActivityManager( 1169): Slow operation: 61ms so far, now at startProcess: returned from zygote!
11-11 16:03:45.891 W/ActivityManager( 1169): Slow operation: 61ms so far, now at startProcess: done updating battery stats
11-11 16:03:45.891 W/ActivityManager( 1169): Slow operation: 61ms so far, now at startProcess: building log message
11-11 16:03:45.891 I/ActivityManager( 1169): Start proc 3954:com.android.permissioncontroller/u0a97 for broadcast {com.android.permissioncontroller/com.android.permissioncontroller.permission.service.LocationAccessCheck$SetupPeriodicBackgroundLocationAccessCheck}
11-11 16:03:45.891 W/ActivityManager( 1169): Slow operation: 61ms so far, now at startProcess: starting to update pids map
11-11 16:03:45.892 W/ActivityManager( 1169): Slow operation: 61ms so far, now at startProcess: done updating pids map
01-01 08:01:04.997 I/binder ( 0): 3954:3954 ioctl 40046210 7fc271fc14 returned -22
11-11 16:03:45.967 D/CompatibilityChangeReporter( 1169): Compat change id reported: 168419799; UID 10097; state: DISABLED
11-11 16:03:46.145 I/GameModeConfig( 1169): isGameModeOn = false
11-11 16:03:46.373 D/CompatibilityChangeReporter( 1169): Compat change id reported: 168419799; UID 10025; state: DISABLED
11-11 16:03:46.437 D/CompatibilityChangeReporter( 1169): Compat change id reported: 168419799; UID 10098; state: DISABLED
11-11 16:03:46.440 I/GameModeConfig( 1169): isGameModeOn = false
11-11 16:03:46.448 D/CompatibilityChangeReporter( 1169): Compat change id reported: 168419799; UID 1000; state: DISABLED
11-11 16:03:46.559 I/ActivityManager( 1169): com.android.shell is exempt from freezer
11-11 16:03:46.559 D/CompatibilityChangeReporter( 1169): Compat change id reported: 135634846; UID 2000; state: DISABLED
11-11 16:03:46.560 D/CompatibilityChangeReporter( 1169): Compat change id reported: 177438394; UID 2000; state: DISABLED
11-11 16:03:46.560 D/CompatibilityChangeReporter( 1169): Compat change id reported: 135772972; UID 2000; state: DISABLED
11-11 16:03:46.560 D/CompatibilityChangeReporter( 1169): Compat change id reported: 135754954; UID 2000; state: ENABLED
11-11 16:03:46.616 W/ActivityManager( 1169): Slow operation: 58ms so far, now at startProcess: returned from zygote!
11-11 16:03:46.616 W/ActivityManager( 1169): Slow operation: 58ms so far, now at startProcess: done updating battery stats
11-11 16:03:46.616 W/ActivityManager( 1169): Slow operation: 58ms so far, now at startProcess: building log message
11-11 16:03:46.616 I/ActivityManager( 1169): Start proc 3975:com.android.shell/2000 for broadcast {com.android.shell/com.android.shell.HeapDumpReceiver}
11-11 16:03:46.616 W/ActivityManager( 1169): Slow operation: 58ms so far, now at startProcess: starting to update pids map
11-11 16:03:46.617 W/ActivityManager( 1169): Slow operation: 59ms so far, now at startProcess: done updating pids map
01-01 08:01:05.729 I/binder ( 0): 3975:3975 ioctl 40046210 7fc271fc14 returned -22
11-11 16:03:46.704 D/CompatibilityChangeReporter( 1169): Compat change id reported: 168419799; UID 2000; state: DISABLED
11-11 16:03:46.875 W/BroadcastQueue( 1169): Permission Denial: receiving Intent { act=android.intent.action.BOOT_COMPLETED flg=0x89000010 (has extras) } to com.baidu.input/.directboot.DirectBootReceiver requires android.permission.RECEIVE_BOOT_COMPLETED due to sender null (uid 1000)
11-11 16:03:46.877 W/BroadcastQueue( 1169): Permission Denial: receiving Intent { act=android.intent.action.BOOT_COMPLETED flg=0x89000010 (has extras) } to com.baidu.input/.switchguide.InputMethodChangedReceiver requires android.permission.RECEIVE_BOOT_COMPLETED due to sender null (uid 1000)
11-11 16:03:46.882 D/CompatibilityChangeReporter( 1169): Compat change id reported: 168419799; UID 10089; state: DISABLED
11-11 16:03:46.949 W/ContextImpl( 3077): Calling a method in the system process without a qualified user: android.app.ContextImpl.startService:1816 android.content.ContextWrapper.startService:774 com.hryt.hiphishowfsecontrol.mce_app.broadcasts.FseReceiver.onReceive:49 android.app.ActivityThread.handleReceiver:4309 android.app.ActivityThread.access$1600:248
11-11 16:03:46.960 D/CompatibilityChangeReporter( 1169): Compat change id reported: 135634846; UID 10078; state: DISABLED
11-11 16:03:46.960 D/CompatibilityChangeReporter( 1169): Compat change id reported: 177438394; UID 10078; state: DISABLED
11-11 16:03:46.960 D/CompatibilityChangeReporter( 1169): Compat change id reported: 135772972; UID 10078; state: DISABLED
11-11 16:03:46.961 D/CompatibilityChangeReporter( 1169): Compat change id reported: 135754954; UID 10078; state: ENABLED
11-11 16:03:46.962 D/CompatibilityChangeReporter( 1169): Compat change id reported: 143937733; UID 10078; state: ENABLED
11-11 16:03:47.007 D/CompatibilityChangeReporter( 1169): Compat change id reported: 149924527; UID 10089; state: ENABLED
11-11 16:03:47.007 W/ContextImpl( 2108): Calling a method in the system process without a qualified user: android.app.ContextImpl.sendBroadcast:1173 android.content.ContextWrapper.sendBroadcast:479 com.thundercomm.microsettings.action.SetTimeAction.timeUpdated:212 com.thundercomm.microsettings.action.SetTimeAction.update24HourFormat:194 com.thundercomm.microsettings.action.SetTimeAction.doActualAction:154
11-11 16:03:47.007 D/CompatibilityChangeReporter( 1169): Compat change id reported: 132649864; UID 10089; state: DISABLED
11-11 16:03:47.013 W/ActivityManager( 1169): Slow operation: 53ms so far, now at startProcess: returned from zygote!
11-11 16:03:47.021 W/ActivityManager( 1169): Slow operation: 62ms so far, now at startProcess: done updating battery stats
11-11 16:03:47.021 W/ActivityManager( 1169): Slow operation: 62ms so far, now at startProcess: building log message
11-11 16:03:47.021 I/ActivityManager( 1169): Start proc 3995:com.qti.ltebc/u0a78 for broadcast {com.qti.ltebc/com.qualcomm.ltebc.LTEBroadcastBootReceiver}
11-11 16:03:46.000 W/ActivityManager( 1169): Slow operation: 88ms so far, now at startProcess: starting to update pids map
11-11 16:03:46.000 W/ActivityManager( 1169): Slow operation: 89ms so far, now at startProcess: done updating pids map
11-11 16:03:46.001 D/DevicePolicyManager( 1169): updateSystemUpdateFreezePeriodsRecord
11-11 16:03:46.001 D/ConditionProviders.SCP( 1169): onReceive android.intent.action.TIME_SET
11-11 16:03:46.002 D/ConditionProviders.SCP( 1169): evaluateSubscriptionLocked cal=ScheduleCalendar[mDays={1, 2, 3, 4, 5, 6, 7}, mSchedule=ScheduleInfo{days=[1, 2, 3, 4, 5, 6, 7], startHour=22, startMinute=0, endHour=7, endMinute=0, exitAtAlarm=true, nextAlarm=Thu Jan 01 08:00:00 GMT+08:00 1970 (0)}], now=Fri Nov 11 16:03:46 GMT+08:00 2022 (1668153826002), nextUserAlarmTime=Thu Jan 01 08:00:00 GMT+08:00 1970 (0)
11-11 16:03:46.002 D/ConditionProviders.SCP( 1169): notifyCondition condition://android/schedule?days=1.2.3.4.5.6.7&start=22.0&end=7.0&exitAtAlarm=true STATE_FALSE reason=!meetsSchedule
11-11 16:03:46.007 E/LazyAlarmStore( 1169): Removed TIME_TICK alarm
11-11 16:03:46.010 I/DropBoxManagerService( 1169): add tag=system_server_wtf isTagEnabled=true flags=0x2
11-11 16:03:46.015 D/ConditionProviders.SCP( 1169): Scheduling evaluate for Fri Nov 11 22:00:00 GMT+08:00 2022 (1668175200000), in +5h56m13s998ms, now=Fri Nov 11 16:03:46 GMT+08:00 2022 (1668153826002)
11-11 16:03:46.019 I/UsageStatsService( 1169): User[0] Time changed in by -3 seconds
11-11 16:03:46.019 I/UsageStatsService( 1169): User[0] Flushing usage stats to disk
01-01 08:01:06.112 I/binder ( 0): 3995:3995 ioctl 40046210 7fc271fc14 returned -22
11-11 16:03:46.024 D/DevicePolicyManager( 1169): updateSystemUpdateFreezePeriodsRecord
11-11 16:03:46.024 D/ConditionProviders.SCP( 1169): onReceive android.intent.action.TIME_SET
11-11 16:03:46.025 D/ConditionProviders.SCP( 1169): evaluateSubscriptionLocked cal=ScheduleCalendar[mDays={1, 2, 3, 4, 5, 6, 7}, mSchedule=ScheduleInfo{days=[1, 2, 3, 4, 5, 6, 7], startHour=22, startMinute=0, endHour=7, endMinute=0, exitAtAlarm=true, nextAlarm=Thu Jan 01 08:00:00 GMT+08:00 1970 (0)}], now=Fri Nov 11 16:03:46 GMT+08:00 2022 (1668153826024), nextUserAlarmTime=Thu Jan 01 08:00:00 GMT+08:00 1970 (0)
11-11 16:03:46.025 D/ConditionProviders.SCP( 1169): notifyCondition condition://android/schedule?days=1.2.3.4.5.6.7&start=22.0&end=7.0&exitAtAlarm=true STATE_FALSE reason=!meetsSchedule
11-11 16:03:46.025 D/ConditionProviders.SCP( 1169): Scheduling evaluate for Fri Nov 11 22:00:00 GMT+08:00 2022 (1668175200000), in +5h56m13s976ms, now=Fri Nov 11 16:03:46 GMT+08:00 2022 (1668153826024)
11-11 16:03:46.047 D/CompatibilityChangeReporter( 1169): Compat change id reported: 168419799; UID 10078; state: DISABLED
11-11 16:03:46.119 I/UsageStatsDatabase( 1169): Time changed by -3s119ms. files deleted: 0 files moved: 8
11-11 16:03:46.136 I/UsageStatsService( 1169): User[0] Rollover scheduled @ 2022-11-11 18:59:19(1668164359633)
11-11 16:03:46.642 E/ActivityThread( 3016): Failed to find provider info for com.tcl.xian.StartandroidService.MyContentProvider
01-01 08:01:06.805 W/audit ( 0): audit_lost=39 audit_rate_limit=5 audit_backlog_limit=64
01-01 08:01:06.805 E/audit ( 0): rate limit exceeded
01-01 08:01:06.933 I/logd ( 0): logdr: UID=10089 GID=10089 PID=4041 b tail=0 logMask=99 pid=0 start=0ns deadline=0ns
01-01 08:01:06.954 W/logd ( 0): Skipping entries from slow reader, pid 4041, fd 16, from LogBuffer::Prune()
11-11 16:03:48.008 W/ContextImpl( 2108): Calling a method in the system process without a qualified user: android.app.ContextImpl.sendBroadcast:1173 android.content.ContextWrapper.sendBroadcast:479 com.thundercomm.microsettings.action.SetTimeAction.timeUpdated:212 com.thundercomm.microsettings.action.SetTimeAction.update24HourFormat:194 com.thundercomm.microsettings.action.SetTimeAction.doActualAction:154
11-11 16:03:48.024 D/DevicePolicyManager( 1169): updateSystemUpdateFreezePeriodsRecord
11-11 16:03:48.024 D/ConditionProviders.SCP( 1169): onReceive android.intent.action.TIME_SET
11-11 16:03:48.025 D/ConditionProviders.SCP( 1169): evaluateSubscriptionLocked cal=ScheduleCalendar[mDays={1, 2, 3, 4, 5, 6, 7}, mSchedule=ScheduleInfo{days=[1, 2, 3, 4, 5, 6, 7], startHour=22, startMinute=0, endHour=7, endMinute=0, exitAtAlarm=true, nextAlarm=Thu Jan 01 08:00:00 GMT+08:00 1970 (0)}], now=Fri Nov 11 16:03:48 GMT+08:00 2022 (1668153828024), nextUserAlarmTime=Thu Jan 01 08:00:00 GMT+08:00 1970 (0)
11-11 16:03:48.025 D/ConditionProviders.SCP( 1169): notifyCondition condition://android/schedule?days=1.2.3.4.5.6.7&start=22.0&end=7.0&exitAtAlarm=true STATE_FALSE reason=!meetsSchedule
11-11 16:03:48.026 D/ConditionProviders.SCP( 1169): Scheduling evaluate for Fri Nov 11 22:00:00 GMT+08:00 2022 (1668175200000), in +5h56m11s976ms, now=Fri Nov 11 16:03:48 GMT+08:00 2022 (1668153828024)
11-11 16:03:47.011 E/LazyAlarmStore( 1169): Removed TIME_TICK alarm
11-11 16:03:47.017 I/DropBoxManagerService( 1169): add tag=system_server_wtf isTagEnabled=true flags=0x2
11-11 16:03:47.020 D/DevicePolicyManager( 1169): updateSystemUpdateFreezePeriodsRecord
11-11 16:03:47.020 D/ConditionProviders.SCP( 1169): onReceive android.intent.action.TIME_SET
11-11 16:03:47.020 D/ConditionProviders.SCP( 1169): evaluateSubscriptionLocked cal=ScheduleCalendar[mDays={1, 2, 3, 4, 5, 6, 7}, mSchedule=ScheduleInfo{days=[1, 2, 3, 4, 5, 6, 7], startHour=22, startMinute=0, endHour=7, endMinute=0, exitAtAlarm=true, nextAlarm=Thu Jan 01 08:00:00 GMT+08:00 1970 (0)}], now=Fri Nov 11 16:03:47 GMT+08:00 2022 (1668153827020), nextUserAlarmTime=Thu Jan 01 08:00:00 GMT+08:00 1970 (0)
11-11 16:03:47.020 D/ConditionProviders.SCP( 1169): notifyCondition condition://android/schedule?days=1.2.3.4.5.6.7&start=22.0&end=7.0&exitAtAlarm=true STATE_FALSE reason=!meetsSchedule
11-11 16:03:47.021 D/ConditionProviders.SCP( 1169): Scheduling evaluate for Fri Nov 11 22:00:00 GMT+08:00 2022 (1668175200000), in +5h56m12s980ms, now=Fri Nov 11 16:03:47 GMT+08:00 2022 (1668153827020)
01-01 08:01:08.313 W/audit ( 0): audit_lost=44 audit_rate_limit=5 audit_backlog_limit=64
01-01 08:01:08.313 E/audit ( 0): rate limit exceeded
11-11 16:03:48.333 I/GameModeConfig( 1169): isGameModeOn = false
11-11 16:03:48.334 I/GameModeConfig( 1169): isGameModeOn = false
11-11 16:03:49.019 W/ContextImpl( 2108): Calling a method in the system process without a qualified user: android.app.ContextImpl.sendBroadcast:1173 android.content.ContextWrapper.sendBroadcast:479 com.thundercomm.microsettings.action.SetTimeAction.timeUpdated:212 com.thundercomm.microsettings.action.SetTimeAction.update24HourFormat:194 com.thundercomm.microsettings.action.SetTimeAction.doActualAction:154
11-11 16:03:48.008 E/LazyAlarmStore( 1169): Removed TIME_TICK alarm
11-11 16:03:48.008 D/DevicePolicyManager( 1169): updateSystemUpdateFreezePeriodsRecord
11-11 16:03:48.009 D/ConditionProviders.SCP( 1169): onReceive android.intent.action.TIME_SET
11-11 16:03:48.009 D/ConditionProviders.SCP( 1169): evaluateSubscriptionLocked cal=ScheduleCalendar[mDays={1, 2, 3, 4, 5, 6, 7}, mSchedule=ScheduleInfo{days=[1, 2, 3, 4, 5, 6, 7], startHour=22, startMinute=0, endHour=7, endMinute=0, exitAtAlarm=true, nextAlarm=Thu Jan 01 08:00:00 GMT+08:00 1970 (0)}], now=Fri Nov 11 16:03:48 GMT+08:00 2022 (1668153828009), nextUserAlarmTime=Thu Jan 01 08:00:00 GMT+08:00 1970 (0)
11-11 16:03:48.009 D/ConditionProviders.SCP( 1169): notifyCondition condition://android/schedule?days=1.2.3.4.5.6.7&start=22.0&end=7.0&exitAtAlarm=true STATE_FALSE reason=!meetsSchedule
11-11 16:03:48.010 D/ConditionProviders.SCP( 1169): Scheduling evaluate for Fri Nov 11 22:00:00 GMT+08:00 2022 (1668175200000), in +5h56m11s991ms, now=Fri Nov 11 16:03:48 GMT+08:00 2022 (1668153828009)
11-11 16:03:48.015 D/DevicePolicyManager( 1169): updateSystemUpdateFreezePeriodsRecord
11-11 16:03:48.016 D/ConditionProviders.SCP( 1169): onReceive android.intent.action.TIME_SET
11-11 16:03:48.016 D/ConditionProviders.SCP( 1169): evaluateSubscriptionLocked cal=ScheduleCalendar[mDays={1, 2, 3, 4, 5, 6, 7}, mSchedule=ScheduleInfo{days=[1, 2, 3, 4, 5, 6, 7], startHour=22, startMinute=0, endHour=7, endMinute=0, exitAtAlarm=true, nextAlarm=Thu Jan 01 08:00:00 GMT+08:00 1970 (0)}], now=Fri Nov 11 16:03:48 GMT+08:00 2022 (1668153828016), nextUserAlarmTime=Thu Jan 01 08:00:00 GMT+08:00 1970 (0)
11-11 16:03:48.016 D/ConditionProviders.SCP( 1169): notifyCondition condition://android/schedule?days=1.2.3.4.5.6.7&start=22.0&end=7.0&exitAtAlarm=true STATE_FALSE reason=!meetsSchedule
11-11 16:03:48.016 D/ConditionProviders.SCP( 1169): Scheduling evaluate for Fri Nov 11 22:00:00 GMT+08:00 2022 (1668175200000), in +5h56m11s984ms, now=Fri Nov 11 16:03:48 GMT+08:00 2022 (1668153828016)
11-11 16:03:48.757 D/CompatibilityChangeReporter( 1169): Compat change id reported: 168419799; UID 10056; state: DISABLED
11-11 16:03:48.759 D/CompatibilityChangeReporter( 1169): Compat change id reported: 171306433; UID 10078; state: ENABLED
11-11 16:03:48.778 D/CompatibilityChangeReporter( 1169): Compat change id reported: 168419799; UID 10082; state: DISABLED
11-11 16:03:48.789 D/CompatibilityChangeReporter( 1169): Compat change id reported: 168419799; UID 10083; state: DISABLED
11-11 16:03:48.814 D/CompatibilityChangeReporter( 1169): Compat change id reported: 168419799; UID 10091; state: DISABLED
11-11 16:03:48.825 D/CompatibilityChangeReporter( 1169): Compat change id reported: 135634846; UID 10055; state: DISABLED
11-11 16:03:48.826 D/CompatibilityChangeReporter( 1169): Compat change id reported: 143937733; UID 10055; state: DISABLED
11-11 16:03:48.876 W/ActivityManager( 1169): Slow operation: 52ms so far, now at startProcess: returned from zygote!
11-11 16:03:48.877 W/ActivityManager( 1169): Slow operation: 52ms so far, now at startProcess: done updating battery stats
11-11 16:03:48.877 W/ActivityManager( 1169): Slow operation: 52ms so far, now at startProcess: building log message
11-11 16:03:48.877 I/ActivityManager( 1169): Start proc 4144:com.qualcomm.qti.qms.service.connectionsecurity/u0a55 for broadcast {com.qualcomm.qti.qms.service.connectionsecurity/com.qualcomm.qti.qms.service.connectionsecurity.ConnSecBroadcastReceiver}
11-11 16:03:48.877 W/ActivityManager( 1169): Slow operation: 52ms so far, now at startProcess: starting to update pids map
11-11 16:03:48.877 W/ActivityManager( 1169): Slow operation: 52ms so far, now at startProcess: done updating pids map
01-01 08:01:11.104 I/binder ( 0): 4144:4144 ioctl 40046210 fff85868 returned -22
11-11 16:03:48.944 I/ActivityManager( 1169): Process com.qti.ltebc (pid 3995) has died: cch+5 CEM
11-11 16:03:48.972 D/CompatibilityChangeReporter( 1169): Compat change id reported: 168419799; UID 10055; state: DISABLED
11-11 16:03:49.160 D/CompatibilityChangeReporter( 1169): Compat change id reported: 168419799; UID 10090; state: DISABLED
01-01 08:01:11.327 I/binder ( 0): 3197:3197 ioctl 40046210 7fc271f2c4 returned -22
11-11 16:03:49.181 D/CompatibilityChangeReporter( 1169): Compat change id reported: 168419799; UID 10087; state: DISABLED
11-11 16:03:49.277 I/ActivityManager( 1169): Finished processing BOOT_COMPLETED for u0
11-11 16:03:49.282 D/CompatibilityChangeReporter( 1169): Compat change id reported: 168419799; UID 10054; state: DISABLED
11-11 16:03:49.288 I/UsageStatsService( 1169): User[0] Time changed in by -2 seconds
11-11 16:03:49.288 I/UsageStatsService( 1169): User[0] Flushing usage stats to disk
11-11 16:03:49.304 W/ContextImpl( 2037): Calling a method in the system process without a qualified user: android.app.ContextImpl.startService:1816 android.content.ContextWrapper.startService:774 com.thundercomm.gamemode.ingame.services.GameModeActionUtils.startGameModeService:118 com.thundercomm.gamemode.ingame.services.GameModeActionUtils.startGameModeEntry:29 com.thundercomm.gamemode.ingame.services.ActivityMonitoringService$1.onActivityLaunch:140
11-11 16:03:49.315 I/GameModeConfig( 1169): Current uri is uri = content://com.thundercomm.gamemode.api/gamemode_settings/gamemode_isgaming
11-11 16:03:49.317 I/GameModeConfig( 1169): isGameModeOn = false
11-11 16:03:49.318 I/GameModeConfig( 1169): isGameModeOn = false
11-11 16:03:49.318 I/GameModeConfig( 1169): isDisableVoice = true
01-01 08:01:11.478 I/binder ( 0): 2037:2037 ioctl 40046210 7fc271eac4 returned -22
11-11 16:03:49.318 I/GameModeConfig( 1169): isGameModeOn = false
11-11 16:03:49.319 I/GameModeConfig( 1169): isGameModeOn = false
11-11 16:03:49.327 W/BroadcastQueue( 1169): Background execution not allowed: receiving Intent { act=android.intent.action.INPUT_METHOD_CHANGED flg=0x20000010 (has extras) } to com.baidu.input/.switchguide.InputMethodChangedReceiver
11-11 16:03:49.354 D/CompatibilityChangeReporter( 1169): Compat change id reported: 168419799; UID 10036; state: DISABLED
11-11 16:03:49.381 I/UsageStatsDatabase( 1169): Time changed by -2s76ms. files deleted: 0 files moved: 8
11-11 16:03:49.399 I/UsageStatsService( 1169): User[0] Rollover scheduled @ 2022-11-11 18:59:17(1668164357557)
11-11 16:03:49.399 I/UsageStatsService( 1169): Time changed in by -4 seconds
11-11 16:03:49.438 D/CompatibilityChangeReporter( 1169): Compat change id reported: 135634846; UID 10024; state: DISABLED
11-11 16:03:49.438 D/CompatibilityChangeReporter( 1169): Compat change id reported: 177438394; UID 10024; state: DISABLED
11-11 16:03:49.439 D/CompatibilityChangeReporter( 1169): Compat change id reported: 135772972; UID 10024; state: DISABLED
11-11 16:03:49.439 D/CompatibilityChangeReporter( 1169): Compat change id reported: 135754954; UID 10024; state: ENABLED
11-11 16:03:49.439 D/CompatibilityChangeReporter( 1169): Compat change id reported: 143937733; UID 10024; state: ENABLED
11-11 16:03:49.476 I/ActivityManager( 1169): Start proc 4181:com.android.externalstorage/u0a24 for broadcast {com.android.externalstorage/com.android.externalstorage.MountReceiver}
01-01 08:01:11.688 I/binder ( 0): 4181:4181 ioctl 40046210 7fc271fc14 returned -22
11-11 16:03:49.536 D/CompatibilityChangeReporter( 1169): Compat change id reported: 168419799; UID 10024; state: DISABLED
11-11 16:03:49.555 I/GameModeConfig( 1169): isGameModeOn = false
11-11 16:03:49.555 I/GameModeConfig( 1169): isGameModeOn = false
11-11 16:03:49.721 D/CompatibilityChangeReporter( 1169): Compat change id reported: 135634846; UID 10078; state: DISABLED
11-11 16:03:49.721 D/CompatibilityChangeReporter( 1169): Compat change id reported: 177438394; UID 10078; state: DISABLED
11-11 16:03:49.722 D/CompatibilityChangeReporter( 1169): Compat change id reported: 135772972; UID 10078; state: DISABLED
11-11 16:03:49.722 D/CompatibilityChangeReporter( 1169): Compat change id reported: 135754954; UID 10078; state: ENABLED
11-11 16:03:49.722 D/CompatibilityChangeReporter( 1169): Compat change id reported: 143937733; UID 10078; state: ENABLED
11-11 16:03:49.761 I/ActivityManager( 1169): Start proc 4200:com.qti.ltebc/u0a78 for broadcast {com.qti.ltebc/com.qualcomm.ltebc.LTEBroadcastReceiver}
01-01 08:01:11.977 I/binder ( 0): 4200:4200 ioctl 40046210 7fc271fc14 returned -22
11-11 16:03:49.825 D/CompatibilityChangeReporter( 1169): Compat change id reported: 168419799; UID 10078; state: DISABLED
11-11 16:03:50.011 W/ContextImpl( 2108): Calling a method in the system process without a qualified user: android.app.ContextImpl.sendBroadcast:1173 android.content.ContextWrapper.sendBroadcast:479 com.thundercomm.microsettings.action.SetTimeAction.timeUpdated:212 com.thundercomm.microsettings.action.SetTimeAction.update24HourFormat:194 com.thundercomm.microsettings.action.SetTimeAction.doActualAction:154
11-11 16:03:50.022 D/DevicePolicyManager( 1169): updateSystemUpdateFreezePeriodsRecord
11-11 16:03:50.023 D/ConditionProviders.SCP( 1169): onReceive android.intent.action.TIME_SET
11-11 16:03:50.023 D/ConditionProviders.SCP( 1169): evaluateSubscriptionLocked cal=ScheduleCalendar[mDays={1, 2, 3, 4, 5, 6, 7}, mSchedule=ScheduleInfo{days=[1, 2, 3, 4, 5, 6, 7], startHour=22, startMinute=0, endHour=7, endMinute=0, exitAtAlarm=true, nextAlarm=Thu Jan 01 08:00:00 GMT+08:00 1970 (0)}], now=Fri Nov 11 16:03:50 GMT+08:00 2022 (1668153830023), nextUserAlarmTime=Thu Jan 01 08:00:00 GMT+08:00 1970 (0)
11-11 16:03:50.024 D/ConditionProviders.SCP( 1169): notifyCondition condition://android/schedule?days=1.2.3.4.5.6.7&start=22.0&end=7.0&exitAtAlarm=true STATE_FALSE reason=!meetsSchedule
11-11 16:03:50.025 D/ConditionProviders.SCP( 1169): Scheduling evaluate for Fri Nov 11 22:00:00 GMT+08:00 2022 (1668175200000), in +5h56m9s977ms, now=Fri Nov 11 16:03:50 GMT+08:00 2022 (1668153830023)
11-11 16:03:50.030 D/CompatibilityChangeReporter( 1169): Compat change id reported: 171306433; UID 1000; state: ENABLED
11-11 16:03:54.001 E/LazyAlarmStore( 1169): Removed TIME_TICK alarm
11-11 16:03:54.005 I/DropBoxManagerService( 1169): add tag=system_server_wtf isTagEnabled=true flags=0x2
11-11 16:03:54.008 D/DevicePolicyManager( 1169): updateSystemUpdateFreezePeriodsRecord
11-11 16:03:54.009 D/ConditionProviders.SCP( 1169): onReceive android.intent.action.TIME_SET
11-11 16:03:54.009 D/ConditionProviders.SCP( 1169): evaluateSubscriptionLocked cal=ScheduleCalendar[mDays={1, 2, 3, 4, 5, 6, 7}, mSchedule=ScheduleInfo{days=[1, 2, 3, 4, 5, 6, 7], startHour=22, startMinute=0, endHour=7, endMinute=0, exitAtAlarm=true, nextAlarm=Thu Jan 01 08:00:00 GMT+08:00 1970 (0)}], now=Fri Nov 11 16:03:54 GMT+08:00 2022 (1668153834009), nextUserAlarmTime=Thu Jan 01 08:00:00 GMT+08:00 1970 (0)
11-11 16:03:54.009 D/ConditionProviders.SCP( 1169): notifyCondition condition://android/schedule?days=1.2.3.4.5.6.7&start=22.0&end=7.0&exitAtAlarm=true STATE_FALSE reason=!meetsSchedule
11-11 16:03:54.010 D/ConditionProviders.SCP( 1169): Scheduling evaluate for Fri Nov 11 22:00:00 GMT+08:00 2022 (1668175200000), in +5h56m5s991ms, now=Fri Nov 11 16:03:54 GMT+08:00 2022 (1668153834009)
11-11 16:03:54.399 I/GameModeConfig( 1169): isGameModeOn = false
11-11 16:03:54.490 I/GameModeConfig( 1169): isGameModeOn = false
11-11 16:03:54.490 I/GameModeConfig( 1169): isGameModeOn = false
11-11 16:03:54.494 I/GameModeConfig( 1169): isGameModeOn = false
11-11 16:03:54.937 I/GameModeConfig( 1169): isGameModeOn = false
11-11 16:03:56.008 W/ContextImpl( 2108): Calling a method in the system process without a qualified user: android.app.ContextImpl.sendBroadcast:1173 android.content.ContextWrapper.sendBroadcast:479 com.thundercomm.microsettings.action.SetTimeAction.timeUpdated:212 com.thundercomm.microsettings.action.SetTimeAction.update24HourFormat:194 com.thundercomm.microsettings.action.SetTimeAction.doActualAction:154
11-11 16:03:56.023 I/MicroServiceManager( 2108): requestResult(reportScreenDisplay) parameters is{"reportScreenDisplay":1}.
11-11 16:03:56.031 D/DevicePolicyManager( 1169): updateSystemUpdateFreezePeriodsRecord
11-11 16:03:56.031 D/ConditionProviders.SCP( 1169): onReceive android.intent.action.TIME_SET
11-11 16:03:56.032 D/ConditionProviders.SCP( 1169): evaluateSubscriptionLocked cal=ScheduleCalendar[mDays={1, 2, 3, 4, 5, 6, 7}, mSchedule=ScheduleInfo{days=[1, 2, 3, 4, 5, 6, 7], startHour=22, startMinute=0, endHour=7, endMinute=0, exitAtAlarm=true, nextAlarm=Thu Jan 01 08:00:00 GMT+08:00 1970 (0)}], now=Fri Nov 11 16:03:56 GMT+08:00 2022 (1668153836031), nextUserAlarmTime=Thu Jan 01 08:00:00 GMT+08:00 1970 (0)
11-11 16:03:56.032 D/ConditionProviders.SCP( 1169): notifyCondition condition://android/schedule?days=1.2.3.4.5.6.7&start=22.0&end=7.0&exitAtAlarm=true STATE_FALSE reason=!meetsSchedule
11-11 16:03:56.033 D/ConditionProviders.SCP( 1169): Scheduling evaluate for Fri Nov 11 22:00:00 GMT+08:00 2022 (1668175200000), in +5h56m3s969ms, now=Fri Nov 11 16:03:56 GMT+08:00 2022 (1668153836031)
11-11 16:04:00.000 E/LazyAlarmStore( 1169): Removed TIME_TICK alarm
11-11 16:04:00.004 I/DropBoxManagerService( 1169): add tag=system_server_wtf isTagEnabled=true flags=0x2
11-11 16:04:00.008 D/DevicePolicyManager( 1169): updateSystemUpdateFreezePeriodsRecord
11-11 16:04:00.008 D/ConditionProviders.SCP( 1169): onReceive android.intent.action.TIME_SET
11-11 16:04:00.008 D/ConditionProviders.SCP( 1169): evaluateSubscriptionLocked cal=ScheduleCalendar[mDays={1, 2, 3, 4, 5, 6, 7}, mSchedule=ScheduleInfo{days=[1, 2, 3, 4, 5, 6, 7], startHour=22, startMinute=0, endHour=7, endMinute=0, exitAtAlarm=true, nextAlarm=Thu Jan 01 08:00:00 GMT+08:00 1970 (0)}], now=Fri Nov 11 16:04:00 GMT+08:00 2022 (1668153840008), nextUserAlarmTime=Thu Jan 01 08:00:00 GMT+08:00 1970 (0)
11-11 16:04:00.008 D/ConditionProviders.SCP( 1169): notifyCondition condition://android/schedule?days=1.2.3.4.5.6.7&start=22.0&end=7.0&exitAtAlarm=true STATE_FALSE reason=!meetsSchedule
11-11 16:04:00.009 D/ConditionProviders.SCP( 1169): Scheduling evaluate for Fri Nov 11 22:00:00 GMT+08:00 2022 (1668175200000), in +5h55m59s992ms, now=Fri Nov 11 16:04:00 GMT+08:00 2022 (1668153840008)
11-11 16:04:02.009 W/ContextImpl( 2108): Calling a method in the system process without a qualified user: android.app.ContextImpl.sendBroadcast:1173 android.content.ContextWrapper.sendBroadcast:479 com.thundercomm.microsettings.action.SetTimeAction.timeUpdated:212 com.thundercomm.microsettings.action.SetTimeAction.update24HourFormat:194 com.thundercomm.microsettings.action.SetTimeAction.doActualAction:154
11-11 16:04:02.021 I/MicroServiceManager( 2108): requestResult(reportScreenDisplay) parameters is{"reportScreenDisplay":1}.
11-11 16:04:02.034 D/DevicePolicyManager( 1169): updateSystemUpdateFreezePeriodsRecord
11-11 16:04:02.036 D/ConditionProviders.SCP( 1169): onReceive android.intent.action.TIME_SET
11-11 16:04:02.036 D/ConditionProviders.SCP( 1169): evaluateSubscriptionLocked cal=ScheduleCalendar[mDays={1, 2, 3, 4, 5, 6, 7}, mSchedule=ScheduleInfo{days=[1, 2, 3, 4, 5, 6, 7], startHour=22, startMinute=0, endHour=7, endMinute=0, exitAtAlarm=true, nextAlarm=Thu Jan 01 08:00:00 GMT+08:00 1970 (0)}], now=Fri Nov 11 16:04:02 GMT+08:00 2022 (1668153842036), nextUserAlarmTime=Thu Jan 01 08:00:00 GMT+08:00 1970 (0)
11-11 16:04:02.036 D/ConditionProviders.SCP( 1169): notifyCondition condition://android/schedule?days=1.2.3.4.5.6.7&start=22.0&end=7.0&exitAtAlarm=true STATE_FALSE reason=!meetsSchedule
11-11 16:04:02.037 D/ConditionProviders.SCP( 1169): Scheduling evaluate for Fri Nov 11 22:00:00 GMT+08:00 2022 (1668175200000), in +5h55m57s964ms, now=Fri Nov 11 16:04:02 GMT+08:00 2022 (1668153842036)
01-01 08:01:16.407 I/binder ( 0): 2262:4254 ioctl 40046210 79b30dbef4 returned -22
11-11 16:04:02.228 I/ActivityManager( 1169): Process com.qti.ltebc (pid 4200) has died: fg RCVR
11-11 16:04:02.303 D/CompatibilityChangeReporter( 1169): Compat change id reported: 135634846; UID 10078; state: DISABLED
11-11 16:04:02.303 D/CompatibilityChangeReporter( 1169): Compat change id reported: 177438394; UID 10078; state: DISABLED
11-11 16:04:02.303 D/CompatibilityChangeReporter( 1169): Compat change id reported: 135772972; UID 10078; state: DISABLED
11-11 16:04:02.303 D/CompatibilityChangeReporter( 1169): Compat change id reported: 135754954; UID 10078; state: ENABLED
11-11 16:04:02.304 D/CompatibilityChangeReporter( 1169): Compat change id reported: 143937733; UID 10078; state: ENABLED
11-11 16:04:02.361 W/ActivityManager( 1169): Slow operation: 59ms so far, now at startProcess: returned from zygote!
11-11 16:04:02.361 W/ActivityManager( 1169): Slow operation: 59ms so far, now at startProcess: done updating battery stats
11-11 16:04:02.361 W/ActivityManager( 1169): Slow operation: 59ms so far, now at startProcess: building log message
11-11 16:04:02.361 I/ActivityManager( 1169): Start proc 4261:com.qti.ltebc/u0a78 for broadcast {com.qti.ltebc/com.qualcomm.ltebc.LTEBroadcastReceiver}
11-11 16:04:02.361 W/ActivityManager( 1169): Slow operation: 59ms so far, now at startProcess: starting to update pids map
11-11 16:04:02.361 W/ActivityManager( 1169): Slow operation: 59ms so far, now at startProcess: done updating pids map
01-01 08:01:16.662 I/binder ( 0): 4261:4261 ioctl 40046210 7fc271fc14 returned -22
01-01 08:01:16.723 I/init ( 0): processing action (sys.tlog.tlogdsho.active=1) from (/system/etc/init/tlogd.rc:163)
01-01 08:01:16.725 I/init ( 0): starting service 'tlogdsho'...
01-01 08:01:16.882 I/init ( 0): Service 'tlogdsho' (pid 4281) exited with status 0 oneshot service took 0.136000 seconds in background
01-01 08:01:16.882 I/init ( 0): Sending signal 9 to service 'tlogdsho' (pid 4281) process group...
01-01 08:01:16.883 I/libprocessgroup( 0): Successfully killed process cgroup uid 0 pid 4281 in 0ms
01-01 08:01:17.415 I/init ( 0): Untracked pid 4285 exited with status 0
11-11 16:04:03.428 I/ActivityManager( 1169): Waited long enough for: ServiceRecord{f141ec u0 com.qti.diagservices/.QTIDiagServices}
11-11 16:04:04.958 I/UsageStatsService( 1169): Time changed in by 7 seconds
11-11 16:04:04.971 I/UsageStatsService( 1169): User[0] Time changed in by 7 seconds
11-11 16:04:04.971 I/UsageStatsService( 1169): User[0] Flushing usage stats to disk
11-11 16:04:05.000 I/UsageStatsDatabase( 1169): Time changed by +7s913ms. files deleted: 0 files moved: 8
11-11 16:04:05.005 I/UsageStatsService( 1169): User[0] Rollover scheduled @ 2022-11-11 18:59:25(1668164365470)
11-11 16:04:07.509 I/GameModeConfig( 1169): isGameModeOn = false
11-11 16:04:08.008 W/ContextImpl( 2108): Calling a method in the system process without a qualified user: android.app.ContextImpl.sendBroadcast:1173 android.content.ContextWrapper.sendBroadcast:479 com.thundercomm.microsettings.action.SetTimeAction.timeUpdated:212 com.thundercomm.microsettings.action.SetTimeAction.update24HourFormat:194 com.thundercomm.microsettings.action.SetTimeAction.doActualAction:154
01-01 08:01:22.007 I/binder_alloc( 0): 4261: binder_alloc_buf, no vma
01-01 08:01:22.007 I/binder ( 0): 1169:1424 transaction failed 29189/-3, size 84-0 line 3240
11-11 16:04:08.013 W/ActivityManager( 1169): Failed to update preferences for: com.qti.ltebc
11-11 16:04:08.015 I/MicroServiceManager( 2108): requestResult(reportScreenDisplay) parameters is{"reportScreenDisplay":1}.
11-11 16:04:08.031 D/DevicePolicyManager( 1169): updateSystemUpdateFreezePeriodsRecord
11-11 16:04:08.032 D/ConditionProviders.SCP( 1169): onReceive android.intent.action.TIME_SET
11-11 16:04:08.036 D/ConditionProviders.SCP( 1169): evaluateSubscriptionLocked cal=ScheduleCalendar[mDays={1, 2, 3, 4, 5, 6, 7}, mSchedule=ScheduleInfo{days=[1, 2, 3, 4, 5, 6, 7], startHour=22, startMinute=0, endHour=7, endMinute=0, exitAtAlarm=true, nextAlarm=Thu Jan 01 08:00:00 GMT+08:00 1970 (0)}], now=Fri Nov 11 16:04:08 GMT+08:00 2022 (1668153848032), nextUserAlarmTime=Thu Jan 01 08:00:00 GMT+08:00 1970 (0)
11-11 16:04:08.036 D/ConditionProviders.SCP( 1169): notifyCondition condition://android/schedule?days=1.2.3.4.5.6.7&start=22.0&end=7.0&exitAtAlarm=true STATE_FALSE reason=!meetsSchedule
11-11 16:04:08.037 I/ActivityManager( 1169): Process com.qti.ltebc (pid 4261) has died: fg RCVR
11-11 16:04:08.040 D/ConditionProviders.SCP( 1169): Scheduling evaluate for Fri Nov 11 22:00:00 GMT+08:00 2022 (1668175200000), in +5h55m51s968ms, now=Fri Nov 11 16:04:08 GMT+08:00 2022 (1668153848032)
11-11 16:04:08.383 D/CompatibilityChangeReporter( 1169): Compat change id reported: 135634846; UID 10078; state: DISABLED
11-11 16:04:08.384 D/CompatibilityChangeReporter( 1169): Compat change id reported: 177438394; UID 10078; state: DISABLED
11-11 16:04:08.385 D/CompatibilityChangeReporter( 1169): Compat change id reported: 135772972; UID 10078; state: DISABLED
11-11 16:04:08.385 D/CompatibilityChangeReporter( 1169): Compat change id reported: 135754954; UID 10078; state: ENABLED
11-11 16:04:08.386 D/CompatibilityChangeReporter( 1169): Compat change id reported: 143937733; UID 10078; state: ENABLED
11-11 16:04:08.447 W/ActivityManager( 1169): Slow operation: 64ms so far, now at startProcess: returned from zygote!
11-11 16:04:08.447 W/ActivityManager( 1169): Slow operation: 64ms so far, now at startProcess: done updating battery stats
11-11 16:04:08.447 W/ActivityManager( 1169): Slow operation: 64ms so far, now at startProcess: building log message
11-11 16:04:08.447 I/ActivityManager( 1169): Start proc 4357:com.qti.ltebc/u0a78 for broadcast {com.qti.ltebc/com.qualcomm.ltebc.LTEBroadcastAlarmReceiver}
11-11 16:04:08.447 W/ActivityManager( 1169): Slow operation: 64ms so far, now at startProcess: starting to update pids map
11-11 16:04:08.447 W/ActivityManager( 1169): Slow operation: 65ms so far, now at startProcess: done updating pids map
01-01 08:01:22.513 I/binder ( 0): 4357:4357 ioctl 40046210 7fc271fc14 returned -22
01-01 08:01:24.069 I/perf ( 0): interrupt took too long (2538 > 2500), lowering kernel.perf_event_max_sample_rate to 78750
11-11 16:04:13.663 D/CompatibilityChangeReporter( 1169): Compat change id reported: 135634846; UID 10058; state: DISABLED
11-11 16:04:13.663 D/CompatibilityChangeReporter( 1169): Compat change id reported: 177438394; UID 10058; state: DISABLED
11-11 16:04:13.664 D/CompatibilityChangeReporter( 1169): Compat change id reported: 135772972; UID 10058; state: DISABLED
11-11 16:04:13.664 D/CompatibilityChangeReporter( 1169): Compat change id reported: 135754954; UID 10058; state: DISABLED
11-11 16:04:13.665 D/CompatibilityChangeReporter( 1169): Compat change id reported: 143937733; UID 10058; state: DISABLED
11-11 16:04:13.724 W/ActivityManager( 1169): Slow operation: 62ms so far, now at startProcess: returned from zygote!
11-11 16:04:13.725 W/ActivityManager( 1169): Slow operation: 63ms so far, now at startProcess: done updating battery stats
11-11 16:04:13.725 W/ActivityManager( 1169): Slow operation: 63ms so far, now at startProcess: building log message
11-11 16:04:13.725 I/ActivityManager( 1169): Start proc 4390:com.qualcomm.qti.qms.service.trustzoneaccess/u0a58 for service {com.qualcomm.qti.qms.service.trustzoneaccess/com.qualcomm.qti.qms.service.trustzoneaccess.TZAccessService}
11-11 16:04:13.725 W/ActivityManager( 1169): Slow operation: 63ms so far, now at startProcess: starting to update pids map
11-11 16:04:13.725 W/ActivityManager( 1169): Slow operation: 63ms so far, now at startProcess: done updating pids map
01-01 08:01:27.840 I/binder ( 0): 4390:4390 ioctl 40046210 7fc271fc14 returned -22
11-11 16:04:13.825 D/CompatibilityChangeReporter( 1169): Compat change id reported: 168419799; UID 10058; state: DISABLED
11-11 16:04:14.010 W/ContextImpl( 2108): Calling a method in the system process without a qualified user: android.app.ContextImpl.sendBroadcast:1173 android.content.ContextWrapper.sendBroadcast:479 com.thundercomm.microsettings.action.SetTimeAction.timeUpdated:212 com.thundercomm.microsettings.action.SetTimeAction.update24HourFormat:194 com.thundercomm.microsettings.action.SetTimeAction.doActualAction:154
11-11 16:04:14.029 I/MicroServiceManager( 2108): requestResult(reportScreenDisplay) parameters is{"reportScreenDisplay":1}.
11-11 16:04:14.038 D/DevicePolicyManager( 1169): updateSystemUpdateFreezePeriodsRecord
11-11 16:04:14.038 D/ConditionProviders.SCP( 1169): onReceive android.intent.action.TIME_SET
11-11 16:04:14.039 D/ConditionProviders.SCP( 1169): evaluateSubscriptionLocked cal=ScheduleCalendar[mDays={1, 2, 3, 4, 5, 6, 7}, mSchedule=ScheduleInfo{days=[1, 2, 3, 4, 5, 6, 7], startHour=22, startMinute=0, endHour=7, endMinute=0, exitAtAlarm=true, nextAlarm=Thu Jan 01 08:00:00 GMT+08:00 1970 (0)}], now=Fri Nov 11 16:04:14 GMT+08:00 2022 (1668153854038), nextUserAlarmTime=Thu Jan 01 08:00:00 GMT+08:00 1970 (0)
11-11 16:04:14.039 D/ConditionProviders.SCP( 1169): notifyCondition condition://android/schedule?days=1.2.3.4.5.6.7&start=22.0&end=7.0&exitAtAlarm=true STATE_FALSE reason=!meetsSchedule
11-11 16:04:14.040 D/ConditionProviders.SCP( 1169): Scheduling evaluate for Fri Nov 11 22:00:00 GMT+08:00 2022 (1668175200000), in +5h55m45s962ms, now=Fri Nov 11 16:04:14 GMT+08:00 2022 (1668153854038)
11-11 16:04:14.218 I/ActivityManager( 1169): Process com.qti.ltebc (pid 4357) has died: cch+5 CEM
11-11 16:04:15.604 D/CompatibilityChangeReporter( 1169): Compat change id reported: 168419799; UID 10037; state: DISABLED
11-11 16:04:15.889 W/BroadcastQueue( 1169): Permission Denial: broadcasting Intent { act=android.net.conn.CONNECTIVITY_CHANGE flg=0x4200010 (has extras) } from null (pid=-1, uid=-1) requires com.baidu.input.permission.sofire.RECEIVE due to registered receiver BroadcastFilter{5236da7 10037/u0 ReceiverList{8c93666 3365 com.baidu.input/10037/u0 remote:c7fbec1}}
11-11 16:04:16.010 W/ContextImpl( 2108): Calling a method in the system process without a qualified user: android.app.ContextImpl.sendBroadcast:1173 android.content.ContextWrapper.sendBroadcast:479 com.thundercomm.microsettings.action.SetTimeAction.timeUpdated:212 com.thundercomm.microsettings.action.SetTimeAction.update24HourFormat:194 com.thundercomm.microsettings.action.SetTimeAction.doActualAction:154
11-11 16:04:16.037 D/DevicePolicyManager( 1169): updateSystemUpdateFreezePeriodsRecord
11-11 16:04:16.037 D/ConditionProviders.SCP( 1169): onReceive android.intent.action.TIME_SET
