01-01 08:00:58.397 E/[wpa_su][0x429fc1ba][16:03:42.505970] wlan( 0): [2773:E:QDF] qdf_mem_malloc_debug: 1206: Cannot malloc 0 bytes @ csr_get_cfg_max_tx_power:14199
11-11 16:03:42.276 V/NotificationAssistants( 1169): 0 notification assistant service connected: ComponentInfo{android.ext.services/android.ext.services.notification.Assistant}
11-11 16:03:42.277 W/Looper ( 1169): Drained
01-01 08:00:58.413 I/[schedu][0x42a47b60][16:03:42.522098] wlan( 0): [2349:I:WMI] send_vdev_start_cmd_tlv: 1062: send_vdev_start_cmd_tlv: vdev_id 0 freq 5785 chanmode 10 ch_info: 0xa is_dfs 0 beacon interval 100 dtim 0 center_chan 5775 center_freq2 0 reg_info_1: 0x180000 reg_info_2: 0x1800, req->max_txpow: 0x18 Tx SS 1, Rx SS 1, ldpc_rx: 0, cac 0, regd 4, HE ops: 0req->dis_hw_ack: 0
11-11 16:03:42.288 W/ActivityManager( 1169): Slow operation: 716ms so far, now at startProcess: returned from zygote!
11-11 16:03:42.288 W/ActivityManager( 1169): Slow operation: 716ms so far, now at startProcess: done updating battery stats
11-11 16:03:42.288 W/ActivityManager( 1169): Slow operation: 716ms so far, now at startProcess: building log message
11-11 16:03:42.288 I/ActivityManager( 1169): Start proc 3131:.pasr/u0a56 for added application .pasr
11-11 16:03:42.288 W/ActivityManager( 1169): Slow operation: 716ms so far, now at startProcess: starting to update pids map
01-01 08:00:58.439 I/[soft_i][0x42ac1b2c][16:03:42.548123] wlan( 0): [0:I:TXRX] HTT_T2H_MSG_TYPE_PEER_MAP msg for peer id 8 vdev id 0 n
01-01 08:00:58.439 E/[soft_i][0x42ac1d4a][16:03:42.548151] wlan( 0): [0:E:DP] dp_peer_find_add_id: peer fffffffb08220000 ID 8 vid 0 mac 98:f1:81:80:45:73
01-01 08:00:58.446 I/binder ( 0): 3168:3168 ioctl 40046210 7fc271fc14 returned -22
01-01 08:00:58.452 I/[soft_i][0x42aff273][16:03:42.561233] wlan( 0): [0:I:DP] dp_peer_find_add_id: ref_cnt: 2
01-01 08:00:58.452 E/[soft_i][0x42aff36c][16:03:42.561246] wlan( 0): [0:E:DP] dp_peer_map_ast: peer fffffffb08220000 ID 73 vid 0 mac 98:f1:81:80:45:73
11-11 16:03:42.289 W/ActivityManager( 1169): Slow operation: 717ms so far, now at startProcess: done updating pids map
11-11 16:03:42.289 W/ActivityManager( 1169): Slow operation: 716ms so far, now at startProcess: asking zygote to start proc
11-11 16:03:42.289 D/CompatibilityChangeReporter( 1169): Compat change id reported: 143937733; UID 10075; state: DISABLED
11-11 16:03:42.333 W/OverlayManager( 1169): service 'idmap' died
11-11 16:03:42.387 W/wificond( 1291): Scan is not started. Ignore abort request
11-11 16:03:42.437 D/CompatibilityChangeReporter( 1169): Compat change id reported: 168419799; UID 10056; state: DISABLED
01-01 08:00:58.523 I/zram0 ( 0): detected capacity change from 0 to 4294967296
11-11 16:03:42.477 W/ActivityManager( 1169): Slow operation: 905ms so far, now at startProcess: returned from zygote!
11-11 16:03:42.478 W/ActivityManager( 1169): Slow operation: 905ms so far, now at startProcess: done updating battery stats
11-11 16:03:42.478 W/ActivityManager( 1169): Slow operation: 905ms so far, now at startProcess: building log message
11-11 16:03:42.478 I/ActivityManager( 1169): Start proc 3168:com.qualcomm.qti.services.systemhelper:systemhelper_service/u0a75 for added application com.qualcomm.qti.services.systemhelper:systemhelper_service
11-11 16:03:42.478 W/ActivityManager( 1169): Slow operation: 905ms so far, now at startProcess: starting to update pids map
11-11 16:03:42.478 W/ActivityManager( 1169): Slow operation: 905ms so far, now at startProcess: done updating pids map
11-11 16:03:42.478 W/ActivityManager( 1169): Slow operation: 904ms so far, now at startProcess: asking zygote to start proc
11-11 16:03:42.478 D/CompatibilityChangeReporter( 1169): Compat change id reported: 143937733; UID 10091; state: ENABLED
01-01 08:00:58.578 I/[schedu][0x42d4dc6d][16:03:42.687235] wlan( 0): [2349:I:PE] Auth TX: seq 1 seq num 2049 status 0 WEP 0 to 98:f1:81:80:45:73
11-11 16:03:42.575 W/ActivityManager( 1169): Slow operation: 1002ms so far, now at startProcess: returned from zygote!
11-11 16:03:42.576 W/ActivityManager( 1169): Slow operation: 1002ms so far, now at startProcess: done updating battery stats
11-11 16:03:42.576 W/ActivityManager( 1169): Slow operation: 1002ms so far, now at startProcess: building log message
11-11 16:03:42.576 I/ActivityManager( 1169): Start proc 3188:com.qualcomm.qti.qccnetstat/u0a91 for added application com.qualcomm.qti.qccnetstat
11-11 16:03:42.576 W/ActivityManager( 1169): Slow operation: 1002ms so far, now at startProcess: starting to update pids map
11-11 16:03:42.576 W/ActivityManager( 1169): Slow operation: 1002ms so far, now at startProcess: done updating pids map
11-11 16:03:42.576 W/ActivityManager( 1169): Slow operation: 1001ms so far, now at startProcess: asking zygote to start proc
11-11 16:03:42.576 D/CompatibilityChangeReporter( 1169): Compat change id reported: 143937733; UID 10090; state: ENABLED
11-11 16:03:42.582 D/CompatibilityChangeReporter( 1169): Compat change id reported: 168419799; UID 10075; state: DISABLED
11-11 16:03:42.599 W/FreeFormWindowHelper( 1169): Current Display FreeFormTask is null
11-11 16:03:42.639 W/ActivityManager( 1169): Slow operation: 1064ms so far, now at startProcess: returned from zygote!
11-11 16:03:42.639 W/ActivityManager( 1169): Slow operation: 1065ms so far, now at startProcess: done updating battery stats
11-11 16:03:42.639 W/ActivityManager( 1169): Slow operation: 1065ms so far, now at startProcess: building log message
11-11 16:03:42.639 I/ActivityManager( 1169): Start proc 3197:com.qualcomm.qti.workloadclassifier/u0a90 for added application com.qualcomm.qti.workloadclassifier
11-11 16:03:42.639 W/ActivityManager( 1169): Slow operation: 1065ms so far, now at startProcess: starting to update pids map
11-11 16:03:42.650 D/CompatibilityChangeReporter( 1169): Compat change id reported: 174042980; UID 1000; state: DISABLED
11-11 16:03:42.654 W/ActivityManager( 1169): Slow operation: 1079ms so far, now at startProcess: done updating pids map
11-11 16:03:42.654 W/ActivityManager( 1169): Slow operation: 1063ms so far, now at startProcess: asking zygote to start proc
11-11 16:03:42.655 D/CompatibilityChangeReporter( 1169): Compat change id reported: 143937733; UID 10098; state: ENABLED
11-11 16:03:42.705 D/CompatibilityChangeReporter( 1169): Compat change id reported: 168419799; UID 10091; state: DISABLED
11-11 16:03:42.728 W/FreeFormWindowHelper( 1169): Current Display FreeFormTask is null
11-11 16:03:42.750 W/FreeFormWindowHelper( 1169): Current Display FreeFormTask is null
11-11 16:03:42.787 W/ActivityManager( 1169): Slow operation: 1195ms so far, now at startProcess: returned from zygote!
11-11 16:03:42.787 W/ActivityManager( 1169): Slow operation: 1195ms so far, now at startProcess: done updating battery stats
11-11 16:03:42.787 I/Watchdog( 1169): Interesting Java process com.android.providers.media.module started. Pid 3228
11-11 16:03:42.787 W/ActivityManager( 1169): Slow operation: 1195ms so far, now at startProcess: building log message
11-11 16:03:42.787 I/ActivityManager( 1169): Start proc 3228:com.android.providers.media.module/u0a98 for service {com.android.providers.media.module/com.android.providers.media.fuse.ExternalStorageServiceImpl}
11-11 16:03:42.787 W/ActivityManager( 1169): Slow operation: 1196ms so far, now at startProcess: starting to update pids map
11-11 16:03:42.789 W/ActivityManager( 1169): Slow operation: 1197ms so far, now at startProcess: done updating pids map
01-01 08:00:58.579 I/binder ( 0): 3188:3188 ioctl 40046210 7fc271fc14 returned -22
01-01 08:00:58.581 I/[schedu][0x42d5abc1][16:03:42.689998] wlan( 0): [2349:I:PE] Auth TX: success
01-01 08:00:58.586 I/[schedu][0x42d71f7d][16:03:42.694955] wlan( 0): [2349:I:PE] Auth RX: vdev 0 sys role 3 lim_state 5 from 98:f1:81:80:45:73 rssi -63 auth_alg 0 seq 3302
01-01 08:00:58.592 I/[schedu][0x42d8ffb7][16:03:42.701358] wlan( 0): [2349:I:PE] Assoc req TX: vdev 0 to 98:f1:81:80:45:73 seq num 2050
01-01 08:00:58.596 I/[schedu][0x42da1e1f][16:03:42.705175] wlan( 0): [2349:I:PE] Assoc req TX: success
01-01 08:00:58.628 I/[schedu][0x42e36bb5][16:03:42.736930] wlan( 0): [2349:I:PE] Assoc rsp RX: subtype 0 vdev 0 sys role 3 lim state 10 rssi -63 from 98:f1:81:80:45:73
01-01 08:00:58.640 E/[schedu][0x42e71984][16:03:42.749487] wlan( 0): [2349:E:QDF] qdf_mem_malloc_debug: 1206: Cannot malloc 0 bytes @ csr_get_cfg_max_tx_power:14199
01-01 08:00:58.664 E/[schedu][0x42ee14df][16:03:42.773319] wlan( 0): [2349:E:QDF] qdf_mem_malloc_debug: 1206: Cannot malloc 0 bytes @ csr_get_cfg_max_tx_power:14199
01-01 08:00:58.722 E/[soft_i][0x42fee7e1][16:03:42.830745] wlan( 0): [0:E:DP] dp_tx_initialize_threshold: tx flow control threshold is set, pool size is 4096
01-01 08:00:58.741 I/[schedu][0x43047413][16:03:42.849683] wlan( 0): [2349:I:HDD] wlan0(vdevid-0): 3a:51:6d:c9:66:f3 connected to 98:f1:81:80:45:73
01-01 08:00:58.828 W/[schedu][0x431e1960][16:03:42.937221] wlan( 0): [2349:W:HDD] hdd_association_completion_handler: 3291: Warning:ASSOC_LINKUP_TIMEOUT
01-01 08:00:58.829 I/binder ( 0): 3197:3197 ioctl 40046210 7fc271fc14 returned -22
01-01 08:00:58.849 I/ ( 0): Adding 4194300k swap on /dev/block/zram0. Priority:32758 extents:1 across:4194300k SS
01-01 08:00:58.871 I/binder ( 0): 3228:3228 ioctl 40046210 7fc271fc14 returned -22
01-01 08:00:58.902 W/QSEECOM ( 0): __qseecom_unload_app: App (9) is unloaded
01-01 08:00:58.903 D/qbt ( 0): qbt_release: entry minor_no=0 fd_available=0
01-01 08:00:58.903 D/qbt ( 0): qbt_release: Releasing wakelock
01-01 08:00:58.903 D/qbt ( 0): qbt_release: exit : fd_available=1
01-01 08:00:58.903 D/qbt ( 0): qbt_release: entry minor_no=1 fd_available=1
01-01 08:00:58.903 D/qbt ( 0): qbt_release: exit : fd_available=1
11-11 16:03:42.789 W/ActivityManager( 1169): Slow operation: 1081ms so far, now at startProcess: asking zygote to start proc
01-01 08:00:58.940 E/[schedu][0x433efa58][16:03:43.049448] wlan( 0): [2349:E:QDF] qdf_mem_malloc_debug: 1206: Cannot malloc 0 bytes @ csr_get_cfg_max_tx_power:14199
01-01 08:00:58.967 I/binder ( 0): 3278:3278 ioctl 40046210 7fc271fc14 returned -22
11-11 16:03:42.821 I/ActivityRecord( 1169): real home.....com.android.launcher3/.uioverrides.QuickstepLauncher
11-11 16:03:42.825 I/WindowManager( 1169): ******* TELLING SURFACE FLINGER WE ARE BOOTED!
11-11 16:03:42.941 D/CompatibilityChangeReporter( 1169): Compat change id reported: 135634846; UID 10037; state: DISABLED
11-11 16:03:42.942 D/CompatibilityChangeReporter( 1169): Compat change id reported: 177438394; UID 10037; state: DISABLED
11-11 16:03:42.942 D/CompatibilityChangeReporter( 1169): Compat change id reported: 135772972; UID 10037; state: DISABLED
11-11 16:03:42.942 D/CompatibilityChangeReporter( 1169): Compat change id reported: 135754954; UID 10037; state: DISABLED
11-11 16:03:42.954 D/CompatibilityChangeReporter( 1169): Compat change id reported: 168419799; UID 10090; state: DISABLED
01-01 08:00:59.188 E/[wifi@1][0x4387786d][16:03:43.296886] wlan( 0): [953:E:HDD] hdd_enable_ns_offload: 484: Failed to cache ns request; status:4
11-11 16:03:42.984 W/ActivityManager( 1169): Slow operation: 1276ms so far, now at startProcess: returned from zygote!
01-01 08:00:59.227 I/binder ( 0): undelivered transaction 37112, process died.
11-11 16:03:42.984 W/ActivityManager( 1169): Slow operation: 1277ms so far, now at startProcess: done updating battery stats
01-01 08:00:59.235 I/binder ( 0): 3301:3301 ioctl 40046210 7fc271fc14 returned -22
11-11 16:03:42.985 W/ActivityManager( 1169): Slow operation: 1277ms so far, now at startProcess: building log message
11-11 16:03:42.985 I/ActivityManager( 1169): Start proc 3278:com.android.keychain/1000 for service {com.android.keychain/com.android.keychain.KeyChainService}
11-11 16:03:42.985 W/ActivityManager( 1169): Slow operation: 1277ms so far, now at startProcess: starting to update pids map
11-11 16:03:42.990 W/ActivityManager( 1169): Slow operation: 1282ms so far, now at startProcess: done updating pids map
11-11 16:03:42.990 W/ActivityManager( 1169): Slow operation: 961ms so far, now at startProcess: asking zygote to start proc
11-11 16:03:42.991 D/CompatibilityChangeReporter( 1169): Compat change id reported: 143937733; UID 10083; state: ENABLED
11-11 16:03:43.025 D/Fingerprint21( 1169): handleError, client: FingerprintInternalCleanupClient, error: 2, vendorCode: 0
11-11 16:03:43.025 E/Fingerprint21( 1169): onError for non-error consumer: FingerprintInternalCleanupClient
11-11 16:03:43.065 D/CompatibilityChangeReporter( 1169): Compat change id reported: 168419799; UID 10098; state: DISABLED
11-11 16:03:43.077 W/ActivityManager( 1169): Slow operation: 52ms so far, now at attachApplicationLocked: after mServices.attachApplicationLocked
01-01 08:00:59.358 I/[soft_i][0x43b939e4][16:03:43.466719] wlan( 0): [0:I:QDF] DHCP-R TX: SA:3a:51:6d:c9:66:f3 DA:ff:ff:ff:ff:ff:ff msdu_id:1 status: succ
01-01 08:00:59.360 I/[dp_rx_][0x43b9f099][16:03:43.469157] wlan( 0): [2504:I:QDF] DHCP-R RX: SA:3a:51:6d:c9:66:f3 DA:ff:ff:ff:ff:ff:ff
11-11 16:03:43.106 W/ActivityManager( 1169): Slow operation: 1076ms so far, now at startProcess: returned from zygote!
11-11 16:03:43.106 W/ActivityManager( 1169): Slow operation: 1077ms so far, now at startProcess: done updating battery stats
11-11 16:03:43.106 W/ActivityManager( 1169): Slow operation: 1077ms so far, now at startProcess: building log message
11-11 16:03:43.106 I/ActivityManager( 1169): Start proc 3301:com.qualcomm.location.XT/u0a83 for service {com.qualcomm.location.XT/com.qualcomm.location.XT.XTSrv}
11-11 16:03:43.106 W/ActivityManager( 1169): Slow operation: 1077ms so far, now at startProcess: starting to update pids map
11-11 16:03:43.107 W/ActivityManager( 1169): Slow operation: 1077ms so far, now at startProcess: done updating pids map
11-11 16:03:43.107 W/ActivityManager( 1169): Slow operation: 1027ms so far, now at startProcess: asking zygote to start proc
11-11 16:03:43.107 D/CompatibilityChangeReporter( 1169): Compat change id reported: 143937733; UID 10036; state: ENABLED
11-11 16:03:43.143 D/CompatibilityChangeReporter( 1169): Compat change id reported: 168419799; UID 1000; state: DISABLED
01-01 08:00:59.365 I/[dp_rx_][0x43bb6413][16:03:43.474108] wlan( 0): [2504:I:QDF] DHCP-A RX: SA:5c:a7:21:1b:7b:d2 DA:3a:51:6d:c9:66:f3
01-01 08:00:59.430 I/binder ( 0): 3301:3351 ioctl 40046210 79b1884944 returned -22
11-11 16:03:43.288 W/ProcessCpuTracker( 1169): Failed to stat(/proc/3280): android.system.ErrnoException: stat failed: ENOENT (No such file or directory)
11-11 16:03:43.288 W/ProcessCpuTracker( 1169): Skipping unknown process pid 3280
11-11 16:03:43.297 W/ProcessCpuTracker( 1169): Failed to stat(/proc/3282): android.system.ErrnoException: stat failed: ENOENT (No such file or directory)
11-11 16:03:43.297 W/ProcessCpuTracker( 1169): Skipping unknown process pid 3282
11-11 16:03:43.297 W/ProcessCpuTracker( 1169): Failed to stat(/proc/3284): android.system.ErrnoException: stat failed: ENOENT (No such file or directory)
11-11 16:03:43.297 W/ProcessCpuTracker( 1169): Skipping unknown process pid 3284
01-01 08:00:59.454 I/binder ( 0): 3333:3333 ioctl 40046210 7fc271fc14 returned -22
11-11 16:03:43.361 W/ActivityManager( 1169): Slow operation: 1281ms so far, now at startProcess: returned from zygote!
11-11 16:03:43.362 D/CompatibilityChangeReporter( 1169): Compat change id reported: 168419799; UID 10083; state: DISABLED
11-11 16:03:43.365 W/ActivityManager( 1169): Slow operation: 1285ms so far, now at startProcess: done updating battery stats
11-11 16:03:43.365 W/ActivityManager( 1169): Slow operation: 1285ms so far, now at startProcess: building log message
11-11 16:03:43.365 I/ActivityManager( 1169): Start proc 3333:com.microsoft.emmx/u0a36 for broadcast {com.microsoft.emmx/org.chromium.chrome.browser.quickactionsearchwidget.QuickActionSearchWidgetProvider$QuickActionSearchWidgetProviderSearch}
11-11 16:03:43.365 W/ActivityManager( 1169): Slow operation: 1285ms so far, now at startProcess: starting to update pids map
11-11 16:03:43.367 W/ActivityManager( 1169): Slow operation: 1287ms so far, now at startProcess: done updating pids map
11-11 16:03:43.367 W/ActivityManager( 1169): Slow operation: 1096ms so far, now at startProcess: asking zygote to start proc
11-11 16:03:43.367 D/CompatibilityChangeReporter( 1169): Compat change id reported: 143937733; UID 10025; state: ENABLED
01-01 08:00:59.539 I/binder ( 0): 3343:3343 ioctl 40046210 7fc271fc14 returned -22
11-11 16:03:43.463 W/ActivityManager( 1169): Slow operation: 1193ms so far, now at startProcess: returned from zygote!
11-11 16:03:43.466 W/ActivityManager( 1169): Slow operation: 1195ms so far, now at startProcess: done updating battery stats
11-11 16:03:43.467 W/ActivityManager( 1169): Slow operation: 1196ms so far, now at startProcess: building log message
11-11 16:03:43.467 I/ActivityManager( 1169): Start proc 3343:com.android.providers.calendar/u0a25 for content provider {com.android.providers.calendar/com.android.providers.calendar.CalendarProvider2}
11-11 16:03:43.467 W/ActivityManager( 1169): Slow operation: 1196ms so far, now at startProcess: starting to update pids map
11-11 16:03:43.472 W/ActivityManager( 1169): Slow operation: 1201ms so far, now at startProcess: done updating pids map
11-11 16:03:43.472 W/ActivityManager( 1169): Slow operation: 530ms so far, now at startProcess: asking zygote to start proc
11-11 16:03:43.473 D/CompatibilityChangeReporter( 1169): Compat change id reported: 143937733; UID 10037; state: DISABLED
11-11 16:03:43.542 I/GameModeConfig( 1169): isGameModeOn = false
11-11 16:03:43.542 I/GameModeConfig( 1169): isGameModeOn = false
11-11 16:03:43.544 I/GameModeConfig( 1169): isGameModeOn = false
11-11 16:03:43.544 I/GameModeConfig( 1169): isGameModeOn = false
11-11 16:03:43.585 D/CompatibilityChangeReporter( 1169): Compat change id reported: 168419799; UID 10036; state: DISABLED
11-11 16:03:43.592 W/ActivityManager( 1169): Slow operation: 650ms so far, now at startProcess: returned from zygote!
11-11 16:03:43.592 W/ActivityManager( 1169): Slow operation: 651ms so far, now at startProcess: done updating battery stats
11-11 16:03:43.593 W/ActivityManager( 1169): Slow operation: 651ms so far, now at startProcess: building log message
11-11 16:03:43.593 I/ActivityManager( 1169): Start proc 3365:com.baidu.input/u0a37 for service {com.baidu.input/com.baidu.input.ImeService}
11-11 16:03:43.593 W/ActivityManager( 1169): Slow operation: 651ms so far, now at startProcess: starting to update pids map
11-11 16:03:43.593 W/ActivityManager( 1169): Slow operation: 651ms so far, now at startProcess: done updating pids map
11-11 16:03:43.606 D/CompatibilityChangeReporter( 1169): Compat change id reported: 135634846; UID 10019; state: DISABLED
11-11 16:03:43.606 D/CompatibilityChangeReporter( 1169): Compat change id reported: 177438394; UID 10019; state: DISABLED
11-11 16:03:43.606 D/CompatibilityChangeReporter( 1169): Compat change id reported: 135772972; UID 10019; state: DISABLED
11-11 16:03:43.606 D/CompatibilityChangeReporter( 1169): Compat change id reported: 135754954; UID 10019; state: ENABLED
11-11 16:03:43.607 D/CompatibilityChangeReporter( 1169): Compat change id reported: 143937733; UID 10019; state: ENABLED
01-01 08:00:59.574 I/binder ( 0): 3365:3365 ioctl 40046210 7fc271fc14 returned -22
11-11 16:03:43.655 I/ActivityManager( 1169): Start proc 3385:android.process.acore/u0a19 for content provider {com.android.providers.contacts/com.android.providers.contacts.ContactsProvider2}
11-11 16:03:43.719 D/CompatibilityChangeReporter( 1169): Compat change id reported: 168419799; UID 10025; state: DISABLED
11-11 16:03:43.725 W/ActivityManager( 1169): Slow operation: 52ms so far, now at attachApplicationLocked: after updateOomAdjLocked
11-11 16:03:43.728 I/StorageUserConnection( 1169): Service: [ComponentInfo{com.android.providers.media.module/com.android.providers.media.fuse.ExternalStorageServiceImpl}] connected. User [0]
11-11 16:03:43.739 D/CompatibilityChangeReporter( 1169): Compat change id reported: 168419799; UID 10037; state: DISABLED
01-01 08:00:59.663 I/binder ( 0): 3385:3385 ioctl 40046210 7fc271fc14 returned -22
01-01 08:00:59.678 I/cnss-daemon( 0): Invalid mac address
11-11 16:03:43.790 D/CompatibilityChangeReporter( 1169): Compat change id reported: 168419799; UID 10019; state: DISABLED
01-01 08:00:59.678 I/cnss-daemon( 0): failed to update gateway
11-11 16:03:43.870 E/NetlinkEvent( 689): NetlinkEvent::FindParam(): Parameter 'INTERFACE' not found
11-11 16:03:43.870 E/NetlinkEvent( 689): NetlinkEvent::FindParam(): Parameter 'STATE' not found
11-11 16:03:43.870 E/NetlinkEvent( 689): NetlinkEvent::FindParam(): Parameter 'TIME_NS' not found
11-11 16:03:43.870 E/NetlinkEvent( 689): NetlinkEvent::FindParam(): Parameter 'UID' not found
01-01 08:00:59.932 I/[soft_i][0x44615906][16:03:44.040574] wlan( 0): [0:I:DP] dp_addba_requestprocess_wifi3 restore BA win 64 based on addba req
01-01 08:00:59.935 E/[schedu][0x44627e1b][16:03:44.044481] wlan( 0): [2349:E:PE] lim_process_addba_req: 1716: Failed to process addba request
11-11 16:03:43.959 W/ContextImpl( 1169): Calling a method in the system process without a qualified user: android.app.ContextImpl.sendStickyBroadcast:1559 com.android.server.ConnectivityService.sendStickyBroadcast:2811 com.android.server.ConnectivityService.sendGeneralBroadcast:2786 com.android.server.ConnectivityService.sendConnectedBroadcast:2759 com.android.server.ConnectivityService.sendLegacyNetworkBroadcast:8704
11-11 16:03:43.998 W/ContextImpl( 1169): Calling a method in the system process without a qualified user: android.app.ContextImpl.sendStickyBroadcast:1559 com.android.server.ConnectivityService.sendStickyBroadcast:2811 com.android.server.ConnectivityService.sendGeneralBroadcast:2786 com.android.server.ConnectivityService.sendInetConditionBroadcast:2763 com.android.server.ConnectivityService.updateInetCondition:8451
11-11 16:03:44.005 W/ContextImpl( 2108): Calling a method in the system process without a qualified user: android.app.ContextImpl.sendBroadcast:1173 android.content.ContextWrapper.sendBroadcast:479 com.thundercomm.microsettings.action.SetTimeAction.timeUpdated:212 com.thundercomm.microsettings.action.SetTimeAction.update24HourFormat:194 com.thundercomm.microsettings.action.SetTimeAction.doActualAction:154
11-11 16:03:44.027 D/CompatibilityChangeReporter( 1169): Compat change id reported: 143231523; UID 1000; state: DISABLED
11-11 16:03:44.031 D/DevicePolicyManager( 1169): updateSystemUpdateFreezePeriodsRecord
11-11 16:03:44.031 D/ConditionProviders.SCP( 1169): onReceive android.intent.action.TIME_SET
11-11 16:03:44.031 D/ConditionProviders.SCP( 1169): evaluateSubscriptionLocked cal=ScheduleCalendar[mDays={1, 2, 3, 4, 5, 6, 7}, mSchedule=ScheduleInfo{days=[1, 2, 3, 4, 5, 6, 7], startHour=22, startMinute=0, endHour=7, endMinute=0, exitAtAlarm=true, nextAlarm=Thu Jan 01 08:00:00 GMT+08:00 1970 (0)}], now=Fri Nov 11 16:03:44 GMT+08:00 2022 (1668153824031), nextUserAlarmTime=Thu Jan 01 08:00:00 GMT+08:00 1970 (0)
11-11 16:03:44.031 D/ConditionProviders.SCP( 1169): notifyCondition condition://android/schedule?days=1.2.3.4.5.6.7&start=22.0&end=7.0&exitAtAlarm=true STATE_FALSE reason=!meetsSchedule
11-11 16:03:44.032 D/ConditionProviders.SCP( 1169): Scheduling evaluate for Fri Nov 11 22:00:00 GMT+08:00 2022 (1668175200000), in +5h56m15s969ms, now=Fri Nov 11 16:03:44 GMT+08:00 2022 (1668153824031)
11-11 16:03:44.040 D/CompatibilityChangeReporter( 1169): Compat change id reported: 171306433; UID 1000; state: ENABLED
11-11 16:03:44.063 D/CompatibilityChangeReporter( 1169): Compat change id reported: 143231523; UID 10025; state: DISABLED
11-11 16:03:44.073 D/CompatibilityChangeReporter( 1169): Compat change id reported: 171306433; UID 10025; state: ENABLED
11-11 16:03:43.000 E/LazyAlarmStore( 1169): Removed TIME_TICK alarm
11-11 16:03:43.004 D/DevicePolicyManager( 1169): updateSystemUpdateFreezePeriodsRecord
11-11 16:03:43.004 D/ConditionProviders.SCP( 1169): onReceive android.intent.action.TIME_SET
11-11 16:03:43.008 D/ConditionProviders.SCP( 1169): evaluateSubscriptionLocked cal=ScheduleCalendar[mDays={1, 2, 3, 4, 5, 6, 7}, mSchedule=ScheduleInfo{days=[1, 2, 3, 4, 5, 6, 7], startHour=22, startMinute=0, endHour=7, endMinute=0, exitAtAlarm=true, nextAlarm=Thu Jan 01 08:00:00 GMT+08:00 1970 (0)}], now=Fri Nov 11 16:03:43 GMT+08:00 2022 (1668153823004), nextUserAlarmTime=Thu Jan 01 08:00:00 GMT+08:00 1970 (0)
11-11 16:03:43.009 D/ConditionProviders.SCP( 1169): notifyCondition condition://android/schedule?days=1.2.3.4.5.6.7&start=22.0&end=7.0&exitAtAlarm=true STATE_FALSE reason=!meetsSchedule
11-11 16:03:43.009 D/ConditionProviders.SCP( 1169): Scheduling evaluate for Fri Nov 11 22:00:00 GMT+08:00 2022 (1668175200000), in +5h56m16s996ms, now=Fri Nov 11 16:03:43 GMT+08:00 2022 (1668153823004)
11-11 16:03:43.077 D/CountryDetector( 1169): The first listener is added
11-11 16:03:43.236 W/StorageManagerService( 1169): Reporting emulated;0 unmounted due to system locked
01-01 08:01:00.228 I/ALERT ( 0): changing window size from 20000000 to 16000000 at 52620394922
11-11 16:03:43.663 I/vold ( 564): Bind mounting /mnt/runtime/default/emulated/0/Android/data on /mnt/user/0/emulated/0/Android/data
11-11 16:03:43.671 I/vold ( 564): Bind mounted /mnt/runtime/default/emulated/0/Android/data on /mnt/user/0/emulated/0/Android/data
11-11 16:03:43.671 I/vold ( 564): Bind mounting /mnt/runtime/default/emulated/0/Android/obb on /mnt/user/0/emulated/0/Android/obb
11-11 16:03:43.681 I/vold ( 564): Bind mounted /mnt/runtime/default/emulated/0/Android/obb on /mnt/user/0/emulated/0/Android/obb
11-11 16:03:43.681 I/vold ( 564): Bind mounting /mnt/runtime/write/emulated/0/Android/obb on /mnt/installer/0/emulated/0/Android/obb
11-11 16:03:43.686 I/vold ( 564): Bind mounted /mnt/runtime/write/emulated/0/Android/obb on /mnt/installer/0/emulated/0/Android/obb
11-11 16:03:43.686 I/vold ( 564): Configuring read_ahead of /mnt/user/0/emulated fuse filesystem to 256kb
11-11 16:03:43.686 I/vold ( 564): Writing 256 to /sys/class/bdi/0:90/read_ahead_kb
11-11 16:03:43.686 I/vold ( 564): Configuring max_ratio of /mnt/user/0/emulated fuse filesystem to 40
11-11 16:03:43.687 I/vold ( 564): Writing 40 to /sys/class/bdi/0:90/max_ratio
11-11 16:03:43.688 I/StorageManagerService( 1169): Mounted volume VolumeInfo{emulated;0}:
11-11 16:03:43.688 I/StorageManagerService( 1169): type=EMULATED diskId=null partGuid= mountFlags=PRIMARY|VISIBLE
11-11 16:03:43.688 I/StorageManagerService( 1169): mountUserId=0 state=CHECKING
11-11 16:03:43.688 I/StorageManagerService( 1169): fsType=null fsUuid=null fsLabel=null
11-11 16:03:43.688 I/StorageManagerService( 1169): path=/storage/emulated internalPath=/data/media
11-11 16:03:43.690 I/StorageSessionController( 1169): Notifying volume state changed for session with id: emulated;0
11-11 16:03:43.691 W/StorageManagerService( 1169): Reporting emulated;0 unmounted due to system locked
11-11 16:03:43.692 W/StorageManagerService( 1169): Reporting emulated;0 unmounted due to system locked
11-11 16:03:43.697 W/StorageManagerService( 1169): Reporting emulated;0 unmounted due to system locked
11-11 16:03:43.699 W/StorageManagerService( 1169): Reporting emulated;0 unmounted due to system locked
11-11 16:03:43.700 W/StorageManagerService( 1169): Reporting emulated;0 unmounted due to system locked
11-11 16:03:43.701 W/StorageManagerService( 1169): Reporting emulated;0 unmounted due to system locked
11-11 16:03:43.703 W/StorageManagerService( 1169): Reporting emulated;0 unmounted due to system locked
11-11 16:03:43.704 W/StorageManagerService( 1169): Reporting emulated;0 unmounted due to system locked
11-11 16:03:43.705 W/StorageManagerService( 1169): Reporting emulated;0 unmounted due to system locked
11-11 16:03:43.706 W/StorageManagerService( 1169): Reporting emulated;0 unmounted due to system locked
11-11 16:03:43.722 I/StorageSessionController( 1169): Notifying volume state changed for session with id: emulated;0
11-11 16:03:43.736 I/StorageSessionController( 1169): Notifying volume state changed for session with id: emulated;0
11-11 16:03:43.754 D/StorageManagerService( 1169): Volume emulated;0 broadcasting mounted to UserHandle{0}
11-11 16:03:43.755 D/StorageManagerService( 1169): Volume emulated;0 broadcasting mounted to UserHandle{0}
11-11 16:03:43.800 D/CompatibilityChangeReporter( 1169): Compat change id reported: 149924527; UID 10098; state: ENABLED
11-11 16:03:43.801 D/CompatibilityChangeReporter( 1169): Compat change id reported: 132649864; UID 10098; state: DISABLED
11-11 16:03:43.802 D/CompatibilityChangeReporter( 1169): Compat change id reported: 182734110; UID 10098; state: DISABLED
11-11 16:03:43.817 D/CompatibilityChangeReporter( 1169): Compat change id reported: 135634846; UID 1000; state: DISABLED
11-11 16:03:43.818 D/CompatibilityChangeReporter( 1169): Compat change id reported: 177438394; UID 1000; state: DISABLED
11-11 16:03:43.818 D/CompatibilityChangeReporter( 1169): Compat change id reported: 135772972; UID 1000; state: DISABLED
11-11 16:03:43.818 D/CompatibilityChangeReporter( 1169): Compat change id reported: 135754954; UID 1000; state: ENABLED
11-11 16:03:43.856 I/ActivityManager( 1169): Start proc 3529:com.android.localtransport/1000 for service {com.android.localtransport/com.android.localtransport.LocalTransportService}
01-01 08:01:00.872 I/binder ( 0): 3529:3529 ioctl 40046210 7fc271fc14 returned -22
11-11 16:03:43.927 D/CompatibilityChangeReporter( 1169): Compat change id reported: 168419799; UID 1000; state: DISABLED
11-11 16:03:44.012 I/TransportClient( 1169): LocalTransportService#0: Notifying [TransportManager.registerTransport()] transport = IBackupTransport
11-11 16:03:44.018 D/BackupTransportManager( 1169): Transport com.android.localtransport/.LocalTransportService registered
11-11 16:03:44.018 D/BackupManagerService( 1169): [UserID:0] Transport com.android.localtransport/.LocalTransport registered 3215ms after first request (delay = 3000ms)
11-11 16:03:44.053 I/BackupManagerService( 1169): [UserID:0] Found 21 stale backup journal(s), scheduling.
11-11 16:03:44.057 V/BackupManagerConstants( 1169): getKeyValueBackupIntervalMilliseconds(...) returns 14400000
11-11 16:03:44.057 V/BackupManagerConstants( 1169): getKeyValueBackupFuzzMilliseconds(...) returns 600000
11-11 16:03:44.058 V/BackupManagerConstants( 1169): getKeyValueBackupRequiredNetworkType(...) returns 1
11-11 16:03:44.058 V/BackupManagerConstants( 1169): getKeyValueBackupRequireCharging(...) returns true
11-11 16:03:44.058 V/KeyValueBackupJob( 1169): Scheduling k/v pass in 240 minutes
11-11 16:03:44.059 D/CompatibilityChangeReporter( 1169): Compat change id reported: 135634846; UID 10033; state: DISABLED
11-11 16:03:44.059 D/CompatibilityChangeReporter( 1169): Compat change id reported: 177438394; UID 10033; state: DISABLED
11-11 16:03:44.059 D/CompatibilityChangeReporter( 1169): Compat change id reported: 135772972; UID 10033; state: DISABLED
11-11 16:03:44.059 D/CompatibilityChangeReporter( 1169): Compat change id reported: 135754954; UID 10033; state: ENABLED
11-11 16:03:44.060 D/CompatibilityChangeReporter( 1169): Compat change id reported: 143937733; UID 10033; state: ENABLED
11-11 16:03:44.106 I/ActivityManager( 1169): Start proc 3586:com.android.traceur/u0a33 for broadcast {com.android.traceur/com.android.traceur.Receiver}
01-01 08:01:01.135 I/binder ( 0): 3586:3586 ioctl 40046210 7fc271fc14 returned -22
11-11 16:03:44.171 I/BackupManagerService( 1169): [UserID:0] Stale backup journals: Scheduled 8 package(s) total
11-11 16:03:44.181 D/CompatibilityChangeReporter( 1169): Compat change id reported: 168419799; UID 10033; state: DISABLED
11-11 16:03:44.234 D/CompatibilityChangeReporter( 1169): Compat change id reported: 171306433; UID 10037; state: DISABLED
11-11 16:03:44.380 D/CompatibilityChangeReporter( 1169): Compat change id reported: 172100307; UID 10098; state: DISABLED
01-01 08:01:01.458 W/audit ( 0): audit_lost=1 audit_rate_limit=5 audit_backlog_limit=64
01-01 08:01:01.458 E/audit ( 0): rate limit exceeded
11-11 16:03:44.503 I/UsageStatsService( 1169): User[0] Time changed in by -2 seconds
11-11 16:03:44.503 I/UsageStatsService( 1169): User[0] Flushing usage stats to disk
11-11 16:03:44.510 W/ActivityTaskManager( 1169): Current config: {1.0 ?mcc?mnc [zh_CN] ldltr sw680dp w1586dp h625dp 240dpi lrg long hdr land night finger -keyb/v/h -nav/h winConfig={ mBounds=Rect(0, 0 - 2380, 1020) mAppBounds=Rect(0, 0 - 2380, 974) mMaxBounds=Rect(0, 0 - 2380, 1020) mWindowingMode=fullscreen mDisplayWindowingMode=fullscreen mActivityType=undefined mAlwaysOnTop=undefined mRotation=ROTATION_0} s.10 fontWeightAdjustment=0} unchanged for IME proc com.baidu.input
11-11 16:03:44.510 W/ActivityTaskManager( 1169): Current config: {1.0 ?mcc?mnc [zh_CN] ldltr sw680dp w1586dp h625dp 240dpi lrg long hdr land night finger -keyb/v/h -nav/h winConfig={ mBounds=Rect(0, 0 - 2380, 1020) mAppBounds=Rect(0, 0 - 2380, 974) mMaxBounds=Rect(0, 0 - 2380, 1020) mWindowingMode=fullscreen mDisplayWindowingMode=fullscreen mActivityType=undefined mAlwaysOnTop=undefined mRotation=ROTATION_0} s.10 fontWeightAdjustment=0} unchanged for IME proc com.baidu.input
11-11 16:03:44.564 W/BroadcastQueue( 1169): Permission Denial: broadcasting Intent { act=android.net.conn.CONNECTIVITY_CHANGE flg=0x4200010 (has extras) } from null (pid=-1, uid=-1) requires com.baidu.input.permission.sofire.RECEIVE due to registered receiver BroadcastFilter{ec4a5d1 10037/u0 ReceiverList{64cecf8 3365 com.baidu.input/10037/u0 remote:590cc5b}}
11-11 16:03:44.639 E/PackageDexUsage( 1169): Unsupported context?
11-11 16:03:44.656 I/UsageStatsDatabase( 1169): Time changed by -2s146ms. files deleted: 0 files moved: 8
11-11 16:03:44.678 I/UsageStatsService( 1169): User[0] Rollover scheduled @ 2022-11-11 18:59:22(1668164362752)
11-11 16:03:44.749 I/GameModeConfig( 1169): isGameModeOn = false
11-11 16:03:44.749 I/GameModeConfig( 1169): isGameModeOn = false
11-11 16:03:44.750 I/GameModeConfig( 1169): isGameModeOn = false
11-11 16:03:44.750 I/GameModeConfig( 1169): isGameModeOn = false
11-11 16:03:44.807 D/CompatibilityChangeReporter( 1169): Compat change id reported: 135634846; UID 1000; state: DISABLED
11-11 16:03:44.807 D/CompatibilityChangeReporter( 1169): Compat change id reported: 177438394; UID 1000; state: DISABLED
11-11 16:03:44.807 D/CompatibilityChangeReporter( 1169): Compat change id reported: 135772972; UID 1000; state: DISABLED
11-11 16:03:44.807 D/CompatibilityChangeReporter( 1169): Compat change id reported: 135754954; UID 1000; state: DISABLED
11-11 16:03:44.844 I/ActivityManager( 1169): Start proc 3685:com.qualcomm.qti.qmmi/1000 for broadcast {com.qualcomm.qti.qmmi/com.qualcomm.qti.qmmi.framework.QmmiReceiver}
01-01 08:01:01.865 I/binder ( 0): 3685:3685 ioctl 40046210 7fc271fc14 returned -22
11-11 16:03:44.912 D/CompatibilityChangeReporter( 1169): Compat change id reported: 168419799; UID 1000; state: DISABLED
11-11 16:03:45.006 W/ContextImpl( 2108): Calling a method in the system process without a qualified user: android.app.ContextImpl.sendBroadcast:1173 android.content.ContextWrapper.sendBroadcast:479 com.thundercomm.microsettings.action.SetTimeAction.timeUpdated:212 com.thundercomm.microsettings.action.SetTimeAction.update24HourFormat:194 com.thundercomm.microsettings.action.SetTimeAction.doActualAction:154
11-11 16:03:45.012 D/DevicePolicyManager( 1169): updateSystemUpdateFreezePeriodsRecord
11-11 16:03:45.012 D/ConditionProviders.SCP( 1169): onReceive android.intent.action.TIME_SET
11-11 16:03:45.013 D/ConditionProviders.SCP( 1169): evaluateSubscriptionLocked cal=ScheduleCalendar[mDays={1, 2, 3, 4, 5, 6, 7}, mSchedule=ScheduleInfo{days=[1, 2, 3, 4, 5, 6, 7], startHour=22, startMinute=0, endHour=7, endMinute=0, exitAtAlarm=true, nextAlarm=Thu Jan 01 08:00:00 GMT+08:00 1970 (0)}], now=Fri Nov 11 16:03:45 GMT+08:00 2022 (1668153825013), nextUserAlarmTime=Thu Jan 01 08:00:00 GMT+08:00 1970 (0)
11-11 16:03:45.013 D/ConditionProviders.SCP( 1169): notifyCondition condition://android/schedule?days=1.2.3.4.5.6.7&start=22.0&end=7.0&exitAtAlarm=true STATE_FALSE reason=!meetsSchedule
11-11 16:03:45.014 D/ConditionProviders.SCP( 1169): Scheduling evaluate for Fri Nov 11 22:00:00 GMT+08:00 2022 (1668175200000), in +5h56m14s987ms, now=Fri Nov 11 16:03:45 GMT+08:00 2022 (1668153825013)
11-11 16:03:44.001 E/LazyAlarmStore( 1169): Removed TIME_TICK alarm
11-11 16:03:44.006 I/DropBoxManagerService( 1169): add tag=system_server_wtf isTagEnabled=true flags=0x2
11-11 16:03:44.009 D/DevicePolicyManager( 1169): updateSystemUpdateFreezePeriodsRecord
11-11 16:03:44.012 D/ConditionProviders.SCP( 1169): onReceive android.intent.action.TIME_SET
11-11 16:03:44.012 D/ConditionProviders.SCP( 1169): evaluateSubscriptionLocked cal=ScheduleCalendar[mDays={1, 2, 3, 4, 5, 6, 7}, mSchedule=ScheduleInfo{days=[1, 2, 3, 4, 5, 6, 7], startHour=22, startMinute=0, endHour=7, endMinute=0, exitAtAlarm=true, nextAlarm=Thu Jan 01 08:00:00 GMT+08:00 1970 (0)}], now=Fri Nov 11 16:03:44 GMT+08:00 2022 (1668153824012), nextUserAlarmTime=Thu Jan 01 08:00:00 GMT+08:00 1970 (0)
11-11 16:03:44.012 D/ConditionProviders.SCP( 1169): notifyCondition condition://android/schedule?days=1.2.3.4.5.6.7&start=22.0&end=7.0&exitAtAlarm=true STATE_FALSE reason=!meetsSchedule
11-11 16:03:44.012 D/ConditionProviders.SCP( 1169): Scheduling evaluate for Fri Nov 11 22:00:00 GMT+08:00 2022 (1668175200000), in +5h56m15s988ms, now=Fri Nov 11 16:03:44 GMT+08:00 2022 (1668153824012)
11-11 16:03:44.028 I/DropBoxManagerService( 1169): add tag=system_server_strictmode isTagEnabled=true flags=0x2
11-11 16:03:44.066 W/BroadcastQueue( 1169): Permission Denial: broadcasting Intent { act=android.net.conn.CONNECTIVITY_CHANGE flg=0x4200010 (has extras) } from null (pid=-1, uid=-1) requires com.baidu.input.permission.sofire.RECEIVE due to registered receiver BroadcastFilter{7682082 10037/u0 ReceiverList{855cfcd 3365 com.baidu.input/10037/u0 remote:d38d164}}
11-11 16:03:44.149 I/UsageStatsService( 1169): Time changed in by -2 seconds
11-11 16:03:44.162 D/CompatibilityChangeReporter( 1169): Compat change id reported: 168419799; UID 10068; state: DISABLED --------- beginning of crash
11-11 16:03:44.181 E/AndroidRuntime( 2469): FATAL EXCEPTION: main
11-11 16:03:44.181 E/AndroidRuntime( 2469): Process: com.qualcomm.qti.devicestatisticsservice, PID: 2469
11-11 16:03:44.181 E/AndroidRuntime( 2469): java.lang.NoClassDefFoundError: Failed resolution of: Landroid/hidl/manager/V1_0/IServiceNotification$Stub;
11-11 16:03:44.181 E/AndroidRuntime( 2469): at com.qualcomm.qti.devicestatisticsservice.DeviceStatisticsService.onStartCommand(DeviceStatisticsService.java:83)
11-11 16:03:44.181 E/AndroidRuntime( 2469): at android.app.ActivityThread.handleServiceArgs(ActivityThread.java:4640)
11-11 16:03:44.181 E/AndroidRuntime( 2469): at android.app.ActivityThread.access$2000(ActivityThread.java:248)
11-11 16:03:44.181 E/AndroidRuntime( 2469): at android.app.ActivityThread$H.handleMessage(ActivityThread.java:2092)
11-11 16:03:44.181 E/AndroidRuntime( 2469): at android.os.Handler.dispatchMessage(Handler.java:106)
11-11 16:03:44.181 E/AndroidRuntime( 2469): at android.os.Looper.loopOnce(Looper.java:201)
11-11 16:03:44.181 E/AndroidRuntime( 2469): at android.os.Looper.loop(Looper.java:288)
11-11 16:03:44.181 E/AndroidRuntime( 2469): at android.app.ActivityThread.main(ActivityThread.java:7880)
11-11 16:03:44.181 E/AndroidRuntime( 2469): at java.lang.reflect.Method.invoke(Native Method)
11-11 16:03:44.181 E/AndroidRuntime( 2469): at com.android.internal.os.RuntimeInit$MethodAndArgsCaller.run(RuntimeInit.java:548)
11-11 16:03:44.181 E/AndroidRuntime( 2469): at com.android.internal.os.ZygoteInit.main(ZygoteInit.java:1009)
11-11 16:03:44.181 E/AndroidRuntime( 2469): Caused by: java.lang.ClassNotFoundException: android.hidl.manager.V1_0.IServiceNotification$Stub
11-11 16:03:44.181 E/AndroidRuntime( 2469): ... 11 more
11-11 16:03:44.197 D/CompatibilityChangeReporter( 1169): Compat change id reported: 168419799; UID 1000; state: DISABLED
11-11 16:03:44.199 E/BootReceiver( 1169): Could not open /sys/kernel/tracing/instances/bootreceiver/trace_pipe
11-11 16:03:44.199 E/BootReceiver( 1169): android.system.ErrnoException: open failed: ENOENT (No such file or directory)
11-11 16:03:44.199 E/BootReceiver( 1169): at libcore.io.Linux.open(Native Method)
11-11 16:03:44.199 E/BootReceiver( 1169): at libcore.io.ForwardingOs.open(ForwardingOs.java:567)
11-11 16:03:44.199 E/BootReceiver( 1169): at libcore.io.BlockGuardOs.open(BlockGuardOs.java:273)
11-11 16:03:44.199 E/BootReceiver( 1169): at android.system.Os.open(Os.java:501)
11-11 16:03:44.199 E/BootReceiver( 1169): at com.android.server.BootReceiver.onReceive(BootReceiver.java:167)
11-11 16:03:44.199 E/BootReceiver( 1169): at android.app.ActivityThread.handleReceiver(ActivityThread.java:4309)
11-11 16:03:44.199 E/BootReceiver( 1169): at android.app.ActivityThread.access$1600(ActivityThread.java:248)
11-11 16:03:44.199 E/BootReceiver( 1169): at android.app.ActivityThread$H.handleMessage(ActivityThread.java:2065)
11-11 16:03:44.199 E/BootReceiver( 1169): at android.os.Handler.dispatchMessage(Handler.java:106)
11-11 16:03:44.199 E/BootReceiver( 1169): at android.os.Looper.loopOnce(Looper.java:201)
11-11 16:03:44.199 E/BootReceiver( 1169): at android.os.Looper.loop(Looper.java:288)
11-11 16:03:44.199 E/BootReceiver( 1169): at com.android.server.SystemServer.run(SystemServer.java:909)
11-11 16:03:44.199 E/BootReceiver( 1169): at com.android.server.SystemServer.main(SystemServer.java:616)
11-11 16:03:44.199 E/BootReceiver( 1169): at java.lang.reflect.Method.invoke(Native Method)
11-11 16:03:44.199 E/BootReceiver( 1169): at com.android.internal.os.RuntimeInit$MethodAndArgsCaller.run(RuntimeInit.java:548)
11-11 16:03:44.199 E/BootReceiver( 1169): at com.android.internal.os.ZygoteInit.main(ZygoteInit.java:987)
11-11 16:03:44.203 I/DropBoxManagerService( 1169): add tag=system_app_crash isTagEnabled=true flags=0x2
11-11 16:03:44.203 I/DropBoxManagerService( 1169): add tag=system_server_wtf isTagEnabled=true flags=0x2
11-11 16:03:44.240 I/DropBoxManagerService( 1169): add tag=SYSTEM_BOOT isTagEnabled=true flags=0x2
11-11 16:03:44.246 I/BootReceiver( 1169): Copying audit failures to DropBox
11-11 16:03:44.247 I/BootReceiver( 1169): Checking for fsck errors
11-11 16:03:44.247 I/BootReceiver( 1169): fs_stat, partition:dsp_b stat:0x3
11-11 16:03:44.247 I/BootReceiver( 1169): fs_stat, partition:persist stat:0x40b
11-11 16:03:44.264 I/ActivityManager( 1169): Process com.qualcomm.qti.devicestatisticsservice (pid 2469) has died: pers PER
11-11 16:03:44.266 W/ActivityManager( 1169): Scheduling restart of crashed service com.qualcomm.qti.devicestatisticsservice/.DeviceStatisticsService in 0ms for persistent
11-11 16:03:44.267 W/ActivityManager( 1169): Re-adding persistent process ProcessRecord{265dcbe 2469:com.qualcomm.qti.devicestatisticsservice/u0a68}
11-11 16:03:44.267 D/CompatibilityChangeReporter( 1169): Compat change id reported: 135634846; UID 10068; state: DISABLED
11-11 16:03:44.268 D/CompatibilityChangeReporter( 1169): Compat change id reported: 177438394; UID 10068; state: DISABLED
11-11 16:03:44.268 D/CompatibilityChangeReporter( 1169): Compat change id reported: 135772972; UID 10068; state: DISABLED
11-11 16:03:44.268 D/CompatibilityChangeReporter( 1169): Compat change id reported: 135754954; UID 10068; state: ENABLED
11-11 16:03:44.268 D/CompatibilityChangeReporter( 1169): Compat change id reported: 143937733; UID 10068; state: ENABLED
11-11 16:03:44.281 D/CompatibilityChangeReporter( 1169): Compat change id reported: 135634846; UID 10023; state: DISABLED
11-11 16:03:44.282 D/CompatibilityChangeReporter( 1169): Compat change id reported: 177438394; UID 10023; state: DISABLED
11-11 16:03:44.283 D/CompatibilityChangeReporter( 1169): Compat change id reported: 135772972; UID 10023; state: DISABLED
11-11 16:03:44.283 D/CompatibilityChangeReporter( 1169): Compat change id reported: 135754954; UID 10023; state: ENABLED
11-11 16:03:44.309 I/ActivityManager( 1169): Start proc 3732:com.qualcomm.qti.devicestatisticsservice/u0a68 for restart com.qualcomm.qti.devicestatisticsservice
11-11 16:03:44.309 D/CompatibilityChangeReporter( 1169): Compat change id reported: 143937733; UID 10023; state: ENABLED
11-11 16:03:44.312 D/CompatibilityChangeReporter( 1169): Compat change id reported: 168419799; UID 10075; state: DISABLED
01-01 08:01:02.350 I/binder ( 0): 3732:3732 ioctl 40046210 7fc271fc14 returned -22
11-11 16:03:44.353 W/ActivityManager( 1169): Slow operation: 73ms so far, now at startProcess: returned from zygote!
11-11 16:03:44.353 W/ActivityManager( 1169): Slow operation: 74ms so far, now at startProcess: done updating battery stats
11-11 16:03:44.353 W/ActivityManager( 1169): Slow operation: 74ms so far, now at startProcess: building log message
11-11 16:03:44.353 I/ActivityManager( 1169): Start proc 3743:android.process.media/u0a23 for content provider {com.android.providers.downloads/com.android.providers.downloads.DownloadProvider}
11-11 16:03:44.354 W/ActivityManager( 1169): Slow operation: 74ms so far, now at startProcess: starting to update pids map
11-11 16:03:44.354 W/ActivityManager( 1169): Slow operation: 74ms so far, now at startProcess: done updating pids map
01-01 08:01:02.373 I/binder ( 0): 3168:3756 ioctl 40046210 79ac517604 returned -22
01-01 08:01:02.428 I/binder ( 0): 3743:3743 ioctl 40046210 7fc271fc14 returned -22
11-11 16:03:44.371 D/CompatibilityChangeReporter( 1169): Compat change id reported: 135634846; UID 1000; state: DISABLED
11-11 16:03:44.371 D/CompatibilityChangeReporter( 1169): Compat change id reported: 177438394; UID 1000; state: DISABLED
11-11 16:03:44.371 D/CompatibilityChangeReporter( 1169): Compat change id reported: 135772972; UID 1000; state: DISABLED
11-11 16:03:44.371 D/CompatibilityChangeReporter( 1169): Compat change id reported: 135754954; UID 1000; state: ENABLED
11-11 16:03:44.427 W/ActivityManager( 1169): Slow operation: 57ms so far, now at startProcess: returned from zygote!
11-11 16:03:44.427 W/ActivityManager( 1169): Slow operation: 57ms so far, now at startProcess: done updating battery stats
11-11 16:03:44.428 W/ActivityManager( 1169): Slow operation: 57ms so far, now at startProcess: building log message
11-11 16:03:44.428 I/ActivityManager( 1169): Start proc 3773:com.qti.diagservices/1000 for broadcast {com.qti.diagservices/com.qti.diagservices.Diag_OnBoot}
11-11 16:03:44.428 W/ActivityManager( 1169): Slow operation: 57ms so far, now at startProcess: starting to update pids map
11-11 16:03:44.428 W/ActivityManager( 1169): Slow operation: 58ms so far, now at startProcess: done updating pids map
11-11 16:03:44.453 W/PackageParser( 3365): No actions in intent filter at /system/priv-app/baidu_ime-mainLine-release/baidu_ime-mainLine-release.apk Binary XML file line #1529
11-11 16:03:44.457 D/CompatibilityChangeReporter( 1169): Compat change id reported: 168419799; UID 10023; state: DISABLED
01-01 08:01:02.479 I/binder ( 0): 3773:3773 ioctl 40046210 7fc271fc14 returned -22
01-01 08:01:02.547 W/audit ( 0): audit_lost=2 audit_rate_limit=5 audit_backlog_limit=64
01-01 08:01:02.547 E/audit ( 0): rate limit exceeded
11-11 16:03:44.587 E/ActivityThread( 3365): Failed to find provider info for telephony
11-11 16:03:44.601 I/GameModeConfig( 1169): isGameModeOn = false
11-11 16:03:44.602 I/GameModeConfig( 1169): isGameModeOn = false
01-01 08:01:02.599 I/init ( 0): Service 'ethernet' (pid 3003) exited with status 1 oneshot service took 5.069000 seconds in background
01-01 08:01:02.599 I/init ( 0): Sending signal 9 to service 'ethernet' (pid 3003) process group...
01-01 08:01:02.599 I/libprocessgroup( 0): Successfully killed process cgroup uid 0 pid 3003 in 0ms
11-11 16:03:44.677 W/ContextImpl( 3773): Calling a method in the system process without a qualified user: android.app.ContextImpl.startService:1816 android.content.ContextWrapper.startService:774 android.content.ContextWrapper.startService:774 com.qti.diagservices.Diag_OnBoot.onReceive:40 android.app.ActivityThread.handleReceiver:4309
11-11 16:03:44.685 I/Telecom ( 1169): DefaultDialerCache: Refreshing default dialer for user 0: now null: DDC.oR@ABA
11-11 16:03:44.686 I/Telecom ( 1169): MissedCallNotifierImpl: reloadAfterBootComplete: user=0: TSBCR.oR@ABE
11-11 16:03:44.687 I/Telecom ( 1169): MissedCallNotifierImpl: reloadAfterBootComplete: user=0: TSBCR.oR@ABE
11-11 16:03:44.697 I/GameModeConfig( 1169): isGameModeOn = false
11-11 16:03:44.697 I/GameModeConfig( 1169): isGameModeOn = false
11-11 16:03:44.698 I/GameModeConfig( 1169): isGameModeOn = false
11-11 16:03:44.698 D/CompatibilityChangeReporter( 1169): Compat change id reported: 135634846; UID 1000; state: DISABLED
11-11 16:03:44.698 D/CompatibilityChangeReporter( 1169): Compat change id reported: 177438394; UID 1000; state: DISABLED
11-11 16:03:44.698 D/CompatibilityChangeReporter( 1169): Compat change id reported: 135772972; UID 1000; state: DISABLED
11-11 16:03:44.698 I/GameModeConfig( 1169): isGameModeOn = false
11-11 16:03:44.699 D/CompatibilityChangeReporter( 1169): Compat change id reported: 135754954; UID 1000; state: ENABLED
11-11 16:03:44.701 I/GameModeConfig( 1169): isGameModeOn = false
11-11 16:03:44.701 I/GameModeConfig( 1169): isGameModeOn = false
11-11 16:03:44.738 I/ActivityManager( 1169): Start proc 3815:com.android.dynsystem/1000 for broadcast {com.android.dynsystem/com.android.dynsystem.BootCompletedReceiver}
01-01 08:01:02.777 I/binder ( 0): 3815:3815 ioctl 40046210 7fc271fc14 returned -22
11-11 16:03:44.791 D/CompatibilityChangeReporter( 1169): Compat change id reported: 168419799; UID 1000; state: DISABLED
11-11 16:03:44.931 D/CompatibilityChangeReporter( 1169): Compat change id reported: 135634846; UID 1000; state: DISABLED
