11-11 16:08:45.079 W/swapper/2( 0): type=1400 audit(0.0:657): avc: denied { kill } for capability=5 scontext=u:r:kernel:s0 tcontext=u:r:kernel:s0 tclass=capability permissive=0
11-11 16:08:45.396 I/netd ( 689): setProcSysNet(4, 2, wlan0, retrans_time_ms, 750) <0.90ms>
11-11 16:08:45.401 I/netd ( 689): setProcSysNet(4, 2, wlan0, ucast_solicit, 10) <0.78ms>
11-11 16:08:45.405 I/netd ( 689): setProcSysNet(6, 2, wlan0, retrans_time_ms, 750) <0.85ms>
11-11 16:08:45.407 I/netd ( 689): setProcSysNet(6, 2, wlan0, ucast_solicit, 10) <0.58ms>
11-11 16:08:45.457 I/mpu_uart( 664): [MSG-P:RECV]:No message received in 1000 ms
11-11 16:08:45.463 D/AudioIDCMicroNegotiator( 1169): idcm_volume:setIDCMicroVolume return 11
11-11 16:08:45.463 D/AS.AudioService( 1169): idcm_volume:setIDCMicroVolume: 11
11-11 16:08:45.487 I/vol.Events( 1933): writeEvent level_changed STREAM_ALARM 3
11-11 16:08:45.487 I/vol.Events( 1933): writeEvent level_changed STREAM_RING 2
11-11 16:08:45.493 I/vol.Events( 1933): writeEvent level_changed STREAM_SYSTEM 2
11-11 16:08:45.496 I/vol.Events( 1933): writeEvent level_changed STREAM_VOICE_CALL 2
11-11 16:08:45.496 I/vol.Events( 1933): writeEvent level_changed STREAM_MUSIC 11
11-11 16:08:45.496 I/vol.Events( 1933): writeEvent mute_changed STREAM_MUSIC false
11-11 16:08:45.497 I/mpu_uart( 664): [MSG-P:R]:recv sync frame timeout
11-11 16:08:45.498 D/APM_AudioPolicyManager( 1028): setVolumeCurveIndex: wrong index 0 min=1 max=15
11-11 16:08:45.498 E/APM_AudioPolicyManager( 1028): setVolumeIndexForAttributes failed to set curve index for group 1 device 0x2
11-11 16:08:45.499 E/AudioSystem-JNI( 1169): Command failed for android_media_AudioSystem_setStreamVolumeIndex: -22
11-11 16:08:45.506 D/APM_AudioPolicyManager( 1028): setVolumeCurveIndex: wrong index 0 min=1 max=7
11-11 16:08:45.507 E/APM_AudioPolicyManager( 1028): setVolumeIndexForAttributes failed to set curve index for group 2 device 0x2
11-11 16:08:45.507 E/AudioSystem-JNI( 1169): Command failed for android_media_AudioSystem_setStreamVolumeIndex: -22
11-11 16:08:45.512 D/RemoteControlService( 2422): setVolume called, target type: music, target volume 11
11-11 16:08:45.514 D/RemoteControlService( 2422): Digest: 8F74D1CCE5B6E32F3898A8C225BD56D6EE2042E58A0DE93A5F9D7758BADE10CB
11-11 16:08:45.514 D/RemoteControlService( 2422): Send data length: 133
11-11 16:08:45.515 D/RemoteControlService( 2422): Send message finished. direction: 16, messageType: 19, json: {"name":"music","source":0,"token":"BYdGz1fZZDdu2YZ","type":"volume_change","value":11}
11-11 16:08:45.517 D/RemoteControlService( 2422): RemoteVolumeCommand ResponseSpeedTest - use time: 2686
11-11 16:08:45.517 D/RemoteControlService( 2422): handleMessage called
11-11 16:08:45.517 D/RemoteControlService( 2422): Client-192.168.4.4 handleHeartBeat:277
11-11 16:08:45.517 D/RemoteControlService( 2422): Is not connect command
11-11 16:08:45.517 D/RemoteControlService( 2422): haveControl ? clientcom.thundercomm.remotecontrolservice.RemoteControllerClient@9c510e2
11-11 16:08:45.517 D/RemoteControlService( 2422): Client have control
11-11 16:08:45.536 D/APM_AudioPolicyManager( 1028): setVolumeCurveIndex: wrong index 0 min=1 max=15
11-11 16:08:45.536 E/APM_AudioPolicyManager( 1028): setVolumeIndexForAttributes failed to set curve index for group 1 device 0x2
11-11 16:08:45.537 E/AudioSystem-JNI( 1169): Command failed for android_media_AudioSystem_setStreamVolumeIndex: -22
11-11 16:08:45.537 I/OpenGLRenderer( 1933): Davey! duration=9223371685056ms; Flags=0, FrameTimelineVsyncId=3726, IntendedVsync=351797697482, Vsync=351831030814, InputEventId=0, HandleInputStart=351835041704, AnimationStart=351835044621, PerformTraversalsStart=351835046704, DrawStart=351835247433, FrameDeadline=351814364148, FrameInterval=351835024048, FrameStartTime=16666666, SyncQueued=351835500089, SyncStart=351835691808, IssueDrawCommandsStart=351835938527, SwapBuffers=351838683058, FrameCompleted=9223372036854775807, DequeueBufferDuration=69010, QueueBufferDuration=6075990, GpuCompleted=9223372036854775807, SwapBuffersCompleted=351847469985, DisplayPresentTime=0,
11-11 16:08:45.538 D/APM_AudioPolicyManager( 1028): setVolumeCurveIndex: wrong index 0 min=1 max=15
11-11 16:08:45.538 E/APM_AudioPolicyManager( 1028): setVolumeIndexForAttributes failed to set curve index for group 1 device 0x4
11-11 16:08:45.538 E/AudioSystem-JNI( 1169): Command failed for android_media_AudioSystem_setStreamVolumeIndex: -22
11-11 16:08:45.539 D/APM_AudioPolicyManager( 1028): setVolumeCurveIndex: wrong index 0 min=1 max=15
11-11 16:08:45.539 E/APM_AudioPolicyManager( 1028): setVolumeIndexForAttributes failed to set curve index for group 1 device 0x8
11-11 16:08:45.539 E/AudioSystem-JNI( 1169): Command failed for android_media_AudioSystem_setStreamVolumeIndex: -22
11-11 16:08:45.539 D/APM_AudioPolicyManager( 1028): setVolumeCurveIndex: wrong index 0 min=1 max=15
11-11 16:08:45.540 E/APM_AudioPolicyManager( 1028): setVolumeIndexForAttributes failed to set curve index for group 1 device 0x4000000
11-11 16:08:45.540 E/AudioSystem-JNI( 1169): Command failed for android_media_AudioSystem_setStreamVolumeIndex: -22
11-11 16:08:45.541 D/APM_AudioPolicyManager( 1028): setVolumeCurveIndex: wrong index 0 min=1 max=15
11-11 16:08:45.541 E/APM_AudioPolicyManager( 1028): setVolumeIndexForAttributes failed to set curve index for group 1 device 0x40000000
11-11 16:08:45.541 E/AudioSystem-JNI( 1169): Command failed for android_media_AudioSystem_setStreamVolumeIndex: -22
11-11 16:08:45.580 D/APM_AudioPolicyManager( 1028): setVolumeCurveIndex: wrong index 0 min=1 max=7
11-11 16:08:45.580 E/APM_AudioPolicyManager( 1028): setVolumeIndexForAttributes failed to set curve index for group 2 device 0x2
11-11 16:08:45.580 E/AudioSystem-JNI( 1169): Command failed for android_media_AudioSystem_setStreamVolumeIndex: -22
11-11 16:08:45.580 D/APM_AudioPolicyManager( 1028): setVolumeCurveIndex: wrong index 0 min=1 max=7
11-11 16:08:45.580 E/APM_AudioPolicyManager( 1028): setVolumeIndexForAttributes failed to set curve index for group 2 device 0x4
11-11 16:08:45.581 E/AudioSystem-JNI( 1169): Command failed for android_media_AudioSystem_setStreamVolumeIndex: -22
11-11 16:08:45.581 D/APM_AudioPolicyManager( 1028): setVolumeCurveIndex: wrong index 0 min=1 max=7
11-11 16:08:45.581 E/APM_AudioPolicyManager( 1028): setVolumeIndexForAttributes failed to set curve index for group 2 device 0x8
11-11 16:08:45.582 E/AudioSystem-JNI( 1169): Command failed for android_media_AudioSystem_setStreamVolumeIndex: -22
11-11 16:08:45.582 D/APM_AudioPolicyManager( 1028): setVolumeCurveIndex: wrong index 0 min=1 max=7
11-11 16:08:45.582 E/APM_AudioPolicyManager( 1028): setVolumeIndexForAttributes failed to set curve index for group 2 device 0x4000000
11-11 16:08:45.583 E/AudioSystem-JNI( 1169): Command failed for android_media_AudioSystem_setStreamVolumeIndex: -22
11-11 16:08:45.583 D/APM_AudioPolicyManager( 1028): setVolumeCurveIndex: wrong index 0 min=1 max=7
11-11 16:08:45.583 E/APM_AudioPolicyManager( 1028): setVolumeIndexForAttributes failed to set curve index for group 2 device 0x40000000
11-11 16:08:45.583 E/AudioSystem-JNI( 1169): Command failed for android_media_AudioSystem_setStreamVolumeIndex: -22
11-11 16:08:45.614 D/AS.AudioService( 1169): idcm_volume:setIDCMicroVolume(stream=3, index=0, calling=com.thundercomm.remotecontrolservice)
11-11 16:08:45.614 D/AudioIDCMicroNegotiator( 1169): idcm_volume:setIDCMicroVolume
11-11 16:08:45.615 D/AudioIDCMicroNegotiator( 1169): idcm_common:requestResult method = setVolume parameters = {"functionInfo":{"IDCM_VolumeValue_Media":"0"}}
11-11 16:08:45.615 I/MicroServiceManager( 1169): requestResult(setVolume) parameters is{"functionInfo":{"IDCM_VolumeValue_Media":"0"}}.
11-11 16:08:45.627 D/MicroService( 2075): Send message to IDCM:SocketMessageBean{businessData='21930', srcService='FSEM_AudioService', destService='IDCM_CarAudioService', messageType='0', uuid='1668154125615397902', payloadData={"srcService":"FSEM_AudioService","dstService":"IDCM_CarAudioService","messageType":0,"uuid":1668154125615397902,"methodName":"setVolume","parameters":{"functionInfo":{"IDCM_VolumeValue_Media":"0"}}}}
11-11 16:08:45.642 I/vol.Events( 1933): writeEvent show_dialog volume_changed keyguard=false
11-11 16:08:45.649 D/BluetoothDatabase( 1910): getBondedDevicesOrdered: Invalid address for device LocalStorage
11-11 16:08:45.680 I/MicroService( 2075): Receive message: SocketMessageBean{businessData='21930', srcService='IDCM_CarAudioService', destService='FSEM_AudioService', messageType='1', uuid='1668154125615397902', payloadData={"srcService":"IDCM_CarAudioService","dstService":"FSEM_AudioService","methodName":"setVolume","messageType":1,"uuid":1668154125615397902,"parameters":{"functionInfo":{"IDCM_VolumeValue_Media":"0"}}}}
11-11 16:08:45.681 I/MicroService( 2075): onResponse(setVolume): {"functionInfo":{"IDCM_VolumeValue_Media":"0"}}
11-11 16:08:45.960 E/NtpTimeHelper( 1169): requestTime failed
11-11 16:08:46.006 D/MicroSettings: SetTimeAction( 2108): setTimezone: Asia/Shanghai
11-11 16:08:46.008 D/AlarmManagerService( 1169): Kernel timezone updated to -480 minutes west of GMT
11-11 16:08:46.013 D/CompatibilityInfo( 1169): mCompatibilityFlags - 4
11-11 16:08:46.013 D/CompatibilityInfo( 1169): applicationDensity - 240
11-11 16:08:46.013 D/CompatibilityInfo( 1169): applicationScale - 1.0
11-11 16:08:46.023 D/CompatibilityInfo( 1169): mCompatibilityFlags - 4
11-11 16:08:46.023 D/CompatibilityInfo( 1169): applicationDensity - 240
11-11 16:08:46.023 D/CompatibilityInfo( 1169): applicationScale - 1.0
11-11 16:08:46.079 W/swapper/1( 0): type=1400 audit(0.0:658): avc: denied { kill } for capability=5 scontext=u:r:kernel:s0 tcontext=u:r:kernel:s0 tclass=capability permissive=0
11-11 16:08:46.216 D/AudioIDCMicroNegotiator( 1169): idcm_volume:setIDCMicroVolume return null
11-11 16:08:46.217 W/AS.AudioService( 1169): idcm_warn: fail to set Vol: 0, respone: null
11-11 16:08:46.217 W/AS.AudioService( 1169): idcm_warn: exception: java.lang.Exception: fail to set Vol: 0
11-11 16:08:46.250 I/vol.Events( 1933): writeEvent level_changed STREAM_ALARM 1
11-11 16:08:46.251 I/vol.Events( 1933): writeEvent level_changed STREAM_RING 0
11-11 16:08:46.258 I/vol.Events( 1933): writeEvent level_changed STREAM_SYSTEM 0
11-11 16:08:46.258 I/vol.Events( 1933): writeEvent level_changed STREAM_VOICE_CALL 1
11-11 16:08:46.261 I/vol.Events( 1933): writeEvent level_changed STREAM_MUSIC 0
11-11 16:08:46.262 I/vol.Events( 1933): writeEvent mute_changed STREAM_MUSIC true
11-11 16:08:46.263 D/APM_AudioPolicyManager( 1028): setVolumeCurveIndex: wrong index 0 min=1 max=15
11-11 16:08:46.263 E/APM_AudioPolicyManager( 1028): setVolumeIndexForAttributes failed to set curve index for group 1 device 0x2
11-11 16:08:46.263 E/AudioSystem-JNI( 1169): Command failed for android_media_AudioSystem_setStreamVolumeIndex: -22
11-11 16:08:46.272 D/APM_AudioPolicyManager( 1028): setVolumeCurveIndex: wrong index 0 min=1 max=7
11-11 16:08:46.272 E/APM_AudioPolicyManager( 1028): setVolumeIndexForAttributes failed to set curve index for group 2 device 0x2
11-11 16:08:46.273 E/AudioSystem-JNI( 1169): Command failed for android_media_AudioSystem_setStreamVolumeIndex: -22
11-11 16:08:46.297 D/APM_AudioPolicyManager( 1028): setVolumeCurveIndex: wrong index 0 min=1 max=15
11-11 16:08:46.298 E/APM_AudioPolicyManager( 1028): setVolumeIndexForAttributes failed to set curve index for group 1 device 0x2
11-11 16:08:46.298 E/AudioSystem-JNI( 1169): Command failed for android_media_AudioSystem_setStreamVolumeIndex: -22
11-11 16:08:46.299 D/APM_AudioPolicyManager( 1028): setVolumeCurveIndex: wrong index 0 min=1 max=15
11-11 16:08:46.299 E/APM_AudioPolicyManager( 1028): setVolumeIndexForAttributes failed to set curve index for group 1 device 0x4
11-11 16:08:46.299 E/AudioSystem-JNI( 1169): Command failed for android_media_AudioSystem_setStreamVolumeIndex: -22
11-11 16:08:46.300 D/APM_AudioPolicyManager( 1028): setVolumeCurveIndex: wrong index 0 min=1 max=15
11-11 16:08:46.300 E/APM_AudioPolicyManager( 1028): setVolumeIndexForAttributes failed to set curve index for group 1 device 0x8
11-11 16:08:46.300 E/AudioSystem-JNI( 1169): Command failed for android_media_AudioSystem_setStreamVolumeIndex: -22
11-11 16:08:46.301 D/APM_AudioPolicyManager( 1028): setVolumeCurveIndex: wrong index 0 min=1 max=15
11-11 16:08:46.301 E/APM_AudioPolicyManager( 1028): setVolumeIndexForAttributes failed to set curve index for group 1 device 0x4000000
11-11 16:08:46.302 E/AudioSystem-JNI( 1169): Command failed for android_media_AudioSystem_setStreamVolumeIndex: -22
11-11 16:08:46.302 D/APM_AudioPolicyManager( 1028): setVolumeCurveIndex: wrong index 0 min=1 max=15
11-11 16:08:46.302 E/APM_AudioPolicyManager( 1028): setVolumeIndexForAttributes failed to set curve index for group 1 device 0x40000000
11-11 16:08:46.303 E/AudioSystem-JNI( 1169): Command failed for android_media_AudioSystem_setStreamVolumeIndex: -22
11-11 16:08:46.347 D/APM_AudioPolicyManager( 1028): setVolumeCurveIndex: wrong index 0 min=1 max=7
11-11 16:08:46.348 E/APM_AudioPolicyManager( 1028): setVolumeIndexForAttributes failed to set curve index for group 2 device 0x2
11-11 16:08:46.348 E/AudioSystem-JNI( 1169): Command failed for android_media_AudioSystem_setStreamVolumeIndex: -22
11-11 16:08:46.349 D/APM_AudioPolicyManager( 1028): setVolumeCurveIndex: wrong index 0 min=1 max=7
11-11 16:08:46.349 E/APM_AudioPolicyManager( 1028): setVolumeIndexForAttributes failed to set curve index for group 2 device 0x4
11-11 16:08:46.350 E/AudioSystem-JNI( 1169): Command failed for android_media_AudioSystem_setStreamVolumeIndex: -22
11-11 16:08:46.350 D/APM_AudioPolicyManager( 1028): setVolumeCurveIndex: wrong index 0 min=1 max=7
11-11 16:08:46.350 E/APM_AudioPolicyManager( 1028): setVolumeIndexForAttributes failed to set curve index for group 2 device 0x8
11-11 16:08:46.351 E/AudioSystem-JNI( 1169): Command failed for android_media_AudioSystem_setStreamVolumeIndex: -22
11-11 16:08:46.351 D/APM_AudioPolicyManager( 1028): setVolumeCurveIndex: wrong index 0 min=1 max=7
11-11 16:08:46.351 E/APM_AudioPolicyManager( 1028): setVolumeIndexForAttributes failed to set curve index for group 2 device 0x4000000
11-11 16:08:46.351 E/AudioSystem-JNI( 1169): Command failed for android_media_AudioSystem_setStreamVolumeIndex: -22
11-11 16:08:46.352 D/APM_AudioPolicyManager( 1028): setVolumeCurveIndex: wrong index 0 min=1 max=7
11-11 16:08:46.352 E/APM_AudioPolicyManager( 1028): setVolumeIndexForAttributes failed to set curve index for group 2 device 0x40000000
11-11 16:08:46.352 E/AudioSystem-JNI( 1169): Command failed for android_media_AudioSystem_setStreamVolumeIndex: -22
11-11 16:08:46.384 W/system_server( 1169): Long monitor contention with owner AudioService (1856) at void com.android.server.audio.AudioService$VolumeStreamState.applyAllVolumes()(AudioService.java:7198) waiters=1 in int com.android.server.audio.AudioService$VolumeStreamState.getIndex(int) for 125ms
11-11 16:08:46.385 D/AS.AudioService( 1169): idcm_volume:==> use the old index: 11 isStreamMute = true
11-11 16:08:46.385 W/Looper ( 1169): Slow dispatch took 127ms main h=android.app.ActivityThread$H c=android.app.LoadedApk$ReceiverDispatcher$Args$$ExternalSyntheticLambda0@8ab1bdc m=0
11-11 16:08:46.404 I/vol.Events( 1933): writeEvent level_changed STREAM_ALARM 3
11-11 16:08:46.408 I/vol.Events( 1933): writeEvent level_changed STREAM_RING 2
11-11 16:08:46.410 I/vol.Events( 1933): writeEvent level_changed STREAM_SYSTEM 2
11-11 16:08:46.412 I/vol.Events( 1933): writeEvent level_changed STREAM_VOICE_CALL 2
11-11 16:08:46.419 I/vol.Events( 1933): writeEvent level_changed STREAM_MUSIC 11
11-11 16:08:46.420 I/vol.Events( 1933): writeEvent mute_changed STREAM_MUSIC false
11-11 16:08:46.422 D/APM_AudioPolicyManager( 1028): setVolumeCurveIndex: wrong index 0 min=1 max=15
11-11 16:08:46.422 E/APM_AudioPolicyManager( 1028): setVolumeIndexForAttributes failed to set curve index for group 1 device 0x2
11-11 16:08:46.423 E/AudioSystem-JNI( 1169): Command failed for android_media_AudioSystem_setStreamVolumeIndex: -22
11-11 16:08:46.432 D/APM_AudioPolicyManager( 1028): setVolumeCurveIndex: wrong index 0 min=1 max=7
11-11 16:08:46.432 E/APM_AudioPolicyManager( 1028): setVolumeIndexForAttributes failed to set curve index for group 2 device 0x2
11-11 16:08:46.432 E/AudioSystem-JNI( 1169): Command failed for android_media_AudioSystem_setStreamVolumeIndex: -22
11-11 16:08:46.437 I/OpenGLRenderer( 1933): Davey! duration=9223371684290ms; Flags=0, FrameTimelineVsyncId=3744, IntendedVsync=352564241272, Vsync=352730907932, InputEventId=0, HandleInputStart=352737227329, AnimationStart=352737229724, PerformTraversalsStart=352737231912, DrawStart=352737420037, FrameDeadline=352580907938, FrameInterval=352737209933, FrameStartTime=16666666, SyncQueued=352737652745, SyncStart=352737932329, IssueDrawCommandsStart=352738179724, SwapBuffers=352740453422, FrameCompleted=9223372036854775807, DequeueBufferDuration=57760, QueueBufferDuration=3160729, GpuCompleted=9223372036854775807, SwapBuffersCompleted=352744921131, DisplayPresentTime=0,
11-11 16:08:46.455 D/APM_AudioPolicyManager( 1028): setVolumeCurveIndex: wrong index 0 min=1 max=15
11-11 16:08:46.455 E/APM_AudioPolicyManager( 1028): setVolumeIndexForAttributes failed to set curve index for group 1 device 0x2
11-11 16:08:46.456 E/AudioSystem-JNI( 1169): Command failed for android_media_AudioSystem_setStreamVolumeIndex: -22
11-11 16:08:46.456 D/APM_AudioPolicyManager( 1028): setVolumeCurveIndex: wrong index 0 min=1 max=15
11-11 16:08:46.456 E/APM_AudioPolicyManager( 1028): setVolumeIndexForAttributes failed to set curve index for group 1 device 0x4
11-11 16:08:46.457 E/AudioSystem-JNI( 1169): Command failed for android_media_AudioSystem_setStreamVolumeIndex: -22
11-11 16:08:46.458 I/mpu_uart( 664): [MSG-P:RECV]:No message received in 1000 ms
11-11 16:08:46.458 D/APM_AudioPolicyManager( 1028): setVolumeCurveIndex: wrong index 0 min=1 max=15
11-11 16:08:46.458 E/APM_AudioPolicyManager( 1028): setVolumeIndexForAttributes failed to set curve index for group 1 device 0x8
11-11 16:08:46.459 E/AudioSystem-JNI( 1169): Command failed for android_media_AudioSystem_setStreamVolumeIndex: -22
11-11 16:08:46.459 D/APM_AudioPolicyManager( 1028): setVolumeCurveIndex: wrong index 0 min=1 max=15
11-11 16:08:46.459 E/APM_AudioPolicyManager( 1028): setVolumeIndexForAttributes failed to set curve index for group 1 device 0x4000000
11-11 16:08:46.460 E/AudioSystem-JNI( 1169): Command failed for android_media_AudioSystem_setStreamVolumeIndex: -22
11-11 16:08:46.461 D/APM_AudioPolicyManager( 1028): setVolumeCurveIndex: wrong index 0 min=1 max=15
11-11 16:08:46.461 E/APM_AudioPolicyManager( 1028): setVolumeIndexForAttributes failed to set curve index for group 1 device 0x40000000
11-11 16:08:46.462 E/AudioSystem-JNI( 1169): Command failed for android_media_AudioSystem_setStreamVolumeIndex: -22
11-11 16:08:46.496 D/APM_AudioPolicyManager( 1028): setVolumeCurveIndex: wrong index 0 min=1 max=7
11-11 16:08:46.496 E/APM_AudioPolicyManager( 1028): setVolumeIndexForAttributes failed to set curve index for group 2 device 0x2
11-11 16:08:46.497 E/AudioSystem-JNI( 1169): Command failed for android_media_AudioSystem_setStreamVolumeIndex: -22
11-11 16:08:46.497 D/APM_AudioPolicyManager( 1028): setVolumeCurveIndex: wrong index 0 min=1 max=7
11-11 16:08:46.497 E/APM_AudioPolicyManager( 1028): setVolumeIndexForAttributes failed to set curve index for group 2 device 0x4
11-11 16:08:46.497 E/AudioSystem-JNI( 1169): Command failed for android_media_AudioSystem_setStreamVolumeIndex: -22
11-11 16:08:46.498 D/APM_AudioPolicyManager( 1028): setVolumeCurveIndex: wrong index 0 min=1 max=7
11-11 16:08:46.498 E/APM_AudioPolicyManager( 1028): setVolumeIndexForAttributes failed to set curve index for group 2 device 0x8
11-11 16:08:46.498 E/AudioSystem-JNI( 1169): Command failed for android_media_AudioSystem_setStreamVolumeIndex: -22
11-11 16:08:46.498 D/APM_AudioPolicyManager( 1028): setVolumeCurveIndex: wrong index 0 min=1 max=7
11-11 16:08:46.498 E/APM_AudioPolicyManager( 1028): setVolumeIndexForAttributes failed to set curve index for group 2 device 0x4000000
11-11 16:08:46.499 E/AudioSystem-JNI( 1169): Command failed for android_media_AudioSystem_setStreamVolumeIndex: -22
11-11 16:08:46.499 D/APM_AudioPolicyManager( 1028): setVolumeCurveIndex: wrong index 0 min=1 max=7
11-11 16:08:46.499 E/APM_AudioPolicyManager( 1028): setVolumeIndexForAttributes failed to set curve index for group 2 device 0x40000000
11-11 16:08:46.499 E/AudioSystem-JNI( 1169): Command failed for android_media_AudioSystem_setStreamVolumeIndex: -22
11-11 16:08:46.528 W/Looper ( 1169): Slow dispatch took 108ms main h=android.app.ActivityThread$H c=android.app.LoadedApk$ReceiverDispatcher$Args$$ExternalSyntheticLambda0@b8014e5 m=0
11-11 16:08:46.529 D/RemoteControlService( 2422): setVolume called, target type: music, target volume 0
11-11 16:08:46.532 D/RemoteControlService( 2422): Digest: 8F74D1CCE5B6E32F3898A8C225BD56D6EE2042E58A0DE93A5F9D7758BADE10CB
11-11 16:08:46.533 D/RemoteControlService( 2422): Send data length: 133
11-11 16:08:46.534 D/RemoteControlService( 2422): Send message finished. direction: 16, messageType: 19, json: {"name":"music","source":0,"token":"BYdGz1fZZDdu2YZ","type":"volume_change","value":11}
11-11 16:08:46.535 D/RemoteControlService( 2422): RemoteVolumeCommand ResponseSpeedTest - use time: 3531
11-11 16:08:46.536 D/RemoteControlService( 2422): handleMessage called
11-11 16:08:46.536 D/RemoteControlService( 2422): Client-192.168.4.4 handleHeartBeat:278
11-11 16:08:46.537 D/RemoteControlService( 2422): Is not connect command
11-11 16:08:46.537 D/RemoteControlService( 2422): haveControl ? clientcom.thundercomm.remotecontrolservice.RemoteControllerClient@9c510e2
11-11 16:08:46.537 D/RemoteControlService( 2422): Client have control
11-11 16:08:46.538 I/RemoteControlService( 2422): RemoteScreenStatusQueryCommand doAction send message: {"source":0,"token":"BYdGz1fZZDdu2YZ","type":"current_screen_status","value":"screen_on"}
11-11 16:08:46.538 D/RemoteControlService( 2422): Digest: E9EFD37AAABED9512BF5DF5F30BE0922A32CB6A47EF6CBF6DC18393A23DD5924
11-11 16:08:46.538 D/RemoteControlService( 2422): Send data length: 133
11-11 16:08:46.539 D/RemoteControlService( 2422): Send message finished. direction: 16, messageType: 37, json: {"source":0,"token":"BYdGz1fZZDdu2YZ","type":"current_screen_status","value":"screen_on"}
11-11 16:08:46.540 D/RemoteControlService( 2422): RemoteScreenStatusQueryCommand ResponseSpeedTest - use time: 3374
11-11 16:08:46.540 D/RemoteControlService( 2422): handleMessage called
11-11 16:08:46.540 D/RemoteControlService( 2422): Client-192.168.4.4 handleHeartBeat:279
11-11 16:08:46.540 D/RemoteControlService( 2422): Is not connect command
11-11 16:08:46.540 D/RemoteControlService( 2422): haveControl ? clientcom.thundercomm.remotecontrolservice.RemoteControllerClient@9c510e2
11-11 16:08:46.540 D/RemoteControlService( 2422): Client have control
11-11 16:08:46.545 I/RemoteControlService( 2422): RemoteVolumeQueryCommand doAction send message: {"source":0,"token":"BYdGz1fZZDdu2YZ","type":"current_volume","value":[{"name":"music","value":11,"value_max":39},{"name":"alarm","value":0,"value_max":7},{"name":"ring","value":0,"value_max":7}]}
11-11 16:08:46.545 D/RemoteControlService( 2422): Digest: 55B663FF1363158D5BD40B973EE40CA714D9E05FDCB082CD9029A208E4EF1B96
11-11 16:08:46.546 D/RemoteControlService( 2422): Send data length: 245
11-11 16:08:46.546 D/RemoteControlService( 2422): Send message finished. direction: 16, messageType: 23, json: {"source":0,"token":"BYdGz1fZZDdu2YZ","type":"current_volume","value":[{"name":"music","value":11,"value_max":39},{"name":"alarm","value":0,"value_max":7},{"name":"ring","value":0,"value_max":7}]}
11-11 16:08:46.547 D/RemoteControlService( 2422): RemoteVolumeQueryCommand ResponseSpeedTest - use time: 3383
11-11 16:08:46.547 D/RemoteControlService( 2422): handleMessage called
11-11 16:08:46.547 D/RemoteControlService( 2422): Client-192.168.4.4 handleHeartBeat:280
11-11 16:08:46.547 D/RemoteControlService( 2422): Is not connect command
11-11 16:08:46.548 D/RemoteControlService( 2422): haveControl ? clientcom.thundercomm.remotecontrolservice.RemoteControllerClient@9c510e2
11-11 16:08:46.548 D/RemoteControlService( 2422): Client have control
11-11 16:08:46.550 W/AS.AudioService( 1169): idcm_warn: index is the same as old one, return
11-11 16:08:46.550 D/RemoteControlService( 2422): setVolume called, target type: music, target volume 11
11-11 16:08:46.551 D/RemoteControlService( 2422): Digest: 8F74D1CCE5B6E32F3898A8C225BD56D6EE2042E58A0DE93A5F9D7758BADE10CB
11-11 16:08:46.551 D/RemoteControlService( 2422): Send data length: 133
11-11 16:08:46.552 D/RemoteControlService( 2422): Send message finished. direction: 16, messageType: 19, json: {"name":"music","source":0,"token":"BYdGz1fZZDdu2YZ","type":"volume_change","value":11}
11-11 16:08:46.553 D/RemoteControlService( 2422): RemoteVolumeCommand ResponseSpeedTest - use time: 3371
11-11 16:08:46.554 D/RemoteControlService( 2422): handleMessage called
11-11 16:08:46.554 D/RemoteControlService( 2422): Client-192.168.4.4 handleHeartBeat:281
11-11 16:08:46.554 D/RemoteControlService( 2422): Is not connect command
11-11 16:08:46.555 D/RemoteControlService( 2422): haveControl ? clientcom.thundercomm.remotecontrolservice.RemoteControllerClient@9c510e2
11-11 16:08:46.555 D/RemoteControlService( 2422): Client have control
11-11 16:08:46.556 D/AS.AudioService( 1169): idcm_volume:setIDCMicroVolume(stream=3, index=0, calling=com.thundercomm.remotecontrolservice)
11-11 16:08:46.556 D/AudioIDCMicroNegotiator( 1169): idcm_volume:setIDCMicroVolume
11-11 16:08:46.556 D/AudioIDCMicroNegotiator( 1169): idcm_common:requestResult method = setVolume parameters = {"functionInfo":{"IDCM_VolumeValue_Media":"0"}}
11-11 16:08:46.556 I/MicroServiceManager( 1169): requestResult(setVolume) parameters is{"functionInfo":{"IDCM_VolumeValue_Media":"0"}}.
11-11 16:08:46.566 D/BluetoothDatabase( 1910): getBondedDevicesOrdered: Invalid address for device LocalStorage
11-11 16:08:46.567 D/MicroService( 2075): Send message to IDCM:SocketMessageBean{businessData='21930', srcService='FSEM_AudioService', destService='IDCM_CarAudioService', messageType='0', uuid='1668154126556584464', payloadData={"srcService":"FSEM_AudioService","dstService":"IDCM_CarAudioService","messageType":0,"uuid":1668154126556584464,"methodName":"setVolume","parameters":{"functionInfo":{"IDCM_VolumeValue_Media":"0"}}}}
11-11 16:08:46.577 I/vol.Events( 1933): writeEvent show_dialog volume_changed keyguard=false
11-11 16:08:46.582 D/BluetoothDatabase( 1910): getBondedDevicesOrdered: Invalid address for device LocalStorage
11-11 16:08:46.588 I/MicroService( 2075): Receive message: SocketMessageBean{businessData='21930', srcService='IDCM_CarAudioService', destService='FSEM_AudioService', messageType='1', uuid='1668154126556584464', payloadData={"srcService":"IDCM_CarAudioService","dstService":"FSEM_AudioService","methodName":"setVolume","messageType":1,"uuid":1668154126556584464,"parameters":{"functionInfo":{"IDCM_VolumeValue_Media":"0"}}}}
11-11 16:08:46.588 I/MicroService( 2075): onResponse(setVolume): {"functionInfo":{"IDCM_VolumeValue_Media":"0"}}
11-11 16:08:46.977 D/MicroService( 2075): handleHeartBeat:476
11-11 16:08:47.013 W/ContextImpl( 2108): Calling a method in the system process without a qualified user: android.app.ContextImpl.sendBroadcast:1173 android.content.ContextWrapper.sendBroadcast:479 com.thundercomm.microsettings.action.SetTimeAction.timeUpdated:212 com.thundercomm.microsettings.action.SetTimeAction.update24HourFormat:194 com.thundercomm.microsettings.action.SetTimeAction.doActualAction:154
11-11 16:08:47.015 D/MicroService( 2075): handleHeartBeat:477
11-11 16:08:47.016 W/mm.microservic( 2075): Long monitor contention with owner Thread-881 (5799) at void com.thundercomm.microservice.MicroService.request(com.thundercomm.microservice.ITCMicroBean)(MicroService.java:342) waiters=0 in void com.thundercomm.microservice.MicroService.request(com.thundercomm.microservice.ITCMicroBean) for 2.007s
11-11 16:08:47.025 D/MicroSettings: ITCMicroCommonCallback( 2108): get request method = getScreenDisplay parameters = {"ScreenDisplay":0}
11-11 16:08:47.025 I/MicroServiceManager( 2108): requestResult(reportScreenDisplay) parameters is{"reportScreenDisplay":1}.
11-11 16:08:47.026 D/MicroSettings: GetScreenDisplayAction( 2108): report screen status
11-11 16:08:47.026 D/MicroService( 2075): handleHeartBeat:478
11-11 16:08:47.028 D/MicroSettings: ITCMicroCommonCallback( 2108): get request method = WifiInfo parameters = {"status":1,"level":3}
11-11 16:08:47.029 D/MicroSettings: NetworkSwitchUtil( 2108): syncNetStatus:wifi is true
11-11 16:08:47.034 D/DevicePolicyManager( 1169): updateSystemUpdateFreezePeriodsRecord
11-11 16:08:47.034 D/ConditionProviders.SCP( 1169): onReceive android.intent.action.TIME_SET
11-11 16:08:47.035 D/ConditionProviders.SCP( 1169): evaluateSubscriptionLocked cal=ScheduleCalendar[mDays={1, 2, 3, 4, 5, 6, 7}, mSchedule=ScheduleInfo{days=[1, 2, 3, 4, 5, 6, 7], startHour=22, startMinute=0, endHour=7, endMinute=0, exitAtAlarm=true, nextAlarm=Thu Jan 01 08:00:00 GMT+08:00 1970 (0)}], now=Fri Nov 11 16:08:47 GMT+08:00 2022 (1668154127034), nextUserAlarmTime=Thu Jan 01 08:00:00 GMT+08:00 1970 (0)
11-11 16:08:47.035 D/ConditionProviders.SCP( 1169): notifyCondition condition://android/schedule?days=1.2.3.4.5.6.7&start=22.0&end=7.0&exitAtAlarm=true STATE_FALSE reason=!meetsSchedule
11-11 16:08:47.036 W/QCC:PeriodicCI( 2513): [ERROR] Current time is wrong, status=3
11-11 16:08:47.036 D/OsAgent ( 2840): [time_change_update][3164] [HC] =>> [HS]
11-11 16:08:47.036 D/ConditionProviders.SCP( 1169): Scheduling evaluate for Fri Nov 11 22:00:00 GMT+08:00 2022 (1668175200000), in +5h51m12s966ms, now=Fri Nov 11 16:08:47 GMT+08:00 2022 (1668154127034)
11-11 16:08:47.037 D/IconProvider( 2600): onReceive: android.intent.action.TIME_SET
11-11 16:08:47.037 V/LocSvc_HIDL_IzatSubscription( 846): [timeChangeUpdate][645] [HS] <<<<= [HC]
11-11 16:08:47.037 D/CompatibilityInfo( 1169): mCompatibilityFlags - 4
11-11 16:08:47.038 D/CompatibilityInfo( 1169): applicationDensity - 240
11-11 16:08:47.038 D/CompatibilityInfo( 1169): applicationScale - 1.0
11-11 16:08:47.040 D/BaseModelUpdateTask( 2600): BaseModelUpdateTask constructor
11-11 16:08:47.040 D/BaseModelUpdateTask( 2600): java.lang.Exception
11-11 16:08:47.040 D/BaseModelUpdateTask( 2600): at com.android.launcher3.model.BaseModelUpdateTask.(BaseModelUpdateTask.java:57)
11-11 16:08:47.040 D/BaseModelUpdateTask( 2600): at com.android.launcher3.model.PackageUpdatedTask.(PackageUpdatedTask.java:88)
11-11 16:08:47.040 D/BaseModelUpdateTask( 2600): at com.android.launcher3.LauncherModel.onPackageChanged(LauncherModel.java:156)
11-11 16:08:47.040 D/BaseModelUpdateTask( 2600): at com.android.launcher3.LauncherModel.onAppIconChanged(LauncherModel.java:226)
11-11 16:08:47.040 D/BaseModelUpdateTask( 2600): at com.android.launcher3.LauncherAppState$IconObserver.onAppIconChanged(LauncherAppState.java:206)
11-11 16:08:47.040 D/BaseModelUpdateTask( 2600): at com.android.launcher3.icons.IconProvider$IconChangeReceiver.onReceive(IconProvider.java:371)
11-11 16:08:47.040 D/BaseModelUpdateTask( 2600): at android.app.LoadedApk$ReceiverDispatcher$Args.lambda$getRunnable$0$LoadedApk$ReceiverDispatcher$Args(LoadedApk.java:1679)
11-11 16:08:47.040 D/BaseModelUpdateTask( 2600): at android.app.LoadedApk$ReceiverDispatcher$Args$$ExternalSyntheticLambda0.run(Unknown Source:2)
11-11 16:08:47.040 D/BaseModelUpdateTask( 2600): at android.os.Handler.handleCallback(Handler.java:938)
11-11 16:08:47.040 D/BaseModelUpdateTask( 2600): at android.os.Handler.dispatchMessage(Handler.java:99)
11-11 16:08:47.040 D/BaseModelUpdateTask( 2600): at android.os.Looper.loopOnce(Looper.java:201)
11-11 16:08:47.040 D/BaseModelUpdateTask( 2600): at android.os.Looper.loop(Looper.java:288)
11-11 16:08:47.040 D/BaseModelUpdateTask( 2600): at android.os.HandlerThread.run(HandlerThread.java:67)
11-11 16:08:47.040 I/LocSvc_SystemStatusOsObserver( 846): DataItem: IS_TIME_CHANGED: true >> Wiper
11-11 16:08:47.040 D/IconProvider( 2600): onReceive: android.intent.action.TIME_SET
11-11 16:08:47.041 D/PackageUpdatedTask( 2600): PackageUpdatedTask constructor: op=2,user=UserHandle{0},packages=[com.android.calendar]
11-11 16:08:47.041 D/PackageUpdatedTask( 2600): java.lang.Exception
11-11 16:08:47.041 D/PackageUpdatedTask( 2600): at com.android.launcher3.model.PackageUpdatedTask.(PackageUpdatedTask.java:93)
11-11 16:08:47.041 D/PackageUpdatedTask( 2600): at com.android.launcher3.LauncherModel.onPackageChanged(LauncherModel.java:156)
11-11 16:08:47.041 D/PackageUpdatedTask( 2600): at com.android.launcher3.LauncherModel.onAppIconChanged(LauncherModel.java:226)
11-11 16:08:47.041 D/PackageUpdatedTask( 2600): at com.android.launcher3.LauncherAppState$IconObserver.onAppIconChanged(LauncherAppState.java:206)
11-11 16:08:47.041 D/PackageUpdatedTask( 2600): at com.android.launcher3.icons.IconProvider$IconChangeReceiver.onReceive(IconProvider.java:371)
11-11 16:08:47.041 D/PackageUpdatedTask( 2600): at android.app.LoadedApk$ReceiverDispatcher$Args.lambda$getRunnable$0$LoadedApk$ReceiverDispatcher$Args(LoadedApk.java:1679)
11-11 16:08:47.041 D/PackageUpdatedTask( 2600): at android.app.LoadedApk$ReceiverDispatcher$Args$$ExternalSyntheticLambda0.run(Unknown Source:2)
11-11 16:08:47.041 D/PackageUpdatedTask( 2600): at android.os.Handler.handleCallback(Handler.java:938)
11-11 16:08:47.041 D/PackageUpdatedTask( 2600): at android.os.Handler.dispatchMessage(Handler.java:99)
11-11 16:08:47.041 D/PackageUpdatedTask( 2600): at android.os.Looper.loopOnce(Looper.java:201)
11-11 16:08:47.041 D/PackageUpdatedTask( 2600): at android.os.Looper.loop(Looper.java:288)
11-11 16:08:47.041 D/PackageUpdatedTask( 2600): at android.os.HandlerThread.run(HandlerThread.java:67)
11-11 16:08:47.042 D/TimeService( 2641): Receivedandroid.intent.action.TIME_SET intent. Current Time is 1668154127041
11-11 16:08:47.043 D/Launcher.IconCache( 2600): Package not found
11-11 16:08:47.043 D/Launcher.IconCache( 2600): android.content.pm.PackageManager$NameNotFoundException: com.android.calendar
11-11 16:08:47.043 D/Launcher.IconCache( 2600): at android.app.ApplicationPackageManager.getPackageInfoAsUser(ApplicationPackageManager.java:241)
11-11 16:08:47.043 D/Launcher.IconCache( 2600): at android.app.ApplicationPackageManager.getPackageInfo(ApplicationPackageManager.java:213)
11-11 16:08:47.043 D/Launcher.IconCache( 2600): at com.android.launcher3.icons.IconCache.updateIconsForPkg(IconCache.java:122)
11-11 16:08:47.043 D/Launcher.IconCache( 2600): at com.android.launcher3.model.PackageUpdatedTask.execute(PackageUpdatedTask.java:130)
11-11 16:08:47.043 D/Launcher.IconCache( 2600): at com.android.launcher3.model.BaseModelUpdateTask.run(BaseModelUpdateTask.java:80)
11-11 16:08:47.043 D/Launcher.IconCache( 2600): at com.android.launcher3.util.LooperExecutor.execute(LooperExecutor.java:45)
11-11 16:08:47.043 D/Launcher.IconCache( 2600): at com.android.launcher3.LauncherModel.enqueueModelUpdateTask(LauncherModel.java:555)
11-11 16:08:47.043 D/Launcher.IconCache( 2600): at com.android.launcher3.LauncherModel.onPackageChanged(LauncherModel.java:156)
11-11 16:08:47.043 D/Launcher.IconCache( 2600): at com.android.launcher3.LauncherModel.onAppIconChanged(LauncherModel.java:226)
11-11 16:08:47.043 D/Launcher.IconCache( 2600): at com.android.launcher3.LauncherAppState$IconObserver.onAppIconChanged(LauncherAppState.java:206)
11-11 16:08:47.043 D/Launcher.IconCache( 2600): at com.android.launcher3.icons.IconProvider$IconChangeReceiver.onReceive(IconProvider.java:371)
11-11 16:08:47.043 D/Launcher.IconCache( 2600): at android.app.LoadedApk$ReceiverDispatcher$Args.lambda$getRunnable$0$LoadedApk$ReceiverDispatcher$Args(LoadedApk.java:1679)
11-11 16:08:47.043 D/Launcher.IconCache( 2600): at android.app.LoadedApk$ReceiverDispatcher$Args$$ExternalSyntheticLambda0.run(Unknown Source:2)
11-11 16:08:47.043 D/Launcher.IconCache( 2600): at android.os.Handler.handleCallback(Handler.java:938)
11-11 16:08:47.043 D/Launcher.IconCache( 2600): at android.os.Handler.dispatchMessage(Handler.java:99)
11-11 16:08:47.043 D/Launcher.IconCache( 2600): at android.os.Looper.loopOnce(Looper.java:201)
11-11 16:08:47.043 D/Launcher.IconCache( 2600): at android.os.Looper.loop(Looper.java:288)
11-11 16:08:47.043 D/Launcher.IconCache( 2600): at android.os.HandlerThread.run(HandlerThread.java:67)
11-11 16:08:47.043 D/MicroService( 2075): handleHeartBeat:479
11-11 16:08:47.044 D/BaseModelUpdateTask( 2600): BaseModelUpdateTask constructor
11-11 16:08:47.044 D/BaseModelUpdateTask( 2600): java.lang.Exception
11-11 16:08:47.044 D/BaseModelUpdateTask( 2600): at com.android.launcher3.model.BaseModelUpdateTask.(BaseModelUpdateTask.java:57)
11-11 16:08:47.044 D/BaseModelUpdateTask( 2600): at com.android.launcher3.LauncherModel$6.(LauncherModel.java:605)
11-11 16:08:47.044 D/BaseModelUpdateTask( 2600): at com.android.launcher3.LauncherModel.refreshAndBindWidgetsAndShortcuts(LauncherModel.java:605)
11-11 16:08:47.044 D/BaseModelUpdateTask( 2600): at com.android.launcher3.Launcher.refreshAndBindWidgetsForPackageUser(Launcher.java:2862)
11-11 16:08:47.044 D/BaseModelUpdateTask( 2600): at com.android.launcher3.model.PackageUpdatedTask.execute(PackageUpdatedTask.java:139)
11-11 16:08:47.044 D/BaseModelUpdateTask( 2600): at com.android.launcher3.model.BaseModelUpdateTask.run(BaseModelUpdateTask.java:80)
11-11 16:08:47.044 D/BaseModelUpdateTask( 2600): at com.android.launcher3.util.LooperExecutor.execute(LooperExecutor.java:45)
11-11 16:08:47.044 D/BaseModelUpdateTask( 2600): at com.android.launcher3.LauncherModel.enqueueModelUpdateTask(LauncherModel.java:555)
11-11 16:08:47.044 D/BaseModelUpdateTask( 2600): at com.android.launcher3.LauncherModel.onPackageChanged(LauncherModel.java:156)
11-11 16:08:47.044 D/BaseModelUpdateTask( 2600): at com.android.launcher3.LauncherModel.onAppIconChanged(LauncherModel.java:226)
11-11 16:08:47.044 D/BaseModelUpdateTask( 2600): at com.android.launcher3.LauncherAppState$IconObserver.onAppIconChanged(LauncherAppState.java:206)
11-11 16:08:47.044 D/BaseModelUpdateTask( 2600): at com.android.launcher3.icons.IconProvider$IconChangeReceiver.onReceive(IconProvider.java:371)
11-11 16:08:47.044 D/BaseModelUpdateTask( 2600): at android.app.LoadedApk$ReceiverDispatcher$Args.lambda$getRunnable$0$LoadedApk$ReceiverDispatcher$Args(LoadedApk.java:1679)
11-11 16:08:47.044 D/BaseModelUpdateTask( 2600): at android.app.LoadedApk$ReceiverDispatcher$Args$$ExternalSyntheticLambda0.run(Unknown Source:2)
11-11 16:08:47.044 D/BaseModelUpdateTask( 2600): at android.os.Handler.handleCallback(Handler.java:938)
11-11 16:08:47.044 D/BaseModelUpdateTask( 2600): at android.os.Handler.dispatchMessage(Handler.java:99)
11-11 16:08:47.044 D/BaseModelUpdateTask( 2600): at android.os.Looper.loopOnce(Looper.java:201)
11-11 16:08:47.044 D/BaseModelUpdateTask( 2600): at android.os.Looper.loop(Looper.java:288)
11-11 16:08:47.044 D/BaseModelUpdateTask( 2600): at android.os.HandlerThread.run(HandlerThread.java:67)
11-11 16:08:47.045 D/AudioIDCMicroNegotiator( 1169): idcm_common:response from IDCM method = setVolume parameters = {"functionInfo":{"IDCM_VolumeValue_Media":"0"}}
11-11 16:08:47.046 D/AudioIDCMicroNegotiator( 1169): idcm_volume:onSetIDCMicroVolume mIsTimeout= false value = 0 isRequested=true
11-11 16:08:47.046 D/AudioIDCMicroNegotiator( 1169): idcm_volume:setIDCMicroVolume return 0
11-11 16:08:47.046 D/AS.AudioService( 1169): idcm_volume:setIDCMicroVolume: 0
11-11 16:08:47.048 D/MicroService( 2075): handleHeartBeat:480
11-11 16:08:47.048 D/QC-time-services( 662): Daemon: Connection accepted:time_genoff
11-11 16:08:47.052 D/QC-time-services( 662): Daemon:Received base = 2, unit = 1, operation = 0,value = 1668154127050
11-11 16:08:47.053 D/QC-time-services( 662): Daemon:genoff_opr: Base = 2, val = 1668154127050, operation = 0
11-11 16:08:47.053 D/MicroService( 2075): Send message to IDCM:SocketMessageBean{businessData='21930', srcService='FSEM_SettingService', destService='IDCM_MultiScreenService', messageType='0', uuid='1668154127027048839', payloadData={"srcService":"FSEM_SettingService","dstService":"IDCM_MultiScreenService","messageType":0,"uuid":1668154127027048839,"methodName":"reportScreenDisplay","parameters":{"reportScreenDisplay":1}}}
11-11 16:08:47.053 D/QC-time-services( 662): Daemon:Value read from QTimer mseconds = 360803
11-11 16:08:47.053 D/QC-time-services( 662): Daemon:Value read from RTC mseconds on boot = 38000
11-11 16:08:47.053 D/QC-time-services( 662): Daemon:Delta read on boot mseconds = 181
11-11 16:08:47.053 D/QC-time-services( 662): Daemon:new time 1668154127050
11-11 16:08:47.053 W/mm.microservic( 2075): Long monitor contention with owner Thread-889 (5812) at void com.thundercomm.microservice.MicroService.request(com.thundercomm.microservice.ITCMicroBean)(MicroService.java:342) waiters=3 in void com.thundercomm.microservice.MicroService.response(com.thundercomm.microservice.ITCMicroBean) for 465ms
11-11 16:08:47.053 D/QC-time-services( 662): Daemon: delta 1668153766066 genoff 1668153766066
11-11 16:08:47.053 D/QC-time-services( 662): Daemon:genoff_persistent_update: Writing genoff = 1668153766066 to memory
11-11 16:08:47.053 D/QC-time-services( 662): Daemon:Opening File: /mnt/vendor/persist/time/ats_2 /data/vendor/time/ats_2
11-11 16:08:47.053 D/QC-time-services( 662): Daemon:time_persistent_memory_opr:Genoff write operation
11-11 16:08:47.056 D/AudioIDCMicroNegotiator( 1169): idcm_common:response from IDCM method = setVolume parameters = {"functionInfo":{"IDCM_VolumeValue_Media":"0"}}
11-11 16:08:47.057 I/vol.Events( 1933): writeEvent level_changed STREAM_ALARM 1
11-11 16:08:47.060 D/KeyguardUpdateMonitor( 1933): received broadcast android.intent.action.TIME_SET
11-11 16:08:47.060 I/WidgetsModel( 2600): found whitelist widget: com.android.settings, label: 设置快捷方式, sectionName:S
11-11 16:08:47.060 D/AudioIDCMicroNegotiator( 1169): idcm_volume:onSetIDCMicroVolume mIsTimeout= false value = 0 isRequested=true
11-11 16:08:47.060 I/WidgetsModel( 2600): found whitelist widget: com.android.gallery3d, label: 照片, sectionName:T
11-11 16:08:47.060 I/WidgetsModel( 2600): found whitelist widget: com.android.systemui, label: 对话, sectionName:D
11-11 16:08:47.060 I/WidgetsModel( 2600): found whitelist widget: com.android.music, label: 音乐, sectionName:Y
11-11 16:08:47.062 D/ModelWriter( 2600): removing items from db
11-11 16:08:47.062 D/ModelWriter( 2600): java.lang.Exception
11-11 16:08:47.062 D/ModelWriter( 2600): at com.android.launcher3.model.ModelWriter.deleteItemsFromDatabase(ModelWriter.java:280)
11-11 16:08:47.062 D/ModelWriter( 2600): at com.android.launcher3.model.ModelWriter.deleteItemsFromDatabase(ModelWriter.java:268)
11-11 16:08:47.062 D/ModelWriter( 2600): at com.android.launcher3.model.BaseModelUpdateTask.deleteAndBindComponentsRemoved(BaseModelUpdateTask.java:140)
11-11 16:08:47.062 D/ModelWriter( 2600): at com.android.launcher3.model.PackageUpdatedTask.execute(PackageUpdatedTask.java:353)
11-11 16:08:47.062 D/ModelWriter( 2600): at com.android.launcher3.model.BaseModelUpdateTask.run(BaseModelUpdateTask.java:80)
11-11 16:08:47.062 D/ModelWriter( 2600): at com.android.launcher3.util.LooperExecutor.execute(LooperExecutor.java:45)
11-11 16:08:47.062 D/ModelWriter( 2600): at com.android.launcher3.LauncherModel.enqueueModelUpdateTask(LauncherModel.java:555)
11-11 16:08:47.062 D/ModelWriter( 2600): at com.android.launcher3.LauncherModel.onPackageChanged(LauncherModel.java:156)
11-11 16:08:47.062 D/ModelWriter( 2600): at com.android.launcher3.LauncherModel.onAppIconChanged(LauncherModel.java:226)
11-11 16:08:47.062 D/ModelWriter( 2600): at com.android.launcher3.LauncherAppState$IconObserver.onAppIconChanged(LauncherAppState.java:206)
11-11 16:08:47.062 D/ModelWriter( 2600): at com.android.launcher3.icons.IconProvider$IconChangeReceiver.onReceive(IconProvider.java:371)
11-11 16:08:47.062 D/ModelWriter( 2600): at android.app.LoadedApk$ReceiverDispatcher$Args.lambda$getRunnable$0$LoadedApk$ReceiverDispatcher$Args(LoadedApk.java:1679)
11-11 16:08:47.062 D/ModelWriter( 2600): at android.app.LoadedApk$ReceiverDispatcher$Args$$ExternalSyntheticLambda0.run(Unknown Source:2)
11-11 16:08:47.062 D/ModelWriter( 2600): at android.os.Handler.handleCallback(Handler.java:938)
11-11 16:08:47.062 D/ModelWriter( 2600): at android.os.Handler.dispatchMessage(Handler.java:99)
11-11 16:08:47.062 D/ModelWriter( 2600): at android.os.Looper.loopOnce(Looper.java:201)
11-11 16:08:47.062 D/ModelWriter( 2600): at android.os.Looper.loop(Looper.java:288)
11-11 16:08:47.062 D/ModelWriter( 2600): at android.os.HandlerThread.run(HandlerThread.java:67)
11-11 16:08:47.064 D/MicroService( 2075): handleHeartBeat:481
11-11 16:08:47.065 D/APM_AudioPolicyManager( 1028): setVolumeCurveIndex: wrong index 0 min=1 max=15
11-11 16:08:47.065 E/APM_AudioPolicyManager( 1028): setVolumeIndexForAttributes failed to set curve index for group 1 device 0x2
11-11 16:08:47.065 E/AudioSystem-JNI( 1169): Command failed for android_media_AudioSystem_setStreamVolumeIndex: -22
11-11 16:08:47.072 D/QC-time-services( 662): Updating the TOD offset
11-11 16:08:47.072 D/QC-time-services( 662): Daemon:genoff_persistent_update: Writing genoff = 1668153766066 to memory
11-11 16:08:47.072 D/QC-time-services( 662): Daemon:Opening File: /mnt/vendor/persist/time/ats_1 /data/vendor/time/ats_1
11-11 16:08:47.072 D/QC-time-services( 662): Daemon:time_persistent_memory_opr:Genoff write operation
11-11 16:08:47.078 D/BaseModelUpdateTask( 2600): BaseModelUpdateTask constructor
11-11 16:08:47.078 D/BaseModelUpdateTask( 2600): java.lang.Exception
11-11 16:08:47.078 D/BaseModelUpdateTask( 2600): at com.android.launcher3.model.BaseModelUpdateTask.(BaseModelUpdateTask.java:57)
11-11 16:08:47.078 D/BaseModelUpdateTask( 2600): at com.android.launcher3.model.AddWorkspaceItemsTask.(AddWorkspaceItemsTask.java:58)
11-11 16:08:47.078 D/BaseModelUpdateTask( 2600): at com.android.launcher3.LauncherModel.addAndBindAddedWorkspaceItems(LauncherModel.java:145)
11-11 16:08:47.078 D/BaseModelUpdateTask( 2600): at com.android.launcher3.model.PackageUpdatedTask.updateToWorkSpace(PackageUpdatedTask.java:406)
11-11 16:08:47.078 D/BaseModelUpdateTask( 2600): at com.android.launcher3.model.PackageUpdatedTask.execute(PackageUpdatedTask.java:370)
11-11 16:08:47.078 D/BaseModelUpdateTask( 2600): at com.android.launcher3.model.BaseModelUpdateTask.run(BaseModelUpdateTask.java:80)
11-11 16:08:47.078 D/BaseModelUpdateTask( 2600): at com.android.launcher3.util.LooperExecutor.execute(LooperExecutor.java:45)
11-11 16:08:47.078 D/BaseModelUpdateTask( 2600): at com.android.launcher3.LauncherModel.enqueueModelUpdateTask(LauncherModel.java:555)
11-11 16:08:47.078 D/BaseModelUpdateTask( 2600): at com.android.launcher3.LauncherModel.onPackageChanged(LauncherModel.java:156)
11-11 16:08:47.078 D/BaseModelUpdateTask( 2600): at com.android.launcher3.LauncherModel.onAppIconChanged(LauncherModel.java:226)
11-11 16:08:47.078 D/BaseModelUpdateTask( 2600): at com.android.launcher3.LauncherAppState$IconObserver.onAppIconChanged(LauncherAppState.java:206)
11-11 16:08:47.078 D/BaseModelUpdateTask( 2600): at com.android.launcher3.icons.IconProvider$IconChangeReceiver.onReceive(IconProvider.java:371)
11-11 16:08:47.078 D/BaseModelUpdateTask( 2600): at android.app.LoadedApk$ReceiverDispatcher$Args.lambda$getRunnable$0$LoadedApk$ReceiverDispatcher$Args(LoadedApk.java:1679)
11-11 16:08:47.078 D/BaseModelUpdateTask( 2600): at android.app.LoadedApk$ReceiverDispatcher$Args$$ExternalSyntheticLambda0.run(Unknown Source:2)
11-11 16:08:47.078 D/BaseModelUpdateTask( 2600): at android.os.Handler.handleCallback(Handler.java:938)
11-11 16:08:47.078 D/BaseModelUpdateTask( 2600): at android.os.Handler.dispatchMessage(Handler.java:99)
11-11 16:08:47.078 D/BaseModelUpdateTask( 2600): at android.os.Looper.loopOnce(Looper.java:201)
11-11 16:08:47.078 D/BaseModelUpdateTask( 2600): at android.os.Looper.loop(Looper.java:288)
11-11 16:08:47.078 D/BaseModelUpdateTask( 2600): at android.os.HandlerThread.run(HandlerThread.java:67)
11-11 16:08:47.078 I/vol.Events( 1933): writeEvent level_changed STREAM_RING 0
11-11 16:08:47.078 I/vol.Events( 1933): writeEvent level_changed STREAM_SYSTEM 0
11-11 16:08:47.078 I/vol.Events( 1933): writeEvent level_changed STREAM_VOICE_CALL 1
11-11 16:08:47.078 I/vol.Events( 1933): writeEvent level_changed STREAM_MUSIC 0
11-11 16:08:47.078 I/vol.Events( 1933): writeEvent mute_changed STREAM_MUSIC true
11-11 16:08:47.079 D/APM_AudioPolicyManager( 1028): setVolumeCurveIndex: wrong index 0 min=1 max=7
11-11 16:08:47.079 E/APM_AudioPolicyManager( 1028): setVolumeIndexForAttributes failed to set curve index for group 2 device 0x2
11-11 16:08:47.080 E/AudioSystem-JNI( 1169): Command failed for android_media_AudioSystem_setStreamVolumeIndex: -22
11-11 16:08:47.080 D/QC-time-services( 662): Daemon:genoff_set: Updating the WLAN offset
11-11 16:08:47.080 D/QC-time-services( 662): Daemon:genoff_persistent_update: Writing genoff = 1668153766066 to memory
11-11 16:08:47.080 D/QC-time-services( 662): Daemon:Opening File: /mnt/vendor/persist/time/ats_16 /data/vendor/time/ats_16
11-11 16:08:47.080 D/QC-time-services( 662): Daemon:time_persistent_memory_opr:Genoff write operation
11-11 16:08:47.085 D/TimeService( 2641): Set time successfully!
11-11 16:08:47.086 E/QC-time-services( 662): Daemon: Time-services: Waiting to acceptconnection
11-11 16:08:47.092 D/APM_AudioPolicyManager( 1028): setVolumeCurveIndex: wrong index 0 min=1 max=15
11-11 16:08:47.092 E/APM_AudioPolicyManager( 1028): setVolumeIndexForAttributes failed to set curve index for group 1 device 0x2
