11-11 16:03:42.334 D/SystemServerTimingAsync( 1169): ssm.onUnlockingUser-0_com.android.server.pm.DataLoaderManagerService took to complete: 0ms
11-11 16:03:42.334 I/SystemServerTimingAsync( 1169): ssm.onUnlockingUser-0_com.android.server.power.PowerManagerService
11-11 16:03:42.334 D/SystemServerTimingAsync( 1169): ssm.onUnlockingUser-0_com.android.server.power.PowerManagerService took to complete: 0ms
11-11 16:03:42.334 I/SystemServerTimingAsync( 1169): ssm.onUnlockingUser-0_com.android.server.power.ThermalManagerService
11-11 16:03:42.334 D/SystemServerTimingAsync( 1169): ssm.onUnlockingUser-0_com.android.server.power.ThermalManagerService took to complete: 0ms
11-11 16:03:42.334 I/SystemServerTimingAsync( 1169): ssm.onUnlockingUser-0_com.android.server.power.hint.HintManagerService
11-11 16:03:42.334 D/SystemServerTimingAsync( 1169): ssm.onUnlockingUser-0_com.android.server.power.hint.HintManagerService took to complete: 0ms
11-11 16:03:42.334 I/SystemServerTimingAsync( 1169): ssm.onUnlockingUser-0_com.android.server.recoverysystem.RecoverySystemService$Lifecycle
11-11 16:03:42.334 D/SystemServerTimingAsync( 1169): ssm.onUnlockingUser-0_com.android.server.recoverysystem.RecoverySystemService$Lifecycle took to complete: 0ms
11-11 16:03:42.334 I/SystemServerTimingAsync( 1169): ssm.onUnlockingUser-0_com.android.server.lights.LightsService
11-11 16:03:42.334 D/SystemServerTimingAsync( 1169): ssm.onUnlockingUser-0_com.android.server.lights.LightsService took to complete: 0ms
11-11 16:03:42.334 I/SystemServerTimingAsync( 1169): ssm.onUnlockingUser-0_com.android.server.display.DisplayManagerService
11-11 16:03:42.334 D/SystemServerTimingAsync( 1169): ssm.onUnlockingUser-0_com.android.server.display.DisplayManagerService took to complete: 0ms
11-11 16:03:42.334 I/SystemServerTimingAsync( 1169): ssm.onUnlockingUser-0_com.android.server.pm.verify.domain.DomainVerificationService
11-11 16:03:42.334 D/SystemServerTimingAsync( 1169): ssm.onUnlockingUser-0_com.android.server.pm.verify.domain.DomainVerificationService took to complete: 0ms
11-11 16:03:42.334 I/SystemServerTimingAsync( 1169): ssm.onUnlockingUser-0_com.android.server.pm.PackageInstallerService$Lifecycle
11-11 16:03:42.334 D/SystemServerTimingAsync( 1169): ssm.onUnlockingUser-0_com.android.server.pm.PackageInstallerService$Lifecycle took to complete: 0ms
11-11 16:03:42.335 I/SystemServerTimingAsync( 1169): ssm.onUnlockingUser-0_com.android.server.pm.UserManagerService$LifeCycle
11-11 16:03:42.335 D/SystemServerTimingAsync( 1169): ssm.onUnlockingUser-0_com.android.server.pm.UserManagerService$LifeCycle took to complete: 0ms
11-11 16:03:42.335 I/SystemServerTimingAsync( 1169): ssm.onUnlockingUser-0_com.android.server.om.OverlayManagerService
11-11 16:03:42.335 D/SystemServerTimingAsync( 1169): ssm.onUnlockingUser-0_com.android.server.om.OverlayManagerService took to complete: 0ms
11-11 16:03:42.335 I/SystemServerTimingAsync( 1169): ssm.onUnlockingUser-0_com.android.server.SensorPrivacyService
11-11 16:03:42.335 D/SystemServerTimingAsync( 1169): ssm.onUnlockingUser-0_com.android.server.SensorPrivacyService took to complete: 0ms
11-11 16:03:42.335 I/SystemServerTimingAsync( 1169): ssm.onUnlockingUser-0_com.android.server.thunderperf.ThunderBoostPerfService
11-11 16:03:42.335 D/SystemServerTimingAsync( 1169): ssm.onUnlockingUser-0_com.android.server.thunderperf.ThunderBoostPerfService took to complete: 0ms
11-11 16:03:42.335 I/SystemServerTimingAsync( 1169): ssm.onUnlockingUser-0_com.android.server.sensors.SensorService
11-11 16:03:42.335 D/SystemServerTimingAsync( 1169): ssm.onUnlockingUser-0_com.android.server.sensors.SensorService took to complete: 0ms
11-11 16:03:42.335 I/SystemServerTimingAsync( 1169): ssm.onUnlockingUser-0_com.android.server.SystemConfigService
11-11 16:03:42.335 D/SystemServerTimingAsync( 1169): ssm.onUnlockingUser-0_com.android.server.SystemConfigService took to complete: 0ms
11-11 16:03:42.335 I/SystemServerTimingAsync( 1169): ssm.onUnlockingUser-0_com.android.server.BatteryService
11-11 16:03:42.335 D/SystemServerTimingAsync( 1169): ssm.onUnlockingUser-0_com.android.server.BatteryService took to complete: 0ms
11-11 16:03:42.335 I/SystemServerTimingAsync( 1169): ssm.onUnlockingUser-0_com.android.server.usage.UsageStatsService
11-11 16:03:42.335 D/SystemServerTimingAsync( 1169): ssm.onUnlockingUser-0_com.android.server.usage.UsageStatsService took to complete: 0ms
11-11 16:03:42.335 I/SystemServerTimingAsync( 1169): ssm.onUnlockingUser-0_com.android.server.webkit.WebViewUpdateService
11-11 16:03:42.335 D/SystemServerTimingAsync( 1169): ssm.onUnlockingUser-0_com.android.server.webkit.WebViewUpdateService took to complete: 0ms
11-11 16:03:42.335 I/SystemServerTimingAsync( 1169): ssm.onUnlockingUser-0_com.android.server.CachedDeviceStateService
11-11 16:03:42.335 D/SystemServerTimingAsync( 1169): ssm.onUnlockingUser-0_com.android.server.CachedDeviceStateService took to complete: 0ms
11-11 16:03:42.336 I/SystemServerTimingAsync( 1169): ssm.onUnlockingUser-0_com.android.server.BinderCallsStatsService$LifeCycle
11-11 16:03:42.336 D/SystemServerTimingAsync( 1169): ssm.onUnlockingUser-0_com.android.server.BinderCallsStatsService$LifeCycle took to complete: 0ms
11-11 16:03:42.336 I/SystemServerTimingAsync( 1169): ssm.onUnlockingUser-0_com.android.server.LooperStatsService$Lifecycle
11-11 16:03:42.336 D/SystemServerTimingAsync( 1169): ssm.onUnlockingUser-0_com.android.server.LooperStatsService$Lifecycle took to complete: 0ms
11-11 16:03:42.336 I/SystemServerTimingAsync( 1169): ssm.onUnlockingUser-0_com.android.server.rollback.RollbackManagerService
11-11 16:03:42.337 W/Looper ( 1169): Slow dispatch took 994ms android.fg h=android.os.Handler c=com.android.server.am.UserController$$ExternalSyntheticLambda3@9e40fa3 m=0
11-11 16:03:42.337 W/Looper ( 1169): Slow delivery took 993ms android.fg h=android.os.Handler c=com.android.server.am.UserController$$ExternalSyntheticLambda1@ef48e59 m=0
11-11 16:03:42.338 D/SystemServerTimingAsync( 1169): ssm.onUnlockingUser-0_com.android.server.rollback.RollbackManagerService took to complete: 2ms
11-11 16:03:42.338 I/SystemServerTimingAsync( 1169): ssm.onUnlockingUser-0_com.android.server.os.NativeTombstoneManagerService
11-11 16:03:42.338 D/SystemServerTimingAsync( 1169): ssm.onUnlockingUser-0_com.android.server.os.NativeTombstoneManagerService took to complete: 0ms
11-11 16:03:42.338 I/SystemServerTimingAsync( 1169): ssm.onUnlockingUser-0_com.android.server.os.BugreportManagerService
11-11 16:03:42.338 D/SystemServerTimingAsync( 1169): ssm.onUnlockingUser-0_com.android.server.os.BugreportManagerService took to complete: 0ms
11-11 16:03:42.338 I/SystemServerTimingAsync( 1169): ssm.onUnlockingUser-0_com.android.server.gpu.GpuService
11-11 16:03:42.338 D/SystemServerTimingAsync( 1169): ssm.onUnlockingUser-0_com.android.server.gpu.GpuService took to complete: 0ms
11-11 16:03:42.339 I/SystemServerTimingAsync( 1169): ssm.onUnlockingUser-0_com.android.server.security.KeyChainSystemService
11-11 16:03:42.339 D/SystemServerTimingAsync( 1169): ssm.onUnlockingUser-0_com.android.server.security.KeyChainSystemService took to complete: 0ms
11-11 16:03:42.339 I/SystemServerTimingAsync( 1169): ssm.onUnlockingUser-0_com.android.server.telecom.TelecomLoaderService
11-11 16:03:42.339 D/SystemServerTimingAsync( 1169): ssm.onUnlockingUser-0_com.android.server.telecom.TelecomLoaderService took to complete: 0ms
11-11 16:03:42.339 I/SystemServerTimingAsync( 1169): ssm.onUnlockingUser-0_com.android.server.accounts.AccountManagerService$Lifecycle
11-11 16:03:42.339 D/SystemServerTimingAsync( 1169): ssm.onUnlockingUser-0_com.android.server.accounts.AccountManagerService$Lifecycle took to complete: 0ms
11-11 16:03:42.339 I/SystemServerTimingAsync( 1169): ssm.onUnlockingUser-0_com.android.server.content.ContentService$Lifecycle
11-11 16:03:42.339 D/SystemServerTimingAsync( 1169): ssm.onUnlockingUser-0_com.android.server.content.ContentService$Lifecycle took to complete: 1ms
11-11 16:03:42.339 I/SystemServerTimingAsync( 1169): ssm.onUnlockingUser-0_com.android.server.DropBoxManagerService
11-11 16:03:42.339 D/SystemServerTimingAsync( 1169): ssm.onUnlockingUser-0_com.android.server.DropBoxManagerService took to complete: 0ms
11-11 16:03:42.339 I/SystemServerTimingAsync( 1169): ssm.onUnlockingUser-0_com.android.role.RoleService
11-11 16:03:42.339 D/SystemServerTimingAsync( 1169): ssm.onUnlockingUser-0_com.android.role.RoleService took to complete: 0ms
11-11 16:03:42.340 I/SystemServerTimingAsync( 1169): ssm.onUnlockingUser-0_com.android.server.vibrator.VibratorManagerService$Lifecycle
11-11 16:03:42.340 D/SystemServerTimingAsync( 1169): ssm.onUnlockingUser-0_com.android.server.vibrator.VibratorManagerService$Lifecycle took to complete: 0ms
11-11 16:03:42.340 I/SystemServerTimingAsync( 1169): ssm.onUnlockingUser-0_com.android.server.alarm.AlarmManagerService
11-11 16:03:42.340 D/SystemServerTimingAsync( 1169): ssm.onUnlockingUser-0_com.android.server.alarm.AlarmManagerService took to complete: 0ms
11-11 16:03:42.340 I/SystemServerTimingAsync( 1169): ssm.onUnlockingUser-0_com.android.server.devicestate.DeviceStateManagerService
11-11 16:03:42.340 D/SystemServerTimingAsync( 1169): ssm.onUnlockingUser-0_com.android.server.devicestate.DeviceStateManagerService took to complete: 0ms
11-11 16:03:42.340 I/SystemServerTimingAsync( 1169): ssm.onUnlockingUser-0_com.android.server.camera.CameraServiceProxy
11-11 16:03:42.340 D/SystemServerTimingAsync( 1169): ssm.onUnlockingUser-0_com.android.server.camera.CameraServiceProxy took to complete: 0ms
11-11 16:03:42.340 I/SystemServerTimingAsync( 1169): ssm.onUnlockingUser-0_com.android.server.BluetoothService
11-11 16:03:42.340 D/BluetoothManagerService( 1169): User 0 unlocked
11-11 16:03:42.340 D/SystemServerTimingAsync( 1169): ssm.onUnlockingUser-0_com.android.server.BluetoothService took to complete: 0ms
11-11 16:03:42.340 I/SystemServerTimingAsync( 1169): ssm.onUnlockingUser-0_com.android.server.connectivity.IpConnectivityMetrics
11-11 16:03:42.340 D/SystemServerTimingAsync( 1169): ssm.onUnlockingUser-0_com.android.server.connectivity.IpConnectivityMetrics took to complete: 0ms
11-11 16:03:42.341 I/SystemServerTimingAsync( 1169): ssm.onUnlockingUser-0_com.android.server.net.watchlist.NetworkWatchlistService$Lifecycle
11-11 16:03:42.341 D/SystemServerTimingAsync( 1169): ssm.onUnlockingUser-0_com.android.server.net.watchlist.NetworkWatchlistService$Lifecycle took to complete: 0ms
11-11 16:03:42.341 I/SystemServerTimingAsync( 1169): ssm.onUnlockingUser-0_com.android.server.PinnerService
11-11 16:03:42.341 D/SystemServerTimingAsync( 1169): ssm.onUnlockingUser-0_com.android.server.PinnerService took to complete: 0ms
11-11 16:03:42.341 I/SystemServerTimingAsync( 1169): ssm.onUnlockingUser-0_com.google.android.startop.iorap.IorapForwardingService
11-11 16:03:42.341 D/SystemServerTimingAsync( 1169): ssm.onUnlockingUser-0_com.google.android.startop.iorap.IorapForwardingService took to complete: 0ms
11-11 16:03:42.341 I/SystemServerTimingAsync( 1169): ssm.onUnlockingUser-0_com.android.server.ActivityTriggerService
11-11 16:03:42.341 D/SystemServerTimingAsync( 1169): ssm.onUnlockingUser-0_com.android.server.ActivityTriggerService took to complete: 0ms
11-11 16:03:42.341 I/SystemServerTimingAsync( 1169): ssm.onUnlockingUser-0_com.android.server.integrity.AppIntegrityManagerService
11-11 16:03:42.341 D/SystemServerTimingAsync( 1169): ssm.onUnlockingUser-0_com.android.server.integrity.AppIntegrityManagerService took to complete: 0ms
11-11 16:03:42.341 I/SystemServerTimingAsync( 1169): ssm.onUnlockingUser-0_com.android.server.inputmethod.InputMethodManagerService$Lifecycle
11-11 16:03:42.341 D/SystemServerTimingAsync( 1169): ssm.onUnlockingUser-0_com.android.server.inputmethod.InputMethodManagerService$Lifecycle took to complete: 0ms
11-11 16:03:42.341 I/SystemServerTimingAsync( 1169): ssm.onUnlockingUser-0_com.android.server.accessibility.AccessibilityManagerService$Lifecycle
11-11 16:03:42.341 D/SystemServerTimingAsync( 1169): ssm.onUnlockingUser-0_com.android.server.accessibility.AccessibilityManagerService$Lifecycle took to complete: 0ms
11-11 16:03:42.341 I/SystemServerTimingAsync( 1169): ssm.onUnlockingUser-0_com.android.server.StorageManagerService$Lifecycle
11-11 16:03:42.341 D/StorageManagerService( 1169): onUnlockUser 0
11-11 16:03:42.341 I/StorageSessionController( 1169): On user unlock 0
11-11 16:03:42.341 I/StorageSessionController( 1169): Initialialising...
01-01 08:00:57.174 W/QSEECOM ( 0): qseecom_load_app: App (fingerpr) does'nt exist, loading apps for first time
11-11 16:03:42.354 D/BluetoothManagerService( 1169): MESSAGE_USER_UNLOCKED
11-11 16:03:42.357 I/vold ( 564): onUserStarted: 0
11-11 16:03:42.359 V/StorageManagerService( 1169): Found primary storage at VolumeInfo{emulated;0}:
11-11 16:03:42.359 V/StorageManagerService( 1169): type=EMULATED diskId=null partGuid= mountFlags=0 mountUserId=0
11-11 16:03:42.359 V/StorageManagerService( 1169): state=UNMOUNTED
11-11 16:03:42.359 V/StorageManagerService( 1169): fsType=null fsUuid=null fsLabel=null
11-11 16:03:42.359 V/StorageManagerService( 1169): path=null internalPath=null
11-11 16:03:42.360 I/StorageManagerService( 1169): Mounting volume VolumeInfo{emulated;0}:
11-11 16:03:42.360 I/StorageManagerService( 1169): type=EMULATED diskId=null partGuid= mountFlags=PRIMARY|VISIBLE
11-11 16:03:42.360 I/StorageManagerService( 1169): mountUserId=0 state=UNMOUNTED
11-11 16:03:42.360 I/StorageManagerService( 1169): fsType=null fsUuid=null fsLabel=null
11-11 16:03:42.360 I/StorageManagerService( 1169): path=null internalPath=null
11-11 16:03:42.363 I/vold ( 564): Executing sdcardfs
11-11 16:03:42.374 W/Looper ( 1169): Drained
11-11 16:03:42.379 D/vold ( 564): Waiting for sdcardfs to spin up...
11-11 16:03:42.391 W/ContextImpl( 2513): Calling a method in the system process without a qualified user: android.app.ContextImpl.startService:1816 android.content.ContextWrapper.startService:774 android.content.ContextWrapper.startService:774 com.qualcomm.qti.qdma.app.BootReceiver.onBootReceived:115 com.qualcomm.qti.innodme.InnoBootReceiver.onReceive:22
11-11 16:03:42.430 D/vold ( 564): Waiting for sdcardfs to spin up...
11-11 16:03:42.432 D/CompatibilityChangeReporter( 1169): Compat change id reported: 135634846; UID 10087; state: DISABLED
11-11 16:03:42.432 D/CompatibilityChangeReporter( 1169): Compat change id reported: 177438394; UID 10087; state: DISABLED
11-11 16:03:42.432 D/CompatibilityChangeReporter( 1169): Compat change id reported: 135772972; UID 10087; state: DISABLED
11-11 16:03:42.433 D/CompatibilityChangeReporter( 1169): Compat change id reported: 135754954; UID 10087; state: ENABLED
11-11 16:03:42.433 D/CompatibilityChangeReporter( 1169): Compat change id reported: 143937733; UID 10087; state: ENABLED
01-01 08:00:57.262 I/ ( 0): sdcardfs version 2.0
01-01 08:00:57.262 I/sdcardfs( 0): dev_name -> /data/media
01-01 08:00:57.262 I/sdcardfs( 0): options -> fsuid=1023,fsgid=1023,multiuser,derive_gid,default_normal,unshared_obb,mask=6,userid=0,gid=1015
01-01 08:00:57.262 I/sdcardfs( 0): mnt -> fffffffa6c7942e0
01-01 08:00:57.263 I/sdcardfs( 0): mounted on top of /data/media type f2fs
01-01 08:00:57.265 I/ ( 0): Remount options were mask=23,gid=9997 for vfsmnt fffffffa47f75ee0.
01-01 08:00:57.265 I/sdcardfs( 0): options - debug:1
01-01 08:00:57.265 I/sdcardfs( 0): options - gid:9997
01-01 08:00:57.265 I/sdcardfs( 0): options - mask:23
01-01 08:00:57.266 I/ ( 0): Remount options were mask=7,gid=9997 for vfsmnt fffffffa47f8fae0.
01-01 08:00:57.266 I/sdcardfs( 0): options - debug:1
01-01 08:00:57.266 I/sdcardfs( 0): options - gid:9997
01-01 08:00:57.266 I/sdcardfs( 0): options - mask:7
01-01 08:00:57.267 I/ ( 0): Remount options were mask=7,gid=9997 for vfsmnt fffffffa47fa91e0.
01-01 08:00:57.267 I/sdcardfs( 0): options - debug:1
01-01 08:00:57.267 I/sdcardfs( 0): options - gid:9997
01-01 08:00:57.267 I/sdcardfs( 0): options - mask:7
11-11 16:03:42.440 W/sdcard ( 2955): Device explicitly enabled sdcardfs
11-11 16:03:42.459 D/CompatibilityChangeReporter( 1169): Compat change id reported: 182478738; UID 1001; state: DISABLED
11-11 16:03:42.481 I/vold ( 564): Mounting emulated fuse volume
01-01 08:00:57.307 W/QSEECOM ( 0): qseecom_load_app: App with id 8 (fingerpr) now loaded
11-11 16:03:42.496 W/ActivityManager( 1169): Slow operation: 64ms so far, now at startProcess: returned from zygote!
11-11 16:03:42.496 W/ActivityManager( 1169): Slow operation: 64ms so far, now at startProcess: done updating battery stats
11-11 16:03:42.496 W/ActivityManager( 1169): Slow operation: 65ms so far, now at startProcess: building log message
11-11 16:03:42.496 I/ActivityManager( 1169): Start proc 2972:com.qualcomm.qtil.aptxui/u0a87 for broadcast {com.qualcomm.qtil.aptxui/com.qualcomm.qtil.aptxui.aptxuiBootReceiver}
11-11 16:03:42.496 W/ActivityManager( 1169): Slow operation: 65ms so far, now at startProcess: starting to update pids map
11-11 16:03:42.497 W/ActivityManager( 1169): Slow operation: 65ms so far, now at startProcess: done updating pids map
11-11 16:03:42.508 I/wificond( 1291): Regulatory domain changed to country: CN on wiphy_index: 0
11-11 16:03:42.521 I/wificond( 1291): 2.4Ghz frequencies: 2412 2417 2422 2427 2432 2437 2442 2447 2452 2457 2462 2467 2472
11-11 16:03:42.521 I/wificond( 1291): 5Ghz non-DFS frequencies: 5180 5200 5220 5240 5745 5765 5785 5805 5825
11-11 16:03:42.522 I/wificond( 1291): 5Ghz DFS frequencies: 5260 5280 5300 5320
11-11 16:03:42.522 I/wificond( 1291): 6Ghz frequencies:
11-11 16:03:42.522 I/wificond( 1291): 60Ghz frequencies:
01-01 08:00:57.372 I/binder ( 0): 2972:2972 ioctl 40046210 7fc271fc14 returned -22
11-11 16:03:42.562 D/CompatibilityChangeReporter( 1169): Compat change id reported: 168419799; UID 10087; state: DISABLED
11-11 16:03:42.563 W/SystemServiceManager( 1169): Service com.android.server.StorageManagerService$Lifecycle took 221 ms in onUnlockingUser-0
11-11 16:03:42.563 D/SystemServerTimingAsync( 1169): ssm.onUnlockingUser-0_com.android.server.StorageManagerService$Lifecycle took to complete: 221ms
11-11 16:03:42.563 I/SystemServerTimingAsync( 1169): ssm.onUnlockingUser-0_com.android.server.usage.StorageStatsService$Lifecycle
11-11 16:03:42.563 D/SystemServerTimingAsync( 1169): ssm.onUnlockingUser-0_com.android.server.usage.StorageStatsService$Lifecycle took to complete: 0ms
11-11 16:03:42.563 I/SystemServerTimingAsync( 1169): ssm.onUnlockingUser-0_com.android.server.UiModeManagerService
11-11 16:03:42.563 D/SystemServerTimingAsync( 1169): ssm.onUnlockingUser-0_com.android.server.UiModeManagerService took to complete: 0ms
11-11 16:03:42.563 I/SystemServerTimingAsync( 1169): ssm.onUnlockingUser-0_com.android.server.locksettings.LockSettingsService$Lifecycle
11-11 16:03:42.564 D/SystemServerTimingAsync( 1169): ssm.onUnlockingUser-0_com.android.server.locksettings.LockSettingsService$Lifecycle took to complete: 1ms
11-11 16:03:42.564 I/SystemServerTimingAsync( 1169): ssm.onUnlockingUser-0_com.android.server.PersistentDataBlockService
11-11 16:03:42.564 D/SystemServerTimingAsync( 1169): ssm.onUnlockingUser-0_com.android.server.PersistentDataBlockService took to complete: 0ms
11-11 16:03:42.564 I/SystemServerTimingAsync( 1169): ssm.onUnlockingUser-0_com.android.server.testharness.TestHarnessModeService
11-11 16:03:42.564 D/SystemServerTimingAsync( 1169): ssm.onUnlockingUser-0_com.android.server.testharness.TestHarnessModeService took to complete: 0ms
11-11 16:03:42.564 I/SystemServerTimingAsync( 1169): ssm.onUnlockingUser-0_com.android.server.oemlock.OemLockService
11-11 16:03:42.564 D/SystemServerTimingAsync( 1169): ssm.onUnlockingUser-0_com.android.server.oemlock.OemLockService took to complete: 0ms
11-11 16:03:42.564 I/SystemServerTimingAsync( 1169): ssm.onUnlockingUser-0_com.android.server.DeviceIdleController
11-11 16:03:42.564 D/SystemServerTimingAsync( 1169): ssm.onUnlockingUser-0_com.android.server.DeviceIdleController took to complete: 0ms
11-11 16:03:42.564 I/SystemServerTimingAsync( 1169): ssm.onUnlockingUser-0_com.android.server.devicepolicy.DevicePolicyManagerService$Lifecycle
11-11 16:03:42.564 D/SystemServerTimingAsync( 1169): ssm.onUnlockingUser-0_com.android.server.devicepolicy.DevicePolicyManagerService$Lifecycle took to complete: 0ms
11-11 16:03:42.564 I/SystemServerTimingAsync( 1169): ssm.onUnlockingUser-0_com.android.server.texttospeech.TextToSpeechManagerService
11-11 16:03:42.565 D/SystemServerTimingAsync( 1169): ssm.onUnlockingUser-0_com.android.server.texttospeech.TextToSpeechManagerService took to complete: 0ms
11-11 16:03:42.565 I/SystemServerTimingAsync( 1169): ssm.onUnlockingUser-0_com.android.server.speech.SpeechRecognitionManagerService
11-11 16:03:42.565 D/SystemServerTimingAsync( 1169): ssm.onUnlockingUser-0_com.android.server.speech.SpeechRecognitionManagerService took to complete: 1ms
11-11 16:03:42.565 I/SystemServerTimingAsync( 1169): ssm.onUnlockingUser-0_com.android.server.searchui.SearchUiManagerService
11-11 16:03:42.565 D/SystemServerTimingAsync( 1169): ssm.onUnlockingUser-0_com.android.server.searchui.SearchUiManagerService took to complete: 0ms
11-11 16:03:42.565 I/SystemServerTimingAsync( 1169): ssm.onUnlockingUser-0_com.android.server.smartspace.SmartspaceManagerService
11-11 16:03:42.565 D/SystemServerTimingAsync( 1169): ssm.onUnlockingUser-0_com.android.server.smartspace.SmartspaceManagerService took to complete: 0ms
11-11 16:03:42.566 I/SystemServerTimingAsync( 1169): ssm.onUnlockingUser-0_com.android.server.graphics.fonts.FontManagerService$Lifecycle
11-11 16:03:42.566 D/SystemServerTimingAsync( 1169): ssm.onUnlockingUser-0_com.android.server.graphics.fonts.FontManagerService$Lifecycle took to complete: 0ms
11-11 16:03:42.566 I/SystemServerTimingAsync( 1169): ssm.onUnlockingUser-0_com.android.server.textservices.TextServicesManagerService$Lifecycle
11-11 16:03:42.574 D/SystemServerTimingAsync( 1169): ssm.onUnlockingUser-0_com.android.server.textservices.TextServicesManagerService$Lifecycle took to complete: 8ms
11-11 16:03:42.574 I/SystemServerTimingAsync( 1169): ssm.onUnlockingUser-0_com.android.server.textclassifier.TextClassificationManagerService$Lifecycle
11-11 16:03:42.574 D/SystemServerTimingAsync( 1169): ssm.onUnlockingUser-0_com.android.server.textclassifier.TextClassificationManagerService$Lifecycle took to complete: 0ms
11-11 16:03:42.574 I/SystemServerTimingAsync( 1169): ssm.onUnlockingUser-0_com.android.server.NetworkScoreService$Lifecycle
11-11 16:03:42.574 D/SystemServerTimingAsync( 1169): ssm.onUnlockingUser-0_com.android.server.NetworkScoreService$Lifecycle took to complete: 0ms
11-11 16:03:42.574 I/SystemServerTimingAsync( 1169): ssm.onUnlockingUser-0_com.android.server.wifi.WifiService
11-11 16:03:42.574 D/SystemServerTimingAsync( 1169): ssm.onUnlockingUser-0_com.android.server.wifi.WifiService took to complete: 1ms
11-11 16:03:42.574 I/SystemServerTimingAsync( 1169): ssm.onUnlockingUser-0_com.android.server.wifi.scanner.WifiScanningService
11-11 16:03:42.574 D/SystemServerTimingAsync( 1169): ssm.onUnlockingUser-0_com.android.server.wifi.scanner.WifiScanningService took to complete: 0ms
11-11 16:03:42.574 I/SystemServerTimingAsync( 1169): ssm.onUnlockingUser-0_com.android.server.wifi.rtt.RttService
11-11 16:03:42.574 D/SystemServerTimingAsync( 1169): ssm.onUnlockingUser-0_com.android.server.wifi.rtt.RttService took to complete: 0ms
11-11 16:03:42.574 I/SystemServerTimingAsync( 1169): ssm.onUnlockingUser-0_com.android.server.wifi.aware.WifiAwareService
11-11 16:03:42.575 D/SystemServerTimingAsync( 1169): ssm.onUnlockingUser-0_com.android.server.wifi.aware.WifiAwareService took to complete: 0ms
11-11 16:03:42.575 I/SystemServerTimingAsync( 1169): ssm.onUnlockingUser-0_com.android.server.wifi.p2p.WifiP2pService
11-11 16:03:42.575 D/SystemServerTimingAsync( 1169): ssm.onUnlockingUser-0_com.android.server.wifi.p2p.WifiP2pService took to complete: 0ms
11-11 16:03:42.575 I/SystemServerTimingAsync( 1169): ssm.onUnlockingUser-0_com.android.server.ethernet.EthernetService
11-11 16:03:42.575 D/SystemServerTimingAsync( 1169): ssm.onUnlockingUser-0_com.android.server.ethernet.EthernetService took to complete: 0ms
11-11 16:03:42.575 I/SystemServerTimingAsync( 1169): ssm.onUnlockingUser-0_com.android.server.ConnectivityServiceInitializer
11-11 16:03:42.575 D/SystemServerTimingAsync( 1169): ssm.onUnlockingUser-0_com.android.server.ConnectivityServiceInitializer took to complete: 0ms
11-11 16:03:42.576 I/SystemServerTimingAsync( 1169): ssm.onUnlockingUser-0_com.android.server.notification.NotificationManagerService
11-11 16:03:42.576 D/SystemServerTimingAsync( 1169): ssm.onUnlockingUser-0_com.android.server.notification.NotificationManagerService took to complete: 0ms
11-11 16:03:42.576 I/SystemServerTimingAsync( 1169): ssm.onUnlockingUser-0_com.android.server.storage.DeviceStorageMonitorService
11-11 16:03:42.576 D/SystemServerTimingAsync( 1169): ssm.onUnlockingUser-0_com.android.server.storage.DeviceStorageMonitorService took to complete: 0ms
11-11 16:03:42.577 I/SystemServerTimingAsync( 1169): ssm.onUnlockingUser-0_com.android.server.location.LocationManagerService$Lifecycle
11-11 16:03:42.577 D/SystemServerTimingAsync( 1169): ssm.onUnlockingUser-0_com.android.server.location.LocationManagerService$Lifecycle took to complete: 0ms
11-11 16:03:42.577 I/SystemServerTimingAsync( 1169): ssm.onUnlockingUser-0_com.android.server.timedetector.TimeDetectorService$Lifecycle
11-11 16:03:42.577 D/SystemServerTimingAsync( 1169): ssm.onUnlockingUser-0_com.android.server.timedetector.TimeDetectorService$Lifecycle took to complete: 0ms
11-11 16:03:42.577 I/SystemServerTimingAsync( 1169): ssm.onUnlockingUser-0_com.android.server.timezonedetector.TimeZoneDetectorService$Lifecycle
11-11 16:03:42.577 D/SystemServerTimingAsync( 1169): ssm.onUnlockingUser-0_com.android.server.timezonedetector.TimeZoneDetectorService$Lifecycle took to complete: 0ms
11-11 16:03:42.578 I/SystemServerTimingAsync( 1169): ssm.onUnlockingUser-0_com.android.server.timezonedetector.location.LocationTimeZoneManagerService$Lifecycle
11-11 16:03:42.578 D/SystemServerTimingAsync( 1169): ssm.onUnlockingUser-0_com.android.server.timezonedetector.location.LocationTimeZoneManagerService$Lifecycle took to complete: 0ms
11-11 16:03:42.578 I/SystemServerTimingAsync( 1169): ssm.onUnlockingUser-0_com.android.server.search.SearchManagerService$Lifecycle
11-11 16:03:42.578 D/SystemServerTimingAsync( 1169): ssm.onUnlockingUser-0_com.android.server.search.SearchManagerService$Lifecycle took to complete: 0ms
11-11 16:03:42.578 I/SystemServerTimingAsync( 1169): ssm.onUnlockingUser-0_com.android.server.wallpaper.WallpaperManagerService$Lifecycle
11-11 16:03:42.578 I/WallpaperManagerService( 1169): on-unlock-user-0
11-11 16:03:42.578 D/WallpaperManagerService( 1169): on-unlock-user-0 took to complete: 0ms
11-11 16:03:42.578 D/SystemServerTimingAsync( 1169): ssm.onUnlockingUser-0_com.android.server.wallpaper.WallpaperManagerService$Lifecycle took to complete: 0ms
11-11 16:03:42.578 I/SystemServerTimingAsync( 1169): ssm.onUnlockingUser-0_com.android.server.audio.AudioService$Lifecycle
11-11 16:03:42.578 D/SystemServerTimingAsync( 1169): ssm.onUnlockingUser-0_com.android.server.audio.AudioService$Lifecycle took to complete: 0ms
11-11 16:03:42.579 I/SystemServerTimingAsync( 1169): ssm.onUnlockingUser-0_com.android.server.soundtrigger_middleware.SoundTriggerMiddlewareService$Lifecycle
11-11 16:03:42.579 D/SystemServerTimingAsync( 1169): ssm.onUnlockingUser-0_com.android.server.soundtrigger_middleware.SoundTriggerMiddlewareService$Lifecycle took to complete: 0ms
11-11 16:03:42.579 I/SystemServerTimingAsync( 1169): ssm.onUnlockingUser-0_com.android.server.DockObserver
11-11 16:03:42.579 D/SystemServerTimingAsync( 1169): ssm.onUnlockingUser-0_com.android.server.DockObserver took to complete: 0ms
11-11 16:03:42.579 I/SystemServerTimingAsync( 1169): ssm.onUnlockingUser-0_com.android.server.midi.MidiService$Lifecycle
11-11 16:03:42.580 D/SystemServerTimingAsync( 1169): ssm.onUnlockingUser-0_com.android.server.midi.MidiService$Lifecycle took to complete: 2ms
11-11 16:03:42.580 I/SystemServerTimingAsync( 1169): ssm.onUnlockingUser-0_com.android.server.adb.AdbService$Lifecycle
11-11 16:03:42.580 D/SystemServerTimingAsync( 1169): ssm.onUnlockingUser-0_com.android.server.adb.AdbService$Lifecycle took to complete: 0ms
11-11 16:03:42.580 I/SystemServerTimingAsync( 1169): ssm.onUnlockingUser-0_com.android.server.usb.UsbService$Lifecycle
11-11 16:03:42.581 D/SystemServerTimingAsync( 1169): ssm.onUnlockingUser-0_com.android.server.usb.UsbService$Lifecycle took to complete: 1ms
11-11 16:03:42.581 I/SystemServerTimingAsync( 1169): ssm.onUnlockingUser-0_com.android.server.twilight.TwilightService
11-11 16:03:42.581 D/SystemServerTimingAsync( 1169): ssm.onUnlockingUser-0_com.android.server.twilight.TwilightService took to complete: 0ms
11-11 16:03:42.581 I/SystemServerTimingAsync( 1169): ssm.onUnlockingUser-0_com.android.server.display.color.ColorDisplayService
11-11 16:03:42.581 D/SystemServerTimingAsync( 1169): ssm.onUnlockingUser-0_com.android.server.display.color.ColorDisplayService took to complete: 0ms
11-11 16:03:42.581 I/SystemServerTimingAsync( 1169): ssm.onUnlockingUser-0_com.android.server.job.JobSchedulerService
11-11 16:03:42.581 D/SystemServerTimingAsync( 1169): ssm.onUnlockingUser-0_com.android.server.job.JobSchedulerService took to complete: 0ms
11-11 16:03:42.581 I/SystemServerTimingAsync( 1169): ssm.onUnlockingUser-0_com.android.server.soundtrigger.SoundTriggerService
11-11 16:03:42.582 D/SystemServerTimingAsync( 1169): ssm.onUnlockingUser-0_com.android.server.soundtrigger.SoundTriggerService took to complete: 0ms
11-11 16:03:42.582 I/SystemServerTimingAsync( 1169): ssm.onUnlockingUser-0_com.android.server.trust.TrustManagerService
11-11 16:03:42.582 D/SystemServerTimingAsync( 1169): ssm.onUnlockingUser-0_com.android.server.trust.TrustManagerService took to complete: 0ms
11-11 16:03:42.582 I/SystemServerTimingAsync( 1169): ssm.onUnlockingUser-0_com.android.server.backup.BackupManagerService$Lifecycle
11-11 16:03:42.582 D/SystemServerTimingAsync( 1169): ssm.onUnlockingUser-0_com.android.server.backup.BackupManagerService$Lifecycle took to complete: 1ms
11-11 16:03:42.582 I/SystemServerTimingAsync( 1169): ssm.onUnlockingUser-0_com.android.server.appwidget.AppWidgetService
11-11 16:03:42.582 D/SystemServerTimingAsync( 1169): ssm.onUnlockingUser-0_com.android.server.appwidget.AppWidgetService took to complete: 0ms
11-11 16:03:42.582 I/SystemServerTimingAsync( 1169): ssm.onUnlockingUser-0_com.android.server.voiceinteraction.VoiceInteractionManagerService
11-11 16:03:42.582 W/VoiceInteractionManager( 1169): no available voice recognition services found for user 0
11-11 16:03:42.583 D/SystemServerTimingAsync( 1169): ssm.onUnlockingUser-0_com.android.server.voiceinteraction.VoiceInteractionManagerService took to complete: 0ms
11-11 16:03:42.583 I/SystemServerTimingAsync( 1169): ssm.onUnlockingUser-0_com.android.server.apphibernation.AppHibernationService
11-11 16:03:42.585 I/HibernationStateDiskStore( 1169): No hibernation file on disk for file /data/system_ce/0/hibernation/states
11-11 16:03:42.586 D/SystemServerTimingAsync( 1169): ssm.onUnlockingUser-0_com.android.server.apphibernation.AppHibernationService took to complete: 3ms
11-11 16:03:42.586 I/SystemServerTimingAsync( 1169): ssm.onUnlockingUser-0_com.android.server.SensorNotificationService
11-11 16:03:42.586 D/SystemServerTimingAsync( 1169): ssm.onUnlockingUser-0_com.android.server.SensorNotificationService took to complete: 0ms
11-11 16:03:42.586 I/SystemServerTimingAsync( 1169): ssm.onUnlockingUser-0_com.android.server.emergency.EmergencyAffordanceService
11-11 16:03:42.586 D/SystemServerTimingAsync( 1169): ssm.onUnlockingUser-0_com.android.server.emergency.EmergencyAffordanceService took to complete: 0ms
11-11 16:03:42.586 I/SystemServerTimingAsync( 1169): ssm.onUnlockingUser-0_com.android.server.blob.BlobStoreManagerService
11-11 16:03:42.586 D/SystemServerTimingAsync( 1169): ssm.onUnlockingUser-0_com.android.server.blob.BlobStoreManagerService took to complete: 0ms
11-11 16:03:42.586 I/SystemServerTimingAsync( 1169): ssm.onUnlockingUser-0_com.android.server.dreams.DreamManagerService
11-11 16:03:42.586 D/SystemServerTimingAsync( 1169): ssm.onUnlockingUser-0_com.android.server.dreams.DreamManagerService took to complete: 0ms
11-11 16:03:42.586 I/SystemServerTimingAsync( 1169): ssm.onUnlockingUser-0_com.android.server.companion.CompanionDeviceManagerService
11-11 16:03:42.587 I/vold ( 564): Bind mounting /mnt/runtime/full/emulated to /mnt/pass_through/0/emulated
11-11 16:03:42.586 D/SystemServerTimingAsync( 1169): ssm.onUnlockingUser-0_com.android.server.companion.CompanionDeviceManagerService took to complete: 0ms
11-11 16:03:42.590 I/BackupManagerService( 1169): Starting service for user: 0
11-11 16:03:42.591 V/BackupManagerService( 1169): [UserID:0] Starting with transport com.android.localtransport/.LocalTransport
11-11 16:03:42.602 I/StorageSessionController( 1169): On volume mount VolumeInfo{emulated;0}:
11-11 16:03:42.602 I/StorageSessionController( 1169): type=EMULATED diskId=null partGuid= mountFlags=PRIMARY|VISIBLE
11-11 16:03:42.602 I/StorageSessionController( 1169): mountUserId=0 state=CHECKING
11-11 16:03:42.602 I/StorageSessionController( 1169): fsType=null fsUuid=null fsLabel=null
11-11 16:03:42.602 I/StorageSessionController( 1169): path=/storage/emulated internalPath=/data/media
11-11 16:03:42.602 I/SystemServerTimingAsync( 1169): ssm.onUnlockingUser-0_com.android.server.restrictions.RestrictionsManagerService
11-11 16:03:42.602 D/SystemServerTimingAsync( 1169): ssm.onUnlockingUser-0_com.android.server.restrictions.RestrictionsManagerService took to complete: 0ms
11-11 16:03:42.602 I/SystemServerTimingAsync( 1169): ssm.onUnlockingUser-0_com.android.server.media.MediaSessionService
11-11 16:03:42.602 D/SystemServerTimingAsync( 1169): ssm.onUnlockingUser-0_com.android.server.media.MediaSessionService took to complete: 0ms
11-11 16:03:42.602 I/SystemServerTimingAsync( 1169): ssm.onUnlockingUser-0_com.android.server.media.MediaResourceMonitorService
11-11 16:03:42.602 D/SystemServerTimingAsync( 1169): ssm.onUnlockingUser-0_com.android.server.media.MediaResourceMonitorService took to complete: 0ms
11-11 16:03:42.602 I/SystemServerTimingAsync( 1169): ssm.onUnlockingUser-0_com.android.server.biometrics.sensors.fingerprint.FingerprintService
11-11 16:03:42.602 D/SystemServerTimingAsync( 1169): ssm.onUnlockingUser-0_com.android.server.biometrics.sensors.fingerprint.FingerprintService took to complete: 0ms
11-11 16:03:42.603 I/SystemServerTimingAsync( 1169): ssm.onUnlockingUser-0_com.android.server.biometrics.BiometricService
11-11 16:03:42.603 D/SystemServerTimingAsync( 1169): ssm.onUnlockingUser-0_com.android.server.biometrics.BiometricService took to complete: 0ms
11-11 16:03:42.603 I/SystemServerTimingAsync( 1169): ssm.onUnlockingUser-0_com.android.server.biometrics.AuthService
11-11 16:03:42.603 D/SystemServerTimingAsync( 1169): ssm.onUnlockingUser-0_com.android.server.biometrics.AuthService took to complete: 0ms
11-11 16:03:42.603 I/SystemServerTimingAsync( 1169): ssm.onUnlockingUser-0_com.android.server.pm.ShortcutService$Lifecycle
11-11 16:03:42.603 D/SystemServerTimingAsync( 1169): ssm.onUnlockingUser-0_com.android.server.pm.ShortcutService$Lifecycle took to complete: 1ms
11-11 16:03:42.603 I/SystemServerTimingAsync( 1169): ssm.onUnlockingUser-0_com.android.server.pm.LauncherAppsService
11-11 16:03:42.603 D/SystemServerTimingAsync( 1169): ssm.onUnlockingUser-0_com.android.server.pm.LauncherAppsService took to complete: 0ms
11-11 16:03:42.603 I/SystemServerTimingAsync( 1169): ssm.onUnlockingUser-0_com.android.server.pm.CrossProfileAppsService
11-11 16:03:42.603 D/SystemServerTimingAsync( 1169): ssm.onUnlockingUser-0_com.android.server.pm.CrossProfileAppsService took to complete: 0ms
11-11 16:03:42.604 I/SystemServerTimingAsync( 1169): ssm.onUnlockingUser-0_com.android.server.people.PeopleService
11-11 16:03:42.604 D/SystemServerTimingAsync( 1169): ssm.onUnlockingUser-0_com.android.server.people.PeopleService took to complete: 0ms
11-11 16:03:42.604 I/SystemServerTimingAsync( 1169): ssm.onUnlockingUser-0_com.android.server.media.metrics.MediaMetricsManagerService
11-11 16:03:42.604 D/SystemServerTimingAsync( 1169): ssm.onUnlockingUser-0_com.android.server.media.metrics.MediaMetricsManagerService took to complete: 0ms
11-11 16:03:42.604 I/SystemServerTimingAsync( 1169): ssm.onUnlockingUser-0_com.android.server.media.projection.MediaProjectionManagerService
11-11 16:03:42.604 D/SystemServerTimingAsync( 1169): ssm.onUnlockingUser-0_com.android.server.media.projection.MediaProjectionManagerService took to complete: 0ms
11-11 16:03:42.604 I/SystemServerTimingAsync( 1169): ssm.onUnlockingUser-0_com.android.server.slice.SliceManagerService$Lifecycle
11-11 16:03:42.604 D/SystemServerTimingAsync( 1169): ssm.onUnlockingUser-0_com.android.server.slice.SliceManagerService$Lifecycle took to complete: 0ms
11-11 16:03:42.604 I/SystemServerTimingAsync( 1169): ssm.onUnlockingUser-0_com.android.server.stats.StatsCompanion$Lifecycle
11-11 16:03:42.604 D/SystemServerTimingAsync( 1169): ssm.onUnlockingUser-0_com.android.server.stats.StatsCompanion$Lifecycle took to complete: 0ms
11-11 16:03:42.604 I/SystemServerTimingAsync( 1169): ssm.onUnlockingUser-0_com.android.server.scheduling.RebootReadinessManagerService$Lifecycle
11-11 16:03:42.604 D/SystemServerTimingAsync( 1169): ssm.onUnlockingUser-0_com.android.server.scheduling.RebootReadinessManagerService$Lifecycle took to complete: 0ms
11-11 16:03:42.604 I/SystemServerTimingAsync( 1169): ssm.onUnlockingUser-0_com.android.server.stats.pull.StatsPullAtomService
11-11 16:03:42.604 D/SystemServerTimingAsync( 1169): ssm.onUnlockingUser-0_com.android.server.stats.pull.StatsPullAtomService took to complete: 0ms
11-11 16:03:42.604 I/SystemServerTimingAsync( 1169): ssm.onUnlockingUser-0_com.android.server.incident.IncidentCompanionService
11-11 16:03:42.604 D/SystemServerTimingAsync( 1169): ssm.onUnlockingUser-0_com.android.server.incident.IncidentCompanionService took to complete: 0ms
11-11 16:03:42.604 I/SystemServerTimingAsync( 1169): ssm.onUnlockingUser-0_com.android.server.MmsServiceBroker
11-11 16:03:42.604 D/SystemServerTimingAsync( 1169): ssm.onUnlockingUser-0_com.android.server.MmsServiceBroker took to complete: 0ms
11-11 16:03:42.604 I/SystemServerTimingAsync( 1169): ssm.onUnlockingUser-0_com.android.server.autofill.AutofillManagerService
11-11 16:03:42.604 I/StorageSessionController( 1169): Creating connection for user: 0
11-11 16:03:42.604 D/AutofillUI( 1169): destroySaveUiUiThread(): already destroyed
11-11 16:03:42.605 D/AutofillManagerServiceImpl( 1169): Reset component for user 0:
11-11 16:03:42.605 D/FieldClassificationStrategy( 1169): reset(): service is not bound. Do nothing.
11-11 16:03:42.605 D/SystemServerTimingAsync( 1169): ssm.onUnlockingUser-0_com.android.server.autofill.AutofillManagerService took to complete: 0ms
11-11 16:03:42.605 I/SystemServerTimingAsync( 1169): ssm.onUnlockingUser-0_com.android.server.clipboard.ClipboardService
11-11 16:03:42.605 D/SystemServerTimingAsync( 1169): ssm.onUnlockingUser-0_com.android.server.clipboard.ClipboardService took to complete: 0ms
11-11 16:03:42.605 I/SystemServerTimingAsync( 1169): ssm.onUnlockingUser-0_com.android.server.appbinding.AppBindingService$Lifecycle
11-11 16:03:42.605 I/StorageSessionController( 1169): Creating and starting session with id: emulated;0
11-11 16:03:42.605 W/AppBindingService( 1169): [Default SMS app] u0 Target package not found
11-11 16:03:42.605 D/SystemServerTimingAsync( 1169): ssm.onUnlockingUser-0_com.android.server.appbinding.AppBindingService$Lifecycle took to complete: 1ms
11-11 16:03:42.605 I/SystemServerTimingAsync( 1169): ssm.onUnlockingUser-0_com.android.server.tracing.TracingServiceProxy
11-11 16:03:42.605 D/SystemServerTimingAsync( 1169): ssm.onUnlockingUser-0_com.android.server.tracing.TracingServiceProxy took to complete: 0ms
11-11 16:03:42.605 I/SystemServerTimingAsync( 1169): ssm.onUnlockingUser-0_com.android.server.policy.PermissionPolicyService
11-11 16:03:42.605 D/SystemServerTimingAsync( 1169): ssm.onUnlockingUser-0_com.android.server.policy.PermissionPolicyService took to complete: 0ms
11-11 16:03:42.605 I/SystemServerTimingAsync( 1169): ssm.onUnlockingUser-0_com.android.server.pm.StagingManager$Lifecycle
11-11 16:03:42.605 D/SystemServerTimingAsync( 1169): ssm.onUnlockingUser-0_com.android.server.pm.StagingManager$Lifecycle took to complete: 0ms
11-11 16:03:42.605 I/SystemServerTimingAsync( 1169): ssm.onUnlockingUser-0_com.android.server.app.GameManagerService$Lifecycle
11-11 16:03:42.605 D/SystemServerTimingAsync( 1169): ssm.onUnlockingUser-0_com.android.server.app.GameManagerService$Lifecycle took to complete: 0ms
11-11 16:03:42.606 I/SystemServerTimingAsync( 1169): ssm.onUnlockingUser-0_com.android.server.appsearch.AppSearchManagerService
11-11 16:03:42.606 D/SystemServerTimingAsync( 1169): ssm.onUnlockingUser-0_com.android.server.appsearch.AppSearchManagerService took to complete: 0ms
11-11 16:03:42.606 I/SystemServerTimingAsync( 1169): ssm.onUnlockingUser-0_com.android.server.media.MediaCommunicationService
11-11 16:03:42.606 D/SystemServerTimingAsync( 1169): ssm.onUnlockingUser-0_com.android.server.media.MediaCommunicationService took to complete: 0ms
11-11 16:03:42.606 D/SystemServerTimingAsync( 1169): ssm.UnlockingUser-0 took to complete: 274ms
11-11 16:03:42.606 W/ActivityManager( 1169): UserLifecycleEvent 5 received without an active userJourneySession.
11-11 16:03:42.606 W/ActivityManager( 1169): UserLifecycleEvent 6 received without an active userJourneySession.
11-11 16:03:42.606 I/ActivityManager( 1169): User 0 state changed from RUNNING_UNLOCKING to RUNNING_UNLOCKED
11-11 16:03:42.608 D/SystemServerTiming( 1169): SystemUserUnlock took to complete: 1265ms
11-11 16:03:42.609 I/ActivityTaskManager( 1169): Loading recents for user 0 into memory.
11-11 16:03:42.610 I/StorageUserConnection( 1169): Binding to the ExternalStorageService for user 0
11-11 16:03:42.612 D/BackupManagerService( 1169): [UserID:0] Started thread backup-0
11-11 16:03:42.638 V/PackageConfigPersister( 1169): loadPackages: empty list files from /data/system_ce/0/package_configs
11-11 16:03:42.640 D/CompatibilityChangeReporter( 1169): Compat change id reported: 135634846; UID 10089; state: DISABLED
11-11 16:03:42.641 D/CompatibilityChangeReporter( 1169): Compat change id reported: 143937733; UID 10089; state: ENABLED
11-11 16:03:42.641 D/CompatibilityChangeReporter( 1169): Compat change id reported: 135634846; UID 10062; state: DISABLED
11-11 16:03:42.641 D/CompatibilityChangeReporter( 1169): Compat change id reported: 177438394; UID 10062; state: DISABLED
11-11 16:03:42.641 D/CompatibilityChangeReporter( 1169): Compat change id reported: 135772972; UID 10062; state: DISABLED
11-11 16:03:42.642 D/CompatibilityChangeReporter( 1169): Compat change id reported: 135754954; UID 10062; state: ENABLED
11-11 16:03:42.642 D/CompatibilityChangeReporter( 1169): Compat change id reported: 135634846; UID 1000; state: DISABLED
11-11 16:03:42.642 D/CompatibilityChangeReporter( 1169): Compat change id reported: 177438394; UID 1000; state: DISABLED
11-11 16:03:42.642 D/CompatibilityChangeReporter( 1169): Compat change id reported: 135772972; UID 1000; state: DISABLED
11-11 16:03:42.642 D/CompatibilityChangeReporter( 1169): Compat change id reported: 135754954; UID 1000; state: ENABLED
11-11 16:03:42.643 D/CompatibilityChangeReporter( 1169): Compat change id reported: 135634846; UID 10056; state: DISABLED
11-11 16:03:42.643 D/CompatibilityChangeReporter( 1169): Compat change id reported: 177438394; UID 10056; state: DISABLED
11-11 16:03:42.643 D/CompatibilityChangeReporter( 1169): Compat change id reported: 135772972; UID 10056; state: DISABLED
11-11 16:03:42.643 D/CompatibilityChangeReporter( 1169): Compat change id reported: 135754954; UID 10056; state: ENABLED
11-11 16:03:42.644 D/CompatibilityChangeReporter( 1169): Compat change id reported: 135634846; UID 10075; state: DISABLED
11-11 16:03:42.644 D/CompatibilityChangeReporter( 1169): Compat change id reported: 177438394; UID 10075; state: DISABLED
11-11 16:03:42.644 D/CompatibilityChangeReporter( 1169): Compat change id reported: 135772972; UID 10075; state: DISABLED
11-11 16:03:42.644 D/CompatibilityChangeReporter( 1169): Compat change id reported: 135754954; UID 10075; state: DISABLED
11-11 16:03:42.645 D/CompatibilityChangeReporter( 1169): Compat change id reported: 135634846; UID 10091; state: DISABLED
11-11 16:03:42.645 D/CompatibilityChangeReporter( 1169): Compat change id reported: 177438394; UID 10091; state: DISABLED
11-11 16:03:42.645 D/CompatibilityChangeReporter( 1169): Compat change id reported: 135772972; UID 10091; state: DISABLED
11-11 16:03:42.645 D/CompatibilityChangeReporter( 1169): Compat change id reported: 135754954; UID 10091; state: ENABLED
11-11 16:03:42.645 D/CompatibilityChangeReporter( 1169): Compat change id reported: 135634846; UID 10090; state: DISABLED
11-11 16:03:42.645 D/CompatibilityChangeReporter( 1169): Compat change id reported: 177438394; UID 10090; state: DISABLED
11-11 16:03:42.646 D/CompatibilityChangeReporter( 1169): Compat change id reported: 135772972; UID 10090; state: DISABLED
11-11 16:03:42.646 D/CompatibilityChangeReporter( 1169): Compat change id reported: 135754954; UID 10090; state: ENABLED
01-01 08:00:57.480 I/[schedu][0x419315fc][16:03:42.659753] wlan( 0): [2349:I:OSIF] vdev 0, scan id 40961 type COMPLETED(1) reason COMPLETED(1) scan found 33 bss
11-11 16:03:42.663 D/CompatibilityChangeReporter( 1169): Compat change id reported: 135634846; UID 10098; state: DISABLED
11-11 16:03:42.663 D/CompatibilityChangeReporter( 1169): Compat change id reported: 177438394; UID 10098; state: DISABLED
11-11 16:03:42.664 D/CompatibilityChangeReporter( 1169): Compat change id reported: 135772972; UID 10098; state: DISABLED
11-11 16:03:42.664 D/CompatibilityChangeReporter( 1169): Compat change id reported: 135754954; UID 10098; state: ENABLED
11-11 16:03:42.666 I/ActivityManager( 1169): Posting BOOT_COMPLETED user #0
11-11 16:03:42.666 I/StorageUserConnection( 1169): Bound to the ExternalStorageService for user 0
11-11 16:03:42.669 I/SystemServerTimingAsync( 1169): ssm.UnlockedUser-0
11-11 16:03:42.669 I/SystemServiceManager( 1169): Calling onUnlockedUser 0
11-11 16:03:42.669 I/SystemServerTimingAsync( 1169): ssm.onUnlockedUser-0_com.android.server.security.FileIntegrityService
11-11 16:03:42.669 D/SystemServerTimingAsync( 1169): ssm.onUnlockedUser-0_com.android.server.security.FileIntegrityService took to complete: 0ms
11-11 16:03:42.669 I/SystemServerTimingAsync( 1169): ssm.onUnlockedUser-0_com.android.server.pm.Installer
11-11 16:03:42.669 D/SystemServerTimingAsync( 1169): ssm.onUnlockedUser-0_com.android.server.pm.Installer took to complete: 0ms
11-11 16:03:42.669 I/SystemServerTimingAsync( 1169): ssm.onUnlockedUser-0_com.android.server.os.DeviceIdentifiersPolicyService
11-11 16:03:42.669 D/SystemServerTimingAsync( 1169): ssm.onUnlockedUser-0_com.android.server.os.DeviceIdentifiersPolicyService took to complete: 0ms
11-11 16:03:42.669 I/SystemServerTimingAsync( 1169): ssm.onUnlockedUser-0_com.android.server.uri.UriGrantsManagerService$Lifecycle
11-11 16:03:42.669 D/SystemServerTimingAsync( 1169): ssm.onUnlockedUser-0_com.android.server.uri.UriGrantsManagerService$Lifecycle took to complete: 0ms
11-11 16:03:42.669 I/SystemServerTimingAsync( 1169): ssm.onUnlockedUser-0_com.android.server.powerstats.PowerStatsService
11-11 16:03:42.669 D/SystemServerTimingAsync( 1169): ssm.onUnlockedUser-0_com.android.server.powerstats.PowerStatsService took to complete: 0ms
11-11 16:03:42.669 I/SystemServerTimingAsync( 1169): ssm.onUnlockedUser-0_com.android.server.wm.ActivityTaskManagerService$Lifecycle
11-11 16:03:42.672 I/LaunchParamsPersister( 1169): Didn't find launch param folder for user 0
11-11 16:03:42.672 D/SystemServerTimingAsync( 1169): ssm.onUnlockedUser-0_com.android.server.wm.ActivityTaskManagerService$Lifecycle took to complete: 2ms
11-11 16:03:42.672 I/SystemServerTimingAsync( 1169): ssm.onUnlockedUser-0_com.android.server.am.ActivityManagerService$Lifecycle
11-11 16:03:42.672 D/SystemServerTimingAsync( 1169): ssm.onUnlockedUser-0_com.android.server.am.ActivityManagerService$Lifecycle took to complete: 0ms
11-11 16:03:42.672 I/SystemServerTimingAsync( 1169): ssm.onUnlockedUser-0_com.android.server.pm.DataLoaderManagerService
11-11 16:03:42.672 D/SystemServerTimingAsync( 1169): ssm.onUnlockedUser-0_com.android.server.pm.DataLoaderManagerService took to complete: 0ms
11-11 16:03:42.672 I/SystemServerTimingAsync( 1169): ssm.onUnlockedUser-0_com.android.server.power.PowerManagerService
11-11 16:03:42.672 D/SystemServerTimingAsync( 1169): ssm.onUnlockedUser-0_com.android.server.power.PowerManagerService took to complete: 0ms
11-11 16:03:42.672 I/SystemServerTimingAsync( 1169): ssm.onUnlockedUser-0_com.android.server.power.ThermalManagerService
11-11 16:03:42.672 D/SystemServerTimingAsync( 1169): ssm.onUnlockedUser-0_com.android.server.power.ThermalManagerService took to complete: 0ms
11-11 16:03:42.672 I/SystemServerTimingAsync( 1169): ssm.onUnlockedUser-0_com.android.server.power.hint.HintManagerService
11-11 16:03:42.672 D/SystemServerTimingAsync( 1169): ssm.onUnlockedUser-0_com.android.server.power.hint.HintManagerService took to complete: 0ms
11-11 16:03:42.672 I/SystemServerTimingAsync( 1169): ssm.onUnlockedUser-0_com.android.server.recoverysystem.RecoverySystemService$Lifecycle
11-11 16:03:42.672 D/SystemServerTimingAsync( 1169): ssm.onUnlockedUser-0_com.android.server.recoverysystem.RecoverySystemService$Lifecycle took to complete: 0ms
