11-11 16:09:21.023 D/AudioIDCMicroNegotiator( 1169): idcm_common:onConnectStateChange: 1
11-11 16:09:21.024 D/MicroSettings: SettingMicroservices( 2108): onNettyConnectState: 1mLastNettyState: 1
11-11 16:09:21.036 I/MicroService( 2075): Receive message: SocketMessageBean{businessData='21930', srcService='IDCM_HHServer', destService='FSEM_SettingService', messageType='0', uuid='1668154161575330000', payloadData={
11-11 16:09:21.036 I/MicroService( 2075): "dstService" : "FSEM_SettingService",
11-11 16:09:21.036 I/MicroService( 2075): "messageType" : 0,
11-11 16:09:21.036 I/MicroService( 2075): "methodName" : "sendBrightness",
11-11 16:09:21.036 I/MicroService( 2075): "parameters" : {
11-11 16:09:21.036 I/MicroService( 2075): "IDCM_BrightValue" : 20
11-11 16:09:21.036 I/MicroService( 2075): },
11-11 16:09:21.036 I/MicroService( 2075): "srcService" : "IDCM_HHServer",
11-11 16:09:21.036 I/MicroService( 2075): "uuid" : 1668154161575330000
11-11 16:09:21.036 I/MicroService( 2075): }
11-11 16:09:21.036 I/MicroService( 2075): }
11-11 16:09:21.037 I/MicroService( 2075): onRequest(sendBrightness): {"IDCM_BrightValue":20}
11-11 16:09:21.040 D/MicroSettings: ITCMicroCommonCallback( 2108): get request method = sendBrightness parameters = {"IDCM_BrightValue":20}
11-11 16:09:21.044 D/MicroService( 2075): handleHeartBeat:521
11-11 16:09:21.053 I/MicroService( 2075): Receive message: SocketMessageBean{businessData='21930', srcService='IDCM_HHServer', destService='FSEM_SettingService', messageType='0', uuid='1668154161589260000', payloadData={
11-11 16:09:21.053 I/MicroService( 2075): "dstService" : "FSEM_SettingService",
11-11 16:09:21.053 I/MicroService( 2075): "messageType" : 0,
11-11 16:09:21.053 I/MicroService( 2075): "methodName" : "syncTime",
11-11 16:09:21.053 I/MicroService( 2075): "parameters" : {
11-11 16:09:21.053 I/MicroService( 2075): "IDCM_Time_12_24" : "24",
11-11 16:09:21.053 I/MicroService( 2075): "IDCM_Timestamp" : 1668154161000,
11-11 16:09:21.053 I/MicroService( 2075): "IDCM_Timezone" : "Asia/Shanghai"
11-11 16:09:21.053 I/MicroService( 2075): },
11-11 16:09:21.053 I/MicroService( 2075): "srcService" : "IDCM_HHServer",
11-11 16:09:21.053 I/MicroService( 2075): "uuid" : 1668154161589260000
11-11 16:09:21.053 I/MicroService( 2075): }
11-11 16:09:21.053 I/MicroService( 2075): }
11-11 16:09:21.054 I/MicroService( 2075): onRequest(syncTime): {"IDCM_Time_12_24":"24","IDCM_Timestamp":1668154161000,"IDCM_Timezone":"Asia\/Shanghai"}
11-11 16:09:21.055 D/MicroSettings: ITCMicroCommonCallback( 2108): get request method = syncTime parameters = {"IDCM_Time_12_24":"24","IDCM_Timestamp":1668154161000,"IDCM_Timezone":"Asia\/Shanghai"}
11-11 16:09:21.055 D/MicroSettings: SetTimeAction( 2108): current timestamp: 1668154161055
11-11 16:09:21.055 D/MicroSettings: SetTimeAction( 2108): setTime: 1668154161000
11-11 16:09:21.055 D/AlarmManagerService( 1169): Setting time of day to sec=1668154161
11-11 16:09:21.002 W/AlarmManagerService( 1169): Unable to set rtc to 1668154161: Permission denied
11-11 16:09:21.012 I/MicroService( 2075): Receive message: SocketMessageBean{businessData='21930', srcService='IDCM_MultiScreenService', destService='FSEM_SettingService', messageType='0', uuid='2355804690193', payloadData={"srcService":"IDCM_MultiScreenService","dstService":"FSEM_SettingService","messageType":0,"uuid":2355804690193,"methodName":"getScreenDisplay","parameters":{"ScreenDisplay":0}}}
11-11 16:09:21.012 I/MicroService( 2075): onRequest(getScreenDisplay): {"ScreenDisplay":0}
11-11 16:09:21.025 I/MicroService( 2075): Receive message: SocketMessageBean{businessData='21930', srcService='IDCM_IVIInfoService', destService='FSEM_SettingService', messageType='0', uuid='2355805698630', payloadData={"srcService":"IDCM_IVIInfoService","dstService":"FSEM_SettingService","messageType":0,"uuid":2355805698630,"methodName":"WifiInfo","parameters":{"status":1,"level":3}}}
11-11 16:09:21.025 I/MicroService( 2075): onRequest(WifiInfo): {"status":1,"level":3}
11-11 16:09:21.134 I/mpu_uart( 664): [MSG-P:RECV]:No message received in 1000 ms
11-11 16:09:21.184 I/mpu_uart( 664): [MSG-P:R]:recv sync frame timeout
11-11 16:09:21.723 W/swapper/1( 0): type=1400 audit(0.0:686): avc: denied { kill } for capability=5 scontext=u:r:kernel:s0 tcontext=u:r:kernel:s0 tclass=capability permissive=0
11-11 16:09:22.000 D/CompatibilityInfo( 1169): mCompatibilityFlags - 4
11-11 16:09:22.000 D/CompatibilityInfo( 1169): applicationDensity - 240
11-11 16:09:22.000 D/CompatibilityInfo( 1169): applicationScale - 1.0
11-11 16:09:22.003 D/MicroSettings: SetTimeAction( 2108): setTimezone: Asia/Shanghai
11-11 16:09:22.004 D/AlarmManagerService( 1169): Kernel timezone updated to -480 minutes west of GMT
11-11 16:09:22.016 D/CompatibilityInfo( 1169): mCompatibilityFlags - 4
11-11 16:09:22.016 D/CompatibilityInfo( 1169): applicationDensity - 240
11-11 16:09:22.016 D/CompatibilityInfo( 1169): applicationScale - 1.0
11-11 16:09:22.024 I/OpenGLRenderer( 1933): Davey! duration=9223371648188ms; Flags=0, FrameTimelineVsyncId=3950, IntendedVsync=388665297470, Vsync=388665297470, InputEventId=0, HandleInputStart=388666221322, AnimationStart=388666226427, PerformTraversalsStart=388666228770, DrawStart=388671167572, FrameDeadline=388698630802, FrameInterval=388666207104, FrameStartTime=16666666, SyncQueued=388671657937, SyncStart=388672369812, IssueDrawCommandsStart=388672862156, SwapBuffers=388675641374, FrameCompleted=9223372036854775807, DequeueBufferDuration=77136, QueueBufferDuration=7434740, GpuCompleted=9223372036854775807, SwapBuffersCompleted=388685023614, DisplayPresentTime=0,
11-11 16:09:22.135 I/mpu_uart( 664): [MSG-P:RECV]:No message received in 1000 ms
11-11 16:09:22.723 W/swapper/1( 0): type=1400 audit(0.0:687): avc: denied { kill } for capability=5 scontext=u:r:kernel:s0 tcontext=u:r:kernel:s0 tclass=capability permissive=0
11-11 16:09:22.942 D/RemoteControlService( 2422): heart beat timer called
11-11 16:09:22.996 D/MicroService( 2075): handleHeartBeat:522
11-11 16:09:23.019 W/ContextImpl( 2108): Calling a method in the system process without a qualified user: android.app.ContextImpl.sendBroadcast:1173 android.content.ContextWrapper.sendBroadcast:479 com.thundercomm.microsettings.action.SetTimeAction.timeUpdated:212 com.thundercomm.microsettings.action.SetTimeAction.update24HourFormat:194 com.thundercomm.microsettings.action.SetTimeAction.doActualAction:154
11-11 16:09:23.050 D/MicroService( 2075): handleHeartBeat:523
11-11 16:09:23.050 W/mm.microservic( 2075): Long monitor contention with owner Thread-964 (5933) at void com.thundercomm.microservice.MicroService.request(com.thundercomm.microservice.ITCMicroBean)(MicroService.java:342) waiters=0 in void com.thundercomm.microservice.MicroService.request(com.thundercomm.microservice.ITCMicroBean) for 2.038s
11-11 16:09:23.053 D/MicroSettings: ITCMicroCommonCallback( 2108): get request method = getScreenDisplay parameters = {"ScreenDisplay":0}
11-11 16:09:23.053 I/MicroServiceManager( 2108): requestResult(reportScreenDisplay) parameters is{"reportScreenDisplay":1}.
11-11 16:09:23.054 D/MicroSettings: GetScreenDisplayAction( 2108): report screen status
11-11 16:09:23.056 D/MicroService( 2075): handleHeartBeat:524
11-11 16:09:23.057 D/MicroSettings: ITCMicroCommonCallback( 2108): get request method = WifiInfo parameters = {"status":1,"level":3}
11-11 16:09:23.058 D/MicroSettings: NetworkSwitchUtil( 2108): syncNetStatus:wifi is true
11-11 16:09:23.062 D/DevicePolicyManager( 1169): updateSystemUpdateFreezePeriodsRecord
11-11 16:09:23.063 D/ConditionProviders.SCP( 1169): onReceive android.intent.action.TIME_SET
11-11 16:09:23.064 D/ConditionProviders.SCP( 1169): evaluateSubscriptionLocked cal=ScheduleCalendar[mDays={1, 2, 3, 4, 5, 6, 7}, mSchedule=ScheduleInfo{days=[1, 2, 3, 4, 5, 6, 7], startHour=22, startMinute=0, endHour=7, endMinute=0, exitAtAlarm=true, nextAlarm=Thu Jan 01 08:00:00 GMT+08:00 1970 (0)}], now=Fri Nov 11 16:09:23 GMT+08:00 2022 (1668154163063), nextUserAlarmTime=Thu Jan 01 08:00:00 GMT+08:00 1970 (0)
11-11 16:09:23.064 D/ConditionProviders.SCP( 1169): notifyCondition condition://android/schedule?days=1.2.3.4.5.6.7&start=22.0&end=7.0&exitAtAlarm=true STATE_FALSE reason=!meetsSchedule
11-11 16:09:23.065 D/ConditionProviders.SCP( 1169): Scheduling evaluate for Fri Nov 11 22:00:00 GMT+08:00 2022 (1668175200000), in +5h50m36s937ms, now=Fri Nov 11 16:09:23 GMT+08:00 2022 (1668154163063)
11-11 16:09:23.065 W/QCC:PeriodicCI( 2513): [ERROR] Current time is wrong, status=3
11-11 16:09:23.067 D/MicroService( 2075): handleHeartBeat:525
11-11 16:09:23.067 D/IconProvider( 2600): onReceive: android.intent.action.TIME_SET
11-11 16:09:23.068 D/IconProvider( 2600): onReceive: android.intent.action.TIME_SET
11-11 16:09:23.068 D/CompatibilityInfo( 1169): mCompatibilityFlags - 4
11-11 16:09:23.068 D/CompatibilityInfo( 1169): applicationDensity - 240
11-11 16:09:23.068 D/CompatibilityInfo( 1169): applicationScale - 1.0
11-11 16:09:23.069 D/BaseModelUpdateTask( 2600): BaseModelUpdateTask constructor
11-11 16:09:23.069 D/BaseModelUpdateTask( 2600): java.lang.Exception
11-11 16:09:23.069 D/BaseModelUpdateTask( 2600): at com.android.launcher3.model.BaseModelUpdateTask.(BaseModelUpdateTask.java:57)
11-11 16:09:23.069 D/BaseModelUpdateTask( 2600): at com.android.launcher3.model.PackageUpdatedTask.(PackageUpdatedTask.java:88)
11-11 16:09:23.069 D/BaseModelUpdateTask( 2600): at com.android.launcher3.LauncherModel.onPackageChanged(LauncherModel.java:156)
11-11 16:09:23.069 D/BaseModelUpdateTask( 2600): at com.android.launcher3.LauncherModel.onAppIconChanged(LauncherModel.java:226)
11-11 16:09:23.069 D/BaseModelUpdateTask( 2600): at com.android.launcher3.LauncherAppState$IconObserver.onAppIconChanged(LauncherAppState.java:206)
11-11 16:09:23.069 D/BaseModelUpdateTask( 2600): at com.android.launcher3.icons.IconProvider$IconChangeReceiver.onReceive(IconProvider.java:371)
11-11 16:09:23.069 D/BaseModelUpdateTask( 2600): at android.app.LoadedApk$ReceiverDispatcher$Args.lambda$getRunnable$0$LoadedApk$ReceiverDispatcher$Args(LoadedApk.java:1679)
11-11 16:09:23.069 D/BaseModelUpdateTask( 2600): at android.app.LoadedApk$ReceiverDispatcher$Args$$ExternalSyntheticLambda0.run(Unknown Source:2)
11-11 16:09:23.069 D/BaseModelUpdateTask( 2600): at android.os.Handler.handleCallback(Handler.java:938)
11-11 16:09:23.069 D/BaseModelUpdateTask( 2600): at android.os.Handler.dispatchMessage(Handler.java:99)
11-11 16:09:23.069 D/BaseModelUpdateTask( 2600): at android.os.Looper.loopOnce(Looper.java:201)
11-11 16:09:23.069 D/BaseModelUpdateTask( 2600): at android.os.Looper.loop(Looper.java:288)
11-11 16:09:23.069 D/BaseModelUpdateTask( 2600): at android.os.HandlerThread.run(HandlerThread.java:67)
11-11 16:09:23.069 D/KeyguardUpdateMonitor( 1933): received broadcast android.intent.action.TIME_SET
11-11 16:09:23.070 D/PackageUpdatedTask( 2600): PackageUpdatedTask constructor: op=2,user=UserHandle{0},packages=[com.android.calendar]
11-11 16:09:23.070 D/PackageUpdatedTask( 2600): java.lang.Exception
11-11 16:09:23.070 D/PackageUpdatedTask( 2600): at com.android.launcher3.model.PackageUpdatedTask.(PackageUpdatedTask.java:93)
11-11 16:09:23.070 D/PackageUpdatedTask( 2600): at com.android.launcher3.LauncherModel.onPackageChanged(LauncherModel.java:156)
11-11 16:09:23.070 D/PackageUpdatedTask( 2600): at com.android.launcher3.LauncherModel.onAppIconChanged(LauncherModel.java:226)
11-11 16:09:23.070 D/PackageUpdatedTask( 2600): at com.android.launcher3.LauncherAppState$IconObserver.onAppIconChanged(LauncherAppState.java:206)
11-11 16:09:23.070 D/PackageUpdatedTask( 2600): at com.android.launcher3.icons.IconProvider$IconChangeReceiver.onReceive(IconProvider.java:371)
11-11 16:09:23.070 D/PackageUpdatedTask( 2600): at android.app.LoadedApk$ReceiverDispatcher$Args.lambda$getRunnable$0$LoadedApk$ReceiverDispatcher$Args(LoadedApk.java:1679)
11-11 16:09:23.070 D/PackageUpdatedTask( 2600): at android.app.LoadedApk$ReceiverDispatcher$Args$$ExternalSyntheticLambda0.run(Unknown Source:2)
11-11 16:09:23.070 D/PackageUpdatedTask( 2600): at android.os.Handler.handleCallback(Handler.java:938)
11-11 16:09:23.070 D/PackageUpdatedTask( 2600): at android.os.Handler.dispatchMessage(Handler.java:99)
11-11 16:09:23.070 D/PackageUpdatedTask( 2600): at android.os.Looper.loopOnce(Looper.java:201)
11-11 16:09:23.070 D/PackageUpdatedTask( 2600): at android.os.Looper.loop(Looper.java:288)
11-11 16:09:23.070 D/PackageUpdatedTask( 2600): at android.os.HandlerThread.run(HandlerThread.java:67)
11-11 16:09:23.071 D/TimeService( 2641): Receivedandroid.intent.action.TIME_SET intent. Current Time is 1668154163071
11-11 16:09:23.071 D/MicroService( 2075): Send message to IDCM:SocketMessageBean{businessData='21930', srcService='FSEM_SettingService', destService='IDCM_MultiScreenService', messageType='0', uuid='1668154163055064447', payloadData={"srcService":"FSEM_SettingService","dstService":"IDCM_MultiScreenService","messageType":0,"uuid":1668154163055064447,"methodName":"reportScreenDisplay","parameters":{"reportScreenDisplay":1}}}
11-11 16:09:23.073 D/Launcher.IconCache( 2600): Package not found
11-11 16:09:23.073 D/Launcher.IconCache( 2600): android.content.pm.PackageManager$NameNotFoundException: com.android.calendar
11-11 16:09:23.073 D/Launcher.IconCache( 2600): at android.app.ApplicationPackageManager.getPackageInfoAsUser(ApplicationPackageManager.java:241)
11-11 16:09:23.073 D/Launcher.IconCache( 2600): at android.app.ApplicationPackageManager.getPackageInfo(ApplicationPackageManager.java:213)
11-11 16:09:23.073 D/Launcher.IconCache( 2600): at com.android.launcher3.icons.IconCache.updateIconsForPkg(IconCache.java:122)
11-11 16:09:23.073 D/Launcher.IconCache( 2600): at com.android.launcher3.model.PackageUpdatedTask.execute(PackageUpdatedTask.java:130)
11-11 16:09:23.073 D/Launcher.IconCache( 2600): at com.android.launcher3.model.BaseModelUpdateTask.run(BaseModelUpdateTask.java:80)
11-11 16:09:23.073 D/Launcher.IconCache( 2600): at com.android.launcher3.util.LooperExecutor.execute(LooperExecutor.java:45)
11-11 16:09:23.073 D/Launcher.IconCache( 2600): at com.android.launcher3.LauncherModel.enqueueModelUpdateTask(LauncherModel.java:555)
11-11 16:09:23.073 D/Launcher.IconCache( 2600): at com.android.launcher3.LauncherModel.onPackageChanged(LauncherModel.java:156)
11-11 16:09:23.073 D/Launcher.IconCache( 2600): at com.android.launcher3.LauncherModel.onAppIconChanged(LauncherModel.java:226)
11-11 16:09:23.073 D/Launcher.IconCache( 2600): at com.android.launcher3.LauncherAppState$IconObserver.onAppIconChanged(LauncherAppState.java:206)
11-11 16:09:23.073 D/Launcher.IconCache( 2600): at com.android.launcher3.icons.IconProvider$IconChangeReceiver.onReceive(IconProvider.java:371)
11-11 16:09:23.073 D/Launcher.IconCache( 2600): at android.app.LoadedApk$ReceiverDispatcher$Args.lambda$getRunnable$0$LoadedApk$ReceiverDispatcher$Args(LoadedApk.java:1679)
11-11 16:09:23.073 D/Launcher.IconCache( 2600): at android.app.LoadedApk$ReceiverDispatcher$Args$$ExternalSyntheticLambda0.run(Unknown Source:2)
11-11 16:09:23.073 D/Launcher.IconCache( 2600): at android.os.Handler.handleCallback(Handler.java:938)
11-11 16:09:23.073 D/Launcher.IconCache( 2600): at android.os.Handler.dispatchMessage(Handler.java:99)
11-11 16:09:23.073 D/Launcher.IconCache( 2600): at android.os.Looper.loopOnce(Looper.java:201)
11-11 16:09:23.073 D/Launcher.IconCache( 2600): at android.os.Looper.loop(Looper.java:288)
11-11 16:09:23.073 D/Launcher.IconCache( 2600): at android.os.HandlerThread.run(HandlerThread.java:67)
11-11 16:09:23.074 D/OsAgent ( 2840): [time_change_update][3164] [HC] =>> [HS]
11-11 16:09:23.075 D/BaseModelUpdateTask( 2600): BaseModelUpdateTask constructor
11-11 16:09:23.075 D/BaseModelUpdateTask( 2600): java.lang.Exception
11-11 16:09:23.075 D/BaseModelUpdateTask( 2600): at com.android.launcher3.model.BaseModelUpdateTask.(BaseModelUpdateTask.java:57)
11-11 16:09:23.075 D/BaseModelUpdateTask( 2600): at com.android.launcher3.LauncherModel$6.(LauncherModel.java:605)
11-11 16:09:23.075 D/BaseModelUpdateTask( 2600): at com.android.launcher3.LauncherModel.refreshAndBindWidgetsAndShortcuts(LauncherModel.java:605)
11-11 16:09:23.075 D/BaseModelUpdateTask( 2600): at com.android.launcher3.Launcher.refreshAndBindWidgetsForPackageUser(Launcher.java:2862)
11-11 16:09:23.075 D/BaseModelUpdateTask( 2600): at com.android.launcher3.model.PackageUpdatedTask.execute(PackageUpdatedTask.java:139)
11-11 16:09:23.075 D/BaseModelUpdateTask( 2600): at com.android.launcher3.model.BaseModelUpdateTask.run(BaseModelUpdateTask.java:80)
11-11 16:09:23.075 D/BaseModelUpdateTask( 2600): at com.android.launcher3.util.LooperExecutor.execute(LooperExecutor.java:45)
11-11 16:09:23.075 D/BaseModelUpdateTask( 2600): at com.android.launcher3.LauncherModel.enqueueModelUpdateTask(LauncherModel.java:555)
11-11 16:09:23.075 D/BaseModelUpdateTask( 2600): at com.android.launcher3.LauncherModel.onPackageChanged(LauncherModel.java:156)
11-11 16:09:23.075 D/BaseModelUpdateTask( 2600): at com.android.launcher3.LauncherModel.onAppIconChanged(LauncherModel.java:226)
11-11 16:09:23.075 D/BaseModelUpdateTask( 2600): at com.android.launcher3.LauncherAppState$IconObserver.onAppIconChanged(LauncherAppState.java:206)
11-11 16:09:23.075 D/BaseModelUpdateTask( 2600): at com.android.launcher3.icons.IconProvider$IconChangeReceiver.onReceive(IconProvider.java:371)
11-11 16:09:23.075 D/BaseModelUpdateTask( 2600): at android.app.LoadedApk$ReceiverDispatcher$Args.lambda$getRunnable$0$LoadedApk$ReceiverDispatcher$Args(LoadedApk.java:1679)
11-11 16:09:23.075 D/BaseModelUpdateTask( 2600): at android.app.LoadedApk$ReceiverDispatcher$Args$$ExternalSyntheticLambda0.run(Unknown Source:2)
11-11 16:09:23.075 D/BaseModelUpdateTask( 2600): at android.os.Handler.handleCallback(Handler.java:938)
11-11 16:09:23.075 D/BaseModelUpdateTask( 2600): at android.os.Handler.dispatchMessage(Handler.java:99)
11-11 16:09:23.075 D/BaseModelUpdateTask( 2600): at android.os.Looper.loopOnce(Looper.java:201)
11-11 16:09:23.075 D/BaseModelUpdateTask( 2600): at android.os.Looper.loop(Looper.java:288)
11-11 16:09:23.075 D/BaseModelUpdateTask( 2600): at android.os.HandlerThread.run(HandlerThread.java:67)
11-11 16:09:23.076 V/LocSvc_HIDL_IzatSubscription( 846): [timeChangeUpdate][645] [HS] <<<<= [HC]
11-11 16:09:23.076 I/LocSvc_SystemStatusOsObserver( 846): DataItem: IS_TIME_CHANGED: true >> Wiper
11-11 16:09:23.078 D/QC-time-services( 662): Daemon: Connection accepted:time_genoff
11-11 16:09:23.081 D/QC-time-services( 662): Daemon:Received base = 2, unit = 1, operation = 0,value = 1668154163079
11-11 16:09:23.082 D/QC-time-services( 662): Daemon:genoff_opr: Base = 2, val = 1668154163079, operation = 0
11-11 16:09:23.082 D/QC-time-services( 662): Daemon:Value read from QTimer mseconds = 397188
11-11 16:09:23.082 D/QC-time-services( 662): Daemon:Value read from RTC mseconds on boot = 38000
11-11 16:09:23.082 D/QC-time-services( 662): Daemon:Delta read on boot mseconds = 181
11-11 16:09:23.082 D/QC-time-services( 662): Daemon:new time 1668154163079
11-11 16:09:23.082 D/QC-time-services( 662): Daemon: delta 1668153765710 genoff 1668153765710
11-11 16:09:23.082 D/QC-time-services( 662): Daemon:genoff_persistent_update: Writing genoff = 1668153765710 to memory
11-11 16:09:23.082 D/QC-time-services( 662): Daemon:Opening File: /mnt/vendor/persist/time/ats_2 /data/vendor/time/ats_2
11-11 16:09:23.082 D/QC-time-services( 662): Daemon:time_persistent_memory_opr:Genoff write operation
11-11 16:09:23.083 I/WidgetsModel( 2600): found whitelist widget: com.android.settings, label: 设置快捷方式, sectionName:S
11-11 16:09:23.083 I/WidgetsModel( 2600): found whitelist widget: com.android.gallery3d, label: 照片, sectionName:T
11-11 16:09:23.083 I/WidgetsModel( 2600): found whitelist widget: com.android.systemui, label: 对话, sectionName:D
11-11 16:09:23.083 I/WidgetsModel( 2600): found whitelist widget: com.android.music, label: 音乐, sectionName:Y
11-11 16:09:23.084 D/ModelWriter( 2600): removing items from db
11-11 16:09:23.084 D/ModelWriter( 2600): java.lang.Exception
11-11 16:09:23.084 D/ModelWriter( 2600): at com.android.launcher3.model.ModelWriter.deleteItemsFromDatabase(ModelWriter.java:280)
11-11 16:09:23.084 D/ModelWriter( 2600): at com.android.launcher3.model.ModelWriter.deleteItemsFromDatabase(ModelWriter.java:268)
11-11 16:09:23.084 D/ModelWriter( 2600): at com.android.launcher3.model.BaseModelUpdateTask.deleteAndBindComponentsRemoved(BaseModelUpdateTask.java:140)
11-11 16:09:23.084 D/ModelWriter( 2600): at com.android.launcher3.model.PackageUpdatedTask.execute(PackageUpdatedTask.java:353)
11-11 16:09:23.084 D/ModelWriter( 2600): at com.android.launcher3.model.BaseModelUpdateTask.run(BaseModelUpdateTask.java:80)
11-11 16:09:23.084 D/ModelWriter( 2600): at com.android.launcher3.util.LooperExecutor.execute(LooperExecutor.java:45)
11-11 16:09:23.084 D/ModelWriter( 2600): at com.android.launcher3.LauncherModel.enqueueModelUpdateTask(LauncherModel.java:555)
11-11 16:09:23.084 D/ModelWriter( 2600): at com.android.launcher3.LauncherModel.onPackageChanged(LauncherModel.java:156)
11-11 16:09:23.084 D/ModelWriter( 2600): at com.android.launcher3.LauncherModel.onAppIconChanged(LauncherModel.java:226)
11-11 16:09:23.084 D/ModelWriter( 2600): at com.android.launcher3.LauncherAppState$IconObserver.onAppIconChanged(LauncherAppState.java:206)
11-11 16:09:23.084 D/ModelWriter( 2600): at com.android.launcher3.icons.IconProvider$IconChangeReceiver.onReceive(IconProvider.java:371)
11-11 16:09:23.084 D/ModelWriter( 2600): at android.app.LoadedApk$ReceiverDispatcher$Args.lambda$getRunnable$0$LoadedApk$ReceiverDispatcher$Args(LoadedApk.java:1679)
11-11 16:09:23.084 D/ModelWriter( 2600): at android.app.LoadedApk$ReceiverDispatcher$Args$$ExternalSyntheticLambda0.run(Unknown Source:2)
11-11 16:09:23.084 D/ModelWriter( 2600): at android.os.Handler.handleCallback(Handler.java:938)
11-11 16:09:23.084 D/ModelWriter( 2600): at android.os.Handler.dispatchMessage(Handler.java:99)
11-11 16:09:23.084 D/ModelWriter( 2600): at android.os.Looper.loopOnce(Looper.java:201)
11-11 16:09:23.084 D/ModelWriter( 2600): at android.os.Looper.loop(Looper.java:288)
11-11 16:09:23.084 D/ModelWriter( 2600): at android.os.HandlerThread.run(HandlerThread.java:67)
11-11 16:09:23.092 D/KeyguardUpdateMonitor( 1933): handleTimeUpdate
11-11 16:09:23.098 D/BaseModelUpdateTask( 2600): BaseModelUpdateTask constructor
11-11 16:09:23.098 D/BaseModelUpdateTask( 2600): java.lang.Exception
11-11 16:09:23.098 D/BaseModelUpdateTask( 2600): at com.android.launcher3.model.BaseModelUpdateTask.(BaseModelUpdateTask.java:57)
11-11 16:09:23.098 D/BaseModelUpdateTask( 2600): at com.android.launcher3.model.AddWorkspaceItemsTask.(AddWorkspaceItemsTask.java:58)
11-11 16:09:23.098 D/BaseModelUpdateTask( 2600): at com.android.launcher3.LauncherModel.addAndBindAddedWorkspaceItems(LauncherModel.java:145)
11-11 16:09:23.098 D/BaseModelUpdateTask( 2600): at com.android.launcher3.model.PackageUpdatedTask.updateToWorkSpace(PackageUpdatedTask.java:406)
11-11 16:09:23.098 D/BaseModelUpdateTask( 2600): at com.android.launcher3.model.PackageUpdatedTask.execute(PackageUpdatedTask.java:370)
11-11 16:09:23.098 D/BaseModelUpdateTask( 2600): at com.android.launcher3.model.BaseModelUpdateTask.run(BaseModelUpdateTask.java:80)
11-11 16:09:23.098 D/BaseModelUpdateTask( 2600): at com.android.launcher3.util.LooperExecutor.execute(LooperExecutor.java:45)
11-11 16:09:23.098 D/BaseModelUpdateTask( 2600): at com.android.launcher3.LauncherModel.enqueueModelUpdateTask(LauncherModel.java:555)
11-11 16:09:23.098 D/BaseModelUpdateTask( 2600): at com.android.launcher3.LauncherModel.onPackageChanged(LauncherModel.java:156)
11-11 16:09:23.098 D/BaseModelUpdateTask( 2600): at com.android.launcher3.LauncherModel.onAppIconChanged(LauncherModel.java:226)
11-11 16:09:23.098 D/BaseModelUpdateTask( 2600): at com.android.launcher3.LauncherAppState$IconObserver.onAppIconChanged(LauncherAppState.java:206)
11-11 16:09:23.098 D/BaseModelUpdateTask( 2600): at com.android.launcher3.icons.IconProvider$IconChangeReceiver.onReceive(IconProvider.java:371)
11-11 16:09:23.098 D/BaseModelUpdateTask( 2600): at android.app.LoadedApk$ReceiverDispatcher$Args.lambda$getRunnable$0$LoadedApk$ReceiverDispatcher$Args(LoadedApk.java:1679)
11-11 16:09:23.098 D/BaseModelUpdateTask( 2600): at android.app.LoadedApk$ReceiverDispatcher$Args$$ExternalSyntheticLambda0.run(Unknown Source:2)
11-11 16:09:23.098 D/BaseModelUpdateTask( 2600): at android.os.Handler.handleCallback(Handler.java:938)
11-11 16:09:23.098 D/BaseModelUpdateTask( 2600): at android.os.Handler.dispatchMessage(Handler.java:99)
11-11 16:09:23.098 D/BaseModelUpdateTask( 2600): at android.os.Looper.loopOnce(Looper.java:201)
11-11 16:09:23.098 D/BaseModelUpdateTask( 2600): at android.os.Looper.loop(Looper.java:288)
11-11 16:09:23.098 D/BaseModelUpdateTask( 2600): at android.os.HandlerThread.run(HandlerThread.java:67)
11-11 16:09:23.099 D/QC-time-services( 662): Updating the TOD offset
11-11 16:09:23.100 D/QC-time-services( 662): Daemon:genoff_persistent_update: Writing genoff = 1668153765710 to memory
11-11 16:09:23.100 D/QC-time-services( 662): Daemon:Opening File: /mnt/vendor/persist/time/ats_1 /data/vendor/time/ats_1
11-11 16:09:23.100 D/QC-time-services( 662): Daemon:time_persistent_memory_opr:Genoff write operation
11-11 16:09:23.122 D/QC-time-services( 662): Daemon:genoff_set: Updating the WLAN offset
11-11 16:09:23.122 D/QC-time-services( 662): Daemon:genoff_persistent_update: Writing genoff = 1668153765710 to memory
11-11 16:09:23.122 D/QC-time-services( 662): Daemon:Opening File: /mnt/vendor/persist/time/ats_16 /data/vendor/time/ats_16
11-11 16:09:23.122 D/QC-time-services( 662): Daemon:time_persistent_memory_opr:Genoff write operation
11-11 16:09:23.131 D/TimeService( 2641): Set time successfully!
11-11 16:09:23.133 E/QC-time-services( 662): Daemon: Time-services: Waiting to acceptconnection
11-11 16:09:23.136 I/mpu_uart( 664): [MSG-P:RECV]:No message received in 1000 ms
11-11 16:09:23.723 W/swapper/1( 0): type=1400 audit(0.0:688): avc: denied { kill } for capability=5 scontext=u:r:kernel:s0 tcontext=u:r:kernel:s0 tclass=capability permissive=0
11-11 16:09:23.843 I/hpplay-java( 3016): [AsyncTask #67]:IM_AbstractBlockingClient:restart
11-11 16:09:23.843 I/hpplay-java( 3016): [AsyncTask #67]:IM_AbstractBlockingClient:stopHeartBeat null
11-11 16:09:23.844 I/hpplay-java( 3016): [main]:IM_IMEntrance:disconnect
11-11 16:09:23.844 I/hpplay-java( 3016): [main]:IM_PublicCastClient:onRestart
11-11 16:09:23.844 W/hpplay-java( 3016): [main]:IM_PublicCastClient:reconnect miss token
11-11 16:09:23.844 I/hpplay-java( 3016): [main]:IM_PublicCastClient:reconnect
11-11 16:09:23.845 I/hpplay-java( 3016): [main]:IM_PublicCastClient:cs 1
11-11 16:09:23.845 I/hpplay-java( 3016): [main]:IM_PublicCastClient:connect http://47.107.146.179 com.hpplay.sdk.sink.cloud.PublicCastClient@c826371
11-11 16:09:23.851 W/hpplay-java( 3016): [main]:IM_PublicCastClient:connect BSSID:02%3A00%3A00%3A00%3A00%3A00 / 02:00:00:00:00:00
11-11 16:09:23.853 I/hpplay-java( 3016): [main]:IPManager:getActiveNets type: WIFI
11-11 16:09:23.853 I/hpplay-java( 3016): [main]:IPManager:getActiveNets eth0:false wifi:true mobile:false ap:false
11-11 16:09:23.854 I/hpplay-java( 3016): [main]:IPManager:getIPAddress IP_WLAN0
11-11 16:09:23.854 I/hpplay-java( 3016): [main]:Feature:isPlayListEnable :true
11-11 16:09:23.854 I/hpplay-java( 3016): [main]:IM_PublicCastClient:connect capbilityBean.fe:11011100
11-11 16:09:23.854 I/hpplay-java( 3016): [main]:IM_PublicCastClient:connect support youme
11-11 16:09:23.854 I/hpplay-java( 3016): [main]:IM_PublicCastClient:++++++++upload cloud mirror support 4,5
11-11 16:09:23.854 I/hpplay-java( 3016): [main]:IM_IMEntrance:connect imUrl: http://47.107.146.179 uid: 10000124365423
11-11 16:09:23.941 I/hpplay-java( 3016): [AsyncTask #69]:IM_AbstractBlockingClient:run socket:Socket[address=/47.107.146.179,port=8080,localPort=40036]
11-11 16:09:23.944 I/hpplay-java( 3016): [AsyncTask #69]:IM_PublicCastClient:onConnectSuccess
11-11 16:09:23.991 W/hpplay-java( 3016): [AsyncTask #69]:IM_AbstractBlockingClient:Client failure java.net.SocketException: Connection reset
11-11 16:09:23.998 W/hpplay-java( 3016): [AsyncTask #69]:IM_AbstractBlockingClient:restart sRetryCount 6
11-11 16:09:24.137 I/mpu_uart( 664): [MSG-P:RECV]:No message received in 1000 ms
11-11 16:09:24.188 I/mpu_uart( 664): [MSG-P:R]:recv sync frame timeout
11-11 16:09:24.723 W/swapper/1( 0): type=1400 audit(0.0:689): avc: denied { kill } for capability=5 scontext=u:r:kernel:s0 tcontext=u:r:kernel:s0 tclass=capability permissive=0
11-11 16:09:24.983 D/MicroService( 2075): handleHeartBeat:526
11-11 16:09:25.138 I/mpu_uart( 664): [MSG-P:RECV]:No message received in 1000 ms
11-11 16:09:25.723 W/swapper/1( 0): type=1400 audit(0.0:690): avc: denied { kill } for capability=5 scontext=u:r:kernel:s0 tcontext=u:r:kernel:s0 tclass=capability permissive=0
11-11 16:09:25.794 D/RemoteControlService( 2422): getEvent: clientSocket = Socket[address=/192.168.4.4,port=47355,localPort=12600]
11-11 16:09:25.796 D/RemoteControlService( 2422): run: called
11-11 16:09:25.796 D/RemoteControlService( 2422): getEvent: start waiting...
11-11 16:09:25.797 E/RemoteControlService( 2422): Enter ListenSocketRunnable
11-11 16:09:25.799 D/RemoteControlService( 2422): After desEncrypt json is [{"source":0,"token":"BYdGz1fZZDdu2YZ"}]
11-11 16:09:25.800 D/RemoteControlService( 2422): buildRemoteCommand:type=7
11-11 16:09:25.800 D/RemoteControlService( 2422): Request params: BaseRequestCommandBean{source=0, token='BYdGz1fZZDdu2YZ', type='null', value='null'}
11-11 16:09:25.800 D/RemoteControlService( 2422): handleMessage called
11-11 16:09:25.801 D/RemoteControlService( 2422): Client-192.168.4.4 handleHeartBeat:302
11-11 16:09:25.801 D/RemoteControlService( 2422): Client have control
11-11 16:09:25.802 D/RemoteControlService( 2422): Digest: 3E10D432E48A34EC54C6AC499FF7E9B59DDAB20D1396B6CF20B04D371C8AB3D5
11-11 16:09:25.802 D/RemoteControlService( 2422): Send data length: 117
11-11 16:09:25.803 D/RemoteControlService( 2422): Send message finished. direction: 16, messageType: 7, json: {"source":0,"token":"BYdGz1fZZDdu2YZ","type":"heart_beat","value":1}
11-11 16:09:25.810 D/RemoteControlService( 2422): HeartBeatCommand ResponseSpeedTest - use time: 16
11-11 16:09:25.811 D/RemoteControlService( 2422): getEvent: clientSocket = Socket[address=/192.168.4.4,port=34151,localPort=12600]
11-11 16:09:25.812 D/RemoteControlService( 2422): run: called
11-11 16:09:25.812 D/RemoteControlService( 2422): getEvent: start waiting...
11-11 16:09:25.813 E/RemoteControlService( 2422): Enter ListenSocketRunnable
11-11 16:09:25.814 D/RemoteControlService( 2422): After desEncrypt json is [{"source":0,"token":"BYdGz1fZZDdu2YZ"}]
11-11 16:09:25.815 D/RemoteControlService( 2422): buildRemoteCommand:type=23
11-11 16:09:25.815 D/RemoteControlService( 2422): Request params: BaseRequestCommandBean{source=0, token='BYdGz1fZZDdu2YZ', type='null', value='null'}
11-11 16:09:25.815 D/RemoteControlService( 2422): handleMessage called
11-11 16:09:25.815 D/RemoteControlService( 2422): Client-192.168.4.4 handleHeartBeat:303
11-11 16:09:25.815 D/RemoteControlService( 2422): Is not connect command
11-11 16:09:25.815 D/RemoteControlService( 2422): haveControl ? clientcom.thundercomm.remotecontrolservice.RemoteControllerClient@9c510e2
11-11 16:09:25.815 D/RemoteControlService( 2422): Client have control
11-11 16:09:25.816 D/RemoteControlService( 2422): getEvent: clientSocket = Socket[address=/192.168.4.4,port=44253,localPort=12600]
11-11 16:09:25.816 D/RemoteControlService( 2422): run: called
11-11 16:09:25.816 D/RemoteControlService( 2422): getEvent: start waiting...
11-11 16:09:25.817 E/RemoteControlService( 2422): Enter ListenSocketRunnable
11-11 16:09:25.818 D/RemoteControlService( 2422): After desEncrypt json is [{"source":0,"token":"BYdGz1fZZDdu2YZ"}]
11-11 16:09:25.818 D/RemoteControlService( 2422): buildRemoteCommand:type=37
11-11 16:09:25.819 D/RemoteControlService( 2422): Request params: BaseRequestCommandBean{source=0, token='BYdGz1fZZDdu2YZ', type='null', value='null'}
11-11 16:09:25.821 I/RemoteControlService( 2422): RemoteVolumeQueryCommand doAction send message: {"source":0,"token":"BYdGz1fZZDdu2YZ","type":"current_volume","value":[{"name":"music","value":0,"value_max":39},{"name":"alarm","value":0,"value_max":7},{"name":"ring","value":0,"value_max":7}]}
11-11 16:09:25.821 D/RemoteControlService( 2422): Digest: 8003FC59590A1EADDBC9BB1591C7F61FF66BB56D2ED95209B5FE39C43B96BA3F
11-11 16:09:25.821 D/RemoteControlService( 2422): Send data length: 245
11-11 16:09:25.822 D/RemoteControlService( 2422): Send message finished. direction: 16, messageType: 23, json: {"source":0,"token":"BYdGz1fZZDdu2YZ","type":"current_volume","value":[{"name":"music","value":0,"value_max":39},{"name":"alarm","value":0,"value_max":7},{"name":"ring","value":0,"value_max":7}]}
11-11 16:09:25.823 D/RemoteControlService( 2422): RemoteVolumeQueryCommand ResponseSpeedTest - use time: 12
11-11 16:09:25.823 D/RemoteControlService( 2422): handleMessage called
11-11 16:09:25.823 D/RemoteControlService( 2422): Client-192.168.4.4 handleHeartBeat:304
11-11 16:09:25.823 D/RemoteControlService( 2422): Is not connect command
11-11 16:09:25.824 D/RemoteControlService( 2422): haveControl ? clientcom.thundercomm.remotecontrolservice.RemoteControllerClient@9c510e2
11-11 16:09:25.824 D/RemoteControlService( 2422): Client have control
11-11 16:09:25.825 I/RemoteControlService( 2422): RemoteScreenStatusQueryCommand doAction send message: {"source":0,"token":"BYdGz1fZZDdu2YZ","type":"current_screen_status","value":"screen_on"}
11-11 16:09:25.825 D/RemoteControlService( 2422): Digest: E9EFD37AAABED9512BF5DF5F30BE0922A32CB6A47EF6CBF6DC18393A23DD5924
11-11 16:09:25.826 D/RemoteControlService( 2422): Send data length: 133
11-11 16:09:25.826 D/RemoteControlService( 2422): Send message finished. direction: 16, messageType: 37, json: {"source":0,"token":"BYdGz1fZZDdu2YZ","type":"current_screen_status","value":"screen_on"}
11-11 16:09:25.828 D/RemoteControlService( 2422): RemoteScreenStatusQueryCommand ResponseSpeedTest - use time: 13
11-11 16:09:26.042 D/NetworkMonitor/100( 1990): isDataStall: result=2, tcp packets received=0, latest tcp fail rate=100, consecutive dns timeout count=0
11-11 16:09:26.043 D/NetworkMonitor/100( 1990): Suspecting data stall, reevaluate
11-11 16:09:26.043 D/ConnectivityService( 1169): Data stall detected with methods: 2
11-11 16:09:26.046 D/NetworkMonitor/100( 1990): Validation disabled.
11-11 16:09:26.055 D/ConnectivityService( 1169): [100 WIFI] validation passed
11-11 16:09:26.139 I/mpu_uart( 664): [MSG-P:RECV]:No message received in 1000 ms
11-11 16:09:26.723 W/swapper/2( 0): type=1400 audit(0.0:691): avc: denied { kill } for capability=5 scontext=u:r:kernel:s0 tcontext=u:r:kernel:s0 tclass=capability permissive=0
11-11 16:09:26.984 I/MicroService( 2075): Receive message: SocketMessageBean{businessData='21930', srcService='IDCM_COM', destService='FSEM_COM', messageType='2', uuid='0', payloadData={
11-11 16:09:26.984 I/MicroService( 2075): "dstService" : "FSEM_COM",
11-11 16:09:26.984 I/MicroService( 2075): "messageType" : 2,
11-11 16:09:26.984 I/MicroService( 2075): "methodName" : "startup",
11-11 16:09:26.984 I/MicroService( 2075): "parameters" : {
11-11 16:09:26.984 I/MicroService( 2075): "crash" : "true"
11-11 16:09:26.984 I/MicroService( 2075): },
11-11 16:09:26.984 I/MicroService( 2075): "srcService" : "IDCM_COM",
11-11 16:09:26.984 I/MicroService( 2075): "uuid" : 0
11-11 16:09:26.984 I/MicroService( 2075): }
11-11 16:09:26.984 I/MicroService( 2075): }
11-11 16:09:27.002 D/MicroService( 2075): Send message to IDCM:SocketMessageBean{businessData='21930', srcService='FSEM_COM', destService='IDCM_COM', messageType='2', uuid='1668154166984584914', payloadData={"srcService":"FSEM_COM","dstService":"IDCM_COM","messageType":2,"uuid":1668154166984584914,"methodName":"handShake","parameters":{"clientName":"FSEM_COM","clientVersion":"01.10"}}}
11-11 16:09:27.040 I/MicroService( 2075): Receive message: SocketMessageBean{businessData='21930', srcService='IDCM_COM', destService='FSEM_COM', messageType='2', uuid='1668154166984584914', payloadData={
11-11 16:09:27.040 I/MicroService( 2075): "srcService":"IDCM_COM",
11-11 16:09:27.040 I/MicroService( 2075): "dstService":"FSEM_COM",
11-11 16:09:27.040 I/MicroService( 2075): "messageType":2,
11-11 16:09:27.040 I/MicroService( 2075): "uuid":1668154166984584914,
11-11 16:09:27.040 I/MicroService( 2075): "methodName":"handShake",
11-11 16:09:27.040 I/MicroService( 2075): "parameters":{"result":"true","serverName":"IDCM_COM","serverVersion":"01.01"}
11-11 16:09:27.040 I/MicroService( 2075): }}
11-11 16:09:27.040 I/MicroService( 2075): Client connect status changed. Status: 1
11-11 16:09:27.041 D/MicroService( 2075): startHeartBeat Timer
11-11 16:09:27.041 D/MicroService( 2075): is started
11-11 16:09:27.041 I/MicroService( 2075): onConnectStateChanged: 1
11-11 16:09:27.041 I/MicroService( 2075): onConnectStateChanged count = 2
11-11 16:09:27.042 D/AudioIDCMicroNegotiator( 1169): idcm_common:onConnectStateChange: 1
11-11 16:09:27.050 I/MicroService( 2075): Receive message: SocketMessageBean{businessData='21930', srcService='IDCM_HHServer', destService='FSEM_SettingService', messageType='0', uuid='1668154167623155000', payloadData={
11-11 16:09:27.050 I/MicroService( 2075): "dstService" : "FSEM_SettingService",
11-11 16:09:27.050 I/MicroService( 2075): "messageType" : 0,
11-11 16:09:27.050 I/MicroService( 2075): "methodName" : "sendBrightness",
11-11 16:09:27.050 I/MicroService( 2075): "parameters" : {
11-11 16:09:27.050 I/MicroService( 2075): "IDCM_BrightValue" : 20
11-11 16:09:27.050 I/MicroService( 2075): },
11-11 16:09:27.050 I/MicroService( 2075): "srcService" : "IDCM_HHServer",
11-11 16:09:27.050 I/MicroService( 2075): "uuid" : 1668154167623155000
11-11 16:09:27.050 I/MicroService( 2075): }
11-11 16:09:27.050 I/MicroService( 2075): }
11-11 16:09:27.050 I/MicroService( 2075): onRequest(sendBrightness): {"IDCM_BrightValue":20}
11-11 16:09:27.051 D/MicroSettings: SettingMicroservices( 2108): onNettyConnectState: 1mLastNettyState: 1
11-11 16:09:27.059 D/MicroSettings: ITCMicroCommonCallback( 2108): get request method = sendBrightness parameters = {"IDCM_BrightValue":20}
11-11 16:09:27.060 I/MicroService( 2075): Receive message: SocketMessageBean{businessData='21930', srcService='IDCM_HHServer', destService='FSEM_SettingService', messageType='0', uuid='1668154167631244000', payloadData={
11-11 16:09:27.060 I/MicroService( 2075): "dstService" : "FSEM_SettingService",
11-11 16:09:27.060 I/MicroService( 2075): "messageType" : 0,
11-11 16:09:27.060 I/MicroService( 2075): "methodName" : "syncTime",
11-11 16:09:27.060 I/MicroService( 2075): "parameters" : {
11-11 16:09:27.060 I/MicroService( 2075): "IDCM_Time_12_24" : "24",
11-11 16:09:27.060 I/MicroService( 2075): "IDCM_Timestamp" : 1668154167000,
11-11 16:09:27.060 I/MicroService( 2075): "IDCM_Timezone" : "Asia/Shanghai"
11-11 16:09:27.060 I/MicroService( 2075): },
11-11 16:09:27.060 I/MicroService( 2075): "srcService" : "IDCM_HHServer",
11-11 16:09:27.060 I/MicroService( 2075): "uuid" : 1668154167631244000
11-11 16:09:27.060 I/MicroService( 2075): }
11-11 16:09:27.060 I/MicroService( 2075): }
11-11 16:09:27.060 I/MicroService( 2075): onRequest(syncTime): {"IDCM_Time_12_24":"24","IDCM_Timestamp":1668154167000,"IDCM_Timezone":"Asia\/Shanghai"}
11-11 16:09:27.062 D/MicroService( 2075): handleHeartBeat:527
11-11 16:09:27.063 D/MicroSettings: ITCMicroCommonCallback( 2108): get request method = syncTime parameters = {"IDCM_Time_12_24":"24","IDCM_Timestamp":1668154167000,"IDCM_Timezone":"Asia\/Shanghai"}
11-11 16:09:27.063 D/MicroSettings: SetTimeAction( 2108): current timestamp: 1668154167063
11-11 16:09:27.063 D/MicroSettings: SetTimeAction( 2108): setTime: 1668154167000
11-11 16:09:27.064 D/AlarmManagerService( 1169): Setting time of day to sec=1668154167
11-11 16:09:27.001 W/AlarmManagerService( 1169): Unable to set rtc to 1668154167: Permission denied
11-11 16:09:27.009 I/MicroService( 2075): Receive message: SocketMessageBean{businessData='21930', srcService='IDCM_MultiScreenService', destService='FSEM_SettingService', messageType='0', uuid='2361847690191', payloadData={"srcService":"IDCM_MultiScreenService","dstService":"FSEM_SettingService","messageType":0,"uuid":2361847690191,"methodName":"getScreenDisplay","parameters":{"ScreenDisplay":0}}}
11-11 16:09:27.010 I/MicroService( 2075): onRequest(getScreenDisplay): {"ScreenDisplay":0}
11-11 16:09:27.022 I/MicroService( 2075): Receive message: SocketMessageBean{businessData='21930', srcService='IDCM_IVIInfoService', destService='FSEM_SettingService', messageType='0', uuid='2361849482170', payloadData={"srcService":"IDCM_IVIInfoService","dstService":"FSEM_SettingService","messageType":0,"uuid":2361849482170,"methodName":"WifiInfo","parameters":{"status":1,"level":3}}}
11-11 16:09:27.022 I/MicroService( 2075): onRequest(WifiInfo): {"status":1,"level":3}
11-11 16:09:27.076 I/mpu_uart( 664): [MSG-P:RECV]:No message received in 1000 ms
11-11 16:09:27.128 I/mpu_uart( 664): [MSG-P:R]:recv sync frame timeout
11-11 16:09:27.659 W/swapper/2( 0): type=1400 audit(0.0:692): avc: denied { kill } for capability=5 scontext=u:r:kernel:s0 tcontext=u:r:kernel:s0 tclass=capability permissive=0
11-11 16:09:27.667 W/com.hht.lebocast( 3016): type=1400 audit(0.0:693): avc: granted { read } for comm=4173796E635461736B20233730 name="arp" dev="proc" ino=4026532256 scontext=u:r:platform_app:s0:c512,c768 tcontext=u:object_r:proc_net:s0 tclass=file app=com.hht.lebocast
11-11 16:09:27.671 W/com.hht.lebocast( 3016): type=1400 audit(0.0:694): avc: granted { read open } for comm=4173796E635461736B20233730 path="/proc/3016/net/arp" dev="proc" ino=4026532256 scontext=u:r:platform_app:s0:c512,c768 tcontext=u:object_r:proc_net:s0 tclass=file app=com.hht.lebocast
11-11 16:09:27.675 W/com.hht.lebocast( 3016): type=1400 audit(0.0:695): avc: granted { getattr } for comm=4173796E635461736B20233730 path="/proc/3016/net/arp" dev="proc" ino=4026532256 scontext=u:r:platform_app:s0:c512,c768 tcontext=u:object_r:proc_net:s0 tclass=file app=com.hht.lebocast
11-11 16:09:27.679 W/com.hht.lebocast( 3016): type=1400 audit(0.0:696): avc: granted { getattr } for comm=4173796E635461736B20233730 path="/proc/3016/net/arp" dev="proc" ino=4026532256 scontext=u:r:platform_app:s0:c512,c768 tcontext=u:object_r:proc_net:s0 tclass=file app=com.hht.lebocast
11-11 16:09:28.003 D/MicroSettings: SetTimeAction( 2108): setTimezone: Asia/Shanghai
11-11 16:09:28.005 D/AlarmManagerService( 1169): Kernel timezone updated to -480 minutes west of GMT
11-11 16:09:28.015 D/CompatibilityInfo( 1169): mCompatibilityFlags - 4
11-11 16:09:28.015 D/CompatibilityInfo( 1169): applicationDensity - 240
11-11 16:09:28.016 D/CompatibilityInfo( 1169): applicationScale - 1.0
11-11 16:09:28.026 D/CompatibilityInfo( 1169): mCompatibilityFlags - 4
11-11 16:09:28.026 D/CompatibilityInfo( 1169): applicationDensity - 240
11-11 16:09:28.027 D/CompatibilityInfo( 1169): applicationScale - 1.0
11-11 16:09:28.076 I/mpu_uart( 664): [MSG-P:RECV]:No message received in 1000 ms
11-11 16:09:28.086 I/OpenGLRenderer( 1933): Davey! duration=9223371642055ms; Flags=0, FrameTimelineVsyncId=3956, IntendedVsync=394798933802, Vsync=394798933802, InputEventId=0, HandleInputStart=394799699080, AnimationStart=394799702569, PerformTraversalsStart=394799704496, DrawStart=394803488663, FrameDeadline=394832267134, FrameInterval=394799687361, FrameStartTime=16666666, SyncQueued=394803847569, SyncStart=394804289340, IssueDrawCommandsStart=394804601476, SwapBuffers=394806692778, FrameCompleted=9223372036854775807, DequeueBufferDuration=61250, QueueBufferDuration=2102343, GpuCompleted=9223372036854775807, SwapBuffersCompleted=394810017726, DisplayPresentTime=0,
11-11 16:09:28.659 W/swapper/2( 0): type=1400 audit(0.0:697): avc: denied { kill } for capability=5 scontext=u:r:kernel:s0 tcontext=u:r:kernel:s0 tclass=capability permissive=0
11-11 16:09:28.961 D/MicroService( 2075): handleHeartBeat:528
11-11 16:09:29.014 W/ContextImpl( 2108): Calling a method in the system process without a qualified user: android.app.ContextImpl.sendBroadcast:1173 android.content.ContextWrapper.sendBroadcast:479 com.thundercomm.microsettings.action.SetTimeAction.timeUpdated:212 com.thundercomm.microsettings.action.SetTimeAction.update24HourFormat:194 com.thundercomm.microsettings.action.SetTimeAction.doActualAction:154
11-11 16:09:29.021 D/MicroService( 2075): handleHeartBeat:529
11-11 16:09:29.021 W/mm.microservic( 2075): Long monitor contention with owner Thread-974 (5951) at void com.thundercomm.microservice.MicroService.request(com.thundercomm.microservice.ITCMicroBean)(MicroService.java:342) waiters=0 in void com.thundercomm.microservice.MicroService.request(com.thundercomm.microservice.ITCMicroBean) for 2.011s
11-11 16:09:29.027 D/MicroSettings: ITCMicroCommonCallback( 2108): get request method = getScreenDisplay parameters = {"ScreenDisplay":0}
11-11 16:09:29.027 I/MicroServiceManager( 2108): requestResult(reportScreenDisplay) parameters is{"reportScreenDisplay":1}.
11-11 16:09:29.028 D/MicroSettings: GetScreenDisplayAction( 2108): report screen status
11-11 16:09:29.030 D/MicroService( 2075): handleHeartBeat:530
11-11 16:09:29.032 D/MicroSettings: ITCMicroCommonCallback( 2108): get request method = WifiInfo parameters = {"status":1,"level":3}
11-11 16:09:29.032 D/MicroSettings: NetworkSwitchUtil( 2108): syncNetStatus:wifi is true
11-11 16:09:29.044 D/MicroService( 2075): Send message to IDCM:SocketMessageBean{businessData='21930', srcService='FSEM_SettingService', destService='IDCM_MultiScreenService', messageType='0', uuid='1668154169029549131', payloadData={"srcService":"FSEM_SettingService","dstService":"IDCM_MultiScreenService","messageType":0,"uuid":1668154169029549131,"methodName":"reportScreenDisplay","parameters":{"reportScreenDisplay":1}}}
11-11 16:09:29.046 D/MicroService( 2075): handleHeartBeat:531
11-11 16:09:29.054 D/DevicePolicyManager( 1169): updateSystemUpdateFreezePeriodsRecord
11-11 16:09:29.055 D/ConditionProviders.SCP( 1169): onReceive android.intent.action.TIME_SET
11-11 16:09:29.057 W/QCC:PeriodicCI( 2513): [ERROR] Current time is wrong, status=3
11-11 16:09:29.058 D/IconProvider( 2600): onReceive: android.intent.action.TIME_SET
11-11 16:09:29.059 D/ConditionProviders.SCP( 1169): evaluateSubscriptionLocked cal=ScheduleCalendar[mDays={1, 2, 3, 4, 5, 6, 7}, mSchedule=ScheduleInfo{days=[1, 2, 3, 4, 5, 6, 7], startHour=22, startMinute=0, endHour=7, endMinute=0, exitAtAlarm=true, nextAlarm=Thu Jan 01 08:00:00 GMT+08:00 1970 (0)}], now=Fri Nov 11 16:09:29 GMT+08:00 2022 (1668154169055), nextUserAlarmTime=Thu Jan 01 08:00:00 GMT+08:00 1970 (0)
11-11 16:09:29.059 D/BaseModelUpdateTask( 2600): BaseModelUpdateTask constructor
11-11 16:09:29.059 D/BaseModelUpdateTask( 2600): java.lang.Exception
11-11 16:09:29.059 D/BaseModelUpdateTask( 2600): at com.android.launcher3.model.BaseModelUpdateTask.(BaseModelUpdateTask.java:57)
11-11 16:09:29.059 D/BaseModelUpdateTask( 2600): at com.android.launcher3.model.PackageUpdatedTask.(PackageUpdatedTask.java:88)
11-11 16:09:29.059 D/BaseModelUpdateTask( 2600): at com.android.launcher3.LauncherModel.onPackageChanged(LauncherModel.java:156)
11-11 16:09:29.059 D/BaseModelUpdateTask( 2600): at com.android.launcher3.LauncherModel.onAppIconChanged(LauncherModel.java:226)
11-11 16:09:29.059 D/BaseModelUpdateTask( 2600): at com.android.launcher3.LauncherAppState$IconObserver.onAppIconChanged(LauncherAppState.java:206)
11-11 16:09:29.059 D/BaseModelUpdateTask( 2600): at com.android.launcher3.icons.IconProvider$IconChangeReceiver.onReceive(IconProvider.java:371)
11-11 16:09:29.059 D/BaseModelUpdateTask( 2600): at android.app.LoadedApk$ReceiverDispatcher$Args.lambda$getRunnable$0$LoadedApk$ReceiverDispatcher$Args(LoadedApk.java:1679)
11-11 16:09:29.059 D/BaseModelUpdateTask( 2600): at android.app.LoadedApk$ReceiverDispatcher$Args$$ExternalSyntheticLambda0.run(Unknown Source:2)
11-11 16:09:29.059 D/BaseModelUpdateTask( 2600): at android.os.Handler.handleCallback(Handler.java:938)
11-11 16:09:29.059 D/BaseModelUpdateTask( 2600): at android.os.Handler.dispatchMessage(Handler.java:99)
11-11 16:09:29.059 D/BaseModelUpdateTask( 2600): at android.os.Looper.loopOnce(Looper.java:201)
11-11 16:09:29.059 D/BaseModelUpdateTask( 2600): at android.os.Looper.loop(Looper.java:288)
11-11 16:09:29.059 D/BaseModelUpdateTask( 2600): at android.os.HandlerThread.run(HandlerThread.java:67)
11-11 16:09:29.059 D/OsAgent ( 2840): [time_change_update][3164] [HC] =>> [HS]
11-11 16:09:29.060 V/LocSvc_HIDL_IzatSubscription( 846): [timeChangeUpdate][645] [HS] <<<<= [HC]
11-11 16:09:29.060 D/PackageUpdatedTask( 2600): PackageUpdatedTask constructor: op=2,user=UserHandle{0},packages=[com.android.calendar]
11-11 16:09:29.060 D/PackageUpdatedTask( 2600): java.lang.Exception
11-11 16:09:29.060 D/PackageUpdatedTask( 2600): at com.android.launcher3.model.PackageUpdatedTask.(PackageUpdatedTask.java:93)
11-11 16:09:29.060 D/PackageUpdatedTask( 2600): at com.android.launcher3.LauncherModel.onPackageChanged(LauncherModel.java:156)
11-11 16:09:29.060 D/PackageUpdatedTask( 2600): at com.android.launcher3.LauncherModel.onAppIconChanged(LauncherModel.java:226)
11-11 16:09:29.060 D/PackageUpdatedTask( 2600): at com.android.launcher3.LauncherAppState$IconObserver.onAppIconChanged(LauncherAppState.java:206)
11-11 16:09:29.060 D/PackageUpdatedTask( 2600): at com.android.launcher3.icons.IconProvider$IconChangeReceiver.onReceive(IconProvider.java:371)
11-11 16:09:29.060 D/PackageUpdatedTask( 2600): at android.app.LoadedApk$ReceiverDispatcher$Args.lambda$getRunnable$0$LoadedApk$ReceiverDispatcher$Args(LoadedApk.java:1679)
