11-11 16:08:37.981 D/RemoteControlService( 2422): Client-192.168.4.4 handleHeartBeat:247
11-11 16:08:37.981 D/RemoteControlService( 2422): Is not connect command
11-11 16:08:37.982 D/RemoteControlService( 2422): haveControl ? clientcom.thundercomm.remotecontrolservice.RemoteControllerClient@9c510e2
11-11 16:08:37.982 D/RemoteControlService( 2422): Client have control
11-11 16:08:37.984 D/AS.AudioService( 1169): idcm_volume:setIDCMicroVolume(stream=3, index=11, calling=com.thundercomm.remotecontrolservice)
11-11 16:08:37.984 D/AudioIDCMicroNegotiator( 1169): idcm_volume:setIDCMicroVolume
11-11 16:08:37.984 D/AudioIDCMicroNegotiator( 1169): idcm_common:requestResult method = setVolume parameters = {"functionInfo":{"IDCM_VolumeValue_Media":"11"}}
11-11 16:08:37.984 I/MicroServiceManager( 1169): requestResult(setVolume) parameters is{"functionInfo":{"IDCM_VolumeValue_Media":"11"}}.
11-11 16:08:37.992 D/MicroService( 2075): Send message to IDCM:SocketMessageBean{businessData='21930', srcService='FSEM_AudioService', destService='IDCM_CarAudioService', messageType='0', uuid='1668154117985483635', payloadData={"srcService":"FSEM_AudioService","dstService":"IDCM_CarAudioService","messageType":0,"uuid":1668154117985483635,"methodName":"setVolume","parameters":{"functionInfo":{"IDCM_VolumeValue_Media":"11"}}}}
11-11 16:08:37.997 D/BluetoothDatabase( 1910): getBondedDevicesOrdered: Invalid address for device LocalStorage
11-11 16:08:38.008 I/OpenGLRenderer( 1933): Davey! duration=9223371692806ms; Flags=0, FrameTimelineVsyncId=3394, IntendedVsync=344047408592, Vsync=344180741920, InputEventId=0, HandleInputStart=344193121239, AnimationStart=344193123531, PerformTraversalsStart=344193125041, DrawStart=344193639937, FrameDeadline=344064075258, FrameInterval=344193109885, FrameStartTime=16666666, SyncQueued=344193782958, SyncStart=344194454677, IssueDrawCommandsStart=344194567229, SwapBuffers=344195422698, FrameCompleted=9223372036854775807, DequeueBufferDuration=23021, QueueBufferDuration=3449271, GpuCompleted=9223372036854775807, SwapBuffersCompleted=344199545406, DisplayPresentTime=0,
11-11 16:08:38.010 D/RemoteControlService( 2422): getEvent: clientSocket = Socket[address=/192.168.4.4,port=51097,localPort=12600]
11-11 16:08:38.011 D/RemoteControlService( 2422): run: called
11-11 16:08:38.012 D/RemoteControlService( 2422): getEvent: start waiting...
11-11 16:08:38.013 E/RemoteControlService( 2422): Enter ListenSocketRunnable
11-11 16:08:38.014 D/RemoteControlService( 2422): After desEncrypt json is [{"type":"music","source":0,"token":"BYdGz1fZZDdu2YZ","value":0}]
11-11 16:08:38.014 D/RemoteControlService( 2422): buildRemoteCommand:type=19
11-11 16:08:38.015 D/RemoteControlService( 2422): Request params: BaseRequestCommandBean{source=0, token='BYdGz1fZZDdu2YZ', type='music', value='0'}
11-11 16:08:38.016 I/vol.Events( 1933): writeEvent show_dialog volume_changed keyguard=false
11-11 16:08:38.025 I/MicroService( 2075): Receive message: SocketMessageBean{businessData='21930', srcService='IDCM_CarAudioService', destService='FSEM_AudioService', messageType='1', uuid='1668154117985483635', payloadData={"srcService":"IDCM_CarAudioService","dstService":"FSEM_AudioService","methodName":"setVolume","messageType":1,"uuid":1668154117985483635,"parameters":{"functionInfo":{"IDCM_VolumeValue_Media":"11"}}}}
11-11 16:08:38.025 I/MicroService( 2075): onResponse(setVolume): {"functionInfo":{"IDCM_VolumeValue_Media":"11"}}
11-11 16:08:38.026 D/AudioIDCMicroNegotiator( 1169): idcm_common:response from IDCM method = setVolume parameters = {"functionInfo":{"IDCM_VolumeValue_Media":"11"}}
11-11 16:08:38.026 D/AudioIDCMicroNegotiator( 1169): idcm_volume:onSetIDCMicroVolume mIsTimeout= false value = 11 isRequested=true
11-11 16:08:38.026 D/AudioIDCMicroNegotiator( 1169): idcm_volume:setIDCMicroVolume return 11
11-11 16:08:38.026 D/AS.AudioService( 1169): idcm_volume:setIDCMicroVolume: 11
11-11 16:08:38.031 D/MicroService( 2075): handleHeartBeat:442
11-11 16:08:38.067 I/vol.Events( 1933): writeEvent level_changed STREAM_ALARM 3
11-11 16:08:38.070 I/vol.Events( 1933): writeEvent level_changed STREAM_RING 2
11-11 16:08:38.070 I/vol.Events( 1933): writeEvent level_changed STREAM_SYSTEM 2
11-11 16:08:38.070 I/vol.Events( 1933): writeEvent level_changed STREAM_VOICE_CALL 2
11-11 16:08:38.071 D/APM_AudioPolicyManager( 1028): setVolumeCurveIndex: wrong index 0 min=1 max=15
11-11 16:08:38.071 E/APM_AudioPolicyManager( 1028): setVolumeIndexForAttributes failed to set curve index for group 1 device 0x2
11-11 16:08:38.071 I/vol.Events( 1933): writeEvent level_changed STREAM_MUSIC 11
11-11 16:08:38.071 E/AudioSystem-JNI( 1169): Command failed for android_media_AudioSystem_setStreamVolumeIndex: -22
11-11 16:08:38.080 D/APM_AudioPolicyManager( 1028): setVolumeCurveIndex: wrong index 0 min=1 max=7
11-11 16:08:38.081 E/APM_AudioPolicyManager( 1028): setVolumeIndexForAttributes failed to set curve index for group 2 device 0x2
11-11 16:08:38.081 E/AudioSystem-JNI( 1169): Command failed for android_media_AudioSystem_setStreamVolumeIndex: -22
11-11 16:08:38.099 I/vol.Events( 1933): writeEvent mute_changed STREAM_MUSIC false
11-11 16:08:38.108 D/APM_AudioPolicyManager( 1028): setVolumeCurveIndex: wrong index 0 min=1 max=15
11-11 16:08:38.108 E/APM_AudioPolicyManager( 1028): setVolumeIndexForAttributes failed to set curve index for group 1 device 0x2
11-11 16:08:38.108 E/AudioSystem-JNI( 1169): Command failed for android_media_AudioSystem_setStreamVolumeIndex: -22
11-11 16:08:38.108 D/APM_AudioPolicyManager( 1028): setVolumeCurveIndex: wrong index 0 min=1 max=15
11-11 16:08:38.108 E/APM_AudioPolicyManager( 1028): setVolumeIndexForAttributes failed to set curve index for group 1 device 0x4
11-11 16:08:38.109 E/AudioSystem-JNI( 1169): Command failed for android_media_AudioSystem_setStreamVolumeIndex: -22
11-11 16:08:38.109 D/APM_AudioPolicyManager( 1028): setVolumeCurveIndex: wrong index 0 min=1 max=15
11-11 16:08:38.109 E/APM_AudioPolicyManager( 1028): setVolumeIndexForAttributes failed to set curve index for group 1 device 0x8
11-11 16:08:38.109 E/AudioSystem-JNI( 1169): Command failed for android_media_AudioSystem_setStreamVolumeIndex: -22
11-11 16:08:38.109 D/APM_AudioPolicyManager( 1028): setVolumeCurveIndex: wrong index 0 min=1 max=15
11-11 16:08:38.109 E/APM_AudioPolicyManager( 1028): setVolumeIndexForAttributes failed to set curve index for group 1 device 0x4000000
11-11 16:08:38.109 E/AudioSystem-JNI( 1169): Command failed for android_media_AudioSystem_setStreamVolumeIndex: -22
11-11 16:08:38.110 D/APM_AudioPolicyManager( 1028): setVolumeCurveIndex: wrong index 0 min=1 max=15
11-11 16:08:38.110 E/APM_AudioPolicyManager( 1028): setVolumeIndexForAttributes failed to set curve index for group 1 device 0x40000000
11-11 16:08:38.110 E/AudioSystem-JNI( 1169): Command failed for android_media_AudioSystem_setStreamVolumeIndex: -22
11-11 16:08:38.126 D/APM_AudioPolicyManager( 1028): setVolumeCurveIndex: wrong index 0 min=1 max=7
11-11 16:08:38.126 E/APM_AudioPolicyManager( 1028): setVolumeIndexForAttributes failed to set curve index for group 2 device 0x2
11-11 16:08:38.126 E/AudioSystem-JNI( 1169): Command failed for android_media_AudioSystem_setStreamVolumeIndex: -22
11-11 16:08:38.126 D/APM_AudioPolicyManager( 1028): setVolumeCurveIndex: wrong index 0 min=1 max=7
11-11 16:08:38.127 E/APM_AudioPolicyManager( 1028): setVolumeIndexForAttributes failed to set curve index for group 2 device 0x4
11-11 16:08:38.127 E/AudioSystem-JNI( 1169): Command failed for android_media_AudioSystem_setStreamVolumeIndex: -22
11-11 16:08:38.127 D/APM_AudioPolicyManager( 1028): setVolumeCurveIndex: wrong index 0 min=1 max=7
11-11 16:08:38.127 E/APM_AudioPolicyManager( 1028): setVolumeIndexForAttributes failed to set curve index for group 2 device 0x8
11-11 16:08:38.127 E/AudioSystem-JNI( 1169): Command failed for android_media_AudioSystem_setStreamVolumeIndex: -22
11-11 16:08:38.127 D/APM_AudioPolicyManager( 1028): setVolumeCurveIndex: wrong index 0 min=1 max=7
11-11 16:08:38.127 E/APM_AudioPolicyManager( 1028): setVolumeIndexForAttributes failed to set curve index for group 2 device 0x4000000
11-11 16:08:38.128 E/AudioSystem-JNI( 1169): Command failed for android_media_AudioSystem_setStreamVolumeIndex: -22
11-11 16:08:38.128 D/APM_AudioPolicyManager( 1028): setVolumeCurveIndex: wrong index 0 min=1 max=7
11-11 16:08:38.128 E/APM_AudioPolicyManager( 1028): setVolumeIndexForAttributes failed to set curve index for group 2 device 0x40000000
11-11 16:08:38.128 E/AudioSystem-JNI( 1169): Command failed for android_media_AudioSystem_setStreamVolumeIndex: -22
11-11 16:08:38.168 D/RemoteControlService( 2422): setVolume called, target type: music, target volume 11
11-11 16:08:38.169 D/RemoteControlService( 2422): Digest: 8F74D1CCE5B6E32F3898A8C225BD56D6EE2042E58A0DE93A5F9D7758BADE10CB
11-11 16:08:38.170 D/RemoteControlService( 2422): Send data length: 133
11-11 16:08:38.171 D/RemoteControlService( 2422): Send message finished. direction: 16, messageType: 19, json: {"name":"music","source":0,"token":"BYdGz1fZZDdu2YZ","type":"volume_change","value":11}
11-11 16:08:38.173 D/RemoteControlService( 2422): RemoteVolumeCommand ResponseSpeedTest - use time: 352
11-11 16:08:38.173 D/RemoteControlService( 2422): handleMessage called
11-11 16:08:38.174 D/RemoteControlService( 2422): Client-192.168.4.4 handleHeartBeat:248
11-11 16:08:38.174 D/RemoteControlService( 2422): Is not connect command
11-11 16:08:38.174 D/RemoteControlService( 2422): haveControl ? clientcom.thundercomm.remotecontrolservice.RemoteControllerClient@9c510e2
11-11 16:08:38.174 D/RemoteControlService( 2422): Client have control
11-11 16:08:38.176 D/AS.AudioService( 1169): idcm_volume:setIDCMicroVolume(stream=3, index=0, calling=com.thundercomm.remotecontrolservice)
11-11 16:08:38.177 D/AudioIDCMicroNegotiator( 1169): idcm_volume:setIDCMicroVolume
11-11 16:08:38.177 D/AudioIDCMicroNegotiator( 1169): idcm_common:requestResult method = setVolume parameters = {"functionInfo":{"IDCM_VolumeValue_Media":"0"}}
11-11 16:08:38.177 I/MicroServiceManager( 1169): requestResult(setVolume) parameters is{"functionInfo":{"IDCM_VolumeValue_Media":"0"}}.
11-11 16:08:38.186 D/RemoteControlService( 2422): getEvent: clientSocket = Socket[address=/192.168.4.4,port=34969,localPort=12600]
11-11 16:08:38.187 D/RemoteControlService( 2422): run: called
11-11 16:08:38.187 D/RemoteControlService( 2422): getEvent: start waiting...
11-11 16:08:38.187 E/RemoteControlService( 2422): Enter ListenSocketRunnable
11-11 16:08:38.189 D/RemoteControlService( 2422): After desEncrypt json is [{"type":"music","source":0,"token":"BYdGz1fZZDdu2YZ","value":11}]
11-11 16:08:38.189 D/RemoteControlService( 2422): buildRemoteCommand:type=19
11-11 16:08:38.189 D/RemoteControlService( 2422): Request params: BaseRequestCommandBean{source=0, token='BYdGz1fZZDdu2YZ', type='music', value='11'}
11-11 16:08:38.190 I/vol.Events( 1933): writeEvent show_dialog volume_changed keyguard=false
11-11 16:08:38.194 D/MicroService( 2075): Send message to IDCM:SocketMessageBean{businessData='21930', srcService='FSEM_AudioService', destService='IDCM_CarAudioService', messageType='0', uuid='1668154118177945458', payloadData={"srcService":"FSEM_AudioService","dstService":"IDCM_CarAudioService","messageType":0,"uuid":1668154118177945458,"methodName":"setVolume","parameters":{"functionInfo":{"IDCM_VolumeValue_Media":"0"}}}}
11-11 16:08:38.199 W/crtc_commit:125( 394): type=1400 audit(0.0:652): avc: denied { kill } for capability=5 scontext=u:r:kernel:s0 tcontext=u:r:kernel:s0 tclass=capability permissive=0
11-11 16:08:38.229 I/MicroService( 2075): Receive message: SocketMessageBean{businessData='21930', srcService='IDCM_CarAudioService', destService='FSEM_AudioService', messageType='1', uuid='1668154118177945458', payloadData={"srcService":"IDCM_CarAudioService","dstService":"FSEM_AudioService","methodName":"setVolume","messageType":1,"uuid":1668154118177945458,"parameters":{"functionInfo":{"IDCM_VolumeValue_Media":"0"}}}}
11-11 16:08:38.231 I/MicroService( 2075): onResponse(setVolume): {"functionInfo":{"IDCM_VolumeValue_Media":"0"}}
11-11 16:08:38.231 D/AudioIDCMicroNegotiator( 1169): idcm_common:response from IDCM method = setVolume parameters = {"functionInfo":{"IDCM_VolumeValue_Media":"0"}}
11-11 16:08:38.232 D/AudioIDCMicroNegotiator( 1169): idcm_volume:onSetIDCMicroVolume mIsTimeout= false value = 0 isRequested=true
11-11 16:08:38.232 D/AudioIDCMicroNegotiator( 1169): idcm_volume:setIDCMicroVolume return 0
11-11 16:08:38.232 D/AS.AudioService( 1169): idcm_volume:setIDCMicroVolume: 0
11-11 16:08:38.233 D/MicroService( 2075): handleHeartBeat:443
11-11 16:08:38.238 D/RemoteControlService( 2422): setVolume called, target type: music, target volume 0
11-11 16:08:38.249 D/APM_AudioPolicyManager( 1028): setVolumeCurveIndex: wrong index 0 min=1 max=15
11-11 16:08:38.250 E/APM_AudioPolicyManager( 1028): setVolumeIndexForAttributes failed to set curve index for group 1 device 0x2
11-11 16:08:38.250 E/AudioSystem-JNI( 1169): Command failed for android_media_AudioSystem_setStreamVolumeIndex: -22
11-11 16:08:38.268 D/APM_AudioPolicyManager( 1028): setVolumeCurveIndex: wrong index 0 min=1 max=7
11-11 16:08:38.268 E/APM_AudioPolicyManager( 1028): setVolumeIndexForAttributes failed to set curve index for group 2 device 0x2
11-11 16:08:38.268 E/AudioSystem-JNI( 1169): Command failed for android_media_AudioSystem_setStreamVolumeIndex: -22
11-11 16:08:38.283 D/APM_AudioPolicyManager( 1028): setVolumeCurveIndex: wrong index 0 min=1 max=15
11-11 16:08:38.284 E/APM_AudioPolicyManager( 1028): setVolumeIndexForAttributes failed to set curve index for group 1 device 0x2
11-11 16:08:38.284 E/AudioSystem-JNI( 1169): Command failed for android_media_AudioSystem_setStreamVolumeIndex: -22
11-11 16:08:38.284 D/APM_AudioPolicyManager( 1028): setVolumeCurveIndex: wrong index 0 min=1 max=15
11-11 16:08:38.284 E/APM_AudioPolicyManager( 1028): setVolumeIndexForAttributes failed to set curve index for group 1 device 0x4
11-11 16:08:38.284 E/AudioSystem-JNI( 1169): Command failed for android_media_AudioSystem_setStreamVolumeIndex: -22
11-11 16:08:38.285 D/APM_AudioPolicyManager( 1028): setVolumeCurveIndex: wrong index 0 min=1 max=15
11-11 16:08:38.285 E/APM_AudioPolicyManager( 1028): setVolumeIndexForAttributes failed to set curve index for group 1 device 0x8
11-11 16:08:38.285 E/AudioSystem-JNI( 1169): Command failed for android_media_AudioSystem_setStreamVolumeIndex: -22
11-11 16:08:38.285 D/APM_AudioPolicyManager( 1028): setVolumeCurveIndex: wrong index 0 min=1 max=15
11-11 16:08:38.285 E/APM_AudioPolicyManager( 1028): setVolumeIndexForAttributes failed to set curve index for group 1 device 0x4000000
11-11 16:08:38.285 E/AudioSystem-JNI( 1169): Command failed for android_media_AudioSystem_setStreamVolumeIndex: -22
11-11 16:08:38.285 D/APM_AudioPolicyManager( 1028): setVolumeCurveIndex: wrong index 0 min=1 max=15
11-11 16:08:38.285 E/APM_AudioPolicyManager( 1028): setVolumeIndexForAttributes failed to set curve index for group 1 device 0x40000000
11-11 16:08:38.285 E/AudioSystem-JNI( 1169): Command failed for android_media_AudioSystem_setStreamVolumeIndex: -22
11-11 16:08:38.301 D/APM_AudioPolicyManager( 1028): setVolumeCurveIndex: wrong index 0 min=1 max=7
11-11 16:08:38.301 E/APM_AudioPolicyManager( 1028): setVolumeIndexForAttributes failed to set curve index for group 2 device 0x2
11-11 16:08:38.301 E/AudioSystem-JNI( 1169): Command failed for android_media_AudioSystem_setStreamVolumeIndex: -22
11-11 16:08:38.301 D/APM_AudioPolicyManager( 1028): setVolumeCurveIndex: wrong index 0 min=1 max=7
11-11 16:08:38.302 E/APM_AudioPolicyManager( 1028): setVolumeIndexForAttributes failed to set curve index for group 2 device 0x4
11-11 16:08:38.302 E/AudioSystem-JNI( 1169): Command failed for android_media_AudioSystem_setStreamVolumeIndex: -22
11-11 16:08:38.302 D/APM_AudioPolicyManager( 1028): setVolumeCurveIndex: wrong index 0 min=1 max=7
11-11 16:08:38.302 E/APM_AudioPolicyManager( 1028): setVolumeIndexForAttributes failed to set curve index for group 2 device 0x8
11-11 16:08:38.302 E/AudioSystem-JNI( 1169): Command failed for android_media_AudioSystem_setStreamVolumeIndex: -22
11-11 16:08:38.302 D/APM_AudioPolicyManager( 1028): setVolumeCurveIndex: wrong index 0 min=1 max=7
11-11 16:08:38.302 E/APM_AudioPolicyManager( 1028): setVolumeIndexForAttributes failed to set curve index for group 2 device 0x4000000
11-11 16:08:38.302 E/AudioSystem-JNI( 1169): Command failed for android_media_AudioSystem_setStreamVolumeIndex: -22
11-11 16:08:38.303 D/APM_AudioPolicyManager( 1028): setVolumeCurveIndex: wrong index 0 min=1 max=7
11-11 16:08:38.303 E/APM_AudioPolicyManager( 1028): setVolumeIndexForAttributes failed to set curve index for group 2 device 0x40000000
11-11 16:08:38.303 E/AudioSystem-JNI( 1169): Command failed for android_media_AudioSystem_setStreamVolumeIndex: -22
11-11 16:08:38.320 I/vol.Events( 1933): writeEvent level_changed STREAM_MUSIC 0
11-11 16:08:38.321 D/RemoteControlService( 2422): Digest: 78C7BDB871E5C00BE407B8A303DC0FDC27ACE492FF4E11CDCD115AAB1792FC4B
11-11 16:08:38.321 D/RemoteControlService( 2422): Send data length: 133
11-11 16:08:38.322 I/vol.Events( 1933): writeEvent level_changed STREAM_ALARM 1
11-11 16:08:38.322 I/vol.Events( 1933): writeEvent level_changed STREAM_RING 0
11-11 16:08:38.322 D/RemoteControlService( 2422): Send message finished. direction: 16, messageType: 19, json: {"name":"music","source":0,"token":"BYdGz1fZZDdu2YZ","type":"volume_change","value":0}
11-11 16:08:38.322 I/vol.Events( 1933): writeEvent level_changed STREAM_SYSTEM 0
11-11 16:08:38.322 I/vol.Events( 1933): writeEvent level_changed STREAM_VOICE_CALL 1
11-11 16:08:38.323 I/vol.Events( 1933): writeEvent mute_changed STREAM_MUSIC true
11-11 16:08:38.325 D/RemoteControlService( 2422): RemoteVolumeCommand ResponseSpeedTest - use time: 315
11-11 16:08:38.325 D/RemoteControlService( 2422): handleMessage called
11-11 16:08:38.325 D/RemoteControlService( 2422): Client-192.168.4.4 handleHeartBeat:249
11-11 16:08:38.326 D/RemoteControlService( 2422): Is not connect command
11-11 16:08:38.326 D/RemoteControlService( 2422): haveControl ? clientcom.thundercomm.remotecontrolservice.RemoteControllerClient@9c510e2
11-11 16:08:38.326 D/RemoteControlService( 2422): Client have control
11-11 16:08:38.329 D/AS.AudioService( 1169): idcm_volume:setIDCMicroVolume(stream=3, index=11, calling=com.thundercomm.remotecontrolservice)
11-11 16:08:38.330 D/AudioIDCMicroNegotiator( 1169): idcm_volume:setIDCMicroVolume
11-11 16:08:38.330 D/AudioIDCMicroNegotiator( 1169): idcm_common:requestResult method = setVolume parameters = {"functionInfo":{"IDCM_VolumeValue_Media":"11"}}
11-11 16:08:38.330 I/vol.Events( 1933): writeEvent show_dialog volume_changed keyguard=false
11-11 16:08:38.330 I/MicroServiceManager( 1169): requestResult(setVolume) parameters is{"functionInfo":{"IDCM_VolumeValue_Media":"11"}}.
11-11 16:08:38.341 D/MicroService( 2075): Send message to IDCM:SocketMessageBean{businessData='21930', srcService='FSEM_AudioService', destService='IDCM_CarAudioService', messageType='0', uuid='1668154118331241864', payloadData={"srcService":"FSEM_AudioService","dstService":"IDCM_CarAudioService","messageType":0,"uuid":1668154118331241864,"methodName":"setVolume","parameters":{"functionInfo":{"IDCM_VolumeValue_Media":"11"}}}}
11-11 16:08:38.370 D/RemoteControlService( 2422): getEvent: clientSocket = Socket[address=/192.168.4.4,port=58933,localPort=12600]
11-11 16:08:38.372 D/RemoteControlService( 2422): run: called
11-11 16:08:38.372 D/RemoteControlService( 2422): getEvent: start waiting...
11-11 16:08:38.376 E/RemoteControlService( 2422): Enter ListenSocketRunnable
11-11 16:08:38.377 I/MicroService( 2075): Receive message: SocketMessageBean{businessData='21930', srcService='IDCM_CarAudioService', destService='FSEM_AudioService', messageType='1', uuid='1668154118331241864', payloadData={"srcService":"IDCM_CarAudioService","dstService":"FSEM_AudioService","methodName":"setVolume","messageType":1,"uuid":1668154118331241864,"parameters":{"functionInfo":{"IDCM_VolumeValue_Media":"11"}}}}
11-11 16:08:38.377 I/MicroService( 2075): onResponse(setVolume): {"functionInfo":{"IDCM_VolumeValue_Media":"11"}}
11-11 16:08:38.378 D/AudioIDCMicroNegotiator( 1169): idcm_common:response from IDCM method = setVolume parameters = {"functionInfo":{"IDCM_VolumeValue_Media":"11"}}
11-11 16:08:38.378 D/AudioIDCMicroNegotiator( 1169): idcm_volume:onSetIDCMicroVolume mIsTimeout= false value = 11 isRequested=true
11-11 16:08:38.379 D/AudioIDCMicroNegotiator( 1169): idcm_volume:setIDCMicroVolume return 11
11-11 16:08:38.379 D/AS.AudioService( 1169): idcm_volume:setIDCMicroVolume: 11
11-11 16:08:38.382 D/MicroService( 2075): handleHeartBeat:444
11-11 16:08:38.385 D/RemoteControlService( 2422): After desEncrypt json is [{"type":"music","source":0,"token":"BYdGz1fZZDdu2YZ","value":0}]
11-11 16:08:38.385 D/RemoteControlService( 2422): buildRemoteCommand:type=19
11-11 16:08:38.385 D/RemoteControlService( 2422): Request params: BaseRequestCommandBean{source=0, token='BYdGz1fZZDdu2YZ', type='music', value='0'}
11-11 16:08:38.409 I/vol.Events( 1933): writeEvent level_changed STREAM_ALARM 3
11-11 16:08:38.411 I/vol.Events( 1933): writeEvent level_changed STREAM_RING 2
11-11 16:08:38.411 I/vol.Events( 1933): writeEvent level_changed STREAM_SYSTEM 2
11-11 16:08:38.411 I/vol.Events( 1933): writeEvent level_changed STREAM_VOICE_CALL 2
11-11 16:08:38.419 D/APM_AudioPolicyManager( 1028): setVolumeCurveIndex: wrong index 0 min=1 max=15
11-11 16:08:38.419 I/vol.Events( 1933): writeEvent level_changed STREAM_MUSIC 11
11-11 16:08:38.419 E/APM_AudioPolicyManager( 1028): setVolumeIndexForAttributes failed to set curve index for group 1 device 0x2
11-11 16:08:38.419 I/vol.Events( 1933): writeEvent mute_changed STREAM_MUSIC false
11-11 16:08:38.420 E/AudioSystem-JNI( 1169): Command failed for android_media_AudioSystem_setStreamVolumeIndex: -22
11-11 16:08:38.425 D/APM_AudioPolicyManager( 1028): setVolumeCurveIndex: wrong index 0 min=1 max=7
11-11 16:08:38.425 E/APM_AudioPolicyManager( 1028): setVolumeIndexForAttributes failed to set curve index for group 2 device 0x2
11-11 16:08:38.425 E/AudioSystem-JNI( 1169): Command failed for android_media_AudioSystem_setStreamVolumeIndex: -22
11-11 16:08:38.431 D/RemoteControlService( 2422): setVolume called, target type: music, target volume 11
11-11 16:08:38.433 D/RemoteControlService( 2422): Digest: 8F74D1CCE5B6E32F3898A8C225BD56D6EE2042E58A0DE93A5F9D7758BADE10CB
11-11 16:08:38.434 D/RemoteControlService( 2422): Send data length: 133
11-11 16:08:38.435 D/RemoteControlService( 2422): Send message finished. direction: 16, messageType: 19, json: {"name":"music","source":0,"token":"BYdGz1fZZDdu2YZ","type":"volume_change","value":11}
11-11 16:08:38.437 D/RemoteControlService( 2422): RemoteVolumeCommand ResponseSpeedTest - use time: 251
11-11 16:08:38.437 D/RemoteControlService( 2422): handleMessage called
11-11 16:08:38.437 D/RemoteControlService( 2422): Client-192.168.4.4 handleHeartBeat:250
11-11 16:08:38.437 D/RemoteControlService( 2422): Is not connect command
11-11 16:08:38.437 D/RemoteControlService( 2422): haveControl ? clientcom.thundercomm.remotecontrolservice.RemoteControllerClient@9c510e2
11-11 16:08:38.437 D/RemoteControlService( 2422): Client have control
11-11 16:08:38.439 D/AS.AudioService( 1169): idcm_volume:setIDCMicroVolume(stream=3, index=0, calling=com.thundercomm.remotecontrolservice)
11-11 16:08:38.439 D/AudioIDCMicroNegotiator( 1169): idcm_volume:setIDCMicroVolume
11-11 16:08:38.439 D/AudioIDCMicroNegotiator( 1169): idcm_common:requestResult method = setVolume parameters = {"functionInfo":{"IDCM_VolumeValue_Media":"0"}}
11-11 16:08:38.441 I/MicroServiceManager( 1169): requestResult(setVolume) parameters is{"functionInfo":{"IDCM_VolumeValue_Media":"0"}}.
11-11 16:08:38.454 D/MicroService( 2075): Send message to IDCM:SocketMessageBean{businessData='21930', srcService='FSEM_AudioService', destService='IDCM_CarAudioService', messageType='0', uuid='1668154118442554364', payloadData={"srcService":"FSEM_AudioService","dstService":"IDCM_CarAudioService","messageType":0,"uuid":1668154118442554364,"methodName":"setVolume","parameters":{"functionInfo":{"IDCM_VolumeValue_Media":"0"}}}}
11-11 16:08:38.461 D/APM_AudioPolicyManager( 1028): setVolumeCurveIndex: wrong index 0 min=1 max=15
11-11 16:08:38.461 E/APM_AudioPolicyManager( 1028): setVolumeIndexForAttributes failed to set curve index for group 1 device 0x2
11-11 16:08:38.461 E/AudioSystem-JNI( 1169): Command failed for android_media_AudioSystem_setStreamVolumeIndex: -22
11-11 16:08:38.463 D/APM_AudioPolicyManager( 1028): setVolumeCurveIndex: wrong index 0 min=1 max=15
11-11 16:08:38.463 E/APM_AudioPolicyManager( 1028): setVolumeIndexForAttributes failed to set curve index for group 1 device 0x4
11-11 16:08:38.463 E/AudioSystem-JNI( 1169): Command failed for android_media_AudioSystem_setStreamVolumeIndex: -22
11-11 16:08:38.464 D/APM_AudioPolicyManager( 1028): setVolumeCurveIndex: wrong index 0 min=1 max=15
11-11 16:08:38.464 E/APM_AudioPolicyManager( 1028): setVolumeIndexForAttributes failed to set curve index for group 1 device 0x8
11-11 16:08:38.464 E/AudioSystem-JNI( 1169): Command failed for android_media_AudioSystem_setStreamVolumeIndex: -22
11-11 16:08:38.464 D/APM_AudioPolicyManager( 1028): setVolumeCurveIndex: wrong index 0 min=1 max=15
11-11 16:08:38.464 E/APM_AudioPolicyManager( 1028): setVolumeIndexForAttributes failed to set curve index for group 1 device 0x4000000
11-11 16:08:38.464 E/AudioSystem-JNI( 1169): Command failed for android_media_AudioSystem_setStreamVolumeIndex: -22
11-11 16:08:38.465 D/APM_AudioPolicyManager( 1028): setVolumeCurveIndex: wrong index 0 min=1 max=15
11-11 16:08:38.465 E/APM_AudioPolicyManager( 1028): setVolumeIndexForAttributes failed to set curve index for group 1 device 0x40000000
11-11 16:08:38.465 E/AudioSystem-JNI( 1169): Command failed for android_media_AudioSystem_setStreamVolumeIndex: -22
11-11 16:08:38.490 I/MicroService( 2075): Receive message: SocketMessageBean{businessData='21930', srcService='IDCM_CarAudioService', destService='FSEM_AudioService', messageType='1', uuid='1668154118442554364', payloadData={"srcService":"IDCM_CarAudioService","dstService":"FSEM_AudioService","methodName":"setVolume","messageType":1,"uuid":1668154118442554364,"parameters":{"functionInfo":{"IDCM_VolumeValue_Media":"0"}}}}
11-11 16:08:38.490 I/MicroService( 2075): onResponse(setVolume): {"functionInfo":{"IDCM_VolumeValue_Media":"0"}}
11-11 16:08:38.491 D/AudioIDCMicroNegotiator( 1169): idcm_common:response from IDCM method = setVolume parameters = {"functionInfo":{"IDCM_VolumeValue_Media":"0"}}
11-11 16:08:38.491 D/AudioIDCMicroNegotiator( 1169): idcm_volume:onSetIDCMicroVolume mIsTimeout= false value = 0 isRequested=true
11-11 16:08:38.492 D/AudioIDCMicroNegotiator( 1169): idcm_volume:setIDCMicroVolume return 0
11-11 16:08:38.492 D/AS.AudioService( 1169): idcm_volume:setIDCMicroVolume: 0
11-11 16:08:38.494 D/MicroService( 2075): handleHeartBeat:445
11-11 16:08:38.502 D/APM_AudioPolicyManager( 1028): setVolumeCurveIndex: wrong index 0 min=1 max=7
11-11 16:08:38.502 E/APM_AudioPolicyManager( 1028): setVolumeIndexForAttributes failed to set curve index for group 2 device 0x2
11-11 16:08:38.502 E/AudioSystem-JNI( 1169): Command failed for android_media_AudioSystem_setStreamVolumeIndex: -22
11-11 16:08:38.502 D/APM_AudioPolicyManager( 1028): setVolumeCurveIndex: wrong index 0 min=1 max=7
11-11 16:08:38.502 E/APM_AudioPolicyManager( 1028): setVolumeIndexForAttributes failed to set curve index for group 2 device 0x4
11-11 16:08:38.503 E/AudioSystem-JNI( 1169): Command failed for android_media_AudioSystem_setStreamVolumeIndex: -22
11-11 16:08:38.503 D/APM_AudioPolicyManager( 1028): setVolumeCurveIndex: wrong index 0 min=1 max=7
11-11 16:08:38.503 E/APM_AudioPolicyManager( 1028): setVolumeIndexForAttributes failed to set curve index for group 2 device 0x8
11-11 16:08:38.503 E/AudioSystem-JNI( 1169): Command failed for android_media_AudioSystem_setStreamVolumeIndex: -22
11-11 16:08:38.504 D/APM_AudioPolicyManager( 1028): setVolumeCurveIndex: wrong index 0 min=1 max=7
11-11 16:08:38.504 E/APM_AudioPolicyManager( 1028): setVolumeIndexForAttributes failed to set curve index for group 2 device 0x4000000
11-11 16:08:38.504 E/AudioSystem-JNI( 1169): Command failed for android_media_AudioSystem_setStreamVolumeIndex: -22
11-11 16:08:38.504 D/APM_AudioPolicyManager( 1028): setVolumeCurveIndex: wrong index 0 min=1 max=7
11-11 16:08:38.504 E/APM_AudioPolicyManager( 1028): setVolumeIndexForAttributes failed to set curve index for group 2 device 0x40000000
11-11 16:08:38.505 E/AudioSystem-JNI( 1169): Command failed for android_media_AudioSystem_setStreamVolumeIndex: -22
11-11 16:08:38.537 I/vol.Events( 1933): writeEvent level_changed STREAM_ALARM 1
11-11 16:08:38.542 I/vol.Events( 1933): writeEvent level_changed STREAM_RING 0
11-11 16:08:38.543 I/vol.Events( 1933): writeEvent level_changed STREAM_SYSTEM 0
11-11 16:08:38.545 I/vol.Events( 1933): writeEvent level_changed STREAM_VOICE_CALL 1
11-11 16:08:38.553 D/RemoteControlService( 2422): getEvent: clientSocket = Socket[address=/192.168.4.4,port=49747,localPort=12600]
11-11 16:08:38.554 D/RemoteControlService( 2422): run: called
11-11 16:08:38.554 D/RemoteControlService( 2422): getEvent: start waiting...
11-11 16:08:38.554 E/RemoteControlService( 2422): Enter ListenSocketRunnable
11-11 16:08:38.555 D/APM_AudioPolicyManager( 1028): setVolumeCurveIndex: wrong index 0 min=1 max=15
11-11 16:08:38.555 E/APM_AudioPolicyManager( 1028): setVolumeIndexForAttributes failed to set curve index for group 1 device 0x2
11-11 16:08:38.555 E/AudioSystem-JNI( 1169): Command failed for android_media_AudioSystem_setStreamVolumeIndex: -22
11-11 16:08:38.556 D/RemoteControlService( 2422): After desEncrypt json is [{"type":"music","source":0,"token":"BYdGz1fZZDdu2YZ","value":11}]
11-11 16:08:38.556 D/RemoteControlService( 2422): buildRemoteCommand:type=19
11-11 16:08:38.556 D/RemoteControlService( 2422): Request params: BaseRequestCommandBean{source=0, token='BYdGz1fZZDdu2YZ', type='music', value='11'}
11-11 16:08:38.558 I/vol.Events( 1933): writeEvent level_changed STREAM_MUSIC 0
11-11 16:08:38.559 I/vol.Events( 1933): writeEvent mute_changed STREAM_MUSIC true
11-11 16:08:38.563 D/APM_AudioPolicyManager( 1028): setVolumeCurveIndex: wrong index 0 min=1 max=7
11-11 16:08:38.563 E/APM_AudioPolicyManager( 1028): setVolumeIndexForAttributes failed to set curve index for group 2 device 0x2
11-11 16:08:38.563 E/AudioSystem-JNI( 1169): Command failed for android_media_AudioSystem_setStreamVolumeIndex: -22
11-11 16:08:38.576 I/mpu_uart( 664): [MSG-P:RECV]:No message received in 1000 ms
11-11 16:08:38.589 D/APM_AudioPolicyManager( 1028): setVolumeCurveIndex: wrong index 0 min=1 max=15
11-11 16:08:38.589 E/APM_AudioPolicyManager( 1028): setVolumeIndexForAttributes failed to set curve index for group 1 device 0x2
11-11 16:08:38.589 E/AudioSystem-JNI( 1169): Command failed for android_media_AudioSystem_setStreamVolumeIndex: -22
11-11 16:08:38.590 D/APM_AudioPolicyManager( 1028): setVolumeCurveIndex: wrong index 0 min=1 max=15
11-11 16:08:38.590 E/APM_AudioPolicyManager( 1028): setVolumeIndexForAttributes failed to set curve index for group 1 device 0x4
11-11 16:08:38.590 E/AudioSystem-JNI( 1169): Command failed for android_media_AudioSystem_setStreamVolumeIndex: -22
11-11 16:08:38.591 D/APM_AudioPolicyManager( 1028): setVolumeCurveIndex: wrong index 0 min=1 max=15
11-11 16:08:38.591 E/APM_AudioPolicyManager( 1028): setVolumeIndexForAttributes failed to set curve index for group 1 device 0x8
11-11 16:08:38.592 E/AudioSystem-JNI( 1169): Command failed for android_media_AudioSystem_setStreamVolumeIndex: -22
11-11 16:08:38.592 D/APM_AudioPolicyManager( 1028): setVolumeCurveIndex: wrong index 0 min=1 max=15
11-11 16:08:38.592 E/APM_AudioPolicyManager( 1028): setVolumeIndexForAttributes failed to set curve index for group 1 device 0x4000000
11-11 16:08:38.593 E/AudioSystem-JNI( 1169): Command failed for android_media_AudioSystem_setStreamVolumeIndex: -22
11-11 16:08:38.593 D/APM_AudioPolicyManager( 1028): setVolumeCurveIndex: wrong index 0 min=1 max=15
11-11 16:08:38.593 E/APM_AudioPolicyManager( 1028): setVolumeIndexForAttributes failed to set curve index for group 1 device 0x40000000
11-11 16:08:38.593 E/AudioSystem-JNI( 1169): Command failed for android_media_AudioSystem_setStreamVolumeIndex: -22
11-11 16:08:38.628 D/APM_AudioPolicyManager( 1028): setVolumeCurveIndex: wrong index 0 min=1 max=7
11-11 16:08:38.628 E/APM_AudioPolicyManager( 1028): setVolumeIndexForAttributes failed to set curve index for group 2 device 0x2
11-11 16:08:38.628 E/AudioSystem-JNI( 1169): Command failed for android_media_AudioSystem_setStreamVolumeIndex: -22
11-11 16:08:38.629 D/APM_AudioPolicyManager( 1028): setVolumeCurveIndex: wrong index 0 min=1 max=7
11-11 16:08:38.629 E/APM_AudioPolicyManager( 1028): setVolumeIndexForAttributes failed to set curve index for group 2 device 0x4
11-11 16:08:38.629 E/AudioSystem-JNI( 1169): Command failed for android_media_AudioSystem_setStreamVolumeIndex: -22
11-11 16:08:38.629 D/APM_AudioPolicyManager( 1028): setVolumeCurveIndex: wrong index 0 min=1 max=7
11-11 16:08:38.629 E/APM_AudioPolicyManager( 1028): setVolumeIndexForAttributes failed to set curve index for group 2 device 0x8
11-11 16:08:38.630 E/AudioSystem-JNI( 1169): Command failed for android_media_AudioSystem_setStreamVolumeIndex: -22
11-11 16:08:38.630 D/APM_AudioPolicyManager( 1028): setVolumeCurveIndex: wrong index 0 min=1 max=7
11-11 16:08:38.630 E/APM_AudioPolicyManager( 1028): setVolumeIndexForAttributes failed to set curve index for group 2 device 0x4000000
11-11 16:08:38.631 E/AudioSystem-JNI( 1169): Command failed for android_media_AudioSystem_setStreamVolumeIndex: -22
11-11 16:08:38.631 D/APM_AudioPolicyManager( 1028): setVolumeCurveIndex: wrong index 0 min=1 max=7
11-11 16:08:38.631 E/APM_AudioPolicyManager( 1028): setVolumeIndexForAttributes failed to set curve index for group 2 device 0x40000000
11-11 16:08:38.632 E/AudioSystem-JNI( 1169): Command failed for android_media_AudioSystem_setStreamVolumeIndex: -22
11-11 16:08:38.643 D/RemoteControlService( 2422): setVolume called, target type: music, target volume 0
11-11 16:08:38.668 D/RemoteControlService( 2422): Digest: 78C7BDB871E5C00BE407B8A303DC0FDC27ACE492FF4E11CDCD115AAB1792FC4B
11-11 16:08:38.669 D/RemoteControlService( 2422): Send data length: 133
11-11 16:08:38.669 D/RemoteControlService( 2422): Send message finished. direction: 16, messageType: 19, json: {"name":"music","source":0,"token":"BYdGz1fZZDdu2YZ","type":"volume_change","value":0}
11-11 16:08:38.672 D/RemoteControlService( 2422): RemoteVolumeCommand ResponseSpeedTest - use time: 302
11-11 16:08:38.672 D/RemoteControlService( 2422): handleMessage called
11-11 16:08:38.672 D/RemoteControlService( 2422): Client-192.168.4.4 handleHeartBeat:251
11-11 16:08:38.672 D/RemoteControlService( 2422): Is not connect command
11-11 16:08:38.672 D/RemoteControlService( 2422): haveControl ? clientcom.thundercomm.remotecontrolservice.RemoteControllerClient@9c510e2
11-11 16:08:38.672 D/RemoteControlService( 2422): Client have control
11-11 16:08:38.674 D/AS.AudioService( 1169): idcm_volume:setIDCMicroVolume(stream=3, index=11, calling=com.thundercomm.remotecontrolservice)
11-11 16:08:38.674 D/AudioIDCMicroNegotiator( 1169): idcm_volume:setIDCMicroVolume
11-11 16:08:38.675 D/AudioIDCMicroNegotiator( 1169): idcm_common:requestResult method = setVolume parameters = {"functionInfo":{"IDCM_VolumeValue_Media":"11"}}
11-11 16:08:38.675 I/MicroServiceManager( 1169): requestResult(setVolume) parameters is{"functionInfo":{"IDCM_VolumeValue_Media":"11"}}.
11-11 16:08:38.684 D/MicroService( 2075): Send message to IDCM:SocketMessageBean{businessData='21930', srcService='FSEM_AudioService', destService='IDCM_CarAudioService', messageType='0', uuid='1668154118676295510', payloadData={"srcService":"FSEM_AudioService","dstService":"IDCM_CarAudioService","messageType":0,"uuid":1668154118676295510,"methodName":"setVolume","parameters":{"functionInfo":{"IDCM_VolumeValue_Media":"11"}}}}
11-11 16:08:38.694 I/vol.Events( 1933): writeEvent show_dialog volume_changed keyguard=false
11-11 16:08:38.703 D/BluetoothDatabase( 1910): getBondedDevicesOrdered: Invalid address for device LocalStorage
11-11 16:08:38.715 I/vol.Events( 1933): writeEvent show_dialog volume_changed keyguard=false
11-11 16:08:38.720 D/BluetoothDatabase( 1910): getBondedDevicesOrdered: Invalid address for device LocalStorage
11-11 16:08:38.725 I/MicroService( 2075): Receive message: SocketMessageBean{businessData='21930', srcService='IDCM_CarAudioService', destService='FSEM_AudioService', messageType='1', uuid='1668154118676295510', payloadData={"srcService":"IDCM_CarAudioService","dstService":"FSEM_AudioService","methodName":"setVolume","messageType":1,"uuid":1668154118676295510,"parameters":{"functionInfo":{"IDCM_VolumeValue_Media":"11"}}}}
11-11 16:08:38.725 I/MicroService( 2075): onResponse(setVolume): {"functionInfo":{"IDCM_VolumeValue_Media":"11"}}
11-11 16:08:38.725 D/AudioIDCMicroNegotiator( 1169): idcm_common:response from IDCM method = setVolume parameters = {"functionInfo":{"IDCM_VolumeValue_Media":"11"}}
11-11 16:08:38.725 D/AudioIDCMicroNegotiator( 1169): idcm_volume:onSetIDCMicroVolume mIsTimeout= false value = 11 isRequested=true
11-11 16:08:38.726 D/AudioIDCMicroNegotiator( 1169): idcm_volume:setIDCMicroVolume return 11
11-11 16:08:38.726 D/AS.AudioService( 1169): idcm_volume:setIDCMicroVolume: 11
11-11 16:08:38.727 D/MicroService( 2075): handleHeartBeat:446
11-11 16:08:38.735 D/RemoteControlService( 2422): getEvent: clientSocket = Socket[address=/192.168.4.4,port=51019,localPort=12600]
11-11 16:08:38.735 D/RemoteControlService( 2422): run: called
11-11 16:08:38.735 D/RemoteControlService( 2422): getEvent: start waiting...
11-11 16:08:38.736 E/RemoteControlService( 2422): Enter ListenSocketRunnable
11-11 16:08:38.737 D/RemoteControlService( 2422): After desEncrypt json is [{"type":"music","source":0,"token":"BYdGz1fZZDdu2YZ","value":0}]
11-11 16:08:38.737 D/RemoteControlService( 2422): buildRemoteCommand:type=19
11-11 16:08:38.737 D/RemoteControlService( 2422): Request params: BaseRequestCommandBean{source=0, token='BYdGz1fZZDdu2YZ', type='music', value='0'}
11-11 16:08:38.762 I/vol.Events( 1933): writeEvent level_changed STREAM_ALARM 3
11-11 16:08:38.764 I/vol.Events( 1933): writeEvent level_changed STREAM_RING 2
11-11 16:08:38.765 I/vol.Events( 1933): writeEvent level_changed STREAM_SYSTEM 2
11-11 16:08:38.766 I/vol.Events( 1933): writeEvent level_changed STREAM_VOICE_CALL 2
11-11 16:08:38.769 I/vol.Events( 1933): writeEvent level_changed STREAM_MUSIC 11
11-11 16:08:38.773 D/APM_AudioPolicyManager( 1028): setVolumeCurveIndex: wrong index 0 min=1 max=15
11-11 16:08:38.773 E/APM_AudioPolicyManager( 1028): setVolumeIndexForAttributes failed to set curve index for group 1 device 0x2
11-11 16:08:38.773 E/AudioSystem-JNI( 1169): Command failed for android_media_AudioSystem_setStreamVolumeIndex: -22
11-11 16:08:38.782 D/APM_AudioPolicyManager( 1028): setVolumeCurveIndex: wrong index 0 min=1 max=7
11-11 16:08:38.782 E/APM_AudioPolicyManager( 1028): setVolumeIndexForAttributes failed to set curve index for group 2 device 0x2
11-11 16:08:38.783 E/AudioSystem-JNI( 1169): Command failed for android_media_AudioSystem_setStreamVolumeIndex: -22
11-11 16:08:38.792 D/RemoteControlService( 2422): setVolume called, target type: music, target volume 11
11-11 16:08:38.810 D/APM_AudioPolicyManager( 1028): setVolumeCurveIndex: wrong index 0 min=1 max=15
11-11 16:08:38.810 E/APM_AudioPolicyManager( 1028): setVolumeIndexForAttributes failed to set curve index for group 1 device 0x2
11-11 16:08:38.810 E/AudioSystem-JNI( 1169): Command failed for android_media_AudioSystem_setStreamVolumeIndex: -22
11-11 16:08:38.811 D/APM_AudioPolicyManager( 1028): setVolumeCurveIndex: wrong index 0 min=1 max=15
11-11 16:08:38.811 E/APM_AudioPolicyManager( 1028): setVolumeIndexForAttributes failed to set curve index for group 1 device 0x4
11-11 16:08:38.812 E/AudioSystem-JNI( 1169): Command failed for android_media_AudioSystem_setStreamVolumeIndex: -22
11-11 16:08:38.812 D/APM_AudioPolicyManager( 1028): setVolumeCurveIndex: wrong index 0 min=1 max=15
11-11 16:08:38.812 E/APM_AudioPolicyManager( 1028): setVolumeIndexForAttributes failed to set curve index for group 1 device 0x8
11-11 16:08:38.813 E/AudioSystem-JNI( 1169): Command failed for android_media_AudioSystem_setStreamVolumeIndex: -22
11-11 16:08:38.813 D/APM_AudioPolicyManager( 1028): setVolumeCurveIndex: wrong index 0 min=1 max=15
11-11 16:08:38.813 E/APM_AudioPolicyManager( 1028): setVolumeIndexForAttributes failed to set curve index for group 1 device 0x4000000
11-11 16:08:38.814 E/AudioSystem-JNI( 1169): Command failed for android_media_AudioSystem_setStreamVolumeIndex: -22
11-11 16:08:38.814 D/APM_AudioPolicyManager( 1028): setVolumeCurveIndex: wrong index 0 min=1 max=15
11-11 16:08:38.814 E/APM_AudioPolicyManager( 1028): setVolumeIndexForAttributes failed to set curve index for group 1 device 0x40000000
11-11 16:08:38.815 E/AudioSystem-JNI( 1169): Command failed for android_media_AudioSystem_setStreamVolumeIndex: -22
11-11 16:08:38.851 D/APM_AudioPolicyManager( 1028): setVolumeCurveIndex: wrong index 0 min=1 max=7
11-11 16:08:38.851 E/APM_AudioPolicyManager( 1028): setVolumeIndexForAttributes failed to set curve index for group 2 device 0x2
11-11 16:08:38.851 E/AudioSystem-JNI( 1169): Command failed for android_media_AudioSystem_setStreamVolumeIndex: -22
11-11 16:08:38.852 D/APM_AudioPolicyManager( 1028): setVolumeCurveIndex: wrong index 0 min=1 max=7
11-11 16:08:38.852 E/APM_AudioPolicyManager( 1028): setVolumeIndexForAttributes failed to set curve index for group 2 device 0x4
11-11 16:08:38.853 E/AudioSystem-JNI( 1169): Command failed for android_media_AudioSystem_setStreamVolumeIndex: -22
11-11 16:08:38.853 D/APM_AudioPolicyManager( 1028): setVolumeCurveIndex: wrong index 0 min=1 max=7
11-11 16:08:38.853 E/APM_AudioPolicyManager( 1028): setVolumeIndexForAttributes failed to set curve index for group 2 device 0x8
11-11 16:08:38.853 E/AudioSystem-JNI( 1169): Command failed for android_media_AudioSystem_setStreamVolumeIndex: -22
11-11 16:08:38.854 D/APM_AudioPolicyManager( 1028): setVolumeCurveIndex: wrong index 0 min=1 max=7
11-11 16:08:38.854 E/APM_AudioPolicyManager( 1028): setVolumeIndexForAttributes failed to set curve index for group 2 device 0x4000000
11-11 16:08:38.854 E/AudioSystem-JNI( 1169): Command failed for android_media_AudioSystem_setStreamVolumeIndex: -22
11-11 16:08:38.856 D/APM_AudioPolicyManager( 1028): setVolumeCurveIndex: wrong index 0 min=1 max=7
11-11 16:08:38.856 E/APM_AudioPolicyManager( 1028): setVolumeIndexForAttributes failed to set curve index for group 2 device 0x40000000
11-11 16:08:38.856 E/AudioSystem-JNI( 1169): Command failed for android_media_AudioSystem_setStreamVolumeIndex: -22
11-11 16:08:38.891 D/RemoteControlService( 2422): Digest: 8F74D1CCE5B6E32F3898A8C225BD56D6EE2042E58A0DE93A5F9D7758BADE10CB
11-11 16:08:38.891 D/RemoteControlService( 2422): Send data length: 133
11-11 16:08:38.892 D/RemoteControlService( 2422): Send message finished. direction: 16, messageType: 19, json: {"name":"music","source":0,"token":"BYdGz1fZZDdu2YZ","type":"volume_change","value":11}
11-11 16:08:38.896 D/RemoteControlService( 2422): RemoteVolumeCommand ResponseSpeedTest - use time: 343
11-11 16:08:38.896 D/RemoteControlService( 2422): handleMessage called
11-11 16:08:38.896 D/RemoteControlService( 2422): Client-192.168.4.4 handleHeartBeat:252
11-11 16:08:38.897 D/RemoteControlService( 2422): Is not connect command
11-11 16:08:38.897 D/RemoteControlService( 2422): haveControl ? clientcom.thundercomm.remotecontrolservice.RemoteControllerClient@9c510e2
11-11 16:08:38.897 D/RemoteControlService( 2422): Client have control
11-11 16:08:38.897 I/vol.Events( 1933): writeEvent mute_changed STREAM_MUSIC false
11-11 16:08:38.903 D/RemoteControlService( 2422): getEvent: clientSocket = Socket[address=/192.168.4.4,port=39495,localPort=12600]
11-11 16:08:38.904 D/RemoteControlService( 2422): run: called
11-11 16:08:38.904 D/RemoteControlService( 2422): getEvent: start waiting...
11-11 16:08:38.905 E/RemoteControlService( 2422): Enter ListenSocketRunnable
11-11 16:08:38.906 D/AS.AudioService( 1169): idcm_volume:setIDCMicroVolume(stream=3, index=0, calling=com.thundercomm.remotecontrolservice)
11-11 16:08:38.906 D/AudioIDCMicroNegotiator( 1169): idcm_volume:setIDCMicroVolume
11-11 16:08:38.906 D/AudioIDCMicroNegotiator( 1169): idcm_common:requestResult method = setVolume parameters = {"functionInfo":{"IDCM_VolumeValue_Media":"0"}}
11-11 16:08:38.906 I/MicroServiceManager( 1169): requestResult(setVolume) parameters is{"functionInfo":{"IDCM_VolumeValue_Media":"0"}}.
11-11 16:08:38.907 D/RemoteControlService( 2422): After desEncrypt json is [{"type":"music","source":0,"token":"BYdGz1fZZDdu2YZ","value":11}]
11-11 16:08:38.907 D/RemoteControlService( 2422): buildRemoteCommand:type=19
11-11 16:08:38.907 D/RemoteControlService( 2422): Request params: BaseRequestCommandBean{source=0, token='BYdGz1fZZDdu2YZ', type='music', value='11'}
11-11 16:08:38.917 I/vol.Events( 1933): writeEvent show_dialog volume_changed keyguard=false
11-11 16:08:38.921 D/MicroService( 2075): Send message to IDCM:SocketMessageBean{businessData='21930', srcService='FSEM_AudioService', destService='IDCM_CarAudioService', messageType='0', uuid='1668154118906174624', payloadData={"srcService":"FSEM_AudioService","dstService":"IDCM_CarAudioService","messageType":0,"uuid":1668154118906174624,"methodName":"setVolume","parameters":{"functionInfo":{"IDCM_VolumeValue_Media":"0"}}}}
11-11 16:08:38.922 D/BluetoothDatabase( 1910): getBondedDevicesOrdered: Invalid address for device LocalStorage
11-11 16:08:38.972 I/MicroService( 2075): Receive message: null.
11-11 16:08:38.990 I/MicroService( 2075): Receive message: SocketMessageBean{businessData='21930', srcService='IDCM_COM', destService='FSEM_COM', messageType='2', uuid='0', payloadData={
11-11 16:08:38.990 I/MicroService( 2075): "dstService" : "FSEM_COM",
11-11 16:08:38.990 I/MicroService( 2075): "messageType" : 2,
11-11 16:08:38.990 I/MicroService( 2075): "methodName" : "startup",
11-11 16:08:38.990 I/MicroService( 2075): "parameters" : {
11-11 16:08:38.990 I/MicroService( 2075): "crash" : "true"
11-11 16:08:38.990 I/MicroService( 2075): },
11-11 16:08:38.990 I/MicroService( 2075): "srcService" : "IDCM_COM",
11-11 16:08:38.990 I/MicroService( 2075): "uuid" : 0
11-11 16:08:38.990 I/MicroService( 2075): }
11-11 16:08:38.990 I/MicroService( 2075): }
11-11 16:08:38.991 I/MicroService( 2075): Receive message: null.
11-11 16:08:39.004 D/MicroService( 2075): Send message to IDCM:SocketMessageBean{businessData='21930', srcService='FSEM_COM', destService='IDCM_COM', messageType='2', uuid='1668154118991954989', payloadData={"srcService":"FSEM_COM","dstService":"IDCM_COM","messageType":2,"uuid":1668154118991954989,"methodName":"handShake","parameters":{"clientName":"FSEM_COM","clientVersion":"01.10"}}}
11-11 16:08:39.032 I/MicroService( 2075): Receive message: SocketMessageBean{businessData='21930', srcService='IDCM_COM', destService='FSEM_COM', messageType='2', uuid='1668154118991954989', payloadData={
11-11 16:08:39.032 I/MicroService( 2075): "srcService":"IDCM_COM",
11-11 16:08:39.032 I/MicroService( 2075): "dstService":"FSEM_COM",
11-11 16:08:39.032 I/MicroService( 2075): "messageType":2,
11-11 16:08:39.032 I/MicroService( 2075): "uuid":1668154118991954989,
11-11 16:08:39.032 I/MicroService( 2075): "methodName":"handShake",
11-11 16:08:39.032 I/MicroService( 2075): "parameters":{"result":"true","serverName":"IDCM_COM","serverVersion":"01.01"}
11-11 16:08:39.032 I/MicroService( 2075): }}
11-11 16:08:39.032 I/MicroService( 2075): Client connect status changed. Status: 1
11-11 16:08:39.032 D/MicroService( 2075): startHeartBeat Timer
11-11 16:08:39.032 D/MicroService( 2075): is started
11-11 16:08:39.032 I/MicroService( 2075): onConnectStateChanged: 1
11-11 16:08:39.032 I/MicroService( 2075): onConnectStateChanged count = 2
11-11 16:08:39.033 D/AudioIDCMicroNegotiator( 1169): idcm_common:onConnectStateChange: 1
11-11 16:08:39.033 D/MicroSettings: SettingMicroservices( 2108): onNettyConnectState: 1mLastNettyState: 1
11-11 16:08:39.048 I/MicroService( 2075): Receive message: SocketMessageBean{businessData='21930', srcService='IDCM_HHServer', destService='FSEM_SettingService', messageType='0', uuid='1668154119147164000', payloadData={
11-11 16:08:39.048 I/MicroService( 2075): "dstService" : "FSEM_SettingService",
11-11 16:08:39.048 I/MicroService( 2075): "messageType" : 0,
11-11 16:08:39.048 I/MicroService( 2075): "methodName" : "sendBrightness",
11-11 16:08:39.048 I/MicroService( 2075): "parameters" : {
11-11 16:08:39.048 I/MicroService( 2075): "IDCM_BrightValue" : 20
11-11 16:08:39.048 I/MicroService( 2075): },
11-11 16:08:39.048 I/MicroService( 2075): "srcService" : "IDCM_HHServer",
11-11 16:08:39.048 I/MicroService( 2075): "uuid" : 1668154119147164000
11-11 16:08:39.048 I/MicroService( 2075): }
11-11 16:08:39.048 I/MicroService( 2075): }
11-11 16:08:39.048 I/MicroService( 2075): onRequest(sendBrightness): {"IDCM_BrightValue":20}
11-11 16:08:39.051 D/MicroSettings: ITCMicroCommonCallback( 2108): get request method = sendBrightness parameters = {"IDCM_BrightValue":20}
11-11 16:08:39.056 D/MicroService( 2075): handleHeartBeat:447
11-11 16:08:39.062 I/MicroService( 2075): Receive message: SocketMessageBean{businessData='21930', srcService='IDCM_HHServer', destService='FSEM_SettingService', messageType='0', uuid='1668154119154680000', payloadData={
