05-05 23:59:17.640 I/SystemServerTiming( 1169): OnBootPhase_550_com.android.server.oemlock.OemLockService
05-05 23:59:17.641 D/SystemServerTiming( 1169): OnBootPhase_550_com.android.server.oemlock.OemLockService took to complete: 0ms
05-05 23:59:17.641 I/SystemServerTiming( 1169): OnBootPhase_550_com.android.server.DeviceIdleController
05-05 23:59:17.641 D/SystemServerTiming( 1169): OnBootPhase_550_com.android.server.DeviceIdleController took to complete: 0ms
05-05 23:59:17.641 I/SystemServerTiming( 1169): OnBootPhase_550_com.android.server.devicepolicy.DevicePolicyManagerService$Lifecycle
05-05 23:59:17.641 D/SystemServerTiming( 1169): OnBootPhase_550_com.android.server.devicepolicy.DevicePolicyManagerService$Lifecycle took to complete: 1ms
05-05 23:59:17.641 I/SystemServerTiming( 1169): OnBootPhase_550_com.android.server.texttospeech.TextToSpeechManagerService
05-05 23:59:17.641 D/SystemServerTiming( 1169): OnBootPhase_550_com.android.server.texttospeech.TextToSpeechManagerService took to complete: 0ms
05-05 23:59:17.641 I/SystemServerTiming( 1169): OnBootPhase_550_com.android.server.speech.SpeechRecognitionManagerService
05-05 23:59:17.641 D/SystemServerTiming( 1169): OnBootPhase_550_com.android.server.speech.SpeechRecognitionManagerService took to complete: 0ms
05-05 23:59:17.641 I/SystemServerTiming( 1169): OnBootPhase_550_com.android.server.searchui.SearchUiManagerService
05-05 23:59:17.641 D/SystemServerTiming( 1169): OnBootPhase_550_com.android.server.searchui.SearchUiManagerService took to complete: 0ms
05-05 23:59:17.641 I/SystemServerTiming( 1169): OnBootPhase_550_com.android.server.smartspace.SmartspaceManagerService
05-05 23:59:17.641 D/SystemServerTiming( 1169): OnBootPhase_550_com.android.server.smartspace.SmartspaceManagerService took to complete: 0ms
05-05 23:59:17.641 I/SystemServerTiming( 1169): OnBootPhase_550_com.android.server.graphics.fonts.FontManagerService$Lifecycle
05-05 23:59:17.641 D/SystemServerTiming( 1169): OnBootPhase_550_com.android.server.graphics.fonts.FontManagerService$Lifecycle took to complete: 0ms
05-05 23:59:17.641 I/SystemServerTiming( 1169): OnBootPhase_550_com.android.server.textservices.TextServicesManagerService$Lifecycle
05-05 23:59:17.641 D/SystemServerTiming( 1169): OnBootPhase_550_com.android.server.textservices.TextServicesManagerService$Lifecycle took to complete: 0ms
05-05 23:59:17.641 I/SystemServerTiming( 1169): OnBootPhase_550_com.android.server.textclassifier.TextClassificationManagerService$Lifecycle
05-05 23:59:17.641 D/SystemServerTiming( 1169): OnBootPhase_550_com.android.server.textclassifier.TextClassificationManagerService$Lifecycle took to complete: 0ms
05-05 23:59:17.641 I/SystemServerTiming( 1169): OnBootPhase_550_com.android.server.NetworkScoreService$Lifecycle
05-05 23:59:17.641 D/SystemServerTiming( 1169): OnBootPhase_550_com.android.server.NetworkScoreService$Lifecycle took to complete: 0ms
05-05 23:59:17.641 I/SystemServerTiming( 1169): OnBootPhase_550_com.android.server.wifi.WifiService
05-05 23:59:17.641 D/SystemServerTiming( 1169): OnBootPhase_550_com.android.server.wifi.WifiService took to complete: 0ms
05-05 23:59:17.642 I/SystemServerTiming( 1169): OnBootPhase_550_com.android.server.wifi.scanner.WifiScanningService
05-05 23:59:17.642 D/SystemServerTiming( 1169): OnBootPhase_550_com.android.server.wifi.scanner.WifiScanningService took to complete: 0ms
05-05 23:59:17.642 I/SystemServerTiming( 1169): OnBootPhase_550_com.android.server.wifi.rtt.RttService
05-05 23:59:17.642 D/SystemServerTiming( 1169): OnBootPhase_550_com.android.server.wifi.rtt.RttService took to complete: 0ms
05-05 23:59:17.642 I/SystemServerTiming( 1169): OnBootPhase_550_com.android.server.wifi.aware.WifiAwareService
05-05 23:59:17.642 D/SystemServerTiming( 1169): OnBootPhase_550_com.android.server.wifi.aware.WifiAwareService took to complete: 0ms
05-05 23:59:17.642 I/SystemServerTiming( 1169): OnBootPhase_550_com.android.server.wifi.p2p.WifiP2pService
05-05 23:59:17.642 D/SystemServerTiming( 1169): OnBootPhase_550_com.android.server.wifi.p2p.WifiP2pService took to complete: 0ms
05-05 23:59:17.643 I/SystemServerTiming( 1169): OnBootPhase_550_com.android.server.ethernet.EthernetService
05-05 23:59:17.643 D/SystemServerTiming( 1169): OnBootPhase_550_com.android.server.ethernet.EthernetService took to complete: 0ms
05-05 23:59:17.643 I/SystemServerTiming( 1169): OnBootPhase_550_com.android.server.ConnectivityServiceInitializer
05-05 23:59:17.643 D/SystemServerTiming( 1169): OnBootPhase_550_com.android.server.ConnectivityServiceInitializer took to complete: 0ms
05-05 23:59:17.643 I/SystemServerTiming( 1169): OnBootPhase_550_com.android.server.notification.NotificationManagerService
05-05 23:59:17.643 D/SystemServerTiming( 1169): OnBootPhase_550_com.android.server.notification.NotificationManagerService took to complete: 0ms
05-05 23:59:17.643 I/SystemServerTiming( 1169): OnBootPhase_550_com.android.server.storage.DeviceStorageMonitorService
05-05 23:59:17.643 D/SystemServerTiming( 1169): OnBootPhase_550_com.android.server.storage.DeviceStorageMonitorService took to complete: 0ms
05-05 23:59:17.643 I/SystemServerTiming( 1169): OnBootPhase_550_com.android.server.location.LocationManagerService$Lifecycle
05-05 23:59:17.643 D/SystemServerTiming( 1169): OnBootPhase_550_com.android.server.location.LocationManagerService$Lifecycle took to complete: 0ms
05-05 23:59:17.643 I/SystemServerTiming( 1169): OnBootPhase_550_com.android.server.timedetector.TimeDetectorService$Lifecycle
05-05 23:59:17.643 D/SystemServerTiming( 1169): OnBootPhase_550_com.android.server.timedetector.TimeDetectorService$Lifecycle took to complete: 0ms
05-05 23:59:17.643 I/SystemServerTiming( 1169): OnBootPhase_550_com.android.server.timezonedetector.TimeZoneDetectorService$Lifecycle
05-05 23:59:17.643 D/SystemServerTiming( 1169): OnBootPhase_550_com.android.server.timezonedetector.TimeZoneDetectorService$Lifecycle took to complete: 0ms
05-05 23:59:17.643 I/SystemServerTiming( 1169): OnBootPhase_550_com.android.server.timezonedetector.location.LocationTimeZoneManagerService$Lifecycle
05-05 23:59:17.643 D/SystemServerTiming( 1169): OnBootPhase_550_com.android.server.timezonedetector.location.LocationTimeZoneManagerService$Lifecycle took to complete: 0ms
05-05 23:59:17.643 I/SystemServerTiming( 1169): OnBootPhase_550_com.android.server.search.SearchManagerService$Lifecycle
05-05 23:59:17.644 D/SystemServerTiming( 1169): OnBootPhase_550_com.android.server.search.SearchManagerService$Lifecycle took to complete: 0ms
05-05 23:59:17.644 I/SystemServerTiming( 1169): OnBootPhase_550_com.android.server.wallpaper.WallpaperManagerService$Lifecycle
05-05 23:59:17.656 I/WallpaperManagerService( 1169): No static wallpaper imagery; defaults will be shown
05-05 23:59:17.656 V/WallpaperManagerService( 1169): bindWallpaperComponentLocked: componentName=ComponentInfo{com.android.systemui/com.android.systemui.ImageWallpaper}
05-05 23:59:17.659 D/CompatibilityChangeReporter( 1169): Compat change id reported: 135634846; UID 10085; state: DISABLED
05-05 23:59:17.660 D/CompatibilityChangeReporter( 1169): Compat change id reported: 177438394; UID 10085; state: DISABLED
05-05 23:59:17.660 D/CompatibilityChangeReporter( 1169): Compat change id reported: 135772972; UID 10085; state: DISABLED
05-05 23:59:17.660 D/CompatibilityChangeReporter( 1169): Compat change id reported: 135754954; UID 10085; state: ENABLED
05-05 23:59:17.660 D/CompatibilityChangeReporter( 1169): Compat change id reported: 143937733; UID 10085; state: ENABLED
05-05 23:59:17.663 W/WallpaperManagerService( 1169): Invalid wallpaper data
05-05 23:59:17.663 E/WallpaperManagerService( 1169): Unable to apply new wallpaper
05-05 23:59:17.664 D/SystemServerTiming( 1169): OnBootPhase_550_com.android.server.wallpaper.WallpaperManagerService$Lifecycle took to complete: 21ms
05-05 23:59:17.664 I/SystemServerTiming( 1169): OnBootPhase_550_com.android.server.audio.AudioService$Lifecycle
05-05 23:59:17.664 D/SystemServerTiming( 1169): OnBootPhase_550_com.android.server.audio.AudioService$Lifecycle took to complete: 0ms
05-05 23:59:17.664 I/SystemServerTiming( 1169): OnBootPhase_550_com.android.server.soundtrigger_middleware.SoundTriggerMiddlewareService$Lifecycle
05-05 23:59:17.664 D/SystemServerTiming( 1169): OnBootPhase_550_com.android.server.soundtrigger_middleware.SoundTriggerMiddlewareService$Lifecycle took to complete: 0ms
05-05 23:59:17.664 I/SystemServerTiming( 1169): OnBootPhase_550_com.android.server.DockObserver
05-05 23:59:17.664 D/SystemServerTiming( 1169): OnBootPhase_550_com.android.server.DockObserver took to complete: 0ms
05-05 23:59:17.664 I/SystemServerTiming( 1169): OnBootPhase_550_com.android.server.midi.MidiService$Lifecycle
05-05 23:59:17.664 D/SystemServerTiming( 1169): OnBootPhase_550_com.android.server.midi.MidiService$Lifecycle took to complete: 0ms
05-05 23:59:17.664 I/SystemServerTiming( 1169): OnBootPhase_550_com.android.server.adb.AdbService$Lifecycle
05-05 23:59:17.664 D/SystemServerTiming( 1169): OnBootPhase_550_com.android.server.adb.AdbService$Lifecycle took to complete: 0ms
05-05 23:59:17.664 I/SystemServerTiming( 1169): OnBootPhase_550_com.android.server.usb.UsbService$Lifecycle
05-05 23:59:17.664 D/SystemServerTiming( 1169): OnBootPhase_550_com.android.server.usb.UsbService$Lifecycle took to complete: 0ms
05-05 23:59:17.664 I/SystemServerTiming( 1169): OnBootPhase_550_com.android.server.twilight.TwilightService
05-05 23:59:17.665 D/SystemServerTiming( 1169): OnBootPhase_550_com.android.server.twilight.TwilightService took to complete: 0ms
05-05 23:59:17.665 I/SystemServerTiming( 1169): OnBootPhase_550_com.android.server.display.color.ColorDisplayService
05-05 23:59:17.665 D/SystemServerTiming( 1169): OnBootPhase_550_com.android.server.display.color.ColorDisplayService took to complete: 0ms
05-05 23:59:17.665 I/SystemServerTiming( 1169): OnBootPhase_550_com.android.server.job.JobSchedulerService
05-05 23:59:17.665 D/SystemServerTiming( 1169): OnBootPhase_550_com.android.server.job.JobSchedulerService took to complete: 0ms
05-05 23:59:17.665 I/SystemServerTiming( 1169): OnBootPhase_550_com.android.server.soundtrigger.SoundTriggerService
05-05 23:59:17.665 D/SoundTriggerService( 1169): onBootPhase: 550 : false
05-05 23:59:17.665 D/SystemServerTiming( 1169): OnBootPhase_550_com.android.server.soundtrigger.SoundTriggerService took to complete: 0ms
05-05 23:59:17.665 I/SystemServerTimingAsync( 1169): InitThreadPoolExec:UsbService$Lifecycle#onBootPhase
05-05 23:59:17.665 I/SystemServerTiming( 1169): OnBootPhase_550_com.android.server.trust.TrustManagerService
05-05 23:59:17.666 D/SystemServerInitThreadPool( 1169): Started executing UsbService$Lifecycle#onBootPhase
05-05 23:59:17.666 D/SystemServerTiming( 1169): OnBootPhase_550_com.android.server.trust.TrustManagerService took to complete: 0ms
05-05 23:59:17.666 I/SystemServerTiming( 1169): OnBootPhase_550_com.android.server.backup.BackupManagerService$Lifecycle
05-05 23:59:17.666 D/SystemServerTiming( 1169): OnBootPhase_550_com.android.server.backup.BackupManagerService$Lifecycle took to complete: 0ms
05-05 23:59:17.666 I/SystemServerTiming( 1169): OnBootPhase_550_com.android.server.appwidget.AppWidgetService
05-05 23:59:17.666 D/SystemServerTiming( 1169): OnBootPhase_550_com.android.server.appwidget.AppWidgetService took to complete: 0ms
05-05 23:59:17.666 I/SystemServerTiming( 1169): OnBootPhase_550_com.android.server.voiceinteraction.VoiceInteractionManagerService
05-05 23:59:17.667 D/SystemServerTiming( 1169): OnBootPhase_550_com.android.server.voiceinteraction.VoiceInteractionManagerService took to complete: 0ms
05-05 23:59:17.667 I/SystemServerTiming( 1169): OnBootPhase_550_com.android.server.apphibernation.AppHibernationService
05-05 23:59:17.667 D/SystemServerTiming( 1169): OnBootPhase_550_com.android.server.apphibernation.AppHibernationService took to complete: 0ms
05-05 23:59:17.667 I/SystemServerTiming( 1169): OnBootPhase_550_com.android.server.SensorNotificationService
05-05 23:59:17.667 D/SystemServerTiming( 1169): OnBootPhase_550_com.android.server.SensorNotificationService took to complete: 0ms
05-05 23:59:17.667 I/SystemServerTiming( 1169): OnBootPhase_550_com.android.server.emergency.EmergencyAffordanceService
05-05 23:59:17.667 D/SystemServerTiming( 1169): OnBootPhase_550_com.android.server.emergency.EmergencyAffordanceService took to complete: 0ms
05-05 23:59:17.667 I/SystemServerTiming( 1169): OnBootPhase_550_com.android.server.blob.BlobStoreManagerService
05-05 23:59:17.667 D/SystemServerInitThreadPool( 1169): Finished executing UsbService$Lifecycle#onBootPhase
05-05 23:59:17.667 D/SystemServerTimingAsync( 1169): InitThreadPoolExec:UsbService$Lifecycle#onBootPhase took to complete: 2ms
05-05 23:59:17.669 D/SystemServerTiming( 1169): OnBootPhase_550_com.android.server.blob.BlobStoreManagerService took to complete: 1ms
05-05 23:59:17.669 I/SystemServerTiming( 1169): OnBootPhase_550_com.android.server.dreams.DreamManagerService
05-05 23:59:17.669 D/SystemServerTiming( 1169): OnBootPhase_550_com.android.server.dreams.DreamManagerService took to complete: 0ms
05-05 23:59:17.669 I/SystemServerTiming( 1169): OnBootPhase_550_com.android.server.companion.CompanionDeviceManagerService
05-05 23:59:17.669 D/SystemServerTiming( 1169): OnBootPhase_550_com.android.server.companion.CompanionDeviceManagerService took to complete: 0ms
05-05 23:59:17.669 I/SystemServerTiming( 1169): OnBootPhase_550_com.android.server.restrictions.RestrictionsManagerService
05-05 23:59:17.669 D/SystemServerTiming( 1169): OnBootPhase_550_com.android.server.restrictions.RestrictionsManagerService took to complete: 0ms
05-05 23:59:17.669 I/SystemServerTiming( 1169): OnBootPhase_550_com.android.server.media.MediaSessionService
05-05 23:59:17.670 D/SystemServerTiming( 1169): OnBootPhase_550_com.android.server.media.MediaSessionService took to complete: 1ms
05-05 23:59:17.670 I/SystemServerTiming( 1169): OnBootPhase_550_com.android.server.media.MediaResourceMonitorService
05-05 23:59:17.670 D/SystemServerTiming( 1169): OnBootPhase_550_com.android.server.media.MediaResourceMonitorService took to complete: 0ms
05-05 23:59:17.670 I/SystemServerTiming( 1169): OnBootPhase_550_com.android.server.biometrics.sensors.fingerprint.FingerprintService
05-05 23:59:17.670 D/SystemServerTiming( 1169): OnBootPhase_550_com.android.server.biometrics.sensors.fingerprint.FingerprintService took to complete: 0ms
05-05 23:59:17.670 I/SystemServerTiming( 1169): OnBootPhase_550_com.android.server.biometrics.BiometricService
05-05 23:59:17.670 D/SystemServerTiming( 1169): OnBootPhase_550_com.android.server.biometrics.BiometricService took to complete: 0ms
05-05 23:59:17.671 I/SystemServerTiming( 1169): OnBootPhase_550_com.android.server.biometrics.AuthService
05-05 23:59:17.671 D/SystemServerTiming( 1169): OnBootPhase_550_com.android.server.biometrics.AuthService took to complete: 0ms
05-05 23:59:17.671 I/SystemServerTiming( 1169): OnBootPhase_550_com.android.server.pm.ShortcutService$Lifecycle
05-05 23:59:17.671 D/SystemServerTiming( 1169): OnBootPhase_550_com.android.server.pm.ShortcutService$Lifecycle took to complete: 1ms
05-05 23:59:17.671 I/SystemServerTiming( 1169): OnBootPhase_550_com.android.server.pm.LauncherAppsService
05-05 23:59:17.671 D/SystemServerTiming( 1169): OnBootPhase_550_com.android.server.pm.LauncherAppsService took to complete: 0ms
05-05 23:59:17.671 I/SystemServerTiming( 1169): OnBootPhase_550_com.android.server.pm.CrossProfileAppsService
05-05 23:59:17.671 D/SystemServerTiming( 1169): OnBootPhase_550_com.android.server.pm.CrossProfileAppsService took to complete: 0ms
05-05 23:59:17.671 I/UsbPortManager( 1169): ClientCallback V1_2:
05-05 23:59:17.671 I/SystemServerTiming( 1169): OnBootPhase_550_com.android.server.people.PeopleService
05-05 23:59:17.671 D/SystemServerTiming( 1169): OnBootPhase_550_com.android.server.people.PeopleService took to complete: 0ms
05-05 23:59:17.672 I/SystemServerTiming( 1169): OnBootPhase_550_com.android.server.media.metrics.MediaMetricsManagerService
05-05 23:59:17.672 D/SystemServerTiming( 1169): OnBootPhase_550_com.android.server.media.metrics.MediaMetricsManagerService took to complete: 0ms
05-05 23:59:17.672 I/SystemServerTiming( 1169): OnBootPhase_550_com.android.server.media.projection.MediaProjectionManagerService
05-05 23:59:17.672 D/SystemServerTiming( 1169): OnBootPhase_550_com.android.server.media.projection.MediaProjectionManagerService took to complete: 0ms
05-05 23:59:17.672 I/SystemServerTiming( 1169): OnBootPhase_550_com.android.server.slice.SliceManagerService$Lifecycle
05-05 23:59:17.672 I/UsbPortManager( 1169): USB port added: port=UsbPort{id=, supportedModes=nonesupportedContaminantProtectionModes=0supportsEnableContaminantPresenceProtection=falsesupportsEnableContaminantPresenceDetection=false, status=UsbPortStatus{connected=false, currentMode=none, currentPowerRole=no-power, currentDataRole=no-data, supportedRoleCombinations=[no-power:no-data], contaminantDetectionStatus=0, contaminantProtectionStatus=0}, canChangeMode=false, canChangePowerRole=false, canChangeDataRole=false, connectedAtMillis=0, lastConnectDurationMillis=0
05-05 23:59:17.674 D/SystemServerTiming( 1169): OnBootPhase_550_com.android.server.slice.SliceManagerService$Lifecycle took to complete: 0ms
05-05 23:59:17.674 I/SystemServerTiming( 1169): OnBootPhase_550_com.android.server.stats.StatsCompanion$Lifecycle
05-05 23:59:17.674 D/SystemServerTiming( 1169): OnBootPhase_550_com.android.server.stats.StatsCompanion$Lifecycle took to complete: 0ms
05-05 23:59:17.674 I/SystemServerTiming( 1169): OnBootPhase_550_com.android.server.scheduling.RebootReadinessManagerService$Lifecycle
05-05 23:59:17.674 D/SystemServerTiming( 1169): OnBootPhase_550_com.android.server.scheduling.RebootReadinessManagerService$Lifecycle took to complete: 0ms
05-05 23:59:17.674 I/SystemServerTiming( 1169): OnBootPhase_550_com.android.server.stats.pull.StatsPullAtomService
05-05 23:59:17.674 D/SystemServerTiming( 1169): OnBootPhase_550_com.android.server.stats.pull.StatsPullAtomService took to complete: 0ms
05-05 23:59:17.674 I/SystemServerTiming( 1169): OnBootPhase_550_com.android.server.incident.IncidentCompanionService
05-05 23:59:17.674 D/SystemServerTiming( 1169): OnBootPhase_550_com.android.server.incident.IncidentCompanionService took to complete: 0ms
05-05 23:59:17.674 I/SystemServerTiming( 1169): OnBootPhase_550_com.android.server.MmsServiceBroker
05-05 23:59:17.674 D/SystemServerTiming( 1169): OnBootPhase_550_com.android.server.MmsServiceBroker took to complete: 0ms
05-05 23:59:17.674 I/SystemServerTiming( 1169): OnBootPhase_550_com.android.server.autofill.AutofillManagerService
05-05 23:59:17.674 D/SystemServerTiming( 1169): OnBootPhase_550_com.android.server.autofill.AutofillManagerService took to complete: 0ms
05-05 23:59:17.674 I/SystemServerTiming( 1169): OnBootPhase_550_com.android.server.clipboard.ClipboardService
05-05 23:59:17.675 D/SystemServerTiming( 1169): OnBootPhase_550_com.android.server.clipboard.ClipboardService took to complete: 0ms
05-05 23:59:17.675 I/SystemServerTiming( 1169): OnBootPhase_550_com.android.server.appbinding.AppBindingService$Lifecycle
05-05 23:59:17.675 I/AppBindingService( 1169): Updating constants with: null
05-05 23:59:17.675 D/SystemServerTiming( 1169): OnBootPhase_550_com.android.server.appbinding.AppBindingService$Lifecycle took to complete: 1ms
05-05 23:59:17.675 I/SystemServerTiming( 1169): OnBootPhase_550_com.android.server.tracing.TracingServiceProxy
05-05 23:59:17.675 D/SystemServerTiming( 1169): OnBootPhase_550_com.android.server.tracing.TracingServiceProxy took to complete: 0ms
05-05 23:59:17.675 I/SystemServerTiming( 1169): OnBootPhase_550_com.android.server.policy.PermissionPolicyService
01-01 08:00:51.194 I/msm-dwc3 a600000.ssusb( 0): DWC3 exited from low power mode
05-05 23:59:17.689 I/PackageManager( 1169): Permission ownership changed. Updating all permissions.
01-01 08:00:51.216 I/msm-dwc3 a800000.ssusb( 0): DWC3 exited from low power mode
05-05 23:59:17.704 D/SystemServerTiming( 1169): OnBootPhase_550_com.android.server.policy.PermissionPolicyService took to complete: 28ms
05-05 23:59:17.704 I/SystemServerTiming( 1169): OnBootPhase_550_com.android.server.pm.StagingManager$Lifecycle
05-05 23:59:17.704 D/SystemServerTiming( 1169): OnBootPhase_550_com.android.server.pm.StagingManager$Lifecycle took to complete: 0ms
05-05 23:59:17.704 I/SystemServerTiming( 1169): OnBootPhase_550_com.android.server.app.GameManagerService$Lifecycle
05-05 23:59:17.705 D/SystemServerTiming( 1169): OnBootPhase_550_com.android.server.app.GameManagerService$Lifecycle took to complete: 0ms
05-05 23:59:17.705 I/SystemServerTiming( 1169): OnBootPhase_550_com.android.server.appsearch.AppSearchManagerService
05-05 23:59:17.705 D/SystemServerTiming( 1169): OnBootPhase_550_com.android.server.appsearch.AppSearchManagerService took to complete: 0ms
05-05 23:59:17.705 I/SystemServerTiming( 1169): OnBootPhase_550_com.android.server.media.MediaCommunicationService
05-05 23:59:17.705 D/SystemServerTiming( 1169): OnBootPhase_550_com.android.server.media.MediaCommunicationService took to complete: 0ms
05-05 23:59:17.705 D/SystemServerTiming( 1169): OnBootPhase_550 took to complete: 235ms
05-05 23:59:17.705 D/SystemServerTiming( 1169): StartActivityManagerReadyPhase took to complete: 235ms
05-05 23:59:17.705 I/SystemServerTiming( 1169): StartObservingNativeCrashes
05-05 23:59:17.706 D/SystemServerTiming( 1169): StartObservingNativeCrashes took to complete: 1ms
05-05 23:59:17.707 I/SystemServerTiming( 1169): RegisterAppOpsPolicy
05-05 23:59:17.708 D/SystemServerTiming( 1169): RegisterAppOpsPolicy took to complete: 2ms
05-05 23:59:17.708 I/SystemServerTiming( 1169): MakeNetworkManagementServiceReady
05-05 23:59:17.708 I/SystemServerTimingAsync( 1169): InitThreadPoolExec:WebViewFactoryPreparation
05-05 23:59:17.708 D/SystemServerInitThreadPool( 1169): Started executing WebViewFactoryPreparation
05-05 23:59:17.708 I/SystemServer( 1169): WebViewFactoryPreparation
05-05 23:59:17.708 I/SystemServerTimingAsync( 1169): WebViewFactoryPreparation
05-05 23:59:17.711 D/CompatibilityChangeReporter( 1169): Compat change id reported: 135634846; UID 1000; state: DISABLED
05-05 23:59:17.711 D/CompatibilityChangeReporter( 1169): Compat change id reported: 177438394; UID 1000; state: DISABLED
05-05 23:59:17.711 D/CompatibilityChangeReporter( 1169): Compat change id reported: 135772972; UID 1000; state: DISABLED
05-05 23:59:17.711 D/CompatibilityChangeReporter( 1169): Compat change id reported: 178038272; UID 1000; state: DISABLED
05-05 23:59:17.712 D/SystemServerTimingAsync( 1169): WebViewFactoryPreparation took to complete: 4ms
05-05 23:59:17.712 D/SystemServerInitThreadPool( 1169): Finished executing WebViewFactoryPreparation
05-05 23:59:17.712 D/SystemServerTimingAsync( 1169): InitThreadPoolExec:WebViewFactoryPreparation took to complete: 4ms
05-05 23:59:17.714 D/SystemServerTiming( 1169): MakeNetworkManagementServiceReady took to complete: 5ms
05-05 23:59:17.714 I/SystemServerTiming( 1169): MakeIpSecServiceReady
05-05 23:59:17.715 D/IpSecService( 1169): IpSecService is ready
05-05 23:59:17.715 D/SystemServerTiming( 1169): MakeIpSecServiceReady took to complete: 1ms
05-05 23:59:17.715 I/SystemServerTiming( 1169): MakeNetworkStatsServiceReady
05-05 23:59:17.730 W/NetworkPolicy( 1169): setRestrictBackgroundUL: already false
05-05 23:59:17.768 D/SystemServerTiming( 1169): MakeNetworkStatsServiceReady took to complete: 53ms
05-05 23:59:17.768 I/SystemServerTiming( 1169): MakeConnectivityServiceReady
05-05 23:59:17.779 W/ActivityManager( 1169): Slow operation: 120ms so far, now at startProcess: returned from zygote!
05-05 23:59:17.779 W/ActivityManager( 1169): Slow operation: 121ms so far, now at startProcess: done updating battery stats
05-05 23:59:17.779 W/ActivityManager( 1169): Slow operation: 121ms so far, now at startProcess: building log message
05-05 23:59:17.779 I/ActivityManager( 1169): Start proc 1933:com.android.systemui/u0a85 for service {com.android.systemui/com.android.systemui.ImageWallpaper}
05-05 23:59:17.779 W/ActivityManager( 1169): Slow operation: 121ms so far, now at startProcess: starting to update pids map
05-05 23:59:17.779 W/ActivityManager( 1169): Slow operation: 121ms so far, now at startProcess: done updating pids map
05-05 23:59:17.779 W/ActivityManager( 1169): Slow operation: 69ms so far, now at startProcess: asking zygote to start proc
05-05 23:59:17.798 D/SystemServerTiming( 1169): MakeConnectivityServiceReady took to complete: 30ms
05-05 23:59:17.798 I/SystemServerTiming( 1169): MakeVpnManagerServiceReady
01-01 08:00:51.319 D/cnss ( 0): Received QMI WLFW pin connect result indication
01-01 08:00:51.320 D/cnss ( 0): Pin connect Result: pwr_pin: 0x0 phy_io_pin: 0x0 rf_io_pin: 0x2b
01-01 08:00:51.320 D/cnss ( 0): Received QMI WLFW calibration done indication
01-01 08:00:51.320 D/cnss ( 0): Posting event: COLD_BOOT_CAL_DONE(6), state: 0xf flags: 0x0
01-01 08:00:51.320 D/cnss ( 0): PM stay awake, state: 0xf, count: 1
01-01 08:00:51.321 I/cnss-daemon( 0): wlfw_qmi_ind_cb: Receive Ind : 0x21
01-01 08:00:51.322 D/cnss ( 0): PM relax, state: 0xf, count: 0
01-01 08:00:51.322 D/cnss ( 0): Received QMI WLFW FW ready indication
01-01 08:00:51.322 D/cnss ( 0): Posting event: COLD_BOOT_CAL_DONE(6), state: 0xf flags: 0x0
01-01 08:00:51.322 D/cnss ( 0): PM stay awake, state: 0xf, count: 1
01-01 08:00:51.323 D/cnss ( 0): PM relax, state: 0xf, count: 0
01-01 08:00:51.323 D/cnss ( 0): PM stay awake, state: 0xf, count: 1
01-01 08:00:51.323 D/cnss ( 0): Processing driver event: COLD_BOOT_CAL_DONE(6), state: 0xf
01-01 08:00:51.323 D/cnss ( 0): Calibration completed successfully
01-01 08:00:51.323 D/cnss ( 0): Sending mode message, mode: OFF(4), state: 0xf
05-05 23:59:17.808 D/SystemServerTiming( 1169): MakeVpnManagerServiceReady took to complete: 10ms
05-05 23:59:17.809 I/SystemServerTiming( 1169): MakeVcnManagementServiceReady
01-01 08:00:51.327 D/cnss ( 0): WLFW server exiting
01-01 08:00:51.327 D/cnss ( 0): Posting event: SERVER_EXIT(1), state: 0x2000f flags: 0x0
01-01 08:00:51.329 D/cnss ( 0): Skip driver remove
01-01 08:00:51.329 D/cnss ( 0): Read register offset 0x1f8031c, val = 0x2
01-01 08:00:51.329 D/cnss ( 0): Write val 0x3 to register offset 0x1f8031c
01-01 08:00:51.332 D/cnss ( 0): Setting MHI state: POWER_OFF(4)
05-05 23:59:17.813 D/SystemServerTiming( 1169): MakeVcnManagementServiceReady took to complete: 5ms
05-05 23:59:17.813 I/SystemServerTiming( 1169): MakeNetworkPolicyServiceReady
05-05 23:59:17.814 D/SystemServerTiming( 1169): MakeNetworkPolicyServiceReady took to complete: 1ms
05-05 23:59:17.814 I/SystemServerTiming( 1169): PhaseThirdPartyAppsCanStart
05-05 23:59:17.814 I/SystemServiceManager( 1169): Starting phase 600
05-05 23:59:17.814 I/SystemServerTiming( 1169): OnBootPhase_600
05-05 23:59:17.814 I/SystemServerTiming( 1169): OnBootPhase_600_com.android.server.security.FileIntegrityService
05-05 23:59:17.814 D/SystemServerTiming( 1169): OnBootPhase_600_com.android.server.security.FileIntegrityService took to complete: 0ms
05-05 23:59:17.814 I/SystemServerTiming( 1169): OnBootPhase_600_com.android.server.pm.Installer
05-05 23:59:17.814 D/SystemServerTiming( 1169): OnBootPhase_600_com.android.server.pm.Installer took to complete: 0ms
05-05 23:59:17.814 I/SystemServerTiming( 1169): OnBootPhase_600_com.android.server.os.DeviceIdentifiersPolicyService
05-05 23:59:17.814 D/SystemServerTiming( 1169): OnBootPhase_600_com.android.server.os.DeviceIdentifiersPolicyService took to complete: 0ms
05-05 23:59:17.814 I/SystemServerTiming( 1169): OnBootPhase_600_com.android.server.uri.UriGrantsManagerService$Lifecycle
05-05 23:59:17.814 D/SystemServerTiming( 1169): OnBootPhase_600_com.android.server.uri.UriGrantsManagerService$Lifecycle took to complete: 0ms
05-05 23:59:17.814 I/SystemServerTiming( 1169): OnBootPhase_600_com.android.server.powerstats.PowerStatsService
05-05 23:59:17.814 D/SystemServerTiming( 1169): OnBootPhase_600_com.android.server.powerstats.PowerStatsService took to complete: 0ms
05-05 23:59:17.814 I/SystemServerTiming( 1169): OnBootPhase_600_com.android.server.wm.ActivityTaskManagerService$Lifecycle
05-05 23:59:17.814 D/SystemServerTiming( 1169): OnBootPhase_600_com.android.server.wm.ActivityTaskManagerService$Lifecycle took to complete: 0ms
05-05 23:59:17.814 I/SystemServerTiming( 1169): OnBootPhase_600_com.android.server.am.ActivityManagerService$Lifecycle
05-05 23:59:17.815 I/ExplicitHealthCheckController( 1169): Explicit health checks enabled.
05-05 23:59:17.815 I/PackageWatchdog( 1169): Syncing state, reason: health check state enabled
05-05 23:59:17.815 I/PackageWatchdog( 1169): Not pruning observers, elapsed time: 0ms
05-05 23:59:17.816 I/PackageWatchdog( 1169): Cancelling state sync, nothing to sync
05-05 23:59:17.816 D/SystemServerTiming( 1169): OnBootPhase_600_com.android.server.am.ActivityManagerService$Lifecycle took to complete: 1ms
05-05 23:59:17.816 I/SystemServerTiming( 1169): OnBootPhase_600_com.android.server.pm.DataLoaderManagerService
05-05 23:59:17.816 D/SystemServerTiming( 1169): OnBootPhase_600_com.android.server.pm.DataLoaderManagerService took to complete: 0ms
05-05 23:59:17.816 I/SystemServerTiming( 1169): OnBootPhase_600_com.android.server.power.PowerManagerService
05-05 23:59:17.816 I/PackageWatchdog( 1169): Saving observer state to file
05-05 23:59:17.816 D/SystemServerTiming( 1169): OnBootPhase_600_com.android.server.power.PowerManagerService took to complete: 0ms
05-05 23:59:17.816 I/SystemServerTiming( 1169): OnBootPhase_600_com.android.server.power.ThermalManagerService
05-05 23:59:17.816 D/SystemServerTiming( 1169): OnBootPhase_600_com.android.server.power.ThermalManagerService took to complete: 0ms
05-05 23:59:17.816 I/SystemServerTiming( 1169): OnBootPhase_600_com.android.server.power.hint.HintManagerService
05-05 23:59:17.816 D/SystemServerTiming( 1169): OnBootPhase_600_com.android.server.power.hint.HintManagerService took to complete: 0ms
05-05 23:59:17.816 I/SystemServerTiming( 1169): OnBootPhase_600_com.android.server.recoverysystem.RecoverySystemService$Lifecycle
05-05 23:59:17.816 D/SystemServerTiming( 1169): OnBootPhase_600_com.android.server.recoverysystem.RecoverySystemService$Lifecycle took to complete: 0ms
05-05 23:59:17.816 I/SystemServerTiming( 1169): OnBootPhase_600_com.android.server.lights.LightsService
05-05 23:59:17.816 D/SystemServerTiming( 1169): OnBootPhase_600_com.android.server.lights.LightsService took to complete: 0ms
05-05 23:59:17.816 I/SystemServerTiming( 1169): OnBootPhase_600_com.android.server.display.DisplayManagerService
05-05 23:59:17.817 D/SystemServerTiming( 1169): OnBootPhase_600_com.android.server.display.DisplayManagerService took to complete: 0ms
05-05 23:59:17.817 I/SystemServerTiming( 1169): OnBootPhase_600_com.android.server.pm.verify.domain.DomainVerificationService
05-05 23:59:17.817 D/SystemServerTiming( 1169): OnBootPhase_600_com.android.server.pm.verify.domain.DomainVerificationService took to complete: 0ms
05-05 23:59:17.817 I/SystemServerTiming( 1169): OnBootPhase_600_com.android.server.pm.PackageInstallerService$Lifecycle
05-05 23:59:17.817 D/SystemServerTiming( 1169): OnBootPhase_600_com.android.server.pm.PackageInstallerService$Lifecycle took to complete: 0ms
05-05 23:59:17.817 I/SystemServerTiming( 1169): OnBootPhase_600_com.android.server.pm.UserManagerService$LifeCycle
05-05 23:59:17.817 D/SystemServerTiming( 1169): OnBootPhase_600_com.android.server.pm.UserManagerService$LifeCycle took to complete: 0ms
05-05 23:59:17.817 I/SystemServerTiming( 1169): OnBootPhase_600_com.android.server.om.OverlayManagerService
05-05 23:59:17.817 D/SystemServerTiming( 1169): OnBootPhase_600_com.android.server.om.OverlayManagerService took to complete: 0ms
05-05 23:59:17.817 I/SystemServerTiming( 1169): OnBootPhase_600_com.android.server.SensorPrivacyService
05-05 23:59:17.817 D/SystemServerTiming( 1169): OnBootPhase_600_com.android.server.SensorPrivacyService took to complete: 0ms
05-05 23:59:17.817 I/SystemServerTiming( 1169): OnBootPhase_600_com.android.server.thunderperf.ThunderBoostPerfService
05-05 23:59:17.817 D/SystemServerTiming( 1169): OnBootPhase_600_com.android.server.thunderperf.ThunderBoostPerfService took to complete: 0ms
05-05 23:59:17.817 I/SystemServerTiming( 1169): OnBootPhase_600_com.android.server.sensors.SensorService
05-05 23:59:17.817 D/SystemServerTiming( 1169): OnBootPhase_600_com.android.server.sensors.SensorService took to complete: 0ms
05-05 23:59:17.817 I/SystemServerTiming( 1169): OnBootPhase_600_com.android.server.SystemConfigService
05-05 23:59:17.817 D/SystemServerTiming( 1169): OnBootPhase_600_com.android.server.SystemConfigService took to complete: 0ms
05-05 23:59:17.817 I/SystemServerTiming( 1169): OnBootPhase_600_com.android.server.BatteryService
05-05 23:59:17.817 D/SystemServerTiming( 1169): OnBootPhase_600_com.android.server.BatteryService took to complete: 0ms
05-05 23:59:17.817 I/SystemServerTiming( 1169): OnBootPhase_600_com.android.server.usage.UsageStatsService
05-05 23:59:17.817 D/SystemServerTiming( 1169): OnBootPhase_600_com.android.server.usage.UsageStatsService took to complete: 0ms
05-05 23:59:17.817 I/SystemServerTiming( 1169): OnBootPhase_600_com.android.server.webkit.WebViewUpdateService
05-05 23:59:17.817 D/SystemServerTiming( 1169): OnBootPhase_600_com.android.server.webkit.WebViewUpdateService took to complete: 0ms
05-05 23:59:17.817 I/SystemServerTiming( 1169): OnBootPhase_600_com.android.server.CachedDeviceStateService
05-05 23:59:17.817 D/SystemServerTiming( 1169): OnBootPhase_600_com.android.server.CachedDeviceStateService took to complete: 0ms
05-05 23:59:17.817 I/SystemServerTiming( 1169): OnBootPhase_600_com.android.server.BinderCallsStatsService$LifeCycle
05-05 23:59:17.817 D/SystemServerTiming( 1169): OnBootPhase_600_com.android.server.BinderCallsStatsService$LifeCycle took to complete: 0ms
05-05 23:59:17.817 I/SystemServerTiming( 1169): OnBootPhase_600_com.android.server.LooperStatsService$Lifecycle
05-05 23:59:17.817 D/SystemServerTiming( 1169): OnBootPhase_600_com.android.server.LooperStatsService$Lifecycle took to complete: 0ms
05-05 23:59:17.817 I/SystemServerTiming( 1169): OnBootPhase_600_com.android.server.rollback.RollbackManagerService
05-05 23:59:17.818 D/SystemServerTiming( 1169): OnBootPhase_600_com.android.server.rollback.RollbackManagerService took to complete: 0ms
05-05 23:59:17.818 I/SystemServerTiming( 1169): OnBootPhase_600_com.android.server.os.NativeTombstoneManagerService
05-05 23:59:17.818 D/SystemServerTiming( 1169): OnBootPhase_600_com.android.server.os.NativeTombstoneManagerService took to complete: 0ms
05-05 23:59:17.818 I/SystemServerTiming( 1169): OnBootPhase_600_com.android.server.os.BugreportManagerService
05-05 23:59:17.818 D/SystemServerTiming( 1169): OnBootPhase_600_com.android.server.os.BugreportManagerService took to complete: 0ms
05-05 23:59:17.818 I/SystemServerTiming( 1169): OnBootPhase_600_com.android.server.gpu.GpuService
05-05 23:59:17.818 D/SystemServerTiming( 1169): OnBootPhase_600_com.android.server.gpu.GpuService took to complete: 0ms
05-05 23:59:17.818 I/SystemServerTiming( 1169): OnBootPhase_600_com.android.server.security.KeyChainSystemService
05-05 23:59:17.818 D/SystemServerTiming( 1169): OnBootPhase_600_com.android.server.security.KeyChainSystemService took to complete: 0ms
05-05 23:59:17.818 I/SystemServerTiming( 1169): OnBootPhase_600_com.android.server.telecom.TelecomLoaderService
05-05 23:59:17.818 D/SystemServerTiming( 1169): OnBootPhase_600_com.android.server.telecom.TelecomLoaderService took to complete: 0ms
05-05 23:59:17.818 I/SystemServerTiming( 1169): OnBootPhase_600_com.android.server.accounts.AccountManagerService$Lifecycle
05-05 23:59:17.818 D/SystemServerTiming( 1169): OnBootPhase_600_com.android.server.accounts.AccountManagerService$Lifecycle took to complete: 0ms
05-05 23:59:17.818 I/SystemServerTiming( 1169): OnBootPhase_600_com.android.server.content.ContentService$Lifecycle
05-05 23:59:17.818 D/SystemServerTiming( 1169): OnBootPhase_600_com.android.server.content.ContentService$Lifecycle took to complete: 0ms
05-05 23:59:17.818 I/SystemServerTiming( 1169): OnBootPhase_600_com.android.server.DropBoxManagerService
05-05 23:59:17.818 D/SystemServerTiming( 1169): OnBootPhase_600_com.android.server.DropBoxManagerService took to complete: 0ms
05-05 23:59:17.818 I/SystemServerTiming( 1169): OnBootPhase_600_com.android.role.RoleService
05-05 23:59:17.818 D/SystemServerTiming( 1169): OnBootPhase_600_com.android.role.RoleService took to complete: 0ms
05-05 23:59:17.818 I/SystemServerTiming( 1169): OnBootPhase_600_com.android.server.vibrator.VibratorManagerService$Lifecycle
05-05 23:59:17.818 D/SystemServerTiming( 1169): OnBootPhase_600_com.android.server.vibrator.VibratorManagerService$Lifecycle took to complete: 0ms
05-05 23:59:17.818 I/SystemServerTiming( 1169): OnBootPhase_600_com.android.server.alarm.AlarmManagerService
05-05 23:59:17.818 D/SystemServerTiming( 1169): OnBootPhase_600_com.android.server.alarm.AlarmManagerService took to complete: 0ms
05-05 23:59:17.818 I/SystemServerTiming( 1169): OnBootPhase_600_com.android.server.devicestate.DeviceStateManagerService
05-05 23:59:17.818 D/SystemServerTiming( 1169): OnBootPhase_600_com.android.server.devicestate.DeviceStateManagerService took to complete: 0ms
05-05 23:59:17.818 I/SystemServerTiming( 1169): OnBootPhase_600_com.android.server.camera.CameraServiceProxy
05-05 23:59:17.819 D/SystemServerTiming( 1169): OnBootPhase_600_com.android.server.camera.CameraServiceProxy took to complete: 0ms
05-05 23:59:17.819 I/SystemServerTiming( 1169): OnBootPhase_600_com.android.server.BluetoothService
05-05 23:59:17.819 D/SystemServerTiming( 1169): OnBootPhase_600_com.android.server.BluetoothService took to complete: 0ms
05-05 23:59:17.819 I/SystemServerTiming( 1169): OnBootPhase_600_com.android.server.connectivity.IpConnectivityMetrics
05-05 23:59:17.819 D/SystemServerTiming( 1169): OnBootPhase_600_com.android.server.connectivity.IpConnectivityMetrics took to complete: 0ms
05-05 23:59:17.819 I/SystemServerTiming( 1169): OnBootPhase_600_com.android.server.net.watchlist.NetworkWatchlistService$Lifecycle
05-05 23:59:17.819 D/SystemServerTiming( 1169): OnBootPhase_600_com.android.server.net.watchlist.NetworkWatchlistService$Lifecycle took to complete: 0ms
05-05 23:59:17.819 I/SystemServerTiming( 1169): OnBootPhase_600_com.android.server.PinnerService
05-05 23:59:17.819 D/SystemServerTiming( 1169): OnBootPhase_600_com.android.server.PinnerService took to complete: 0ms
05-05 23:59:17.819 I/SystemServerTiming( 1169): OnBootPhase_600_com.google.android.startop.iorap.IorapForwardingService
05-05 23:59:17.819 D/SystemServerTiming( 1169): OnBootPhase_600_com.google.android.startop.iorap.IorapForwardingService took to complete: 0ms
05-05 23:59:17.819 I/SystemServerTiming( 1169): OnBootPhase_600_com.android.server.ActivityTriggerService
05-05 23:59:17.819 D/SystemServerTiming( 1169): OnBootPhase_600_com.android.server.ActivityTriggerService took to complete: 0ms
05-05 23:59:17.819 I/SystemServerTiming( 1169): OnBootPhase_600_com.android.server.integrity.AppIntegrityManagerService
05-05 23:59:17.819 D/SystemServerTiming( 1169): OnBootPhase_600_com.android.server.integrity.AppIntegrityManagerService took to complete: 0ms
05-05 23:59:17.819 I/SystemServerTiming( 1169): OnBootPhase_600_com.android.server.inputmethod.InputMethodManagerService$Lifecycle
05-05 23:59:17.819 D/SystemServerTiming( 1169): OnBootPhase_600_com.android.server.inputmethod.InputMethodManagerService$Lifecycle took to complete: 0ms
05-05 23:59:17.819 I/SystemServerTiming( 1169): OnBootPhase_600_com.android.server.accessibility.AccessibilityManagerService$Lifecycle
05-05 23:59:17.819 D/SystemServerTiming( 1169): OnBootPhase_600_com.android.server.accessibility.AccessibilityManagerService$Lifecycle took to complete: 0ms
05-05 23:59:17.819 I/SystemServerTiming( 1169): OnBootPhase_600_com.android.server.StorageManagerService$Lifecycle
05-05 23:59:17.819 D/SystemServerTiming( 1169): OnBootPhase_600_com.android.server.StorageManagerService$Lifecycle took to complete: 0ms
05-05 23:59:17.819 I/SystemServerTiming( 1169): OnBootPhase_600_com.android.server.usage.StorageStatsService$Lifecycle
05-05 23:59:17.819 D/SystemServerTiming( 1169): OnBootPhase_600_com.android.server.usage.StorageStatsService$Lifecycle took to complete: 0ms
05-05 23:59:17.819 I/SystemServerTiming( 1169): OnBootPhase_600_com.android.server.UiModeManagerService
05-05 23:59:17.819 D/SystemServerTiming( 1169): OnBootPhase_600_com.android.server.UiModeManagerService took to complete: 0ms
05-05 23:59:17.819 I/SystemServerTiming( 1169): OnBootPhase_600_com.android.server.locksettings.LockSettingsService$Lifecycle
05-05 23:59:17.819 D/SystemServerTiming( 1169): OnBootPhase_600_com.android.server.locksettings.LockSettingsService$Lifecycle took to complete: 0ms
05-05 23:59:17.819 I/SystemServerTiming( 1169): OnBootPhase_600_com.android.server.PersistentDataBlockService
05-05 23:59:17.820 D/SystemServerTiming( 1169): OnBootPhase_600_com.android.server.PersistentDataBlockService took to complete: 0ms
05-05 23:59:17.820 I/SystemServerTiming( 1169): OnBootPhase_600_com.android.server.testharness.TestHarnessModeService
05-05 23:59:17.820 D/SystemServerTiming( 1169): OnBootPhase_600_com.android.server.testharness.TestHarnessModeService took to complete: 0ms
05-05 23:59:17.820 I/SystemServerTiming( 1169): OnBootPhase_600_com.android.server.oemlock.OemLockService
05-05 23:59:17.820 D/SystemServerTiming( 1169): OnBootPhase_600_com.android.server.oemlock.OemLockService took to complete: 0ms
05-05 23:59:17.820 I/SystemServerTiming( 1169): OnBootPhase_600_com.android.server.DeviceIdleController
05-05 23:59:17.820 D/SystemServerTiming( 1169): OnBootPhase_600_com.android.server.DeviceIdleController took to complete: 0ms
05-05 23:59:17.820 I/SystemServerTiming( 1169): OnBootPhase_600_com.android.server.devicepolicy.DevicePolicyManagerService$Lifecycle
05-05 23:59:17.820 D/SystemServerTiming( 1169): OnBootPhase_600_com.android.server.devicepolicy.DevicePolicyManagerService$Lifecycle took to complete: 0ms
05-05 23:59:17.820 I/SystemServerTiming( 1169): OnBootPhase_600_com.android.server.texttospeech.TextToSpeechManagerService
05-05 23:59:17.820 D/SystemServerTiming( 1169): OnBootPhase_600_com.android.server.texttospeech.TextToSpeechManagerService took to complete: 0ms
05-05 23:59:17.820 I/SystemServerTiming( 1169): OnBootPhase_600_com.android.server.speech.SpeechRecognitionManagerService
05-05 23:59:17.821 D/SystemServerTiming( 1169): OnBootPhase_600_com.android.server.speech.SpeechRecognitionManagerService took to complete: 0ms
05-05 23:59:17.822 I/SystemServerTiming( 1169): OnBootPhase_600_com.android.server.searchui.SearchUiManagerService
05-05 23:59:17.822 D/SystemServerTiming( 1169): OnBootPhase_600_com.android.server.searchui.SearchUiManagerService took to complete: 0ms
05-05 23:59:17.822 I/SystemServerTiming( 1169): OnBootPhase_600_com.android.server.smartspace.SmartspaceManagerService
05-05 23:59:17.822 D/SystemServerTiming( 1169): OnBootPhase_600_com.android.server.smartspace.SmartspaceManagerService took to complete: 0ms
05-05 23:59:17.822 I/SystemServerTiming( 1169): OnBootPhase_600_com.android.server.graphics.fonts.FontManagerService$Lifecycle
05-05 23:59:17.822 D/SystemServerTiming( 1169): OnBootPhase_600_com.android.server.graphics.fonts.FontManagerService$Lifecycle took to complete: 0ms
05-05 23:59:17.822 I/SystemServerTiming( 1169): OnBootPhase_600_com.android.server.textservices.TextServicesManagerService$Lifecycle
05-05 23:59:17.822 D/SystemServerTiming( 1169): OnBootPhase_600_com.android.server.textservices.TextServicesManagerService$Lifecycle took to complete: 0ms
05-05 23:59:17.822 I/SystemServerTiming( 1169): OnBootPhase_600_com.android.server.textclassifier.TextClassificationManagerService$Lifecycle
05-05 23:59:17.822 D/SystemServerTiming( 1169): OnBootPhase_600_com.android.server.textclassifier.TextClassificationManagerService$Lifecycle took to complete: 0ms
05-05 23:59:17.822 I/SystemServerTiming( 1169): OnBootPhase_600_com.android.server.NetworkScoreService$Lifecycle
05-05 23:59:17.822 D/SystemServerTiming( 1169): OnBootPhase_600_com.android.server.NetworkScoreService$Lifecycle took to complete: 0ms
05-05 23:59:17.822 I/SystemServerTiming( 1169): OnBootPhase_600_com.android.server.wifi.WifiService
05-05 23:59:17.822 D/SystemServerTiming( 1169): OnBootPhase_600_com.android.server.wifi.WifiService took to complete: 0ms
05-05 23:59:17.822 I/SystemServerTiming( 1169): OnBootPhase_600_com.android.server.wifi.scanner.WifiScanningService
05-05 23:59:17.822 D/SystemServerTiming( 1169): OnBootPhase_600_com.android.server.wifi.scanner.WifiScanningService took to complete: 0ms
05-05 23:59:17.822 I/SystemServerTiming( 1169): OnBootPhase_600_com.android.server.wifi.rtt.RttService
05-05 23:59:17.823 D/SystemServerTiming( 1169): OnBootPhase_600_com.android.server.wifi.rtt.RttService took to complete: 0ms
05-05 23:59:17.823 I/SystemServerTiming( 1169): OnBootPhase_600_com.android.server.wifi.aware.WifiAwareService
05-05 23:59:17.823 D/SystemServerTiming( 1169): OnBootPhase_600_com.android.server.wifi.aware.WifiAwareService took to complete: 0ms
05-05 23:59:17.823 I/SystemServerTiming( 1169): OnBootPhase_600_com.android.server.wifi.p2p.WifiP2pService
05-05 23:59:17.823 D/SystemServerTiming( 1169): OnBootPhase_600_com.android.server.wifi.p2p.WifiP2pService took to complete: 0ms
05-05 23:59:17.823 I/SystemServerTiming( 1169): OnBootPhase_600_com.android.server.ethernet.EthernetService
05-05 23:59:17.823 D/SystemServerTiming( 1169): OnBootPhase_600_com.android.server.ethernet.EthernetService took to complete: 0ms
05-05 23:59:17.823 I/SystemServerTiming( 1169): OnBootPhase_600_com.android.server.ConnectivityServiceInitializer
05-05 23:59:17.823 D/SystemServerTiming( 1169): OnBootPhase_600_com.android.server.ConnectivityServiceInitializer took to complete: 0ms
05-05 23:59:17.823 I/SystemServerTiming( 1169): OnBootPhase_600_com.android.server.notification.NotificationManagerService
05-05 23:59:17.829 D/SystemServerTiming( 1169): OnBootPhase_600_com.android.server.notification.NotificationManagerService took to complete: 6ms
05-05 23:59:17.829 I/SystemServerTiming( 1169): OnBootPhase_600_com.android.server.storage.DeviceStorageMonitorService
05-05 23:59:17.829 D/SystemServerTiming( 1169): OnBootPhase_600_com.android.server.storage.DeviceStorageMonitorService took to complete: 0ms
05-05 23:59:17.829 I/SystemServerTiming( 1169): OnBootPhase_600_com.android.server.location.LocationManagerService$Lifecycle
01-01 08:00:51.332 I/cnss-daemon( 0): wlfw_qmi_err_cb: Server disconnect, err -2 client 0x2K
01-01 08:00:51.392 D/cnss ( 0): Suspending PCI link
01-01 08:00:51.392 I/msm_pcie_disable( 0): PCIe: Assert the reset of endpoint of RC0.
01-01 08:00:51.393 D/cnss ( 0): Setting MHI state: DEINIT(1)
01-01 08:00:51.393 D/cnss ( 0): De-assert WLAN_EN GPIO successfully
01-01 08:00:51.393 D/cnss ( 0): Regulator vdd-wlan-rfa2 is being disabled
01-01 08:00:51.393 D/cnss ( 0): Regulator vdd-wlan-rfa1 is being disabled
01-01 08:00:51.393 D/cnss ( 0): Regulator vdd-wlan-dig is being disabled
01-01 08:00:51.393 D/cnss ( 0): Regulator vdd-wlan-aon is being disabled
01-01 08:00:51.393 D/cnss ( 0): Regulator wlan-ant-switch is being disabled
01-01 08:00:51.393 D/cnss ( 0): Regulator vdd-wlan-io is being disabled
05-05 23:59:17.905 W/SystemServiceManager( 1169): Service com.android.server.location.LocationManagerService$Lifecycle took 75 ms in onBootPhase
05-05 23:59:17.905 D/SystemServerTiming( 1169): OnBootPhase_600_com.android.server.location.LocationManagerService$Lifecycle took to complete: 76ms
05-05 23:59:17.905 I/SystemServerTiming( 1169): OnBootPhase_600_com.android.server.timedetector.TimeDetectorService$Lifecycle
05-05 23:59:17.905 D/SystemServerTiming( 1169): OnBootPhase_600_com.android.server.timedetector.TimeDetectorService$Lifecycle took to complete: 0ms
05-05 23:59:17.905 I/SystemServerTiming( 1169): OnBootPhase_600_com.android.server.timezonedetector.TimeZoneDetectorService$Lifecycle
05-05 23:59:17.905 D/SystemServerTiming( 1169): OnBootPhase_600_com.android.server.timezonedetector.TimeZoneDetectorService$Lifecycle took to complete: 0ms
05-05 23:59:17.905 I/SystemServerTiming( 1169): OnBootPhase_600_com.android.server.timezonedetector.location.LocationTimeZoneManagerService$Lifecycle
05-05 23:59:17.905 D/SystemServerTiming( 1169): OnBootPhase_600_com.android.server.timezonedetector.location.LocationTimeZoneManagerService$Lifecycle took to complete: 0ms
05-05 23:59:17.905 I/SystemServerTiming( 1169): OnBootPhase_600_com.android.server.search.SearchManagerService$Lifecycle
05-05 23:59:17.905 D/SystemServerTiming( 1169): OnBootPhase_600_com.android.server.search.SearchManagerService$Lifecycle took to complete: 0ms
05-05 23:59:17.905 I/SystemServerTiming( 1169): OnBootPhase_600_com.android.server.wallpaper.WallpaperManagerService$Lifecycle
05-05 23:59:17.905 I/WallpaperManagerService( 1169): switch-user-0
05-05 23:59:17.906 V/WallpaperManagerService( 1169): bindWallpaperComponentLocked: componentName=ComponentInfo{com.android.systemui/com.android.systemui.ImageWallpaper}
01-01 08:00:51.440 I/binder ( 0): 1933:1933 ioctl 40046210 7fc271fc14 returned -22
01-01 08:00:51.449 D/cnss ( 0): Processing driver event: COLD_BOOT_CAL_DONE(6), state: 0x20001
01-01 08:00:51.449 D/cnss ( 0): Processing driver event: SERVER_EXIT(1), state: 0x20001
01-01 08:00:51.449 I/cnss ( 0): QMI WLFW service disconnected, state: 0x20000
01-01 08:00:51.449 D/cnss ( 0): Posting event: REGISTER_DRIVER(7)-sync, state: 0x20000 flags: 0x5
01-01 08:00:51.454 D/cnss ( 0): Processing driver event: REGISTER_DRIVER-sync(7), state: 0x0
01-01 08:00:51.454 D/cnss ( 0): Regulator vdd-wlan-io is being enabled
