01-01 08:00:52.960 I/[kworke][0x3c66f1a0][23:59:19.446696] wlan( 0): [292:I:TXRX] hif_print_hal_shadow_register_cfg: i 22, val a05400
01-01 08:00:52.960 I/[kworke][0x3c66f217][23:59:19.446703] wlan( 0): [292:I:TXRX] hif_print_hal_shadow_register_cfg: i 23, val a0540c
01-01 08:00:52.960 I/[kworke][0x3c66f28f][23:59:19.446709] wlan( 0): [292:I:TXRX] hif_print_hal_shadow_register_cfg: i 24, val a06400
01-01 08:00:52.960 I/[kworke][0x3c66f307][23:59:19.446715] wlan( 0): [292:I:TXRX] hif_print_hal_shadow_register_cfg: i 25, val a08400
01-01 08:00:52.960 I/[kworke][0x3c66f37e][23:59:19.446721] wlan( 0): [292:I:TXRX] hif_print_hal_shadow_register_cfg: i 26, val a0b400
01-01 08:00:52.960 I/[kworke][0x3c66f3f4][23:59:19.446727] wlan( 0): [292:I:TXRX] hif_print_hal_shadow_register_cfg: i 27, val a0b40c
01-01 08:00:52.960 D/cnss ( 0): Mode: 0, config: ffffff801a0eb7b8, host_version: 5.2.022.10G
01-01 08:00:52.960 D/cnss ( 0): Sending WLAN config message, state: 0x17
01-01 08:00:52.973 D/cnss ( 0): Sending mode message, mode: MISSION(0), state: 0x17
01-01 08:00:52.974 E/ ( 0): INFO: trying to register non-static key.
01-01 08:00:52.979 E/ ( 0): the code is fine but needs lockdep annotation.
01-01 08:00:52.984 I/ ( 0): CPU: 2 PID: 2269 Comm: VideoDecMsgThre Tainted: G S W O 4.19.157+ #1
01-01 08:00:52.984 I/Hardware name( 0): Qualcomm Technologies, Inc. kona MTP-RmPM8150b. VX1(MCE) EVT1 (DT)
01-01 08:00:52.984 I/Call trace( 0):
01-01 08:00:52.984 I/ ( 0): dump_backtrace+0x0/0x258
01-01 08:00:52.984 I/ ( 0): show_stack+0x20/0x30
01-01 08:00:52.984 I/ ( 0): dump_stack+0xd8/0x12c
01-01 08:00:52.984 I/ ( 0): register_lock_class+0x4d0/0x5c8
01-01 08:00:52.984 I/ ( 0): __lock_acquire+0xbc/0x1e58
01-01 08:00:52.984 I/ ( 0): lock_acquire+0x1cc/0x218
01-01 08:00:52.984 I/ ( 0): _raw_spin_lock_irqsave+0x54/0x98
01-01 08:00:52.984 I/ ( 0): __ion_system_secure_heap_resize+0x768/0x8c0
01-01 08:00:52.984 I/ ( 0): ion_system_secure_heap_prefetch+0x28/0x38
01-01 08:00:52.984 I/ ( 0): ion_walk_heaps+0x88/0xb8
01-01 08:00:52.984 I/ ( 0): ion_ioctl+0x1b0/0x2a8
01-01 08:00:52.984 I/ ( 0): __arm64_compat_sys_ioctl+0xf4/0x240
01-01 08:00:52.984 I/ ( 0): el0_svc_common+0xa4/0x190
01-01 08:00:52.984 I/ ( 0): el0_svc_compat_handler+0x28/0x38
01-01 08:00:52.984 I/ ( 0): el0_svc_compat+0x8/0x34
01-01 08:00:52.990 E/ ( 0): INFO: trying to register non-static key.
01-01 08:00:52.990 E/ ( 0): INFO: trying to register non-static key.
01-01 08:00:52.995 E/ ( 0): the code is fine but needs lockdep annotation.
01-01 08:00:52.997 D/cnss ( 0): Received QMI WLFW pin connect result indication
01-01 08:00:52.997 D/cnss ( 0): Pin connect Result: pwr_pin: 0x1 phy_io_pin: 0x0 rf_io_pin: 0x0
01-01 08:00:53.000 E/ ( 0): the code is fine but needs lockdep annotation.
01-01 08:00:53.000 I/ ( 0): CPU: 2 PID: 1349 Comm: HwBinder:1308_2 Tainted: G S W O 4.19.157+ #1
01-01 08:00:53.000 I/binder ( 0): 2262:2262 ioctl 40046210 7fc271fc14 returned -22
01-01 08:00:53.011 I/Hardware name( 0): Qualcomm Technologies, Inc. kona MTP-RmPM8150b. VX1(MCE) EVT1 (DT)
01-01 08:00:53.011 I/Call trace( 0):
01-01 08:00:53.011 I/ ( 0): dump_backtrace+0x0/0x258
01-01 08:00:53.011 I/ ( 0): show_stack+0x20/0x30
01-01 08:00:53.011 I/ ( 0): dump_stack+0xd8/0x12c
01-01 08:00:53.011 I/ ( 0): register_lock_class+0x4d0/0x5c8
01-01 08:00:53.011 I/ ( 0): __lock_acquire+0xbc/0x1e58
01-01 08:00:53.011 I/ ( 0): lock_acquire+0x1cc/0x218
01-01 08:00:53.011 I/ ( 0): _raw_spin_lock_irqsave+0x54/0x98
01-01 08:00:53.011 I/ ( 0): __ion_system_secure_heap_resize+0x768/0x8c0
01-01 08:00:53.011 I/ ( 0): ion_system_secure_heap_drain+0x28/0x38
01-01 08:00:53.011 I/ ( 0): ion_walk_heaps+0x88/0xb8
01-01 08:00:53.011 I/ ( 0): ion_ioctl+0x1b0/0x2a8
01-01 08:00:53.011 I/ ( 0): __arm64_compat_sys_ioctl+0xf4/0x240
01-01 08:00:53.011 I/ ( 0): el0_svc_common+0xa4/0x190
01-01 08:00:53.011 I/ ( 0): el0_svc_compat_handler+0x28/0x38
01-01 08:00:53.011 I/ ( 0): el0_svc_compat+0x8/0x34
01-01 08:00:53.011 I/ ( 0): CPU: 1 PID: 338 Comm: kworker/u16:13 Tainted: G S W O 4.19.157+ #1
01-01 08:00:53.011 I/Hardware name( 0): Qualcomm Technologies, Inc. kona MTP-RmPM8150b. VX1(MCE) EVT1 (DT)
01-01 08:00:53.011 I/Workqueue( 0): events_unbound ion_system_secure_heap_prefetch_work
01-01 08:00:53.011 I/Call trace( 0):
01-01 08:00:53.011 I/ ( 0): dump_backtrace+0x0/0x258
01-01 08:00:53.011 I/ ( 0): show_stack+0x20/0x30
01-01 08:00:53.011 I/ ( 0): dump_stack+0xd8/0x12c
01-01 08:00:53.011 I/ ( 0): register_lock_class+0x4d0/0x5c8
01-01 08:00:53.011 I/ ( 0): __lock_acquire+0xbc/0x1e58
01-01 08:00:53.011 I/ ( 0): lock_acquire+0x1cc/0x218
01-01 08:00:53.011 I/ ( 0): _raw_spin_lock_irqsave+0x54/0x98
01-01 08:00:53.011 I/ ( 0): ion_system_secure_heap_prefetch_work+0x48/0x2c0
01-01 08:00:53.011 I/ ( 0): process_one_work+0x38c/0x660
01-01 08:00:53.011 I/ ( 0): worker_thread+0x268/0x4b8
01-01 08:00:53.011 I/ ( 0): kthread+0x140/0x150
01-01 08:00:53.011 I/ ( 0): ret_from_fork+0x10/0x1c
01-01 08:00:53.017 D/cnss ( 0): Assign MSI to user: CE, num_vectors: 10, user_base_data: 803, base_vector: 3
01-01 08:00:53.020 I/msm_vidc( 0): high: 00000001: h264d: Closed video instance: fffffffa7afb0000
01-01 08:00:53.030 E/ ( 0): INFO: trying to register non-static key.
01-01 08:00:53.035 E/ ( 0): the code is fine but needs lockdep annotation.
01-01 08:00:53.041 I/ ( 0): CPU: 2 PID: 338 Comm: kworker/u16:13 Tainted: G S W O 4.19.157+ #1
01-01 08:00:53.041 I/Hardware name( 0): Qualcomm Technologies, Inc. kona MTP-RmPM8150b. VX1(MCE) EVT1 (DT)
01-01 08:00:53.041 I/Workqueue( 0): events_unbound ion_system_secure_heap_prefetch_work
01-01 08:00:53.041 I/Call trace( 0):
01-01 08:00:53.041 I/ ( 0): dump_backtrace+0x0/0x258
01-01 08:00:53.041 I/ ( 0): show_stack+0x20/0x30
01-01 08:00:53.041 I/ ( 0): dump_stack+0xd8/0x12c
01-01 08:00:53.041 I/ ( 0): register_lock_class+0x4d0/0x5c8
01-01 08:00:53.041 I/ ( 0): __lock_acquire+0xbc/0x1e58
01-01 08:00:53.041 I/ ( 0): lock_acquire+0x1cc/0x218
01-01 08:00:53.041 I/ ( 0): _raw_spin_lock_irqsave+0x54/0x98
01-01 08:00:53.041 I/ ( 0): ion_system_secure_heap_prefetch_work+0x94/0x2c0
01-01 08:00:53.041 I/ ( 0): process_one_work+0x38c/0x660
01-01 08:00:53.041 I/ ( 0): worker_thread+0x268/0x4b8
01-01 08:00:53.041 I/ ( 0): kthread+0x140/0x150
01-01 08:00:53.041 I/ ( 0): ret_from_fork+0x10/0x1c
01-01 08:00:53.050 I/[kworke][0x3c813aae][23:59:19.536419] wlan( 0): [292:I:HIF] ce_srng_dest_ring_setup: ce_id 1
01-01 08:00:53.050 D/cnss ( 0): Assign MSI to user: CE, num_vectors: 10, user_base_data: 803, base_vector: 3
01-01 08:00:53.050 I/[kworke][0x3c815728][23:59:19.536798] wlan( 0): [292:I:HIF] ce_srng_status_ring_setup: ce_id 1
01-01 08:00:53.050 D/cnss ( 0): Assign MSI to user: CE, num_vectors: 10, user_base_data: 803, base_vector: 3
01-01 08:00:53.051 I/[kworke][0x3c81862f][23:59:19.537425] wlan( 0): [292:I:HIF] ce_srng_dest_ring_setup: ce_id 2
01-01 08:00:53.051 D/cnss ( 0): Assign MSI to user: CE, num_vectors: 10, user_base_data: 803, base_vector: 3
01-01 08:00:53.051 I/[kworke][0x3c81aa2f][23:59:19.537905] wlan( 0): [292:I:HIF] ce_srng_status_ring_setup: ce_id 2
01-01 08:00:53.051 D/cnss ( 0): Assign MSI to user: CE, num_vectors: 10, user_base_data: 803, base_vector: 3
01-01 08:00:53.052 E/ ( 0): INFO: trying to register non-static key.
01-01 08:00:53.052 D/cnss ( 0): Assign MSI to user: CE, num_vectors: 10, user_base_data: 803, base_vector: 3
05-05 23:59:19.347 D/BluetoothManagerService( 1169): Stored Bluetooth name: 高合娱乐副屏
05-05 23:59:19.348 W/ActivityManager( 1169): Slow operation: 1149ms so far, now at startProcess: done updating battery stats
05-05 23:59:19.348 W/ActivityManager( 1169): Slow operation: 1149ms so far, now at startProcess: building log message
05-05 23:59:19.349 I/ActivityManager( 1169): Start proc 2253:com.thundercomm.tchttpserver/1000 for added application com.thundercomm.tchttpserver
05-05 23:59:19.349 W/ActivityManager( 1169): Slow operation: 1149ms so far, now at startProcess: starting to update pids map
05-05 23:59:19.351 W/ActivityManager( 1169): Slow operation: 1151ms so far, now at startProcess: done updating pids map
05-05 23:59:19.351 W/ActivityManager( 1169): Slow operation: 1151ms so far, now at startProcess: asking zygote to start proc
05-05 23:59:19.354 D/ConditionProviders.SCP( 1169): onSubscribe condition://android/schedule?days=1.2.3.4.5.6.7&start=22.0&end=7.0&exitAtAlarm=true
05-05 23:59:19.355 D/ConditionProviders.SCP( 1169): setRegistered true
05-05 23:59:19.371 D/ConditionProviders.SCP( 1169): evaluateSubscriptionLocked cal=ScheduleCalendar[mDays={1, 2, 3, 4, 5, 6, 7}, mSchedule=ScheduleInfo{days=[1, 2, 3, 4, 5, 6, 7], startHour=22, startMinute=0, endHour=7, endMinute=0, exitAtAlarm=true, nextAlarm=Thu Jan 01 08:00:00 GMT+08:00 1970 (0)}], now=Fri May 05 23:59:19 GMT+08:00 2023 (1683302359355), nextUserAlarmTime=Thu Jan 01 08:00:00 GMT+08:00 1970 (0)
05-05 23:59:19.371 D/ConditionProviders.SCP( 1169): notifyCondition condition://android/schedule?days=1.2.3.4.5.6.7&start=22.0&end=7.0&exitAtAlarm=true STATE_TRUE reason=meetsSchedule
05-05 23:59:19.373 D/ConditionProviders.SCP( 1169): Scheduling evaluate for Sat May 06 07:00:00 GMT+08:00 2023 (1683327600000), in +7h0m40s645ms, now=Fri May 05 23:59:19 GMT+08:00 2023 (1683302359355)
05-05 23:59:19.375 D/BluetoothManagerService( 1169): BluetoothServiceConnection: com.android.bluetooth.btservice.AdapterService
05-05 23:59:19.376 D/BluetoothManagerService( 1169): MESSAGE_BLUETOOTH_SERVICE_CONNECTED: 1
05-05 23:59:19.376 I/ConnectivityModuleConnector( 1169): Networking module service connected
05-05 23:59:19.381 I/ConnectivityModuleConnector( 1169): Networking module service connected
05-05 23:59:19.386 D/BluetoothManagerService( 1169): MESSAGE_INFORM_ADAPTER_SERVICE_UP
05-05 23:59:19.386 D/BluetoothManagerService( 1169): Broadcasting onBluetoothServiceUp() to 3 receivers.
01-01 08:00:53.057 E/ ( 0): the code is fine but needs lockdep annotation.
05-05 23:59:19.388 W/ActivityThread( 1169): Failed to find provider info for com.android.calendar (user not unlocked)
05-05 23:59:19.389 W/ActivityThread( 1169): Failed to find provider info for com.android.calendar (user not unlocked)
05-05 23:59:19.391 D/BluetoothManagerService( 1169): MESSAGE_BLUETOOTH_STATE_CHANGE: OFF > BLE_TURNING_ON
05-05 23:59:19.391 D/BluetoothManagerService( 1169): Sending BLE State Change: OFF > BLE_TURNING_ON
05-05 23:59:19.394 W/ContextImpl( 2108): Calling a method in the system process without a qualified user: android.app.ContextImpl.startService:1816 android.content.ContextWrapper.startService:774 com.thundercomm.microsettings.service.SettingsApplication.onCreate:30 android.app.Instrumentation.callApplicationOnCreate:1212 android.app.ActivityThread.handleBindApplication:6744
05-05 23:59:19.394 W/ActivityManager( 1169): Unable to start service Intent { act=com.thundercomm.microsettings.SETTING_SERVICE pkg=com.thundercomm.microsettings } U=0: not found
05-05 23:59:19.395 W/ContextImpl( 2108): Calling a method in the system process without a qualified user: android.app.ContextImpl.startService:1816 android.content.ContextWrapper.startService:774 com.thundercomm.microsettings.service.SettingsApplication.onCreate:36 android.app.Instrumentation.callApplicationOnCreate:1212 android.app.ActivityThread.handleBindApplication:6744
05-05 23:59:19.395 W/ActivityManager( 1169): Unable to start service Intent { act=com.thundercomm.microsettings.EOL_SERVICE pkg=com.thundercomm.microsettings } U=0: not found
05-05 23:59:19.402 D/MicroServiceManager( 2108): add linkToDeath
05-05 23:59:19.402 D/MicroServiceManager( 2108): bindMicroService: called already get service
05-05 23:59:19.403 I/MicroServiceManager( 2108): addCommonCallbackListener add listener
05-05 23:59:19.403 I/MicroServiceManager( 2108): addConnectChangedListener add listener
01-01 08:00:53.057 I/ ( 0): CPU: 0 PID: 338 Comm: kworker/u16:13 Tainted: G S W O 4.19.157+ #1
01-01 08:00:53.057 I/Hardware name( 0): Qualcomm Technologies, Inc. kona MTP-RmPM8150b. VX1(MCE) EVT1 (DT)
01-01 08:00:53.057 I/Workqueue( 0): events_unbound ion_system_secure_heap_prefetch_work
01-01 08:00:53.057 I/Call trace( 0):
01-01 08:00:53.057 I/ ( 0): dump_backtrace+0x0/0x258
01-01 08:00:53.057 I/ ( 0): show_stack+0x20/0x30
01-01 08:00:53.057 I/ ( 0): dump_stack+0xd8/0x12c
01-01 08:00:53.057 I/ ( 0): register_lock_class+0x4d0/0x5c8
01-01 08:00:53.057 I/ ( 0): __lock_acquire+0xbc/0x1e58
01-01 08:00:53.057 I/ ( 0): lock_acquire+0x1cc/0x218
01-01 08:00:53.057 I/ ( 0): _raw_spin_lock_irqsave+0x54/0x98
01-01 08:00:53.057 I/ ( 0): ion_system_secure_heap_prefetch_work+0x94/0x2c0
01-01 08:00:53.057 I/ ( 0): process_one_work+0x38c/0x660
01-01 08:00:53.057 I/ ( 0): worker_thread+0x268/0x4b8
01-01 08:00:53.057 I/ ( 0): kthread+0x140/0x150
01-01 08:00:53.057 I/ ( 0): ret_from_fork+0x10/0x1c
05-05 23:59:19.411 W/ActivityManager( 1169): Slow operation: 1211ms so far, now at startProcess: returned from zygote!
05-05 23:59:19.412 W/ActivityManager( 1169): Slow operation: 1211ms so far, now at startProcess: done updating battery stats
05-05 23:59:19.412 W/ActivityManager( 1169): Slow operation: 1212ms so far, now at startProcess: building log message
05-05 23:59:19.412 I/ActivityManager( 1169): Start proc 2262:com.tc.logclient/1000 for added application com.tc.logclient
05-05 23:59:19.412 W/ActivityManager( 1169): Slow operation: 1212ms so far, now at startProcess: starting to update pids map
05-05 23:59:19.412 W/ActivityManager( 1169): Slow operation: 1212ms so far, now at startProcess: done updating pids map
05-05 23:59:19.412 W/ActivityManager( 1169): Slow operation: 1211ms so far, now at startProcess: asking zygote to start proc
05-05 23:59:19.414 D/SystemUIBootTiming( 1933): StartServicescom.android.systemui.keyguard.KeyguardViewMediator took to complete: 86ms
01-01 08:00:53.057 E/bt_ioctl( 0): BT_CMD_PWR_CTRL pwr_cntrl:0
01-01 08:00:53.060 E/ ( 0): INFO: trying to register non-static key.
01-01 08:00:53.060 E/ ( 0): the code is fine but needs lockdep annotation.
01-01 08:00:53.060 I/ ( 0): CPU: 0 PID: 338 Comm: kworker/u16:13 Tainted: G S W O 4.19.157+ #1
01-01 08:00:53.060 I/Hardware name( 0): Qualcomm Technologies, Inc. kona MTP-RmPM8150b. VX1(MCE) EVT1 (DT)
01-01 08:00:53.060 I/Workqueue( 0): events_unbound ion_system_secure_heap_prefetch_work
01-01 08:00:53.060 I/Call trace( 0):
01-01 08:00:53.060 I/ ( 0): dump_backtrace+0x0/0x258
01-01 08:00:53.060 I/ ( 0): show_stack+0x20/0x30
01-01 08:00:53.060 I/ ( 0): dump_stack+0xd8/0x12c
01-01 08:00:53.060 I/ ( 0): register_lock_class+0x4d0/0x5c8
01-01 08:00:53.060 I/ ( 0): __lock_acquire+0xbc/0x1e58
01-01 08:00:53.060 I/ ( 0): lock_acquire+0x1cc/0x218
01-01 08:00:53.060 I/ ( 0): _raw_spin_lock_irqsave+0x54/0x98
01-01 08:00:53.060 I/ ( 0): ion_system_secure_heap_prefetch_work+0x94/0x2c0
01-01 08:00:53.060 I/ ( 0): process_one_work+0x38c/0x660
01-01 08:00:53.060 I/ ( 0): worker_thread+0x268/0x4b8
01-01 08:00:53.060 I/ ( 0): kthread+0x140/0x150
01-01 08:00:53.060 I/ ( 0): ret_from_fork+0x10/0x1c
01-01 08:00:53.062 E/ ( 0): INFO: trying to register non-static key.
01-01 08:00:53.062 E/ ( 0): the code is fine but needs lockdep annotation.
01-01 08:00:53.062 I/ ( 0): CPU: 0 PID: 338 Comm: kworker/u16:13 Tainted: G S W O 4.19.157+ #1
01-01 08:00:53.062 I/Hardware name( 0): Qualcomm Technologies, Inc. kona MTP-RmPM8150b. VX1(MCE) EVT1 (DT)
01-01 08:00:53.062 I/Workqueue( 0): events_unbound ion_system_secure_heap_prefetch_work
01-01 08:00:53.062 I/Call trace( 0):
01-01 08:00:53.062 I/ ( 0): dump_backtrace+0x0/0x258
01-01 08:00:53.062 I/ ( 0): show_stack+0x20/0x30
01-01 08:00:53.062 I/ ( 0): dump_stack+0xd8/0x12c
01-01 08:00:53.062 I/ ( 0): register_lock_class+0x4d0/0x5c8
01-01 08:00:53.062 I/ ( 0): __lock_acquire+0xbc/0x1e58
01-01 08:00:53.062 I/ ( 0): lock_acquire+0x1cc/0x218
01-01 08:00:53.062 I/ ( 0): _raw_spin_lock_irqsave+0x54/0x98
01-01 08:00:53.062 I/ ( 0): ion_system_secure_heap_prefetch_work+0x94/0x2c0
01-01 08:00:53.062 I/ ( 0): process_one_work+0x38c/0x660
01-01 08:00:53.062 I/ ( 0): worker_thread+0x268/0x4b8
01-01 08:00:53.062 I/ ( 0): kthread+0x140/0x150
01-01 08:00:53.062 I/ ( 0): ret_from_fork+0x10/0x1c
01-01 08:00:53.065 E/ ( 0): INFO: trying to register non-static key.
01-01 08:00:53.068 E/bt_ioctl( 0): BT state already:0 no change done
01-01 08:00:53.073 E/ ( 0): the code is fine but needs lockdep annotation.
01-01 08:00:53.073 I/ ( 0): CPU: 0 PID: 338 Comm: kworker/u16:13 Tainted: G S W O 4.19.157+ #1
01-01 08:00:53.073 I/Hardware name( 0): Qualcomm Technologies, Inc. kona MTP-RmPM8150b. VX1(MCE) EVT1 (DT)
01-01 08:00:53.073 I/Workqueue( 0): events_unbound ion_system_secure_heap_prefetch_work
01-01 08:00:53.073 I/Call trace( 0):
01-01 08:00:53.073 I/ ( 0): dump_backtrace+0x0/0x258
01-01 08:00:53.073 I/ ( 0): show_stack+0x20/0x30
01-01 08:00:53.077 I/binder ( 0): 2253:2253 ioctl 40046210 7fc271fc14 returned -22
01-01 08:00:53.079 E/bt_ioctl( 0): BT_CMD_PWR_CTRL pwr_cntrl:1
01-01 08:00:53.084 I/ ( 0): dump_stack+0xd8/0x12c
01-01 08:00:53.084 I/ ( 0): register_lock_class+0x4d0/0x5c8
01-01 08:00:53.084 I/ ( 0): __lock_acquire+0xbc/0x1e58
01-01 08:00:53.084 I/ ( 0): lock_acquire+0x1cc/0x218
01-01 08:00:53.084 I/ ( 0): _raw_spin_lock_irqsave+0x54/0x98
01-01 08:00:53.084 I/ ( 0): ion_system_secure_heap_prefetch_work+0x94/0x2c0
01-01 08:00:53.084 I/ ( 0): process_one_work+0x38c/0x660
01-01 08:00:53.084 I/ ( 0): worker_thread+0x268/0x4b8
01-01 08:00:53.091 I/bt_power vendor( 0): bt_qca6390: Linked as a consumer to regulator.9
01-01 08:00:53.095 I/ ( 0): kthread+0x140/0x150
01-01 08:00:53.095 I/ ( 0): ret_from_fork+0x10/0x1c
01-01 08:00:53.101 E/ ( 0): INFO: trying to register non-static key.
01-01 08:00:53.118 E/ ( 0): the code is fine but needs lockdep annotation.
01-01 08:00:53.124 I/ ( 0): CPU: 0 PID: 338 Comm: kworker/u16:13 Tainted: G S W O 4.19.157+ #1
01-01 08:00:53.124 I/Hardware name( 0): Qualcomm Technologies, Inc. kona MTP-RmPM8150b. VX1(MCE) EVT1 (DT)
01-01 08:00:53.124 I/Workqueue( 0): events_unbound ion_system_secure_heap_prefetch_work
01-01 08:00:53.124 I/Call trace( 0):
01-01 08:00:53.124 I/ ( 0): dump_backtrace+0x0/0x258
01-01 08:00:53.124 I/ ( 0): show_stack+0x20/0x30
01-01 08:00:53.124 I/ ( 0): dump_stack+0xd8/0x12c
01-01 08:00:53.124 I/ ( 0): register_lock_class+0x4d0/0x5c8
01-01 08:00:53.124 I/ ( 0): __lock_acquire+0xbc/0x1e58
01-01 08:00:53.124 I/ ( 0): lock_acquire+0x1cc/0x218
01-01 08:00:53.124 I/ ( 0): _raw_spin_lock_irqsave+0x54/0x98
01-01 08:00:53.124 I/ ( 0): ion_system_secure_heap_prefetch_work+0x94/0x2c0
01-01 08:00:53.124 I/ ( 0): process_one_work+0x38c/0x660
01-01 08:00:53.124 I/ ( 0): worker_thread+0x268/0x4b8
01-01 08:00:53.124 I/ ( 0): kthread+0x140/0x150
01-01 08:00:53.124 I/ ( 0): ret_from_fork+0x10/0x1c
01-01 08:00:53.124 E/bt_vreg_enable( 0): vreg_en successful for : qca,bt-vdd-aon
01-01 08:00:53.126 E/ ( 0): INFO: trying to register non-static key.
01-01 08:00:53.127 I/binder ( 0): 2308:2308 ioctl 40046210 7fc271fc14 returned -22
01-01 08:00:53.131 I/bt_power vendor( 0): bt_qca6390: Linked as a consumer to regulator.51
01-01 08:00:53.131 I/[kworke][0x3c992456][23:59:19.618041] wlan( 0): [292:I:HIF] ce_srng_dest_ring_setup: ce_id 5
01-01 08:00:53.131 D/cnss ( 0): Assign MSI to user: CE, num_vectors: 10, user_base_data: 803, base_vector: 3
01-01 08:00:53.132 I/[kworke][0x3c9948c8][23:59:19.618527] wlan( 0): [292:I:HIF] ce_srng_status_ring_setup: ce_id 5
01-01 08:00:53.132 D/cnss ( 0): Assign MSI to user: CE, num_vectors: 10, user_base_data: 803, base_vector: 3
01-01 08:00:53.132 I/[kworke][0x3c99738b][23:59:19.619097] wlan( 0): [292:I:HIF] hif_configure_irq: E
01-01 08:00:53.133 D/cnss ( 0): Assign MSI to user: WAKE, num_vectors: 1, user_base_data: 813, base_vector: 13
01-01 08:00:53.133 D/cnss ( 0): Get IRQ number 364 for vector index 13
01-01 08:00:53.134 D/cnss ( 0): Assign MSI to user: CE, num_vectors: 10, user_base_data: 803, base_vector: 3
01-01 08:00:53.134 D/cnss ( 0): Get IRQ number 354 for vector index 3
01-01 08:00:53.135 D/cnss ( 0): Get IRQ number 355 for vector index 4
01-01 08:00:53.136 E/ ( 0): the code is fine but needs lockdep annotation.
01-01 08:00:53.136 I/ ( 0): CPU: 0 PID: 338 Comm: kworker/u16:13 Tainted: G S W O 4.19.157+ #1
01-01 08:00:53.136 I/Hardware name( 0): Qualcomm Technologies, Inc. kona MTP-RmPM8150b. VX1(MCE) EVT1 (DT)
01-01 08:00:53.136 I/Workqueue( 0): events_unbound ion_system_secure_heap_prefetch_work
01-01 08:00:53.136 I/Call trace( 0):
01-01 08:00:53.136 I/ ( 0): dump_backtrace+0x0/0x258
01-01 08:00:53.136 I/ ( 0): show_stack+0x20/0x30
01-01 08:00:53.139 D/cnss ( 0): Get IRQ number 356 for vector index 5
01-01 08:00:53.139 D/cnss ( 0): Get IRQ number 357 for vector index 6
01-01 08:00:53.140 D/cnss ( 0): Get IRQ number 359 for vector index 8
01-01 08:00:53.141 D/cnss ( 0): Get IRQ number 360 for vector index 9
01-01 08:00:53.141 D/cnss ( 0): Get IRQ number 362 for vector index 11
01-01 08:00:53.141 I/ ( 0): dump_stack+0xd8/0x12c
01-01 08:00:53.141 I/ ( 0): register_lock_class+0x4d0/0x5c8
01-01 08:00:53.141 I/ ( 0): __lock_acquire+0xbc/0x1e58
01-01 08:00:53.141 I/ ( 0): lock_acquire+0x1cc/0x218
01-01 08:00:53.141 I/ ( 0): _raw_spin_lock_irqsave+0x54/0x98
01-01 08:00:53.141 I/ ( 0): ion_system_secure_heap_prefetch_work+0x94/0x2c0
01-01 08:00:53.141 I/ ( 0): process_one_work+0x38c/0x660
01-01 08:00:53.141 E/bt_vreg_enable( 0): vreg_en successful for : qca,bt-vdd-dig
01-01 08:00:53.142 I/bt_power vendor( 0): bt_qca6390: Linked as a consumer to regulator.8
01-01 08:00:53.143 E/[kworke][0x3c9ca845][23:59:19.630040] wlan( 0): [292:E:mlme] mlme_init_reg_cfg: 2374: null pdev
01-01 08:00:53.144 E/[kworke][0x3c9cc357][23:59:19.630401] wlan( 0): [292:E:WMI] WMI handle is NULL
01-01 08:00:53.144 I/[kworke][0x3c9cc9d1][23:59:19.630487] wlan( 0): [292:I:HIF] Initializing Runtime PM wakelock &p2p_soc_obj->roc_runtime_lock
01-01 08:00:53.144 D/cnss ( 0): Platform cap_flag is 0x4
01-01 08:00:53.144 E/[kworke][0x3c9cd1ed][23:59:19.630595] wlan( 0): [292:E:QDF] cds_get_context: 1486: Module ID 66 context is Null
01-01 08:00:53.148 I/ ( 0): worker_thread+0x268/0x4b8
01-01 08:00:53.148 I/ ( 0): kthread+0x140/0x150
01-01 08:00:53.148 I/ ( 0): ret_from_fork+0x10/0x1c
01-01 08:00:53.153 E/ ( 0): INFO: trying to register non-static key.
01-01 08:00:53.158 E/bt_vreg_enable( 0): vreg_en successful for : qca,bt-vdd-rfa1
01-01 08:00:53.166 E/ ( 0): the code is fine but needs lockdep annotation.
01-01 08:00:53.166 I/ ( 0): CPU: 0 PID: 338 Comm: kworker/u16:13 Tainted: G S W O 4.19.157+ #1
01-01 08:00:53.166 I/Hardware name( 0): Qualcomm Technologies, Inc. kona MTP-RmPM8150b. VX1(MCE) EVT1 (DT)
01-01 08:00:53.166 I/Workqueue( 0): events_unbound ion_system_secure_heap_prefetch_work
01-01 08:00:53.166 I/Call trace( 0):
01-01 08:00:53.166 I/ ( 0): dump_backtrace+0x0/0x258
01-01 08:00:53.166 I/ ( 0): show_stack+0x20/0x30
01-01 08:00:53.177 I/bt_power vendor( 0): bt_qca6390: Linked as a consumer to regulator.36
01-01 08:00:53.182 I/ ( 0): dump_stack+0xd8/0x12c
01-01 08:00:53.182 I/ ( 0): register_lock_class+0x4d0/0x5c8
01-01 08:00:53.182 I/ ( 0): __lock_acquire+0xbc/0x1e58
01-01 08:00:53.182 I/ ( 0): lock_acquire+0x1cc/0x218
01-01 08:00:53.182 I/ ( 0): _raw_spin_lock_irqsave+0x54/0x98
01-01 08:00:53.182 I/ ( 0): ion_system_secure_heap_prefetch_work+0x94/0x2c0
01-01 08:00:53.189 E/bt_vreg_enable( 0): vreg_en successful for : qca,bt-vdd-rfa2
01-01 08:00:53.194 I/ ( 0): process_one_work+0x38c/0x660
01-01 08:00:53.194 I/ ( 0): worker_thread+0x268/0x4b8
01-01 08:00:53.194 I/ ( 0): kthread+0x140/0x150
01-01 08:00:53.194 I/ ( 0): ret_from_fork+0x10/0x1c
01-01 08:00:53.197 E/ ( 0): INFO: trying to register non-static key.
01-01 08:00:53.204 I/bt_power vendor( 0): bt_qca6390: Linked as a consumer to regulator.27
01-01 08:00:53.206 E/ ( 0): the code is fine but needs lockdep annotation.
01-01 08:00:53.206 I/ ( 0): CPU: 0 PID: 338 Comm: kworker/u16:13 Tainted: G S W O 4.19.157+ #1
01-01 08:00:53.206 I/Hardware name( 0): Qualcomm Technologies, Inc. kona MTP-RmPM8150b. VX1(MCE) EVT1 (DT)
01-01 08:00:53.206 I/Workqueue( 0): events_unbound ion_system_secure_heap_prefetch_work
01-01 08:00:53.206 I/Call trace( 0):
01-01 08:00:53.206 I/ ( 0): dump_backtrace+0x0/0x258
01-01 08:00:53.206 I/ ( 0): show_stack+0x20/0x30
01-01 08:00:53.206 I/ ( 0): dump_stack+0xd8/0x12c
01-01 08:00:53.206 I/ ( 0): register_lock_class+0x4d0/0x5c8
01-01 08:00:53.206 I/ ( 0): __lock_acquire+0xbc/0x1e58
01-01 08:00:53.206 I/ ( 0): lock_acquire+0x1cc/0x218
01-01 08:00:53.206 I/ ( 0): _raw_spin_lock_irqsave+0x54/0x98
01-01 08:00:53.206 I/ ( 0): ion_system_secure_heap_prefetch_work+0x94/0x2c0
01-01 08:00:53.206 I/ ( 0): process_one_work+0x38c/0x660
01-01 08:00:53.206 I/ ( 0): worker_thread+0x268/0x4b8
01-01 08:00:53.206 I/ ( 0): kthread+0x140/0x150
01-01 08:00:53.206 I/ ( 0): ret_from_fork+0x10/0x1c
01-01 08:00:53.209 E/ ( 0): INFO: trying to register non-static key.
01-01 08:00:53.216 E/bt_vreg_enable( 0): vreg_en successful for : qca,bt-vdd-asd
05-05 23:59:19.426 D/CompatibilityChangeReporter( 1169): Compat change id reported: 168419799; UID 1002; state: DISABLED
05-05 23:59:19.434 D/CompatibilityChangeReporter( 1169): Compat change id reported: 135634846; UID 10080; state: DISABLED
05-05 23:59:19.434 D/CompatibilityChangeReporter( 1169): Compat change id reported: 177438394; UID 10080; state: DISABLED
05-05 23:59:19.434 D/CompatibilityChangeReporter( 1169): Compat change id reported: 135772972; UID 10080; state: DISABLED
05-05 23:59:19.434 D/CompatibilityChangeReporter( 1169): Compat change id reported: 135754954; UID 10080; state: ENABLED
05-05 23:59:19.435 D/SystemUIBootTiming( 1933): StartServicescom.android.systemui.recents.Recents took to complete: 22ms
05-05 23:59:19.450 W/BluetoothManagerService( 1169): bindBluetoothProfileService:Trying to bind to profile: 1, while Bluetooth is disabled
05-05 23:59:19.467 I/Telecom ( 1169): SystemStateHelper: Registering broadcast receiver: android.content.IntentFilter@4171e90: TS.init@AAA
05-05 23:59:19.468 I/Telecom ( 1169): SystemStateHelper: Registering broadcast receiver: android.content.IntentFilter@c881389: TS.init@AAA
05-05 23:59:19.468 I/Telecom ( 1169): BluetoothRouteManager: getBluetoothAudioConnectedDevice: no service available.
05-05 23:59:19.479 I/Telecom ( 1169): Logging.Events: Non-call EVENT: AUDIO_ROUTE, Entering state QuiescentEarpieceRoute
05-05 23:59:19.479 I/Telecom ( 1169): BluetoothRouteManager: getBluetoothAudioConnectedDevice: no service available.
01-01 08:00:53.217 E/ ( 0): the code is fine but needs lockdep annotation.
01-01 08:00:53.218 I/msm_vidc( 0): high: 00000001: ....d: Opening video instance: fffffffa6fab0000, 1
05-05 23:59:19.485 I/Telecom ( 1169): CallAudioModeStateMachine: Message received: null.: TS.init->CAMSM.pM_1@AAA
05-05 23:59:19.488 I/Telecom ( 1169): MissedCallNotifierImpl: reloadFromDatabase: Boot not yet complete -- call log db may not be available. Deferring loading until boot complete for user 0: TS.init@AAA
05-05 23:59:19.498 D/CompatibilityChangeReporter( 1169): Compat change id reported: 168419799; UID 1000; state: DISABLED
01-01 08:00:53.229 I/ ( 0): CPU: 0 PID: 338 Comm: kworker/u16:13 Tainted: G S W O 4.19.157+ #1
01-01 08:00:53.229 I/Hardware name( 0): Qualcomm Technologies, Inc. kona MTP-RmPM8150b. VX1(MCE) EVT1 (DT)
01-01 08:00:53.229 I/Workqueue( 0): events_unbound ion_system_secure_heap_prefetch_work
01-01 08:00:53.229 I/Call trace( 0):
01-01 08:00:53.229 I/ ( 0): dump_backtrace+0x0/0x258
01-01 08:00:53.229 I/ ( 0): show_stack+0x20/0x30
01-01 08:00:53.229 I/ ( 0): dump_stack+0xd8/0x12c
01-01 08:00:53.229 I/ ( 0): register_lock_class+0x4d0/0x5c8
01-01 08:00:53.229 I/ ( 0): __lock_acquire+0xbc/0x1e58
01-01 08:00:53.229 I/ ( 0): lock_acquire+0x1cc/0x218
01-01 08:00:53.229 I/ ( 0): _raw_spin_lock_irqsave+0x54/0x98
01-01 08:00:53.229 I/ ( 0): ion_system_secure_heap_prefetch_work+0x94/0x2c0
01-01 08:00:53.229 I/ ( 0): process_one_work+0x38c/0x660
01-01 08:00:53.229 I/ ( 0): worker_thread+0x268/0x4b8
01-01 08:00:53.229 I/ ( 0): kthread+0x140/0x150
01-01 08:00:53.229 I/ ( 0): ret_from_fork+0x10/0x1c
05-05 23:59:19.506 I/Telecom ( 1169): MissedCallNotifierImpl: reloadFromDatabase: Boot not yet complete -- call log db may not be available. Deferring loading until boot complete for user 0: TS.init@AAA
05-05 23:59:19.510 I/Telecom ( 1169): Class: TelecomSystem.INSTANCE being set
05-05 23:59:19.513 W/Looper ( 1169): Slow dispatch took 130ms main h=android.app.ActivityThread$H c=android.app.LoadedApk$ServiceDispatcher$RunConnection@9b0d50e m=0
01-01 08:00:53.234 E/ ( 0): INFO: trying to register non-static key.
01-01 08:00:53.239 E/ ( 0): the code is fine but needs lockdep annotation.
01-01 08:00:53.244 I/ ( 0): CPU: 0 PID: 338 Comm: kworker/u16:13 Tainted: G S W O 4.19.157+ #1
01-01 08:00:53.244 I/Hardware name( 0): Qualcomm Technologies, Inc. kona MTP-RmPM8150b. VX1(MCE) EVT1 (DT)
01-01 08:00:53.244 I/Workqueue( 0): events_unbound ion_system_secure_heap_prefetch_work
01-01 08:00:53.244 I/Call trace( 0):
01-01 08:00:53.244 I/ ( 0): dump_backtrace+0x0/0x258
01-01 08:00:53.244 I/ ( 0): show_stack+0x20/0x30
01-01 08:00:53.244 I/ ( 0): dump_stack+0xd8/0x12c
01-01 08:00:53.244 I/ ( 0): register_lock_class+0x4d0/0x5c8
01-01 08:00:53.244 I/ ( 0): __lock_acquire+0xbc/0x1e58
01-01 08:00:53.244 I/ ( 0): lock_acquire+0x1cc/0x218
01-01 08:00:53.244 I/ ( 0): _raw_spin_lock_irqsave+0x54/0x98
01-01 08:00:53.244 I/ ( 0): ion_system_secure_heap_prefetch_work+0x94/0x2c0
01-01 08:00:53.244 I/ ( 0): process_one_work+0x38c/0x660
01-01 08:00:53.244 I/ ( 0): worker_thread+0x268/0x4b8
01-01 08:00:53.244 I/ ( 0): kthread+0x140/0x150
01-01 08:00:53.244 I/ ( 0): ret_from_fork+0x10/0x1c
01-01 08:00:53.250 E/ ( 0): INFO: trying to register non-static key.
01-01 08:00:53.255 E/ ( 0): the code is fine but needs lockdep annotation.
01-01 08:00:53.261 I/ ( 0): CPU: 0 PID: 338 Comm: kworker/u16:13 Tainted: G S W O 4.19.157+ #1
01-01 08:00:53.261 I/Hardware name( 0): Qualcomm Technologies, Inc. kona MTP-RmPM8150b. VX1(MCE) EVT1 (DT)
01-01 08:00:53.261 I/Workqueue( 0): events_unbound ion_system_secure_heap_prefetch_work
01-01 08:00:53.261 I/Call trace( 0):
01-01 08:00:53.261 I/ ( 0): dump_backtrace+0x0/0x258
01-01 08:00:53.261 I/ ( 0): show_stack+0x20/0x30
01-01 08:00:53.261 I/ ( 0): dump_stack+0xd8/0x12c
01-01 08:00:53.261 I/ ( 0): register_lock_class+0x4d0/0x5c8
01-01 08:00:53.261 I/ ( 0): __lock_acquire+0xbc/0x1e58
01-01 08:00:53.261 I/ ( 0): lock_acquire+0x1cc/0x218
01-01 08:00:53.261 I/ ( 0): _raw_spin_lock_irqsave+0x54/0x98
01-01 08:00:53.261 I/ ( 0): ion_system_secure_heap_prefetch_work+0x94/0x2c0
01-01 08:00:53.261 I/ ( 0): process_one_work+0x38c/0x660
01-01 08:00:53.261 I/ ( 0): worker_thread+0x268/0x4b8
01-01 08:00:53.261 I/ ( 0): kthread+0x140/0x150
01-01 08:00:53.261 I/ ( 0): ret_from_fork+0x10/0x1c
05-05 23:59:19.534 W/ActivityManager( 1169): Slow operation: 1333ms so far, now at startProcess: returned from zygote!
05-05 23:59:19.542 W/ActivityManager( 1169): Slow operation: 1340ms so far, now at startProcess: done updating battery stats
05-05 23:59:19.542 W/ActivityManager( 1169): Slow operation: 1341ms so far, now at startProcess: building log message
05-05 23:59:19.542 I/ActivityManager( 1169): Start proc 2308:com.thundercomm.tcsetupwizard/1000 for added application com.thundercomm.tcsetupwizard
05-05 23:59:19.542 W/ActivityManager( 1169): Slow operation: 1341ms so far, now at startProcess: starting to update pids map
05-05 23:59:19.543 D/AutofillManagerService( 1169): Restriction did not change for user 0
05-05 23:59:19.543 W/ActivityManager( 1169): Slow operation: 1342ms so far, now at startProcess: done updating pids map
05-05 23:59:19.544 W/ActivityManager( 1169): Slow operation: 1340ms so far, now at startProcess: asking zygote to start proc
05-05 23:59:19.553 D/SystemUIBootTiming( 1933): StartServicescom.android.systemui.volume.VolumeUI took to complete: 118ms
01-01 08:00:53.266 E/ ( 0): INFO: trying to register non-static key.
01-01 08:00:53.271 E/ ( 0): the code is fine but needs lockdep annotation.
01-01 08:00:53.276 I/binder ( 0): 2358:2358 ioctl 40046210 7fc271fc14 returned -22
01-01 08:00:53.277 I/ ( 0): CPU: 7 PID: 338 Comm: kworker/u16:13 Tainted: G S W O 4.19.157+ #1
01-01 08:00:53.277 I/Hardware name( 0): Qualcomm Technologies, Inc. kona MTP-RmPM8150b. VX1(MCE) EVT1 (DT)
01-01 08:00:53.277 I/Workqueue( 0): events_unbound ion_system_secure_heap_prefetch_work
01-01 08:00:53.277 I/Call trace( 0):
01-01 08:00:53.277 I/ ( 0): dump_backtrace+0x0/0x258
01-01 08:00:53.277 I/ ( 0): show_stack+0x20/0x30
01-01 08:00:53.277 I/ ( 0): dump_stack+0xd8/0x12c
01-01 08:00:53.277 I/ ( 0): register_lock_class+0x4d0/0x5c8
01-01 08:00:53.277 I/ ( 0): __lock_acquire+0xbc/0x1e58
01-01 08:00:53.277 I/ ( 0): lock_acquire+0x1cc/0x218
01-01 08:00:53.277 I/ ( 0): _raw_spin_lock_irqsave+0x54/0x98
01-01 08:00:53.277 I/ ( 0): ion_system_secure_heap_prefetch_work+0x94/0x2c0
01-01 08:00:53.277 I/ ( 0): process_one_work+0x38c/0x660
01-01 08:00:53.277 I/ ( 0): worker_thread+0x268/0x4b8
01-01 08:00:53.277 I/ ( 0): kthread+0x140/0x150
01-01 08:00:53.277 I/ ( 0): ret_from_fork+0x10/0x1c
05-05 23:59:19.622 D/CompanionDeviceManagerService( 1169): Received BT state transition broadcast: OFF -> BLE_TURNING_ON
05-05 23:59:19.622 I/Telecom ( 1169): WiredHeadsetManager: ACTION_HEADSET_PLUG event, plugged in: false, : WHC.oADA@AAE
01-01 08:00:53.280 I/bt_configure_gpios( 0): BTON:Turn Bt Off bt-reset-gpio(1121) value(0)
01-01 08:00:53.280 I/bt_configure_gpios( 0): BTON:Turn Bt Off
01-01 08:00:53.280 I/bt_configure_gpios( 0): bt-sw-ctrl-gpio(1224) value(1)
01-01 08:00:53.280 I/bt_enable_bt_reset_gpios_safely( 0): bt_enable_bt_reset_gpios_safely: BTON:Turn Bt On
01-01 08:00:53.280 I/bt_enable_bt_reset_gpios_safely( 0): bt_enable_bt_reset_gpios_safely: wl-reset-gpio(1120) value(1)
01-01 08:00:53.280 I/bt_enable_bt_reset_gpios_safely( 0): bt_enable_bt_reset_gpios_safely: BTON: Asserting BT_EN
05-05 23:59:19.631 D/CompatibilityChangeReporter( 1169): Compat change id reported: 168419799; UID 1000; state: DISABLED
05-05 23:59:19.633 I/GameModeConfig( 1169): isGameModeOn = false
05-05 23:59:19.637 W/NotificationHistory( 1169): Attempted to add notif for locked/gone/disabled user 0
05-05 23:59:19.638 D/CompatibilityChangeReporter( 1169): Compat change id reported: 168419799; UID 1000; state: DISABLED
05-05 23:59:19.650 I/GameModeConfig( 1169): isGameModeOn = false
05-05 23:59:19.653 W/Looper ( 1169): Drained
01-01 08:00:53.295 E/ ( 0): INFO: trying to register non-static key.
05-05 23:59:19.691 W/ActivityManager( 1169): Slow operation: 1487ms so far, now at startProcess: returned from zygote!
05-05 23:59:19.691 W/ActivityManager( 1169): Slow operation: 1488ms so far, now at startProcess: done updating battery stats
05-05 23:59:19.691 W/ActivityManager( 1169): Slow operation: 1488ms so far, now at startProcess: building log message
01-01 08:00:53.301 E/ ( 0): the code is fine but needs lockdep annotation.
05-05 23:59:19.691 I/ActivityManager( 1169): Start proc 2358:vendor.qti.qesdk.sysservice/1000 for added application vendor.qti.qesdk.sysservice
01-01 08:00:53.301 I/msm_vidc( 0): high: 00000001: h265d: Closed video instance: fffffffa6fab0000
01-01 08:00:53.306 I/ ( 0): CPU: 7 PID: 338 Comm: kworker/u16:13 Tainted: G S W O 4.19.157+ #1
05-05 23:59:19.691 W/ActivityManager( 1169): Slow operation: 1488ms so far, now at startProcess: starting to update pids map
01-01 08:00:53.306 I/Hardware name( 0): Qualcomm Technologies, Inc. kona MTP-RmPM8150b. VX1(MCE) EVT1 (DT)
01-01 08:00:53.306 I/Workqueue( 0): events_unbound ion_system_secure_heap_prefetch_work
05-05 23:59:19.692 W/ActivityManager( 1169): Slow operation: 1489ms so far, now at startProcess: done updating pids map
01-01 08:00:53.306 I/Call trace( 0):
01-01 08:00:53.306 I/ ( 0): dump_backtrace+0x0/0x258
05-05 23:59:19.692 W/ActivityManager( 1169): Slow operation: 1489ms so far, now at startProcess: asking zygote to start proc
01-01 08:00:53.306 I/ ( 0): show_stack+0x20/0x30
01-01 08:00:53.306 I/ ( 0): dump_stack+0xd8/0x12c
01-01 08:00:53.306 I/ ( 0): register_lock_class+0x4d0/0x5c8
05-05 23:59:19.692 D/CompatibilityChangeReporter( 1169): Compat change id reported: 143937733; UID 10092; state: DISABLED
01-01 08:00:53.306 I/ ( 0): __lock_acquire+0xbc/0x1e58
01-01 08:00:53.306 I/ ( 0): lock_acquire+0x1cc/0x218
01-01 08:00:53.306 I/ ( 0): _raw_spin_lock_irqsave+0x54/0x98
01-01 08:00:53.306 I/ ( 0): ion_system_secure_heap_prefetch_work+0x94/0x2c0
01-01 08:00:53.306 I/ ( 0): process_one_work+0x38c/0x660
01-01 08:00:53.306 I/ ( 0): worker_thread+0x268/0x4b8
01-01 08:00:53.306 I/ ( 0): kthread+0x140/0x150
01-01 08:00:53.306 I/ ( 0): ret_from_fork+0x10/0x1c
01-01 08:00:53.315 E/ ( 0): INFO: trying to register non-static key.
01-01 08:00:53.315 E/[kworke][0x3ccf06ab][23:59:19.801964] wlan( 0): [292:E:QDF] cds_get_context: 1486: Module ID 66 context is Null
01-01 08:00:53.320 E/ ( 0): the code is fine but needs lockdep annotation.
01-01 08:00:53.320 I/ ( 0): CPU: 7 PID: 338 Comm: kworker/u16:13 Tainted: G S W O 4.19.157+ #1
01-01 08:00:53.320 I/Hardware name( 0): Qualcomm Technologies, Inc. kona MTP-RmPM8150b. VX1(MCE) EVT1 (DT)
01-01 08:00:53.320 I/Workqueue( 0): events_unbound ion_system_secure_heap_prefetch_work
01-01 08:00:53.320 I/Call trace( 0):
01-01 08:00:53.320 I/ ( 0): dump_backtrace+0x0/0x258
01-01 08:00:53.320 I/ ( 0): show_stack+0x20/0x30
01-01 08:00:53.320 I/ ( 0): dump_stack+0xd8/0x12c
01-01 08:00:53.320 I/ ( 0): register_lock_class+0x4d0/0x5c8
01-01 08:00:53.320 I/ ( 0): __lock_acquire+0xbc/0x1e58
01-01 08:00:53.320 I/ ( 0): lock_acquire+0x1cc/0x218
01-01 08:00:53.320 I/ ( 0): _raw_spin_lock_irqsave+0x54/0x98
01-01 08:00:53.320 I/ ( 0): ion_system_secure_heap_prefetch_work+0x94/0x2c0
01-01 08:00:53.320 I/ ( 0): process_one_work+0x38c/0x660
01-01 08:00:53.320 I/ ( 0): worker_thread+0x268/0x4b8
01-01 08:00:53.320 I/ ( 0): kthread+0x140/0x150
01-01 08:00:53.320 I/ ( 0): ret_from_fork+0x10/0x1c
01-01 08:00:53.322 E/ ( 0): INFO: trying to register non-static key.
01-01 08:00:53.325 I/binder ( 0): 2363:2363 ioctl 40046210 7fc271fc14 returned -22
01-01 08:00:53.342 E/ ( 0): the code is fine but needs lockdep annotation.
01-01 08:00:53.347 I/ ( 0): CPU: 7 PID: 338 Comm: kworker/u16:13 Tainted: G S W O 4.19.157+ #1
01-01 08:00:53.347 I/Hardware name( 0): Qualcomm Technologies, Inc. kona MTP-RmPM8150b. VX1(MCE) EVT1 (DT)
01-01 08:00:53.347 I/Workqueue( 0): events_unbound ion_system_secure_heap_prefetch_work
01-01 08:00:53.347 I/Call trace( 0):
01-01 08:00:53.347 I/ ( 0): dump_backtrace+0x0/0x258
01-01 08:00:53.347 I/ ( 0): show_stack+0x20/0x30
01-01 08:00:53.347 I/ ( 0): dump_stack+0xd8/0x12c
01-01 08:00:53.347 I/ ( 0): register_lock_class+0x4d0/0x5c8
01-01 08:00:53.347 I/ ( 0): __lock_acquire+0xbc/0x1e58
01-01 08:00:53.347 I/ ( 0): lock_acquire+0x1cc/0x218
01-01 08:00:53.347 I/ ( 0): _raw_spin_lock_irqsave+0x54/0x98
01-01 08:00:53.347 I/ ( 0): ion_system_secure_heap_prefetch_work+0x94/0x2c0
01-01 08:00:53.347 I/ ( 0): process_one_work+0x38c/0x660
01-01 08:00:53.347 I/ ( 0): worker_thread+0x268/0x4b8
01-01 08:00:53.347 I/ ( 0): kthread+0x140/0x150
01-01 08:00:53.347 I/ ( 0): ret_from_fork+0x10/0x1c
01-01 08:00:53.348 I/bt_configure_gpios( 0): BTON:Turn Bt On bt-reset-gpio(1121) value(1)
01-01 08:00:53.348 I/bt_configure_gpios( 0): BTON:Turn Bt On
01-01 08:00:53.348 I/bt_configure_gpios( 0): bt-sw-ctrl-gpio(1224) value(1)
01-01 08:00:53.348 I/bt_configure_gpios( 0): bt_gpio= 1121 on: 1 is successful
01-01 08:00:53.358 I/[kworke][0x3cdb655d][23:59:19.844187] wlan( 0): [292:I:HIF] Initializing Runtime PM wakelock &psoc_wakelock->wmi_cmd_rsp_runtime_lock
01-01 08:00:53.364 I/binder ( 0): 2383:2383 ioctl 40046210 7fc271fc14 returned -22
01-01 08:00:53.367 F/[kworke][0x3cde27bb][23:59:19.853606] wlan( 0): [292:F:WMA] WMA --> wmi_unified_attach - success
01-01 08:00:53.378 E/ ( 0): INFO: trying to register non-static key.
01-01 08:00:53.380 I/msm_vidc( 0): high: 00000001: ....d: Opening video instance: fffffffb194d0000, 1
01-01 08:00:53.383 E/ ( 0): the code is fine but needs lockdep annotation.
01-01 08:00:53.383 I/ ( 0): CPU: 7 PID: 338 Comm: kworker/u16:13 Tainted: G S W O 4.19.157+ #1
01-01 08:00:53.383 I/Hardware name( 0): Qualcomm Technologies, Inc. kona MTP-RmPM8150b. VX1(MCE) EVT1 (DT)
01-01 08:00:53.383 I/Workqueue( 0): events_unbound ion_system_secure_heap_prefetch_work
01-01 08:00:53.383 I/Call trace( 0):
01-01 08:00:53.383 I/ ( 0): dump_backtrace+0x0/0x258
01-01 08:00:53.383 I/ ( 0): show_stack+0x20/0x30
01-01 08:00:53.383 I/ ( 0): dump_stack+0xd8/0x12c
01-01 08:00:53.383 I/ ( 0): register_lock_class+0x4d0/0x5c8
01-01 08:00:53.383 I/ ( 0): __lock_acquire+0xbc/0x1e58
01-01 08:00:53.383 I/ ( 0): lock_acquire+0x1cc/0x218
01-01 08:00:53.383 I/ ( 0): _raw_spin_lock_irqsave+0x54/0x98
01-01 08:00:53.383 I/ ( 0): ion_system_secure_heap_prefetch_work+0x94/0x2c0
01-01 08:00:53.383 I/ ( 0): process_one_work+0x38c/0x660
01-01 08:00:53.383 I/ ( 0): worker_thread+0x268/0x4b8
01-01 08:00:53.383 I/ ( 0): kthread+0x140/0x150
01-01 08:00:53.383 I/ ( 0): ret_from_fork+0x10/0x1c
01-01 08:00:53.392 E/ ( 0): INFO: trying to register non-static key.
01-01 08:00:53.395 I/[kworke][0x3ce66e4d][23:59:19.881853] wlan( 0): [292:I:HIF] Initializing Runtime PM wakelock &vdev->vdev_set_key_runtime_wakelock
01-01 08:00:53.397 E/ ( 0): the code is fine but needs lockdep annotation.
01-01 08:00:53.397 I/ ( 0): CPU: 7 PID: 338 Comm: kworker/u16:13 Tainted: G S W O 4.19.157+ #1
01-01 08:00:53.397 I/Hardware name( 0): Qualcomm Technologies, Inc. kona MTP-RmPM8150b. VX1(MCE) EVT1 (DT)
01-01 08:00:53.397 I/Workqueue( 0): events_unbound ion_system_secure_heap_prefetch_work
01-01 08:00:53.397 I/Call trace( 0):
01-01 08:00:53.397 I/ ( 0): dump_backtrace+0x0/0x258
01-01 08:00:53.397 I/ ( 0): show_stack+0x20/0x30
01-01 08:00:53.397 I/ ( 0): dump_stack+0xd8/0x12c
01-01 08:00:53.397 I/ ( 0): register_lock_class+0x4d0/0x5c8
01-01 08:00:53.397 I/ ( 0): __lock_acquire+0xbc/0x1e58
01-01 08:00:53.397 I/ ( 0): lock_acquire+0x1cc/0x218
01-01 08:00:53.397 I/ ( 0): _raw_spin_lock_irqsave+0x54/0x98
01-01 08:00:53.397 I/ ( 0): ion_system_secure_heap_prefetch_work+0x94/0x2c0
01-01 08:00:53.397 I/ ( 0): process_one_work+0x38c/0x660
01-01 08:00:53.397 I/ ( 0): worker_thread+0x268/0x4b8
01-01 08:00:53.397 I/ ( 0): kthread+0x140/0x150
01-01 08:00:53.397 I/ ( 0): ret_from_fork+0x10/0x1c
01-01 08:00:53.405 E/ ( 0): INFO: trying to register non-static key.
01-01 08:00:53.406 I/[kworke][0x3ce9b8be][23:59:19.893085] wlan( 0): [292:I:HIF] Initializing Runtime PM wakelock &vdev->vdev_set_key_runtime_wakelock
01-01 08:00:53.408 E/bt_ioctl( 0): unified Current SOC Version : 400a0200
01-01 08:00:53.410 E/ ( 0): the code is fine but needs lockdep annotation.
01-01 08:00:53.410 I/ ( 0): CPU: 7 PID: 338 Comm: kworker/u16:13 Tainted: G S W O 4.19.157+ #1
01-01 08:00:53.410 I/Hardware name( 0): Qualcomm Technologies, Inc. kona MTP-RmPM8150b. VX1(MCE) EVT1 (DT)
01-01 08:00:53.410 I/Workqueue( 0): events_unbound ion_system_secure_heap_prefetch_work
01-01 08:00:53.410 I/Call trace( 0):
01-01 08:00:53.410 I/ ( 0): dump_backtrace+0x0/0x258
01-01 08:00:53.410 I/ ( 0): show_stack+0x20/0x30
01-01 08:00:53.410 I/ ( 0): dump_stack+0xd8/0x12c
01-01 08:00:53.410 I/ ( 0): register_lock_class+0x4d0/0x5c8
01-01 08:00:53.410 I/ ( 0): __lock_acquire+0xbc/0x1e58
01-01 08:00:53.410 I/ ( 0): lock_acquire+0x1cc/0x218
01-01 08:00:53.410 I/ ( 0): _raw_spin_lock_irqsave+0x54/0x98
01-01 08:00:53.410 I/ ( 0): ion_system_secure_heap_prefetch_work+0x94/0x2c0
01-01 08:00:53.410 I/ ( 0): process_one_work+0x38c/0x660
01-01 08:00:53.410 I/ ( 0): worker_thread+0x268/0x4b8
01-01 08:00:53.410 I/ ( 0): kthread+0x140/0x150
01-01 08:00:53.410 I/ ( 0): ret_from_fork+0x10/0x1c
01-01 08:00:53.419 E/ ( 0): INFO: trying to register non-static key.
01-01 08:00:53.424 I/[kworke][0x3ceee785][23:59:19.910776] wlan( 0): [292:I:HIF] Initializing Runtime PM wakelock &vdev->vdev_set_key_runtime_wakelock
01-01 08:00:53.427 E/ ( 0): the code is fine but needs lockdep annotation.
01-01 08:00:53.427 I/ ( 0): CPU: 7 PID: 338 Comm: kworker/u16:13 Tainted: G S W O 4.19.157+ #1
01-01 08:00:53.427 I/Hardware name( 0): Qualcomm Technologies, Inc. kona MTP-RmPM8150b. VX1(MCE) EVT1 (DT)
01-01 08:00:53.427 I/Workqueue( 0): events_unbound ion_system_secure_heap_prefetch_work
01-01 08:00:53.427 I/Call trace( 0):
01-01 08:00:53.427 I/ ( 0): dump_backtrace+0x0/0x258
01-01 08:00:53.427 I/ ( 0): show_stack+0x20/0x30
01-01 08:00:53.427 I/ ( 0): dump_stack+0xd8/0x12c
01-01 08:00:53.427 I/ ( 0): register_lock_class+0x4d0/0x5c8
01-01 08:00:53.427 I/ ( 0): __lock_acquire+0xbc/0x1e58
01-01 08:00:53.427 I/ ( 0): lock_acquire+0x1cc/0x218
01-01 08:00:53.427 I/ ( 0): _raw_spin_lock_irqsave+0x54/0x98
01-01 08:00:53.427 I/ ( 0): ion_system_secure_heap_prefetch_work+0x94/0x2c0
01-01 08:00:53.427 I/ ( 0): process_one_work+0x38c/0x660
01-01 08:00:53.427 I/ ( 0): worker_thread+0x268/0x4b8
01-01 08:00:53.427 I/ ( 0): kthread+0x140/0x150
01-01 08:00:53.427 I/ ( 0): ret_from_fork+0x10/0x1c
01-01 08:00:53.435 E/ ( 0): INFO: trying to register non-static key.
01-01 08:00:53.435 I/[kworke][0x3cf21e0f][23:59:19.921743] wlan( 0): [292:I:HIF] Initializing Runtime PM wakelock &vdev->vdev_set_key_runtime_wakelock
01-01 08:00:53.436 I/msm_vidc( 0): high: 00000001: h265d: Closed video instance: fffffffb194d0000
01-01 08:00:53.440 E/ ( 0): the code is fine but needs lockdep annotation.
01-01 08:00:53.440 I/ ( 0): CPU: 7 PID: 338 Comm: kworker/u16:13 Tainted: G S W O 4.19.157+ #1
01-01 08:00:53.440 I/Hardware name( 0): Qualcomm Technologies, Inc. kona MTP-RmPM8150b. VX1(MCE) EVT1 (DT)
01-01 08:00:53.440 I/Workqueue( 0): events_unbound ion_system_secure_heap_prefetch_work
01-01 08:00:53.440 I/Call trace( 0):
01-01 08:00:53.440 I/ ( 0): dump_backtrace+0x0/0x258
01-01 08:00:53.440 I/ ( 0): show_stack+0x20/0x30
01-01 08:00:53.440 I/ ( 0): dump_stack+0xd8/0x12c
01-01 08:00:53.440 I/ ( 0): register_lock_class+0x4d0/0x5c8
01-01 08:00:53.440 I/ ( 0): __lock_acquire+0xbc/0x1e58
01-01 08:00:53.440 I/ ( 0): lock_acquire+0x1cc/0x218
01-01 08:00:53.440 I/ ( 0): _raw_spin_lock_irqsave+0x54/0x98
01-01 08:00:53.440 I/ ( 0): ion_system_secure_heap_prefetch_work+0x94/0x2c0
01-01 08:00:53.440 I/ ( 0): process_one_work+0x38c/0x660
01-01 08:00:53.440 I/ ( 0): worker_thread+0x268/0x4b8
01-01 08:00:53.440 I/ ( 0): kthread+0x140/0x150
01-01 08:00:53.440 I/ ( 0): ret_from_fork+0x10/0x1c
01-01 08:00:53.449 E/ ( 0): INFO: trying to register non-static key.
01-01 08:00:53.450 I/[kworke][0x3cf65d15][23:59:19.936237] wlan( 0): [292:I:HIF] Initializing Runtime PM wakelock &vdev->vdev_set_key_runtime_wakelock
01-01 08:00:53.454 E/ ( 0): the code is fine but needs lockdep annotation.
01-01 08:00:53.454 I/ ( 0): CPU: 7 PID: 338 Comm: kworker/u16:13 Tainted: G S W O 4.19.157+ #1
01-01 08:00:53.454 I/Hardware name( 0): Qualcomm Technologies, Inc. kona MTP-RmPM8150b. VX1(MCE) EVT1 (DT)
01-01 08:00:53.454 I/Workqueue( 0): events_unbound ion_system_secure_heap_prefetch_work
01-01 08:00:53.454 I/Call trace( 0):
01-01 08:00:53.454 I/ ( 0): dump_backtrace+0x0/0x258
01-01 08:00:53.454 I/ ( 0): show_stack+0x20/0x30
01-01 08:00:53.454 I/ ( 0): dump_stack+0xd8/0x12c
01-01 08:00:53.454 I/ ( 0): register_lock_class+0x4d0/0x5c8
01-01 08:00:53.454 I/ ( 0): __lock_acquire+0xbc/0x1e58
01-01 08:00:53.454 I/ ( 0): lock_acquire+0x1cc/0x218
01-01 08:00:53.454 I/ ( 0): _raw_spin_lock_irqsave+0x54/0x98
01-01 08:00:53.454 I/ ( 0): ion_system_secure_heap_prefetch_work+0x94/0x2c0
01-01 08:00:53.454 I/ ( 0): process_one_work+0x38c/0x660
01-01 08:00:53.454 I/ ( 0): worker_thread+0x268/0x4b8
01-01 08:00:53.454 I/ ( 0): kthread+0x140/0x150
01-01 08:00:53.454 I/ ( 0): ret_from_fork+0x10/0x1c
05-05 23:59:19.708 D/CompatibilityChangeReporter( 1169): Compat change id reported: 171306433; UID 1073; state: ENABLED
01-01 08:00:53.484 I/[kworke][0x3d0066ec][23:59:19.970501] wlan( 0): [292:I:HIF] Initializing Runtime PM wakelock &vdev->vdev_set_key_runtime_wakelock
05-05 23:59:19.738 W/ActivityManager( 1169): Slow operation: 1535ms so far, now at startProcess: returned from zygote!
05-05 23:59:19.738 W/ActivityManager( 1169): Slow operation: 1535ms so far, now at startProcess: done updating battery stats
05-05 23:59:19.738 W/ActivityManager( 1169): Slow operation: 1535ms so far, now at startProcess: building log message
05-05 23:59:19.738 I/ActivityManager( 1169): Start proc 2363:com.qti.qualcomm.mstatssystemservice/u0a92 for added application com.qti.qualcomm.mstatssystemservice
05-05 23:59:19.739 W/ActivityManager( 1169): Slow operation: 1535ms so far, now at startProcess: starting to update pids map
05-05 23:59:19.739 W/ActivityManager( 1169): Slow operation: 1536ms so far, now at startProcess: done updating pids map
05-05 23:59:19.739 W/ActivityManager( 1169): Slow operation: 1531ms so far, now at startProcess: asking zygote to start proc
05-05 23:59:19.778 W/ActivityManager( 1169): Slow operation: 1569ms so far, now at startProcess: returned from zygote!
05-05 23:59:19.778 W/ActivityManager( 1169): Slow operation: 1570ms so far, now at startProcess: done updating battery stats
05-05 23:59:19.778 W/ActivityManager( 1169): Slow operation: 1570ms so far, now at startProcess: building log message
05-05 23:59:19.778 I/ActivityManager( 1169): Start proc 2383:com.android.se/1068 for added application com.android.se
05-05 23:59:19.778 W/ActivityManager( 1169): Slow operation: 1570ms so far, now at startProcess: starting to update pids map
05-05 23:59:19.778 W/ActivityManager( 1169): Slow operation: 1570ms so far, now at startProcess: done updating pids map
05-05 23:59:19.779 W/ActivityManager( 1169): Slow operation: 1569ms so far, now at startProcess: asking zygote to start proc
05-05 23:59:19.783 D/CompatibilityChangeReporter( 1169): Compat change id reported: 168419799; UID 1000; state: DISABLED
05-05 23:59:19.798 I/StatusBarManagerService( 1169): registerStatusBar bar=com.android.internal.statusbar.IStatusBar$Stub$Proxy@8817c63
