11-11 16:08:44.004 D/RemoteControlService( 2422): handleMessage called
11-11 16:08:44.004 D/RemoteControlService( 2422): Client-192.168.4.4 handleHeartBeat:272
11-11 16:08:44.004 D/RemoteControlService( 2422): Is not connect command
11-11 16:08:44.004 D/RemoteControlService( 2422): haveControl ? clientcom.thundercomm.remotecontrolservice.RemoteControllerClient@9c510e2
11-11 16:08:44.004 D/RemoteControlService( 2422): Client have control
11-11 16:08:44.011 D/APM_AudioPolicyManager( 1028): setVolumeCurveIndex: wrong index 0 min=1 max=15
11-11 16:08:44.011 E/APM_AudioPolicyManager( 1028): setVolumeIndexForAttributes failed to set curve index for group 1 device 0x2
11-11 16:08:44.011 E/AudioSystem-JNI( 1169): Command failed for android_media_AudioSystem_setStreamVolumeIndex: -22
11-11 16:08:44.018 D/APM_AudioPolicyManager( 1028): setVolumeCurveIndex: wrong index 0 min=1 max=7
11-11 16:08:44.018 E/APM_AudioPolicyManager( 1028): setVolumeIndexForAttributes failed to set curve index for group 2 device 0x2
11-11 16:08:44.019 E/AudioSystem-JNI( 1169): Command failed for android_media_AudioSystem_setStreamVolumeIndex: -22
11-11 16:08:44.040 D/APM_AudioPolicyManager( 1028): setVolumeCurveIndex: wrong index 0 min=1 max=15
11-11 16:08:44.040 E/APM_AudioPolicyManager( 1028): setVolumeIndexForAttributes failed to set curve index for group 1 device 0x2
11-11 16:08:44.041 E/AudioSystem-JNI( 1169): Command failed for android_media_AudioSystem_setStreamVolumeIndex: -22
11-11 16:08:44.041 D/APM_AudioPolicyManager( 1028): setVolumeCurveIndex: wrong index 0 min=1 max=15
11-11 16:08:44.042 E/APM_AudioPolicyManager( 1028): setVolumeIndexForAttributes failed to set curve index for group 1 device 0x4
11-11 16:08:44.042 E/AudioSystem-JNI( 1169): Command failed for android_media_AudioSystem_setStreamVolumeIndex: -22
11-11 16:08:44.043 D/APM_AudioPolicyManager( 1028): setVolumeCurveIndex: wrong index 0 min=1 max=15
11-11 16:08:44.043 E/APM_AudioPolicyManager( 1028): setVolumeIndexForAttributes failed to set curve index for group 1 device 0x8
11-11 16:08:44.043 E/AudioSystem-JNI( 1169): Command failed for android_media_AudioSystem_setStreamVolumeIndex: -22
11-11 16:08:44.044 D/APM_AudioPolicyManager( 1028): setVolumeCurveIndex: wrong index 0 min=1 max=15
11-11 16:08:44.044 E/APM_AudioPolicyManager( 1028): setVolumeIndexForAttributes failed to set curve index for group 1 device 0x4000000
11-11 16:08:44.044 E/AudioSystem-JNI( 1169): Command failed for android_media_AudioSystem_setStreamVolumeIndex: -22
11-11 16:08:44.044 D/APM_AudioPolicyManager( 1028): setVolumeCurveIndex: wrong index 0 min=1 max=15
11-11 16:08:44.045 E/APM_AudioPolicyManager( 1028): setVolumeIndexForAttributes failed to set curve index for group 1 device 0x40000000
11-11 16:08:44.045 E/AudioSystem-JNI( 1169): Command failed for android_media_AudioSystem_setStreamVolumeIndex: -22
11-11 16:08:44.074 D/RemoteControlService( 2422): getEvent: clientSocket = Socket[address=/192.168.4.4,port=41829,localPort=12600]
11-11 16:08:44.075 D/RemoteControlService( 2422): run: called
11-11 16:08:44.075 D/RemoteControlService( 2422): getEvent: start waiting...
11-11 16:08:44.076 E/RemoteControlService( 2422): Enter ListenSocketRunnable
11-11 16:08:44.078 D/RemoteControlService( 2422): After desEncrypt json is [{"type":"music","source":0,"token":"BYdGz1fZZDdu2YZ","value":0}]
11-11 16:08:44.078 D/RemoteControlService( 2422): buildRemoteCommand:type=19
11-11 16:08:44.078 D/RemoteControlService( 2422): Request params: BaseRequestCommandBean{source=0, token='BYdGz1fZZDdu2YZ', type='music', value='0'}
11-11 16:08:44.091 D/APM_AudioPolicyManager( 1028): setVolumeCurveIndex: wrong index 0 min=1 max=7
11-11 16:08:44.091 E/APM_AudioPolicyManager( 1028): setVolumeIndexForAttributes failed to set curve index for group 2 device 0x2
11-11 16:08:44.092 E/AudioSystem-JNI( 1169): Command failed for android_media_AudioSystem_setStreamVolumeIndex: -22
11-11 16:08:44.092 D/APM_AudioPolicyManager( 1028): setVolumeCurveIndex: wrong index 0 min=1 max=7
11-11 16:08:44.093 E/APM_AudioPolicyManager( 1028): setVolumeIndexForAttributes failed to set curve index for group 2 device 0x4
11-11 16:08:44.093 E/AudioSystem-JNI( 1169): Command failed for android_media_AudioSystem_setStreamVolumeIndex: -22
11-11 16:08:44.093 D/APM_AudioPolicyManager( 1028): setVolumeCurveIndex: wrong index 0 min=1 max=7
11-11 16:08:44.094 E/APM_AudioPolicyManager( 1028): setVolumeIndexForAttributes failed to set curve index for group 2 device 0x8
11-11 16:08:44.094 E/AudioSystem-JNI( 1169): Command failed for android_media_AudioSystem_setStreamVolumeIndex: -22
11-11 16:08:44.094 D/APM_AudioPolicyManager( 1028): setVolumeCurveIndex: wrong index 0 min=1 max=7
11-11 16:08:44.094 E/APM_AudioPolicyManager( 1028): setVolumeIndexForAttributes failed to set curve index for group 2 device 0x4000000
11-11 16:08:44.095 E/AudioSystem-JNI( 1169): Command failed for android_media_AudioSystem_setStreamVolumeIndex: -22
11-11 16:08:44.095 D/APM_AudioPolicyManager( 1028): setVolumeCurveIndex: wrong index 0 min=1 max=7
11-11 16:08:44.095 E/APM_AudioPolicyManager( 1028): setVolumeIndexForAttributes failed to set curve index for group 2 device 0x40000000
11-11 16:08:44.096 E/AudioSystem-JNI( 1169): Command failed for android_media_AudioSystem_setStreamVolumeIndex: -22
11-11 16:08:44.113 W/Looper ( 1169): Slow dispatch took 105ms main h=android.app.ActivityThread$H c=android.app.LoadedApk$ReceiverDispatcher$Args$$ExternalSyntheticLambda0@e195849 m=0
11-11 16:08:44.113 D/AS.AudioService( 1169): idcm_volume:setIDCMicroVolume(stream=3, index=11, calling=com.thundercomm.remotecontrolservice)
11-11 16:08:44.113 D/AudioIDCMicroNegotiator( 1169): idcm_volume:setIDCMicroVolume
11-11 16:08:44.113 D/AudioIDCMicroNegotiator( 1169): idcm_common:requestResult method = setVolume parameters = {"functionInfo":{"IDCM_VolumeValue_Media":"11"}}
11-11 16:08:44.113 I/MicroServiceManager( 1169): requestResult(setVolume) parameters is{"functionInfo":{"IDCM_VolumeValue_Media":"11"}}.
11-11 16:08:44.116 I/vol.Events( 1933): writeEvent level_changed STREAM_MUSIC 0
11-11 16:08:44.119 I/vol.Events( 1933): writeEvent mute_changed STREAM_MUSIC true
11-11 16:08:44.127 D/MicroService( 2075): Send message to IDCM:SocketMessageBean{businessData='21930', srcService='FSEM_AudioService', destService='IDCM_CarAudioService', messageType='0', uuid='1668154124116012070', payloadData={"srcService":"FSEM_AudioService","dstService":"IDCM_CarAudioService","messageType":0,"uuid":1668154124116012070,"methodName":"setVolume","parameters":{"functionInfo":{"IDCM_VolumeValue_Media":"11"}}}}
11-11 16:08:44.135 W/swapper/2( 0): type=1400 audit(0.0:656): avc: denied { kill } for capability=5 scontext=u:r:kernel:s0 tcontext=u:r:kernel:s0 tclass=capability permissive=0
11-11 16:08:44.143 I/vol.Events( 1933): writeEvent show_dialog volume_changed keyguard=false
11-11 16:08:44.147 D/BluetoothDatabase( 1910): getBondedDevicesOrdered: Invalid address for device LocalStorage
11-11 16:08:44.160 I/MicroService( 2075): Receive message: SocketMessageBean{businessData='21930', srcService='IDCM_CarAudioService', destService='FSEM_AudioService', messageType='1', uuid='1668154124116012070', payloadData={"srcService":"IDCM_CarAudioService","dstService":"FSEM_AudioService","methodName":"setVolume","messageType":1,"uuid":1668154124116012070,"parameters":{"functionInfo":{"IDCM_VolumeValue_Media":"11"}}}}
11-11 16:08:44.160 I/MicroService( 2075): onResponse(setVolume): {"functionInfo":{"IDCM_VolumeValue_Media":"11"}}
11-11 16:08:44.161 D/AudioIDCMicroNegotiator( 1169): idcm_common:response from IDCM method = setVolume parameters = {"functionInfo":{"IDCM_VolumeValue_Media":"11"}}
11-11 16:08:44.161 D/AudioIDCMicroNegotiator( 1169): idcm_volume:onSetIDCMicroVolume mIsTimeout= false value = 11 isRequested=true
11-11 16:08:44.161 D/AudioIDCMicroNegotiator( 1169): idcm_volume:setIDCMicroVolume return 11
11-11 16:08:44.161 D/AS.AudioService( 1169): idcm_volume:setIDCMicroVolume: 11
11-11 16:08:44.162 D/MicroService( 2075): handleHeartBeat:471
11-11 16:08:44.184 I/vol.Events( 1933): writeEvent level_changed STREAM_ALARM 3
11-11 16:08:44.186 I/vol.Events( 1933): writeEvent level_changed STREAM_RING 2
11-11 16:08:44.188 I/vol.Events( 1933): writeEvent level_changed STREAM_SYSTEM 2
11-11 16:08:44.191 I/vol.Events( 1933): writeEvent level_changed STREAM_VOICE_CALL 2
11-11 16:08:44.192 I/vol.Events( 1933): writeEvent level_changed STREAM_MUSIC 11
11-11 16:08:44.192 I/vol.Events( 1933): writeEvent mute_changed STREAM_MUSIC false
11-11 16:08:44.192 D/APM_AudioPolicyManager( 1028): setVolumeCurveIndex: wrong index 0 min=1 max=15
11-11 16:08:44.192 E/APM_AudioPolicyManager( 1028): setVolumeIndexForAttributes failed to set curve index for group 1 device 0x2
11-11 16:08:44.192 E/AudioSystem-JNI( 1169): Command failed for android_media_AudioSystem_setStreamVolumeIndex: -22
11-11 16:08:44.207 D/APM_AudioPolicyManager( 1028): setVolumeCurveIndex: wrong index 0 min=1 max=7
11-11 16:08:44.207 E/APM_AudioPolicyManager( 1028): setVolumeIndexForAttributes failed to set curve index for group 2 device 0x2
11-11 16:08:44.207 E/AudioSystem-JNI( 1169): Command failed for android_media_AudioSystem_setStreamVolumeIndex: -22
11-11 16:08:44.234 D/APM_AudioPolicyManager( 1028): setVolumeCurveIndex: wrong index 0 min=1 max=15
11-11 16:08:44.234 E/APM_AudioPolicyManager( 1028): setVolumeIndexForAttributes failed to set curve index for group 1 device 0x2
11-11 16:08:44.235 E/AudioSystem-JNI( 1169): Command failed for android_media_AudioSystem_setStreamVolumeIndex: -22
11-11 16:08:44.236 D/APM_AudioPolicyManager( 1028): setVolumeCurveIndex: wrong index 0 min=1 max=15
11-11 16:08:44.236 E/APM_AudioPolicyManager( 1028): setVolumeIndexForAttributes failed to set curve index for group 1 device 0x4
11-11 16:08:44.236 E/AudioSystem-JNI( 1169): Command failed for android_media_AudioSystem_setStreamVolumeIndex: -22
11-11 16:08:44.237 D/APM_AudioPolicyManager( 1028): setVolumeCurveIndex: wrong index 0 min=1 max=15
11-11 16:08:44.237 E/APM_AudioPolicyManager( 1028): setVolumeIndexForAttributes failed to set curve index for group 1 device 0x8
11-11 16:08:44.238 E/AudioSystem-JNI( 1169): Command failed for android_media_AudioSystem_setStreamVolumeIndex: -22
11-11 16:08:44.238 D/APM_AudioPolicyManager( 1028): setVolumeCurveIndex: wrong index 0 min=1 max=15
11-11 16:08:44.238 E/APM_AudioPolicyManager( 1028): setVolumeIndexForAttributes failed to set curve index for group 1 device 0x4000000
11-11 16:08:44.238 E/AudioSystem-JNI( 1169): Command failed for android_media_AudioSystem_setStreamVolumeIndex: -22
11-11 16:08:44.239 D/APM_AudioPolicyManager( 1028): setVolumeCurveIndex: wrong index 0 min=1 max=15
11-11 16:08:44.239 E/APM_AudioPolicyManager( 1028): setVolumeIndexForAttributes failed to set curve index for group 1 device 0x40000000
11-11 16:08:44.241 E/AudioSystem-JNI( 1169): Command failed for android_media_AudioSystem_setStreamVolumeIndex: -22
11-11 16:08:44.253 D/RemoteControlService( 2422): getEvent: clientSocket = Socket[address=/192.168.4.4,port=57121,localPort=12600]
11-11 16:08:44.254 D/RemoteControlService( 2422): run: called
11-11 16:08:44.255 D/RemoteControlService( 2422): getEvent: start waiting...
11-11 16:08:44.255 E/RemoteControlService( 2422): Enter ListenSocketRunnable
11-11 16:08:44.256 D/RemoteControlService( 2422): After desEncrypt json is [{"type":"music","source":0,"token":"BYdGz1fZZDdu2YZ","value":11}]
11-11 16:08:44.257 D/RemoteControlService( 2422): buildRemoteCommand:type=19
11-11 16:08:44.257 D/RemoteControlService( 2422): Request params: BaseRequestCommandBean{source=0, token='BYdGz1fZZDdu2YZ', type='music', value='11'}
11-11 16:08:44.296 D/APM_AudioPolicyManager( 1028): setVolumeCurveIndex: wrong index 0 min=1 max=7
11-11 16:08:44.296 E/APM_AudioPolicyManager( 1028): setVolumeIndexForAttributes failed to set curve index for group 2 device 0x2
11-11 16:08:44.297 E/AudioSystem-JNI( 1169): Command failed for android_media_AudioSystem_setStreamVolumeIndex: -22
11-11 16:08:44.297 D/APM_AudioPolicyManager( 1028): setVolumeCurveIndex: wrong index 0 min=1 max=7
11-11 16:08:44.297 E/APM_AudioPolicyManager( 1028): setVolumeIndexForAttributes failed to set curve index for group 2 device 0x4
11-11 16:08:44.297 E/AudioSystem-JNI( 1169): Command failed for android_media_AudioSystem_setStreamVolumeIndex: -22
11-11 16:08:44.297 D/APM_AudioPolicyManager( 1028): setVolumeCurveIndex: wrong index 0 min=1 max=7
11-11 16:08:44.298 E/APM_AudioPolicyManager( 1028): setVolumeIndexForAttributes failed to set curve index for group 2 device 0x8
11-11 16:08:44.298 E/AudioSystem-JNI( 1169): Command failed for android_media_AudioSystem_setStreamVolumeIndex: -22
11-11 16:08:44.298 D/APM_AudioPolicyManager( 1028): setVolumeCurveIndex: wrong index 0 min=1 max=7
11-11 16:08:44.298 E/APM_AudioPolicyManager( 1028): setVolumeIndexForAttributes failed to set curve index for group 2 device 0x4000000
11-11 16:08:44.298 E/AudioSystem-JNI( 1169): Command failed for android_media_AudioSystem_setStreamVolumeIndex: -22
11-11 16:08:44.299 D/APM_AudioPolicyManager( 1028): setVolumeCurveIndex: wrong index 0 min=1 max=7
11-11 16:08:44.299 E/APM_AudioPolicyManager( 1028): setVolumeIndexForAttributes failed to set curve index for group 2 device 0x40000000
11-11 16:08:44.299 E/AudioSystem-JNI( 1169): Command failed for android_media_AudioSystem_setStreamVolumeIndex: -22
11-11 16:08:44.318 W/system_server( 1169): Long monitor contention with owner AudioService (1856) at void com.android.server.audio.AudioService$VolumeStreamState.applyAllVolumes()(AudioService.java:7198) waiters=1 in int com.android.server.audio.AudioService$VolumeStreamState.getIndex(int) for 129ms
11-11 16:08:44.318 W/Looper ( 1169): Slow dispatch took 128ms main h=android.app.ActivityThread$H c=android.app.LoadedApk$ReceiverDispatcher$Args$$ExternalSyntheticLambda0@372285a m=0
11-11 16:08:44.320 D/RemoteControlService( 2422): setVolume called, target type: music, target volume 11
11-11 16:08:44.321 W/system_server( 1169): Long monitor contention with owner AudioService (1856) at void com.android.server.audio.AudioService$VolumeStreamState.applyAllVolumes()(AudioService.java:7198) waiters=2 in int com.android.server.audio.AudioService.getStreamVolume(int) for 105ms
11-11 16:08:44.324 D/RemoteControlService( 2422): Digest: 8F74D1CCE5B6E32F3898A8C225BD56D6EE2042E58A0DE93A5F9D7758BADE10CB
11-11 16:08:44.325 D/RemoteControlService( 2422): Send data length: 133
11-11 16:08:44.326 D/RemoteControlService( 2422): Send message finished. direction: 16, messageType: 19, json: {"name":"music","source":0,"token":"BYdGz1fZZDdu2YZ","type":"volume_change","value":11}
11-11 16:08:44.328 D/RemoteControlService( 2422): RemoteVolumeCommand ResponseSpeedTest - use time: 2220
11-11 16:08:44.328 D/RemoteControlService( 2422): handleMessage called
11-11 16:08:44.328 D/RemoteControlService( 2422): Client-192.168.4.4 handleHeartBeat:273
11-11 16:08:44.328 D/RemoteControlService( 2422): Is not connect command
11-11 16:08:44.329 D/RemoteControlService( 2422): haveControl ? clientcom.thundercomm.remotecontrolservice.RemoteControllerClient@9c510e2
11-11 16:08:44.329 D/RemoteControlService( 2422): Client have control
11-11 16:08:44.331 D/AS.AudioService( 1169): idcm_volume:setIDCMicroVolume(stream=3, index=0, calling=com.thundercomm.remotecontrolservice)
11-11 16:08:44.331 D/AudioIDCMicroNegotiator( 1169): idcm_volume:setIDCMicroVolume
11-11 16:08:44.331 D/AudioIDCMicroNegotiator( 1169): idcm_common:requestResult method = setVolume parameters = {"functionInfo":{"IDCM_VolumeValue_Media":"0"}}
11-11 16:08:44.332 I/MicroServiceManager( 1169): requestResult(setVolume) parameters is{"functionInfo":{"IDCM_VolumeValue_Media":"0"}}.
11-11 16:08:44.340 D/MicroService( 2075): Send message to IDCM:SocketMessageBean{businessData='21930', srcService='FSEM_AudioService', destService='IDCM_CarAudioService', messageType='0', uuid='1668154124332889153', payloadData={"srcService":"FSEM_AudioService","dstService":"IDCM_CarAudioService","messageType":0,"uuid":1668154124332889153,"methodName":"setVolume","parameters":{"functionInfo":{"IDCM_VolumeValue_Media":"0"}}}}
11-11 16:08:44.354 I/vol.Events( 1933): writeEvent show_dialog volume_changed keyguard=false
11-11 16:08:44.359 D/BluetoothDatabase( 1910): getBondedDevicesOrdered: Invalid address for device LocalStorage
11-11 16:08:44.362 I/OpenGLRenderer( 1933): Davey! duration=9223371686405ms; Flags=0, FrameTimelineVsyncId=3678, IntendedVsync=350447605172, Vsync=350597605166, InputEventId=0, HandleInputStart=350603656705, AnimationStart=350603659986, PerformTraversalsStart=350603803111, DrawStart=350605235038, FrameDeadline=350464271838, FrameInterval=350603637955, FrameStartTime=16666666, SyncQueued=350605454466, SyncStart=350607551393, IssueDrawCommandsStart=350607885507, SwapBuffers=350610241341, FrameCompleted=9223372036854775807, DequeueBufferDuration=307709, QueueBufferDuration=2290833, GpuCompleted=9223372036854775807, SwapBuffersCompleted=350613740768, DisplayPresentTime=0,
11-11 16:08:44.385 I/MicroService( 2075): Receive message: SocketMessageBean{businessData='21930', srcService='IDCM_CarAudioService', destService='FSEM_AudioService', messageType='1', uuid='1668154124332889153', payloadData={"srcService":"IDCM_CarAudioService","dstService":"FSEM_AudioService","methodName":"setVolume","messageType":1,"uuid":1668154124332889153,"parameters":{"functionInfo":{"IDCM_VolumeValue_Media":"0"}}}}
11-11 16:08:44.385 I/MicroService( 2075): onResponse(setVolume): {"functionInfo":{"IDCM_VolumeValue_Media":"0"}}
11-11 16:08:44.386 D/AudioIDCMicroNegotiator( 1169): idcm_common:response from IDCM method = setVolume parameters = {"functionInfo":{"IDCM_VolumeValue_Media":"0"}}
11-11 16:08:44.386 D/AudioIDCMicroNegotiator( 1169): idcm_volume:onSetIDCMicroVolume mIsTimeout= false value = 0 isRequested=true
11-11 16:08:44.386 D/AudioIDCMicroNegotiator( 1169): idcm_volume:setIDCMicroVolume return 0
11-11 16:08:44.386 D/AS.AudioService( 1169): idcm_volume:setIDCMicroVolume: 0
11-11 16:08:44.392 D/MicroService( 2075): handleHeartBeat:472
11-11 16:08:44.412 D/AudioAnalytics( 1271): gc(1700, 2000): log size:1700 item map size:82, item map items:1700
11-11 16:08:44.415 I/vol.Events( 1933): writeEvent level_changed STREAM_ALARM 1
11-11 16:08:44.417 I/vol.Events( 1933): writeEvent level_changed STREAM_RING 0
11-11 16:08:44.417 I/vol.Events( 1933): writeEvent level_changed STREAM_SYSTEM 0
11-11 16:08:44.420 I/vol.Events( 1933): writeEvent level_changed STREAM_VOICE_CALL 1
11-11 16:08:44.422 I/vol.Events( 1933): writeEvent level_changed STREAM_MUSIC 0
11-11 16:08:44.424 I/vol.Events( 1933): writeEvent mute_changed STREAM_MUSIC true
11-11 16:08:44.429 D/APM_AudioPolicyManager( 1028): setVolumeCurveIndex: wrong index 0 min=1 max=15
11-11 16:08:44.429 E/APM_AudioPolicyManager( 1028): setVolumeIndexForAttributes failed to set curve index for group 1 device 0x2
11-11 16:08:44.433 D/RemoteControlService( 2422): getEvent: clientSocket = Socket[address=/192.168.4.4,port=42843,localPort=12600]
11-11 16:08:44.434 D/RemoteControlService( 2422): run: called
11-11 16:08:44.434 D/RemoteControlService( 2422): getEvent: start waiting...
11-11 16:08:44.435 E/AudioSystem-JNI( 1169): Command failed for android_media_AudioSystem_setStreamVolumeIndex: -22
11-11 16:08:44.435 E/RemoteControlService( 2422): Enter ListenSocketRunnable
11-11 16:08:44.436 D/RemoteControlService( 2422): After desEncrypt json is [{"type":"music","source":0,"token":"BYdGz1fZZDdu2YZ","value":0}]
11-11 16:08:44.436 D/RemoteControlService( 2422): buildRemoteCommand:type=19
11-11 16:08:44.437 D/RemoteControlService( 2422): Request params: BaseRequestCommandBean{source=0, token='BYdGz1fZZDdu2YZ', type='music', value='0'}
11-11 16:08:44.441 D/APM_AudioPolicyManager( 1028): setVolumeCurveIndex: wrong index 0 min=1 max=7
11-11 16:08:44.441 E/APM_AudioPolicyManager( 1028): setVolumeIndexForAttributes failed to set curve index for group 2 device 0x2
11-11 16:08:44.441 E/AudioSystem-JNI( 1169): Command failed for android_media_AudioSystem_setStreamVolumeIndex: -22
11-11 16:08:44.447 D/RemoteControlService( 2422): setVolume called, target type: music, target volume 0
11-11 16:08:44.468 D/APM_AudioPolicyManager( 1028): setVolumeCurveIndex: wrong index 0 min=1 max=15
11-11 16:08:44.468 E/APM_AudioPolicyManager( 1028): setVolumeIndexForAttributes failed to set curve index for group 1 device 0x2
11-11 16:08:44.468 E/AudioSystem-JNI( 1169): Command failed for android_media_AudioSystem_setStreamVolumeIndex: -22
11-11 16:08:44.469 D/APM_AudioPolicyManager( 1028): setVolumeCurveIndex: wrong index 0 min=1 max=15
11-11 16:08:44.469 E/APM_AudioPolicyManager( 1028): setVolumeIndexForAttributes failed to set curve index for group 1 device 0x4
11-11 16:08:44.470 E/AudioSystem-JNI( 1169): Command failed for android_media_AudioSystem_setStreamVolumeIndex: -22
11-11 16:08:44.470 D/APM_AudioPolicyManager( 1028): setVolumeCurveIndex: wrong index 0 min=1 max=15
11-11 16:08:44.470 E/APM_AudioPolicyManager( 1028): setVolumeIndexForAttributes failed to set curve index for group 1 device 0x8
11-11 16:08:44.471 E/AudioSystem-JNI( 1169): Command failed for android_media_AudioSystem_setStreamVolumeIndex: -22
11-11 16:08:44.471 D/APM_AudioPolicyManager( 1028): setVolumeCurveIndex: wrong index 0 min=1 max=15
11-11 16:08:44.471 E/APM_AudioPolicyManager( 1028): setVolumeIndexForAttributes failed to set curve index for group 1 device 0x4000000
11-11 16:08:44.472 E/AudioSystem-JNI( 1169): Command failed for android_media_AudioSystem_setStreamVolumeIndex: -22
11-11 16:08:44.473 D/APM_AudioPolicyManager( 1028): setVolumeCurveIndex: wrong index 0 min=1 max=15
11-11 16:08:44.473 E/APM_AudioPolicyManager( 1028): setVolumeIndexForAttributes failed to set curve index for group 1 device 0x40000000
11-11 16:08:44.473 E/AudioSystem-JNI( 1169): Command failed for android_media_AudioSystem_setStreamVolumeIndex: -22
11-11 16:08:44.511 D/APM_AudioPolicyManager( 1028): setVolumeCurveIndex: wrong index 0 min=1 max=7
11-11 16:08:44.511 E/APM_AudioPolicyManager( 1028): setVolumeIndexForAttributes failed to set curve index for group 2 device 0x2
11-11 16:08:44.511 E/AudioSystem-JNI( 1169): Command failed for android_media_AudioSystem_setStreamVolumeIndex: -22
11-11 16:08:44.512 D/APM_AudioPolicyManager( 1028): setVolumeCurveIndex: wrong index 0 min=1 max=7
11-11 16:08:44.512 E/APM_AudioPolicyManager( 1028): setVolumeIndexForAttributes failed to set curve index for group 2 device 0x4
11-11 16:08:44.513 E/AudioSystem-JNI( 1169): Command failed for android_media_AudioSystem_setStreamVolumeIndex: -22
11-11 16:08:44.513 D/APM_AudioPolicyManager( 1028): setVolumeCurveIndex: wrong index 0 min=1 max=7
11-11 16:08:44.513 E/APM_AudioPolicyManager( 1028): setVolumeIndexForAttributes failed to set curve index for group 2 device 0x8
11-11 16:08:44.513 I/mpu_uart( 664): [MSG-P:RECV]:No message received in 1000 ms
11-11 16:08:44.514 E/AudioSystem-JNI( 1169): Command failed for android_media_AudioSystem_setStreamVolumeIndex: -22
11-11 16:08:44.514 D/APM_AudioPolicyManager( 1028): setVolumeCurveIndex: wrong index 0 min=1 max=7
11-11 16:08:44.514 E/APM_AudioPolicyManager( 1028): setVolumeIndexForAttributes failed to set curve index for group 2 device 0x4000000
11-11 16:08:44.515 E/AudioSystem-JNI( 1169): Command failed for android_media_AudioSystem_setStreamVolumeIndex: -22
11-11 16:08:44.515 D/APM_AudioPolicyManager( 1028): setVolumeCurveIndex: wrong index 0 min=1 max=7
11-11 16:08:44.515 E/APM_AudioPolicyManager( 1028): setVolumeIndexForAttributes failed to set curve index for group 2 device 0x40000000
11-11 16:08:44.516 E/AudioSystem-JNI( 1169): Command failed for android_media_AudioSystem_setStreamVolumeIndex: -22
11-11 16:08:44.553 D/RemoteControlService( 2422): Digest: 78C7BDB871E5C00BE407B8A303DC0FDC27ACE492FF4E11CDCD115AAB1792FC4B
11-11 16:08:44.553 D/RemoteControlService( 2422): Send data length: 133
11-11 16:08:44.554 D/RemoteControlService( 2422): Send message finished. direction: 16, messageType: 19, json: {"name":"music","source":0,"token":"BYdGz1fZZDdu2YZ","type":"volume_change","value":0}
11-11 16:08:44.558 D/RemoteControlService( 2422): RemoteVolumeCommand ResponseSpeedTest - use time: 2270
11-11 16:08:44.558 D/RemoteControlService( 2422): handleMessage called
11-11 16:08:44.558 D/RemoteControlService( 2422): Client-192.168.4.4 handleHeartBeat:274
11-11 16:08:44.558 D/RemoteControlService( 2422): Is not connect command
11-11 16:08:44.558 D/RemoteControlService( 2422): haveControl ? clientcom.thundercomm.remotecontrolservice.RemoteControllerClient@9c510e2
11-11 16:08:44.558 D/RemoteControlService( 2422): Client have control
11-11 16:08:44.560 D/AS.AudioService( 1169): idcm_volume:setIDCMicroVolume(stream=3, index=11, calling=com.thundercomm.remotecontrolservice)
11-11 16:08:44.560 D/AudioIDCMicroNegotiator( 1169): idcm_volume:setIDCMicroVolume
11-11 16:08:44.560 D/AudioIDCMicroNegotiator( 1169): idcm_common:requestResult method = setVolume parameters = {"functionInfo":{"IDCM_VolumeValue_Media":"11"}}
11-11 16:08:44.560 I/MicroServiceManager( 1169): requestResult(setVolume) parameters is{"functionInfo":{"IDCM_VolumeValue_Media":"11"}}.
11-11 16:08:44.575 D/MicroService( 2075): Send message to IDCM:SocketMessageBean{businessData='21930', srcService='FSEM_AudioService', destService='IDCM_CarAudioService', messageType='0', uuid='1668154124561477122', payloadData={"srcService":"FSEM_AudioService","dstService":"IDCM_CarAudioService","messageType":0,"uuid":1668154124561477122,"methodName":"setVolume","parameters":{"functionInfo":{"IDCM_VolumeValue_Media":"11"}}}}
11-11 16:08:44.585 I/vol.Events( 1933): writeEvent show_dialog volume_changed keyguard=false
11-11 16:08:44.592 D/BluetoothDatabase( 1910): getBondedDevicesOrdered: Invalid address for device LocalStorage
11-11 16:08:44.601 D/RemoteControlService( 2422): getEvent: clientSocket = Socket[address=/192.168.4.4,port=40741,localPort=12600]
11-11 16:08:44.603 D/RemoteControlService( 2422): run: called
11-11 16:08:44.603 D/RemoteControlService( 2422): getEvent: start waiting...
11-11 16:08:44.604 E/RemoteControlService( 2422): Enter ListenSocketRunnable
11-11 16:08:44.606 D/RemoteControlService( 2422): After desEncrypt json is [{"type":"music","source":0,"token":"BYdGz1fZZDdu2YZ","value":11}]
11-11 16:08:44.606 D/RemoteControlService( 2422): buildRemoteCommand:type=19
11-11 16:08:44.606 D/RemoteControlService( 2422): Request params: BaseRequestCommandBean{source=0, token='BYdGz1fZZDdu2YZ', type='music', value='11'}
11-11 16:08:44.607 I/MicroService( 2075): Receive message: SocketMessageBean{businessData='21930', srcService='IDCM_CarAudioService', destService='FSEM_AudioService', messageType='1', uuid='1668154124561477122', payloadData={"srcService":"IDCM_CarAudioService","dstService":"FSEM_AudioService","methodName":"setVolume","messageType":1,"uuid":1668154124561477122,"parameters":{"functionInfo":{"IDCM_VolumeValue_Media":"11"}}}}
11-11 16:08:44.607 I/MicroService( 2075): onResponse(setVolume): {"functionInfo":{"IDCM_VolumeValue_Media":"11"}}
11-11 16:08:44.608 D/AudioIDCMicroNegotiator( 1169): idcm_common:response from IDCM method = setVolume parameters = {"functionInfo":{"IDCM_VolumeValue_Media":"11"}}
11-11 16:08:44.608 D/AudioIDCMicroNegotiator( 1169): idcm_volume:onSetIDCMicroVolume mIsTimeout= false value = 11 isRequested=true
11-11 16:08:44.608 D/AudioIDCMicroNegotiator( 1169): idcm_volume:setIDCMicroVolume return 11
11-11 16:08:44.608 D/AS.AudioService( 1169): idcm_volume:setIDCMicroVolume: 11
11-11 16:08:44.609 D/MicroService( 2075): handleHeartBeat:473
11-11 16:08:44.633 I/vol.Events( 1933): writeEvent level_changed STREAM_ALARM 3
11-11 16:08:44.634 I/vol.Events( 1933): writeEvent level_changed STREAM_RING 2
11-11 16:08:44.636 I/vol.Events( 1933): writeEvent level_changed STREAM_SYSTEM 2
11-11 16:08:44.636 I/vol.Events( 1933): writeEvent level_changed STREAM_VOICE_CALL 2
11-11 16:08:44.648 I/vol.Events( 1933): writeEvent level_changed STREAM_MUSIC 11
11-11 16:08:44.649 D/APM_AudioPolicyManager( 1028): setVolumeCurveIndex: wrong index 0 min=1 max=15
11-11 16:08:44.649 E/APM_AudioPolicyManager( 1028): setVolumeIndexForAttributes failed to set curve index for group 1 device 0x2
11-11 16:08:44.649 I/vol.Events( 1933): writeEvent mute_changed STREAM_MUSIC false
11-11 16:08:44.649 E/AudioSystem-JNI( 1169): Command failed for android_media_AudioSystem_setStreamVolumeIndex: -22
11-11 16:08:44.654 D/APM_AudioPolicyManager( 1028): setVolumeCurveIndex: wrong index 0 min=1 max=7
11-11 16:08:44.654 E/APM_AudioPolicyManager( 1028): setVolumeIndexForAttributes failed to set curve index for group 2 device 0x2
11-11 16:08:44.654 E/AudioSystem-JNI( 1169): Command failed for android_media_AudioSystem_setStreamVolumeIndex: -22
11-11 16:08:44.687 D/APM_AudioPolicyManager( 1028): setVolumeCurveIndex: wrong index 0 min=1 max=15
11-11 16:08:44.687 E/APM_AudioPolicyManager( 1028): setVolumeIndexForAttributes failed to set curve index for group 1 device 0x2
11-11 16:08:44.688 E/AudioSystem-JNI( 1169): Command failed for android_media_AudioSystem_setStreamVolumeIndex: -22
11-11 16:08:44.688 D/APM_AudioPolicyManager( 1028): setVolumeCurveIndex: wrong index 0 min=1 max=15
11-11 16:08:44.688 E/APM_AudioPolicyManager( 1028): setVolumeIndexForAttributes failed to set curve index for group 1 device 0x4
11-11 16:08:44.689 E/AudioSystem-JNI( 1169): Command failed for android_media_AudioSystem_setStreamVolumeIndex: -22
11-11 16:08:44.689 D/APM_AudioPolicyManager( 1028): setVolumeCurveIndex: wrong index 0 min=1 max=15
11-11 16:08:44.689 E/APM_AudioPolicyManager( 1028): setVolumeIndexForAttributes failed to set curve index for group 1 device 0x8
11-11 16:08:44.690 E/AudioSystem-JNI( 1169): Command failed for android_media_AudioSystem_setStreamVolumeIndex: -22
11-11 16:08:44.691 D/APM_AudioPolicyManager( 1028): setVolumeCurveIndex: wrong index 0 min=1 max=15
11-11 16:08:44.691 E/APM_AudioPolicyManager( 1028): setVolumeIndexForAttributes failed to set curve index for group 1 device 0x4000000
11-11 16:08:44.692 E/AudioSystem-JNI( 1169): Command failed for android_media_AudioSystem_setStreamVolumeIndex: -22
11-11 16:08:44.692 D/APM_AudioPolicyManager( 1028): setVolumeCurveIndex: wrong index 0 min=1 max=15
11-11 16:08:44.692 E/APM_AudioPolicyManager( 1028): setVolumeIndexForAttributes failed to set curve index for group 1 device 0x40000000
11-11 16:08:44.692 E/AudioSystem-JNI( 1169): Command failed for android_media_AudioSystem_setStreamVolumeIndex: -22
11-11 16:08:44.731 D/APM_AudioPolicyManager( 1028): setVolumeCurveIndex: wrong index 0 min=1 max=7
11-11 16:08:44.731 E/APM_AudioPolicyManager( 1028): setVolumeIndexForAttributes failed to set curve index for group 2 device 0x2
11-11 16:08:44.731 E/AudioSystem-JNI( 1169): Command failed for android_media_AudioSystem_setStreamVolumeIndex: -22
11-11 16:08:44.732 D/APM_AudioPolicyManager( 1028): setVolumeCurveIndex: wrong index 0 min=1 max=7
11-11 16:08:44.732 E/APM_AudioPolicyManager( 1028): setVolumeIndexForAttributes failed to set curve index for group 2 device 0x4
11-11 16:08:44.732 E/AudioSystem-JNI( 1169): Command failed for android_media_AudioSystem_setStreamVolumeIndex: -22
11-11 16:08:44.732 D/APM_AudioPolicyManager( 1028): setVolumeCurveIndex: wrong index 0 min=1 max=7
11-11 16:08:44.732 E/APM_AudioPolicyManager( 1028): setVolumeIndexForAttributes failed to set curve index for group 2 device 0x8
11-11 16:08:44.732 E/AudioSystem-JNI( 1169): Command failed for android_media_AudioSystem_setStreamVolumeIndex: -22
11-11 16:08:44.732 D/APM_AudioPolicyManager( 1028): setVolumeCurveIndex: wrong index 0 min=1 max=7
11-11 16:08:44.732 E/APM_AudioPolicyManager( 1028): setVolumeIndexForAttributes failed to set curve index for group 2 device 0x4000000
11-11 16:08:44.733 E/AudioSystem-JNI( 1169): Command failed for android_media_AudioSystem_setStreamVolumeIndex: -22
11-11 16:08:44.733 D/APM_AudioPolicyManager( 1028): setVolumeCurveIndex: wrong index 0 min=1 max=7
11-11 16:08:44.733 E/APM_AudioPolicyManager( 1028): setVolumeIndexForAttributes failed to set curve index for group 2 device 0x40000000
11-11 16:08:44.733 E/AudioSystem-JNI( 1169): Command failed for android_media_AudioSystem_setStreamVolumeIndex: -22
11-11 16:08:44.757 W/system_server( 1169): Long monitor contention with owner AudioService (1856) at int com.android.server.audio.AudioService$VolumeStreamState.getIndex(int)(AudioService.java:7285) waiters=1 in int com.android.server.audio.AudioService.getDevicesForStreamInt(int) for 113ms
11-11 16:08:44.759 W/Looper ( 1169): Slow dispatch took 116ms main h=android.app.ActivityThread$H c=android.app.LoadedApk$ReceiverDispatcher$Args$$ExternalSyntheticLambda0@336f214 m=0
11-11 16:08:44.761 D/RemoteControlService( 2422): setVolume called, target type: music, target volume 11
11-11 16:08:44.763 D/RemoteControlService( 2422): Digest: 8F74D1CCE5B6E32F3898A8C225BD56D6EE2042E58A0DE93A5F9D7758BADE10CB
11-11 16:08:44.763 D/RemoteControlService( 2422): Send data length: 133
11-11 16:08:44.764 D/RemoteControlService( 2422): Send message finished. direction: 16, messageType: 19, json: {"name":"music","source":0,"token":"BYdGz1fZZDdu2YZ","type":"volume_change","value":11}
11-11 16:08:44.767 D/RemoteControlService( 2422): RemoteVolumeCommand ResponseSpeedTest - use time: 2301
11-11 16:08:44.767 D/RemoteControlService( 2422): handleMessage called
11-11 16:08:44.767 D/RemoteControlService( 2422): Client-192.168.4.4 handleHeartBeat:275
11-11 16:08:44.767 D/RemoteControlService( 2422): Is not connect command
11-11 16:08:44.767 D/RemoteControlService( 2422): haveControl ? clientcom.thundercomm.remotecontrolservice.RemoteControllerClient@9c510e2
11-11 16:08:44.767 D/RemoteControlService( 2422): Client have control
11-11 16:08:44.769 D/AS.AudioService( 1169): idcm_volume:setIDCMicroVolume(stream=3, index=0, calling=com.thundercomm.remotecontrolservice)
11-11 16:08:44.769 D/AudioIDCMicroNegotiator( 1169): idcm_volume:setIDCMicroVolume
11-11 16:08:44.769 D/AudioIDCMicroNegotiator( 1169): idcm_common:requestResult method = setVolume parameters = {"functionInfo":{"IDCM_VolumeValue_Media":"0"}}
11-11 16:08:44.770 I/MicroServiceManager( 1169): requestResult(setVolume) parameters is{"functionInfo":{"IDCM_VolumeValue_Media":"0"}}.
11-11 16:08:44.784 D/MicroService( 2075): Send message to IDCM:SocketMessageBean{businessData='21930', srcService='FSEM_AudioService', destService='IDCM_CarAudioService', messageType='0', uuid='1668154124770025611', payloadData={"srcService":"FSEM_AudioService","dstService":"IDCM_CarAudioService","messageType":0,"uuid":1668154124770025611,"methodName":"setVolume","parameters":{"functionInfo":{"IDCM_VolumeValue_Media":"0"}}}}
11-11 16:08:44.792 I/vol.Events( 1933): writeEvent show_dialog volume_changed keyguard=false
11-11 16:08:44.796 D/RemoteControlService( 2422): getEvent: clientSocket = Socket[address=/192.168.4.4,port=57783,localPort=12600]
11-11 16:08:44.797 D/BluetoothDatabase( 1910): getBondedDevicesOrdered: Invalid address for device LocalStorage
11-11 16:08:44.797 D/RemoteControlService( 2422): run: called
11-11 16:08:44.797 D/RemoteControlService( 2422): getEvent: start waiting...
11-11 16:08:44.798 E/RemoteControlService( 2422): Enter ListenSocketRunnable
11-11 16:08:44.804 D/RemoteControlService( 2422): After desEncrypt json is [{"type":"music","source":0,"token":"BYdGz1fZZDdu2YZ","value":0}]
11-11 16:08:44.804 D/RemoteControlService( 2422): buildRemoteCommand:type=19
11-11 16:08:44.804 D/RemoteControlService( 2422): Request params: BaseRequestCommandBean{source=0, token='BYdGz1fZZDdu2YZ', type='music', value='0'}
11-11 16:08:44.814 I/MicroService( 2075): Receive message: SocketMessageBean{businessData='21930', srcService='IDCM_CarAudioService', destService='FSEM_AudioService', messageType='1', uuid='1668154124770025611', payloadData={"srcService":"IDCM_CarAudioService","dstService":"FSEM_AudioService","methodName":"setVolume","messageType":1,"uuid":1668154124770025611,"parameters":{"functionInfo":{"IDCM_VolumeValue_Media":"0"}}}}
11-11 16:08:44.814 I/MicroService( 2075): onResponse(setVolume): {"functionInfo":{"IDCM_VolumeValue_Media":"0"}}
11-11 16:08:44.815 D/AudioIDCMicroNegotiator( 1169): idcm_common:response from IDCM method = setVolume parameters = {"functionInfo":{"IDCM_VolumeValue_Media":"0"}}
11-11 16:08:44.815 D/AudioIDCMicroNegotiator( 1169): idcm_volume:onSetIDCMicroVolume mIsTimeout= false value = 0 isRequested=true
11-11 16:08:44.815 D/AudioIDCMicroNegotiator( 1169): idcm_volume:setIDCMicroVolume return 0
11-11 16:08:44.815 D/AS.AudioService( 1169): idcm_volume:setIDCMicroVolume: 0
11-11 16:08:44.817 D/MicroService( 2075): handleHeartBeat:474
11-11 16:08:44.842 I/vol.Events( 1933): writeEvent level_changed STREAM_ALARM 1
11-11 16:08:44.845 I/vol.Events( 1933): writeEvent level_changed STREAM_RING 0
11-11 16:08:44.848 I/vol.Events( 1933): writeEvent level_changed STREAM_SYSTEM 0
11-11 16:08:44.851 I/vol.Events( 1933): writeEvent level_changed STREAM_VOICE_CALL 1
11-11 16:08:44.855 I/vol.Events( 1933): writeEvent level_changed STREAM_MUSIC 0
11-11 16:08:44.855 I/vol.Events( 1933): writeEvent mute_changed STREAM_MUSIC true
11-11 16:08:44.855 D/APM_AudioPolicyManager( 1028): setVolumeCurveIndex: wrong index 0 min=1 max=15
11-11 16:08:44.856 E/APM_AudioPolicyManager( 1028): setVolumeIndexForAttributes failed to set curve index for group 1 device 0x2
11-11 16:08:44.856 E/AudioSystem-JNI( 1169): Command failed for android_media_AudioSystem_setStreamVolumeIndex: -22
11-11 16:08:44.859 D/APM_AudioPolicyManager( 1028): setVolumeCurveIndex: wrong index 0 min=1 max=7
11-11 16:08:44.860 E/APM_AudioPolicyManager( 1028): setVolumeIndexForAttributes failed to set curve index for group 2 device 0x2
11-11 16:08:44.860 E/AudioSystem-JNI( 1169): Command failed for android_media_AudioSystem_setStreamVolumeIndex: -22
11-11 16:08:44.873 D/APM_AudioPolicyManager( 1028): setVolumeCurveIndex: wrong index 0 min=1 max=15
11-11 16:08:44.873 E/APM_AudioPolicyManager( 1028): setVolumeIndexForAttributes failed to set curve index for group 1 device 0x2
11-11 16:08:44.873 E/AudioSystem-JNI( 1169): Command failed for android_media_AudioSystem_setStreamVolumeIndex: -22
11-11 16:08:44.873 D/APM_AudioPolicyManager( 1028): setVolumeCurveIndex: wrong index 0 min=1 max=15
11-11 16:08:44.873 E/APM_AudioPolicyManager( 1028): setVolumeIndexForAttributes failed to set curve index for group 1 device 0x4
11-11 16:08:44.874 E/AudioSystem-JNI( 1169): Command failed for android_media_AudioSystem_setStreamVolumeIndex: -22
11-11 16:08:44.874 D/APM_AudioPolicyManager( 1028): setVolumeCurveIndex: wrong index 0 min=1 max=15
11-11 16:08:44.874 E/APM_AudioPolicyManager( 1028): setVolumeIndexForAttributes failed to set curve index for group 1 device 0x8
11-11 16:08:44.874 E/AudioSystem-JNI( 1169): Command failed for android_media_AudioSystem_setStreamVolumeIndex: -22
11-11 16:08:44.874 D/APM_AudioPolicyManager( 1028): setVolumeCurveIndex: wrong index 0 min=1 max=15
11-11 16:08:44.874 E/APM_AudioPolicyManager( 1028): setVolumeIndexForAttributes failed to set curve index for group 1 device 0x4000000
11-11 16:08:44.874 E/AudioSystem-JNI( 1169): Command failed for android_media_AudioSystem_setStreamVolumeIndex: -22
11-11 16:08:44.875 D/APM_AudioPolicyManager( 1028): setVolumeCurveIndex: wrong index 0 min=1 max=15
11-11 16:08:44.875 E/APM_AudioPolicyManager( 1028): setVolumeIndexForAttributes failed to set curve index for group 1 device 0x40000000
11-11 16:08:44.875 E/AudioSystem-JNI( 1169): Command failed for android_media_AudioSystem_setStreamVolumeIndex: -22
11-11 16:08:44.886 D/RemoteControlService( 2422): setVolume called, target type: music, target volume 0
11-11 16:08:44.890 D/APM_AudioPolicyManager( 1028): setVolumeCurveIndex: wrong index 0 min=1 max=7
11-11 16:08:44.890 E/APM_AudioPolicyManager( 1028): setVolumeIndexForAttributes failed to set curve index for group 2 device 0x2
11-11 16:08:44.890 E/AudioSystem-JNI( 1169): Command failed for android_media_AudioSystem_setStreamVolumeIndex: -22
11-11 16:08:44.890 D/APM_AudioPolicyManager( 1028): setVolumeCurveIndex: wrong index 0 min=1 max=7
11-11 16:08:44.890 E/APM_AudioPolicyManager( 1028): setVolumeIndexForAttributes failed to set curve index for group 2 device 0x4
11-11 16:08:44.890 E/AudioSystem-JNI( 1169): Command failed for android_media_AudioSystem_setStreamVolumeIndex: -22
11-11 16:08:44.890 D/APM_AudioPolicyManager( 1028): setVolumeCurveIndex: wrong index 0 min=1 max=7
11-11 16:08:44.890 E/APM_AudioPolicyManager( 1028): setVolumeIndexForAttributes failed to set curve index for group 2 device 0x8
11-11 16:08:44.891 E/AudioSystem-JNI( 1169): Command failed for android_media_AudioSystem_setStreamVolumeIndex: -22
11-11 16:08:44.891 D/APM_AudioPolicyManager( 1028): setVolumeCurveIndex: wrong index 0 min=1 max=7
11-11 16:08:44.891 E/APM_AudioPolicyManager( 1028): setVolumeIndexForAttributes failed to set curve index for group 2 device 0x4000000
11-11 16:08:44.891 E/AudioSystem-JNI( 1169): Command failed for android_media_AudioSystem_setStreamVolumeIndex: -22
11-11 16:08:44.891 D/APM_AudioPolicyManager( 1028): setVolumeCurveIndex: wrong index 0 min=1 max=7
11-11 16:08:44.891 E/APM_AudioPolicyManager( 1028): setVolumeIndexForAttributes failed to set curve index for group 2 device 0x40000000
11-11 16:08:44.891 E/AudioSystem-JNI( 1169): Command failed for android_media_AudioSystem_setStreamVolumeIndex: -22
11-11 16:08:44.907 D/RemoteControlService( 2422): Digest: 78C7BDB871E5C00BE407B8A303DC0FDC27ACE492FF4E11CDCD115AAB1792FC4B
11-11 16:08:44.907 D/RemoteControlService( 2422): Send data length: 133
11-11 16:08:44.909 D/RemoteControlService( 2422): Send message finished. direction: 16, messageType: 19, json: {"name":"music","source":0,"token":"BYdGz1fZZDdu2YZ","type":"volume_change","value":0}
11-11 16:08:44.914 D/RemoteControlService( 2422): RemoteVolumeCommand ResponseSpeedTest - use time: 2260
11-11 16:08:44.914 D/RemoteControlService( 2422): handleMessage called
11-11 16:08:44.914 D/RemoteControlService( 2422): Client-192.168.4.4 handleHeartBeat:276
11-11 16:08:44.914 D/RemoteControlService( 2422): Is not connect command
11-11 16:08:44.914 D/RemoteControlService( 2422): haveControl ? clientcom.thundercomm.remotecontrolservice.RemoteControllerClient@9c510e2
11-11 16:08:44.914 D/RemoteControlService( 2422): Client have control
11-11 16:08:44.918 D/AS.AudioService( 1169): idcm_volume:setIDCMicroVolume(stream=3, index=11, calling=com.thundercomm.remotecontrolservice)
11-11 16:08:44.918 D/AudioIDCMicroNegotiator( 1169): idcm_volume:setIDCMicroVolume
11-11 16:08:44.918 D/AudioIDCMicroNegotiator( 1169): idcm_common:requestResult method = setVolume parameters = {"functionInfo":{"IDCM_VolumeValue_Media":"11"}}
11-11 16:08:44.918 I/MicroServiceManager( 1169): requestResult(setVolume) parameters is{"functionInfo":{"IDCM_VolumeValue_Media":"11"}}.
11-11 16:08:44.928 D/MicroService( 2075): Send message to IDCM:SocketMessageBean{businessData='21930', srcService='FSEM_AudioService', destService='IDCM_CarAudioService', messageType='0', uuid='1668154124919073684', payloadData={"srcService":"FSEM_AudioService","dstService":"IDCM_CarAudioService","messageType":0,"uuid":1668154124919073684,"methodName":"setVolume","parameters":{"functionInfo":{"IDCM_VolumeValue_Media":"11"}}}}
11-11 16:08:44.934 I/vol.Events( 1933): writeEvent show_dialog volume_changed keyguard=false
11-11 16:08:44.939 D/BluetoothDatabase( 1910): getBondedDevicesOrdered: Invalid address for device LocalStorage
11-11 16:08:44.966 I/MicroService( 2075): Receive message: null.
11-11 16:08:44.979 I/MicroService( 2075): Receive message: null.
11-11 16:08:44.989 I/MicroService( 2075): Receive message: SocketMessageBean{businessData='21930', srcService='IDCM_COM', destService='FSEM_COM', messageType='2', uuid='0', payloadData={
11-11 16:08:44.989 I/MicroService( 2075): "dstService" : "FSEM_COM",
11-11 16:08:44.989 I/MicroService( 2075): "messageType" : 2,
11-11 16:08:44.989 I/MicroService( 2075): "methodName" : "startup",
11-11 16:08:44.989 I/MicroService( 2075): "parameters" : {
11-11 16:08:44.989 I/MicroService( 2075): "crash" : "true"
11-11 16:08:44.989 I/MicroService( 2075): },
11-11 16:08:44.989 I/MicroService( 2075): "srcService" : "IDCM_COM",
11-11 16:08:44.989 I/MicroService( 2075): "uuid" : 0
11-11 16:08:44.989 I/MicroService( 2075): }
11-11 16:08:44.989 I/MicroService( 2075): }
11-11 16:08:44.999 D/MicroService( 2075): Send message to IDCM:SocketMessageBean{businessData='21930', srcService='FSEM_COM', destService='IDCM_COM', messageType='2', uuid='1668154124989782278', payloadData={"srcService":"FSEM_COM","dstService":"IDCM_COM","messageType":2,"uuid":1668154124989782278,"methodName":"handShake","parameters":{"clientName":"FSEM_COM","clientVersion":"01.10"}}}
11-11 16:08:45.024 I/MicroService( 2075): Receive message: SocketMessageBean{businessData='21930', srcService='IDCM_COM', destService='FSEM_COM', messageType='2', uuid='1668154124989782278', payloadData={
11-11 16:08:45.024 I/MicroService( 2075): "srcService":"IDCM_COM",
11-11 16:08:45.024 I/MicroService( 2075): "dstService":"FSEM_COM",
11-11 16:08:45.024 I/MicroService( 2075): "messageType":2,
11-11 16:08:45.024 I/MicroService( 2075): "uuid":1668154124989782278,
11-11 16:08:45.024 I/MicroService( 2075): "methodName":"handShake",
11-11 16:08:45.024 I/MicroService( 2075): "parameters":{"result":"true","serverName":"IDCM_COM","serverVersion":"01.01"}
11-11 16:08:45.024 I/MicroService( 2075): }}
11-11 16:08:45.024 I/MicroService( 2075): Client connect status changed. Status: 1
11-11 16:08:45.025 D/MicroService( 2075): startHeartBeat Timer
11-11 16:08:45.025 D/MicroService( 2075): is started
11-11 16:08:45.025 I/MicroService( 2075): onConnectStateChanged: 1
11-11 16:08:45.025 I/MicroService( 2075): onConnectStateChanged count = 2
11-11 16:08:45.026 D/MicroSettings: SettingMicroservices( 2108): onNettyConnectState: 1mLastNettyState: 1
11-11 16:08:45.027 D/AudioIDCMicroNegotiator( 1169): idcm_common:onConnectStateChange: 1
11-11 16:08:45.037 I/MicroService( 2075): Receive message: SocketMessageBean{businessData='21930', srcService='IDCM_HHServer', destService='FSEM_SettingService', messageType='0', uuid='1668154125215207000', payloadData={
11-11 16:08:45.037 I/MicroService( 2075): "dstService" : "FSEM_SettingService",
11-11 16:08:45.037 I/MicroService( 2075): "messageType" : 0,
11-11 16:08:45.037 I/MicroService( 2075): "methodName" : "sendBrightness",
11-11 16:08:45.037 I/MicroService( 2075): "parameters" : {
11-11 16:08:45.037 I/MicroService( 2075): "IDCM_BrightValue" : 20
11-11 16:08:45.037 I/MicroService( 2075): },
11-11 16:08:45.037 I/MicroService( 2075): "srcService" : "IDCM_HHServer",
11-11 16:08:45.037 I/MicroService( 2075): "uuid" : 1668154125215207000
11-11 16:08:45.037 I/MicroService( 2075): }
11-11 16:08:45.037 I/MicroService( 2075): }
11-11 16:08:45.037 I/MicroService( 2075): onRequest(sendBrightness): {"IDCM_BrightValue":20}
11-11 16:08:45.039 D/MicroSettings: ITCMicroCommonCallback( 2108): get request method = sendBrightness parameters = {"IDCM_BrightValue":20}
11-11 16:08:45.042 D/MicroService( 2075): handleHeartBeat:475
11-11 16:08:45.052 I/MicroService( 2075): Receive message: SocketMessageBean{businessData='21930', srcService='IDCM_HHServer', destService='FSEM_SettingService', messageType='0', uuid='1668154125222546000', payloadData={
11-11 16:08:45.052 I/MicroService( 2075): "dstService" : "FSEM_SettingService",
11-11 16:08:45.052 I/MicroService( 2075): "messageType" : 0,
11-11 16:08:45.052 I/MicroService( 2075): "methodName" : "syncTime",
11-11 16:08:45.052 I/MicroService( 2075): "parameters" : {
11-11 16:08:45.052 I/MicroService( 2075): "IDCM_Time_12_24" : "24",
11-11 16:08:45.052 I/MicroService( 2075): "IDCM_Timestamp" : 1668154125000,
11-11 16:08:45.052 I/MicroService( 2075): "IDCM_Timezone" : "Asia/Shanghai"
11-11 16:08:45.052 I/MicroService( 2075): },
11-11 16:08:45.052 I/MicroService( 2075): "srcService" : "IDCM_HHServer",
11-11 16:08:45.052 I/MicroService( 2075): "uuid" : 1668154125222546000
11-11 16:08:45.052 I/MicroService( 2075): }
11-11 16:08:45.052 I/MicroService( 2075): }
11-11 16:08:45.053 I/MicroService( 2075): onRequest(syncTime): {"IDCM_Time_12_24":"24","IDCM_Timestamp":1668154125000,"IDCM_Timezone":"Asia\/Shanghai"}
11-11 16:08:45.055 D/MicroSettings: ITCMicroCommonCallback( 2108): get request method = syncTime parameters = {"IDCM_Time_12_24":"24","IDCM_Timestamp":1668154125000,"IDCM_Timezone":"Asia\/Shanghai"}
11-11 16:08:45.055 D/MicroSettings: SetTimeAction( 2108): current timestamp: 1668154125055
11-11 16:08:45.055 D/MicroSettings: SetTimeAction( 2108): setTime: 1668154125000
11-11 16:08:45.056 D/AlarmManagerService( 1169): Setting time of day to sec=1668154125
11-11 16:08:45.001 W/AlarmManagerService( 1169): Unable to set rtc to 1668154125: Permission denied
11-11 16:08:45.008 I/MicroService( 2075): Receive message: SocketMessageBean{businessData='21930', srcService='IDCM_MultiScreenService', destService='FSEM_SettingService', messageType='0', uuid='2319439539374', payloadData={"srcService":"IDCM_MultiScreenService","dstService":"FSEM_SettingService","messageType":0,"uuid":2319439539374,"methodName":"getScreenDisplay","parameters":{"ScreenDisplay":0}}}
11-11 16:08:45.009 I/MicroService( 2075): onRequest(getScreenDisplay): {"ScreenDisplay":0}
11-11 16:08:45.020 I/MicroService( 2075): Receive message: SocketMessageBean{businessData='21930', srcService='IDCM_IVIInfoService', destService='FSEM_SettingService', messageType='0', uuid='2319439981353', payloadData={"srcService":"IDCM_IVIInfoService","dstService":"FSEM_SettingService","messageType":0,"uuid":2319439981353,"methodName":"WifiInfo","parameters":{"status":1,"level":3}}}
11-11 16:08:45.021 I/MicroService( 2075): onRequest(WifiInfo): {"status":1,"level":3}
