11-11 16:03:42.672 I/SystemServerTimingAsync( 1169): ssm.onUnlockedUser-0_com.android.server.lights.LightsService
11-11 16:03:42.672 D/SystemServerTimingAsync( 1169): ssm.onUnlockedUser-0_com.android.server.lights.LightsService took to complete: 0ms
11-11 16:03:42.672 I/SystemServerTimingAsync( 1169): ssm.onUnlockedUser-0_com.android.server.display.DisplayManagerService
11-11 16:03:42.673 D/SystemServerTimingAsync( 1169): ssm.onUnlockedUser-0_com.android.server.display.DisplayManagerService took to complete: 0ms
11-11 16:03:42.673 I/SystemServerTimingAsync( 1169): ssm.onUnlockedUser-0_com.android.server.pm.verify.domain.DomainVerificationService
11-11 16:03:42.673 D/SystemServerTimingAsync( 1169): ssm.onUnlockedUser-0_com.android.server.pm.verify.domain.DomainVerificationService took to complete: 0ms
11-11 16:03:42.673 I/SystemServerTimingAsync( 1169): ssm.onUnlockedUser-0_com.android.server.pm.PackageInstallerService$Lifecycle
11-11 16:03:42.673 D/SystemServerTimingAsync( 1169): ssm.onUnlockedUser-0_com.android.server.pm.PackageInstallerService$Lifecycle took to complete: 0ms
11-11 16:03:42.673 I/SystemServerTimingAsync( 1169): ssm.onUnlockedUser-0_com.android.server.pm.UserManagerService$LifeCycle
11-11 16:03:42.687 D/SystemServerTimingAsync( 1169): ssm.onUnlockedUser-0_com.android.server.pm.UserManagerService$LifeCycle took to complete: 0ms
11-11 16:03:42.687 I/SystemServerTimingAsync( 1169): ssm.onUnlockedUser-0_com.android.server.om.OverlayManagerService
11-11 16:03:42.687 D/SystemServerTimingAsync( 1169): ssm.onUnlockedUser-0_com.android.server.om.OverlayManagerService took to complete: 0ms
11-11 16:03:42.687 I/SystemServerTimingAsync( 1169): ssm.onUnlockedUser-0_com.android.server.SensorPrivacyService
11-11 16:03:42.687 D/SystemServerTimingAsync( 1169): ssm.onUnlockedUser-0_com.android.server.SensorPrivacyService took to complete: 0ms
11-11 16:03:42.687 I/SystemServerTimingAsync( 1169): ssm.onUnlockedUser-0_com.android.server.thunderperf.ThunderBoostPerfService
11-11 16:03:42.687 D/SystemServerTimingAsync( 1169): ssm.onUnlockedUser-0_com.android.server.thunderperf.ThunderBoostPerfService took to complete: 0ms
11-11 16:03:42.687 I/SystemServerTimingAsync( 1169): ssm.onUnlockedUser-0_com.android.server.sensors.SensorService
11-11 16:03:42.687 D/SystemServerTimingAsync( 1169): ssm.onUnlockedUser-0_com.android.server.sensors.SensorService took to complete: 0ms
11-11 16:03:42.687 I/SystemServerTimingAsync( 1169): ssm.onUnlockedUser-0_com.android.server.SystemConfigService
11-11 16:03:42.687 D/SystemServerTimingAsync( 1169): ssm.onUnlockedUser-0_com.android.server.SystemConfigService took to complete: 0ms
11-11 16:03:42.687 I/SystemServerTimingAsync( 1169): ssm.onUnlockedUser-0_com.android.server.BatteryService
11-11 16:03:42.687 D/SystemServerTimingAsync( 1169): ssm.onUnlockedUser-0_com.android.server.BatteryService took to complete: 0ms
11-11 16:03:42.687 I/SystemServerTimingAsync( 1169): ssm.onUnlockedUser-0_com.android.server.usage.UsageStatsService
11-11 16:03:42.687 D/SystemServerTimingAsync( 1169): ssm.onUnlockedUser-0_com.android.server.usage.UsageStatsService took to complete: 0ms
11-11 16:03:42.688 I/SystemServerTimingAsync( 1169): ssm.onUnlockedUser-0_com.android.server.webkit.WebViewUpdateService
11-11 16:03:42.688 D/SystemServerTimingAsync( 1169): ssm.onUnlockedUser-0_com.android.server.webkit.WebViewUpdateService took to complete: 0ms
11-11 16:03:42.688 I/SystemServerTimingAsync( 1169): ssm.onUnlockedUser-0_com.android.server.CachedDeviceStateService
11-11 16:03:42.688 D/SystemServerTimingAsync( 1169): ssm.onUnlockedUser-0_com.android.server.CachedDeviceStateService took to complete: 0ms
11-11 16:03:42.688 I/SystemServerTimingAsync( 1169): ssm.onUnlockedUser-0_com.android.server.BinderCallsStatsService$LifeCycle
11-11 16:03:42.688 D/SystemServerTimingAsync( 1169): ssm.onUnlockedUser-0_com.android.server.BinderCallsStatsService$LifeCycle took to complete: 0ms
11-11 16:03:42.688 I/SystemServerTimingAsync( 1169): ssm.onUnlockedUser-0_com.android.server.LooperStatsService$Lifecycle
11-11 16:03:42.688 D/SystemServerTimingAsync( 1169): ssm.onUnlockedUser-0_com.android.server.LooperStatsService$Lifecycle took to complete: 0ms
11-11 16:03:42.688 I/SystemServerTimingAsync( 1169): ssm.onUnlockedUser-0_com.android.server.rollback.RollbackManagerService
11-11 16:03:42.688 D/SystemServerTimingAsync( 1169): ssm.onUnlockedUser-0_com.android.server.rollback.RollbackManagerService took to complete: 0ms
11-11 16:03:42.688 I/SystemServerTimingAsync( 1169): ssm.onUnlockedUser-0_com.android.server.os.NativeTombstoneManagerService
11-11 16:03:42.688 D/SystemServerTimingAsync( 1169): ssm.onUnlockedUser-0_com.android.server.os.NativeTombstoneManagerService took to complete: 0ms
11-11 16:03:42.688 I/SystemServerTimingAsync( 1169): ssm.onUnlockedUser-0_com.android.server.os.BugreportManagerService
11-11 16:03:42.688 D/SystemServerTimingAsync( 1169): ssm.onUnlockedUser-0_com.android.server.os.BugreportManagerService took to complete: 0ms
11-11 16:03:42.688 I/SystemServerTimingAsync( 1169): ssm.onUnlockedUser-0_com.android.server.gpu.GpuService
11-11 16:03:42.688 D/SystemServerTimingAsync( 1169): ssm.onUnlockedUser-0_com.android.server.gpu.GpuService took to complete: 0ms
11-11 16:03:42.688 I/SystemServerTimingAsync( 1169): ssm.onUnlockedUser-0_com.android.server.security.KeyChainSystemService
11-11 16:03:42.688 D/SystemServerTimingAsync( 1169): ssm.onUnlockedUser-0_com.android.server.security.KeyChainSystemService took to complete: 0ms
11-11 16:03:42.688 I/SystemServerTimingAsync( 1169): ssm.onUnlockedUser-0_com.android.server.telecom.TelecomLoaderService
11-11 16:03:42.688 D/SystemServerTimingAsync( 1169): ssm.onUnlockedUser-0_com.android.server.telecom.TelecomLoaderService took to complete: 0ms
11-11 16:03:42.688 I/SystemServerTimingAsync( 1169): ssm.onUnlockedUser-0_com.android.server.accounts.AccountManagerService$Lifecycle
11-11 16:03:42.688 D/SystemServerTimingAsync( 1169): ssm.onUnlockedUser-0_com.android.server.accounts.AccountManagerService$Lifecycle took to complete: 0ms
11-11 16:03:42.688 I/SystemServerTimingAsync( 1169): ssm.onUnlockedUser-0_com.android.server.content.ContentService$Lifecycle
11-11 16:03:42.688 D/SystemServerTimingAsync( 1169): ssm.onUnlockedUser-0_com.android.server.content.ContentService$Lifecycle took to complete: 0ms
11-11 16:03:42.689 I/SystemServerTimingAsync( 1169): ssm.onUnlockedUser-0_com.android.server.DropBoxManagerService
11-11 16:03:42.689 D/SystemServerTimingAsync( 1169): ssm.onUnlockedUser-0_com.android.server.DropBoxManagerService took to complete: 0ms
11-11 16:03:42.689 I/SystemServerTimingAsync( 1169): ssm.onUnlockedUser-0_com.android.role.RoleService
11-11 16:03:42.689 D/SystemServerTimingAsync( 1169): ssm.onUnlockedUser-0_com.android.role.RoleService took to complete: 0ms
11-11 16:03:42.689 I/SystemServerTimingAsync( 1169): ssm.onUnlockedUser-0_com.android.server.vibrator.VibratorManagerService$Lifecycle
11-11 16:03:42.689 D/SystemServerTimingAsync( 1169): ssm.onUnlockedUser-0_com.android.server.vibrator.VibratorManagerService$Lifecycle took to complete: 0ms
11-11 16:03:42.689 I/SystemServerTimingAsync( 1169): ssm.onUnlockedUser-0_com.android.server.alarm.AlarmManagerService
11-11 16:03:42.689 D/SystemServerTimingAsync( 1169): ssm.onUnlockedUser-0_com.android.server.alarm.AlarmManagerService took to complete: 0ms
11-11 16:03:42.689 I/SystemServerTimingAsync( 1169): ssm.onUnlockedUser-0_com.android.server.devicestate.DeviceStateManagerService
11-11 16:03:42.689 D/SystemServerTimingAsync( 1169): ssm.onUnlockedUser-0_com.android.server.devicestate.DeviceStateManagerService took to complete: 0ms
11-11 16:03:42.689 I/SystemServerTimingAsync( 1169): ssm.onUnlockedUser-0_com.android.server.camera.CameraServiceProxy
11-11 16:03:42.689 D/SystemServerTimingAsync( 1169): ssm.onUnlockedUser-0_com.android.server.camera.CameraServiceProxy took to complete: 0ms
11-11 16:03:42.689 I/SystemServerTimingAsync( 1169): ssm.onUnlockedUser-0_com.android.server.BluetoothService
11-11 16:03:42.689 D/SystemServerTimingAsync( 1169): ssm.onUnlockedUser-0_com.android.server.BluetoothService took to complete: 0ms
11-11 16:03:42.689 I/SystemServerTimingAsync( 1169): ssm.onUnlockedUser-0_com.android.server.connectivity.IpConnectivityMetrics
11-11 16:03:42.689 D/SystemServerTimingAsync( 1169): ssm.onUnlockedUser-0_com.android.server.connectivity.IpConnectivityMetrics took to complete: 0ms
11-11 16:03:42.689 I/SystemServerTimingAsync( 1169): ssm.onUnlockedUser-0_com.android.server.net.watchlist.NetworkWatchlistService$Lifecycle
11-11 16:03:42.689 D/SystemServerTimingAsync( 1169): ssm.onUnlockedUser-0_com.android.server.net.watchlist.NetworkWatchlistService$Lifecycle took to complete: 0ms
11-11 16:03:42.689 I/SystemServerTimingAsync( 1169): ssm.onUnlockedUser-0_com.android.server.PinnerService
11-11 16:03:42.689 D/SystemServerTimingAsync( 1169): ssm.onUnlockedUser-0_com.android.server.PinnerService took to complete: 0ms
11-11 16:03:42.689 I/SystemServerTimingAsync( 1169): ssm.onUnlockedUser-0_com.google.android.startop.iorap.IorapForwardingService
11-11 16:03:42.689 D/SystemServerTimingAsync( 1169): ssm.onUnlockedUser-0_com.google.android.startop.iorap.IorapForwardingService took to complete: 0ms
11-11 16:03:42.689 I/SystemServerTimingAsync( 1169): ssm.onUnlockedUser-0_com.android.server.ActivityTriggerService
11-11 16:03:42.689 D/SystemServerTimingAsync( 1169): ssm.onUnlockedUser-0_com.android.server.ActivityTriggerService took to complete: 0ms
11-11 16:03:42.690 I/SystemServerTimingAsync( 1169): ssm.onUnlockedUser-0_com.android.server.integrity.AppIntegrityManagerService
11-11 16:03:42.690 D/SystemServerTimingAsync( 1169): ssm.onUnlockedUser-0_com.android.server.integrity.AppIntegrityManagerService took to complete: 0ms
11-11 16:03:42.690 I/SystemServerTimingAsync( 1169): ssm.onUnlockedUser-0_com.android.server.inputmethod.InputMethodManagerService$Lifecycle
11-11 16:03:42.690 D/SystemServerTimingAsync( 1169): ssm.onUnlockedUser-0_com.android.server.inputmethod.InputMethodManagerService$Lifecycle took to complete: 0ms
11-11 16:03:42.690 I/SystemServerTimingAsync( 1169): ssm.onUnlockedUser-0_com.android.server.accessibility.AccessibilityManagerService$Lifecycle
11-11 16:03:42.690 D/SystemServerTimingAsync( 1169): ssm.onUnlockedUser-0_com.android.server.accessibility.AccessibilityManagerService$Lifecycle took to complete: 0ms
11-11 16:03:42.690 I/SystemServerTimingAsync( 1169): ssm.onUnlockedUser-0_com.android.server.StorageManagerService$Lifecycle
11-11 16:03:42.690 D/SystemServerTimingAsync( 1169): ssm.onUnlockedUser-0_com.android.server.StorageManagerService$Lifecycle took to complete: 0ms
11-11 16:03:42.690 I/SystemServerTimingAsync( 1169): ssm.onUnlockedUser-0_com.android.server.usage.StorageStatsService$Lifecycle
11-11 16:03:42.690 D/SystemServerTimingAsync( 1169): ssm.onUnlockedUser-0_com.android.server.usage.StorageStatsService$Lifecycle took to complete: 0ms
11-11 16:03:42.690 I/SystemServerTimingAsync( 1169): ssm.onUnlockedUser-0_com.android.server.UiModeManagerService
11-11 16:03:42.690 D/SystemServerTimingAsync( 1169): ssm.onUnlockedUser-0_com.android.server.UiModeManagerService took to complete: 0ms
11-11 16:03:42.690 I/SystemServerTimingAsync( 1169): ssm.onUnlockedUser-0_com.android.server.locksettings.LockSettingsService$Lifecycle
11-11 16:03:42.690 D/SystemServerTimingAsync( 1169): ssm.onUnlockedUser-0_com.android.server.locksettings.LockSettingsService$Lifecycle took to complete: 0ms
11-11 16:03:42.690 I/SystemServerTimingAsync( 1169): ssm.onUnlockedUser-0_com.android.server.PersistentDataBlockService
11-11 16:03:42.690 D/SystemServerTimingAsync( 1169): ssm.onUnlockedUser-0_com.android.server.PersistentDataBlockService took to complete: 0ms
11-11 16:03:42.690 I/SystemServerTimingAsync( 1169): ssm.onUnlockedUser-0_com.android.server.testharness.TestHarnessModeService
11-11 16:03:42.690 D/SystemServerTimingAsync( 1169): ssm.onUnlockedUser-0_com.android.server.testharness.TestHarnessModeService took to complete: 0ms
11-11 16:03:42.690 I/SystemServerTimingAsync( 1169): ssm.onUnlockedUser-0_com.android.server.oemlock.OemLockService
11-11 16:03:42.690 D/SystemServerTimingAsync( 1169): ssm.onUnlockedUser-0_com.android.server.oemlock.OemLockService took to complete: 0ms
11-11 16:03:42.690 I/SystemServerTimingAsync( 1169): ssm.onUnlockedUser-0_com.android.server.DeviceIdleController
11-11 16:03:42.690 D/SystemServerTimingAsync( 1169): ssm.onUnlockedUser-0_com.android.server.DeviceIdleController took to complete: 0ms
11-11 16:03:42.691 I/SystemServerTimingAsync( 1169): ssm.onUnlockedUser-0_com.android.server.devicepolicy.DevicePolicyManagerService$Lifecycle
11-11 16:03:42.691 D/SystemServerTimingAsync( 1169): ssm.onUnlockedUser-0_com.android.server.devicepolicy.DevicePolicyManagerService$Lifecycle took to complete: 0ms
11-11 16:03:42.691 I/SystemServerTimingAsync( 1169): ssm.onUnlockedUser-0_com.android.server.texttospeech.TextToSpeechManagerService
11-11 16:03:42.691 D/SystemServerTimingAsync( 1169): ssm.onUnlockedUser-0_com.android.server.texttospeech.TextToSpeechManagerService took to complete: 0ms
11-11 16:03:42.691 I/SystemServerTimingAsync( 1169): ssm.onUnlockedUser-0_com.android.server.speech.SpeechRecognitionManagerService
11-11 16:03:42.691 D/SystemServerTimingAsync( 1169): ssm.onUnlockedUser-0_com.android.server.speech.SpeechRecognitionManagerService took to complete: 0ms
11-11 16:03:42.691 I/SystemServerTimingAsync( 1169): ssm.onUnlockedUser-0_com.android.server.searchui.SearchUiManagerService
11-11 16:03:42.691 D/SystemServerTimingAsync( 1169): ssm.onUnlockedUser-0_com.android.server.searchui.SearchUiManagerService took to complete: 0ms
11-11 16:03:42.691 I/SystemServerTimingAsync( 1169): ssm.onUnlockedUser-0_com.android.server.smartspace.SmartspaceManagerService
11-11 16:03:42.691 D/SystemServerTimingAsync( 1169): ssm.onUnlockedUser-0_com.android.server.smartspace.SmartspaceManagerService took to complete: 0ms
11-11 16:03:42.691 I/SystemServerTimingAsync( 1169): ssm.onUnlockedUser-0_com.android.server.graphics.fonts.FontManagerService$Lifecycle
11-11 16:03:42.691 D/SystemServerTimingAsync( 1169): ssm.onUnlockedUser-0_com.android.server.graphics.fonts.FontManagerService$Lifecycle took to complete: 0ms
11-11 16:03:42.691 I/SystemServerTimingAsync( 1169): ssm.onUnlockedUser-0_com.android.server.textservices.TextServicesManagerService$Lifecycle
11-11 16:03:42.691 D/SystemServerTimingAsync( 1169): ssm.onUnlockedUser-0_com.android.server.textservices.TextServicesManagerService$Lifecycle took to complete: 0ms
11-11 16:03:42.691 I/SystemServerTimingAsync( 1169): ssm.onUnlockedUser-0_com.android.server.textclassifier.TextClassificationManagerService$Lifecycle
11-11 16:03:42.691 D/SystemServerTimingAsync( 1169): ssm.onUnlockedUser-0_com.android.server.textclassifier.TextClassificationManagerService$Lifecycle took to complete: 0ms
11-11 16:03:42.691 I/SystemServerTimingAsync( 1169): ssm.onUnlockedUser-0_com.android.server.NetworkScoreService$Lifecycle
11-11 16:03:42.692 D/SystemServerTimingAsync( 1169): ssm.onUnlockedUser-0_com.android.server.NetworkScoreService$Lifecycle took to complete: 0ms
11-11 16:03:42.692 I/SystemServerTimingAsync( 1169): ssm.onUnlockedUser-0_com.android.server.wifi.WifiService
11-11 16:03:42.692 D/SystemServerTimingAsync( 1169): ssm.onUnlockedUser-0_com.android.server.wifi.WifiService took to complete: 0ms
11-11 16:03:42.692 I/SystemServerTimingAsync( 1169): ssm.onUnlockedUser-0_com.android.server.wifi.scanner.WifiScanningService
11-11 16:03:42.692 D/SystemServerTimingAsync( 1169): ssm.onUnlockedUser-0_com.android.server.wifi.scanner.WifiScanningService took to complete: 0ms
11-11 16:03:42.692 I/SystemServerTimingAsync( 1169): ssm.onUnlockedUser-0_com.android.server.wifi.rtt.RttService
11-11 16:03:42.692 D/SystemServerTimingAsync( 1169): ssm.onUnlockedUser-0_com.android.server.wifi.rtt.RttService took to complete: 0ms
11-11 16:03:42.692 I/SystemServerTimingAsync( 1169): ssm.onUnlockedUser-0_com.android.server.wifi.aware.WifiAwareService
11-11 16:03:42.692 D/SystemServerTimingAsync( 1169): ssm.onUnlockedUser-0_com.android.server.wifi.aware.WifiAwareService took to complete: 0ms
11-11 16:03:42.692 I/SystemServerTimingAsync( 1169): ssm.onUnlockedUser-0_com.android.server.wifi.p2p.WifiP2pService
11-11 16:03:42.692 D/SystemServerTimingAsync( 1169): ssm.onUnlockedUser-0_com.android.server.wifi.p2p.WifiP2pService took to complete: 0ms
11-11 16:03:42.692 I/SystemServerTimingAsync( 1169): ssm.onUnlockedUser-0_com.android.server.ethernet.EthernetService
11-11 16:03:42.692 D/SystemServerTimingAsync( 1169): ssm.onUnlockedUser-0_com.android.server.ethernet.EthernetService took to complete: 0ms
11-11 16:03:42.692 I/SystemServerTimingAsync( 1169): ssm.onUnlockedUser-0_com.android.server.ConnectivityServiceInitializer
11-11 16:03:42.692 D/SystemServerTimingAsync( 1169): ssm.onUnlockedUser-0_com.android.server.ConnectivityServiceInitializer took to complete: 0ms
11-11 16:03:42.692 I/SystemServerTimingAsync( 1169): ssm.onUnlockedUser-0_com.android.server.notification.NotificationManagerService
11-11 16:03:42.692 D/SystemServerTimingAsync( 1169): ssm.onUnlockedUser-0_com.android.server.notification.NotificationManagerService took to complete: 0ms
11-11 16:03:42.692 I/SystemServerTimingAsync( 1169): ssm.onUnlockedUser-0_com.android.server.storage.DeviceStorageMonitorService
11-11 16:03:42.692 D/SystemServerTimingAsync( 1169): ssm.onUnlockedUser-0_com.android.server.storage.DeviceStorageMonitorService took to complete: 0ms
11-11 16:03:42.692 I/SystemServerTimingAsync( 1169): ssm.onUnlockedUser-0_com.android.server.location.LocationManagerService$Lifecycle
11-11 16:03:42.692 D/SystemServerTimingAsync( 1169): ssm.onUnlockedUser-0_com.android.server.location.LocationManagerService$Lifecycle took to complete: 0ms
11-11 16:03:42.693 I/SystemServerTimingAsync( 1169): ssm.onUnlockedUser-0_com.android.server.timedetector.TimeDetectorService$Lifecycle
11-11 16:03:42.693 D/SystemServerTimingAsync( 1169): ssm.onUnlockedUser-0_com.android.server.timedetector.TimeDetectorService$Lifecycle took to complete: 0ms
11-11 16:03:42.693 I/SystemServerTimingAsync( 1169): ssm.onUnlockedUser-0_com.android.server.timezonedetector.TimeZoneDetectorService$Lifecycle
11-11 16:03:42.693 D/SystemServerTimingAsync( 1169): ssm.onUnlockedUser-0_com.android.server.timezonedetector.TimeZoneDetectorService$Lifecycle took to complete: 0ms
11-11 16:03:42.693 I/SystemServerTimingAsync( 1169): ssm.onUnlockedUser-0_com.android.server.timezonedetector.location.LocationTimeZoneManagerService$Lifecycle
11-11 16:03:42.693 D/SystemServerTimingAsync( 1169): ssm.onUnlockedUser-0_com.android.server.timezonedetector.location.LocationTimeZoneManagerService$Lifecycle took to complete: 0ms
11-11 16:03:42.693 I/SystemServerTimingAsync( 1169): ssm.onUnlockedUser-0_com.android.server.search.SearchManagerService$Lifecycle
11-11 16:03:42.693 D/SystemServerTimingAsync( 1169): ssm.onUnlockedUser-0_com.android.server.search.SearchManagerService$Lifecycle took to complete: 0ms
11-11 16:03:42.693 I/SystemServerTimingAsync( 1169): ssm.onUnlockedUser-0_com.android.server.wallpaper.WallpaperManagerService$Lifecycle
11-11 16:03:42.693 D/SystemServerTimingAsync( 1169): ssm.onUnlockedUser-0_com.android.server.wallpaper.WallpaperManagerService$Lifecycle took to complete: 0ms
11-11 16:03:42.693 I/SystemServerTimingAsync( 1169): ssm.onUnlockedUser-0_com.android.server.audio.AudioService$Lifecycle
11-11 16:03:42.693 D/SystemServerTimingAsync( 1169): ssm.onUnlockedUser-0_com.android.server.audio.AudioService$Lifecycle took to complete: 0ms
11-11 16:03:42.693 I/SystemServerTimingAsync( 1169): ssm.onUnlockedUser-0_com.android.server.soundtrigger_middleware.SoundTriggerMiddlewareService$Lifecycle
11-11 16:03:42.693 D/SystemServerTimingAsync( 1169): ssm.onUnlockedUser-0_com.android.server.soundtrigger_middleware.SoundTriggerMiddlewareService$Lifecycle took to complete: 0ms
11-11 16:03:42.693 I/SystemServerTimingAsync( 1169): ssm.onUnlockedUser-0_com.android.server.DockObserver
11-11 16:03:42.693 D/SystemServerTimingAsync( 1169): ssm.onUnlockedUser-0_com.android.server.DockObserver took to complete: 0ms
11-11 16:03:42.693 I/SystemServerTimingAsync( 1169): ssm.onUnlockedUser-0_com.android.server.midi.MidiService$Lifecycle
11-11 16:03:42.693 D/SystemServerTimingAsync( 1169): ssm.onUnlockedUser-0_com.android.server.midi.MidiService$Lifecycle took to complete: 0ms
11-11 16:03:42.693 I/SystemServerTimingAsync( 1169): ssm.onUnlockedUser-0_com.android.server.adb.AdbService$Lifecycle
11-11 16:03:42.693 D/SystemServerTimingAsync( 1169): ssm.onUnlockedUser-0_com.android.server.adb.AdbService$Lifecycle took to complete: 0ms
11-11 16:03:42.694 I/SystemServerTimingAsync( 1169): ssm.onUnlockedUser-0_com.android.server.usb.UsbService$Lifecycle
11-11 16:03:42.694 D/SystemServerTimingAsync( 1169): ssm.onUnlockedUser-0_com.android.server.usb.UsbService$Lifecycle took to complete: 0ms
11-11 16:03:42.694 I/SystemServerTimingAsync( 1169): ssm.onUnlockedUser-0_com.android.server.twilight.TwilightService
11-11 16:03:42.694 D/SystemServerTimingAsync( 1169): ssm.onUnlockedUser-0_com.android.server.twilight.TwilightService took to complete: 0ms
11-11 16:03:42.694 I/SystemServerTimingAsync( 1169): ssm.onUnlockedUser-0_com.android.server.display.color.ColorDisplayService
11-11 16:03:42.694 D/SystemServerTimingAsync( 1169): ssm.onUnlockedUser-0_com.android.server.display.color.ColorDisplayService took to complete: 0ms
11-11 16:03:42.694 I/SystemServerTimingAsync( 1169): ssm.onUnlockedUser-0_com.android.server.job.JobSchedulerService
11-11 16:03:42.694 D/SystemServerTimingAsync( 1169): ssm.onUnlockedUser-0_com.android.server.job.JobSchedulerService took to complete: 0ms
11-11 16:03:42.694 I/SystemServerTimingAsync( 1169): ssm.onUnlockedUser-0_com.android.server.soundtrigger.SoundTriggerService
11-11 16:03:42.694 D/SystemServerTimingAsync( 1169): ssm.onUnlockedUser-0_com.android.server.soundtrigger.SoundTriggerService took to complete: 0ms
11-11 16:03:42.694 I/SystemServerTimingAsync( 1169): ssm.onUnlockedUser-0_com.android.server.trust.TrustManagerService
11-11 16:03:42.694 D/SystemServerTimingAsync( 1169): ssm.onUnlockedUser-0_com.android.server.trust.TrustManagerService took to complete: 0ms
11-11 16:03:42.694 I/SystemServerTimingAsync( 1169): ssm.onUnlockedUser-0_com.android.server.backup.BackupManagerService$Lifecycle
11-11 16:03:42.694 D/SystemServerTimingAsync( 1169): ssm.onUnlockedUser-0_com.android.server.backup.BackupManagerService$Lifecycle took to complete: 0ms
11-11 16:03:42.694 I/SystemServerTimingAsync( 1169): ssm.onUnlockedUser-0_com.android.server.appwidget.AppWidgetService
11-11 16:03:42.694 D/SystemServerTimingAsync( 1169): ssm.onUnlockedUser-0_com.android.server.appwidget.AppWidgetService took to complete: 0ms
11-11 16:03:42.694 I/SystemServerTimingAsync( 1169): ssm.onUnlockedUser-0_com.android.server.voiceinteraction.VoiceInteractionManagerService
11-11 16:03:42.694 D/SystemServerTimingAsync( 1169): ssm.onUnlockedUser-0_com.android.server.voiceinteraction.VoiceInteractionManagerService took to complete: 0ms
11-11 16:03:42.694 I/SystemServerTimingAsync( 1169): ssm.onUnlockedUser-0_com.android.server.apphibernation.AppHibernationService
11-11 16:03:42.695 D/SystemServerTimingAsync( 1169): ssm.onUnlockedUser-0_com.android.server.apphibernation.AppHibernationService took to complete: 0ms
11-11 16:03:42.695 I/SystemServerTimingAsync( 1169): ssm.onUnlockedUser-0_com.android.server.SensorNotificationService
11-11 16:03:42.695 D/SystemServerTimingAsync( 1169): ssm.onUnlockedUser-0_com.android.server.SensorNotificationService took to complete: 0ms
11-11 16:03:42.695 I/SystemServerTimingAsync( 1169): ssm.onUnlockedUser-0_com.android.server.emergency.EmergencyAffordanceService
11-11 16:03:42.695 D/SystemServerTimingAsync( 1169): ssm.onUnlockedUser-0_com.android.server.emergency.EmergencyAffordanceService took to complete: 0ms
11-11 16:03:42.695 I/SystemServerTimingAsync( 1169): ssm.onUnlockedUser-0_com.android.server.blob.BlobStoreManagerService
11-11 16:03:42.695 D/SystemServerTimingAsync( 1169): ssm.onUnlockedUser-0_com.android.server.blob.BlobStoreManagerService took to complete: 0ms
11-11 16:03:42.695 I/SystemServerTimingAsync( 1169): ssm.onUnlockedUser-0_com.android.server.dreams.DreamManagerService
11-11 16:03:42.695 D/SystemServerTimingAsync( 1169): ssm.onUnlockedUser-0_com.android.server.dreams.DreamManagerService took to complete: 0ms
11-11 16:03:42.695 I/SystemServerTimingAsync( 1169): ssm.onUnlockedUser-0_com.android.server.companion.CompanionDeviceManagerService
11-11 16:03:42.701 D/SystemServerTimingAsync( 1169): ssm.onUnlockedUser-0_com.android.server.companion.CompanionDeviceManagerService took to complete: 0ms
11-11 16:03:42.701 I/ActivityTaskManager( 1169): START u0 {act=android.intent.action.MAIN cat=[android.intent.category.HOME] flg=0x10000100 cmp=com.android.launcher3/.uioverrides.QuickstepLauncher (has extras)} from uid 0
11-11 16:03:42.706 W/StorageManagerService( 1169): Reporting emulated;0 unmounted due to system locked
11-11 16:03:42.707 I/SystemServerTimingAsync( 1169): ssm.onUnlockedUser-0_com.android.server.restrictions.RestrictionsManagerService
11-11 16:03:42.707 D/SystemServerTimingAsync( 1169): ssm.onUnlockedUser-0_com.android.server.restrictions.RestrictionsManagerService took to complete: 0ms
11-11 16:03:42.707 I/SystemServerTimingAsync( 1169): ssm.onUnlockedUser-0_com.android.server.media.MediaSessionService
11-11 16:03:42.707 D/SystemServerTimingAsync( 1169): ssm.onUnlockedUser-0_com.android.server.media.MediaSessionService took to complete: 0ms
11-11 16:03:42.707 I/SystemServerTimingAsync( 1169): ssm.onUnlockedUser-0_com.android.server.media.MediaResourceMonitorService
11-11 16:03:42.707 D/SystemServerTimingAsync( 1169): ssm.onUnlockedUser-0_com.android.server.media.MediaResourceMonitorService took to complete: 0ms
11-11 16:03:42.707 I/SystemServerTimingAsync( 1169): ssm.onUnlockedUser-0_com.android.server.biometrics.sensors.fingerprint.FingerprintService
11-11 16:03:42.707 D/SystemServerTimingAsync( 1169): ssm.onUnlockedUser-0_com.android.server.biometrics.sensors.fingerprint.FingerprintService took to complete: 0ms
11-11 16:03:42.707 I/SystemServerTimingAsync( 1169): ssm.onUnlockedUser-0_com.android.server.biometrics.BiometricService
11-11 16:03:42.707 D/SystemServerTimingAsync( 1169): ssm.onUnlockedUser-0_com.android.server.biometrics.BiometricService took to complete: 0ms
11-11 16:03:42.707 I/SystemServerTimingAsync( 1169): ssm.onUnlockedUser-0_com.android.server.biometrics.AuthService
11-11 16:03:42.707 D/SystemServerTimingAsync( 1169): ssm.onUnlockedUser-0_com.android.server.biometrics.AuthService took to complete: 0ms
11-11 16:03:42.708 I/SystemServerTimingAsync( 1169): ssm.onUnlockedUser-0_com.android.server.pm.ShortcutService$Lifecycle
11-11 16:03:42.708 D/SystemServerTimingAsync( 1169): ssm.onUnlockedUser-0_com.android.server.pm.ShortcutService$Lifecycle took to complete: 0ms
11-11 16:03:42.708 I/SystemServerTimingAsync( 1169): ssm.onUnlockedUser-0_com.android.server.pm.LauncherAppsService
11-11 16:03:42.708 D/SystemServerTimingAsync( 1169): ssm.onUnlockedUser-0_com.android.server.pm.LauncherAppsService took to complete: 0ms
11-11 16:03:42.708 I/SystemServerTimingAsync( 1169): ssm.onUnlockedUser-0_com.android.server.pm.CrossProfileAppsService
11-11 16:03:42.708 D/SystemServerTimingAsync( 1169): ssm.onUnlockedUser-0_com.android.server.pm.CrossProfileAppsService took to complete: 0ms
11-11 16:03:42.708 I/SystemServerTimingAsync( 1169): ssm.onUnlockedUser-0_com.android.server.people.PeopleService
11-11 16:03:42.708 D/SystemServerTimingAsync( 1169): ssm.onUnlockedUser-0_com.android.server.people.PeopleService took to complete: 1ms
11-11 16:03:42.708 I/SystemServerTimingAsync( 1169): ssm.onUnlockedUser-0_com.android.server.media.metrics.MediaMetricsManagerService
11-11 16:03:42.708 D/SystemServerTimingAsync( 1169): ssm.onUnlockedUser-0_com.android.server.media.metrics.MediaMetricsManagerService took to complete: 0ms
11-11 16:03:42.708 I/SystemServerTimingAsync( 1169): ssm.onUnlockedUser-0_com.android.server.media.projection.MediaProjectionManagerService
11-11 16:03:42.708 D/SystemServerTimingAsync( 1169): ssm.onUnlockedUser-0_com.android.server.media.projection.MediaProjectionManagerService took to complete: 0ms
11-11 16:03:42.708 I/SystemServerTimingAsync( 1169): ssm.onUnlockedUser-0_com.android.server.slice.SliceManagerService$Lifecycle
11-11 16:03:42.709 D/SystemServerTimingAsync( 1169): ssm.onUnlockedUser-0_com.android.server.slice.SliceManagerService$Lifecycle took to complete: 0ms
11-11 16:03:42.709 I/SystemServerTimingAsync( 1169): ssm.onUnlockedUser-0_com.android.server.stats.StatsCompanion$Lifecycle
11-11 16:03:42.709 D/SystemServerTimingAsync( 1169): ssm.onUnlockedUser-0_com.android.server.stats.StatsCompanion$Lifecycle took to complete: 0ms
11-11 16:03:42.709 I/SystemServerTimingAsync( 1169): ssm.onUnlockedUser-0_com.android.server.scheduling.RebootReadinessManagerService$Lifecycle
11-11 16:03:42.709 D/SystemServerTimingAsync( 1169): ssm.onUnlockedUser-0_com.android.server.scheduling.RebootReadinessManagerService$Lifecycle took to complete: 0ms
11-11 16:03:42.709 I/SystemServerTimingAsync( 1169): ssm.onUnlockedUser-0_com.android.server.stats.pull.StatsPullAtomService
11-11 16:03:42.709 D/SystemServerTimingAsync( 1169): ssm.onUnlockedUser-0_com.android.server.stats.pull.StatsPullAtomService took to complete: 0ms
11-11 16:03:42.709 I/SystemServerTimingAsync( 1169): ssm.onUnlockedUser-0_com.android.server.incident.IncidentCompanionService
11-11 16:03:42.709 D/SystemServerTimingAsync( 1169): ssm.onUnlockedUser-0_com.android.server.incident.IncidentCompanionService took to complete: 0ms
11-11 16:03:42.709 I/SystemServerTimingAsync( 1169): ssm.onUnlockedUser-0_com.android.server.MmsServiceBroker
11-11 16:03:42.709 D/SystemServerTimingAsync( 1169): ssm.onUnlockedUser-0_com.android.server.MmsServiceBroker took to complete: 0ms
11-11 16:03:42.709 I/SystemServerTimingAsync( 1169): ssm.onUnlockedUser-0_com.android.server.autofill.AutofillManagerService
11-11 16:03:42.709 D/SystemServerTimingAsync( 1169): ssm.onUnlockedUser-0_com.android.server.autofill.AutofillManagerService took to complete: 0ms
11-11 16:03:42.709 I/SystemServerTimingAsync( 1169): ssm.onUnlockedUser-0_com.android.server.clipboard.ClipboardService
11-11 16:03:42.709 D/SystemServerTimingAsync( 1169): ssm.onUnlockedUser-0_com.android.server.clipboard.ClipboardService took to complete: 0ms
11-11 16:03:42.709 I/SystemServerTimingAsync( 1169): ssm.onUnlockedUser-0_com.android.server.appbinding.AppBindingService$Lifecycle
11-11 16:03:42.709 D/SystemServerTimingAsync( 1169): ssm.onUnlockedUser-0_com.android.server.appbinding.AppBindingService$Lifecycle took to complete: 0ms
11-11 16:03:42.709 I/SystemServerTimingAsync( 1169): ssm.onUnlockedUser-0_com.android.server.tracing.TracingServiceProxy
11-11 16:03:42.709 D/SystemServerTimingAsync( 1169): ssm.onUnlockedUser-0_com.android.server.tracing.TracingServiceProxy took to complete: 0ms
11-11 16:03:42.709 I/SystemServerTimingAsync( 1169): ssm.onUnlockedUser-0_com.android.server.policy.PermissionPolicyService
11-11 16:03:42.709 D/SystemServerTimingAsync( 1169): ssm.onUnlockedUser-0_com.android.server.policy.PermissionPolicyService took to complete: 0ms
11-11 16:03:42.709 I/SystemServerTimingAsync( 1169): ssm.onUnlockedUser-0_com.android.server.pm.StagingManager$Lifecycle
11-11 16:03:42.709 D/SystemServerTimingAsync( 1169): ssm.onUnlockedUser-0_com.android.server.pm.StagingManager$Lifecycle took to complete: 0ms
11-11 16:03:42.709 I/SystemServerTimingAsync( 1169): ssm.onUnlockedUser-0_com.android.server.app.GameManagerService$Lifecycle
11-11 16:03:42.710 D/SystemServerTimingAsync( 1169): ssm.onUnlockedUser-0_com.android.server.app.GameManagerService$Lifecycle took to complete: 0ms
11-11 16:03:42.710 I/SystemServerTimingAsync( 1169): ssm.onUnlockedUser-0_com.android.server.appsearch.AppSearchManagerService
11-11 16:03:42.710 D/SystemServerTimingAsync( 1169): ssm.onUnlockedUser-0_com.android.server.appsearch.AppSearchManagerService took to complete: 0ms
11-11 16:03:42.710 I/SystemServerTimingAsync( 1169): ssm.onUnlockedUser-0_com.android.server.media.MediaCommunicationService
11-11 16:03:42.710 D/SystemServerTimingAsync( 1169): ssm.onUnlockedUser-0_com.android.server.media.MediaCommunicationService took to complete: 0ms
11-11 16:03:42.710 D/SystemServerTimingAsync( 1169): ssm.UnlockedUser-0 took to complete: 41ms
11-11 16:03:42.710 W/ActivityManager( 1169): UserLifecycleEvent 6 received without an active userJourneySession.
11-11 16:03:42.710 I/DropBoxManagerService( 1169): add tag=system_server_strictmode isTagEnabled=true flags=0x2
11-11 16:03:42.714 D/CompatibilityChangeReporter( 1169): Compat change id reported: 184838306; UID 10080; state: DISABLED
11-11 16:03:42.717 D/CompatibilityChangeReporter( 1169): Compat change id reported: 185004937; UID 10080; state: DISABLED
11-11 16:03:42.718 D/CompatibilityChangeReporter( 1169): Compat change id reported: 181136395; UID 10080; state: DISABLED
11-11 16:03:42.720 D/CompatibilityChangeReporter( 1169): Compat change id reported: 174042936; UID 10080; state: DISABLED
11-11 16:03:42.722 D/CompatibilityChangeReporter( 1169): Compat change id reported: 174042980; UID 10080; state: DISABLED
11-11 16:03:42.744 D/CompatibilityChangeReporter( 1169): Compat change id reported: 168419799; UID 10080; state: DISABLED
11-11 16:03:42.757 I/ActivityTaskManager( 1169): FOREGROUND_APPLICATION_CHANGED to com.android.launcher3.uioverrides.QuickstepLauncher
11-11 16:03:42.759 I/ActivityTaskManager( 1169): The Process com.android.launcher3 Already Exists in BG. So sending its PID: 2600
11-11 16:03:42.779 W/ActivityManager( 1169): Slow operation: 82ms so far, now at startProcess: done creating new process record
11-11 16:03:42.779 W/ActivityManager( 1169): Slow operation: 82ms so far, now at startProcess: stepping in to startProcess
01-01 08:00:57.616 I/binder ( 0): 3000:3000 ioctl 40046210 7ffc674594 returned -22
11-11 16:03:42.824 W/Looper ( 1169): Drained
11-11 16:03:42.824 W/Looper ( 1169): Slow dispatch took 559ms main h=android.os.Handler c=com.android.server.biometrics.sensors.BiometricScheduler$InternalCallback$$ExternalSyntheticLambda0@928b668 m=0
11-11 16:03:42.824 I/Telecom ( 1169): BluetoothDeviceManager: Got BluetoothHeadset: com.android.server.telecom.BluetoothHeadsetProxy@a598a81: BMSL.oSC@AAo
11-11 16:03:42.824 W/Looper ( 1169): Slow delivery took 561ms main h=android.bluetooth.BluetoothHeadset$3 c=null m=100
11-11 16:03:42.825 W/ActivityManager( 1169): Slow operation: 129ms so far, now at startProcess: done starting proc!
01-01 08:00:57.629 W/QSEECOM ( 0): __qseecom_unload_app: App (8) is unloaded
01-01 08:00:57.630 D/qbt ( 0): qbt_release: entry minor_no=0 fd_available=0
01-01 08:00:57.630 D/qbt ( 0): qbt_release: Releasing wakelock
01-01 08:00:57.630 D/qbt ( 0): qbt_release: exit : fd_available=1
01-01 08:00:57.630 D/qbt ( 0): qbt_release: entry minor_no=1 fd_available=1
01-01 08:00:57.630 D/qbt ( 0): qbt_release: exit : fd_available=1
01-01 08:00:57.645 I/android_work( 0): did not send uevent (0 0 0000000000000000)
11-11 16:03:42.833 W/ActivityManager( 1169): Slow operation: 193ms so far, now at startProcess: returned from zygote!
11-11 16:03:42.856 E/TaskPersister( 1169): File error accessing recents directory (directory doesn't exist?).
11-11 16:03:42.857 E/BackupPasswordManager( 1169): Unable to read backup pw version
11-11 16:03:42.857 E/BackupPasswordManager( 1169): Unable to read saved backup pw hash
01-01 08:00:57.735 I/binder ( 0): 3016:3016 ioctl 40046210 fff85868 returned -22
11-11 16:03:42.885 W/ActivityManager( 1169): Slow operation: 246ms so far, now at startProcess: done updating battery stats
11-11 16:03:42.885 W/ActivityManager( 1169): Slow operation: 246ms so far, now at startProcess: building log message
11-11 16:03:42.885 I/ActivityManager( 1169): Start proc 3016:com.hht.lebocast/u0a89 for added application com.hht.lebocast
11-11 16:03:42.886 W/ActivityManager( 1169): Slow operation: 246ms so far, now at startProcess: starting to update pids map
11-11 16:03:42.886 W/ActivityManager( 1169): Slow operation: 246ms so far, now at startProcess: done updating pids map
11-11 16:03:42.886 W/ActivityManager( 1169): Slow operation: 244ms so far, now at startProcess: asking zygote to start proc
11-11 16:03:42.886 D/CompatibilityChangeReporter( 1169): Compat change id reported: 143937733; UID 10062; state: ENABLED
11-11 16:03:42.954 D/CompatibilityChangeReporter( 1169): Compat change id reported: 168419799; UID 10089; state: DISABLED
01-01 08:00:57.758 I/display_panel_avdd( 0): disabling
11-11 16:03:42.983 I/AppWidgetServiceImpl( 1169): Processing of handleUserUnlocked u0 took 313 ms
11-11 16:03:42.984 W/Looper ( 1169): Slow dispatch took 313ms android.fg h=android.os.Handler c=com.android.server.am.UserController$Injector$$ExternalSyntheticLambda0@9d317a4 m=0
11-11 16:03:42.988 W/Looper ( 1169): Slow delivery took 318ms android.fg h=android.os.Handler c=com.android.server.am.UserController$$ExternalSyntheticLambda9@a69d70e m=0
01-01 08:00:57.812 I/vdd_tof ( 0): disabling
11-11 16:03:42.993 W/ActivityManager( 1169): Slow operation: 352ms so far, now at startProcess: returned from zygote!
11-11 16:03:42.995 V/BackupManagerConstants( 1169): getKeyValueBackupIntervalMilliseconds(...) returns 14400000
11-11 16:03:42.998 V/BackupManagerConstants( 1169): getKeyValueBackupFuzzMilliseconds(...) returns 600000
11-11 16:03:42.998 V/BackupManagerConstants( 1169): getKeyValueBackupRequiredNetworkType(...) returns 1
11-11 16:03:43.000 V/BackupManagerConstants( 1169): getKeyValueBackupRequireCharging(...) returns true
11-11 16:03:43.002 W/Looper ( 1169): Drained
11-11 16:03:43.002 V/KeyValueBackupJob( 1169): Scheduling k/v pass in 245 minutes
11-11 16:03:43.009 W/ContextImpl( 2108): Calling a method in the system process without a qualified user: android.app.ContextImpl.sendBroadcast:1173 android.content.ContextWrapper.sendBroadcast:479 com.thundercomm.microsettings.action.SetTimeAction.timeUpdated:212 com.thundercomm.microsettings.action.SetTimeAction.update24HourFormat:194 com.thundercomm.microsettings.action.SetTimeAction.doActualAction:154
11-11 16:03:43.009 V/BackupManagerService( 1169): [UserID:0] No ancestral data
01-01 08:00:57.905 I/devfreq-qcom-fw 18590000.qcom,devfreq-l3( 0): qcom,cdsp-cdsp-l3-lat: Successfully started CDSP L3 governor
01-01 08:00:57.911 W/bimc-bwmon( 0): Zone thres larger than hw limit: hi:72090 med:19661 lo:0
01-01 08:00:57.938 I/binder ( 0): 2207:2207 ioctl 40046210 7fc271eb94 returned -22
01-01 08:00:57.967 I/binder ( 0): 3044:3044 ioctl 40046210 7fc271fc14 returned -22
01-01 08:00:58.014 I/[schedu][0x422f7027][16:03:42.122589] wlan( 0): [2349:I:HIF] Deinitializing Runtime PM wakelock &vdev->vdev_set_key_runtime_wakelock
01-01 08:00:58.014 I/[schedu][0x422fb648][16:03:42.123524] wlan( 0): [2349:I:HIF] Initializing Runtime PM wakelock &vdev->vdev_set_key_runtime_wakelock
01-01 08:00:58.104 I/binder ( 0): 3077:3077 ioctl 40046210 7fc271fc14 returned -22
01-01 08:00:58.122 I/binder ( 0): 2600:3066 ioctl 40046210 7946c19254 returned -22
01-01 08:00:58.135 I/binder ( 0): 3044:3044 ioctl 40046210 7fc271e6c4 returned -22
01-01 08:00:58.142 D/qbt ( 0): qbt_open: entry minor_no=0 fd_available=1
01-01 08:00:58.142 D/qbt ( 0): qbt_open: exit : 0 fd_available=0
01-01 08:00:58.142 D/qbt ( 0): qbt_open: entry minor_no=1 fd_available=0
01-01 08:00:58.142 D/qbt ( 0): qbt_open: exit : 0 fd_available=0
01-01 08:00:58.142 D/qbt ( 0): qbt_ioctl: cmd received 107
01-01 08:00:58.149 D/qbt ( 0): qbt_ioctl: Acquiring wakelock
01-01 08:00:58.166 I/[wifi@1][0x425c1fd1][16:03:42.275120] wlan( 0): [953:I:DP] dp_vdev_attach_wifi3: wlan_cfg_ap_bridge_enabled 0
01-01 08:00:58.213 W/QSEECOM ( 0): qseecom_load_app: App (fingerpr) does'nt exist, loading apps for first time
11-11 16:03:43.012 W/ActivityManager( 1169): Slow operation: 370ms so far, now at startProcess: done updating battery stats
11-11 16:03:43.012 W/ActivityManager( 1169): Slow operation: 370ms so far, now at startProcess: building log message
11-11 16:03:43.012 I/ActivityManager( 1169): Start proc 3044:ts.car.uart/u0a62 for added application ts.car.uart
11-11 16:03:43.012 W/ActivityManager( 1169): Slow operation: 370ms so far, now at startProcess: starting to update pids map
11-11 16:03:43.012 W/ActivityManager( 1169): Slow operation: 371ms so far, now at startProcess: done updating pids map
11-11 16:03:43.012 W/ActivityManager( 1169): Slow operation: 371ms so far, now at startProcess: asking zygote to start proc
01-01 08:00:58.237 E/[wifi@1][0x4270c7f2][16:03:42.345626] wlan( 0): [2744:E:wifipos] wifi_pos_process_app_reg_req: 608: Received App Req Req pid(-1740635207), len(16)
01-01 08:00:58.273 I/[wifi@1][0x427b7191][16:03:42.382021] wlan( 0): [2744:I:wifipos] wifi_pos_get_ch_info: 461: num channels: 26
01-01 08:00:58.274 I/[wifi@1][0x427badf2][16:03:42.382826] wlan( 0): [2744:I:wifipos] wifi_pos_get_ch_info: 461: num channels: 26
01-01 08:00:58.275 I/binder ( 0): 3131:3131 ioctl 40046210 7fc271fc14 returned -22
11-11 16:03:43.050 D/CompatibilityChangeReporter( 1169): Compat change id reported: 168419799; UID 10061; state: DISABLED
11-11 16:03:43.060 W/Looper ( 1169): Slow dispatch took 235ms main h=android.os.Handler c=null m=5000
11-11 16:03:42.000 E/LazyAlarmStore( 1169): Removed TIME_TICK alarm
11-11 16:03:42.030 D/CompatibilityChangeReporter( 1169): Compat change id reported: 135634846; UID 10083; state: DISABLED
11-11 16:03:42.030 D/CompatibilityChangeReporter( 1169): Compat change id reported: 177438394; UID 10083; state: DISABLED
11-11 16:03:42.030 D/CompatibilityChangeReporter( 1169): Compat change id reported: 135772972; UID 10083; state: DISABLED
11-11 16:03:42.031 D/CompatibilityChangeReporter( 1169): Compat change id reported: 135754954; UID 10083; state: ENABLED
11-11 16:03:42.036 I/NotificationHistory( 1169): Attempted to unlock gone/disabled user 0
11-11 16:03:42.038 V/NotificationAssistants( 1169): disabling notification assistant for user 0: ComponentInfo{android.ext.services/android.ext.services.notification.Assistant}
11-11 16:03:42.038 D/NotificationListeners( 1169): Removing active service ComponentInfo{android.ext.services/android.ext.services.notification.Assistant}
11-11 16:03:42.041 V/NotificationAssistants( 1169): enabling notification assistant for 0: ComponentInfo{android.ext.services/android.ext.services.notification.Assistant}
11-11 16:03:42.041 V/NotificationAssistants( 1169): binding: Intent { act=android.service.notification.NotificationAssistantService cmp=android.ext.services/.notification.Assistant (has extras) }
01-01 08:00:58.334 I/ ( 0): ip (3149) used greatest stack depth: 8632 bytes left
11-11 16:03:42.049 W/ContextImpl( 2358): Calling a method in the system process without a qualified user: android.app.ContextImpl.startService:1816 android.content.ContextWrapper.startService:774 android.content.ContextWrapper.startService:774 vendor.qti.qesdk.sysservice.QesdkSysReceiver.onReceive:42 android.app.ActivityThread.handleReceiver:4309
11-11 16:03:42.053 D/CompatibilityChangeReporter( 1169): Compat change id reported: 168419799; UID 10099; state: DISABLED
11-11 16:03:42.080 I/UsageStatsService( 1169): User[0] Rollover scheduled @ 2022-11-11 18:59:24(1668164364898)
11-11 16:03:42.080 I/UsageStatsService( 1169): Time changed in by 1668153764 seconds
11-11 16:03:42.109 D/CompatibilityChangeReporter( 1169): Compat change id reported: 135634846; UID 10036; state: DISABLED
11-11 16:03:42.109 D/CompatibilityChangeReporter( 1169): Compat change id reported: 177438394; UID 10036; state: DISABLED
11-11 16:03:42.109 D/CompatibilityChangeReporter( 1169): Compat change id reported: 135772972; UID 10036; state: DISABLED
11-11 16:03:42.109 D/CompatibilityChangeReporter( 1169): Compat change id reported: 135754954; UID 10036; state: ENABLED
11-11 16:03:42.110 D/CompatibilityChangeReporter( 1169): Compat change id reported: 157233955; UID 10082; state: DISABLED
11-11 16:03:42.114 W/ActivityManager( 1169): Slow operation: 543ms so far, now at startProcess: returned from zygote!
11-11 16:03:42.116 W/ActivityManager( 1169): Slow operation: 545ms so far, now at startProcess: done updating battery stats
11-11 16:03:42.116 W/ActivityManager( 1169): Slow operation: 545ms so far, now at startProcess: building log message
11-11 16:03:42.116 I/ActivityManager( 1169): Start proc 3077:com.hryt.hiphishowfsecontrol/1000 for added application com.hryt.hiphishowfsecontrol
11-11 16:03:42.116 W/ActivityManager( 1169): Slow operation: 546ms so far, now at startProcess: starting to update pids map
11-11 16:03:42.117 W/ActivityManager( 1169): Slow operation: 546ms so far, now at startProcess: done updating pids map
11-11 16:03:42.117 W/ActivityManager( 1169): Slow operation: 545ms so far, now at startProcess: asking zygote to start proc
11-11 16:03:42.117 D/CompatibilityChangeReporter( 1169): Compat change id reported: 143937733; UID 10056; state: ENABLED
11-11 16:03:42.120 D/CompatibilityChangeReporter( 1169): Compat change id reported: 168419799; UID 10062; state: DISABLED
11-11 16:03:42.122 I/BackupManagerService( 1169): isBackupEnabled() => false due to absent settings file
11-11 16:03:42.122 D/BackupManagerService( 1169): user:0 readBackupEnableState enabled:false
11-11 16:03:42.126 I/UsageStatsService( 1169): User[0] Flushing usage stats to disk
11-11 16:03:42.127 I/BackupManagerService( 1169): [UserID:0] Backup enabled => false
01-01 08:00:58.384 W/QSEECOM ( 0): qseecom_load_app: App with id 9 (fingerpr) now loaded
11-11 16:03:42.241 W/Looper ( 1169): Slow dispatch took 117ms main h=android.app.ActivityThread$H c=android.app.LoadedApk$ReceiverDispatcher$Args$$ExternalSyntheticLambda0@537b354 m=0
11-11 16:03:42.244 D/BiometricScheduler/Fingerprint21( 1169): [Finishing] {[1] FingerprintUpdateActiveUserClient, proto=1, owner=android, cookie=0, requestId=-1, userId=0}, success: true
11-11 16:03:42.244 D/BiometricScheduler/Fingerprint21( 1169): [Polled] {[2] FingerprintInternalCleanupClient, proto=7, owner=android, cookie=0, requestId=-1, userId=0}, State: 0
11-11 16:03:42.244 D/BiometricScheduler/Fingerprint21( 1169): [Starting] {[2] FingerprintInternalCleanupClient, proto=7, owner=android, cookie=0, requestId=-1, userId=0}, State: 0
11-11 16:03:42.244 D/BiometricScheduler/Fingerprint21( 1169): [Started] {[2] FingerprintInternalCleanupClient, proto=7, owner=android, cookie=0, requestId=-1, userId=0}
11-11 16:03:42.244 D/Biometrics/InternalCleanupClient( 1169): Starting enumerate: {[3] FingerprintInternalEnumerateClient, proto=6, owner=android, cookie=0, requestId=-1, userId=0}
11-11 16:03:42.245 D/DevicePolicyManager( 1169): updateSystemUpdateFreezePeriodsRecord
11-11 16:03:42.246 D/ConditionProviders.SCP( 1169): onReceive android.intent.action.TIME_SET
11-11 16:03:42.246 D/ConditionProviders.SCP( 1169): evaluateSubscriptionLocked cal=ScheduleCalendar[mDays={1, 2, 3, 4, 5, 6, 7}, mSchedule=ScheduleInfo{days=[1, 2, 3, 4, 5, 6, 7], startHour=22, startMinute=0, endHour=7, endMinute=0, exitAtAlarm=true, nextAlarm=Thu Jan 01 08:00:00 GMT+08:00 1970 (0)}], now=Fri Nov 11 16:03:42 GMT+08:00 2022 (1668153822246), nextUserAlarmTime=Thu Jan 01 08:00:00 GMT+08:00 1970 (0)
11-11 16:03:42.246 D/ConditionProviders.SCP( 1169): notifyCondition condition://android/schedule?days=1.2.3.4.5.6.7&start=22.0&end=7.0&exitAtAlarm=true STATE_FALSE reason=!meetsSchedule
11-11 16:03:42.247 D/ConditionProviders.SCP( 1169): Scheduling evaluate for Fri Nov 11 22:00:00 GMT+08:00 2022 (1668175200000), in +5h56m17s754ms, now=Fri Nov 11 16:03:42 GMT+08:00 2022 (1668153822246)
11-11 16:03:42.248 D/CompatibilityChangeReporter( 1169): Compat change id reported: 171306433; UID 1000; state: ENABLED
11-11 16:03:42.250 D/DevicePolicyManager( 1169): updateSystemUpdateFreezePeriodsRecord
11-11 16:03:42.250 D/ConditionProviders.SCP( 1169): onReceive android.intent.action.TIME_SET
11-11 16:03:42.250 D/ConditionProviders.SCP( 1169): evaluateSubscriptionLocked cal=ScheduleCalendar[mDays={1, 2, 3, 4, 5, 6, 7}, mSchedule=ScheduleInfo{days=[1, 2, 3, 4, 5, 6, 7], startHour=22, startMinute=0, endHour=7, endMinute=0, exitAtAlarm=true, nextAlarm=Thu Jan 01 08:00:00 GMT+08:00 1970 (0)}], now=Fri Nov 11 16:03:42 GMT+08:00 2022 (1668153822250), nextUserAlarmTime=Thu Jan 01 08:00:00 GMT+08:00 1970 (0)
11-11 16:03:42.250 D/ConditionProviders.SCP( 1169): notifyCondition condition://android/schedule?days=1.2.3.4.5.6.7&start=22.0&end=7.0&exitAtAlarm=true STATE_FALSE reason=!meetsSchedule
11-11 16:03:42.251 D/ConditionProviders.SCP( 1169): Scheduling evaluate for Fri Nov 11 22:00:00 GMT+08:00 2022 (1668175200000), in +5h56m17s750ms, now=Fri Nov 11 16:03:42 GMT+08:00 2022 (1668153822250)
11-11 16:03:42.263 D/android.hardware.wifi@1.0-service( 953): Successfully SetMacAddress.
11-11 16:03:42.269 I/SyncManager( 1169): Loaded persisted syncs: 0 periodic syncs, 0 oneshot syncs, 16 total system server jobs, JobStats: FirstLoad: 6/5/0 LastSave: 6/5/0
11-11 16:03:42.271 D/CompatibilityChangeReporter( 1169): Compat change id reported: 135634846; UID 10025; state: DISABLED
11-11 16:03:42.271 D/CompatibilityChangeReporter( 1169): Compat change id reported: 177438394; UID 10025; state: DISABLED
11-11 16:03:42.271 D/CompatibilityChangeReporter( 1169): Compat change id reported: 135772972; UID 10025; state: DISABLED
11-11 16:03:42.272 D/CompatibilityChangeReporter( 1169): Compat change id reported: 135754954; UID 10025; state: ENABLED
01-01 08:00:58.397 I/[wpa_su][0x429fbb14][16:03:42.505881] wlan( 0): [2773:I:SME] vdev-0: Connecting to HH-mobile 98:f1:81:80:45:73 rssi: -62 freq: 5785 akm 1 cipher: uc 0 mc 0, CC:
