06-07 15:46:56.599 2711 2711 I auditd : type=1400 audit(0.0:2938814): avc: denied { read } for comm="event_loop" lport=13400 scontext=u:r:hht_ota_mgr:s0 tcontext=u:r:hht_ota_mgr:s0 tclass=udp_socket permissive=0
06-07 15:46:56.599 2711 2711 I auditd : type=1400 audit(0.0:2938815): avc: denied { read } for comm="event_loop" lport=13400 scontext=u:r:hht_ota_mgr:s0 tcontext=u:r:hht_ota_mgr:s0 tclass=udp_socket permissive=0
06-07 15:46:56.607 0 0 W [ 1534.732194] audit: audit_lost=2938007 audit_rate_limit=5 audit_backlog_limit=64
06-07 15:46:56.607 0 0 E [ 1534.732200] audit: rate limit exceeded
06-07 15:46:57.231 0 0 I : [ 1535.356785] read descriptors
06-07 15:46:57.231 0 0 I : [ 1535.356884] read strings
06-07 15:46:57.313 1539 1829 I netstats_mobile_sample: [0,0,0,0,0,0,0,0,0,0,0,0,1686124017313]
06-07 15:46:57.313 1539 1829 I netstats_wifi_sample: [28468450,23098,1814778,7411,28468450,23098,1814778,7411,29416383,28892,1668997,6696,1686124017313]
06-07 15:46:57.414 1539 2029 I ntp_failure: [time.android.com/216.239.35.8,java.net.SocketTimeoutException: Poll timed out]
06-07 15:46:57.453 518 518 I killinfo: [4084,10090,955,606,60856,-1,7896244,530028,3500380,66132,2716,30964,108244,4194300,4018948,1865264,458476,1456252,1916668,91928,243304,65544,103920,0,0,154412,0,4,0,0,44324,0]
06-07 15:46:57.480 1539 1675 D CompatibilityChangeReporter: Compat change id reported: 135634846; UID 10096; state: DISABLED
06-07 15:46:57.480 1539 1675 D CompatibilityChangeReporter: Compat change id reported: 177438394; UID 10096; state: DISABLED
06-07 15:46:57.480 1539 1675 D CompatibilityChangeReporter: Compat change id reported: 135772972; UID 10096; state: DISABLED
06-07 15:46:57.480 1539 1675 D CompatibilityChangeReporter: Compat change id reported: 135754954; UID 10096; state: DISABLED
06-07 15:46:57.482 1539 1676 D CompatibilityChangeReporter: Compat change id reported: 143937733; UID 10096; state: DISABLED
06-07 15:46:57.497 1539 1676 I am_proc_start: [0,32656,10096,com.tencent.tmgp.sgame:xg_vip_service,service,{com.tencent.tmgp.sgame/com.tencent.android.tpush.service.XGVipPushService}]
06-07 15:46:57.497 1539 1676 I ActivityManager: Start proc 32656:com.tencent.tmgp.sgame:xg_vip_service/u0a96 for service {com.tencent.tmgp.sgame/com.tencent.android.tpush.service.XGVipPushService}
06-07 15:46:57.500 0 0 I [ 1535.624464] oom_reaper: reaped process 4084 (ssioncontroller), now anon-rss:0kB, file-rss:0kB, shmem-rss:448kB
06-07 15:46:57.514 1539 23314 I ActivityManager: Process com.android.permissioncontroller (pid 4084) has died: cch+55 CEM
06-07 15:46:57.514 1539 23314 I am_proc_died: [0,4084,com.android.permissioncontroller,955,19]
06-07 15:46:57.515 1539 23314 I am_uid_stopped: 10090
06-07 15:46:57.516 1539 1658 W ActivityManager: setHasOverlayUi called on unknown pid: 4084
06-07 15:46:57.523 0 0 I [ 1535.650603] binder: 32656:32656 ioctl 40046210 7ff2b03764 returned -22
06-07 15:46:57.526 1539 23314 I am_proc_bound: [0,32656,com.tencent.tmgp.sgame:xg_vip_service]
06-07 15:46:57.527 1539 23314 D CompatibilityChangeReporter: Compat change id reported: 168419799; UID 10096; state: DISABLED
06-07 15:46:57.603 2711 2711 I auditd : type=1400 audit(0.0:2980174): avc: denied { read } for comm="event_loop" lport=13400 scontext=u:r:hht_ota_mgr:s0 tcontext=u:r:hht_ota_mgr:s0 tclass=udp_socket permissive=0
06-07 15:46:57.603 2711 2711 I auditd : type=1400 audit(0.0:2980175): avc: denied { read } for comm="event_loop" lport=13400 scontext=u:r:hht_ota_mgr:s0 tcontext=u:r:hht_ota_mgr:s0 tclass=udp_socket permissive=0
06-07 15:46:57.603 2711 2711 I auditd : type=1400 audit(0.0:2980176): avc: denied { read } for comm="event_loop" lport=13400 scontext=u:r:hht_ota_mgr:s0 tcontext=u:r:hht_ota_mgr:s0 tclass=udp_socket permissive=0
06-07 15:46:57.603 2711 2711 I auditd : type=1400 audit(0.0:2980177): avc: denied { read } for comm="event_loop" lport=13400 scontext=u:r:hht_ota_mgr:s0 tcontext=u:r:hht_ota_mgr:s0 tclass=udp_socket permissive=0
06-07 15:46:57.603 2711 2711 I auditd : type=1400 audit(0.0:2980178): avc: denied { read } for comm="event_loop" lport=13400 scontext=u:r:hht_ota_mgr:s0 tcontext=u:r:hht_ota_mgr:s0 tclass=udp_socket permissive=0
06-07 15:46:57.611 0 0 W [ 1535.736209] audit: audit_lost=2979365 audit_rate_limit=5 audit_backlog_limit=64
06-07 15:46:57.611 0 0 E [ 1535.736215] audit: rate limit exceeded
06-07 15:46:58.203 0 0 I [ 1536.330246] init: processing action (sys.tlog.tlogdshc.active=1) from (/system/etc/init/tlogd.rc:195)
06-07 15:46:58.203 0 0 I [ 1536.330675] init: starting service 'tlogdshc'...
06-07 15:46:58.281 0 0 I : [ 1536.409579] read descriptors
06-07 15:46:58.281 0 0 I : [ 1536.409663] read strings
06-07 15:46:58.328 0 0 I [ 1536.455944] init: Service 'tlogdshc' (pid 32733) exited with status 0 oneshot service took 0.122000 seconds in background
06-07 15:46:58.328 0 0 I [ 1536.455974] init: Sending signal 9 to service 'tlogdshc' (pid 32733) process group...
06-07 15:46:58.328 0 0 I [ 1536.456274] libprocessgroup: Successfully killed process cgroup uid 0 pid 32733 in 0ms
06-07 15:46:58.491 518 518 I killinfo: [12938,10066,955,606,29084,-1,7896244,531660,3502492,66132,2728,30964,108244,4194300,4021944,1870280,454600,1452504,1922120,91696,242616,65424,104332,0,0,154412,0,0,0,0,44924,0]
06-07 15:46:58.520 0 0 I [ 1536.640985] oom_reaper: reaped process 12938 (putmethod.latin), now anon-rss:0kB, file-rss:0kB, shmem-rss:436kB
06-07 15:46:58.528 1539 23314 I ActivityManager: Process com.android.inputmethod.latin (pid 12938) has died: cch+55 CEM
06-07 15:46:58.529 1539 23314 I am_proc_died: [0,12938,com.android.inputmethod.latin,955,19]
06-07 15:46:58.529 1539 23314 I am_uid_stopped: 10066
06-07 15:46:58.559 0 0 I [ 1536.683467] init: processing action (sys.network.tbox=0) from (/system/etc/init/dns_ts.rc:3)
06-07 15:46:58.560 0 0 I [ 1536.683575] init: starting service 'exec 73 (/system/bin/sh /system/bin/dns_ts.sh del 192.168.1.1 vlan1)'...
06-07 15:46:58.560 0 0 I [ 1536.688426] init: SVC_EXEC service 'exec 73 (/system/bin/sh /system/bin/dns_ts.sh del 192.168.1.1 vlan1)' pid 32747 (uid 0 gid 0+0 context u:r:dns_ts_ip:s0) started; waiting...
06-07 15:46:58.601 0 0 I [ 1536.729582] init: Service 'exec 73 (/system/bin/sh /system/bin/dns_ts.sh del 192.168.1.1 vlan1)' (pid 32747) exited with status 2 waiting took 0.042000 seconds
06-07 15:46:58.607 2711 2711 I auditd : type=1400 audit(0.0:3021664): avc: denied { read } for comm="event_loop" lport=13400 scontext=u:r:hht_ota_mgr:s0 tcontext=u:r:hht_ota_mgr:s0 tclass=udp_socket permissive=0
06-07 15:46:58.607 2711 2711 I auditd : type=1400 audit(0.0:3021665): avc: denied { read } for comm="event_loop" lport=13400 scontext=u:r:hht_ota_mgr:s0 tcontext=u:r:hht_ota_mgr:s0 tclass=udp_socket permissive=0
06-07 15:46:58.607 2711 2711 I auditd : type=1400 audit(0.0:3021666): avc: denied { read } for comm="event_loop" lport=13400 scontext=u:r:hht_ota_mgr:s0 tcontext=u:r:hht_ota_mgr:s0 tclass=udp_socket permissive=0
06-07 15:46:58.607 2711 2711 I auditd : type=1400 audit(0.0:3021667): avc: denied { read } for comm="event_loop" lport=13400 scontext=u:r:hht_ota_mgr:s0 tcontext=u:r:hht_ota_mgr:s0 tclass=udp_socket permissive=0
06-07 15:46:58.607 2711 2711 I auditd : type=1400 audit(0.0:3021668): avc: denied { read } for comm="event_loop" lport=13400 scontext=u:r:hht_ota_mgr:s0 tcontext=u:r:hht_ota_mgr:s0 tclass=udp_socket permissive=0
06-07 15:46:58.616 0 0 W [ 1536.740195] audit: audit_lost=3020850 audit_rate_limit=5 audit_backlog_limit=64
06-07 15:46:58.616 0 0 E [ 1536.740198] audit: rate limit exceeded
06-07 15:46:58.743 1539 1829 I netstats_mobile_sample: [0,0,0,0,0,0,0,0,0,0,0,0,1686124018743]
06-07 15:46:58.743 1539 1829 I netstats_wifi_sample: [28468450,23098,1814778,7411,28468450,23098,1814778,7411,29416383,28892,1668997,6696,1686124018743]
06-07 15:46:59.379 0 0 I : [ 1537.505558] read descriptors
06-07 15:46:59.379 0 0 I : [ 1537.505650] read strings
06-07 15:46:59.553 518 518 I killinfo: [18572,10096,950,606,441864,-1,7896244,532016,3503484,66132,2728,30964,108244,4194300,4024516,1872104,453688,1448468,1927176,91460,241920,65300,102576,0,0,154412,0,0,0,0,58848,0]
06-07 15:46:59.607 2711 2711 I auditd : type=1400 audit(0.0:3062216): avc: denied { read } for comm="event_loop" lport=13400 scontext=u:r:hht_ota_mgr:s0 tcontext=u:r:hht_ota_mgr:s0 tclass=udp_socket permissive=0
06-07 15:46:59.621 0 0 W [ 1537.744389] audit: audit_lost=3061397 audit_rate_limit=5 audit_backlog_limit=64
06-07 15:46:59.622 0 0 E [ 1537.744404] audit: rate limit exceeded
06-07 15:46:59.611 2711 2711 I auditd : type=1400 audit(0.0:3062217): avc: denied { read } for comm="event_loop" lport=13400 scontext=u:r:hht_ota_mgr:s0 tcontext=u:r:hht_ota_mgr:s0 tclass=udp_socket permissive=0
06-07 15:46:59.611 2711 2711 I auditd : type=1400 audit(0.0:3062218): avc: denied { read } for comm="event_loop" lport=13400 scontext=u:r:hht_ota_mgr:s0 tcontext=u:r:hht_ota_mgr:s0 tclass=udp_socket permissive=0
06-07 15:46:59.611 2711 2711 I auditd : type=1400 audit(0.0:3062219): avc: denied { read } for comm="event_loop" lport=13400 scontext=u:r:hht_ota_mgr:s0 tcontext=u:r:hht_ota_mgr:s0 tclass=udp_socket permissive=0
06-07 15:46:59.611 2711 2711 I auditd : type=1400 audit(0.0:3062220): avc: denied { read } for comm="event_loop" lport=13400 scontext=u:r:hht_ota_mgr:s0 tcontext=u:r:hht_ota_mgr:s0 tclass=udp_socket permissive=0
06-07 15:46:59.631 0 0 I [ 1537.759537] oom_reaper: reaped process 18572 (cent.tmgp.sgame), now anon-rss:0kB, file-rss:10328kB, shmem-rss:512kB
06-07 15:46:59.654 1539 1853 I WindowManager: WIN DEATH: Window{46be7a7 u0 com.tencent.tmgp.sgame/com.tencent.tmgp.sgame.SGameActivity}
06-07 15:46:59.656 1539 32657 I ActivityManager: Process com.tencent.tmgp.sgame (pid 18572) has died: cch+50 CAC
06-07 15:46:59.659 1539 32657 I am_proc_died: [0,18572,com.tencent.tmgp.sgame,950,16]
06-07 15:46:59.672 1539 1658 W ActivityManager: setHasOverlayUi called on unknown pid: 18572
06-07 15:46:59.673 1539 1671 W UsageStatsService: Unexpected activity event reported! (com.tencent.tmgp.sgame/com.tencent.tmgp.sgame.SGameActivity event : 23 instanceId : 59772630)
06-07 15:47:00.092 1539 1829 I netstats_mobile_sample: [0,0,0,0,0,0,0,0,0,0,0,0,1686124020092]
06-07 15:47:00.092 1539 1829 I netstats_wifi_sample: [28468450,23098,1814778,7411,28468450,23098,1814778,7411,29416383,28892,1668997,6696,1686124020092]
06-07 15:47:00.431 0 0 I : [ 1538.556603] read descriptors
06-07 15:47:00.431 0 0 I : [ 1538.556699] read strings
06-07 15:47:00.571 518 518 I killinfo: [4434,10023,945,606,31360,-1,7896244,830820,3503804,66152,2728,30964,108244,4194300,4034520,1600100,435676,1448468,1927404,91700,241460,63620,100196,0,0,163988,0,12,0,0,42484,0]
06-07 15:47:00.591 0 0 I [ 1538.719292] oom_reaper: reaped process 4434 (externalstorage), now anon-rss:0kB, file-rss:0kB, shmem-rss:456kB
06-07 15:47:00.600 1539 27312 I ActivityManager: Process com.android.externalstorage (pid 4434) has died: cch+45 CEM
06-07 15:47:00.600 1539 27312 I am_proc_died: [0,4434,com.android.externalstorage,945,19]
06-07 15:47:00.601 1539 27312 I am_uid_stopped: 10023
06-07 15:47:00.615 2711 2711 I auditd : type=1400 audit(0.0:3103425): avc: denied { read } for comm="event_loop" lport=13400 scontext=u:r:hht_ota_mgr:s0 tcontext=u:r:hht_ota_mgr:s0 tclass=udp_socket permissive=0
06-07 15:47:00.615 2711 2711 I auditd : type=1400 audit(0.0:3103426): avc: denied { read } for comm="event_loop" lport=13400 scontext=u:r:hht_ota_mgr:s0 tcontext=u:r:hht_ota_mgr:s0 tclass=udp_socket permissive=0
06-07 15:47:00.615 2711 2711 I auditd : type=1400 audit(0.0:3103427): avc: denied { read } for comm="event_loop" lport=13400 scontext=u:r:hht_ota_mgr:s0 tcontext=u:r:hht_ota_mgr:s0 tclass=udp_socket permissive=0
06-07 15:47:00.620 0 0 W [ 1538.748254] audit: audit_lost=3102601 audit_rate_limit=5 audit_backlog_limit=64
06-07 15:47:00.620 0 0 E [ 1538.748262] audit: rate limit exceeded
06-07 15:47:00.615 2711 2711 I auditd : type=1400 audit(0.0:3103428): avc: denied { read } for comm="event_loop" lport=13400 scontext=u:r:hht_ota_mgr:s0 tcontext=u:r:hht_ota_mgr:s0 tclass=udp_socket permissive=0
06-07 15:47:00.615 2711 2711 I auditd : type=1400 audit(0.0:3103429): avc: denied { read } for comm="event_loop" lport=13400 scontext=u:r:hht_ota_mgr:s0 tcontext=u:r:hht_ota_mgr:s0 tclass=udp_socket permissive=0
06-07 15:47:00.712 1539 27312 D CompatibilityChangeReporter: Compat change id reported: 135634846; UID 10096; state: DISABLED
06-07 15:47:00.712 1539 27312 D CompatibilityChangeReporter: Compat change id reported: 177438394; UID 10096; state: DISABLED
06-07 15:47:00.712 1539 27312 D CompatibilityChangeReporter: Compat change id reported: 135772972; UID 10096; state: DISABLED
06-07 15:47:00.712 1539 27312 D CompatibilityChangeReporter: Compat change id reported: 135754954; UID 10096; state: DISABLED
06-07 15:47:00.712 1539 1676 D CompatibilityChangeReporter: Compat change id reported: 143937733; UID 10096; state: DISABLED
06-07 15:47:00.728 1539 1676 I am_proc_start: [0,302,10096,com.tencent.tmgp.sgame,content provider,{com.tencent.tmgp.sgame/com.tencent.tpns.baseapi.base.SettingsContentProvider}]
06-07 15:47:00.729 1539 1676 I ActivityManager: Start proc 302:com.tencent.tmgp.sgame/u0a96 for content provider {com.tencent.tmgp.sgame/com.tencent.tpns.baseapi.base.SettingsContentProvider}
06-07 15:47:00.755 0 0 I [ 1538.882146] binder: 302:302 ioctl 40046210 7ff2b03764 returned -22
06-07 15:47:00.759 1539 27312 I am_proc_bound: [0,302,com.tencent.tmgp.sgame]
06-07 15:47:00.849 302 353 D ActivityThread: Loading provider com.tencent.tmgp.sgame.XG_SETTINGS_PROVIDER: com.tencent.tpns.baseapi.base.SettingsContentProvider
06-07 15:47:00.867 1539 27312 W ActivityManager: Background start not allowed: service Intent { act=com.tencent.android.xg.vip.action.keepalive cmp=com.tencent.tmgp.sgame/com.tencent.android.tpush.service.XGVipPushService } to com.tencent.tmgp.sgame/com.tencent.android.tpush.service.XGVipPushService from pid=302 uid=10096 pkg=com.tencent.tmgp.sgame startFg?=false
06-07 15:47:00.869 1539 27312 W ActivityManager: Background start not allowed: service Intent { cmp=com.tencent.tmgp.sgame/com.tencent.android.tpush.service.XGVipPushService } to com.tencent.tmgp.sgame/com.tencent.android.tpush.service.XGVipPushService from pid=302 uid=10096 pkg=com.tencent.tmgp.sgame startFg?=false
06-07 15:47:01.455 0 0 I : [ 1539.580610] read descriptors
06-07 15:47:01.456 0 0 I : [ 1539.580698] read strings
06-07 15:47:01.559 0 0 I [ 1539.687556] init: processing action (sys.network.tbox=0) from (/system/etc/init/dns_ts.rc:3)
06-07 15:47:01.560 0 0 I [ 1539.687672] init: starting service 'exec 75 (/system/bin/sh /system/bin/dns_ts.sh del 192.168.1.1 vlan1)'...
06-07 15:47:01.564 0 0 I [ 1539.689121] init: SVC_EXEC service 'exec 75 (/system/bin/sh /system/bin/dns_ts.sh del 192.168.1.1 vlan1)' pid 494 (uid 0 gid 0+0 context u:r:dns_ts_ip:s0) started; waiting...
06-07 15:47:01.583 0 0 I [ 1539.710956] init: Service 'exec 75 (/system/bin/sh /system/bin/dns_ts.sh del 192.168.1.1 vlan1)' (pid 494) exited with status 2 waiting took 0.022000 seconds
06-07 15:47:01.583 0 0 I [ 1539.710985] init: Sending signal 9 to service 'exec 75 (/system/bin/sh /system/bin/dns_ts.sh del 192.168.1.1 vlan1)' (pid 494) process group...
06-07 15:47:01.583 0 0 I [ 1539.711153] libprocessgroup: Successfully killed process cgroup uid 0 pid 494 in 0ms
06-07 15:47:01.612 518 518 I killinfo: [8713,1000,945,606,76416,-1,7896244,815696,3513828,66152,2728,30964,108244,4194300,4036440,1608992,433396,1449608,1936524,91700,241232,63680,100196,0,0,164456,0,4,0,0,38312,0]
06-07 15:47:01.616 0 0 I [ 1539.743153] binder: 8713:8733 ioctl c0306201 77685f89f8 returned -14
06-07 15:47:01.616 0 0 I [ 1539.743311] binder: 8713:8735 ioctl c0306201 77684fa9f8 returned -14
06-07 15:47:01.619 2711 2711 I auditd : type=1400 audit(0.0:3145151): avc: denied { read } for comm="event_loop" lport=13400 scontext=u:r:hht_ota_mgr:s0 tcontext=u:r:hht_ota_mgr:s0 tclass=udp_socket permissive=0
06-07 15:47:01.619 2711 2711 I auditd : type=1400 audit(0.0:3145152): avc: denied { read } for comm="event_loop" lport=13400 scontext=u:r:hht_ota_mgr:s0 tcontext=u:r:hht_ota_mgr:s0 tclass=udp_socket permissive=0
06-07 15:47:01.619 2711 2711 I auditd : type=1400 audit(0.0:3145153): avc: denied { read } for comm="event_loop" lport=13400 scontext=u:r:hht_ota_mgr:s0 tcontext=u:r:hht_ota_mgr:s0 tclass=udp_socket permissive=0
06-07 15:47:01.619 2711 2711 I auditd : type=1400 audit(0.0:3145154): avc: denied { read } for comm="event_loop" lport=13400 scontext=u:r:hht_ota_mgr:s0 tcontext=u:r:hht_ota_mgr:s0 tclass=udp_socket permissive=0
06-07 15:47:01.619 2711 2711 I auditd : type=1400 audit(0.0:3145155): avc: denied { read } for comm="event_loop" lport=13400 scontext=u:r:hht_ota_mgr:s0 tcontext=u:r:hht_ota_mgr:s0 tclass=udp_socket permissive=0
06-07 15:47:01.627 0 0 W [ 1539.752541] audit: audit_lost=3144322 audit_rate_limit=5 audit_backlog_limit=64
06-07 15:47:01.628 0 0 E [ 1539.752546] audit: rate limit exceeded
06-07 15:47:01.649 0 0 I [ 1539.773247] oom_reaper: reaped process 8713 (system:ui), now anon-rss:0kB, file-rss:0kB, shmem-rss:488kB
06-07 15:47:01.648 1539 2506 I ActivityManager: Process system:ui (pid 8713) has died: cch+45 CEM
06-07 15:47:01.649 1539 2506 I am_proc_died: [0,8713,system:ui,945,19]
06-07 15:47:01.650 1539 1658 W ActivityManager: setHasOverlayUi called on unknown pid: 8713
06-07 15:47:02.063 0 0 I [ 1540.189008] init: processing action (sys.network.wifi=1) from (/system/etc/init/dns_ts.rc:5)
06-07 15:47:02.064 0 0 I [ 1540.189211] init: starting service 'exec 76 (/system/bin/sh /system/bin/dns_ts.sh add 192.168.4.4 vlan4)'...
06-07 15:47:02.064 0 0 I [ 1540.191550] init: SVC_EXEC service 'exec 76 (/system/bin/sh /system/bin/dns_ts.sh add 192.168.4.4 vlan4)' pid 500 (uid 0 gid 0+0 context u:r:dns_ts_ip:s0) started; waiting...
06-07 15:47:02.083 0 0 I [ 1540.211350] init: Service 'exec 76 (/system/bin/sh /system/bin/dns_ts.sh add 192.168.4.4 vlan4)' (pid 500) exited with status 2 waiting took 0.020000 seconds
06-07 15:47:02.423 1539 2029 I ntp_failure: [time.android.com/216.239.35.4,java.net.SocketTimeoutException: Poll timed out]
06-07 15:47:02.491 0 0 I : [ 1540.616543] read descriptors
06-07 15:47:02.491 0 0 I : [ 1540.616630] read strings
06-07 15:47:02.619 2711 2711 I auditd : type=1400 audit(0.0:3186712): avc: denied { read } for comm="event_loop" lport=13400 scontext=u:r:hht_ota_mgr:s0 tcontext=u:r:hht_ota_mgr:s0 tclass=udp_socket permissive=0
06-07 15:47:02.623 2711 2711 I auditd : type=1400 audit(0.0:3186713): avc: denied { read } for comm="event_loop" lport=13400 scontext=u:r:hht_ota_mgr:s0 tcontext=u:r:hht_ota_mgr:s0 tclass=udp_socket permissive=0
06-07 15:47:02.628 0 0 W [ 1540.756257] audit: audit_lost=3185878 audit_rate_limit=5 audit_backlog_limit=64
06-07 15:47:02.628 0 0 E [ 1540.756263] audit: rate limit exceeded
06-07 15:47:02.623 2711 2711 I auditd : type=1400 audit(0.0:3186714): avc: denied { read } for comm="event_loop" lport=13400 scontext=u:r:hht_ota_mgr:s0 tcontext=u:r:hht_ota_mgr:s0 tclass=udp_socket permissive=0
06-07 15:47:02.623 2711 2711 I auditd : type=1400 audit(0.0:3186715): avc: denied { read } for comm="event_loop" lport=13400 scontext=u:r:hht_ota_mgr:s0 tcontext=u:r:hht_ota_mgr:s0 tclass=udp_socket permissive=0
06-07 15:47:02.623 2711 2711 I auditd : type=1400 audit(0.0:3186716): avc: denied { read } for comm="event_loop" lport=13400 scontext=u:r:hht_ota_mgr:s0 tcontext=u:r:hht_ota_mgr:s0 tclass=udp_socket permissive=0
06-07 15:47:02.650 518 518 I killinfo: [23330,10100,945,606,287276,-1,7896244,833236,3517560,66152,2728,30964,108244,4194300,4040744,1596908,427468,1450292,1939260,91940,241004,63020,99516,0,0,164456,0,4,0,0,4888,0]
06-07 15:47:02.699 0 0 I [ 1540.825427] oom_reaper: reaped process 23330 (m.kugou.android), now anon-rss:0kB, file-rss:16kB, shmem-rss:500kB
06-07 15:47:02.704 1539 2506 I ActivityManager: Process com.kugou.android (pid 23330) has died: cch+45 CEM
06-07 15:47:02.704 1539 2506 I am_proc_died: [0,23330,com.kugou.android,945,19]
06-07 15:47:02.704 1539 2506 I am_uid_stopped: 10100
06-07 15:47:03.523 0 0 I : [ 1541.648357] read descriptors
06-07 15:47:03.524 0 0 I : [ 1541.648452] read strings
06-07 15:47:03.623 2711 2711 I auditd : type=1400 audit(0.0:3227713): avc: denied { read } for comm="event_loop" lport=13400 scontext=u:r:hht_ota_mgr:s0 tcontext=u:r:hht_ota_mgr:s0 tclass=udp_socket permissive=0
06-07 15:47:03.627 2711 2711 I auditd : type=1400 audit(0.0:3227714): avc: denied { read } for comm="event_loop" lport=13400 scontext=u:r:hht_ota_mgr:s0 tcontext=u:r:hht_ota_mgr:s0 tclass=udp_socket permissive=0
06-07 15:47:03.627 2711 2711 I auditd : type=1400 audit(0.0:3227715): avc: denied { read } for comm="event_loop" lport=13400 scontext=u:r:hht_ota_mgr:s0 tcontext=u:r:hht_ota_mgr:s0 tclass=udp_socket permissive=0
06-07 15:47:03.627 2711 2711 I auditd : type=1400 audit(0.0:3227716): avc: denied { read } for comm="event_loop" lport=13400 scontext=u:r:hht_ota_mgr:s0 tcontext=u:r:hht_ota_mgr:s0 tclass=udp_socket permissive=0
06-07 15:47:03.627 2711 2711 I auditd : type=1400 audit(0.0:3227717): avc: denied { read } for comm="event_loop" lport=13400 scontext=u:r:hht_ota_mgr:s0 tcontext=u:r:hht_ota_mgr:s0 tclass=udp_socket permissive=0
06-07 15:47:03.632 0 0 W [ 1541.760190] audit: audit_lost=3226874 audit_rate_limit=5 audit_backlog_limit=64
06-07 15:47:03.632 0 0 E [ 1541.760195] audit: rate limit exceeded
06-07 15:47:03.692 518 518 I killinfo: [4020,10082,985,606,76024,-1,7896244,870448,3516420,66152,2728,30964,108244,4194300,4043656,1562024,427468,1449836,1939260,91940,240316,62660,98156,0,0,169928,0,4,0,0,41692,0]
06-07 15:47:03.723 0 0 I [ 1541.850116] oom_reaper: reaped process 4020 (m.android.music), now anon-rss:0kB, file-rss:0kB, shmem-rss:448kB
06-07 15:47:03.739 1539 2506 I ActivityManager: Process com.android.music (pid 4020) has died: cch+85 CEM
06-07 15:47:03.740 1539 2506 I am_proc_died: [0,4020,com.android.music,985,19]
06-07 15:47:03.740 1539 2506 I am_uid_stopped: 10082
06-07 15:47:03.744 1539 1658 W ActivityManager: setHasOverlayUi called on unknown pid: 4020
06-07 15:47:04.551 0 0 I : [ 1542.676387] read descriptors
06-07 15:47:04.551 0 0 I : [ 1542.676469] read strings
06-07 15:47:04.631 2711 2711 I auditd : type=1400 audit(0.0:3269196): avc: denied { read } for comm="event_loop" lport=13400 scontext=u:r:hht_ota_mgr:s0 tcontext=u:r:hht_ota_mgr:s0 tclass=udp_socket permissive=0
06-07 15:47:04.631 2711 2711 I auditd : type=1400 audit(0.0:3269197): avc: denied { read } for comm="event_loop" lport=13400 scontext=u:r:hht_ota_mgr:s0 tcontext=u:r:hht_ota_mgr:s0 tclass=udp_socket permissive=0
06-07 15:47:04.631 2711 2711 I auditd : type=1400 audit(0.0:3269198): avc: denied { read } for comm="event_loop" lport=13400 scontext=u:r:hht_ota_mgr:s0 tcontext=u:r:hht_ota_mgr:s0 tclass=udp_socket permissive=0
06-07 15:47:04.631 2711 2711 I auditd : type=1400 audit(0.0:3269199): avc: denied { read } for comm="event_loop" lport=13400 scontext=u:r:hht_ota_mgr:s0 tcontext=u:r:hht_ota_mgr:s0 tclass=udp_socket permissive=0
06-07 15:47:04.631 2711 2711 I auditd : type=1400 audit(0.0:3269200): avc: denied { read } for comm="event_loop" lport=13400 scontext=u:r:hht_ota_mgr:s0 tcontext=u:r:hht_ota_mgr:s0 tclass=udp_socket permissive=0
06-07 15:47:04.639 0 0 W [ 1542.764245] audit: audit_lost=3268352 audit_rate_limit=5 audit_backlog_limit=64
06-07 15:47:04.640 0 0 E [ 1542.764251] audit: rate limit exceeded
06-07 15:47:04.731 518 518 I killinfo: [2445,10062,955,606,30012,-1,7896244,875296,3517660,66152,2728,30964,108244,4194300,4046912,1563620,422452,1450292,1940172,91940,240088,62300,97136,0,0,170384,0,8,0,0,42584,0]
06-07 15:47:04.764 0 0 I [ 1542.892163] oom_reaper: reaped process 2445 (memode.provider), now anon-rss:0kB, file-rss:0kB, shmem-rss:436kB
06-07 15:47:04.772 1539 2506 I ActivityManager: Process com.thundercomm.gamemode.provider (pid 2445) has died: cch+55 CEM
06-07 15:47:04.772 1539 2506 I am_proc_died: [0,2445,com.thundercomm.gamemode.provider,955,19]
06-07 15:47:04.773 1539 2506 I am_uid_stopped: 10062
06-07 15:47:05.575 0 0 I : [ 1543.700731] read descriptors
06-07 15:47:05.576 0 0 I : [ 1543.700822] read strings
06-07 15:47:05.635 2711 2711 I auditd : type=1400 audit(0.0:3310751): avc: denied { read } for comm="event_loop" lport=13400 scontext=u:r:hht_ota_mgr:s0 tcontext=u:r:hht_ota_mgr:s0 tclass=udp_socket permissive=0
06-07 15:47:05.635 2711 2711 I auditd : type=1400 audit(0.0:3310752): avc: denied { read } for comm="event_loop" lport=13400 scontext=u:r:hht_ota_mgr:s0 tcontext=u:r:hht_ota_mgr:s0 tclass=udp_socket permissive=0
06-07 15:47:05.635 2711 2711 I auditd : type=1400 audit(0.0:3310753): avc: denied { read } for comm="event_loop" lport=13400 scontext=u:r:hht_ota_mgr:s0 tcontext=u:r:hht_ota_mgr:s0 tclass=udp_socket permissive=0
06-07 15:47:05.635 2711 2711 I auditd : type=1400 audit(0.0:3310754): avc: denied { read } for comm="event_loop" lport=13400 scontext=u:r:hht_ota_mgr:s0 tcontext=u:r:hht_ota_mgr:s0 tclass=udp_socket permissive=0
06-07 15:47:05.635 2711 2711 I auditd : type=1400 audit(0.0:3310755): avc: denied { read } for comm="event_loop" lport=13400 scontext=u:r:hht_ota_mgr:s0 tcontext=u:r:hht_ota_mgr:s0 tclass=udp_socket permissive=0
06-07 15:47:05.643 0 0 W [ 1543.768254] audit: audit_lost=3309902 audit_rate_limit=5 audit_backlog_limit=64
06-07 15:47:05.643 0 0 E [ 1543.768260] audit: rate limit exceeded
06-07 15:47:05.770 518 518 I killinfo: [5163,10057,945,606,29236,-1,7896244,875288,3519912,66152,2728,30964,108244,4194300,4048484,1564988,420628,1450064,1942452,91940,239392,62000,96116,0,0,170384,0,4,0,0,44988,0]
06-07 15:47:05.821 0 0 I [ 1543.944749] oom_reaper: reaped process 5163 (omm.timeservice), now anon-rss:0kB, file-rss:0kB, shmem-rss:436kB
06-07 15:47:05.824 1539 2058 I ActivityManager: Process com.qualcomm.timeservice (pid 5163) has died: cch+45 CEM
06-07 15:47:05.824 1539 2058 I am_proc_died: [0,5163,com.qualcomm.timeservice,945,19]
06-07 15:47:05.825 1539 2058 I am_uid_stopped: 10057
06-07 15:47:06.176 1539 1829 I netstats_mobile_sample: [0,0,0,0,0,0,0,0,0,0,0,0,1686124026176]
06-07 15:47:06.176 1539 1829 I netstats_wifi_sample: [28468748,23100,1815374,7415,28468748,23100,1815374,7415,29416681,28894,1669295,6698,1686124026176]
06-07 15:47:06.612 0 0 I : [ 1544.736370] read descriptors
06-07 15:47:06.612 0 0 I : [ 1544.736448] read strings
06-07 15:47:06.639 2711 2711 I auditd : type=1400 audit(0.0:3352119): avc: denied { read } for comm="event_loop" lport=13400 scontext=u:r:hht_ota_mgr:s0 tcontext=u:r:hht_ota_mgr:s0 tclass=udp_socket permissive=0
06-07 15:47:06.639 2711 2711 I auditd : type=1400 audit(0.0:3352120): avc: denied { read } for comm="event_loop" lport=13400 scontext=u:r:hht_ota_mgr:s0 tcontext=u:r:hht_ota_mgr:s0 tclass=udp_socket permissive=0
06-07 15:47:06.639 2711 2711 I auditd : type=1400 audit(0.0:3352121): avc: denied { read } for comm="event_loop" lport=13400 scontext=u:r:hht_ota_mgr:s0 tcontext=u:r:hht_ota_mgr:s0 tclass=udp_socket permissive=0
06-07 15:47:06.639 2711 2711 I auditd : type=1400 audit(0.0:3352122): avc: denied { read } for comm="event_loop" lport=13400 scontext=u:r:hht_ota_mgr:s0 tcontext=u:r:hht_ota_mgr:s0 tclass=udp_socket permissive=0
06-07 15:47:06.639 2711 2711 I auditd : type=1400 audit(0.0:3352123): avc: denied { read } for comm="event_loop" lport=13400 scontext=u:r:hht_ota_mgr:s0 tcontext=u:r:hht_ota_mgr:s0 tclass=udp_socket permissive=0
06-07 15:47:06.647 0 0 W [ 1544.772320] audit: audit_lost=3351265 audit_rate_limit=5 audit_backlog_limit=64
06-07 15:47:06.648 0 0 E [ 1544.772322] audit: rate limit exceeded
06-07 15:47:06.811 518 518 I killinfo: [4110,10028,935,606,46816,-1,7896244,885616,3519912,66152,2728,30964,108244,4194300,4050836,1557008,419488,1450064,1942452,91940,239160,61760,95096,0,0,170612,0,8,0,0,40360,0]
06-07 15:47:06.844 0 0 I [ 1544.970371] oom_reaper: reaped process 4110 (viders.calendar), now anon-rss:0kB, file-rss:0kB, shmem-rss:440kB
06-07 15:47:06.856 1539 2058 I ActivityManager: Process com.android.providers.calendar (pid 4110) has died: cch+35 CEM
06-07 15:47:06.857 1539 2058 I am_proc_died: [0,4110,com.android.providers.calendar,935,19]
06-07 15:47:06.858 1539 2058 I am_uid_stopped: 10028
06-07 15:47:07.436 1539 2029 I ntp_failure: [time.android.com/216.239.35.12,java.net.SocketTimeoutException: Poll timed out]
06-07 15:47:07.647 0 0 I : [ 1545.772388] read descriptors
06-07 15:47:07.647 0 0 I : [ 1545.772475] read strings
06-07 15:47:07.643 2711 2711 I auditd : type=1400 audit(0.0:3393628): avc: denied { read } for comm="event_loop" lport=13400 scontext=u:r:hht_ota_mgr:s0 tcontext=u:r:hht_ota_mgr:s0 tclass=udp_socket permissive=0
06-07 15:47:07.643 2711 2711 I auditd : type=1400 audit(0.0:3393629): avc: denied { read } for comm="event_loop" lport=13400 scontext=u:r:hht_ota_mgr:s0 tcontext=u:r:hht_ota_mgr:s0 tclass=udp_socket permissive=0
06-07 15:47:07.643 2711 2711 I auditd : type=1400 audit(0.0:3393630): avc: denied { read } for comm="event_loop" lport=13400 scontext=u:r:hht_ota_mgr:s0 tcontext=u:r:hht_ota_mgr:s0 tclass=udp_socket permissive=0
06-07 15:47:07.643 2711 2711 I auditd : type=1400 audit(0.0:3393631): avc: denied { read } for comm="event_loop" lport=13400 scontext=u:r:hht_ota_mgr:s0 tcontext=u:r:hht_ota_mgr:s0 tclass=udp_socket permissive=0
06-07 15:47:07.643 2711 2711 I auditd : type=1400 audit(0.0:3393632): avc: denied { read } for comm="event_loop" lport=13400 scontext=u:r:hht_ota_mgr:s0 tcontext=u:r:hht_ota_mgr:s0 tclass=udp_socket permissive=0
06-07 15:47:07.651 0 0 W [ 1545.776234] audit: audit_lost=3392769 audit_rate_limit=5 audit_backlog_limit=64
06-07 15:47:07.651 0 0 E [ 1545.776238] audit: rate limit exceeded
06-07 15:47:07.855 518 518 I killinfo: [13817,10095,935,606,255896,-1,7896244,887336,3521604,66152,2728,30964,108244,4194300,4051724,1559060,416296,1450292,1943592,91940,238472,61520,94076,0,0,170612,0,0,0,0,11540,0]
06-07 15:47:07.914 0 0 I [ 1546.031236] oom_reaper: reaped process 13817 (.ugc.aweme:push), now anon-rss:0kB, file-rss:1288kB, shmem-rss:732kB
06-07 15:47:07.919 1539 2929 I ActivityManager: Process com.ss.android.ugc.aweme:push (pid 13817) has died: cch+35 CEM
06-07 15:47:07.920 1539 2929 I am_proc_died: [0,13817,com.ss.android.ugc.aweme:push,935,19]
06-07 15:47:07.922 1539 2929 W ActivityManager: Scheduling restart of crashed service com.ss.android.ugc.aweme/com.bytedance.common.process.service.CrossProcessServiceForPush in 1000ms for connection
06-07 15:47:07.922 1539 2929 I am_schedule_service_restart: [0,com.ss.android.ugc.aweme/com.bytedance.common.process.service.CrossProcessServiceForPush,1000]
06-07 15:47:07.922 1539 2929 W ActivityManager: Scheduling restart of crashed service com.ss.android.ugc.aweme/.impl.ListenMainProcessService in 11000ms for connection
06-07 15:47:07.922 1539 2929 I am_schedule_service_restart: [0,com.ss.android.ugc.aweme/.impl.ListenMainProcessService,11000]
06-07 15:47:07.922 1539 2929 W ActivityManager: Scheduling restart of crashed service com.ss.android.ugc.aweme/com.ss.android.message.NotifyService in 21000ms for connection
06-07 15:47:07.922 1539 2929 I am_schedule_service_restart: [0,com.ss.android.ugc.aweme/com.ss.android.message.NotifyService,21000]
06-07 15:47:08.643 2711 2711 I auditd : type=1400 audit(0.0:3434761): avc: denied { read } for comm="event_loop" lport=13400 scontext=u:r:hht_ota_mgr:s0 tcontext=u:r:hht_ota_mgr:s0 tclass=udp_socket permissive=0
06-07 15:47:08.647 2711 2711 I auditd : type=1400 audit(0.0:3434762): avc: denied { read } for comm="event_loop" lport=13400 scontext=u:r:hht_ota_mgr:s0 tcontext=u:r:hht_ota_mgr:s0 tclass=udp_socket permissive=0
06-07 15:47:08.647 2711 2711 I auditd : type=1400 audit(0.0:3434763): avc: denied { read } for comm="event_loop" lport=13400 scontext=u:r:hht_ota_mgr:s0 tcontext=u:r:hht_ota_mgr:s0 tclass=udp_socket permissive=0
06-07 15:47:08.647 2711 2711 I auditd : type=1400 audit(0.0:3434764): avc: denied { read } for comm="event_loop" lport=13400 scontext=u:r:hht_ota_mgr:s0 tcontext=u:r:hht_ota_mgr:s0 tclass=udp_socket permissive=0
06-07 15:47:08.647 2711 2711 I auditd : type=1400 audit(0.0:3434765): avc: denied { read } for comm="event_loop" lport=13400 scontext=u:r:hht_ota_mgr:s0 tcontext=u:r:hht_ota_mgr:s0 tclass=udp_socket permissive=0
06-07 15:47:08.655 0 0 W [ 1546.780230] audit: audit_lost=3433897 audit_rate_limit=5 audit_backlog_limit=64
06-07 15:47:08.655 0 0 E [ 1546.780239] audit: rate limit exceeded
06-07 15:47:08.679 0 0 I : [ 1546.804417] read descriptors
06-07 15:47:08.680 0 0 I : [ 1546.804499] read strings
06-07 15:47:08.892 518 518 I killinfo: [8142,10020,930,606,110724,-1,7896244,931632,3523076,66152,2728,30964,108244,4194300,4055644,1529192,406264,1450520,1944960,91940,237784,60200,92376,0,0,177680,0,0,0,0,31876,0]
06-07 15:47:08.929 1539 1675 D CompatibilityChangeReporter: Compat change id reported: 135634846; UID 10095; state: DISABLED
06-07 15:47:08.931 1539 1676 D CompatibilityChangeReporter: Compat change id reported: 143937733; UID 10095; state: DISABLED
06-07 15:47:08.935 0 0 I [ 1547.059104] oom_reaper: reaped process 8142 (oid.documentsui), now anon-rss:0kB, file-rss:0kB, shmem-rss:736kB
06-07 15:47:08.941 1539 32657 I WindowManager: WIN DEATH: Window{15f3893 u0 com.android.documentsui/com.android.documentsui.files.FilesActivity}
06-07 15:47:08.942 1539 1774 I ActivityManager: Process com.android.documentsui (pid 8142) has died: cch+30 CAC
06-07 15:47:08.943 1539 1774 I am_proc_died: [0,8142,com.android.documentsui,930,16]
06-07 15:47:08.945 1539 1774 I am_uid_stopped: 10020
06-07 15:47:08.951 1539 1658 W ActivityManager: setHasOverlayUi called on unknown pid: 8142
06-07 15:47:08.952 1539 1671 W UsageStatsService: Unexpected activity event reported! (com.android.documentsui/com.android.documentsui.files.FilesActivity event : 23 instanceId : 221783021)
06-07 15:47:08.952 1539 1676 I am_proc_start: [0,543,10095,com.ss.android.ugc.aweme:push,service,{com.ss.android.ugc.aweme/com.bytedance.common.process.service.CrossProcessServiceForPush}]
06-07 15:47:08.952 1539 1676 I ActivityManager: Start proc 543:com.ss.android.ugc.aweme:push/u0a95 for service {com.ss.android.ugc.aweme/com.bytedance.common.process.service.CrossProcessServiceForPush}
06-07 15:47:08.980 0 0 I [ 1547.108344] binder: 543:543 ioctl 40046210 ff881858 returned -22
06-07 15:47:08.983 1539 1774 I am_proc_bound: [0,543,com.ss.android.ugc.aweme:push]
06-07 15:47:09.631 1539 3014 I am_mem_factor: [1,3]
06-07 15:47:09.651 2711 2711 I auditd : type=1400 audit(0.0:3475712): avc: denied { read } for comm="event_loop" lport=13400 scontext=u:r:hht_ota_mgr:s0 tcontext=u:r:hht_ota_mgr:s0 tclass=udp_socket permissive=0
06-07 15:47:09.651 2711 2711 I auditd : type=1400 audit(0.0:3475713): avc: denied { read } for comm="event_loop" lport=13400 scontext=u:r:hht_ota_mgr:s0 tcontext=u:r:hht_ota_mgr:s0 tclass=udp_socket permissive=0
06-07 15:47:09.651 2711 2711 I auditd : type=1400 audit(0.0:3475714): avc: denied { read } for comm="event_loop" lport=13400 scontext=u:r:hht_ota_mgr:s0 tcontext=u:r:hht_ota_mgr:s0 tclass=udp_socket permissive=0
06-07 15:47:09.651 2711 2711 I auditd : type=1400 audit(0.0:3475715): avc: denied { read } for comm="event_loop" lport=13400 scontext=u:r:hht_ota_mgr:s0 tcontext=u:r:hht_ota_mgr:s0 tclass=udp_socket permissive=0
06-07 15:47:09.651 2711 2711 I auditd : type=1400 audit(0.0:3475716): avc: denied { read } for comm="event_loop" lport=13400 scontext=u:r:hht_ota_mgr:s0 tcontext=u:r:hht_ota_mgr:s0 tclass=udp_socket permissive=0
06-07 15:47:09.659 0 0 W [ 1547.784245] audit: audit_lost=3474843 audit_rate_limit=5 audit_backlog_limit=64
06-07 15:47:09.660 0 0 E [ 1547.784249] audit: rate limit exceeded
06-07 15:47:09.716 0 0 I : [ 1547.840480] read descriptors
06-07 15:47:09.716 0 0 I : [ 1547.840573] read strings
06-07 15:47:09.928 518 518 I killinfo: [302,10096,935,606,97300,-1,7896244,887440,3536388,66200,2736,30736,108244,4194300,4060196,1569776,396688,1452800,1956360,91940,237552,61280,92716,0,0,178136,0,0,0,0,1844,0]
06-07 15:47:09.971 0 0 I [ 1548.084767] oom_reaper: reaped process 302 (cent.tmgp.sgame), now anon-rss:0kB, file-rss:0kB, shmem-rss:436kB
06-07 15:47:09.977 1539 3014 I ActivityManager: Process com.tencent.tmgp.sgame (pid 302) has died: cch+35 CEM
06-07 15:47:09.977 1539 3014 I am_proc_died: [0,302,com.tencent.tmgp.sgame,935,19]
06-07 15:47:09.981 1539 3014 I am_mem_factor: [3,1]
06-07 15:47:10.372 1539 542 W ActivityManager: Unable to start service Intent { act=com.bun.msa.action.start.service cmp=com.mdid.msa/.service.MsaKlService (has extras) } U=0: not found
06-07 15:47:10.395 1539 542 W ActivityManager: Unable to start service Intent { act=com.bun.msa.action.bindto.service cmp=com.mdid.msa/.service.MsaIdService (has extras) } U=0: not found
06-07 15:47:10.655 2711 2711 I auditd : type=1400 audit(0.0:3516634): avc: denied { read } for comm="event_loop" lport=13400 scontext=u:r:hht_ota_mgr:s0 tcontext=u:r:hht_ota_mgr:s0 tclass=udp_socket permissive=0
06-07 15:47:10.655 2711 2711 I auditd : type=1400 audit(0.0:3516635): avc: denied { read } for comm="event_loop" lport=13400 scontext=u:r:hht_ota_mgr:s0 tcontext=u:r:hht_ota_mgr:s0 tclass=udp_socket permissive=0
06-07 15:47:10.655 2711 2711 I auditd : type=1400 audit(0.0:3516636): avc: denied { read } for comm="event_loop" lport=13400 scontext=u:r:hht_ota_mgr:s0 tcontext=u:r:hht_ota_mgr:s0 tclass=udp_socket permissive=0
06-07 15:47:10.655 2711 2711 I auditd : type=1400 audit(0.0:3516637): avc: denied { read } for comm="event_loop" lport=13400 scontext=u:r:hht_ota_mgr:s0 tcontext=u:r:hht_ota_mgr:s0 tclass=udp_socket permissive=0
06-07 15:47:10.655 2711 2711 I auditd : type=1400 audit(0.0:3516638): avc: denied { read } for comm="event_loop" lport=13400 scontext=u:r:hht_ota_mgr:s0 tcontext=u:r:hht_ota_mgr:s0 tclass=udp_socket permissive=0
06-07 15:47:10.663 0 0 W [ 1548.788229] audit: audit_lost=3515760 audit_rate_limit=5 audit_backlog_limit=64
06-07 15:47:10.663 0 0 E [ 1548.788234] audit: rate limit exceeded
06-07 15:47:10.767 0 0 I : [ 1548.894290] read descriptors
06-07 15:47:10.767 0 0 I : [ 1548.894366] read strings
06-07 15:47:10.981 518 518 I killinfo: [6044,10024,935,606,107196,-1,7896244,897396,3539552,66208,2736,30508,108244,4194300,4060240,1557464,396232,1453256,1959096,92176,237320,61100,92036,0,0,178364,0,4,0,0,47688,0]
06-07 15:47:11.008 0 0 I [ 1549.135545] oom_reaper: reaped process 6044 (:wxa_container0), now anon-rss:0kB, file-rss:888kB, shmem-rss:576kB
06-07 15:47:11.017 1539 1774 I ActivityManager: Process com.tencent.android.qqdownloader:wxa_container0 (pid 6044) has died: cch+35 CEM
06-07 15:47:11.017 1539 1774 I am_proc_died: [0,6044,com.tencent.android.qqdownloader:wxa_container0,935,19]
06-07 15:47:11.018 1539 1774 W ActivityManager: Scheduling restart of crashed service com.tencent.android.qqdownloader/com.tencent.luggage.services.WxaProxy_WxaIPCContainerService0 in 1000ms for connection
06-07 15:47:11.018 1539 1774 I am_schedule_service_restart: [0,com.tencent.android.qqdownloader/com.tencent.luggage.services.WxaProxy_WxaIPCContainerService0,1000]
06-07 15:47:11.659 2711 2711 I auditd : type=1400 audit(0.0:3557978): avc: denied { read } for comm="event_loop" lport=13400 scontext=u:r:hht_ota_mgr:s0 tcontext=u:r:hht_ota_mgr:s0 tclass=udp_socket permissive=0
06-07 15:47:11.659 2711 2711 I auditd : type=1400 audit(0.0:3557979): avc: denied { read } for comm="event_loop" lport=13400 scontext=u:r:hht_ota_mgr:s0 tcontext=u:r:hht_ota_mgr:s0 tclass=udp_socket permissive=0
06-07 15:47:11.659 2711 2711 I auditd : type=1400 audit(0.0:3557980): avc: denied { read } for comm="event_loop" lport=13400 scontext=u:r:hht_ota_mgr:s0 tcontext=u:r:hht_ota_mgr:s0 tclass=udp_socket permissive=0
06-07 15:47:11.659 2711 2711 I auditd : type=1400 audit(0.0:3557981): avc: denied { read } for comm="event_loop" lport=13400 scontext=u:r:hht_ota_mgr:s0 tcontext=u:r:hht_ota_mgr:s0 tclass=udp_socket permissive=0
06-07 15:47:11.659 2711 2711 I auditd : type=1400 audit(0.0:3557982): avc: denied { read } for comm="event_loop" lport=13400 scontext=u:r:hht_ota_mgr:s0 tcontext=u:r:hht_ota_mgr:s0 tclass=udp_socket permissive=0
06-07 15:47:11.667 0 0 W [ 1549.792267] audit: audit_lost=3557099 audit_rate_limit=5 audit_backlog_limit=64
06-07 15:47:11.667 0 0 E [ 1549.792274] audit: rate limit exceeded
06-07 15:47:11.831 0 0 I : [ 1549.956398] read descriptors
06-07 15:47:11.832 0 0 I : [ 1549.956490] read strings
06-07 15:47:12.036 518 518 I killinfo: [12227,10095,920,606,478368,-1,7896244,982172,3549168,66208,2736,30508,108244,4194300,4063220,1486784,384376,1455308,1960008,92404,236860,59660,90336,0,0,179048,0,0,0,0,3128,0]
06-07 15:47:12.040 0 0 I [ 1550.168389] init: Untracked pid 13208 exited with status 0
06-07 15:47:12.083 0 0 I [ 1550.211554] oom_reaper: reaped process 12227 (droid.ugc.aweme), now anon-rss:0kB, file-rss:11272kB, shmem-rss:7292kB
06-07 15:47:12.132 1539 27183 I ActivityManager: Process com.ss.android.ugc.aweme (pid 12227) has died: cch+20 CRE
06-07 15:47:12.132 1539 27183 I am_proc_died: [0,12227,com.ss.android.ugc.aweme,920,18]
06-07 15:47:12.139 1539 27183 W ActivityManager: Scheduling restart of crashed service com.ss.android.ugc.aweme/com.bytedance.apm6.traffic.TrafficTransportService in 1000ms for connection
06-07 15:47:12.140 1539 27183 I am_schedule_service_restart: [0,com.ss.android.ugc.aweme/com.bytedance.apm6.traffic.TrafficTransportService,1000]
06-07 15:47:12.140 1539 27183 W ActivityManager: Scheduling restart of crashed service com.ss.android.ugc.aweme/com.bytedance.common.process.service.CrossProcessServiceForMain in 11000ms for connection
06-07 15:47:12.140 1539 27183 I am_schedule_service_restart: [0,com.ss.android.ugc.aweme/com.bytedance.common.process.service.CrossProcessServiceForMain,11000]
06-07 15:47:12.140 1539 27183 I ActivityManager: Killing 12983:com.android.webview:sandboxed_process0:org.chromium.content.app.SandboxedProcessService0:0/u0a95i1 (adj 0): isolated not needed
06-07 15:47:12.140 1539 27183 I am_kill : [0,12983,com.android.webview:sandboxed_process0:org.chromium.content.app.SandboxedProcessService0:0,0,isolated not needed]
06-07 15:47:12.144 1539 524 W ActivityManager: Background start not allowed: service Intent { cmp=com.ss.android.ugc.aweme/com.bytedance.common.wschannel.server.WsChannelService } to com.ss.android.ugc.aweme/com.bytedance.common.wschannel.server.WsChannelService from pid=543 uid=10095 pkg=com.ss.android.ugc.aweme startFg?=false
06-07 15:47:12.144 1539 1658 W ActivityManager: setHasOverlayUi called on unknown pid: 12227
06-07 15:47:12.172 1539 524 I am_proc_died: [0,12983,com.android.webview:sandboxed_process0:org.chromium.content.app.SandboxedProcessService0:0,0,10]
06-07 15:47:12.173 1539 524 I am_uid_stopped: 99001
06-07 15:47:12.190 1539 1694 E KernelCpuSpeedReader: Failed to read cpu-freq: /sys/devices/system/cpu/cpu4/cpufreq/stats/time_in_state: open failed: ENOENT (No such file or directory)
06-07 15:47:12.190 1539 1694 E KernelCpuSpeedReader: Failed to read cpu-freq: /sys/devices/system/cpu/cpu0/cpufreq/stats/time_in_state: open failed: ENOENT (No such file or directory)
06-07 15:47:12.190 1539 1694 D KernelCpuUidUserSysTimeReader: Removing uids 99002-99002
06-07 15:47:12.443 1539 2029 I ntp_failure: [time.android.com/216.239.35.0,java.net.SocketTimeoutException: Poll timed out]
06-07 15:47:12.663 2711 2711 I auditd : type=1400 audit(0.0:3598641): avc: denied { read } for comm="event_loop" lport=13400 scontext=u:r:hht_ota_mgr:s0 tcontext=u:r:hht_ota_mgr:s0 tclass=udp_socket permissive=0
06-07 15:47:12.663 2711 2711 I auditd : type=1400 audit(0.0:3598642): avc: denied { read } for comm="event_loop" lport=13400 scontext=u:r:hht_ota_mgr:s0 tcontext=u:r:hht_ota_mgr:s0 tclass=udp_socket permissive=0
06-07 15:47:12.663 2711 2711 I auditd : type=1400 audit(0.0:3598643): avc: denied { read } for comm="event_loop" lport=13400 scontext=u:r:hht_ota_mgr:s0 tcontext=u:r:hht_ota_mgr:s0 tclass=udp_socket permissive=0
06-07 15:47:12.663 2711 2711 I auditd : type=1400 audit(0.0:3598644): avc: denied { read } for comm="event_loop" lport=13400 scontext=u:r:hht_ota_mgr:s0 tcontext=u:r:hht_ota_mgr:s0 tclass=udp_socket permissive=0
06-07 15:47:12.663 2711 2711 I auditd : type=1400 audit(0.0:3598645): avc: denied { read } for comm="event_loop" lport=13400 scontext=u:r:hht_ota_mgr:s0 tcontext=u:r:hht_ota_mgr:s0 tclass=udp_socket permissive=0
06-07 15:47:12.671 0 0 W [ 1550.796219] audit: audit_lost=3597757 audit_rate_limit=5 audit_backlog_limit=64
06-07 15:47:12.671 0 0 E [ 1550.796227] audit: rate limit exceeded
06-07 15:47:12.851 0 0 I : [ 1550.976794] read descriptors
06-07 15:47:12.851 0 0 I : [ 1550.976886] read strings
06-07 15:47:12.944 0 0 I [ 1551.072557] binder: 3222:3584 transaction failed 29189/-22, size 304-8 line 3071
06-07 15:47:13.048 518 518 I killinfo: [9851,10065,920,606,86636,-1,7896244,1242272,3545520,66208,2736,27088,108244,4194300,4064316,1282952,336724,1456676,1958640,92404,235024,55220,85576,0,0,245168,0,0,0,0,35756,0]
06-07 15:47:13.078 0 0 I [ 1551.201102] oom_reaper: reaped process 9851 (droid.gallery3d), now anon-rss:0kB, file-rss:4kB, shmem-rss:448kB
06-07 15:47:13.081 1539 790 I ActivityManager: Process com.android.gallery3d (pid 9851) has died: cch+20 CAC
06-07 15:47:13.082 1539 790 I am_proc_died: [0,9851,com.android.gallery3d,920,16]
06-07 15:47:13.082 1539 29138 I WindowManager: WIN DEATH: Window{20ae5ad u0 com.android.gallery3d/com.android.gallery3d.app.MovieActivity}
06-07 15:47:13.085 1539 790 I am_uid_stopped: 10065
06-07 15:47:13.087 1539 1658 W ActivityManager: setHasOverlayUi called on unknown pid: 9851
06-07 15:47:13.087 1539 1671 W UsageStatsService: Unexpected activity event reported! (com.android.gallery3d/com.android.gallery3d.app.MovieActivity event : 23 instanceId : 28018394)
06-07 15:47:13.142 1539 1675 D CompatibilityChangeReporter: Compat change id reported: 135634846; UID 10095; state: DISABLED
06-07 15:47:13.142 1539 1676 D CompatibilityChangeReporter: Compat change id reported: 143937733; UID 10095; state: DISABLED
06-07 15:47:13.156 1539 1676 I am_proc_start: [0,797,10095,com.ss.android.ugc.aweme,service,{com.ss.android.ugc.aweme/com.bytedance.apm6.traffic.TrafficTransportService}]
06-07 15:47:13.156 1539 1676 I ActivityManager: Start proc 797:com.ss.android.ugc.aweme/u0a95 for service {com.ss.android.ugc.aweme/com.bytedance.apm6.traffic.TrafficTransportService}
06-07 15:47:13.183 0 0 I [ 1551.310602] binder: 797:797 ioctl 40046210 ff881858 returned -22
06-07 15:47:13.187 1539 790 I am_proc_bound: [0,797,com.ss.android.ugc.aweme]
06-07 15:47:13.663 2711 2711 I auditd : type=1400 audit(0.0:3639833): avc: denied { read } for comm="event_loop" lport=13400 scontext=u:r:hht_ota_mgr:s0 tcontext=u:r:hht_ota_mgr:s0 tclass=udp_socket permissive=0
06-07 15:47:13.667 2711 2711 I auditd : type=1400 audit(0.0:3639834): avc: denied { read } for comm="event_loop" lport=13400 scontext=u:r:hht_ota_mgr:s0 tcontext=u:r:hht_ota_mgr:s0 tclass=udp_socket permissive=0
06-07 15:47:13.667 2711 2711 I auditd : type=1400 audit(0.0:3639835): avc: denied { read } for comm="event_loop" lport=13400 scontext=u:r:hht_ota_mgr:s0 tcontext=u:r:hht_ota_mgr:s0 tclass=udp_socket permissive=0
06-07 15:47:13.667 2711 2711 I auditd : type=1400 audit(0.0:3639836): avc: denied { read } for comm="event_loop" lport=13400 scontext=u:r:hht_ota_mgr:s0 tcontext=u:r:hht_ota_mgr:s0 tclass=udp_socket permissive=0
06-07 15:47:13.667 2711 2711 I auditd : type=1400 audit(0.0:3639837): avc: denied { read } for comm="event_loop" lport=13400 scontext=u:r:hht_ota_mgr:s0 tcontext=u:r:hht_ota_mgr:s0 tclass=udp_socket permissive=0
06-07 15:47:13.675 0 0 W [ 1551.800222] audit: audit_lost=3638944 audit_rate_limit=5 audit_backlog_limit=64
06-07 15:47:13.675 0 0 E [ 1551.800227] audit: rate limit exceeded
06-07 15:47:13.868 0 0 I : [ 1551.996381] read descriptors
06-07 15:47:13.868 0 0 I : [ 1551.996455] read strings
06-07 15:47:13.939 1539 29138 I am_mem_factor: [2,3]
06-07 15:47:14.098 0 0 I [ 1552.224509] binder: 16526:16823 ioctl c0306201 76c43e89f8 returned -14
06-07 15:47:14.098 0 0 I [ 1552.226407] binder: 16526:17233 ioctl c0306201 76aba1f9f8 returned -14
06-07 15:47:14.103 0 0 I [ 1552.229847] binder: 16526:17333 ioctl c0306201 76ac3449f8 returned -14
06-07 15:47:14.103 518 518 I killinfo: [16526,10099,910,606,138128,-1,7896244,1167244,3570664,66212,2748,26860,108244,4194300,4067236,1344968,329656,1462604,1977336,92404,234336,56480,85916,0,0,246308,0,8,0,0,20560,0]
06-07 15:47:14.135 0 0 I [ 1552.256241] oom_reaper: reaped process 16526 (ideo:downloader), now anon-rss:0kB, file-rss:464kB, shmem-rss:652kB
06-07 15:47:14.136 1539 29138 I ActivityManager: Process com.qiyi.video:downloader (pid 16526) has died: cch+10 CACC
06-07 15:47:14.137 1539 29138 I am_proc_died: [0,16526,com.qiyi.video:downloader,910,17]
06-07 15:47:14.138 1539 29138 W ActivityManager: Scheduling restart of crashed service com.qiyi.video/com.iqiyi.video.download.filedownload.QiyiDownloadCoreService in 1000ms for connection
06-07 15:47:14.138 1539 29138 I am_schedule_service_restart: [0,com.qiyi.video/com.iqiyi.video.download.filedownload.QiyiDownloadCoreService,1000]
06-07 15:47:14.138 1539 29138 W ActivityManager: Scheduling restart of crashed service com.qiyi.video/com.iqiyi.video.download.QiyiDownloadCenterService in 11000ms for connection
06-07 15:47:14.138 1539 29138 I am_schedule_service_restart: [0,com.qiyi.video/com.iqiyi.video.download.QiyiDownloadCenterService,11000]
06-07 15:47:14.138 1539 29138 I am_mem_factor: [3,2]
06-07 15:47:14.240 1539 1844 I GameModeConfig: isGameModeOn = false
06-07 15:47:14.240 1539 1844 I GameModeConfig: isGameModeOn = false
06-07 15:47:14.241 1539 29138 D CompatibilityChangeReporter: Compat change id reported: 135634846; UID 10099; state: DISABLED
