06-07 15:24:52.719 1539 2058 D ActivityTaskManager: TaskLaunchParamsModifier:task=null activity=ActivityRecord{58c1b0d u0 com.android.documentsui/.LauncherActivity taskAffinity=10020:com.android.documentsui t-1} display-area-from-source=DefaultTaskDisplayArea@11319769 display-id=0 display-windowing-mode=1 suggested-display-area=DefaultTaskDisplayArea@11319769 inherit-from-source=fullscreen activity-options-fullscreen=Rect(0, 0 - 0, 0) non-freeform-display display-area=DefaultTaskDisplayArea@11319769
06-07 15:24:52.719 1539 2058 W ActivityTaskManager: Can't find TaskDisplayArea to determine support for multi window. Task id=114 attached=false
06-07 15:24:52.720 1539 2058 D ActivityTaskManager: TaskLaunchParamsModifier:task=Task{5f3aac2 #114 type=standard A=10020:com.android.documentsui U=0 visible=false mode=fullscreen translucent=true sz=0 visible freeform task=true rootAffinity=10020:com.android.documentsui isMini=false} activity=ActivityRecord{58c1b0d u0 com.android.documentsui/.LauncherActivity taskAffinity=10020:com.android.documentsui t-1} display-area-from-source=DefaultTaskDisplayArea@11319769 display-id=0 display-windowing-mode=1 suggested-display-area=DefaultTaskDisplayArea@11319769 inherit-from-source=fullscreen activity-options-fullscreen=Rect(0, 0 - 0, 0) non-freeform-display display-area=DefaultTaskDisplayArea@11319769
06-07 15:24:52.720 1539 2058 D CompatibilityChangeReporter: Compat change id reported: 174042980; UID 10020; state: DISABLED
06-07 15:24:52.721 1539 2058 D CompatibilityChangeReporter: Compat change id reported: 184838306; UID 10020; state: DISABLED
06-07 15:24:52.721 1539 2058 D CompatibilityChangeReporter: Compat change id reported: 185004937; UID 10020; state: DISABLED
06-07 15:24:52.721 1539 2058 D CompatibilityChangeReporter: Compat change id reported: 181136395; UID 10020; state: DISABLED
06-07 15:24:52.721 1539 2058 D CompatibilityChangeReporter: Compat change id reported: 174042936; UID 10020; state: DISABLED
06-07 15:24:52.722 1539 2058 D CompatibilityChangeReporter: Compat change id reported: 168419799; UID 10020; state: DISABLED
06-07 15:24:52.725 1539 1658 D CompatibilityChangeReporter: Compat change id reported: 135634846; UID 10020; state: DISABLED
06-07 15:24:52.725 1539 1658 D CompatibilityChangeReporter: Compat change id reported: 177438394; UID 10020; state: DISABLED
06-07 15:24:52.725 1539 1658 D CompatibilityChangeReporter: Compat change id reported: 135772972; UID 10020; state: DISABLED
06-07 15:24:52.725 1539 1658 D CompatibilityChangeReporter: Compat change id reported: 135754954; UID 10020; state: ENABLED
06-07 15:24:52.726 1539 1676 D CompatibilityChangeReporter: Compat change id reported: 143937733; UID 10020; state: ENABLED
06-07 15:24:52.726 1539 2929 I ActivityTaskManager: FOREGROUND_APPLICATION_CHANGED to com.android.documentsui.files.LauncherActivity
06-07 15:24:52.732 1539 1676 I ActivityManager: Start proc 8142:com.android.documentsui/u0a20 for pre-top-activity {com.android.documentsui/com.android.documentsui.LauncherActivity}
06-07 15:24:52.732 1539 8143 W ContextImpl: Calling a method in the system process without a qualified user: android.app.ContextImpl.sendBroadcast:1173 com.qualcomm.qti.Performance$SendGameLaunchBroadcast.run:217 java.lang.Thread.run:920
06-07 15:24:52.741 0 0 I [ 210.120620] binder: 8142:8142 ioctl 40046210 7ff2b03764 returned -22
06-07 15:24:52.780 1539 5969 I thunderperf: PlatormCompat.setOverrides: Uid1=10020 Pid1=8142 Uid2=10020 Pid2=8142
06-07 15:24:52.780 1539 5969 I thunderperf: PlatormCompat.setOverrides: needCheck:false
06-07 15:24:52.780 1539 5969 I thunderperf: CompatConfig.addOverrideUnsafe: bef-state=1
06-07 15:24:52.780 1539 5969 E thunderperf: CompatConfig.addOverrideUnsafe: exception:java.lang.SecurityException: Cannot override a change on a non-debuggable app and user build.
06-07 15:24:52.780 1539 5969 I thunderperf: CompatConfig.addOverrideUnsafe: aft-state=1
06-07 15:24:52.781 1539 5969 I thunderperf: CompatConfig.addOverrideUnsafe: bef-state=1
06-07 15:24:52.781 1539 5969 E thunderperf: CompatConfig.addOverrideUnsafe: exception:java.lang.SecurityException: Cannot override a change on a non-debuggable app and user build.
06-07 15:24:52.781 1539 5969 I thunderperf: CompatConfig.addOverrideUnsafe: aft-state=1
06-07 15:24:52.781 1539 5969 I thunderperf: CompatConfig.addOverrideUnsafe: bef-state=1
06-07 15:24:52.781 1539 5969 E thunderperf: CompatConfig.addOverrideUnsafe: exception:java.lang.SecurityException: Cannot override a change on a non-debuggable app and user build.
06-07 15:24:52.781 1539 5969 I thunderperf: CompatConfig.addOverrideUnsafe: aft-state=1
06-07 15:24:52.781 1539 5969 I thunderperf: CompatConfig.addOverrideUnsafe: bef-state=1
06-07 15:24:52.782 1539 5969 E thunderperf: CompatConfig.addOverrideUnsafe: exception:java.lang.SecurityException: Cannot override a change on a non-debuggable app and user build.
06-07 15:24:52.782 1539 5969 I thunderperf: CompatConfig.addOverrideUnsafe: aft-state=1
06-07 15:24:52.782 1539 5969 I thunderperf: CompatConfig.addOverrideUnsafe: bef-state=1
06-07 15:24:52.782 1539 5969 E thunderperf: CompatConfig.addOverrideUnsafe: exception:java.lang.SecurityException: Cannot override a change on a non-debuggable app and user build.
06-07 15:24:52.782 1539 5969 I thunderperf: CompatConfig.addOverrideUnsafe: aft-state=1
06-07 15:24:52.782 1539 5969 I thunderperf: CompatConfig.addOverrideUnsafe: bef-state=1
06-07 15:24:52.782 1539 5969 E thunderperf: CompatConfig.addOverrideUnsafe: exception:java.lang.SecurityException: Cannot override a change on a non-debuggable app and user build.
06-07 15:24:52.782 1539 5969 I thunderperf: CompatConfig.addOverrideUnsafe: aft-state=1
06-07 15:24:52.782 1539 5969 I thunderperf: CompatConfig.addOverrideUnsafe: bef-state=1
06-07 15:24:52.782 1539 5969 E thunderperf: CompatConfig.addOverrideUnsafe: exception:java.lang.SecurityException: Cannot override a change on a non-debuggable app and user build.
06-07 15:24:52.782 1539 5969 I thunderperf: CompatConfig.addOverrideUnsafe: aft-state=1
06-07 15:24:52.783 1539 5969 I thunderperf: CompatConfig.addOverrideUnsafe: bef-state=1
06-07 15:24:52.783 1539 5969 E thunderperf: CompatConfig.addOverrideUnsafe: exception:java.lang.SecurityException: Cannot override a change on a non-debuggable app and user build.
06-07 15:24:52.783 1539 5969 I thunderperf: CompatConfig.addOverrideUnsafe: aft-state=1
06-07 15:24:52.783 1539 5969 I thunderperf: CompatConfig.addOverrideUnsafe: bef-state=1
06-07 15:24:52.783 1539 5969 E thunderperf: CompatConfig.addOverrideUnsafe: exception:java.lang.SecurityException: Cannot override a change on a non-debuggable app and user build.
06-07 15:24:52.783 1539 5969 I thunderperf: CompatConfig.addOverrideUnsafe: aft-state=1
06-07 15:24:52.783 1539 5969 I thunderperf: CompatConfig.addOverrideUnsafe: bef-state=1
06-07 15:24:52.783 1539 5969 E thunderperf: CompatConfig.addOverrideUnsafe: exception:java.lang.SecurityException: Cannot override a change on a non-debuggable app and user build.
06-07 15:24:52.783 1539 5969 I thunderperf: CompatConfig.addOverrideUnsafe: aft-state=1
06-07 15:24:52.784 1539 5969 I thunderperf: CompatConfig.addOverrideUnsafe: bef-state=1
06-07 15:24:52.784 1539 5969 E thunderperf: CompatConfig.addOverrideUnsafe: exception:java.lang.SecurityException: Cannot override a change on a non-debuggable app and user build.
06-07 15:24:52.784 1539 5969 I thunderperf: CompatConfig.addOverrideUnsafe: aft-state=1
06-07 15:24:52.784 1539 5969 I thunderperf: CompatConfig.addOverrideUnsafe: bef-state=1
06-07 15:24:52.784 1539 5969 E thunderperf: CompatConfig.addOverrideUnsafe: exception:java.lang.SecurityException: Cannot override a change on a non-debuggable app and user build.
06-07 15:24:52.784 1539 5969 I thunderperf: CompatConfig.addOverrideUnsafe: aft-state=1
06-07 15:24:52.785 1539 5969 I thunderperf: CompatConfig.addOverrideUnsafe: bef-state=1
06-07 15:24:52.785 1539 5969 E thunderperf: CompatConfig.addOverrideUnsafe: exception:java.lang.SecurityException: Cannot override a change on a non-debuggable app and user build.
06-07 15:24:52.785 1539 5969 I thunderperf: CompatConfig.addOverrideUnsafe: aft-state=1
06-07 15:24:52.785 1539 5969 I thunderperf: CompatConfig.addOverrideUnsafe: bef-state=1
06-07 15:24:52.786 1539 5969 E thunderperf: CompatConfig.addOverrideUnsafe: exception:java.lang.SecurityException: Cannot override a change on a non-debuggable app and user build.
06-07 15:24:52.786 1539 5969 I thunderperf: CompatConfig.addOverrideUnsafe: aft-state=1
06-07 15:24:52.787 1539 5969 I ActivityTaskManager: START u0 {dat=//com.android.documentsui.launchControl flg=0x10280000 cmp=com.android.documentsui/.files.FilesActivity} from uid 10020
06-07 15:24:52.787 1539 5969 D ActivityTaskManager: TaskLaunchParamsModifier:task=null activity=ActivityRecord{227b222 u0 com.android.documentsui/.files.FilesActivity taskAffinity=10020:com.android.documentsui display-area-from-source=DefaultTaskDisplayArea@11319769 display-id=0 display-windowing-mode=1 suggested-display-area=DefaultTaskDisplayArea@11319769
06-07 15:24:52.789 1539 5969 D ActivityTaskManager: TaskLaunchParamsModifier:task=null activity=ActivityRecord{227b222 u0 com.android.documentsui/.files.FilesActivity taskAffinity=10020:com.android.documentsui t-1} display-area-from-source=DefaultTaskDisplayArea@11319769 display-id=0 display-windowing-mode=1 suggested-display-area=DefaultTaskDisplayArea@11319769 inherit-from-source=fullscreen activity-options-fullscreen=Rect(0, 0 - 0, 0) non-freeform-display display-area=DefaultTaskDisplayArea@11319769
06-07 15:24:52.789 1539 5969 W ActivityTaskManager: Can't find TaskDisplayArea to determine support for multi window. Task id=115 attached=false
06-07 15:24:52.789 1539 5969 D ActivityTaskManager: TaskLaunchParamsModifier:task=Task{e8011e9 #115 type=standard A=10020:com.android.documentsui U=0 visible=false mode=fullscreen translucent=true sz=0 visible freeform task=true rootAffinity=10020:com.android.documentsui isMini=false} activity=ActivityRecord{227b222 u0 com.android.documentsui/.files.FilesActivity taskAffinity=10020:com.android.documentsui t-1} display-area-from-source=DefaultTaskDisplayArea@11319769 display-id=0 display-windowing-mode=1 suggested-display-area=DefaultTaskDisplayArea@11319769 inherit-from-source=fullscreen activity-options-fullscreen=Rect(0, 0 - 0, 0) non-freeform-display display-area=DefaultTaskDisplayArea@11319769
06-07 15:24:52.790 1539 5969 D CompatibilityChangeReporter: Compat change id reported: 174042980; UID 10020; state: DISABLED
06-07 15:24:52.790 1539 5969 D CompatibilityChangeReporter: Compat change id reported: 184838306; UID 10020; state: DISABLED
06-07 15:24:52.790 1539 5969 D CompatibilityChangeReporter: Compat change id reported: 185004937; UID 10020; state: DISABLED
06-07 15:24:52.790 1539 5969 D CompatibilityChangeReporter: Compat change id reported: 181136395; UID 10020; state: DISABLED
06-07 15:24:52.791 1539 5969 D CompatibilityChangeReporter: Compat change id reported: 174042936; UID 10020; state: DISABLED
06-07 15:24:52.792 1539 5969 D CompatibilityChangeReporter: Compat change id reported: 168419799; UID 10020; state: DISABLED
06-07 15:24:52.805 1539 5969 I ActivityTaskManager: FOREGROUND_APPLICATION_CHANGED to com.android.documentsui.files.FilesActivity
06-07 15:24:52.806 1539 5969 I ActivityTaskManager: The Process com.android.documentsui Already Exists in BG. So sending its PID: 8142
06-07 15:24:52.806 1539 5969 W ActivityTaskManager: Tried to set launchTime (0) < mLastActivityLaunchTime (210124)
06-07 15:24:52.809 1539 2929 D CompatibilityChangeReporter: Compat change id reported: 168419799; UID 10024; state: DISABLED
06-07 15:24:52.905 0 0 I [ 210.285780] binder: 8142:8169 ioctl 40046210 76f873a1f4 returned -22
06-07 15:24:52.909 1539 2929 D ActivityTaskManager: Skipping, freeform mode : Task{4d6d207 #108 type=undefined A=10100:android.task.kugou U=0 visible=false mode=freeform translucent=true sz=0 visible freeform task=true rootAffinity=10100:android.task.kugou isMini=false}
06-07 15:24:52.958 1539 2929 D CompatibilityChangeReporter: Compat change id reported: 149924527; UID 10018; state: ENABLED
06-07 15:24:52.959 1539 2929 D CompatibilityChangeReporter: Compat change id reported: 132649864; UID 10018; state: DISABLED
06-07 15:24:52.959 1539 2929 D CompatibilityChangeReporter: Compat change id reported: 182734110; UID 10018; state: ENABLED
06-07 15:24:53.000 2140 8226 W ContextImpl: Calling a method in the system process without a qualified user: android.app.ContextImpl.sendBroadcast:1173 android.content.ContextWrapper.sendBroadcast:479 com.thundercomm.microsettings.action.SetTimeAction.timeUpdated:191 com.thundercomm.microsettings.action.SetTimeAction.update24HourFormat:173 com.thundercomm.microsettings.action.SetTimeAction.doActualAction:133
06-07 15:24:53.003 1539 1539 D DevicePolicyManager: updateSystemUpdateFreezePeriodsRecord
06-07 15:24:53.003 1539 1539 D ConditionProviders.SCP: onReceive android.intent.action.TIME_SET
06-07 15:24:53.003 1539 1539 D ConditionProviders.SCP: evaluateSubscriptionLocked cal=ScheduleCalendar[mDays={1, 2, 3, 4, 5, 6, 7}, mSchedule=ScheduleInfo{days=[1, 2, 3, 4, 5, 6, 7], startHour=22, startMinute=0, endHour=7, endMinute=0, exitAtAlarm=true, nextAlarm=Thu Jan 01 08:00:00 GMT+08:00 1970 (0)}], now=Wed Jun 07 15:24:53 GMT+08:00 2023 (1686122693003), nextUserAlarmTime=Thu Jan 01 08:00:00 GMT+08:00 1970 (0)
06-07 15:24:53.003 1539 1539 D ConditionProviders.SCP: notifyCondition condition://android/schedule?days=1.2.3.4.5.6.7&start=22.0&end=7.0&exitAtAlarm=true STATE_FALSE reason=!meetsSchedule
06-07 15:24:53.003 1539 1539 D ConditionProviders.SCP: Scheduling evaluate for Wed Jun 07 22:00:00 GMT+08:00 2023 (1686146400000), in +6h35m6s997ms, now=Wed Jun 07 15:24:53 GMT+08:00 2023 (1686122693003)
06-07 15:24:53.004 1539 1539 D CompatibilityChangeReporter: Compat change id reported: 171306433; UID 1000; state: ENABLED
06-07 15:24:53.005 1539 1675 D CompatibilityChangeReporter: Compat change id reported: 168419799; UID 10057; state: DISABLED
06-07 15:24:53.008 1539 1845 D CompatibilityChangeReporter: Compat change id reported: 143231523; UID 1000; state: DISABLED
06-07 15:24:53.025 1539 5969 D CompatibilityChangeReporter: Compat change id reported: 168419799; UID 10085; state: DISABLED
06-07 15:24:53.089 0 0 I : [ 210.460224] read descriptors
06-07 15:24:53.089 0 0 I : [ 210.460259] read strings
06-07 15:24:54.120 0 0 I : [ 211.488160] read descriptors
06-07 15:24:54.121 0 0 I : [ 211.488196] read strings
06-07 15:24:54.832 1539 2929 D CompatibilityChangeReporter: Compat change id reported: 149924527; UID 10023; state: ENABLED
06-07 15:24:54.832 1539 2929 D CompatibilityChangeReporter: Compat change id reported: 132649864; UID 10023; state: DISABLED
06-07 15:24:55.136 0 0 I : [ 212.507436] read descriptors
06-07 15:24:55.137 0 0 I : [ 212.507573] read strings
06-07 15:24:56.161 0 0 I : [ 213.530076] read descriptors
06-07 15:24:56.161 0 0 I : [ 213.530203] read strings
06-07 15:24:57.181 0 0 I : [ 214.548476] read descriptors
06-07 15:24:57.181 0 0 I : [ 214.548568] read strings
06-07 15:24:58.191 0 0 I : [ 215.561547] read descriptors
06-07 15:24:58.192 0 0 I : [ 215.561762] read strings
06-07 15:24:58.805 0 0 I [ 216.172089] init: processing action (sys.tlog.tlogdshc.active=1) from (/system/etc/init/tlogd.rc:195)
06-07 15:24:58.805 0 0 I [ 216.172842] init: starting service 'tlogdshc'...
06-07 15:24:58.913 0 0 I [ 216.280374] init: Service 'tlogdshc' (pid 8253) exited with status 0 oneshot service took 0.103000 seconds in background
06-07 15:24:58.913 0 0 I [ 216.280400] init: Sending signal 9 to service 'tlogdshc' (pid 8253) process group...
06-07 15:24:58.913 0 0 I [ 216.280561] libprocessgroup: Successfully killed process cgroup uid 0 pid 8253 in 0ms
06-07 15:24:59.221 0 0 I : [ 216.588563] read descriptors
06-07 15:24:59.221 0 0 I : [ 216.588663] read strings
06-07 15:25:00.237 0 0 I : [ 217.604809] read descriptors
06-07 15:25:00.237 0 0 I : [ 217.604927] read strings
06-07 15:25:01.249 0 0 I : [ 218.617106] read descriptors
06-07 15:25:01.249 0 0 I : [ 218.617308] read strings
06-07 15:25:02.269 0 0 I : [ 219.636869] read descriptors
06-07 15:25:02.269 0 0 I : [ 219.636952] read strings
06-07 15:25:03.289 0 0 I : [ 220.656626] read descriptors
06-07 15:25:03.289 0 0 I : [ 220.656724] read strings
06-07 15:25:04.313 0 0 I : [ 221.680777] read descriptors
06-07 15:25:04.313 0 0 I : [ 221.680881] read strings
06-07 15:25:05.341 0 0 I : [ 222.708804] read descriptors
06-07 15:25:05.341 0 0 I : [ 222.708927] read strings
06-07 15:25:06.357 0 0 I : [ 223.726092] read descriptors
06-07 15:25:06.357 0 0 I : [ 223.726190] read strings
06-07 15:25:07.377 0 0 I : [ 224.744492] read descriptors
06-07 15:25:07.377 0 0 I : [ 224.744579] read strings
06-07 15:25:07.662 0 0 I : [ 225.033047] IRQ 5: no longer affine to CPU6
06-07 15:25:07.904 0 0 I [ 225.272391] binder: 3300:3874 ioctl 40046210 76de3fb1f4 returned -22
06-07 15:25:07.904 1539 2929 D CompatibilityChangeReporter: Compat change id reported: 168419799; UID 10035; state: DISABLED
06-07 15:25:07.968 1539 1675 W BroadcastQueue: Permission Denial: broadcasting Intent { act=android.net.conn.CONNECTIVITY_CHANGE flg=0x4200010 (has extras) } from null (pid=-1, uid=-1) requires com.baidu.input.permission.REGISTERRECEIVE due to registered receiver BroadcastFilter{af5c067 10035/u0 ReceiverList{91d9368 3300 com.baidu.input/10035/u0 remote:19b468b}}
06-07 15:25:08.083 0 0 I : [ 225.448873] IRQ 5: no longer affine to CPU4
06-07 15:25:08.414 0 0 I : [ 225.781123] read descriptors
06-07 15:25:08.414 0 0 I : [ 225.781221] read strings
06-07 15:25:09.434 0 0 I : [ 226.805067] read descriptors
06-07 15:25:09.434 0 0 I : [ 226.805405] read strings
06-07 15:25:10.465 0 0 I : [ 227.829509] read descriptors
06-07 15:25:10.465 0 0 I : [ 227.829619] read strings
06-07 15:25:11.481 0 0 I : [ 228.849577] read descriptors
06-07 15:25:11.481 0 0 I : [ 228.849791] read strings
06-07 15:25:12.365 0 0 I : [ 229.734476] qcom_rpmh DRV:apps_rsc TCS Busy, retrying RPMH message send: addr=0x50000
06-07 15:25:12.365 0 0 I : [ 229.734493] qcom_rpmh DRV:apps_rsc TCS Busy, retrying RPMH message send: addr=0x50000
06-07 15:25:12.509 0 0 I : [ 229.878450] read descriptors
06-07 15:25:12.509 0 0 I : [ 229.878650] read strings
06-07 15:25:13.533 0 0 I : [ 230.900749] read descriptors
06-07 15:25:13.533 0 0 I : [ 230.900901] read strings
06-07 15:25:13.701 1539 1703 V DisplayPowerController[0]: Brightness [0.8484849] manual adjustment.
06-07 15:25:13.711 1539 1890 E DisplayDeviceConfig: requesting nits when no mapping exists.
06-07 15:25:13.712 1539 1890 E DisplayDeviceConfig: requesting nits when no mapping exists.
06-07 15:25:13.713 1539 1675 I DropBoxManagerService: add tag=system_server_wtf isTagEnabled=true flags=0x2
06-07 15:25:13.716 1539 1675 I DropBoxManagerService: add tag=system_server_wtf isTagEnabled=true flags=0x2
06-07 15:25:13.728 1539 1890 E DisplayDeviceConfig: requesting nits when no mapping exists.
06-07 15:25:13.728 1539 1890 E DisplayDeviceConfig: requesting nits when no mapping exists.
06-07 15:25:13.729 1539 1675 I DropBoxManagerService: add tag=system_server_wtf isTagEnabled=true flags=0x2
06-07 15:25:13.732 1539 1675 I DropBoxManagerService: add tag=system_server_wtf isTagEnabled=true flags=0x2
06-07 15:25:13.746 1539 1890 E DisplayDeviceConfig: requesting nits when no mapping exists.
06-07 15:25:13.746 1539 1890 E DisplayDeviceConfig: requesting nits when no mapping exists.
06-07 15:25:13.747 1539 1675 I DropBoxManagerService: add tag=system_server_wtf isTagEnabled=true flags=0x2
06-07 15:25:13.762 1539 1890 E DisplayDeviceConfig: requesting nits when no mapping exists.
06-07 15:25:13.764 1539 1890 E DisplayDeviceConfig: requesting nits when no mapping exists.
06-07 15:25:14.223 1539 1539 D CompatibilityChangeReporter: Compat change id reported: 168419799; UID 1000; state: DISABLED
06-07 15:25:14.557 0 0 I : [ 231.924566] read descriptors
06-07 15:25:14.557 0 0 I : [ 231.924653] read strings
06-07 15:25:15.577 0 0 I : [ 232.944491] read descriptors
06-07 15:25:15.577 0 0 I : [ 232.944606] read strings
06-07 15:25:16.593 0 0 I : [ 233.961142] read descriptors
06-07 15:25:16.593 0 0 I : [ 233.961344] read strings
06-07 15:25:16.917 1539 1703 V DisplayPowerController[0]: Brightness [0.7979798] manual adjustment.
06-07 15:25:16.934 1539 1890 E DisplayDeviceConfig: requesting nits when no mapping exists.
06-07 15:25:16.934 1539 1890 E DisplayDeviceConfig: requesting nits when no mapping exists.
06-07 15:25:16.946 1539 1890 E DisplayDeviceConfig: requesting nits when no mapping exists.
06-07 15:25:16.946 1539 1890 E DisplayDeviceConfig: requesting nits when no mapping exists.
06-07 15:25:16.961 1539 1890 E DisplayDeviceConfig: requesting nits when no mapping exists.
06-07 15:25:16.962 1539 1890 E DisplayDeviceConfig: requesting nits when no mapping exists.
06-07 15:25:16.978 1539 1890 E DisplayDeviceConfig: requesting nits when no mapping exists.
06-07 15:25:16.979 1539 1890 E DisplayDeviceConfig: requesting nits when no mapping exists.
06-07 15:25:17.621 0 0 I : [ 234.990981] read descriptors
06-07 15:25:17.621 0 0 I : [ 234.991170] read strings
06-07 15:25:18.649 0 0 I : [ 236.017035] read descriptors
06-07 15:25:18.650 0 0 I : [ 236.017233] read strings
06-07 15:25:19.521 1539 1703 V DisplayPowerController[0]: Brightness [0.74747473] manual adjustment.
06-07 15:25:19.528 1539 1890 E DisplayDeviceConfig: requesting nits when no mapping exists.
06-07 15:25:19.532 1539 1890 E DisplayDeviceConfig: requesting nits when no mapping exists.
06-07 15:25:19.545 1539 1890 E DisplayDeviceConfig: requesting nits when no mapping exists.
06-07 15:25:19.545 1539 1890 E DisplayDeviceConfig: requesting nits when no mapping exists.
06-07 15:25:19.565 1539 1890 E DisplayDeviceConfig: requesting nits when no mapping exists.
06-07 15:25:19.565 1539 1890 E DisplayDeviceConfig: requesting nits when no mapping exists.
06-07 15:25:19.579 1539 1890 E DisplayDeviceConfig: requesting nits when no mapping exists.
06-07 15:25:19.579 1539 1890 E DisplayDeviceConfig: requesting nits when no mapping exists.
06-07 15:25:19.689 0 0 I : [ 237.056694] read descriptors
06-07 15:25:19.689 0 0 I : [ 237.056817] read strings
06-07 15:25:20.709 0 0 I : [ 238.077021] read descriptors
06-07 15:25:20.709 0 0 I : [ 238.077230] read strings
06-07 15:25:21.741 0 0 I : [ 239.108840] read descriptors
06-07 15:25:21.741 0 0 I : [ 239.108974] read strings
06-07 15:25:22.761 0 0 I : [ 240.130007] read descriptors
06-07 15:25:22.761 0 0 I : [ 240.130405] read strings
06-07 15:25:23.798 0 0 I : [ 241.165016] read descriptors
06-07 15:25:23.798 0 0 I : [ 241.165220] read strings
06-07 15:25:24.250 1539 1539 I GameModeConfig: isGameModeOn = false
06-07 15:25:24.813 0 0 I : [ 242.180769] read descriptors
06-07 15:25:24.813 0 0 I : [ 242.180905] read strings
06-07 15:25:25.837 0 0 I : [ 243.204771] read descriptors
06-07 15:25:25.837 0 0 I : [ 243.204873] read strings
06-07 15:25:26.070 1539 1703 V DisplayPowerController[0]: Brightness [0.6969697] manual adjustment.
06-07 15:25:26.079 1539 1890 E DisplayDeviceConfig: requesting nits when no mapping exists.
06-07 15:25:26.079 1539 1890 E DisplayDeviceConfig: requesting nits when no mapping exists.
06-07 15:25:26.080 1539 1675 I DropBoxManagerService: add tag=system_server_wtf isTagEnabled=true flags=0x2
06-07 15:25:26.082 1539 1675 I DropBoxManagerService: add tag=system_server_wtf isTagEnabled=true flags=0x2
06-07 15:25:26.095 1539 1890 E DisplayDeviceConfig: requesting nits when no mapping exists.
06-07 15:25:26.095 1539 1890 E DisplayDeviceConfig: requesting nits when no mapping exists.
06-07 15:25:26.096 1539 1675 I DropBoxManagerService: add tag=system_server_wtf isTagEnabled=true flags=0x2
06-07 15:25:26.097 1539 1675 I DropBoxManagerService: add tag=system_server_wtf isTagEnabled=true flags=0x2
06-07 15:25:26.112 1539 1890 E DisplayDeviceConfig: requesting nits when no mapping exists.
06-07 15:25:26.113 1539 1890 E DisplayDeviceConfig: requesting nits when no mapping exists.
06-07 15:25:26.113 1539 1675 I DropBoxManagerService: add tag=system_server_wtf isTagEnabled=true flags=0x2
06-07 15:25:26.129 1539 1890 E DisplayDeviceConfig: requesting nits when no mapping exists.
06-07 15:25:26.129 1539 1890 E DisplayDeviceConfig: requesting nits when no mapping exists.
06-07 15:25:26.857 0 0 I : [ 244.224765] read descriptors
06-07 15:25:26.857 0 0 I : [ 244.224885] read strings
06-07 15:25:27.877 0 0 I : [ 245.244773] read descriptors
06-07 15:25:27.877 0 0 I : [ 245.244972] read strings
06-07 15:25:28.811 0 0 I [ 246.178136] init: processing action (sys.tlog.tlogdshc.active=1) from (/system/etc/init/tlogd.rc:195)
06-07 15:25:28.811 0 0 I [ 246.178588] init: starting service 'tlogdshc'...
06-07 15:25:28.925 0 0 I [ 246.293379] init: Service 'tlogdshc' (pid 8457) exited with status 0 oneshot service took 0.112000 seconds in background
06-07 15:25:28.925 0 0 I [ 246.293411] init: Sending signal 9 to service 'tlogdshc' (pid 8457) process group...
06-07 15:25:28.925 0 0 I [ 246.293621] libprocessgroup: Successfully killed process cgroup uid 0 pid 8457 in 0ms
06-07 15:25:28.933 0 0 I : [ 246.300671] read descriptors
06-07 15:25:28.933 0 0 I : [ 246.300771] read strings
06-07 15:25:29.953 0 0 I : [ 247.320633] read descriptors
06-07 15:25:29.953 0 0 I : [ 247.320714] read strings
06-07 15:25:30.973 0 0 I : [ 248.340672] read descriptors
06-07 15:25:30.973 0 0 I : [ 248.340761] read strings
06-07 15:25:31.989 0 0 I : [ 249.357619] read descriptors
06-07 15:25:31.989 0 0 I : [ 249.357831] read strings
06-07 15:25:33.009 0 0 I : [ 250.376700] read descriptors
06-07 15:25:33.009 0 0 I : [ 250.376806] read strings
06-07 15:25:34.029 0 0 I : [ 251.396499] read descriptors
06-07 15:25:34.029 0 0 I : [ 251.396602] read strings
06-07 15:25:35.049 0 0 I : [ 252.416867] read descriptors
06-07 15:25:35.049 0 0 I : [ 252.416963] read strings
06-07 15:25:36.069 0 0 I : [ 253.437398] read descriptors
06-07 15:25:36.069 0 0 I : [ 253.437582] read strings
06-07 15:25:37.089 0 0 I : [ 254.456646] read descriptors
06-07 15:25:37.089 0 0 I : [ 254.456742] read strings
06-07 15:25:38.117 0 0 I : [ 255.487446] read descriptors
06-07 15:25:38.117 0 0 I : [ 255.487536] read strings
06-07 15:25:39.137 0 0 I : [ 256.504459] read descriptors
06-07 15:25:39.137 0 0 I : [ 256.504556] read strings
06-07 15:25:40.153 0 0 I : [ 257.520535] read descriptors
06-07 15:25:40.153 0 0 I : [ 257.520631] read strings
06-07 15:25:41.169 0 0 I : [ 258.537711] read descriptors
06-07 15:25:41.169 0 0 I : [ 258.537799] read strings
06-07 15:25:42.189 0 0 I : [ 259.557686] read descriptors
06-07 15:25:42.189 0 0 I : [ 259.558158] read strings
06-07 15:25:43.213 0 0 I : [ 260.580566] read descriptors
06-07 15:25:43.213 0 0 I : [ 260.580645] read strings
06-07 15:25:43.691 0 0 I [ 261.061916] perf: interrupt took too long (2506 > 2500), lowering kernel.perf_event_max_sample_rate to 79750
06-07 15:25:44.229 0 0 I : [ 261.597233] read descriptors
06-07 15:25:44.229 0 0 I : [ 261.597452] read strings
06-07 15:25:45.253 0 0 I : [ 262.621184] read descriptors
06-07 15:25:45.253 0 0 I : [ 262.621282] read strings
06-07 15:25:46.277 0 0 I : [ 263.644403] read descriptors
06-07 15:25:46.277 0 0 I : [ 263.644497] read strings
06-07 15:25:47.297 0 0 I : [ 264.665508] read descriptors
06-07 15:25:47.297 0 0 I : [ 264.665722] read strings
06-07 15:25:48.330 0 0 I : [ 265.696471] read descriptors
06-07 15:25:48.330 0 0 I : [ 265.696573] read strings
06-07 15:25:49.342 0 0 I : [ 266.712606] read descriptors
06-07 15:25:49.342 0 0 I : [ 266.712730] read strings
06-07 15:25:50.361 0 0 I : [ 267.728667] read descriptors
06-07 15:25:50.361 0 0 I : [ 267.728812] read strings
06-07 15:25:51.378 0 0 I : [ 268.748579] read descriptors
06-07 15:25:51.378 0 0 I : [ 268.748863] read strings
06-07 15:25:52.405 0 0 I : [ 269.772142] read descriptors
06-07 15:25:52.405 0 0 I : [ 269.772242] read strings
06-07 15:25:53.425 0 0 I : [ 270.792859] read descriptors
06-07 15:25:53.425 0 0 I : [ 270.793054] read strings
06-07 15:25:54.445 0 0 I : [ 271.812940] read descriptors
06-07 15:25:54.445 0 0 I : [ 271.813034] read strings
06-07 15:25:55.469 0 0 I : [ 272.838475] read descriptors
06-07 15:25:55.469 0 0 I : [ 272.838671] read strings
06-07 15:25:56.497 0 0 I : [ 273.865382] read descriptors
06-07 15:25:56.497 0 0 I : [ 273.865686] read strings
06-07 15:25:57.521 0 0 I : [ 274.888174] read descriptors
06-07 15:25:57.521 0 0 I : [ 274.888255] read strings
06-07 15:25:58.549 0 0 I : [ 275.916632] read descriptors
06-07 15:25:58.549 0 0 I : [ 275.916742] read strings
06-07 15:25:58.809 0 0 I [ 276.179669] init: processing action (sys.tlog.tlogdshc.active=1) from (/system/etc/init/tlogd.rc:195)
06-07 15:25:58.813 0 0 I [ 276.180330] init: starting service 'tlogdshc'...
06-07 15:25:58.894 1539 1675 W ActivityManager: Stopping service due to app idle: u0a24 -4m23s657ms com.tencent.android.qqdownloader/com.tencent.assistant.sdk.SDKSupportService
06-07 15:25:58.894 1539 1675 W ActivityManager: Stopping service due to app idle: u0a24 -3m35s642ms com.tencent.android.qqdownloader/com.tencent.assistant.main.MainService
06-07 15:25:58.921 0 0 I [ 276.291315] init: Service 'tlogdshc' (pid 8574) exited with status 0 oneshot service took 0.107000 seconds in background
06-07 15:25:58.921 0 0 I [ 276.291345] init: Sending signal 9 to service 'tlogdshc' (pid 8574) process group...
06-07 15:25:58.921 0 0 I [ 276.291545] libprocessgroup: Successfully killed process cgroup uid 0 pid 8574 in 0ms
06-07 15:25:59.569 0 0 I : [ 276.937983] read descriptors
06-07 15:25:59.569 0 0 I : [ 276.938184] read strings
06-07 15:26:00.589 0 0 I : [ 277.956505] read descriptors
06-07 15:26:00.589 0 0 I : [ 277.956614] read strings
06-07 15:26:01.613 0 0 I : [ 278.980672] read descriptors
06-07 15:26:01.613 0 0 I : [ 278.980760] read strings
06-07 15:26:02.629 0 0 I : [ 279.996579] read descriptors
06-07 15:26:02.629 0 0 I : [ 279.996700] read strings
06-07 15:26:03.649 0 0 I : [ 281.016462] read descriptors
06-07 15:26:03.649 0 0 I : [ 281.016569] read strings
06-07 15:26:04.677 0 0 I : [ 282.044747] read descriptors
06-07 15:26:04.677 0 0 I : [ 282.045084] read strings
06-07 15:26:05.699 0 0 I : [ 283.064900] read descriptors
06-07 15:26:05.699 0 0 I : [ 283.065006] read strings
06-07 15:26:06.262 1539 3014 D CompatibilityChangeReporter: Compat change id reported: 178209446; UID 10023; state: ENABLED
06-07 15:26:06.714 0 0 I : [ 284.084532] read descriptors
06-07 15:26:06.714 0 0 I : [ 284.084615] read strings
06-07 15:26:07.733 0 0 I : [ 285.101080] read descriptors
06-07 15:26:07.733 0 0 I : [ 285.101173] read strings
06-07 15:26:08.095 1539 3020 W ActivityManager: Background start not allowed: service Intent { cmp=com.smile.gifmaker/com.kuaishou.webkit.process.UtilsProcessService (has extras) } to com.smile.gifmaker/com.kuaishou.webkit.process.UtilsProcessService from pid=4273 uid=10085 pkg=com.smile.gifmaker startFg?=false
06-07 15:26:08.753 0 0 I : [ 286.120710] read descriptors
06-07 15:26:08.753 0 0 I : [ 286.120841] read strings
06-07 15:26:09.773 0 0 I : [ 287.141206] read descriptors
06-07 15:26:09.773 0 0 I : [ 287.141409] read strings
06-07 15:26:10.793 0 0 I : [ 288.161416] read descriptors
06-07 15:26:10.793 0 0 I : [ 288.161622] read strings
06-07 15:26:11.809 0 0 I : [ 289.177243] read descriptors
06-07 15:26:11.809 0 0 I : [ 289.177450] read strings
06-07 15:26:12.833 0 0 I : [ 290.201631] read descriptors
06-07 15:26:12.833 0 0 I : [ 290.201837] read strings
06-07 15:26:13.857 0 0 I : [ 291.225445] read descriptors
06-07 15:26:13.857 0 0 I : [ 291.225671] read strings
06-07 15:26:14.881 0 0 I : [ 292.249889] read descriptors
06-07 15:26:14.881 0 0 I : [ 292.250013] read strings
06-07 15:26:15.116 1539 3014 D CompatibilityChangeReporter: Compat change id reported: 171306433; UID 10024; state: DISABLED
06-07 15:26:15.909 0 0 I : [ 293.276535] read descriptors
06-07 15:26:15.909 0 0 I : [ 293.276630] read strings
06-07 15:26:16.929 0 0 I : [ 294.296872] read descriptors
06-07 15:26:16.929 0 0 I : [ 294.297081] read strings
06-07 15:26:17.732 1539 1703 V DisplayPowerController[0]: Brightness [0.74747473] manual adjustment.
06-07 15:26:17.746 1539 1890 E DisplayDeviceConfig: requesting nits when no mapping exists.
06-07 15:26:17.746 1539 1890 E DisplayDeviceConfig: requesting nits when no mapping exists.
06-07 15:26:17.748 1539 1675 I DropBoxManagerService: add tag=system_server_wtf isTagEnabled=true flags=0x2
06-07 15:26:17.751 1539 1675 I DropBoxManagerService: add tag=system_server_wtf isTagEnabled=true flags=0x2
06-07 15:26:17.762 1539 1890 E DisplayDeviceConfig: requesting nits when no mapping exists.
06-07 15:26:17.763 1539 1890 E DisplayDeviceConfig: requesting nits when no mapping exists.
06-07 15:26:17.763 1539 1675 I DropBoxManagerService: add tag=system_server_wtf isTagEnabled=true flags=0x2
06-07 15:26:17.764 1539 1675 I DropBoxManagerService: add tag=system_server_wtf isTagEnabled=true flags=0x2
06-07 15:26:17.779 1539 1890 E DisplayDeviceConfig: requesting nits when no mapping exists.
06-07 15:26:17.780 1539 1890 E DisplayDeviceConfig: requesting nits when no mapping exists.
06-07 15:26:17.781 1539 1675 I DropBoxManagerService: add tag=system_server_wtf isTagEnabled=true flags=0x2
06-07 15:26:17.796 1539 1890 E DisplayDeviceConfig: requesting nits when no mapping exists.
06-07 15:26:17.798 1539 1890 E DisplayDeviceConfig: requesting nits when no mapping exists.
06-07 15:26:17.957 0 0 I : [ 295.324390] read descriptors
06-07 15:26:17.957 0 0 I : [ 295.324488] read strings
06-07 15:26:18.973 0 0 I : [ 296.340520] read descriptors
06-07 15:26:18.973 0 0 I : [ 296.340623] read strings
06-07 15:26:19.993 0 0 I : [ 297.361673] read descriptors
06-07 15:26:19.993 0 0 I : [ 297.361885] read strings
06-07 15:26:21.009 0 0 I : [ 298.377160] read descriptors
06-07 15:26:21.009 0 0 I : [ 298.377382] read strings
06-07 15:26:21.677 1539 5969 I ActivityTaskManager: START u0 {act=android.intent.action.VIEW dat=content://com.android.externalstorage.documents/document/primary:1.mp3 typ=audio/mpeg flg=0x20000003 cmp=android/com.android.internal.app.ResolverActivity} from uid 10020
06-07 15:26:21.678 1539 5969 D ActivityTaskManager: TaskLaunchParamsModifier:task=null activity=ActivityRecord{c9ab1a5 u0 android/com.android.internal.app.ResolverActivity taskAffinity=null display-area-from-source=DefaultTaskDisplayArea@11319769 display-id=0 display-windowing-mode=1 suggested-display-area=DefaultTaskDisplayArea@11319769
06-07 15:26:21.678 1539 5969 D ActivityTaskManager: TaskLaunchParamsModifier:task=Task{e8011e9 #115 type=standard A=10020:com.android.documentsui U=0 visible=true mode=fullscreen translucent=false sz=1 visible freeform task=true rootAffinity=10020:com.android.documentsui isMini=false} activity=ActivityRecord{c9ab1a5 u0 android/com.android.internal.app.ResolverActivity taskAffinity=null t-1} display-area-from-source=DefaultTaskDisplayArea@11319769 display-id=0 display-windowing-mode=1 suggested-display-area=DefaultTaskDisplayArea@11319769 inherit-from-source=fullscreen activity-options-fullscreen=Rect(0, 0 - 0, 0) non-freeform-display display-area=DefaultTaskDisplayArea@11319769
06-07 15:26:21.685 1539 1658 D CompatibilityChangeReporter: Compat change id reported: 135634846; UID 1000; state: DISABLED
06-07 15:26:21.685 1539 1658 D CompatibilityChangeReporter: Compat change id reported: 177438394; UID 1000; state: DISABLED
06-07 15:26:21.685 1539 1658 D CompatibilityChangeReporter: Compat change id reported: 135772972; UID 1000; state: DISABLED
06-07 15:26:21.686 1539 1658 D CompatibilityChangeReporter: Compat change id reported: 135754954; UID 1000; state: ENABLED
06-07 15:26:21.686 1539 3020 I ActivityTaskManager: FOREGROUND_APPLICATION_CHANGED to com.android.internal.app.ResolverActivity
06-07 15:26:21.693 1539 1676 I ActivityManager: Start proc 8713:system:ui/1000 for pre-top-activity {android/com.android.internal.app.ResolverActivity}
06-07 15:26:21.693 1539 8714 W ContextImpl: Calling a method in the system process without a qualified user: android.app.ContextImpl.sendBroadcast:1173 com.qualcomm.qti.Performance$SendGameLaunchBroadcast.run:217 java.lang.Thread.run:920
06-07 15:26:21.701 0 0 W [ 299.072896] audit: audit_lost=574 audit_rate_limit=5 audit_backlog_limit=64
06-07 15:26:21.701 0 0 E [ 299.072899] audit: rate limit exceeded
06-07 15:26:21.704 0 0 I [ 299.074125] binder: 8713:8713 ioctl 40046210 7ff2b03764 returned -22
06-07 15:26:21.707 1539 5969 D CompatibilityChangeReporter: Compat change id reported: 181136395; UID 1000; state: DISABLED
06-07 15:26:21.707 1539 5969 D CompatibilityChangeReporter: Compat change id reported: 174042936; UID 1000; state: DISABLED
06-07 15:26:21.741 0 0 I [ 299.109395] binder: 1172:1172 ioctl 40046210 7fd30b21f4 returned -22
06-07 15:26:21.744 0 0 W [ 299.114924] perfetto: enabled ftrace
06-07 15:26:21.756 0 0 I [ 299.127078] binder: 8713:8713 ioctl 40046210 7ff2b02ba4 returned -22
06-07 15:26:21.888 0 0 I : [ 299.256382] IRQ 5: no longer affine to CPU5
06-07 15:26:22.026 0 0 I : [ 299.396743] read descriptors
06-07 15:26:22.026 0 0 I : [ 299.396823] read strings
06-07 15:26:23.046 0 0 I : [ 300.416963] read descriptors
06-07 15:26:23.046 0 0 I : [ 300.417226] read strings
06-07 15:26:23.777 0 0 I : [ 301.144425] IRQ 5: no longer affine to CPU7
06-07 15:26:24.061 0 0 I : [ 301.428586] read descriptors
06-07 15:26:24.061 0 0 I : [ 301.428687] read strings
06-07 15:26:24.550 1539 1703 V DisplayPowerController[0]: Brightness [0.7979798] manual adjustment.
06-07 15:26:24.563 1539 1890 E DisplayDeviceConfig: requesting nits when no mapping exists.
06-07 15:26:24.563 1539 1890 E DisplayDeviceConfig: requesting nits when no mapping exists.
06-07 15:26:24.579 1539 1890 E DisplayDeviceConfig: requesting nits when no mapping exists.
06-07 15:26:24.580 1539 1890 E DisplayDeviceConfig: requesting nits when no mapping exists.
06-07 15:26:24.596 1539 1890 E DisplayDeviceConfig: requesting nits when no mapping exists.
06-07 15:26:24.597 1539 1890 E DisplayDeviceConfig: requesting nits when no mapping exists.
06-07 15:26:24.613 1539 1890 E DisplayDeviceConfig: requesting nits when no mapping exists.
06-07 15:26:24.613 1539 1890 E DisplayDeviceConfig: requesting nits when no mapping exists.
06-07 15:26:25.081 0 0 I : [ 302.450022] read descriptors
06-07 15:26:25.081 0 0 I : [ 302.450224] read strings
06-07 15:26:25.745 1539 1539 I GameModeConfig: isGameModeOn = false
06-07 15:26:26.113 0 0 I : [ 303.480627] read descriptors
06-07 15:26:26.113 0 0 I : [ 303.480711] read strings
06-07 15:26:26.704 0 0 W [ 304.072554] perfetto: disabled ftrace
06-07 15:26:26.714 1171 8716 I iorapd : Perfetto TraceBuffer saved to file: /data/misc/iorapd/android/31/com.android.internal.app.ResolverActivity/raw_traces/1686122786713014964.perfetto_trace.pb
06-07 15:26:27.129 0 0 I : [ 304.496556] read descriptors
06-07 15:26:27.129 0 0 I : [ 304.496655] read strings
06-07 15:26:28.148 0 0 I : [ 305.516439] read descriptors
06-07 15:26:28.149 0 0 I : [ 305.516522] read strings
06-07 15:26:28.813 0 0 I [ 306.181173] init: processing action (sys.tlog.tlogdshc.active=1) from (/system/etc/init/tlogd.rc:195)
06-07 15:26:28.813 0 0 I [ 306.181955] init: starting service 'tlogdshc'...
06-07 15:26:28.936 0 0 I [ 306.305316] init: Service 'tlogdshc' (pid 9046) exited with status 0 oneshot service took 0.118000 seconds in background
06-07 15:26:28.937 0 0 I [ 306.305340] init: Sending signal 9 to service 'tlogdshc' (pid 9046) process group...
06-07 15:26:28.937 0 0 I [ 306.305476] libprocessgroup: Successfully killed process cgroup uid 0 pid 9046 in 0ms
06-07 15:26:29.117 0 0 I : [ 306.488347] IRQ 5: no longer affine to CPU4
06-07 15:26:29.169 0 0 I : [ 306.536910] read descriptors
06-07 15:26:29.169 0 0 I : [ 306.536999] read strings
06-07 15:26:30.205 0 0 I : [ 307.574921] read descriptors
06-07 15:26:30.205 0 0 I : [ 307.575045] read strings
06-07 15:26:31.229 0 0 I : [ 308.596769] read descriptors
06-07 15:26:31.229 0 0 I : [ 308.596899] read strings
06-07 15:26:31.991 1539 1703 V DisplayPowerController[0]: Brightness [0.8484849] manual adjustment.
06-07 15:26:31.996 1539 1890 E DisplayDeviceConfig: requesting nits when no mapping exists.
06-07 15:26:31.997 1539 1890 E DisplayDeviceConfig: requesting nits when no mapping exists.
06-07 15:26:31.998 1539 1675 I DropBoxManagerService: add tag=system_server_wtf isTagEnabled=true flags=0x2
06-07 15:26:32.000 1539 1675 I DropBoxManagerService: add tag=system_server_wtf isTagEnabled=true flags=0x2
06-07 15:26:32.013 1539 1890 E DisplayDeviceConfig: requesting nits when no mapping exists.
06-07 15:26:32.013 1539 1890 E DisplayDeviceConfig: requesting nits when no mapping exists.
06-07 15:26:32.014 1539 1675 I DropBoxManagerService: add tag=system_server_wtf isTagEnabled=true flags=0x2
06-07 15:26:32.016 1539 1675 I DropBoxManagerService: add tag=system_server_wtf isTagEnabled=true flags=0x2
06-07 15:26:32.030 1539 1890 E DisplayDeviceConfig: requesting nits when no mapping exists.
06-07 15:26:32.031 1539 1890 E DisplayDeviceConfig: requesting nits when no mapping exists.
06-07 15:26:32.032 1539 1675 I DropBoxManagerService: add tag=system_server_wtf isTagEnabled=true flags=0x2
06-07 15:26:32.047 1539 1890 E DisplayDeviceConfig: requesting nits when no mapping exists.
06-07 15:26:32.047 1539 1890 E DisplayDeviceConfig: requesting nits when no mapping exists.
06-07 15:26:32.249 0 0 I : [ 309.617328] read descriptors
06-07 15:26:32.249 0 0 I : [ 309.617530] read strings
06-07 15:26:33.269 0 0 I : [ 310.637458] read descriptors
06-07 15:26:33.269 0 0 I : [ 310.637666] read strings
06-07 15:26:34.289 0 0 I : [ 311.656922] read descriptors
06-07 15:26:34.289 0 0 I : [ 311.657123] read strings
06-07 15:26:35.311 0 0 I : [ 312.677361] read descriptors
06-07 15:26:35.311 0 0 I : [ 312.677556] read strings
06-07 15:26:36.329 0 0 I : [ 313.696842] read descriptors
06-07 15:26:36.329 0 0 I : [ 313.697046] read strings
06-07 15:26:37.345 0 0 I : [ 314.712843] read descriptors
06-07 15:26:37.345 0 0 I : [ 314.713042] read strings
06-07 15:26:38.369 0 0 I : [ 315.737321] read descriptors
06-07 15:26:38.369 0 0 I : [ 315.737522] read strings
06-07 15:26:39.017 580 580 E spcomlib: [spcom_wait_for_event] event [1] [nvm_ready] EVENT_STATUS_TIMEOUT
06-07 15:26:39.017 580 580 E spdaemon: spcom_wait_for_nvm_ready() failed. ret [-110] [Connection timed out].
06-07 15:26:39.017 580 580 E spdaemon: Initial SP initialization failed. ret [-110].
06-07 15:26:39.017 580 580 D spdaemon: going to sleep for a day.
06-07 15:26:39.036 0 0 E : [ 316.388415] spss_utils [spss_wait_for_event]: wait for event [1] timeout [300] sec expired
06-07 15:26:39.400 0 0 I : [ 316.768569] read descriptors
06-07 15:26:39.401 0 0 I : [ 316.768669] read strings
06-07 15:26:40.417 0 0 I : [ 317.785245] read descriptors
06-07 15:26:40.417 0 0 I : [ 317.785449] read strings
06-07 15:26:41.437 0 0 I : [ 318.806330] read descriptors
06-07 15:26:41.437 0 0 I : [ 318.806535] read strings
06-07 15:26:42.457 0 0 I : [ 319.825123] read descriptors
06-07 15:26:42.457 0 0 I : [ 319.825335] read strings
06-07 15:26:43.219 1539 5969 I ActivityTaskManager: START u0 {act=android.intent.action.VIEW dat=content://com.android.externalstorage.documents/document/primary:1.mp3 typ=audio/mpeg flg=0x23000003 cmp=com.android.music/.AudioPreview} from uid 10020
06-07 15:26:43.220 1539 5969 D ActivityTaskManager: TaskLaunchParamsModifier:task=null activity=ActivityRecord{859f02a u0 com.android.music/.AudioPreview taskAffinity=null display-area-from-source=DefaultTaskDisplayArea@11319769 display-id=0 display-windowing-mode=1 suggested-display-area=DefaultTaskDisplayArea@11319769
06-07 15:26:43.220 1539 5969 D ActivityTaskManager: TaskLaunchParamsModifier:task=Task{e8011e9 #115 type=standard A=10020:com.android.documentsui U=0 visible=true mode=fullscreen translucent=false sz=2 visible freeform task=true rootAffinity=10020:com.android.documentsui isMini=false} activity=ActivityRecord{859f02a u0 com.android.music/.AudioPreview taskAffinity=null t-1} display-area-from-source=DefaultTaskDisplayArea@11319769 display-id=0 display-windowing-mode=1 suggested-display-area=DefaultTaskDisplayArea@11319769 inherit-from-source=fullscreen activity-options-fullscreen=Rect(0, 0 - 0, 0) non-freeform-display display-area=DefaultTaskDisplayArea@11319769
06-07 15:26:43.223 1539 5969 D CompatibilityChangeReporter: Compat change id reported: 174042980; UID 10082; state: DISABLED
06-07 15:26:43.223 1539 5969 D CompatibilityChangeReporter: Compat change id reported: 184838306; UID 10082; state: DISABLED
06-07 15:26:43.224 1539 5969 D CompatibilityChangeReporter: Compat change id reported: 185004937; UID 10082; state: DISABLED
06-07 15:26:43.224 1539 5969 D CompatibilityChangeReporter: Compat change id reported: 181136395; UID 10082; state: DISABLED
06-07 15:26:43.224 1539 5969 D CompatibilityChangeReporter: Compat change id reported: 174042936; UID 10082; state: DISABLED
06-07 15:26:43.226 1539 5969 D CompatibilityChangeReporter: Compat change id reported: 168419799; UID 10082; state: DISABLED
06-07 15:26:43.237 1539 5969 I ActivityTaskManager: FOREGROUND_APPLICATION_CHANGED to com.android.music.AudioPreview
06-07 15:26:43.238 1539 5969 I ActivityTaskManager: The Process com.android.music Already Exists in BG. So sending its PID: 4020
06-07 15:26:43.272 1539 3012 D CompatibilityChangeReporter: Compat change id reported: 182734110; UID 10023; state: ENABLED
06-07 15:26:43.293 1539 5969 I MicroServiceManager: requestResult(requestAudioFocus) parameters is{"functionInfo":{"IDCM_AudioFocus":"AudioFocus_Media"}}.
06-07 15:26:43.334 0 0 I [ 320.705788] afe_find_cal_topo_id_by_port: port id: 0x9000, dev_acdb_id: 15
06-07 15:26:43.334 0 0 I [ 320.705791] afe_find_cal_topo_id_by_port: top_id:112fc acdb_id:15 afe_port_id:0x9000
06-07 15:26:43.334 0 0 I [ 320.705793] afe_get_cal_topology_id: port_id = 0x9000 acdb_id = 15 topology_id = 0x112fc cal_type_index=8 ret=0
06-07 15:26:43.335 0 0 I [ 320.706016] afe_send_port_topology_id: AFE set topology id 0x112fc enable for port 0x9000 ret 0
06-07 15:26:43.335 0 0 I [ 320.706018] send_afe_cal_type: cal_index is 0
06-07 15:26:43.335 0 0 I [ 320.706019] send_afe_cal_type: dev_acdb_id[55] is 15
06-07 15:26:43.335 0 0 I [ 320.706020] afe_find_cal: cal_index 0 port_id 0x9000 port_index 55
06-07 15:26:43.335 0 0 I [ 320.706022] afe_find_cal: acdb_id 15 dev_acdb_id 15 sample_rate 48000 afe_sample_rates 48000
06-07 15:26:43.335 0 0 I [ 320.706023] afe_find_cal: cal block is a match, size is 0
06-07 15:26:43.335 0 0 I [ 320.706023] send_afe_cal_type: Sending cal_index cal 0
06-07 15:26:43.335 0 0 E [ 320.706025] send_afe_cal_type: No cal sent for cal_index 0, port_id = 0x9000! ret -22
06-07 15:26:43.335 0 0 I [ 320.706276] afe_send_hw_delay: port_id 0x9000 rate 48000 delay_usec 474 status 0
06-07 15:26:43.356 0 0 I [ 320.727078] binder: 4020:9268 ioctl 40046210 7769de11f4 returned -22
06-07 15:26:43.478 0 0 I : [ 320.848509] read descriptors
06-07 15:26:43.478 0 0 I : [ 320.848607] read strings
06-07 15:26:44.505 0 0 I : [ 321.872477] read descriptors
06-07 15:26:44.505 0 0 I : [ 321.872577] read strings
06-07 15:26:45.525 0 0 I : [ 322.893797] read descriptors
06-07 15:26:45.525 0 0 I : [ 322.894297] read strings
06-07 15:26:46.549 0 0 I : [ 323.916875] read descriptors
06-07 15:26:46.549 0 0 I : [ 323.917021] read strings
06-07 15:26:47.561 0 0 I : [ 324.928750] read descriptors
06-07 15:26:47.561 0 0 I : [ 324.928959] read strings
06-07 15:26:48.577 0 0 I : [ 325.945302] read descriptors
06-07 15:26:48.577 0 0 I : [ 325.945522] read strings
06-07 15:26:49.601 0 0 I : [ 326.969054] read descriptors
06-07 15:26:49.601 0 0 I : [ 326.969260] read strings
06-07 15:26:50.185 1539 1703 V DisplayPowerController[0]: Brightness [0.8989899] manual adjustment.
06-07 15:26:50.205 1539 1890 E DisplayDeviceConfig: requesting nits when no mapping exists.
06-07 15:26:50.206 1539 1890 E DisplayDeviceConfig: requesting nits when no mapping exists.
06-07 15:26:50.206 1539 1675 I DropBoxManagerService: add tag=system_server_wtf isTagEnabled=true flags=0x2
06-07 15:26:50.210 1539 1675 I DropBoxManagerService: add tag=system_server_wtf isTagEnabled=true flags=0x2
06-07 15:26:50.215 1539 1890 E DisplayDeviceConfig: requesting nits when no mapping exists.
06-07 15:26:50.215 1539 1890 E DisplayDeviceConfig: requesting nits when no mapping exists.
06-07 15:26:50.215 1539 1675 I DropBoxManagerService: add tag=system_server_wtf isTagEnabled=true flags=0x2
06-07 15:26:50.216 1539 1675 I DropBoxManagerService: add tag=system_server_wtf isTagEnabled=true flags=0x2
06-07 15:26:50.230 1539 1890 E DisplayDeviceConfig: requesting nits when no mapping exists.
06-07 15:26:50.230 1539 1890 E DisplayDeviceConfig: requesting nits when no mapping exists.
06-07 15:26:50.230 1539 1675 I DropBoxManagerService: add tag=system_server_wtf isTagEnabled=true flags=0x2
06-07 15:26:50.247 1539 1890 E DisplayDeviceConfig: requesting nits when no mapping exists.
06-07 15:26:50.247 1539 1890 E DisplayDeviceConfig: requesting nits when no mapping exists.
06-07 15:26:50.261 0 0 I : [ 327.630753] qcom_rpmh DRV:apps_rsc TCS Busy, retrying RPMH message send: addr=0x50000
06-07 15:26:50.617 0 0 I : [ 327.985211] read descriptors
06-07 15:26:50.617 0 0 I : [ 327.985421] read strings
06-07 15:26:51.645 0 0 I : [ 329.012728] read descriptors
06-07 15:26:51.645 0 0 I : [ 329.012930] read strings
06-07 15:26:52.673 0 0 I : [ 330.042419] read descriptors
06-07 15:26:52.673 0 0 I : [ 330.042599] read strings
