06-07 15:36:42.110 1539 3012 D ActivityTaskManager: TaskLaunchParamsModifier:task=Task{bad5382 #123 type=standard A=10095:com.ss.android.ugc.aweme U=0 visible=false mode=freeform translucent=true sz=0 visible freeform task=true rootAffinity=10095:com.ss.android.ugc.aweme isMini=false} activity=ActivityRecord{6900c64 u0 com.ss.android.ugc.aweme/.splash.SplashActivity taskAffinity=10095:com.ss.android.ugc.aweme t-1} display-area-from-source=DefaultTaskDisplayArea@11319769 display-id=0 display-windowing-mode=1 suggested-display-area=DefaultTaskDisplayArea@11319769 activity-options-bounds=Rect(12, 12 - 652, 986) non-freeform-display display-area=DefaultTaskDisplayArea@11319769
06-07 15:36:42.110 1539 3012 D CompatibilityChangeReporter: Compat change id reported: 174042980; UID 10095; state: DISABLED
06-07 15:36:42.110 1539 3012 D CompatibilityChangeReporter: Compat change id reported: 184838306; UID 10095; state: DISABLED
06-07 15:36:42.111 1539 3012 D CompatibilityChangeReporter: Compat change id reported: 185004937; UID 10095; state: DISABLED
06-07 15:36:42.111 1539 3012 D CompatibilityChangeReporter: Compat change id reported: 181136395; UID 10095; state: DISABLED
06-07 15:36:42.111 1539 3012 D CompatibilityChangeReporter: Compat change id reported: 174042936; UID 10095; state: DISABLED
06-07 15:36:42.113 1539 3012 I ActivityTaskManager: FOREGROUND_APPLICATION_CHANGED to com.ss.android.ugc.aweme.main.MainActivity
06-07 15:36:42.113 1539 3012 I ActivityTaskManager: The Process com.ss.android.ugc.aweme Already Exists in BG. So sending its PID: 12227
06-07 15:36:42.113 1539 3012 W ActivityTaskManager: Tried to set launchTime (0) < mLastActivityLaunchTime (578834)
06-07 15:36:42.781 0 0 I [ 920.224011] msm_vidc: high: 00000003: ....d: Opening video instance: 0000000000000000, 1
06-07 15:36:42.782 0 0 I [ 920.224150] msm_vidc: err : 00000003: ....d: Failed to create debugfs for msm_vidc
06-07 15:36:42.835 0 0 I [ 920.274736] ethernet: rx have drop packet
06-07 15:36:42.835 0 0 I [ 920.274740] ethernet: rx have drop packet
06-07 15:36:42.835 0 0 I [ 920.274832] ethernet: rx have drop packet
06-07 15:36:42.835 0 0 I [ 920.275069] ethernet: rx have drop packet
06-07 15:36:42.835 0 0 I [ 920.275078] ethernet: rx have drop packet
06-07 15:36:42.835 0 0 I [ 920.275081] ethernet: rx have drop packet
06-07 15:36:42.835 0 0 I [ 920.275316] ethernet: rx have drop packet
06-07 15:36:42.835 0 0 I [ 920.275319] ethernet: rx have drop packet
06-07 15:36:42.835 0 0 I [ 920.275321] ethernet: rx have drop packet
06-07 15:36:42.835 0 0 I [ 920.275324] ethernet: rx have drop packet
06-07 15:36:42.835 0 0 I [ 920.275326] ethernet: rx have drop packet
06-07 15:36:42.835 0 0 I [ 920.275580] ethernet: rx have drop packet
06-07 15:36:42.835 0 0 I [ 920.275583] ethernet: rx have drop packet
06-07 15:36:42.835 0 0 I [ 920.275586] ethernet: rx have drop packet
06-07 15:36:42.835 0 0 I [ 920.275842] ethernet: rx have drop packet
06-07 15:36:42.835 0 0 I [ 920.275851] ethernet: rx have drop packet
06-07 15:36:42.835 0 0 I [ 920.276112] ethernet: rx have drop packet
06-07 15:36:42.835 0 0 I [ 920.276189] ethernet: rx have drop packet
06-07 15:36:42.835 0 0 I [ 920.276191] ethernet: rx have drop packet
06-07 15:36:42.835 0 0 I [ 920.276426] ethernet: rx have drop packet
06-07 15:36:42.835 0 0 I [ 920.276435] ethernet: rx have drop packet
06-07 15:36:42.835 0 0 I [ 920.276660] ethernet: rx have drop packet
06-07 15:36:42.835 0 0 I [ 920.276670] ethernet: rx have drop packet
06-07 15:36:42.835 0 0 I [ 920.276898] ethernet: rx have drop packet
06-07 15:36:42.835 0 0 I [ 920.276901] ethernet: rx have drop packet
06-07 15:36:42.835 0 0 I [ 920.277129] ethernet: rx have drop packet
06-07 15:36:42.836 0 0 I [ 920.277138] ethernet: rx have drop packet
06-07 15:36:42.837 0 0 I [ 920.277361] ethernet: rx have drop packet
06-07 15:36:42.837 0 0 I [ 920.277371] ethernet: rx have drop packet
06-07 15:36:42.837 0 0 I [ 920.277596] ethernet: rx have drop packet
06-07 15:36:42.837 0 0 I [ 920.277605] ethernet: rx have drop packet
06-07 15:36:42.837 0 0 I [ 920.277830] ethernet: rx have drop packet
06-07 15:36:42.837 0 0 I [ 920.277839] ethernet: rx have drop packet
06-07 15:36:42.837 0 0 I [ 920.278174] ethernet: rx have drop packet
06-07 15:36:42.837 0 0 I [ 920.278177] ethernet: rx have drop packet
06-07 15:36:42.837 0 0 I [ 920.278276] ethernet: rx have drop packet
06-07 15:36:42.837 0 0 I [ 920.278280] ethernet: rx have drop packet
06-07 15:36:42.837 0 0 I [ 920.278533] ethernet: rx have drop packet
06-07 15:36:42.837 0 0 I [ 920.278542] ethernet: rx have drop packet
06-07 15:36:42.837 0 0 I [ 920.278765] ethernet: rx have drop packet
06-07 15:36:42.837 0 0 I [ 920.278775] ethernet: rx have drop packet
06-07 15:36:42.837 0 0 I [ 920.279042] ethernet: rx have drop packet
06-07 15:36:42.837 0 0 I [ 920.279046] ethernet: rx have drop packet
06-07 15:36:42.837 0 0 I [ 920.279138] ethernet: rx have drop packet
06-07 15:36:42.837 0 0 I [ 920.279349] ethernet: rx have drop packet
06-07 15:36:42.837 0 0 I [ 920.279359] ethernet: rx have drop packet
06-07 15:36:42.837 0 0 I [ 920.279584] ethernet: rx have drop packet
06-07 15:36:42.837 0 0 I [ 920.279594] ethernet: rx have drop packet
06-07 15:36:42.837 0 0 I [ 920.279821] ethernet: rx have drop packet
06-07 15:36:42.850 0 0 I [ 920.279824] ethernet: rx have drop packet
06-07 15:36:42.850 0 0 I [ 920.280056] ethernet: rx have drop packet
06-07 15:36:42.850 0 0 I [ 920.280061] ethernet: rx have drop packet
06-07 15:36:42.850 0 0 I [ 920.280287] ethernet: rx have drop packet
06-07 15:36:42.850 0 0 I [ 920.280297] ethernet: rx have drop packet
06-07 15:36:42.850 0 0 I [ 920.280528] ethernet: rx have drop packet
06-07 15:36:42.850 0 0 I [ 920.280533] ethernet: rx have drop packet
06-07 15:36:42.850 0 0 I [ 920.280755] ethernet: rx have drop packet
06-07 15:36:42.850 0 0 I [ 920.280758] ethernet: rx have drop packet
06-07 15:36:42.850 0 0 I [ 920.281011] ethernet: rx have drop packet
06-07 15:36:42.850 0 0 I [ 920.281014] ethernet: rx have drop packet
06-07 15:36:42.850 0 0 I [ 920.281116] ethernet: rx have drop packet
06-07 15:36:42.850 0 0 I [ 920.281222] ethernet: rx have drop packet
06-07 15:36:42.850 0 0 I [ 920.281309] ethernet: rx have drop packet
06-07 15:36:42.850 0 0 I [ 920.281572] ethernet: rx have drop packet
06-07 15:36:42.850 0 0 I [ 920.281585] ethernet: rx have drop packet
06-07 15:36:42.850 0 0 I [ 920.281588] ethernet: rx have drop packet
06-07 15:36:42.850 0 0 I [ 920.281590] ethernet: rx have drop packet
06-07 15:36:42.850 0 0 I [ 920.281863] ethernet: rx have drop packet
06-07 15:36:42.850 0 0 I [ 920.281866] ethernet: rx have drop packet
06-07 15:36:42.850 0 0 I [ 920.282091] ethernet: rx have drop packet
06-07 15:36:42.850 0 0 I [ 920.282094] ethernet: rx have drop packet
06-07 15:36:42.850 0 0 I [ 920.282421] ethernet: rx have drop packet
06-07 15:36:42.850 0 0 I [ 920.282425] ethernet: rx have drop packet
06-07 15:36:42.850 0 0 I [ 920.282522] ethernet: rx have drop packet
06-07 15:36:42.850 0 0 I [ 920.282525] ethernet: rx have drop packet
06-07 15:36:42.850 0 0 I [ 920.282792] ethernet: rx have drop packet
06-07 15:36:42.850 0 0 I [ 920.282795] ethernet: rx have drop packet
06-07 15:36:42.850 0 0 I [ 920.283027] ethernet: rx have drop packet
06-07 15:36:42.850 0 0 I [ 920.283030] ethernet: rx have drop packet
06-07 15:36:42.850 0 0 I [ 920.283157] ethernet: rx have drop packet
06-07 15:36:42.850 0 0 I [ 920.283256] ethernet: rx have drop packet
06-07 15:36:42.850 0 0 I [ 920.283343] ethernet: rx have drop packet
06-07 15:36:42.850 0 0 I [ 920.283607] ethernet: rx have drop packet
06-07 15:36:42.850 0 0 I [ 920.283616] ethernet: rx have drop packet
06-07 15:36:42.850 0 0 I [ 920.283841] ethernet: rx have drop packet
06-07 15:36:42.850 0 0 I [ 920.283849] ethernet: rx have drop packet
06-07 15:36:42.850 0 0 I [ 920.284078] ethernet: rx have drop packet
06-07 15:36:42.850 0 0 I [ 920.284081] ethernet: rx have drop packet
06-07 15:36:42.850 0 0 I [ 920.284459] ethernet: rx have drop packet
06-07 15:36:42.850 0 0 I [ 920.284527] ethernet: rx have drop packet
06-07 15:36:42.850 0 0 I [ 920.284550] ethernet: rx have drop packet
06-07 15:36:42.850 0 0 I [ 920.284553] ethernet: rx have drop packet
06-07 15:36:42.851 0 0 I [ 920.284777] ethernet: rx have drop packet
06-07 15:36:42.851 0 0 I [ 920.284786] ethernet: rx have drop packet
06-07 15:36:42.851 0 0 I [ 920.285011] ethernet: rx have drop packet
06-07 15:36:42.851 0 0 I [ 920.285019] ethernet: rx have drop packet
06-07 15:36:42.851 0 0 I [ 920.285249] ethernet: rx have drop packet
06-07 15:36:42.851 0 0 I [ 920.285252] ethernet: rx have drop packet
06-07 15:36:42.851 0 0 I [ 920.285480] ethernet: rx have drop packet
06-07 15:36:42.851 0 0 I [ 920.285488] ethernet: rx have drop packet
06-07 15:36:42.851 0 0 I [ 920.285714] ethernet: rx have drop packet
06-07 15:36:42.851 0 0 I [ 920.285722] ethernet: rx have drop packet
06-07 15:36:42.851 0 0 I [ 920.285947] ethernet: rx have drop packet
06-07 15:36:42.851 0 0 I [ 920.285955] ethernet: rx have drop packet
06-07 15:36:42.852 0 0 I [ 920.286182] ethernet: rx have drop packet
06-07 15:36:42.852 0 0 I [ 920.286190] ethernet: rx have drop packet
06-07 15:36:42.852 0 0 I [ 920.286958] ethernet: rx have drop packet
06-07 15:36:42.852 0 0 I [ 920.286962] ethernet: rx have drop packet
06-07 15:36:42.852 0 0 I [ 920.286965] ethernet: rx have drop packet
06-07 15:36:42.852 0 0 I [ 920.287037] ethernet: rx have drop packet
06-07 15:36:42.852 0 0 I [ 920.287039] ethernet: rx have drop packet
06-07 15:36:42.852 0 0 I [ 920.287041] ethernet: rx have drop packet
06-07 15:36:42.852 0 0 I [ 920.287056] ethernet: rx have drop packet
06-07 15:36:42.852 0 0 I [ 920.287086] ethernet: rx have drop packet
06-07 15:36:42.852 0 0 I [ 920.287352] ethernet: rx have drop packet
06-07 15:36:42.852 0 0 I [ 920.287356] ethernet: rx have drop packet
06-07 15:36:42.852 0 0 I [ 920.287587] ethernet: rx have drop packet
06-07 15:36:42.926 0 0 I [ 920.287589] ethernet: rx have drop packet
06-07 15:36:42.926 0 0 I : [ 920.365021] read descriptors
06-07 15:36:42.926 0 0 I : [ 920.365104] read strings
06-07 15:36:42.931 0 0 I [ 920.369171] afe_find_cal_topo_id_by_port: port id: 0x9000, dev_acdb_id: 15
06-07 15:36:42.931 0 0 I [ 920.369174] afe_find_cal_topo_id_by_port: top_id:112fc acdb_id:15 afe_port_id:0x9000
06-07 15:36:42.931 0 0 I [ 920.369175] afe_get_cal_topology_id: port_id = 0x9000 acdb_id = 15 topology_id = 0x112fc cal_type_index=8 ret=0
06-07 15:36:42.931 0 0 I [ 920.369366] afe_send_port_topology_id: AFE set topology id 0x112fc enable for port 0x9000 ret 0
06-07 15:36:42.931 0 0 I [ 920.369367] send_afe_cal_type: cal_index is 0
06-07 15:36:42.931 0 0 I [ 920.369368] send_afe_cal_type: dev_acdb_id[55] is 15
06-07 15:36:42.931 0 0 I [ 920.369370] afe_find_cal: cal_index 0 port_id 0x9000 port_index 55
06-07 15:36:42.931 0 0 I [ 920.369371] afe_find_cal: acdb_id 15 dev_acdb_id 15 sample_rate 48000 afe_sample_rates 48000
06-07 15:36:42.931 0 0 I [ 920.369372] afe_find_cal: cal block is a match, size is 0
06-07 15:36:42.931 0 0 I [ 920.369373] send_afe_cal_type: Sending cal_index cal 0
06-07 15:36:42.931 0 0 E [ 920.369374] send_afe_cal_type: No cal sent for cal_index 0, port_id = 0x9000! ret -22
06-07 15:36:42.931 0 0 I [ 920.369563] afe_send_hw_delay: port_id 0x9000 rate 48000 delay_usec 474 status 0
06-07 15:36:43.078 0 0 I [ 920.518144] msm_vidc: high: 00000004: ....d: Opening video instance: 0000000000000000, 1
06-07 15:36:43.078 0 0 I [ 920.518187] msm_vidc: err : 00000004: ....d: Failed to create debugfs for msm_vidc
06-07 15:36:43.962 0 0 I : [ 921.404209] read descriptors
06-07 15:36:43.962 0 0 I : [ 921.404246] read strings
06-07 15:36:44.985 0 0 I : [ 922.424527] read descriptors
06-07 15:36:44.985 0 0 I : [ 922.424609] read strings
06-07 15:36:45.158 0 0 D [ 922.598213] cnss: Host time = 925259560 us, device time = 911642000 us, offset = 13617560 us
06-07 15:36:45.158 0 0 D [ 922.598252] cnss: Updated time sync regs [0x984] = 0xcfc998, [0x988] = 0x0
06-07 15:36:46.002 0 0 I : [ 923.440729] read descriptors
06-07 15:36:46.002 0 0 I : [ 923.440817] read strings
06-07 15:36:47.022 0 0 I : [ 924.463076] read descriptors
06-07 15:36:47.022 0 0 I : [ 924.463166] read strings
06-07 15:36:48.042 0 0 I : [ 925.481025] read descriptors
06-07 15:36:48.042 0 0 I : [ 925.481168] read strings
06-07 15:36:48.906 0 0 I : [ 926.344461] IRQ 5: no longer affine to CPU7
06-07 15:36:49.070 0 0 I : [ 926.508576] read descriptors
06-07 15:36:49.070 0 0 I : [ 926.508681] read strings
06-07 15:36:50.086 0 0 I : [ 927.524517] read descriptors
06-07 15:36:50.086 0 0 I : [ 927.524598] read strings
06-07 15:36:51.102 0 0 I : [ 928.540918] read descriptors
06-07 15:36:51.102 0 0 I : [ 928.541025] read strings
06-07 15:36:52.134 0 0 I : [ 929.572967] read descriptors
06-07 15:36:52.134 0 0 I : [ 929.573065] read strings
06-07 15:36:52.614 0 0 I : [ 930.056486] IRQ 5: no longer affine to CPU7
06-07 15:36:52.714 1539 11567 W ActivityManager: Receiver with filter android.content.IntentFilter@c38beb2 already registered for pid 12227, callerPackage is com.ss.android.ugc.aweme
06-07 15:36:53.003 2140 19731 W ContextImpl: Calling a method in the system process without a qualified user: android.app.ContextImpl.sendBroadcast:1173 android.content.ContextWrapper.sendBroadcast:479 com.thundercomm.microsettings.action.SetTimeAction.timeUpdated:191 com.thundercomm.microsettings.action.SetTimeAction.update24HourFormat:173 com.thundercomm.microsettings.action.SetTimeAction.doActualAction:133
06-07 15:36:53.025 1539 1539 D DevicePolicyManager: updateSystemUpdateFreezePeriodsRecord
06-07 15:36:53.025 1539 1539 D ConditionProviders.SCP: onReceive android.intent.action.TIME_SET
06-07 15:36:53.025 1539 1539 D ConditionProviders.SCP: evaluateSubscriptionLocked cal=ScheduleCalendar[mDays={1, 2, 3, 4, 5, 6, 7}, mSchedule=ScheduleInfo{days=[1, 2, 3, 4, 5, 6, 7], startHour=22, startMinute=0, endHour=7, endMinute=0, exitAtAlarm=true, nextAlarm=Thu Jan 01 08:00:00 GMT+08:00 1970 (0)}], now=Wed Jun 07 15:36:53 GMT+08:00 2023 (1686123413025), nextUserAlarmTime=Thu Jan 01 08:00:00 GMT+08:00 1970 (0)
06-07 15:36:53.025 1539 1539 D ConditionProviders.SCP: notifyCondition condition://android/schedule?days=1.2.3.4.5.6.7&start=22.0&end=7.0&exitAtAlarm=true STATE_FALSE reason=!meetsSchedule
06-07 15:36:53.026 1539 1539 D ConditionProviders.SCP: Scheduling evaluate for Wed Jun 07 22:00:00 GMT+08:00 2023 (1686146400000), in +6h23m6s975ms, now=Wed Jun 07 15:36:53 GMT+08:00 2023 (1686123413025)
06-07 15:36:53.054 1539 2105 D CompatibilityChangeReporter: Compat change id reported: 168419799; UID 10099; state: DISABLED
06-07 15:36:53.118 0 0 I : [ 930.592444] read descriptors
06-07 15:36:53.118 0 0 I : [ 930.592520] read strings
06-07 15:36:54.140 0 0 I : [ 931.612476] read descriptors
06-07 15:36:54.140 0 0 I : [ 931.612571] read strings
06-07 15:36:55.158 0 0 I : [ 932.633488] read descriptors
06-07 15:36:55.158 0 0 I : [ 932.633640] read strings
06-07 15:36:56.184 0 0 I : [ 933.656668] read descriptors
06-07 15:36:56.184 0 0 I : [ 933.656760] read strings
06-07 15:36:57.204 0 0 I : [ 934.676772] read descriptors
06-07 15:36:57.204 0 0 I : [ 934.676901] read strings
06-07 15:36:58.232 0 0 I : [ 935.701815] read descriptors
06-07 15:36:58.232 0 0 I : [ 935.702095] read strings
06-07 15:36:58.754 0 0 I [ 936.230501] init: processing action (sys.tlog.tlogdshc.active=1) from (/system/etc/init/tlogd.rc:195)
06-07 15:36:58.755 0 0 I [ 936.231160] init: starting service 'tlogdshc'...
06-07 15:36:58.845 1539 1675 W ActivityManager: Stopping service due to app idle: u0a99 -2m52s838ms com.qiyi.video/org.qiyi.pluginlibrary.pm.PluginPackageManagerService
06-07 15:36:58.845 1539 1675 W ActivityManager: Stopping service due to app idle: u0a99 -2m45s902ms com.qiyi.video/org.qiyi.pluginlibrary.component.ServiceProxy1
06-07 15:36:58.845 1539 1675 W ActivityManager: Stopping service due to app idle: u0a99 -2m44s26ms com.qiyi.video/com.ss.android.socialbase.downloader.notification.DownloadNotificationService
06-07 15:36:58.845 1539 1675 W ActivityManager: Stopping service due to app idle: u0a99 -2m49s625ms com.qiyi.video/com.iqiyi.video.download.filedownload.QiyiDownloadCoreService
06-07 15:36:58.845 1539 1675 W ActivityManager: Stopping service due to app idle: u0a99 -2m45s502ms com.qiyi.video/com.iqiyi.video.download.QiyiDownloadCenterService
06-07 15:36:58.845 1539 1675 W ActivityManager: Stopping service due to app idle: u0a99 -2m46s512ms com.qiyi.video/org.qiyi.video.module.icommunication.ipc.HostService
06-07 15:36:58.845 1539 1675 W ActivityManager: Stopping service due to app idle: u0a99 -2m45s938ms com.qiyi.video/org.qiyi.video.nativelib.pm.LibraryManagerService
06-07 15:36:58.845 1539 1675 W ActivityManager: Stopping service due to app idle: u0a99 -2m46s804ms com.qiyi.video/org.qiyi.android.plugin.ipc.IPCService1
06-07 15:36:58.845 1539 1675 W ActivityManager: Stopping service due to app idle: u0a99 -2m49s399ms com.qiyi.video/org.qiyi.android.plugin.ipc.IPCService0
06-07 15:36:58.845 1539 1675 W ActivityManager: Stopping service due to app idle: u0a99 -2m46s701ms com.qiyi.video/com.iqiyi.hcim.service.IMService
06-07 15:36:58.846 1539 1675 W ActivityManager: Stopping service due to app idle: u0a99 -2m45s409ms com.qiyi.video/com.qq.e.comm.DownloadService
06-07 15:36:58.940 0 0 I [ 936.413046] init: Service 'tlogdshc' (pid 19802) exited with status 0 oneshot service took 0.177000 seconds in background
06-07 15:36:58.940 0 0 I [ 936.413071] init: Sending signal 9 to service 'tlogdshc' (pid 19802) process group...
06-07 15:36:58.940 0 0 I [ 936.413484] libprocessgroup: Successfully killed process cgroup uid 0 pid 19802 in 0ms
06-07 15:36:59.256 0 0 I : [ 936.731213] read descriptors
06-07 15:36:59.256 0 0 I : [ 936.731336] read strings
06-07 15:37:00.284 0 0 I : [ 937.757565] read descriptors
06-07 15:37:00.284 0 0 I : [ 937.757653] read strings
06-07 15:37:00.632 0 0 I : [ 938.104679] IRQ 5: no longer affine to CPU5
06-07 15:37:01.308 0 0 I : [ 938.780877] read descriptors
06-07 15:37:01.308 0 0 I : [ 938.780967] read strings
06-07 15:37:02.332 0 0 I : [ 939.806545] read descriptors
06-07 15:37:02.332 0 0 I : [ 939.806624] read strings
06-07 15:37:02.584 0 0 I : [ 940.056332] IRQ 5: no longer affine to CPU4
06-07 15:37:03.352 0 0 I : [ 940.824461] read descriptors
06-07 15:37:03.352 0 0 I : [ 940.824538] read strings
06-07 15:37:04.372 0 0 I : [ 941.844668] read descriptors
06-07 15:37:04.372 0 0 I : [ 941.844778] read strings
06-07 15:37:04.456 0 0 I : [ 941.928257] IRQ 5: no longer affine to CPU6
06-07 15:37:05.398 0 0 I : [ 942.870221] read descriptors
06-07 15:37:05.398 0 0 I : [ 942.870332] read strings
06-07 15:37:06.424 0 0 I : [ 943.896933] read descriptors
06-07 15:37:06.424 0 0 I : [ 943.897042] read strings
06-07 15:37:06.888 0 0 I : [ 944.360540] IRQ 5: no longer affine to CPU5
06-07 15:37:07.452 0 0 I : [ 944.925300] read descriptors
06-07 15:37:07.452 0 0 I : [ 944.925424] read strings
06-07 15:37:08.472 0 0 I : [ 945.945055] read descriptors
06-07 15:37:08.472 0 0 I : [ 945.945242] read strings
06-07 15:37:09.492 0 0 I : [ 946.964650] read descriptors
06-07 15:37:09.493 0 0 I : [ 946.964798] read strings
06-07 15:37:10.520 0 0 I : [ 947.992744] read descriptors
06-07 15:37:10.520 0 0 I : [ 947.992833] read strings
06-07 15:37:11.552 0 0 I : [ 949.025183] read descriptors
06-07 15:37:11.552 0 0 I : [ 949.025297] read strings
06-07 15:37:12.576 0 0 I : [ 950.049648] read descriptors
06-07 15:37:12.576 0 0 I : [ 950.049745] read strings
06-07 15:37:13.604 0 0 I : [ 951.076921] read descriptors
06-07 15:37:13.604 0 0 I : [ 951.077032] read strings
06-07 15:37:14.624 0 0 I : [ 952.097036] read descriptors
06-07 15:37:14.624 0 0 I : [ 952.097148] read strings
06-07 15:37:15.648 0 0 I : [ 953.120701] read descriptors
06-07 15:37:15.648 0 0 I : [ 953.120794] read strings
06-07 15:37:16.676 0 0 I : [ 954.148570] read descriptors
06-07 15:37:16.676 0 0 I : [ 954.148649] read strings
06-07 15:37:17.704 0 0 I : [ 955.176638] read descriptors
06-07 15:37:17.704 0 0 I : [ 955.176718] read strings
06-07 15:37:18.726 0 0 I : [ 956.196572] read descriptors
06-07 15:37:18.726 0 0 I : [ 956.196700] read strings
06-07 15:37:19.748 0 0 I : [ 957.220967] read descriptors
06-07 15:37:19.748 0 0 I : [ 957.221051] read strings
06-07 15:37:20.780 0 0 I : [ 958.248696] read descriptors
06-07 15:37:20.780 0 0 I : [ 958.248774] read strings
06-07 15:37:21.796 0 0 I : [ 959.269178] read descriptors
06-07 15:37:21.796 0 0 I : [ 959.269298] read strings
06-07 15:37:22.818 0 0 I : [ 960.293386] read descriptors
06-07 15:37:22.818 0 0 I : [ 960.293499] read strings
06-07 15:37:23.844 0 0 I : [ 961.317640] read descriptors
06-07 15:37:23.845 0 0 I : [ 961.317970] read strings
06-07 15:37:24.868 0 0 I : [ 962.340861] read descriptors
06-07 15:37:24.868 0 0 I : [ 962.340967] read strings
06-07 15:37:25.481 0 0 I : [ 962.952636] IRQ 5: no longer affine to CPU6
06-07 15:37:25.888 0 0 I : [ 963.360722] read descriptors
06-07 15:37:25.888 0 0 I : [ 963.360847] read strings
06-07 15:37:26.878 1539 1658 I ActivityManager: Stopping service com.ss.android.ugc.aweme/com.bytedance.common.wschannel.client.WsClientService: remove task
06-07 15:37:26.913 1539 2115 I ActivityTaskManager: FOREGROUND_APPLICATION_CHANGED to com.android.launcher3.uioverrides.QuickstepLauncher
06-07 15:37:26.919 0 0 I : [ 964.393632] read descriptors
06-07 15:37:26.919 0 0 I : [ 964.393707] read strings
06-07 15:37:27.017 1539 2115 D ActivityTaskManager: Skipping, freeform mode : Task{bad5382 #123 type=standard A=10095:com.ss.android.ugc.aweme U=0 visible=false mode=freeform translucent=true sz=1 visible freeform task=true rootAffinity=10095:com.ss.android.ugc.aweme isMini=false}
06-07 15:37:27.017 1539 2115 D ActivityTaskManager: Skipping, freeform mode : Task{e672263 #117 type=standard A=10100:android.task.kugou U=0 visible=false mode=freeform translucent=true sz=0 visible freeform task=true rootAffinity=10100:android.task.kugou isMini=false}
06-07 15:37:27.049 0 0 I : [ 964.520176] IRQ 5: no longer affine to CPU5
06-07 15:37:27.294 0 0 I : [ 964.769894] qcom_rpmh DRV:apps_rsc TCS Busy, retrying RPMH message send: addr=0x30010
06-07 15:37:27.343 0 0 I [ 964.818670] msm_vidc: high: 00000004: h265d: Closed video instance: 0000000000000000
06-07 15:37:27.378 0 0 I [ 964.853993] msm_vidc: high: 00000003: h265d: Closed video instance: 0000000000000000
06-07 15:37:27.945 0 0 I : [ 965.420688] read descriptors
06-07 15:37:27.945 0 0 I : [ 965.420834] read strings
06-07 15:37:28.767 0 0 I [ 966.241974] init: processing action (sys.tlog.tlogdshc.active=1) from (/system/etc/init/tlogd.rc:195)
06-07 15:37:28.767 0 0 I [ 966.242569] init: starting service 'tlogdshc'...
06-07 15:37:28.892 0 0 I [ 966.366852] init: Service 'tlogdshc' (pid 19917) exited with status 0 oneshot service took 0.120000 seconds in background
06-07 15:37:28.892 0 0 I [ 966.366882] init: Sending signal 9 to service 'tlogdshc' (pid 19917) process group...
06-07 15:37:28.892 0 0 I [ 966.367078] libprocessgroup: Successfully killed process cgroup uid 0 pid 19917 in 0ms
06-07 15:37:28.896 0 0 I [ 966.370230] msm_vidc: err : ffffffff: .....: DBLP Set: status 0
06-07 15:37:28.969 0 0 I : [ 966.444651] read descriptors
06-07 15:37:28.969 0 0 I : [ 966.444815] read strings
06-07 15:37:29.996 0 0 I : [ 967.469456] read descriptors
06-07 15:37:29.996 0 0 I : [ 967.469673] read strings
06-07 15:37:30.088 0 0 I [ 967.560758] afe_close: port_id = 0x9000
06-07 15:37:31.024 0 0 I : [ 968.497646] read descriptors
06-07 15:37:31.024 0 0 I : [ 968.497817] read strings
06-07 15:37:32.049 0 0 I : [ 969.524446] read descriptors
06-07 15:37:32.049 0 0 I : [ 969.524526] read strings
06-07 15:37:33.072 0 0 I : [ 970.548229] read descriptors
06-07 15:37:33.072 0 0 I : [ 970.548331] read strings
06-07 15:37:34.094 0 0 I : [ 971.569363] read descriptors
06-07 15:37:34.094 0 0 I : [ 971.569535] read strings
06-07 15:37:35.117 0 0 I : [ 972.592789] read descriptors
06-07 15:37:35.117 0 0 I : [ 972.592915] read strings
06-07 15:37:36.150 0 0 I : [ 973.624856] read descriptors
06-07 15:37:36.150 0 0 I : [ 973.624945] read strings
06-07 15:37:36.861 1539 1658 W ActivityTaskManager: Launch timeout has expired, giving up wake lock!
06-07 15:37:37.171 0 0 I : [ 974.644894] read descriptors
06-07 15:37:37.171 0 0 I : [ 974.645148] read strings
06-07 15:37:38.192 0 0 I : [ 975.666783] read descriptors
06-07 15:37:38.192 0 0 I : [ 975.666896] read strings
06-07 15:37:38.283 1539 12892 I thunderperf: PlatormCompat.setOverrides: Uid1=10077 Pid1=2594 Uid2=10077 Pid2=2594
06-07 15:37:38.283 1539 12892 I thunderperf: PlatormCompat.setOverrides: needCheck:false
06-07 15:37:38.283 1539 12892 I thunderperf: CompatConfig.addOverrideUnsafe: bef-state=1
06-07 15:37:38.284 1539 12892 E thunderperf: CompatConfig.addOverrideUnsafe: exception:java.lang.SecurityException: Cannot override a change on a non-debuggable app and user build.
06-07 15:37:38.284 1539 12892 I thunderperf: CompatConfig.addOverrideUnsafe: aft-state=1
06-07 15:37:38.285 1539 12892 I thunderperf: CompatConfig.addOverrideUnsafe: bef-state=1
06-07 15:37:38.286 1539 12892 E thunderperf: CompatConfig.addOverrideUnsafe: exception:java.lang.SecurityException: Cannot override a change on a non-debuggable app and user build.
06-07 15:37:38.286 1539 12892 I thunderperf: CompatConfig.addOverrideUnsafe: aft-state=1
06-07 15:37:38.286 1539 12892 I thunderperf: CompatConfig.addOverrideUnsafe: bef-state=1
06-07 15:37:38.287 1539 12892 E thunderperf: CompatConfig.addOverrideUnsafe: exception:java.lang.SecurityException: Cannot override a change on a non-debuggable app and user build.
06-07 15:37:38.287 1539 12892 I thunderperf: CompatConfig.addOverrideUnsafe: aft-state=1
06-07 15:37:38.287 1539 12892 I thunderperf: CompatConfig.addOverrideUnsafe: bef-state=1
06-07 15:37:38.288 1539 12892 E thunderperf: CompatConfig.addOverrideUnsafe: exception:java.lang.SecurityException: Cannot override a change on a non-debuggable app and user build.
06-07 15:37:38.288 1539 12892 I thunderperf: CompatConfig.addOverrideUnsafe: aft-state=1
06-07 15:37:38.289 1539 12892 I thunderperf: CompatConfig.addOverrideUnsafe: bef-state=1
06-07 15:37:38.289 1539 12892 E thunderperf: CompatConfig.addOverrideUnsafe: exception:java.lang.SecurityException: Cannot override a change on a non-debuggable app and user build.
06-07 15:37:38.289 1539 12892 I thunderperf: CompatConfig.addOverrideUnsafe: aft-state=1
06-07 15:37:38.290 1539 12892 I thunderperf: CompatConfig.addOverrideUnsafe: bef-state=1
06-07 15:37:38.290 1539 12892 E thunderperf: CompatConfig.addOverrideUnsafe: exception:java.lang.SecurityException: Cannot override a change on a non-debuggable app and user build.
06-07 15:37:38.290 1539 12892 I thunderperf: CompatConfig.addOverrideUnsafe: aft-state=1
06-07 15:37:38.291 1539 12892 I thunderperf: CompatConfig.addOverrideUnsafe: bef-state=1
06-07 15:37:38.291 1539 12892 E thunderperf: CompatConfig.addOverrideUnsafe: exception:java.lang.SecurityException: Cannot override a change on a non-debuggable app and user build.
06-07 15:37:38.291 1539 12892 I thunderperf: CompatConfig.addOverrideUnsafe: aft-state=1
06-07 15:37:38.292 1539 12892 I thunderperf: CompatConfig.addOverrideUnsafe: bef-state=1
06-07 15:37:38.292 1539 12892 E thunderperf: CompatConfig.addOverrideUnsafe: exception:java.lang.SecurityException: Cannot override a change on a non-debuggable app and user build.
06-07 15:37:38.292 1539 12892 I thunderperf: CompatConfig.addOverrideUnsafe: aft-state=1
06-07 15:37:38.293 1539 12892 I thunderperf: CompatConfig.addOverrideUnsafe: bef-state=1
06-07 15:37:38.294 1539 12892 E thunderperf: CompatConfig.addOverrideUnsafe: exception:java.lang.SecurityException: Cannot override a change on a non-debuggable app and user build.
06-07 15:37:38.294 1539 12892 I thunderperf: CompatConfig.addOverrideUnsafe: aft-state=1
06-07 15:37:38.295 1539 12892 I thunderperf: CompatConfig.addOverrideUnsafe: bef-state=1
06-07 15:37:38.295 1539 12892 E thunderperf: CompatConfig.addOverrideUnsafe: exception:java.lang.SecurityException: Cannot override a change on a non-debuggable app and user build.
06-07 15:37:38.295 1539 12892 I thunderperf: CompatConfig.addOverrideUnsafe: aft-state=1
06-07 15:37:38.296 1539 12892 I thunderperf: CompatConfig.addOverrideUnsafe: bef-state=1
06-07 15:37:38.296 1539 12892 E thunderperf: CompatConfig.addOverrideUnsafe: exception:java.lang.SecurityException: Cannot override a change on a non-debuggable app and user build.
06-07 15:37:38.296 1539 12892 I thunderperf: CompatConfig.addOverrideUnsafe: aft-state=1
06-07 15:37:38.297 1539 12892 I thunderperf: CompatConfig.addOverrideUnsafe: bef-state=1
06-07 15:37:38.297 1539 12892 E thunderperf: CompatConfig.addOverrideUnsafe: exception:java.lang.SecurityException: Cannot override a change on a non-debuggable app and user build.
06-07 15:37:38.297 1539 12892 I thunderperf: CompatConfig.addOverrideUnsafe: aft-state=1
06-07 15:37:38.298 1539 12892 I thunderperf: CompatConfig.addOverrideUnsafe: bef-state=1
06-07 15:37:38.298 1539 12892 E thunderperf: CompatConfig.addOverrideUnsafe: exception:java.lang.SecurityException: Cannot override a change on a non-debuggable app and user build.
06-07 15:37:38.298 1539 12892 I thunderperf: CompatConfig.addOverrideUnsafe: aft-state=1
06-07 15:37:38.299 1539 12892 I thunderperf: CompatConfig.addOverrideUnsafe: bef-state=1
06-07 15:37:38.299 1539 12892 E thunderperf: CompatConfig.addOverrideUnsafe: exception:java.lang.SecurityException: Cannot override a change on a non-debuggable app and user build.
06-07 15:37:38.299 1539 12892 I thunderperf: CompatConfig.addOverrideUnsafe: aft-state=1
06-07 15:37:38.307 1539 12892 I ActivityTaskManager: START u0 {act=android.intent.action.MAIN cat=[android.intent.category.LAUNCHER] flg=0x10200000 cmp=com.android.documentsui/.LauncherActivity bnds=[126,692][426,990]} from uid 10077
06-07 15:37:38.311 1539 12892 D ActivityTaskManager: TaskLaunchParamsModifier:task=null activity=ActivityRecord{d3b7ae9 u0 com.android.documentsui/.LauncherActivity taskAffinity=10020:com.android.documentsui display-area-from-source=DefaultTaskDisplayArea@11319769 display-id=0 display-windowing-mode=1 suggested-display-area=DefaultTaskDisplayArea@11319769
06-07 15:37:38.314 1539 12892 D ActivityTaskManager: TaskLaunchParamsModifier:task=null activity=ActivityRecord{d3b7ae9 u0 com.android.documentsui/.LauncherActivity taskAffinity=10020:com.android.documentsui t-1} display-area-from-source=DefaultTaskDisplayArea@11319769 display-id=0 display-windowing-mode=1 suggested-display-area=DefaultTaskDisplayArea@11319769 inherit-from-source=fullscreen activity-options-fullscreen=Rect(0, 0 - 0, 0) non-freeform-display display-area=DefaultTaskDisplayArea@11319769
06-07 15:37:38.315 1539 12892 W ActivityTaskManager: Can't find TaskDisplayArea to determine support for multi window. Task id=124 attached=false
06-07 15:37:38.316 1539 12892 D ActivityTaskManager: TaskLaunchParamsModifier:task=Task{afc836e #124 type=standard A=10020:com.android.documentsui U=0 visible=false mode=fullscreen translucent=true sz=0 visible freeform task=true rootAffinity=10020:com.android.documentsui isMini=false} activity=ActivityRecord{d3b7ae9 u0 com.android.documentsui/.LauncherActivity taskAffinity=10020:com.android.documentsui t-1} display-area-from-source=DefaultTaskDisplayArea@11319769 display-id=0 display-windowing-mode=1 suggested-display-area=DefaultTaskDisplayArea@11319769 inherit-from-source=fullscreen activity-options-fullscreen=Rect(0, 0 - 0, 0) non-freeform-display display-area=DefaultTaskDisplayArea@11319769
06-07 15:37:38.322 1539 3012 I ActivityTaskManager: FOREGROUND_APPLICATION_CHANGED to com.android.documentsui.files.LauncherActivity
06-07 15:37:38.322 1539 3012 I ActivityTaskManager: The Process com.android.documentsui Already Exists in BG. So sending its PID: 8142
06-07 15:37:38.322 1539 3012 W ActivityTaskManager: Tried to set launchTime (0) < mLastActivityLaunchTime (210187)
06-07 15:37:38.339 1539 11567 I thunderperf: PlatormCompat.setOverrides: Uid1=10020 Pid1=8142 Uid2=10020 Pid2=8142
06-07 15:37:38.339 1539 11567 I thunderperf: PlatormCompat.setOverrides: needCheck:false
06-07 15:37:38.339 1539 11567 I thunderperf: CompatConfig.addOverrideUnsafe: bef-state=1
06-07 15:37:38.340 1539 11567 E thunderperf: CompatConfig.addOverrideUnsafe: exception:java.lang.SecurityException: Cannot override a change on a non-debuggable app and user build.
06-07 15:37:38.340 1539 11567 I thunderperf: CompatConfig.addOverrideUnsafe: aft-state=1
06-07 15:37:38.340 1539 11567 I thunderperf: CompatConfig.addOverrideUnsafe: bef-state=1
06-07 15:37:38.340 1539 11567 E thunderperf: CompatConfig.addOverrideUnsafe: exception:java.lang.SecurityException: Cannot override a change on a non-debuggable app and user build.
06-07 15:37:38.340 1539 11567 I thunderperf: CompatConfig.addOverrideUnsafe: aft-state=1
06-07 15:37:38.340 1539 11567 I thunderperf: CompatConfig.addOverrideUnsafe: bef-state=1
06-07 15:37:38.340 1539 11567 E thunderperf: CompatConfig.addOverrideUnsafe: exception:java.lang.SecurityException: Cannot override a change on a non-debuggable app and user build.
06-07 15:37:38.340 1539 11567 I thunderperf: CompatConfig.addOverrideUnsafe: aft-state=1
06-07 15:37:38.341 1539 11567 I thunderperf: CompatConfig.addOverrideUnsafe: bef-state=1
06-07 15:37:38.341 1539 11567 E thunderperf: CompatConfig.addOverrideUnsafe: exception:java.lang.SecurityException: Cannot override a change on a non-debuggable app and user build.
06-07 15:37:38.341 1539 11567 I thunderperf: CompatConfig.addOverrideUnsafe: aft-state=1
06-07 15:37:38.341 1539 11567 I thunderperf: CompatConfig.addOverrideUnsafe: bef-state=1
06-07 15:37:38.341 1539 11567 E thunderperf: CompatConfig.addOverrideUnsafe: exception:java.lang.SecurityException: Cannot override a change on a non-debuggable app and user build.
06-07 15:37:38.341 1539 11567 I thunderperf: CompatConfig.addOverrideUnsafe: aft-state=1
06-07 15:37:38.341 1539 11567 I thunderperf: CompatConfig.addOverrideUnsafe: bef-state=1
06-07 15:37:38.341 1539 11567 E thunderperf: CompatConfig.addOverrideUnsafe: exception:java.lang.SecurityException: Cannot override a change on a non-debuggable app and user build.
06-07 15:37:38.341 1539 11567 I thunderperf: CompatConfig.addOverrideUnsafe: aft-state=1
06-07 15:37:38.341 1539 11567 I thunderperf: CompatConfig.addOverrideUnsafe: bef-state=1
06-07 15:37:38.342 1539 11567 E thunderperf: CompatConfig.addOverrideUnsafe: exception:java.lang.SecurityException: Cannot override a change on a non-debuggable app and user build.
06-07 15:37:38.342 1539 11567 I thunderperf: CompatConfig.addOverrideUnsafe: aft-state=1
06-07 15:37:38.342 1539 11567 I thunderperf: CompatConfig.addOverrideUnsafe: bef-state=1
06-07 15:37:38.342 1539 11567 E thunderperf: CompatConfig.addOverrideUnsafe: exception:java.lang.SecurityException: Cannot override a change on a non-debuggable app and user build.
06-07 15:37:38.342 1539 11567 I thunderperf: CompatConfig.addOverrideUnsafe: aft-state=1
06-07 15:37:38.342 1539 11567 I thunderperf: CompatConfig.addOverrideUnsafe: bef-state=1
06-07 15:37:38.342 1539 11567 E thunderperf: CompatConfig.addOverrideUnsafe: exception:java.lang.SecurityException: Cannot override a change on a non-debuggable app and user build.
06-07 15:37:38.342 1539 11567 I thunderperf: CompatConfig.addOverrideUnsafe: aft-state=1
06-07 15:37:38.342 1539 11567 I thunderperf: CompatConfig.addOverrideUnsafe: bef-state=1
06-07 15:37:38.342 1539 11567 E thunderperf: CompatConfig.addOverrideUnsafe: exception:java.lang.SecurityException: Cannot override a change on a non-debuggable app and user build.
06-07 15:37:38.342 1539 11567 I thunderperf: CompatConfig.addOverrideUnsafe: aft-state=1
06-07 15:37:38.343 1539 11567 I thunderperf: CompatConfig.addOverrideUnsafe: bef-state=1
06-07 15:37:38.343 1539 11567 E thunderperf: CompatConfig.addOverrideUnsafe: exception:java.lang.SecurityException: Cannot override a change on a non-debuggable app and user build.
06-07 15:37:38.343 1539 11567 I thunderperf: CompatConfig.addOverrideUnsafe: aft-state=1
06-07 15:37:38.343 1539 11567 I thunderperf: CompatConfig.addOverrideUnsafe: bef-state=1
06-07 15:37:38.343 1539 11567 E thunderperf: CompatConfig.addOverrideUnsafe: exception:java.lang.SecurityException: Cannot override a change on a non-debuggable app and user build.
06-07 15:37:38.343 1539 11567 I thunderperf: CompatConfig.addOverrideUnsafe: aft-state=1
06-07 15:37:38.343 1539 11567 I thunderperf: CompatConfig.addOverrideUnsafe: bef-state=1
06-07 15:37:38.343 1539 11567 E thunderperf: CompatConfig.addOverrideUnsafe: exception:java.lang.SecurityException: Cannot override a change on a non-debuggable app and user build.
06-07 15:37:38.343 1539 11567 I thunderperf: CompatConfig.addOverrideUnsafe: aft-state=1
06-07 15:37:38.343 1539 11567 I thunderperf: CompatConfig.addOverrideUnsafe: bef-state=1
06-07 15:37:38.343 1539 11567 E thunderperf: CompatConfig.addOverrideUnsafe: exception:java.lang.SecurityException: Cannot override a change on a non-debuggable app and user build.
06-07 15:37:38.343 1539 11567 I thunderperf: CompatConfig.addOverrideUnsafe: aft-state=1
06-07 15:37:38.345 1539 11567 I ActivityTaskManager: START u0 {dat=//com.android.documentsui.launchControl flg=0x10280000 cmp=com.android.documentsui/.files.FilesActivity} from uid 10020
06-07 15:37:38.346 1539 11567 D ActivityTaskManager: TaskLaunchParamsModifier:task=null activity=ActivityRecord{3fe9e21 u0 com.android.documentsui/.files.FilesActivity taskAffinity=10020:com.android.documentsui display-area-from-source=DefaultTaskDisplayArea@11319769 display-id=0 display-windowing-mode=1 suggested-display-area=DefaultTaskDisplayArea@11319769
06-07 15:37:38.346 1539 11567 D ActivityTaskManager: TaskLaunchParamsModifier:task=Task{e8011e9 #115 type=standard A=10020:com.android.documentsui U=0 visible=false mode=fullscreen translucent=true sz=2 visible freeform task=true rootAffinity=10020:com.android.documentsui isMini=false} activity=ActivityRecord{3fe9e21 u0 com.android.documentsui/.files.FilesActivity taskAffinity=10020:com.android.documentsui t-1} display-area-from-source=DefaultTaskDisplayArea@11319769 display-id=0 display-windowing-mode=1 suggested-display-area=DefaultTaskDisplayArea@11319769 inherit-from-source=fullscreen activity-options-fullscreen=Rect(0, 0 - 0, 0) non-freeform-display display-area=DefaultTaskDisplayArea@11319769
06-07 15:37:38.357 1539 3012 I ActivityTaskManager: FOREGROUND_APPLICATION_CHANGED to com.android.documentsui.files.FilesActivity
06-07 15:37:38.358 1539 3012 D CompatibilityChangeReporter: Compat change id reported: 174042980; UID 10065; state: DISABLED
06-07 15:37:38.359 1539 3012 D CompatibilityChangeReporter: Compat change id reported: 184838306; UID 10065; state: DISABLED
06-07 15:37:38.360 1539 3012 D CompatibilityChangeReporter: Compat change id reported: 185004937; UID 10065; state: DISABLED
06-07 15:37:38.417 1539 1671 W UsageStatsService: Unexpected activity event reported! (com.android.gallery3d/com.android.gallery3d.app.MovieActivity event : 23 instanceId : 179192957)
06-07 15:37:38.463 1539 3012 D ActivityTaskManager: Skipping, freeform mode : Task{bad5382 #123 type=standard A=10095:com.ss.android.ugc.aweme U=0 visible=false mode=freeform translucent=true sz=0 visible freeform task=true rootAffinity=10095:com.ss.android.ugc.aweme isMini=false}
06-07 15:37:38.463 1539 3012 D ActivityTaskManager: Skipping, freeform mode : Task{e672263 #117 type=standard A=10100:android.task.kugou U=0 visible=false mode=freeform translucent=true sz=0 visible freeform task=true rootAffinity=10100:android.task.kugou isMini=false}
06-07 15:37:39.216 0 0 I : [ 976.688181] read descriptors
06-07 15:37:39.216 0 0 I : [ 976.688214] read strings
06-07 15:37:39.851 1539 2115 I ActivityTaskManager: START u0 {act=android.intent.action.VIEW dat=content://com.android.externalstorage.documents/document/primary:1.mp3 typ=audio/mpeg flg=0x20000003 cmp=android/com.android.internal.app.ResolverActivity} from uid 10020
06-07 15:37:39.851 1539 2115 D ActivityTaskManager: TaskLaunchParamsModifier:task=null activity=ActivityRecord{6086c3d u0 android/com.android.internal.app.ResolverActivity taskAffinity=null display-area-from-source=DefaultTaskDisplayArea@11319769 display-id=0 display-windowing-mode=1 suggested-display-area=DefaultTaskDisplayArea@11319769
06-07 15:37:39.851 1539 2115 D ActivityTaskManager: TaskLaunchParamsModifier:task=Task{e8011e9 #115 type=standard A=10020:com.android.documentsui U=0 visible=true mode=fullscreen translucent=false sz=1 visible freeform task=true rootAffinity=10020:com.android.documentsui isMini=false} activity=ActivityRecord{6086c3d u0 android/com.android.internal.app.ResolverActivity taskAffinity=null t-1} display-area-from-source=DefaultTaskDisplayArea@11319769 display-id=0 display-windowing-mode=1 suggested-display-area=DefaultTaskDisplayArea@11319769 inherit-from-source=fullscreen activity-options-fullscreen=Rect(0, 0 - 0, 0) non-freeform-display display-area=DefaultTaskDisplayArea@11319769
06-07 15:37:39.856 1539 12892 I ActivityTaskManager: FOREGROUND_APPLICATION_CHANGED to com.android.internal.app.ResolverActivity
06-07 15:37:39.856 1539 12892 I ActivityTaskManager: The Process system:ui Already Exists in BG. So sending its PID: 8713
06-07 15:37:39.856 1539 12892 W ActivityTaskManager: Tried to set launchTime (0) < mLastActivityLaunchTime (428666)
06-07 15:37:40.232 0 0 I : [ 977.708163] read descriptors
06-07 15:37:40.232 0 0 I : [ 977.708194] read strings
06-07 15:37:41.246 0 0 I : [ 978.720863] read descriptors
06-07 15:37:41.246 0 0 I : [ 978.721040] read strings
06-07 15:37:42.131 1539 1539 I GameModeConfig: isGameModeOn = false
06-07 15:37:42.272 0 0 I : [ 979.745756] read descriptors
06-07 15:37:42.272 0 0 I : [ 979.745939] read strings
06-07 15:37:43.304 0 0 I : [ 980.779312] read descriptors
06-07 15:37:43.304 0 0 I : [ 980.779447] read strings
06-07 15:37:44.327 0 0 I : [ 981.801103] read descriptors
06-07 15:37:44.327 0 0 I : [ 981.801271] read strings
06-07 15:37:45.350 0 0 I : [ 982.826064] read descriptors
06-07 15:37:45.350 0 0 I : [ 982.826248] read strings
06-07 15:37:46.374 0 0 I : [ 983.849700] read descriptors
06-07 15:37:46.374 0 0 I : [ 983.849803] read strings
06-07 15:37:47.414 0 0 I : [ 984.885992] read descriptors
06-07 15:37:47.414 0 0 I : [ 984.886101] read strings
06-07 15:37:48.436 0 0 I : [ 985.908903] read descriptors
06-07 15:37:48.436 0 0 I : [ 985.909015] read strings
06-07 15:37:49.460 0 0 I : [ 986.932792] read descriptors
06-07 15:37:49.460 0 0 I : [ 986.932899] read strings
06-07 15:37:50.055 1539 2115 I ActivityTaskManager: START u0 {act=android.intent.action.VIEW dat=content://com.android.externalstorage.documents/document/primary:1.mp3 typ=audio/mpeg flg=0x23000003 cmp=com.android.music/.AudioPreview} from uid 10020
06-07 15:37:50.063 1539 2115 D ActivityTaskManager: TaskLaunchParamsModifier:task=null activity=ActivityRecord{f56cb8c u0 com.android.music/.AudioPreview taskAffinity=null display-area-from-source=DefaultTaskDisplayArea@11319769 display-id=0 display-windowing-mode=1 suggested-display-area=DefaultTaskDisplayArea@11319769
06-07 15:37:50.063 1539 2115 D ActivityTaskManager: TaskLaunchParamsModifier:task=Task{e8011e9 #115 type=standard A=10020:com.android.documentsui U=0 visible=true mode=fullscreen translucent=false sz=2 visible freeform task=true rootAffinity=10020:com.android.documentsui isMini=false} activity=ActivityRecord{f56cb8c u0 com.android.music/.AudioPreview taskAffinity=null t-1} display-area-from-source=DefaultTaskDisplayArea@11319769 display-id=0 display-windowing-mode=1 suggested-display-area=DefaultTaskDisplayArea@11319769 inherit-from-source=fullscreen activity-options-fullscreen=Rect(0, 0 - 0, 0) non-freeform-display display-area=DefaultTaskDisplayArea@11319769
06-07 15:37:50.079 1539 2115 I ActivityTaskManager: FOREGROUND_APPLICATION_CHANGED to com.android.music.AudioPreview
06-07 15:37:50.079 1539 2115 I ActivityTaskManager: The Process com.android.music Already Exists in BG. So sending its PID: 4020
06-07 15:37:50.080 1539 2115 W ActivityTaskManager: Tried to set launchTime (0) < mLastActivityLaunchTime (320609)
06-07 15:37:50.183 0 0 I [ 987.658899] afe_find_cal_topo_id_by_port: port id: 0x9000, dev_acdb_id: 15
06-07 15:37:50.183 0 0 I [ 987.658903] afe_find_cal_topo_id_by_port: top_id:112fc acdb_id:15 afe_port_id:0x9000
06-07 15:37:50.183 0 0 I [ 987.658906] afe_get_cal_topology_id: port_id = 0x9000 acdb_id = 15 topology_id = 0x112fc cal_type_index=8 ret=0
06-07 15:37:50.183 0 0 I [ 987.659109] afe_send_port_topology_id: AFE set topology id 0x112fc enable for port 0x9000 ret 0
06-07 15:37:50.183 0 0 I [ 987.659112] send_afe_cal_type: cal_index is 0
06-07 15:37:50.183 0 0 I [ 987.659114] send_afe_cal_type: dev_acdb_id[55] is 15
06-07 15:37:50.183 0 0 I [ 987.659116] afe_find_cal: cal_index 0 port_id 0x9000 port_index 55
06-07 15:37:50.183 0 0 I [ 987.659118] afe_find_cal: acdb_id 15 dev_acdb_id 15 sample_rate 48000 afe_sample_rates 48000
06-07 15:37:50.183 0 0 I [ 987.659120] afe_find_cal: cal block is a match, size is 0
06-07 15:37:50.183 0 0 I [ 987.659121] send_afe_cal_type: Sending cal_index cal 0
06-07 15:37:50.183 0 0 E [ 987.659123] send_afe_cal_type: No cal sent for cal_index 0, port_id = 0x9000! ret -22
06-07 15:37:50.183 0 0 I [ 987.659359] afe_send_hw_delay: port_id 0x9000 rate 48000 delay_usec 474 status 0
06-07 15:37:50.484 0 0 I : [ 987.957141] read descriptors
06-07 15:37:50.484 0 0 I : [ 987.957275] read strings
06-07 15:37:51.501 0 0 I : [ 988.976543] read descriptors
06-07 15:37:51.501 0 0 I : [ 988.976661] read strings
06-07 15:37:52.528 0 0 I : [ 990.000951] read descriptors
06-07 15:37:52.528 0 0 I : [ 990.001130] read strings
06-07 15:37:53.548 0 0 I : [ 991.022012] read descriptors
06-07 15:37:53.548 0 0 I : [ 991.022133] read strings
06-07 15:37:54.565 0 0 I : [ 992.037814] read descriptors
06-07 15:37:54.565 0 0 I : [ 992.038329] read strings
06-07 15:37:55.588 0 0 I : [ 993.060519] read descriptors
06-07 15:37:55.588 0 0 I : [ 993.060623] read strings
06-07 15:37:56.629 0 0 I : [ 994.104252] read descriptors
06-07 15:37:56.629 0 0 I : [ 994.104619] read strings
06-07 15:37:57.650 0 0 I : [ 995.124497] read descriptors
06-07 15:37:57.650 0 0 I : [ 995.124590] read strings
06-07 15:37:58.686 0 0 I : [ 996.158660] read descriptors
06-07 15:37:58.686 0 0 I : [ 996.158789] read strings
06-07 15:37:58.776 0 0 I [ 996.248330] init: processing action (sys.tlog.tlogdshc.active=1) from (/system/etc/init/tlogd.rc:195)
06-07 15:37:58.776 0 0 I [ 996.249152] init: starting service 'tlogdshc'...
06-07 15:37:58.910 0 0 I [ 996.385874] init: Service 'tlogdshc' (pid 20065) exited with status 0 oneshot service took 0.130000 seconds in background
06-07 15:37:58.910 0 0 I [ 996.385901] init: Sending signal 9 to service 'tlogdshc' (pid 20065) process group...
06-07 15:37:58.910 0 0 I [ 996.386129] libprocessgroup: Successfully killed process cgroup uid 0 pid 20065 in 0ms
06-07 15:37:59.714 0 0 I : [ 997.189271] read descriptors
06-07 15:37:59.714 0 0 I : [ 997.189434] read strings
06-07 15:38:00.740 0 0 I : [ 998.213128] read descriptors
06-07 15:38:00.740 0 0 I : [ 998.213287] read strings
06-07 15:38:01.758 0 0 I : [ 999.233397] read descriptors
06-07 15:38:01.758 0 0 I : [ 999.233513] read strings
06-07 15:38:02.785 0 0 I : [ 1000.260764] read descriptors
06-07 15:38:02.787 0 0 I : [ 1000.260973] read strings
06-07 15:38:03.333 1539 1675 W ActivityManager: Stopping service due to app idle: u0a96 -2m0s133ms com.tencent.tmgp.sgame/com.tencent.android.tpush.service.XGVipPushService
06-07 15:38:03.808 0 0 I : [ 1001.280697] read descriptors
06-07 15:38:03.808 0 0 I : [ 1001.280898] read strings
06-07 15:38:04.841 0 0 I : [ 1002.313262] read descriptors
06-07 15:38:04.841 0 0 I : [ 1002.313465] read strings
06-07 15:38:05.876 0 0 I : [ 1003.344796] read descriptors
06-07 15:38:05.876 0 0 I : [ 1003.344930] read strings
06-07 15:38:06.896 0 0 I : [ 1004.371573] read descriptors
06-07 15:38:06.896 0 0 I : [ 1004.371751] read strings
06-07 15:38:07.920 0 0 I : [ 1005.393028] read descriptors
06-07 15:38:07.920 0 0 I : [ 1005.393198] read strings --------- beginning of events
06-07 15:38:08.411 1539 1829 I netstats_mobile_sample: [0,0,0,0,0,0,0,0,0,0,0,0,1686123488410]
06-07 15:38:08.411 1539 1829 I netstats_wifi_sample: [28360182,22610,1706438,6889,28360182,22610,1706438,6889,29011651,27594,1609341,6379,1686123488410]
06-07 15:38:08.944 0 0 I : [ 1006.416662] read descriptors
06-07 15:38:08.944 0 0 I : [ 1006.416752] read strings
06-07 15:38:09.717 1539 1671 I am_pss : [13833,10095,com.ss.android.ugc.aweme:pushservice,105735168,48291840,1767424,325648384,0,10,18]
06-07 15:38:09.728 1539 1829 I netstats_mobile_sample: [0,0,0,0,0,0,0,0,0,0,0,0,1686123489728]
06-07 15:38:09.729 1539 1829 I netstats_wifi_sample: [28360182,22610,1706438,6889,28360182,22610,1706438,6889,29011651,27594,1609341,6379,1686123489728]
06-07 15:38:09.734 1539 1671 I am_pss : [13817,10095,com.ss.android.ugc.aweme:push,102395904,45002752,1644544,321650688,0,10,16]
06-07 15:38:09.968 0 0 I : [ 1007.440954] read descriptors
06-07 15:38:09.968 0 0 I : [ 1007.441117] read strings
06-07 15:38:10.989 0 0 I : [ 1008.464830] read descriptors
06-07 15:38:10.989 0 0 I : [ 1008.465028] read strings
06-07 15:38:11.096 1539 1829 I netstats_mobile_sample: [0,0,0,0,0,0,0,0,0,0,0,0,1686123491096]
06-07 15:38:11.097 1539 1829 I netstats_wifi_sample: [28360331,22611,1706736,6891,28360331,22611,1706736,6891,29011800,27595,1609490,6380,1686123491096]
06-07 15:38:12.014 0 0 I : [ 1009.485086] read descriptors
06-07 15:38:12.014 0 0 I : [ 1009.485282] read strings
