06-07 15:51:48.215 2711 2711 I auditd : type=1400 audit(0.0:47139345): avc: denied { read } for comm="event_loop" lport=13400 scontext=u:r:hht_ota_mgr:s0 tcontext=u:r:hht_ota_mgr:s0 tclass=udp_socket permissive=0
06-07 15:51:48.215 2711 2711 I auditd : type=1400 audit(0.0:47139346): avc: denied { read } for comm="event_loop" lport=13400 scontext=u:r:hht_ota_mgr:s0 tcontext=u:r:hht_ota_mgr:s0 tclass=udp_socket permissive=0
06-07 15:51:48.215 2711 2711 I auditd : type=1400 audit(0.0:47139347): avc: denied { read } for comm="event_loop" lport=13400 scontext=u:r:hht_ota_mgr:s0 tcontext=u:r:hht_ota_mgr:s0 tclass=udp_socket permissive=0
06-07 15:51:48.215 2711 2711 I auditd : type=1400 audit(0.0:47139348): avc: denied { read } for comm="event_loop" lport=13400 scontext=u:r:hht_ota_mgr:s0 tcontext=u:r:hht_ota_mgr:s0 tclass=udp_socket permissive=0
06-07 15:51:48.221 0 0 W [ 1826.896056] audit: audit_lost=47137085 audit_rate_limit=5 audit_backlog_limit=64
06-07 15:51:48.221 0 0 E [ 1826.896058] audit: rate limit exceeded
06-07 15:51:48.219 9595 9595 I wm_on_stop_called: [178883182,com.kugou.common.useraccount.app.KgUserLoginAndRegActivity,LIFECYCLER_STOP_ACTIVITY]
06-07 15:51:48.221 9595 9595 I wm_on_destroy_called: [178883182,com.kugou.common.useraccount.app.KgUserLoginAndRegActivity,performDestroy]
06-07 15:51:48.244 1539 1844 I GameModeConfig: isGameModeOn = false
06-07 15:51:48.245 1539 1539 I notification_enqueue: [10078,1916,com.android.systemui,1,empty_media,0,Notification(channel=empty_media_style_id shortcut=null contentView=null vibrate=null sound=null defaults=0x0 flags=0x20 color=0x00000000 category=transport groupKey=empty_media actions=5 vis=PRIVATE),0]
06-07 15:51:48.310 1539 1738 D ActivityTaskManager: Skipping, freeform mode : Task{4398835 #131 type=standard A=10100:android.task.kugou U=0 visible=false mode=freeform translucent=true sz=1 visible freeform task=true rootAffinity=10100:android.task.kugou isMini=false}
06-07 15:51:48.311 1539 1738 D ActivityTaskManager: Skipping, freeform mode : Task{bad5382 #123 type=standard A=10095:com.ss.android.ugc.aweme U=0 visible=false mode=freeform translucent=true sz=0 visible freeform task=true rootAffinity=10095:com.ss.android.ugc.aweme isMini=false}
06-07 15:51:48.361 1539 2506 I WindowManager: WIN DEATH: Window{f933f3d u0 com.kugou.android/com.kugou.common.useraccount.app.KgUserLoginAndRegActivity EXITING}
06-07 15:51:48.363 1539 542 I ActivityManager: Process com.kugou.android (pid 9595) has died: prev SVC
06-07 15:51:48.363 1539 542 I am_proc_died: [0,9595,com.kugou.android,700,10]
06-07 15:51:48.406 681 11036 W SocketClient: write error (Broken pipe)
06-07 15:51:48.446 1539 1539 I sysui_multi_action: [757,1501,758,1,793,202,794,0,795,202,796,1,797,empty_media,806,com.android.systemui,857,empty_media_style_id,858,4,946,empty_media,947,0,1500,0,1641,transport,1688,1,1745,1043716538]
06-07 15:51:48.447 1539 1539 I sysui_multi_action: [757,804,799,note_interruptive,801,0,802,1]
06-07 15:51:48.447 1539 1539 I GameModeConfig: isGameModeOn = false
06-07 15:51:48.449 1539 1539 W NotificationHistory: Attempted to add notif for locked/gone/disabled user 0
06-07 15:51:48.604 1539 1658 W ActivityManager: setHasOverlayUi called on unknown pid: 9595
06-07 15:51:48.619 1539 1659 I wm_task_removed: [131,removeChild:removeChild last r=ActivityRecord{aa98a6e u0 com.kugou.android/com.kugou.common.useraccount.app.KgUserLoginAndRegActivity taskAffinity=10100:android.task.kugou t-1 f}} in t=Task{4398835 #131 type=standard A=10100:android.task.kugou U=0 visible=false mode=freeform translucent=true sz=0 visible freeform task=true rootAffinity=10100:android.task.kugou isMini=false}]
06-07 15:51:48.619 1539 1659 I wm_task_removed: [131,removeChild]
06-07 15:51:48.655 1539 27311 E PackageDexUsage: Unsupported context?
06-07 15:51:48.714 0 0 I : [ 1827.388963] read descriptors
06-07 15:51:48.714 0 0 I : [ 1827.389139] read strings
06-07 15:51:48.829 1539 27311 D CompatibilityChangeReporter: Compat change id reported: 135634846; UID 10100; state: DISABLED
06-07 15:51:48.829 1539 27311 D CompatibilityChangeReporter: Compat change id reported: 177438394; UID 10100; state: DISABLED
06-07 15:51:48.829 1539 27311 D CompatibilityChangeReporter: Compat change id reported: 135772972; UID 10100; state: DISABLED
06-07 15:51:48.829 1539 27311 D CompatibilityChangeReporter: Compat change id reported: 135754954; UID 10100; state: DISABLED
06-07 15:51:48.830 1539 1676 D CompatibilityChangeReporter: Compat change id reported: 143937733; UID 10100; state: DISABLED
06-07 15:51:48.848 1539 1676 I am_proc_start: [0,11076,10100,com.kugou.android,content provider,{com.kugou.android/com.kugou.common.preferences.provider.CommonSharedPreferencesProvider}]
06-07 15:51:48.848 1539 1676 I ActivityManager: Start proc 11076:com.kugou.android/u0a100 for content provider {com.kugou.android/com.kugou.common.preferences.provider.CommonSharedPreferencesProvider}
06-07 15:51:48.874 0 0 I [ 1827.550743] binder: 11076:11076 ioctl 40046210 7ff2b03764 returned -22
06-07 15:51:48.878 1539 27311 I am_proc_bound: [0,11076,com.kugou.android]
06-07 15:51:49.219 2711 2711 I auditd : type=1400 audit(0.0:47392311): avc: denied { read } for comm="event_loop" lport=13400 scontext=u:r:hht_ota_mgr:s0 tcontext=u:r:hht_ota_mgr:s0 tclass=udp_socket permissive=0
06-07 15:51:49.219 2711 2711 I auditd : type=1400 audit(0.0:47392312): avc: denied { read } for comm="event_loop" lport=13400 scontext=u:r:hht_ota_mgr:s0 tcontext=u:r:hht_ota_mgr:s0 tclass=udp_socket permissive=0
06-07 15:51:49.219 2711 2711 I auditd : type=1400 audit(0.0:47392313): avc: denied { read } for comm="event_loop" lport=13400 scontext=u:r:hht_ota_mgr:s0 tcontext=u:r:hht_ota_mgr:s0 tclass=udp_socket permissive=0
06-07 15:51:49.219 2711 2711 I auditd : type=1400 audit(0.0:47392314): avc: denied { read } for comm="event_loop" lport=13400 scontext=u:r:hht_ota_mgr:s0 tcontext=u:r:hht_ota_mgr:s0 tclass=udp_socket permissive=0
06-07 15:51:49.219 2711 2711 I auditd : type=1400 audit(0.0:47392315): avc: denied { read } for comm="event_loop" lport=13400 scontext=u:r:hht_ota_mgr:s0 tcontext=u:r:hht_ota_mgr:s0 tclass=udp_socket permissive=0
06-07 15:51:49.223 0 0 W [ 1827.900066] audit: audit_lost=47390047 audit_rate_limit=5 audit_backlog_limit=64
06-07 15:51:49.223 0 0 E [ 1827.900068] audit: rate limit exceeded
06-07 15:51:49.347 1539 27311 E PackageDexUsage: Unsupported context?
06-07 15:51:49.526 11076 11076 D ActivityThread: Loading provider com.kugou.android.kugouCommonPreferences: com.kugou.common.preferences.provider.CommonSharedPreferencesProvider
06-07 15:51:49.780 0 0 I : [ 1828.456450] read descriptors
06-07 15:51:49.780 0 0 I : [ 1828.456560] read strings
06-07 15:51:50.052 1539 542 I ActivityManager: Process com.kugou.android.support (pid 11035) has died: fg SVC
06-07 15:51:50.054 1539 542 I am_proc_died: [0,11035,com.kugou.android.support,0,10]
06-07 15:51:50.055 1539 542 W ActivityManager: Scheduling restart of crashed service com.kugou.android/com.kugou.framework.service.ipc.peripheral.connect.SupportService in 3748ms for start-requested
06-07 15:51:50.055 1539 542 I am_schedule_service_restart: [0,com.kugou.android/com.kugou.framework.service.ipc.peripheral.connect.SupportService,3748]
06-07 15:51:50.114 0 0 I [ 1828.790181] init: Untracked pid 11094 exited with status 0
06-07 15:51:50.115 1539 1811 I input_interaction: Interaction with: a4dbaed com.android.launcher3/com.android.launcher3.uioverrides.QuickstepLauncher (server), dea3df3 com.android.systemui.ImageWallpaper (server), edge-swipe (server), swipe-up (server), PointerEventDispatcher0 (server),
06-07 15:51:50.219 2711 2711 I auditd : type=1400 audit(0.0:47644609): avc: denied { read } for comm="event_loop" lport=13400 scontext=u:r:hht_ota_mgr:s0 tcontext=u:r:hht_ota_mgr:s0 tclass=udp_socket permissive=0
06-07 15:51:50.223 2711 2711 I auditd : type=1400 audit(0.0:47644610): avc: denied { read } for comm="event_loop" lport=13400 scontext=u:r:hht_ota_mgr:s0 tcontext=u:r:hht_ota_mgr:s0 tclass=udp_socket permissive=0
06-07 15:51:50.223 2711 2711 I auditd : type=1400 audit(0.0:47644611): avc: denied { read } for comm="event_loop" lport=13400 scontext=u:r:hht_ota_mgr:s0 tcontext=u:r:hht_ota_mgr:s0 tclass=udp_socket permissive=0
06-07 15:51:50.223 2711 2711 I auditd : type=1400 audit(0.0:47644612): avc: denied { read } for comm="event_loop" lport=13400 scontext=u:r:hht_ota_mgr:s0 tcontext=u:r:hht_ota_mgr:s0 tclass=udp_socket permissive=0
06-07 15:51:50.223 2711 2711 I auditd : type=1400 audit(0.0:47644613): avc: denied { read } for comm="event_loop" lport=13400 scontext=u:r:hht_ota_mgr:s0 tcontext=u:r:hht_ota_mgr:s0 tclass=udp_socket permissive=0
06-07 15:51:50.230 0 0 W [ 1828.904061] audit: audit_lost=47642340 audit_rate_limit=5 audit_backlog_limit=64
06-07 15:51:50.230 0 0 E [ 1828.904062] audit: rate limit exceeded
06-07 15:51:50.234 1539 542 I service_manager_stats: [100,56,112804]
06-07 15:51:50.234 1539 542 I thunderperf: PlatormCompat.setOverrides: Uid1=10077 Pid1=2594 Uid2=10077 Pid2=2594
06-07 15:51:50.234 1539 542 I thunderperf: PlatormCompat.setOverrides: needCheck:false
06-07 15:51:50.234 1539 542 I thunderperf: CompatConfig.addOverrideUnsafe: bef-state=1
06-07 15:51:50.234 1539 542 E thunderperf: CompatConfig.addOverrideUnsafe: exception:java.lang.SecurityException: Cannot override a change on a non-debuggable app and user build.
06-07 15:51:50.234 1539 542 I thunderperf: CompatConfig.addOverrideUnsafe: aft-state=1
06-07 15:51:50.236 1539 542 I thunderperf: CompatConfig.addOverrideUnsafe: bef-state=1
06-07 15:51:50.236 1539 542 E thunderperf: CompatConfig.addOverrideUnsafe: exception:java.lang.SecurityException: Cannot override a change on a non-debuggable app and user build.
06-07 15:51:50.236 1539 542 I thunderperf: CompatConfig.addOverrideUnsafe: aft-state=1
06-07 15:51:50.237 1539 542 I thunderperf: CompatConfig.addOverrideUnsafe: bef-state=1
06-07 15:51:50.237 1539 542 E thunderperf: CompatConfig.addOverrideUnsafe: exception:java.lang.SecurityException: Cannot override a change on a non-debuggable app and user build.
06-07 15:51:50.237 1539 542 I thunderperf: CompatConfig.addOverrideUnsafe: aft-state=1
06-07 15:51:50.237 1539 542 I thunderperf: CompatConfig.addOverrideUnsafe: bef-state=1
06-07 15:51:50.238 1539 542 E thunderperf: CompatConfig.addOverrideUnsafe: exception:java.lang.SecurityException: Cannot override a change on a non-debuggable app and user build.
06-07 15:51:50.238 1539 542 I thunderperf: CompatConfig.addOverrideUnsafe: aft-state=1
06-07 15:51:50.238 1539 542 I thunderperf: CompatConfig.addOverrideUnsafe: bef-state=1
06-07 15:51:50.238 1539 542 E thunderperf: CompatConfig.addOverrideUnsafe: exception:java.lang.SecurityException: Cannot override a change on a non-debuggable app and user build.
06-07 15:51:50.238 1539 542 I thunderperf: CompatConfig.addOverrideUnsafe: aft-state=1
06-07 15:51:50.239 1539 542 I thunderperf: CompatConfig.addOverrideUnsafe: bef-state=1
06-07 15:51:50.239 1539 542 E thunderperf: CompatConfig.addOverrideUnsafe: exception:java.lang.SecurityException: Cannot override a change on a non-debuggable app and user build.
06-07 15:51:50.239 1539 542 I thunderperf: CompatConfig.addOverrideUnsafe: aft-state=1
06-07 15:51:50.239 1539 542 I thunderperf: CompatConfig.addOverrideUnsafe: bef-state=1
06-07 15:51:50.240 1539 542 E thunderperf: CompatConfig.addOverrideUnsafe: exception:java.lang.SecurityException: Cannot override a change on a non-debuggable app and user build.
06-07 15:51:50.240 1539 542 I thunderperf: CompatConfig.addOverrideUnsafe: aft-state=1
06-07 15:51:50.240 1539 542 I thunderperf: CompatConfig.addOverrideUnsafe: bef-state=1
06-07 15:51:50.240 1539 542 E thunderperf: CompatConfig.addOverrideUnsafe: exception:java.lang.SecurityException: Cannot override a change on a non-debuggable app and user build.
06-07 15:51:50.240 1539 542 I thunderperf: CompatConfig.addOverrideUnsafe: aft-state=1
06-07 15:51:50.241 1539 542 I thunderperf: CompatConfig.addOverrideUnsafe: bef-state=1
06-07 15:51:50.241 1539 542 E thunderperf: CompatConfig.addOverrideUnsafe: exception:java.lang.SecurityException: Cannot override a change on a non-debuggable app and user build.
06-07 15:51:50.241 1539 542 I thunderperf: CompatConfig.addOverrideUnsafe: aft-state=1
06-07 15:51:50.242 1539 542 I thunderperf: CompatConfig.addOverrideUnsafe: bef-state=1
06-07 15:51:50.242 1539 542 E thunderperf: CompatConfig.addOverrideUnsafe: exception:java.lang.SecurityException: Cannot override a change on a non-debuggable app and user build.
06-07 15:51:50.242 1539 542 I thunderperf: CompatConfig.addOverrideUnsafe: aft-state=1
06-07 15:51:50.242 1539 542 I thunderperf: CompatConfig.addOverrideUnsafe: bef-state=1
06-07 15:51:50.242 1539 542 E thunderperf: CompatConfig.addOverrideUnsafe: exception:java.lang.SecurityException: Cannot override a change on a non-debuggable app and user build.
06-07 15:51:50.242 1539 542 I thunderperf: CompatConfig.addOverrideUnsafe: aft-state=1
06-07 15:51:50.243 1539 542 I thunderperf: CompatConfig.addOverrideUnsafe: bef-state=1
06-07 15:51:50.243 1539 542 E thunderperf: CompatConfig.addOverrideUnsafe: exception:java.lang.SecurityException: Cannot override a change on a non-debuggable app and user build.
06-07 15:51:50.243 1539 542 I thunderperf: CompatConfig.addOverrideUnsafe: aft-state=1
06-07 15:51:50.244 1539 542 I thunderperf: CompatConfig.addOverrideUnsafe: bef-state=1
06-07 15:51:50.244 1539 542 E thunderperf: CompatConfig.addOverrideUnsafe: exception:java.lang.SecurityException: Cannot override a change on a non-debuggable app and user build.
06-07 15:51:50.244 1539 542 I thunderperf: CompatConfig.addOverrideUnsafe: aft-state=1
06-07 15:51:50.244 1539 542 I thunderperf: CompatConfig.addOverrideUnsafe: bef-state=1
06-07 15:51:50.244 1539 542 E thunderperf: CompatConfig.addOverrideUnsafe: exception:java.lang.SecurityException: Cannot override a change on a non-debuggable app and user build.
06-07 15:51:50.244 1539 542 I thunderperf: CompatConfig.addOverrideUnsafe: aft-state=1
06-07 15:51:50.249 1539 542 I ActivityTaskManager: START u0 {act=android.intent.action.MAIN cat=[android.intent.category.LAUNCHER] flg=0x10200000 cmp=com.smile.gifmaker/com.yxcorp.gifshow.HomeActivity bnds=[1626,96][1926,394]} from uid 10077
06-07 15:51:50.278 1539 542 D ActivityTaskManager: TaskLaunchParamsModifier:task=null activity=ActivityRecord{1fc9b5e u0 com.smile.gifmaker/com.yxcorp.gifshow.HomeActivity taskAffinity=10085:com.smile.gifmaker display-area-from-source=DefaultTaskDisplayArea@11319769 display-id=0 display-windowing-mode=1 suggested-display-area=DefaultTaskDisplayArea@11319769
06-07 15:51:50.279 1539 542 D ActivityTaskManager: TaskLaunchParamsModifier:task=null activity=ActivityRecord{1fc9b5e u0 com.smile.gifmaker/com.yxcorp.gifshow.HomeActivity taskAffinity=10085:com.smile.gifmaker t-1} display-area-from-source=DefaultTaskDisplayArea@11319769 display-id=0 display-windowing-mode=1 suggested-display-area=DefaultTaskDisplayArea@11319769 inherit-from-source=fullscreen activity-options-fullscreen=Rect(0, 0 - 0, 0) non-freeform-display display-area=DefaultTaskDisplayArea@11319769
06-07 15:51:50.280 1539 542 I wm_task_created: [132,-1]
06-07 15:51:50.280 1539 542 W ActivityTaskManager: Can't find TaskDisplayArea to determine support for multi window. Task id=132 attached=false
06-07 15:51:50.281 1539 542 D ActivityTaskManager: TaskLaunchParamsModifier:task=Task{898fb3f #132 type=standard A=10085:com.smile.gifmaker U=0 visible=false mode=fullscreen translucent=true sz=0 visible freeform task=true rootAffinity=10085:com.smile.gifmaker isMini=false} activity=ActivityRecord{1fc9b5e u0 com.smile.gifmaker/com.yxcorp.gifshow.HomeActivity taskAffinity=10085:com.smile.gifmaker t-1} display-area-from-source=DefaultTaskDisplayArea@11319769 display-id=0 display-windowing-mode=1 suggested-display-area=DefaultTaskDisplayArea@11319769 inherit-from-source=fullscreen activity-options-fullscreen=Rect(0, 0 - 0, 0) non-freeform-display display-area=DefaultTaskDisplayArea@11319769
06-07 15:51:50.281 1539 542 D CompatibilityChangeReporter: Compat change id reported: 174042980; UID 10085; state: DISABLED
06-07 15:51:50.281 1539 542 D CompatibilityChangeReporter: Compat change id reported: 184838306; UID 10085; state: DISABLED
06-07 15:51:50.282 1539 542 D CompatibilityChangeReporter: Compat change id reported: 185004937; UID 10085; state: DISABLED
06-07 15:51:50.282 1539 542 D CompatibilityChangeReporter: Compat change id reported: 181136395; UID 10085; state: DISABLED
06-07 15:51:50.282 1539 542 D CompatibilityChangeReporter: Compat change id reported: 174042936; UID 10085; state: DISABLED
06-07 15:51:50.282 1539 542 I wm_task_moved: [132,1,11]
06-07 15:51:50.282 1539 542 I wm_task_to_front: [0,132]
06-07 15:51:50.283 1539 542 I wm_create_task: [0,132]
06-07 15:51:50.283 1539 542 I wm_create_activity: [0,33332062,132,com.smile.gifmaker/com.yxcorp.gifshow.HomeActivity,android.intent.action.MAIN,NULL,NULL,270532608]
06-07 15:51:50.283 1539 542 I wm_task_moved: [132,1,11]
06-07 15:51:50.284 1539 542 I wm_pause_activity: [0,106440759,com.android.launcher3/.uioverrides.QuickstepLauncher,userLeaving=true,pauseBackTasks]
06-07 15:51:50.287 2594 2594 I wm_on_top_resumed_lost_called: [106440759,com.android.launcher3.uioverrides.QuickstepLauncher,topStateChangedWhenResumed]
06-07 15:51:50.289 2594 2594 I wm_on_paused_called: [106440759,com.android.launcher3.uioverrides.QuickstepLauncher,performPause]
06-07 15:51:50.289 1539 524 I ActivityTaskManager: FOREGROUND_APPLICATION_CHANGED to com.yxcorp.gifshow.HomeActivity
06-07 15:51:50.290 1539 524 I ActivityTaskManager: The Process com.smile.gifmaker Already Exists in BG. So sending its PID: 4273
06-07 15:51:50.290 1539 524 I wm_add_to_stopping: [0,106440759,com.android.launcher3/.uioverrides.QuickstepLauncher,makeInvisible]
06-07 15:51:50.290 1539 524 I wm_restart_activity: [0,33332062,132,com.smile.gifmaker/com.yxcorp.gifshow.HomeActivity]
06-07 15:51:50.291 1539 524 I wm_set_resumed_activity: [0,com.smile.gifmaker/com.yxcorp.gifshow.HomeActivity,minimalResumeActivityLocked]
06-07 15:51:50.292 1539 1658 I am_uid_active: 10085
06-07 15:51:50.293 1539 1658 I sysui_multi_action: [757,803,799,window_time_0,802,2]
06-07 15:51:50.320 1539 1811 I input_focus: [Focus leaving a4dbaed com.android.launcher3/com.android.launcher3.uioverrides.QuickstepLauncher (server),reason=NO_WINDOW]
06-07 15:51:50.332 518 518 I killinfo: [5456,1000,955,606,108316,-1,7896244,1034808,3535604,66736,2572,33648,108412,4194300,4072764,1647632,267076,1408736,1988928,92188,225516,59228,93816,0,0,287968,0,8,0,0,1844,0]
06-07 15:51:50.349 0 0 I [ 1829.026540] oom_reaper: reaped process 5456 (ndroid.settings), now anon-rss:0kB, file-rss:0kB, shmem-rss:436kB
06-07 15:51:50.358 1539 542 I ActivityManager: Process com.android.settings (pid 5456) has died: cch+55 CEM
06-07 15:51:50.359 1539 542 I am_proc_died: [0,5456,com.android.settings,955,19]
06-07 15:51:50.360 1539 542 I am_mem_factor: [3,0]
06-07 15:51:50.372 518 518 I killinfo: [5519,10097,945,606,205540,-1,7896244,1048680,3532928,66736,2572,33648,108412,4194300,4072764,1643984,267076,1415268,1980540,91960,225516,59228,93064,0,0,287968,28,28,1,0,1828,0]
06-07 15:51:50.399 1539 524 D ActivityTaskManager: Skipping, freeform mode : Task{4398835 #131 type=standard A=10100:android.task.kugou U=0 visible=false mode=freeform translucent=true sz=0 visible freeform task=true rootAffinity=10100:android.task.kugou isMini=false}
06-07 15:51:50.399 1539 524 D ActivityTaskManager: Skipping, freeform mode : Task{bad5382 #123 type=standard A=10095:com.ss.android.ugc.aweme U=0 visible=false mode=freeform translucent=true sz=0 visible freeform task=true rootAffinity=10095:com.ss.android.ugc.aweme isMini=false}
06-07 15:51:50.399 0 0 I [ 1829.076260] oom_reaper: reaped process 5519 (tencent.qqmusic), now anon-rss:0kB, file-rss:852kB, shmem-rss:612kB
06-07 15:51:50.433 518 518 I killinfo: [5487,10065,985,606,74248,-1,7896244,1096032,3527144,66736,2572,33648,108412,4194300,4072764,1614572,266848,1414672,1975256,91960,225288,58076,91560,0,0,287968,88,60,2,0,1852,0]
06-07 15:51:50.436 0 0 I [ 1829.114098] oom_reaper: reaped process 5487 (droid.gallery3d), now anon-rss:0kB, file-rss:0kB, shmem-rss:436kB
06-07 15:51:50.439 1539 27183 I ActivityManager: Process com.tencent.qqmusic (pid 5519) has died: cch+75 CEM
06-07 15:51:50.439 1539 27183 I am_proc_died: [0,5519,com.tencent.qqmusic,975,19]
06-07 15:51:50.440 1539 27183 I am_uid_stopped: 10097
06-07 15:51:50.442 0 0 I [ 1829.116955] binder: undelivered transaction 927541, process died.
06-07 15:51:50.447 1539 27183 I ActivityManager: Process com.android.gallery3d (pid 5487) has died: cch+75 CEM
06-07 15:51:50.447 1539 27183 I am_proc_died: [0,5487,com.android.gallery3d,975,19]
06-07 15:51:50.447 1539 27183 I am_uid_stopped: 10065
06-07 15:51:50.454 518 518 I killinfo: [7344,10028,965,606,74348,-1,7896244,1103264,3535036,66736,2572,33648,108412,4194300,4072764,1605452,266848,1424976,1972772,91960,225288,57820,90808,0,0,287968,120,32,3,0,1860,0]
06-07 15:51:50.470 0 0 I [ 1829.145448] oom_reaper: reaped process 7344 (viders.calendar), now anon-rss:0kB, file-rss:0kB, shmem-rss:440kB
06-07 15:51:50.483 1539 27183 I ActivityManager: Process com.android.providers.calendar (pid 7344) has died: cch+65 CEM
06-07 15:51:50.483 1539 27183 I am_proc_died: [0,7344,com.android.providers.calendar,965,19]
06-07 15:51:50.483 1539 27183 I am_uid_stopped: 10028
06-07 15:51:50.490 0 0 I [ 1829.164292] binder: 7343:7370 ioctl c0306201 77685dd9f8 returned -14
06-07 15:51:50.486 518 518 I killinfo: [7343,10057,955,606,73388,-1,7896244,1144608,3513288,66736,2572,33648,108412,4194300,4072764,1601120,266620,1424112,1951552,91960,225056,57564,90056,0,0,287968,156,36,4,0,1856,0]
06-07 15:51:50.502 0 0 I [ 1829.179824] oom_reaper: reaped process 7343 (omm.timeservice), now anon-rss:0kB, file-rss:0kB, shmem-rss:436kB
06-07 15:51:50.506 1539 524 I ActivityManager: Process com.qualcomm.timeservice (pid 7343) has died: cch+55 CEM
06-07 15:51:50.507 1539 524 I am_proc_died: [0,7343,com.qualcomm.timeservice,955,19]
06-07 15:51:50.507 1539 524 I am_uid_stopped: 10057
06-07 15:51:50.529 518 518 I killinfo: [6796,10095,915,606,286856,-1,7896244,1154640,3511204,66736,2572,33648,108412,4194300,4072764,1597700,266620,1424056,1949688,91960,225056,57436,89304,0,0,287968,176,20,5,0,924,0]
06-07 15:51:50.538 0 0 I [ 1829.213890] oom_reaper: reaped process 6796 (.ugc.aweme:push), now anon-rss:0kB, file-rss:2068kB, shmem-rss:692kB
06-07 15:51:50.543 1539 27183 I ActivityManager: Process com.ss.android.ugc.aweme:push (pid 6796) has died: cch+15 CEM
06-07 15:51:50.544 1539 27183 I am_proc_died: [0,6796,com.ss.android.ugc.aweme:push,915,19]
06-07 15:51:50.545 1539 27183 W ActivityManager: Scheduling restart of crashed service com.ss.android.ugc.aweme/com.ss.android.message.NotifyService in 13258ms for connection
06-07 15:51:50.545 1539 27183 I am_schedule_service_restart: [0,com.ss.android.ugc.aweme/com.ss.android.message.NotifyService,13258]
06-07 15:51:50.545 1539 27183 W ActivityManager: Scheduling restart of crashed service com.ss.android.ugc.aweme/com.bytedance.common.wschannel.server.WsChannelService in 23258ms for connection
06-07 15:51:50.545 1539 27183 I am_schedule_service_restart: [0,com.ss.android.ugc.aweme/com.bytedance.common.wschannel.server.WsChannelService,23258]
06-07 15:51:50.545 1539 27183 W ActivityManager: Scheduling restart of crashed service com.ss.android.ugc.aweme/com.bytedance.common.process.service.CrossProcessServiceForPush in 33258ms for connection
06-07 15:51:50.545 1539 27183 I am_schedule_service_restart: [0,com.ss.android.ugc.aweme/com.bytedance.common.process.service.CrossProcessServiceForPush,33258]
06-07 15:51:50.810 0 0 I : [ 1829.484181] read descriptors
06-07 15:51:50.810 0 0 I : [ 1829.484215] read strings
06-07 15:51:51.000 2140 11200 W ContextImpl: Calling a method in the system process without a qualified user: android.app.ContextImpl.sendBroadcast:1173 android.content.ContextWrapper.sendBroadcast:479 com.thundercomm.microsettings.action.SetTimeAction.timeUpdated:191 com.thundercomm.microsettings.action.SetTimeAction.update24HourFormat:173 com.thundercomm.microsettings.action.SetTimeAction.doActualAction:133
06-07 15:51:51.001 1539 1539 D DevicePolicyManager: updateSystemUpdateFreezePeriodsRecord
06-07 15:51:51.002 1539 1539 D ConditionProviders.SCP: onReceive android.intent.action.TIME_SET
06-07 15:51:51.002 1539 1539 D ConditionProviders.SCP: evaluateSubscriptionLocked cal=ScheduleCalendar[mDays={1, 2, 3, 4, 5, 6, 7}, mSchedule=ScheduleInfo{days=[1, 2, 3, 4, 5, 6, 7], startHour=22, startMinute=0, endHour=7, endMinute=0, exitAtAlarm=true, nextAlarm=Thu Jan 01 08:00:00 GMT+08:00 1970 (0)}], now=Wed Jun 07 15:51:51 GMT+08:00 2023 (1686124311002), nextUserAlarmTime=Thu Jan 01 08:00:00 GMT+08:00 1970 (0)
06-07 15:51:51.002 1539 1675 I am_uid_running: 10057
06-07 15:51:51.002 1539 1539 D ConditionProviders.SCP: notifyCondition condition://android/schedule?days=1.2.3.4.5.6.7&start=22.0&end=7.0&exitAtAlarm=true STATE_FALSE reason=!meetsSchedule
06-07 15:51:51.002 1539 1675 D CompatibilityChangeReporter: Compat change id reported: 135634846; UID 10057; state: DISABLED
06-07 15:51:51.002 1539 1675 D CompatibilityChangeReporter: Compat change id reported: 177438394; UID 10057; state: DISABLED
06-07 15:51:51.002 1539 1675 D CompatibilityChangeReporter: Compat change id reported: 135772972; UID 10057; state: DISABLED
06-07 15:51:51.002 1539 1675 D CompatibilityChangeReporter: Compat change id reported: 135754954; UID 10057; state: ENABLED
06-07 15:51:51.002 1539 1676 D CompatibilityChangeReporter: Compat change id reported: 143937733; UID 10057; state: ENABLED
06-07 15:51:51.006 1539 1845 I am_uid_running: 10028
06-07 15:51:51.006 1539 1845 D CompatibilityChangeReporter: Compat change id reported: 135634846; UID 10028; state: DISABLED
06-07 15:51:51.007 1539 1845 D CompatibilityChangeReporter: Compat change id reported: 177438394; UID 10028; state: DISABLED
06-07 15:51:51.007 1539 1845 D CompatibilityChangeReporter: Compat change id reported: 135772972; UID 10028; state: DISABLED
06-07 15:51:51.007 1539 1845 D CompatibilityChangeReporter: Compat change id reported: 135754954; UID 10028; state: ENABLED
06-07 15:51:51.007 1539 1539 D ConditionProviders.SCP: Scheduling evaluate for Wed Jun 07 22:00:00 GMT+08:00 2023 (1686146400000), in +6h8m8s998ms, now=Wed Jun 07 15:51:51 GMT+08:00 2023 (1686124311002)
06-07 15:51:51.007 1539 1676 I am_proc_start: [0,11201,10057,com.qualcomm.timeservice,broadcast,{com.qualcomm.timeservice/com.qualcomm.timeservice.TimeServiceBroadcastReceiver}]
06-07 15:51:51.007 1539 1676 I ActivityManager: Start proc 11201:com.qualcomm.timeservice/u0a57 for broadcast {com.qualcomm.timeservice/com.qualcomm.timeservice.TimeServiceBroadcastReceiver}
06-07 15:51:51.008 1539 1676 D CompatibilityChangeReporter: Compat change id reported: 143937733; UID 10028; state: ENABLED
06-07 15:51:51.018 0 0 I [ 1829.707945] binder: 11201:11201 ioctl 40046210 7ff2b03764 returned -22
06-07 15:51:51.018 1539 1676 I am_proc_start: [0,11213,10028,com.android.providers.calendar,content provider,{com.android.providers.calendar/com.android.providers.calendar.CalendarProvider2}]
06-07 15:51:51.018 1539 1676 I ActivityManager: Start proc 11213:com.android.providers.calendar/u0a28 for content provider {com.android.providers.calendar/com.android.providers.calendar.CalendarProvider2}
06-07 15:51:51.020 1539 27183 I am_proc_bound: [0,11201,com.qualcomm.timeservice]
06-07 15:51:51.021 1539 27183 D CompatibilityChangeReporter: Compat change id reported: 168419799; UID 10057; state: DISABLED
06-07 15:51:51.029 1539 27183 I am_proc_bound: [0,11213,com.android.providers.calendar]
06-07 15:51:51.030 0 0 I [ 1829.717131] binder: 11213:11213 ioctl 40046210 7ff2b03764 returned -22
06-07 15:51:51.030 1539 27183 D CompatibilityChangeReporter: Compat change id reported: 168419799; UID 10028; state: DISABLED
06-07 15:51:51.031 1539 27183 I am_uid_active: 10028
06-07 15:51:51.047 1539 27183 D CompatibilityChangeReporter: Compat change id reported: 143231523; UID 10028; state: DISABLED
06-07 15:51:51.050 1539 27183 I am_mem_factor: [1,3]
06-07 15:51:51.118 1539 1682 I ActivityManager: Process PhantomProcessRecord {a81155d 11181:2213:sleep/1000} died
06-07 15:51:51.202 1539 1682 I ActivityManager: Process PhantomProcessRecord {e618ea0 10961:2213:sh/1000} died
06-07 15:51:51.215 2711 2711 I auditd : type=1400 audit(0.0:47886725): avc: denied { read } for comm="event_loop" lport=13400 scontext=u:r:hht_ota_mgr:s0 tcontext=u:r:hht_ota_mgr:s0 tclass=udp_socket permissive=0
06-07 15:51:51.215 2711 2711 I auditd : type=1400 audit(0.0:47886726): avc: denied { read } for comm="event_loop" lport=13400 scontext=u:r:hht_ota_mgr:s0 tcontext=u:r:hht_ota_mgr:s0 tclass=udp_socket permissive=0
06-07 15:51:51.215 2711 2711 I auditd : type=1400 audit(0.0:47886727): avc: denied { read } for comm="event_loop" lport=13400 scontext=u:r:hht_ota_mgr:s0 tcontext=u:r:hht_ota_mgr:s0 tclass=udp_socket permissive=0
06-07 15:51:51.215 2711 2711 I auditd : type=1400 audit(0.0:47886728): avc: denied { read } for comm="event_loop" lport=13400 scontext=u:r:hht_ota_mgr:s0 tcontext=u:r:hht_ota_mgr:s0 tclass=udp_socket permissive=0
06-07 15:51:51.215 2711 2711 I auditd : type=1400 audit(0.0:47886729): avc: denied { read } for comm="event_loop" lport=13400 scontext=u:r:hht_ota_mgr:s0 tcontext=u:r:hht_ota_mgr:s0 tclass=udp_socket permissive=0
06-07 15:51:51.222 0 0 W [ 1829.908063] audit: audit_lost=47884451 audit_rate_limit=5 audit_backlog_limit=64
06-07 15:51:51.222 0 0 E [ 1829.908064] audit: rate limit exceeded
06-07 15:51:51.231 1539 1671 I am_meminfo: [2480365568,1397362688,13385728,462118912,418980864]
06-07 15:51:51.243 1539 1671 I am_pss : [4273,10085,com.smile.gifmaker,152540160,123465728,107520,252239872,1,2,12]
06-07 15:51:51.251 1539 1671 I am_pss : [2594,10077,com.android.launcher3,58970112,53985280,40960,168329216,1,2,7]
06-07 15:51:51.257 1539 1671 I am_pss : [5470,10082,com.android.music,26484736,18735104,40960,139710464,1,4,6]
06-07 15:51:51.262 1539 1671 I am_pss : [3993,10067,com.android.webview:webview_service,21664768,3579904,13851648,55193600,1,5,4]
06-07 15:51:51.270 1539 1671 I am_pss : [3300,10035,com.baidu.input,75331584,62550016,40960,203882496,1,7,7]
06-07 15:51:51.297 1539 1671 I am_pss : [5475,10095,com.ss.android.ugc.aweme,389267456,295583744,71680,590663680,1,19,27]
06-07 15:51:51.312 1539 1671 I am_pss : [6768,10095,com.ss.android.ugc.aweme:pushservice,151473152,57565184,108544,347942912,1,19,15]
06-07 15:51:51.321 1539 1671 I am_pss : [7585,10095,com.ss.android.ugc.aweme:sandboxed_process1,74898432,30990336,111616,212312064,1,19,9]
06-07 15:51:51.327 1539 1671 I am_pss : [5538,10062,com.thundercomm.gamemode.provider,7952384,5861376,41984,90796032,1,5,5]
06-07 15:51:51.341 1539 1671 I am_pss : [11076,10100,com.kugou.android,199995392,194097152,41984,302833664,1,19,14]
06-07 15:51:51.347 1539 1671 I am_pss : [3147,10024,com.tencent.android.qqdownloader:live,18417664,14303232,46080,116264960,1,5,7]
06-07 15:51:51.361 1539 1671 I am_pss : [3222,10024,com.tencent.android.qqdownloader:daemon,94080000,77791232,40960,228728832,1,5,12]
06-07 15:51:51.369 518 518 I killinfo: [6768,10095,905,606,286388,-1,7896244,1365524,3469220,66736,2596,33648,108412,4194300,4072764,1434680,266620,1461448,1870344,92440,224356,56556,88284,0,0,287968,0,4,0,0,924,0]
06-07 15:51:51.369 0 0 I [ 1830.056920] oom_reaper: reaped process 6768 (eme:pushservice), now anon-rss:0kB, file-rss:0kB, shmem-rss:668kB
06-07 15:51:51.370 1539 1671 I am_pss : [3060,10091,com.android.providers.media.module,19015680,16363520,41984,111362048,1,0,8]
06-07 15:51:51.374 0 0 I [ 1830.063526] init: Untracked pid 7002 exited with status 0
06-07 15:51:51.375 1539 2058 I ActivityManager: Process com.ss.android.ugc.aweme:pushservice (pid 6768) has died: cch+5 CEM
06-07 15:51:51.375 1539 2058 I am_proc_died: [0,6768,com.ss.android.ugc.aweme:pushservice,905,19]
06-07 15:51:51.377 1539 2058 W ActivityManager: Scheduling restart of crashed service com.ss.android.ugc.aweme/com.bytedance.common.process.service.CrossProcessServiceForPushService in 42414ms for connection
06-07 15:51:51.377 1539 2058 I am_schedule_service_restart: [0,com.ss.android.ugc.aweme/com.bytedance.common.process.service.CrossProcessServiceForPushService,42414]
06-07 15:51:51.377 1539 2058 W ActivityManager: Scheduling restart of crashed service com.ss.android.ugc.aweme/com.xiaomi.push.service.XMPushService in 52414ms for connection
06-07 15:51:51.377 1539 2058 I am_schedule_service_restart: [0,com.ss.android.ugc.aweme/com.xiaomi.push.service.XMPushService,52414]
06-07 15:51:51.377 1539 1671 I am_pss : [5694,10024,com.tencent.ilink.ServiceProcess,68469760,44109824,18989056,135786496,1,5,6]
06-07 15:51:51.377 1539 2058 I am_mem_factor: [3,1]
06-07 15:51:51.384 1539 1671 I am_pss : [1899,1002,com.android.bluetooth,21822464,18608128,40960,117379072,1,0,5]
06-07 15:51:51.392 1539 1671 I am_pss : [3470,10024,com.tencent.android.qqdownloader,67025920,59211776,40960,173719552,1,5,8]
06-07 15:51:51.398 1539 1671 I am_pss : [2428,10092,android.ext.services,30806016,25792512,41984,124129280,1,5,6]
06-07 15:51:51.403 1539 1671 I am_pss : [3894,99000,com.android.webview:sandboxed_process0:org.chromium.content.app.SandboxedProcessService0:0,46761984,30392320,9579520,86401024,1,5,4]
06-07 15:51:51.409 1539 1671 I am_pss : [3537,10024,com.tencent.android.qqdownloader:cloud,15962112,11853824,459776,108658688,1,5,5]
06-07 15:51:51.414 1539 1671 I am_pss : [3085,10070,com.qualcomm.location.XT,6055936,4186112,41984,87756800,1,6,5]
06-07 15:51:51.418 1539 1671 I am_pss : [3045,10094,com.hryt.lebotp,21792768,12988416,123904,90787840,1,0,4]
06-07 15:51:51.423 1539 1671 I am_pss : [3030,10086,com.qualcomm.qti.workloadclassifier,6384640,4444160,41984,88236032,1,0,4]
06-07 15:51:51.428 1539 1671 I am_pss : [2985,10081,com.qualcomm.qti.qccnetstat,5761024,3948544,41984,85770240,1,0,5]
06-07 15:51:51.432 1539 1671 I am_pss : [2971,10053,.pasr,5339136,3538944,41984,84246528,1,0,4]
06-07 15:51:51.436 1539 1671 I am_pss : [2977,10071,com.qualcomm.qti.services.systemhelper:systemhelper_service,5808128,3989504,41984,85999616,1,0,3]
06-07 15:51:51.441 1539 1671 I am_pss : [2926,10056,ts.car.uart,5471232,3678208,41984,84733952,1,0,4]
06-07 15:51:51.446 1539 1671 I am_pss : [2933,1000,com.hryt.hiphishowfsecontrol,9548800,7385088,41984,95887360,1,0,5]
06-07 15:51:51.451 1539 1671 I am_pss : [2728,10069,com.qualcomm.location,8688640,6209536,41984,96419840,1,0,4]
06-07 15:51:51.456 1539 1671 I am_pss : [2405,1000,com.qualcomm.qti.qdma,7311360,4927488,41984,96268288,1,0,4]
06-07 15:51:51.461 1539 1671 I am_pss : [2361,1000,com.thundercomm.tcservice,6863872,4947968,41984,89350144,1,0,5]
06-07 15:51:51.465 1539 1671 I am_pss : [3256,10063,com.qualcomm.qti.devicestatisticsservice,5310464,3514368,41984,83787776,1,0,4]
06-07 15:51:51.472 1539 1671 I am_pss : [2337,1000,com.thundercomm.remotecontrolservice,6152192,4247552,41984,87781376,1,0,4]
06-07 15:51:51.477 1539 1671 I am_pss : [2271,10079,com.qti.qualcomm.mstatssystemservice,5471232,3678208,41984,84647936,1,0,4]
06-07 15:51:51.482 1539 1671 I am_pss : [2314,1068,com.android.se,5693440,3854336,41984,86327296,1,0,5]
06-07 15:51:51.487 1539 1671 I am_pss : [2263,1000,vendor.qti.qesdk.sysservice,5483520,3633152,41984,86212608,1,0,5]
06-07 15:51:51.493 1539 1671 I am_pss : [2250,1073,com.android.networkstack.process,13100032,10530816,41984,102408192,1,0,5]
06-07 15:51:51.498 1539 1671 I am_pss : [2255,1000,com.thundercomm.tcsetupwizard,5481472,3682304,41984,84844544,1,0,4]
06-07 15:51:51.502 1539 1671 I am_pss : [2213,1000,com.tc.logclient,6582272,4616192,40960,90546176,1,0,5]
06-07 15:51:51.507 1539 1671 I am_pss : [2174,1000,com.thundercomm.tchttpserver,5958656,4087808,41984,87240704,1,0,4]
06-07 15:51:51.512 1539 1671 I am_pss : [2159,10058,.qtidataservices,5581824,3747840,41984,86306816,1,0,5]
06-07 15:51:51.517 1539 1671 I am_pss : [2132,1000,com.thundercomm.microservice,8482816,6426624,46080,91848704,1,0,5]
06-07 15:51:51.522 1539 1671 I am_pss : [2140,1000,com.thundercomm.microsettings,11015168,5935104,41984,106172416,1,0,5]
06-07 15:51:51.527 1539 1671 I am_pss : [2142,1001,.dataservices,7269376,5316608,41984,89534464,1,0,5]
06-07 15:51:51.533 1539 1671 I am_pss : [2057,1000,com.thundercomm.gamemode,18879488,15474688,40960,115884032,1,0,6]
06-07 15:51:51.546 1539 1671 I am_pss : [1916,10078,com.android.systemui,188881920,177164288,40960,311468032,1,0,12]
06-07 15:51:51.584 1539 1671 I am_pss : [1539,1000,system,468372480,219172864,39936,1081638912,1,0,38]
06-07 15:51:51.814 0 0 I : [ 1830.500178] read descriptors
06-07 15:51:51.814 0 0 I : [ 1830.500205] read strings
06-07 15:51:52.215 2711 2711 I auditd : type=1400 audit(0.0:48141389): avc: denied { read } for comm="event_loop" lport=13400 scontext=u:r:hht_ota_mgr:s0 tcontext=u:r:hht_ota_mgr:s0 tclass=udp_socket permissive=0
06-07 15:51:52.219 2711 2711 I auditd : type=1400 audit(0.0:48141390): avc: denied { read } for comm="event_loop" lport=13400 scontext=u:r:hht_ota_mgr:s0 tcontext=u:r:hht_ota_mgr:s0 tclass=udp_socket permissive=0
06-07 15:51:52.219 2711 2711 I auditd : type=1400 audit(0.0:48141391): avc: denied { read } for comm="event_loop" lport=13400 scontext=u:r:hht_ota_mgr:s0 tcontext=u:r:hht_ota_mgr:s0 tclass=udp_socket permissive=0
06-07 15:51:52.219 2711 2711 I auditd : type=1400 audit(0.0:48141392): avc: denied { read } for comm="event_loop" lport=13400 scontext=u:r:hht_ota_mgr:s0 tcontext=u:r:hht_ota_mgr:s0 tclass=udp_socket permissive=0
06-07 15:51:52.219 2711 2711 I auditd : type=1400 audit(0.0:48141393): avc: denied { read } for comm="event_loop" lport=13400 scontext=u:r:hht_ota_mgr:s0 tcontext=u:r:hht_ota_mgr:s0 tclass=udp_socket permissive=0
06-07 15:51:52.226 0 0 W [ 1830.912054] audit: audit_lost=48139110 audit_rate_limit=5 audit_backlog_limit=64
06-07 15:51:52.226 0 0 E [ 1830.912055] audit: rate limit exceeded
06-07 15:51:52.397 518 518 I killinfo: [7585,10095,915,606,191752,-1,7896244,1415808,3471372,66736,2596,33648,108412,4194300,4072764,1385432,266392,1466008,1868064,93156,223436,55056,86584,0,0,287968,0,8,0,0,936,0]
06-07 15:51:52.419 0 0 I [ 1831.104501] oom_reaper: reaped process 7585 (dboxed_process1), now anon-rss:0kB, file-rss:944kB, shmem-rss:460kB
06-07 15:51:52.427 1539 2058 I ActivityManager: Process com.ss.android.ugc.aweme:sandboxed_process1 (pid 7585) has died: cch+15 CEM
06-07 15:51:52.427 1539 2058 I am_proc_died: [0,7585,com.ss.android.ugc.aweme:sandboxed_process1,915,19]
06-07 15:51:52.428 1539 2058 W ActivityManager: Scheduling restart of crashed service com.ss.android.ugc.aweme/com.bytedance.org.chromium.content.app.SandboxedProcessService0 in 61363ms for connection
06-07 15:51:52.428 1539 2058 I am_schedule_service_restart: [0,com.ss.android.ugc.aweme/com.bytedance.org.chromium.content.app.SandboxedProcessService0,61363]
06-07 15:51:52.498 0 0 I [ 1831.187719] logd: logdr: UID=10095 GID=10095 PID=11269 n tail=0 logMask=d pid=0 start=0ns deadline=0ns
06-07 15:51:52.498 4273 4354 I service_manager_stats: [200,51,322558]
06-07 15:51:52.527 4273 4273 I wm_on_create_called: [33332062,com.yxcorp.gifshow.HomeActivity,performCreate]
06-07 15:51:52.642 4273 4273 I wm_on_start_called: [33332062,com.yxcorp.gifshow.HomeActivity,handleStartActivity]
06-07 15:51:52.786 4273 4273 I wm_on_resume_called: [33332062,com.yxcorp.gifshow.HomeActivity,RESUME_ACTIVITY]
06-07 15:51:52.795 4273 4273 I wm_on_top_resumed_gained_called: [33332062,com.yxcorp.gifshow.HomeActivity,topStateChangedWhenResumed]
06-07 15:51:52.843 0 0 I : [ 1831.532646] read descriptors
06-07 15:51:52.843 0 0 I : [ 1831.532764] read strings
06-07 15:51:53.223 2711 2711 I auditd : type=1400 audit(0.0:48393754): avc: denied { read } for comm="event_loop" lport=13400 scontext=u:r:hht_ota_mgr:s0 tcontext=u:r:hht_ota_mgr:s0 tclass=udp_socket permissive=0
06-07 15:51:53.223 2711 2711 I auditd : type=1400 audit(0.0:48393755): avc: denied { read } for comm="event_loop" lport=13400 scontext=u:r:hht_ota_mgr:s0 tcontext=u:r:hht_ota_mgr:s0 tclass=udp_socket permissive=0
06-07 15:51:53.223 2711 2711 I auditd : type=1400 audit(0.0:48393756): avc: denied { read } for comm="event_loop" lport=13400 scontext=u:r:hht_ota_mgr:s0 tcontext=u:r:hht_ota_mgr:s0 tclass=udp_socket permissive=0
06-07 15:51:53.223 2711 2711 I auditd : type=1400 audit(0.0:48393757): avc: denied { read } for comm="event_loop" lport=13400 scontext=u:r:hht_ota_mgr:s0 tcontext=u:r:hht_ota_mgr:s0 tclass=udp_socket permissive=0
06-07 15:51:53.223 2711 2711 I auditd : type=1400 audit(0.0:48393758): avc: denied { read } for comm="event_loop" lport=13400 scontext=u:r:hht_ota_mgr:s0 tcontext=u:r:hht_ota_mgr:s0 tclass=udp_socket permissive=0
06-07 15:51:53.230 0 0 W [ 1831.916065] audit: audit_lost=48391470 audit_rate_limit=5 audit_backlog_limit=64
06-07 15:51:53.230 0 0 E [ 1831.916067] audit: rate limit exceeded
06-07 15:51:53.249 1539 1659 I input_focus: [Focus request ef71164 com.smile.gifmaker/com.yxcorp.gifshow.HomeActivity,reason=UpdateInputWindows]
06-07 15:51:53.284 0 0 I [ 1831.972148] binder: 4273:11259 ioctl 40046210 a7d78d38 returned -22
06-07 15:51:53.310 1539 1811 I input_focus: [Focus entering ef71164 com.smile.gifmaker/com.yxcorp.gifshow.HomeActivity (server),reason=Window became focusable. Previous reason: NOT_VISIBLE]
06-07 15:51:53.332 1539 1655 I sysui_multi_action: [319,79,321,77,322,3068,325,1828,757,761,758,8,759,1,806,com.smile.gifmaker,871,com.yxcorp.gifshow.HomeActivity,904,com.android.launcher3,905,0,1320,4,1321,4]
06-07 15:51:53.333 1539 1655 I wm_activity_launch_time: [0,33332062,com.smile.gifmaker/com.yxcorp.gifshow.HomeActivity,3068]
06-07 15:51:53.435 518 518 I killinfo: [11076,10100,925,606,286020,-1,7896244,1320184,3487912,66736,2596,33648,108412,4194300,4072764,1380872,266392,1476268,1873764,93636,222976,55536,85776,0,0,287968,0,8,0,0,1836,0]
06-07 15:51:53.468 0 0 I [ 1832.157584] oom_reaper: reaped process 11076 (m.kugou.android), now anon-rss:0kB, file-rss:16kB, shmem-rss:500kB
06-07 15:51:53.474 1539 27311 I ActivityManager: Process com.kugou.android (pid 11076) has died: cch+25 CEM
06-07 15:51:53.476 1539 27311 I am_proc_died: [0,11076,com.kugou.android,925,19]
06-07 15:51:53.476 1539 27311 I am_uid_stopped: 10100
06-07 15:51:53.539 1539 1853 I wm_stop_activity: [0,106440759,com.android.launcher3/.uioverrides.QuickstepLauncher]
06-07 15:51:53.545 2594 2594 I wm_on_stop_called: [106440759,com.android.launcher3.uioverrides.QuickstepLauncher,STOP_ACTIVITY_ITEM]
06-07 15:51:53.794 1539 1675 I am_uid_running: 10100
06-07 15:51:53.794 1539 1675 D CompatibilityChangeReporter: Compat change id reported: 135634846; UID 10100; state: DISABLED
06-07 15:51:53.795 1539 1675 D CompatibilityChangeReporter: Compat change id reported: 177438394; UID 10100; state: DISABLED
06-07 15:51:53.795 1539 1675 D CompatibilityChangeReporter: Compat change id reported: 135772972; UID 10100; state: DISABLED
06-07 15:51:53.795 1539 1675 D CompatibilityChangeReporter: Compat change id reported: 135754954; UID 10100; state: DISABLED
06-07 15:51:53.795 1539 1676 D CompatibilityChangeReporter: Compat change id reported: 143937733; UID 10100; state: DISABLED
06-07 15:51:53.800 1539 1676 I am_proc_start: [0,11417,10100,com.kugou.android.support,service,{com.kugou.android/com.kugou.framework.service.ipc.peripheral.connect.SupportService}]
06-07 15:51:53.800 1539 1676 I ActivityManager: Start proc 11417:com.kugou.android.support/u0a100 for service {com.kugou.android/com.kugou.framework.service.ipc.peripheral.connect.SupportService}
06-07 15:51:53.810 0 0 I [ 1832.497967] binder: 11417:11417 ioctl 40046210 7ff2b03764 returned -22
06-07 15:51:53.810 1539 1853 I am_proc_bound: [0,11417,com.kugou.android.support]
06-07 15:51:53.811 1539 1853 D CompatibilityChangeReporter: Compat change id reported: 168419799; UID 10100; state: DISABLED
06-07 15:51:53.814 1539 1853 I am_stop_idle_service: [10100,com.kugou.android/com.kugou.framework.service.ipc.peripheral.connect.SupportService]
06-07 15:51:53.814 1539 1853 W ActivityManager: Stopping service due to app idle: u0a100 -5s669ms com.kugou.android/com.kugou.framework.service.ipc.peripheral.connect.SupportService
06-07 15:51:53.950 0 0 I : [ 1832.636471] read descriptors
06-07 15:51:53.950 0 0 I : [ 1832.636560] read strings
06-07 15:51:53.972 1539 1829 I netstats_mobile_sample: [0,0,0,0,0,0,0,0,0,0,0,0,1686124313972]
06-07 15:51:53.972 1539 1829 I netstats_wifi_sample: [28495385,23203,1833670,7512,28495385,23203,1833670,7512,29477439,29130,1678521,6745,1686124313972]
06-07 15:51:54.227 2711 2711 I auditd : type=1400 audit(0.0:48644398): avc: denied { read } for comm="event_loop" lport=13400 scontext=u:r:hht_ota_mgr:s0 tcontext=u:r:hht_ota_mgr:s0 tclass=udp_socket permissive=0
06-07 15:51:54.227 2711 2711 I auditd : type=1400 audit(0.0:48644399): avc: denied { read } for comm="event_loop" lport=13400 scontext=u:r:hht_ota_mgr:s0 tcontext=u:r:hht_ota_mgr:s0 tclass=udp_socket permissive=0
06-07 15:51:54.227 2711 2711 I auditd : type=1400 audit(0.0:48644400): avc: denied { read } for comm="event_loop" lport=13400 scontext=u:r:hht_ota_mgr:s0 tcontext=u:r:hht_ota_mgr:s0 tclass=udp_socket permissive=0
06-07 15:51:54.227 2711 2711 I auditd : type=1400 audit(0.0:48644401): avc: denied { read } for comm="event_loop" lport=13400 scontext=u:r:hht_ota_mgr:s0 tcontext=u:r:hht_ota_mgr:s0 tclass=udp_socket permissive=0
06-07 15:51:54.227 2711 2711 I auditd : type=1400 audit(0.0:48644402): avc: denied { read } for comm="event_loop" lport=13400 scontext=u:r:hht_ota_mgr:s0 tcontext=u:r:hht_ota_mgr:s0 tclass=udp_socket permissive=0
06-07 15:51:54.234 0 0 W [ 1832.920092] audit: audit_lost=48642109 audit_rate_limit=5 audit_backlog_limit=64
06-07 15:51:54.234 0 0 E [ 1832.920094] audit: rate limit exceeded
06-07 15:51:54.276 1539 1853 I MicroServiceManager: requestResult(requestAudioFocus) parameters is{"functionInfo":{"IDCM_AudioFocus":"AudioFocus_Media"}}.
06-07 15:51:54.308 0 0 I [ 1832.993073] afe_find_cal_topo_id_by_port: port id: 0x9000, dev_acdb_id: 15
06-07 15:51:54.308 0 0 I [ 1832.993075] afe_find_cal_topo_id_by_port: top_id:112fc acdb_id:15 afe_port_id:0x9000
06-07 15:51:54.308 0 0 I [ 1832.993077] afe_get_cal_topology_id: port_id = 0x9000 acdb_id = 15 topology_id = 0x112fc cal_type_index=8 ret=0
06-07 15:51:54.308 0 0 I [ 1832.993300] afe_send_port_topology_id: AFE set topology id 0x112fc enable for port 0x9000 ret 0
06-07 15:51:54.308 0 0 I [ 1832.993302] send_afe_cal_type: cal_index is 0
06-07 15:51:54.308 0 0 I [ 1832.993303] send_afe_cal_type: dev_acdb_id[55] is 15
06-07 15:51:54.308 0 0 I [ 1832.993304] afe_find_cal: cal_index 0 port_id 0x9000 port_index 55
06-07 15:51:54.308 0 0 I [ 1832.993306] afe_find_cal: acdb_id 15 dev_acdb_id 15 sample_rate 48000 afe_sample_rates 48000
06-07 15:51:54.308 0 0 I [ 1832.993307] afe_find_cal: cal block is a match, size is 0
06-07 15:51:54.308 0 0 I [ 1832.993308] send_afe_cal_type: Sending cal_index cal 0
06-07 15:51:54.308 0 0 E [ 1832.993317] send_afe_cal_type: No cal sent for cal_index 0, port_id = 0x9000! ret -22
06-07 15:51:54.308 0 0 I [ 1832.993590] afe_send_hw_delay: port_id 0x9000 rate 48000 delay_usec 474 status 0
06-07 15:51:54.889 518 518 I killinfo: [11201,10057,915,606,73252,-1,7896244,1224560,3507284,66744,2596,33648,108412,4194300,4072764,1457024,266392,1483564,1886304,93636,222748,56076,84756,0,0,287968,0,412,0,0,1856,0]
06-07 15:51:54.910 0 0 I [ 1833.598553] oom_reaper: reaped process 11201 (omm.timeservice), now anon-rss:0kB, file-rss:0kB, shmem-rss:436kB
06-07 15:51:54.914 1539 1590 I ActivityManager: Process com.qualcomm.timeservice (pid 11201) has died: cch+15 CEM
06-07 15:51:54.915 1539 1590 I am_proc_died: [0,11201,com.qualcomm.timeservice,915,19]
06-07 15:51:54.916 1539 1590 I am_uid_stopped: 10057
06-07 15:51:54.986 0 0 I : [ 1833.672555] read descriptors
06-07 15:51:54.986 0 0 I : [ 1833.672633] read strings
06-07 15:51:55.234 0 0 W [ 1833.924062] audit: audit_lost=48893023 audit_rate_limit=5 audit_backlog_limit=64
06-07 15:51:55.234 0 0 E [ 1833.924064] audit: rate limit exceeded
06-07 15:51:55.231 2711 2711 I auditd : type=1400 audit(0.0:48895317): avc: denied { read } for comm="event_loop" lport=13400 scontext=u:r:hht_ota_mgr:s0 tcontext=u:r:hht_ota_mgr:s0 tclass=udp_socket permissive=0
06-07 15:51:55.231 2711 2711 I auditd : type=1400 audit(0.0:48895318): avc: denied { read } for comm="event_loop" lport=13400 scontext=u:r:hht_ota_mgr:s0 tcontext=u:r:hht_ota_mgr:s0 tclass=udp_socket permissive=0
06-07 15:51:55.231 2711 2711 I auditd : type=1400 audit(0.0:48895319): avc: denied { read } for comm="event_loop" lport=13400 scontext=u:r:hht_ota_mgr:s0 tcontext=u:r:hht_ota_mgr:s0 tclass=udp_socket permissive=0
06-07 15:51:55.231 2711 2711 I auditd : type=1400 audit(0.0:48895320): avc: denied { read } for comm="event_loop" lport=13400 scontext=u:r:hht_ota_mgr:s0 tcontext=u:r:hht_ota_mgr:s0 tclass=udp_socket permissive=0
06-07 15:51:55.231 2711 2711 I auditd : type=1400 audit(0.0:48895321): avc: denied { read } for comm="event_loop" lport=13400 scontext=u:r:hht_ota_mgr:s0 tcontext=u:r:hht_ota_mgr:s0 tclass=udp_socket permissive=0
06-07 15:51:55.796 1539 1853 E PackageDexUsage: Unsupported context?
06-07 15:51:55.955 1539 1829 I netstats_mobile_sample: [0,0,0,0,0,0,0,0,0,0,0,0,1686124315954]
06-07 15:51:55.955 1539 1829 I netstats_wifi_sample: [28495534,23204,1833968,7514,28495534,23204,1833968,7514,29477588,29131,1678670,6746,1686124315954]
06-07 15:51:56.070 0 0 I : [ 1834.756613] read descriptors
06-07 15:51:56.070 0 0 I : [ 1834.756693] read strings
