06-07 15:30:46.871 1539 1774 D CompatibilityChangeReporter: Compat change id reported: 135634846; UID 10100; state: DISABLED
06-07 15:30:46.871 1539 1774 D CompatibilityChangeReporter: Compat change id reported: 177438394; UID 10100; state: DISABLED
06-07 15:30:46.871 1539 1774 D CompatibilityChangeReporter: Compat change id reported: 135772972; UID 10100; state: DISABLED
06-07 15:30:46.871 1539 1774 D CompatibilityChangeReporter: Compat change id reported: 135754954; UID 10100; state: DISABLED
06-07 15:30:46.871 1539 1676 D CompatibilityChangeReporter: Compat change id reported: 143937733; UID 10100; state: DISABLED
06-07 15:30:46.876 1539 1676 I ActivityManager: Start proc 11611:com.kugou.android/u0a100 for content provider {com.kugou.android/com.kugou.common.preferences.provider.CommonSharedPreferencesProvider}
06-07 15:30:46.887 0 0 I [ 564.288249] binder: 11611:11611 ioctl 40046210 7ff2b03764 returned -22
06-07 15:30:47.037 0 0 I : [ 564.436577] read descriptors
06-07 15:30:47.037 0 0 I : [ 564.436702] read strings
06-07 15:30:47.292 1539 1774 E PackageDexUsage: Unsupported context?
06-07 15:30:47.435 11611 11611 D ActivityThread: Loading provider com.kugou.android.kugouCommonPreferences: com.kugou.common.preferences.provider.CommonSharedPreferencesProvider
06-07 15:30:47.871 1539 1774 I ActivityManager: Process com.kugou.android.support (pid 11572) has died: fg SVC
06-07 15:30:47.872 1539 1774 W ActivityManager: Scheduling restart of crashed service com.kugou.android/com.kugou.framework.service.ipc.peripheral.connect.SupportService in 3132ms for start-requested
06-07 15:30:47.874 1539 1774 I ActivityManager: Killing 3871:com.android.dynsystem/1000 (adj 999): empty #31
06-07 15:30:48.057 0 0 I : [ 565.456601] read descriptors
06-07 15:30:48.057 0 0 I : [ 565.456732] read strings
06-07 15:30:49.069 0 0 I : [ 566.469467] read descriptors
06-07 15:30:49.069 0 0 I : [ 566.469677] read strings
06-07 15:30:50.085 0 0 I : [ 567.485372] read descriptors
06-07 15:30:50.085 0 0 I : [ 567.485579] read strings
06-07 15:30:51.006 1539 1675 D CompatibilityChangeReporter: Compat change id reported: 135634846; UID 10100; state: DISABLED
06-07 15:30:51.007 1539 1675 D CompatibilityChangeReporter: Compat change id reported: 177438394; UID 10100; state: DISABLED
06-07 15:30:51.007 1539 1675 D CompatibilityChangeReporter: Compat change id reported: 135772972; UID 10100; state: DISABLED
06-07 15:30:51.007 1539 1675 D CompatibilityChangeReporter: Compat change id reported: 135754954; UID 10100; state: DISABLED
06-07 15:30:51.008 1539 1676 D CompatibilityChangeReporter: Compat change id reported: 143937733; UID 10100; state: DISABLED
06-07 15:30:51.026 1539 1676 I ActivityManager: Start proc 11724:com.kugou.android.support/u0a100 for service {com.kugou.android/com.kugou.framework.service.ipc.peripheral.connect.SupportService}
06-07 15:30:51.049 0 0 I [ 568.451987] binder: 11724:11724 ioctl 40046210 7ff2b03764 returned -22
06-07 15:30:51.117 0 0 I : [ 568.517034] read descriptors
06-07 15:30:51.117 0 0 I : [ 568.517192] read strings
06-07 15:30:52.141 0 0 I : [ 569.540827] read descriptors
06-07 15:30:52.141 0 0 I : [ 569.540915] read strings
06-07 15:30:52.814 1539 1774 E PackageDexUsage: Unsupported context?
06-07 15:30:53.003 2140 11748 W ContextImpl: Calling a method in the system process without a qualified user: android.app.ContextImpl.sendBroadcast:1173 android.content.ContextWrapper.sendBroadcast:479 com.thundercomm.microsettings.action.SetTimeAction.timeUpdated:191 com.thundercomm.microsettings.action.SetTimeAction.update24HourFormat:173 com.thundercomm.microsettings.action.SetTimeAction.doActualAction:133
06-07 15:30:53.014 1539 1539 D DevicePolicyManager: updateSystemUpdateFreezePeriodsRecord
06-07 15:30:53.016 1539 1539 D ConditionProviders.SCP: onReceive android.intent.action.TIME_SET
06-07 15:30:53.017 1539 1539 D ConditionProviders.SCP: evaluateSubscriptionLocked cal=ScheduleCalendar[mDays={1, 2, 3, 4, 5, 6, 7}, mSchedule=ScheduleInfo{days=[1, 2, 3, 4, 5, 6, 7], startHour=22, startMinute=0, endHour=7, endMinute=0, exitAtAlarm=true, nextAlarm=Thu Jan 01 08:00:00 GMT+08:00 1970 (0)}], now=Wed Jun 07 15:30:53 GMT+08:00 2023 (1686123053016), nextUserAlarmTime=Thu Jan 01 08:00:00 GMT+08:00 1970 (0)
06-07 15:30:53.017 1539 1539 D ConditionProviders.SCP: notifyCondition condition://android/schedule?days=1.2.3.4.5.6.7&start=22.0&end=7.0&exitAtAlarm=true STATE_FALSE reason=!meetsSchedule
06-07 15:30:53.018 1539 1539 D ConditionProviders.SCP: Scheduling evaluate for Wed Jun 07 22:00:00 GMT+08:00 2023 (1686146400000), in +6h29m6s984ms, now=Wed Jun 07 15:30:53 GMT+08:00 2023 (1686123053016)
06-07 15:30:53.154 0 0 I : [ 570.560654] read descriptors
06-07 15:30:53.154 0 0 I : [ 570.560743] read strings
06-07 15:30:54.174 0 0 I : [ 571.583090] read descriptors
06-07 15:30:54.174 0 0 I : [ 571.583189] read strings
06-07 15:30:54.282 1539 11594 I ActivityManager: Process com.kugou.android.support (pid 11724) has died: fg SVC
06-07 15:30:54.285 1539 11594 W ActivityManager: Scheduling restart of crashed service com.kugou.android/com.kugou.framework.service.ipc.peripheral.connect.SupportService in 12528ms for start-requested
06-07 15:30:55.206 0 0 I : [ 572.612828] read descriptors
06-07 15:30:55.206 0 0 I : [ 572.613030] read strings
06-07 15:30:56.074 1539 1658 W ActivityTaskManager: Launch timeout has expired, giving up wake lock!
06-07 15:30:56.226 0 0 I : [ 573.632967] read descriptors
06-07 15:30:56.226 0 0 I : [ 573.633155] read strings
06-07 15:30:56.552 1539 1844 I GameModeConfig: isGameModeOn = false
06-07 15:30:57.242 0 0 I : [ 574.649139] read descriptors
06-07 15:30:57.242 0 0 I : [ 574.649344] read strings
06-07 15:30:58.266 0 0 I : [ 575.673087] read descriptors
06-07 15:30:58.266 0 0 I : [ 575.673258] read strings
06-07 15:30:58.794 0 0 I [ 576.202581] init: processing action (sys.tlog.tlogdshc.active=1) from (/system/etc/init/tlogd.rc:195)
06-07 15:30:58.794 0 0 I [ 576.203600] init: starting service 'tlogdshc'...
06-07 15:30:58.918 0 0 I [ 576.327619] init: Service 'tlogdshc' (pid 12054) exited with status 0 oneshot service took 0.117000 seconds in background
06-07 15:30:58.918 0 0 I [ 576.327644] init: Sending signal 9 to service 'tlogdshc' (pid 12054) process group...
06-07 15:30:58.918 0 0 I [ 576.328185] libprocessgroup: Successfully killed process cgroup uid 0 pid 12054 in 0ms
06-07 15:30:59.288 0 0 I : [ 576.692904] read descriptors
06-07 15:30:59.288 0 0 I : [ 576.693345] read strings
06-07 15:31:00.306 0 0 I : [ 577.712999] read descriptors
06-07 15:31:00.306 0 0 I : [ 577.713381] read strings
06-07 15:31:01.322 1539 11594 I thunderperf: PlatormCompat.setOverrides: Uid1=10077 Pid1=2594 Uid2=10077 Pid2=2594
06-07 15:31:01.322 1539 11594 I thunderperf: PlatormCompat.setOverrides: needCheck:false
06-07 15:31:01.323 1539 11594 I thunderperf: CompatConfig.addOverrideUnsafe: bef-state=1
06-07 15:31:01.323 1539 11594 E thunderperf: CompatConfig.addOverrideUnsafe: exception:java.lang.SecurityException: Cannot override a change on a non-debuggable app and user build.
06-07 15:31:01.323 1539 11594 I thunderperf: CompatConfig.addOverrideUnsafe: aft-state=1
06-07 15:31:01.324 1539 11594 I thunderperf: CompatConfig.addOverrideUnsafe: bef-state=1
06-07 15:31:01.325 1539 11594 E thunderperf: CompatConfig.addOverrideUnsafe: exception:java.lang.SecurityException: Cannot override a change on a non-debuggable app and user build.
06-07 15:31:01.325 1539 11594 I thunderperf: CompatConfig.addOverrideUnsafe: aft-state=1
06-07 15:31:01.325 1539 11594 I thunderperf: CompatConfig.addOverrideUnsafe: bef-state=1
06-07 15:31:01.326 1539 11594 E thunderperf: CompatConfig.addOverrideUnsafe: exception:java.lang.SecurityException: Cannot override a change on a non-debuggable app and user build.
06-07 15:31:01.326 1539 11594 I thunderperf: CompatConfig.addOverrideUnsafe: aft-state=1
06-07 15:31:01.326 0 0 I : [ 578.732777] read descriptors
06-07 15:31:01.326 0 0 I : [ 578.732886] read strings
06-07 15:31:01.326 1539 11594 I thunderperf: CompatConfig.addOverrideUnsafe: bef-state=1
06-07 15:31:01.327 1539 11594 E thunderperf: CompatConfig.addOverrideUnsafe: exception:java.lang.SecurityException: Cannot override a change on a non-debuggable app and user build.
06-07 15:31:01.327 1539 11594 I thunderperf: CompatConfig.addOverrideUnsafe: aft-state=1
06-07 15:31:01.327 1539 11594 I thunderperf: CompatConfig.addOverrideUnsafe: bef-state=1
06-07 15:31:01.327 1539 11594 E thunderperf: CompatConfig.addOverrideUnsafe: exception:java.lang.SecurityException: Cannot override a change on a non-debuggable app and user build.
06-07 15:31:01.327 1539 11594 I thunderperf: CompatConfig.addOverrideUnsafe: aft-state=1
06-07 15:31:01.328 1539 11594 I thunderperf: CompatConfig.addOverrideUnsafe: bef-state=1
06-07 15:31:01.328 1539 11594 E thunderperf: CompatConfig.addOverrideUnsafe: exception:java.lang.SecurityException: Cannot override a change on a non-debuggable app and user build.
06-07 15:31:01.328 1539 11594 I thunderperf: CompatConfig.addOverrideUnsafe: aft-state=1
06-07 15:31:01.329 1539 11594 I thunderperf: CompatConfig.addOverrideUnsafe: bef-state=1
06-07 15:31:01.329 1539 11594 E thunderperf: CompatConfig.addOverrideUnsafe: exception:java.lang.SecurityException: Cannot override a change on a non-debuggable app and user build.
06-07 15:31:01.329 1539 11594 I thunderperf: CompatConfig.addOverrideUnsafe: aft-state=1
06-07 15:31:01.330 1539 11594 I thunderperf: CompatConfig.addOverrideUnsafe: bef-state=1
06-07 15:31:01.330 1539 11594 E thunderperf: CompatConfig.addOverrideUnsafe: exception:java.lang.SecurityException: Cannot override a change on a non-debuggable app and user build.
06-07 15:31:01.330 1539 11594 I thunderperf: CompatConfig.addOverrideUnsafe: aft-state=1
06-07 15:31:01.330 1539 11594 I thunderperf: CompatConfig.addOverrideUnsafe: bef-state=1
06-07 15:31:01.331 1539 11594 E thunderperf: CompatConfig.addOverrideUnsafe: exception:java.lang.SecurityException: Cannot override a change on a non-debuggable app and user build.
06-07 15:31:01.331 1539 11594 I thunderperf: CompatConfig.addOverrideUnsafe: aft-state=1
06-07 15:31:01.331 1539 11594 I thunderperf: CompatConfig.addOverrideUnsafe: bef-state=1
06-07 15:31:01.331 1539 11594 E thunderperf: CompatConfig.addOverrideUnsafe: exception:java.lang.SecurityException: Cannot override a change on a non-debuggable app and user build.
06-07 15:31:01.331 1539 11594 I thunderperf: CompatConfig.addOverrideUnsafe: aft-state=1
06-07 15:31:01.332 1539 11594 I thunderperf: CompatConfig.addOverrideUnsafe: bef-state=1
06-07 15:31:01.332 1539 11594 E thunderperf: CompatConfig.addOverrideUnsafe: exception:java.lang.SecurityException: Cannot override a change on a non-debuggable app and user build.
06-07 15:31:01.332 1539 11594 I thunderperf: CompatConfig.addOverrideUnsafe: aft-state=1
06-07 15:31:01.332 1539 11594 I thunderperf: CompatConfig.addOverrideUnsafe: bef-state=1
06-07 15:31:01.333 1539 11594 E thunderperf: CompatConfig.addOverrideUnsafe: exception:java.lang.SecurityException: Cannot override a change on a non-debuggable app and user build.
06-07 15:31:01.333 1539 11594 I thunderperf: CompatConfig.addOverrideUnsafe: aft-state=1
06-07 15:31:01.333 1539 11594 I thunderperf: CompatConfig.addOverrideUnsafe: bef-state=1
06-07 15:31:01.333 1539 11594 E thunderperf: CompatConfig.addOverrideUnsafe: exception:java.lang.SecurityException: Cannot override a change on a non-debuggable app and user build.
06-07 15:31:01.333 1539 11594 I thunderperf: CompatConfig.addOverrideUnsafe: aft-state=1
06-07 15:31:01.334 1539 11594 I thunderperf: CompatConfig.addOverrideUnsafe: bef-state=1
06-07 15:31:01.334 1539 11594 E thunderperf: CompatConfig.addOverrideUnsafe: exception:java.lang.SecurityException: Cannot override a change on a non-debuggable app and user build.
06-07 15:31:01.334 1539 11594 I thunderperf: CompatConfig.addOverrideUnsafe: aft-state=1
06-07 15:31:01.339 1539 11594 I ActivityTaskManager: START u0 {act=android.intent.action.MAIN cat=[android.intent.category.LAUNCHER] flg=0x10200000 cmp=com.ss.android.ugc.aweme/.splash.SplashActivity} from uid 10077
06-07 15:31:01.389 1539 11594 D ActivityTaskManager: TaskLaunchParamsModifier:task=null activity=ActivityRecord{f9207a9 u0 com.ss.android.ugc.aweme/.splash.SplashActivity taskAffinity=10095:com.ss.android.ugc.aweme display-area-from-source=DefaultTaskDisplayArea@11319769 display-id=0 display-windowing-mode=1 suggested-display-area=DefaultTaskDisplayArea@11319769
06-07 15:31:01.390 1539 11594 D ActivityTaskManager: TaskLaunchParamsModifier:task=null activity=ActivityRecord{f9207a9 u0 com.ss.android.ugc.aweme/.splash.SplashActivity taskAffinity=10095:com.ss.android.ugc.aweme t-1} display-area-from-source=DefaultTaskDisplayArea@11319769 display-id=0 display-windowing-mode=1 suggested-display-area=DefaultTaskDisplayArea@11319769 activity-options-bounds=Rect(12, 12 - 652, 986) non-freeform-display display-area=DefaultTaskDisplayArea@11319769
06-07 15:31:01.390 1539 11594 W ActivityTaskManager: Can't find TaskDisplayArea to determine support for multi window. Task id=118 attached=false
06-07 15:31:01.392 1539 11594 D ActivityTaskManager: TaskLaunchParamsModifier:task=Task{538f12e #118 type=standard A=10095:com.ss.android.ugc.aweme U=0 visible=false mode=freeform translucent=true sz=0 visible freeform task=true rootAffinity=10095:com.ss.android.ugc.aweme isMini=false} activity=ActivityRecord{f9207a9 u0 com.ss.android.ugc.aweme/.splash.SplashActivity taskAffinity=10095:com.ss.android.ugc.aweme t-1} display-area-from-source=DefaultTaskDisplayArea@11319769 display-id=0 display-windowing-mode=1 suggested-display-area=DefaultTaskDisplayArea@11319769 activity-options-bounds=Rect(12, 12 - 652, 986) non-freeform-display display-area=DefaultTaskDisplayArea@11319769
06-07 15:31:01.392 1539 11594 D CompatibilityChangeReporter: Compat change id reported: 174042980; UID 10095; state: DISABLED
06-07 15:31:01.392 1539 11594 D CompatibilityChangeReporter: Compat change id reported: 184838306; UID 10095; state: DISABLED
06-07 15:31:01.393 1539 11594 D CompatibilityChangeReporter: Compat change id reported: 185004937; UID 10095; state: DISABLED
06-07 15:31:01.393 1539 11594 D CompatibilityChangeReporter: Compat change id reported: 181136395; UID 10095; state: DISABLED
06-07 15:31:01.393 1539 11594 D CompatibilityChangeReporter: Compat change id reported: 174042936; UID 10095; state: DISABLED
06-07 15:31:01.394 1539 11594 D CompatibilityChangeReporter: Compat change id reported: 168419799; UID 10095; state: DISABLED
06-07 15:31:01.394 1539 11594 I ActivityTaskManager: FOREGROUND_APPLICATION_CHANGED to com.ss.android.ugc.aweme.main.MainActivity
06-07 15:31:01.398 1539 1658 D CompatibilityChangeReporter: Compat change id reported: 135634846; UID 10095; state: DISABLED
06-07 15:31:01.398 1539 1676 D CompatibilityChangeReporter: Compat change id reported: 143937733; UID 10095; state: DISABLED
06-07 15:31:01.402 1539 1676 I ActivityManager: Start proc 12227:com.ss.android.ugc.aweme/u0a95 for top-activity {com.ss.android.ugc.aweme/com.ss.android.ugc.aweme.splash.SplashActivity}
06-07 15:31:01.413 0 0 W [ 578.820995] perfetto: enabled ftrace
06-07 15:31:01.422 0 0 I [ 578.828789] binder: 12227:12227 ioctl 40046210 ff881858 returned -22
06-07 15:31:01.423 1539 2929 I ActivityTaskManager: clear resize flag in freeform mode
06-07 15:31:01.423 1539 2929 I ActivityTaskManager: The Process com.ss.android.ugc.aweme Already Exists in BG. So sending its PID: 12227
06-07 15:31:01.797 1539 2929 D CompatibilityChangeReporter: Compat change id reported: 168419799; UID 10067; state: DISABLED
06-07 15:31:02.227 1539 5969 W ActivityManager: Unable to start service Intent { act=com.bun.msa.action.start.service cmp=com.mdid.msa/.service.MsaKlService (has extras) } U=0: not found
06-07 15:31:02.240 1539 5969 W ActivityManager: Unable to start service Intent { act=com.bun.msa.action.bindto.service cmp=com.mdid.msa/.service.MsaIdService (has extras) } U=0: not found
06-07 15:31:02.345 0 0 I : [ 579.752290] read descriptors
06-07 15:31:02.345 0 0 I : [ 579.752318] read strings
06-07 15:31:02.871 1539 1539 I Telecom : DefaultDialerCache: Refreshing default dialer for user 0: now null: DDC.oR@ABc
06-07 15:31:02.871 1539 1655 D CompanionDeviceManagerService: onPackageModified(packageName = com.ss.android.ugc.aweme)
06-07 15:31:02.986 1539 1671 W VoiceInteractionManager: no available voice recognition services found for user 0
06-07 15:31:03.354 0 0 I [ 580.764059] binder: 12227:12346 ioctl 40046210 a4473d38 returned -22
06-07 15:31:03.363 0 0 I : [ 580.772514] read descriptors
06-07 15:31:03.363 0 0 I : [ 580.772538] read strings
06-07 15:31:04.218 0 0 I : [ 581.624579] IRQ 5: no longer affine to CPU5
06-07 15:31:04.385 0 0 I : [ 581.792894] read descriptors
06-07 15:31:04.385 0 0 I : [ 581.793020] read strings
06-07 15:31:05.406 0 0 I : [ 582.812566] read descriptors
06-07 15:31:05.406 0 0 I : [ 582.812677] read strings
06-07 15:31:05.559 1539 2661 I MicroServiceManager: requestResult(requestAudioFocus) parameters is{"functionInfo":{"IDCM_AudioFocus":"AudioFocus_Media"}}.
06-07 15:31:05.618 0 0 I [ 583.024110] afe_find_cal_topo_id_by_port: port id: 0x9000, dev_acdb_id: 15
06-07 15:31:05.618 0 0 I [ 583.024116] afe_find_cal_topo_id_by_port: top_id:112fc acdb_id:15 afe_port_id:0x9000
06-07 15:31:05.618 0 0 I [ 583.024120] afe_get_cal_topology_id: port_id = 0x9000 acdb_id = 15 topology_id = 0x112fc cal_type_index=8 ret=0
06-07 15:31:05.618 0 0 I [ 583.024348] afe_send_port_topology_id: AFE set topology id 0x112fc enable for port 0x9000 ret 0
06-07 15:31:05.618 0 0 I [ 583.024351] send_afe_cal_type: cal_index is 0
06-07 15:31:05.618 0 0 I [ 583.024354] send_afe_cal_type: dev_acdb_id[55] is 15
06-07 15:31:05.618 0 0 I [ 583.024356] afe_find_cal: cal_index 0 port_id 0x9000 port_index 55
06-07 15:31:05.618 0 0 I [ 583.024359] afe_find_cal: acdb_id 15 dev_acdb_id 15 sample_rate 48000 afe_sample_rates 48000
06-07 15:31:05.618 0 0 I [ 583.024361] afe_find_cal: cal block is a match, size is 0
06-07 15:31:05.618 0 0 I [ 583.024364] send_afe_cal_type: Sending cal_index cal 0
06-07 15:31:05.618 0 0 E [ 583.024366] send_afe_cal_type: No cal sent for cal_index 0, port_id = 0x9000! ret -22
06-07 15:31:05.618 0 0 I [ 583.024627] afe_send_hw_delay: port_id 0x9000 rate 48000 delay_usec 474 status 0
06-07 15:31:06.102 0 0 I [ 583.510342] msm_vidc: high: 00000001: ....d: Opening video instance: 0000000000000000, 1
06-07 15:31:06.102 0 0 I [ 583.510376] msm_vidc: err : 00000001: ....d: Failed to create debugfs for msm_vidc
06-07 15:31:06.298 0 0 I : [ 583.704533] IRQ 5: no longer affine to CPU4
06-07 15:31:06.406 0 0 W [ 583.813541] perfetto: disabled ftrace
06-07 15:31:06.446 0 0 I : [ 583.852603] read descriptors
06-07 15:31:06.446 0 0 I : [ 583.852681] read strings
06-07 15:31:06.552 1171 12223 I iorapd : Perfetto TraceBuffer saved to file: /data/misc/iorapd/com.ss.android.ugc.aweme/250601/com.ss.android.ugc.aweme.splash.SplashActivity/raw_traces/1686123066547398484.perfetto_trace.pb
06-07 15:31:06.814 1539 1675 D CompatibilityChangeReporter: Compat change id reported: 135634846; UID 10100; state: DISABLED
06-07 15:31:06.814 1539 1675 D CompatibilityChangeReporter: Compat change id reported: 177438394; UID 10100; state: DISABLED
06-07 15:31:06.814 1539 1675 D CompatibilityChangeReporter: Compat change id reported: 135772972; UID 10100; state: DISABLED
06-07 15:31:06.814 1539 1675 D CompatibilityChangeReporter: Compat change id reported: 135754954; UID 10100; state: DISABLED
06-07 15:31:06.815 1539 1676 D CompatibilityChangeReporter: Compat change id reported: 143937733; UID 10100; state: DISABLED
06-07 15:31:06.820 1539 1676 I ActivityManager: Start proc 12728:com.kugou.android.support/u0a100 for service {com.kugou.android/com.kugou.framework.service.ipc.peripheral.connect.SupportService}
06-07 15:31:06.832 0 0 I [ 584.240112] binder: 12728:12728 ioctl 40046210 7ff2b03764 returned -22
06-07 15:31:06.834 1539 3020 D CompatibilityChangeReporter: Compat change id reported: 168419799; UID 10100; state: DISABLED
06-07 15:31:07.465 0 0 I : [ 584.872646] read descriptors
06-07 15:31:07.465 0 0 I : [ 584.872729] read strings
06-07 15:31:08.490 0 0 I : [ 585.899254] read descriptors
06-07 15:31:08.490 0 0 I : [ 585.899331] read strings
06-07 15:31:08.830 1539 11567 E PackageDexUsage: Unsupported context?
06-07 15:31:09.518 0 0 I : [ 586.924420] read descriptors
06-07 15:31:09.518 0 0 I : [ 586.924504] read strings
06-07 15:31:10.418 1539 2661 I ActivityManager: Process com.kugou.android.support (pid 12728) has died: fg SVC
06-07 15:31:10.421 1539 2661 W ActivityManager: Canceling start item Intent { act=action_request_connect pkg=com.kugou.android cmp=com.kugou.android/com.kugou.framework.service.ipc.peripheral.connect.SupportService (has extras) } in service com.kugou.android/com.kugou.framework.service.ipc.peripheral.connect.SupportService
06-07 15:31:10.542 0 0 I : [ 587.948845] read descriptors
06-07 15:31:10.542 0 0 I : [ 587.948981] read strings
06-07 15:31:11.367 1539 2661 W ActivityManager: Unable to start service Intent { act=com.bun.msa.action.start.service cmp=com.mdid.msa/.service.MsaKlService (has extras) } U=0: not found
06-07 15:31:11.371 1539 2661 W ActivityManager: Unable to start service Intent { act=com.bun.msa.action.bindto.service cmp=com.mdid.msa/.service.MsaIdService (has extras) } U=0: not found
06-07 15:31:11.488 1539 1675 D CompatibilityChangeReporter: Compat change id reported: 135634846; UID 10066; state: DISABLED
06-07 15:31:11.488 1539 1675 D CompatibilityChangeReporter: Compat change id reported: 177438394; UID 10066; state: DISABLED
06-07 15:31:11.488 1539 1675 D CompatibilityChangeReporter: Compat change id reported: 135772972; UID 10066; state: DISABLED
06-07 15:31:11.488 1539 1675 D CompatibilityChangeReporter: Compat change id reported: 135754954; UID 10066; state: ENABLED
06-07 15:31:11.489 1539 1898 E SyncManager: SYNC_OP_STATE_INVALID: account doesn't exist.
06-07 15:31:11.491 1539 1675 I DropBoxManagerService: add tag=system_server_wtf isTagEnabled=true flags=0x2
06-07 15:31:11.492 1539 1676 D CompatibilityChangeReporter: Compat change id reported: 143937733; UID 10066; state: ENABLED
06-07 15:31:11.509 1539 1676 I ActivityManager: Start proc 12938:com.android.inputmethod.latin/u0a66 for broadcast {com.android.inputmethod.latin/com.android.inputmethod.latin.accounts.AccountsChangedReceiver}
06-07 15:31:11.530 0 0 I [ 588.937897] binder: 12938:12938 ioctl 40046210 7ff2b03764 returned -22
06-07 15:31:11.531 1539 3012 D CompatibilityChangeReporter: Compat change id reported: 168419799; UID 10066; state: DISABLED
06-07 15:31:11.533 1539 3012 D CompatibilityChangeReporter: Compat change id reported: 181136395; UID 10095; state: DISABLED
06-07 15:31:11.534 1539 3012 D CompatibilityChangeReporter: Compat change id reported: 174042936; UID 10095; state: DISABLED
06-07 15:31:11.566 0 0 I : [ 588.972600] read descriptors
06-07 15:31:11.566 0 0 I : [ 588.972679] read strings
06-07 15:31:11.793 1539 3020 I ActivityTaskManager: START u0 {act=android.content.pm.action.REQUEST_PERMISSIONS pkg=com.android.permissioncontroller cmp=com.android.permissioncontroller/.permission.ui.GrantPermissionsActivity (has extras)} from uid 10095
06-07 15:31:11.795 1539 3020 D ActivityTaskManager: TaskLaunchParamsModifier:task=null activity=ActivityRecord{934d0c8 u0 com.android.permissioncontroller/.permission.ui.GrantPermissionsActivity taskAffinity=10090:com.android.permissioncontroller display-area-from-source=DefaultTaskDisplayArea@11319769 display-id=0 display-windowing-mode=1 suggested-display-area=DefaultTaskDisplayArea@11319769
06-07 15:31:11.795 1539 3020 D ActivityTaskManager: TaskLaunchParamsModifier:task=Task{538f12e #118 type=standard A=10095:com.ss.android.ugc.aweme U=0 visible=true mode=freeform translucent=false sz=1 visible freeform task=true rootAffinity=10095:com.ss.android.ugc.aweme isMini=false} activity=ActivityRecord{934d0c8 u0 com.android.permissioncontroller/.permission.ui.GrantPermissionsActivity taskAffinity=10090:com.android.permissioncontroller t-1} display-area-from-source=DefaultTaskDisplayArea@11319769 display-id=0 display-windowing-mode=1 suggested-display-area=DefaultTaskDisplayArea@11319769 non-freeform-display display-area=DefaultTaskDisplayArea@11319769
06-07 15:31:11.796 1539 3020 D CompatibilityChangeReporter: Compat change id reported: 174042980; UID 10090; state: DISABLED
06-07 15:31:11.797 1539 3020 D CompatibilityChangeReporter: Compat change id reported: 184838306; UID 10090; state: DISABLED
06-07 15:31:11.798 1539 3020 D CompatibilityChangeReporter: Compat change id reported: 185004937; UID 10090; state: DISABLED
06-07 15:31:11.798 1539 3020 D CompatibilityChangeReporter: Compat change id reported: 181136395; UID 10090; state: DISABLED
06-07 15:31:11.798 1539 3020 D CompatibilityChangeReporter: Compat change id reported: 174042936; UID 10090; state: DISABLED
06-07 15:31:11.969 1539 2929 D CompatibilityChangeReporter: Compat change id reported: 135634846; UID 10095; state: DISABLED
06-07 15:31:11.969 1539 1676 D CompatibilityChangeReporter: Compat change id reported: 143937733; UID 10095; state: ENABLED
06-07 15:31:11.973 1539 1676 I ActivityManager: Start proc 12983:com.android.webview:sandboxed_process0:org.chromium.content.app.SandboxedProcessService0:0/u0i1 for {com.ss.android.ugc.aweme/org.chromium.content.app.SandboxedProcessService0:0}
06-07 15:31:11.981 1539 2506 D CompatibilityChangeReporter: Compat change id reported: 168419799; UID 10095; state: DISABLED
06-07 15:31:11.981 0 0 I [ 589.388168] binder: 12983:12983 ioctl 40046210 ff880fa8 returned -22
06-07 15:31:11.981 1539 2506 I ActivityTaskManager: clear resize flag in freeform mode
06-07 15:31:11.982 1539 2506 I ActivityTaskManager: The Process com.android.permissioncontroller Already Exists in BG. So sending its PID: 4084
06-07 15:31:12.126 1539 2929 I ActivityTaskManager: FOREGROUND_APPLICATION_CHANGED to com.android.permissioncontroller.permission.ui.GrantPermissionsActivity
06-07 15:31:12.126 1539 2929 I ActivityTaskManager: The Process com.android.permissioncontroller Already Exists in BG. So sending its PID: 4084
06-07 15:31:12.127 1539 2929 D CompatibilityChangeReporter: Compat change id reported: 184838306; UID 10095; state: DISABLED
06-07 15:31:12.127 1539 2929 D CompatibilityChangeReporter: Compat change id reported: 185004937; UID 10095; state: DISABLED
06-07 15:31:12.235 1539 2929 D ActivityTaskManager: Skipping, freeform mode : Task{538f12e #118 type=standard A=10095:com.ss.android.ugc.aweme U=0 visible=true mode=freeform translucent=false sz=2 visible freeform task=true rootAffinity=10095:com.ss.android.ugc.aweme isMini=false}
06-07 15:31:12.235 1539 2929 D ActivityTaskManager: Skipping, freeform mode : Task{e672263 #117 type=standard A=10100:android.task.kugou U=0 visible=false mode=freeform translucent=true sz=0 visible freeform task=true rootAffinity=10100:android.task.kugou isMini=false}
06-07 15:31:12.273 0 0 I [ 589.681499] binder: 4084:4084 ioctl 40046210 7ff2b02ba4 returned -22
06-07 15:31:12.389 1539 1655 D CompanionDeviceManagerService: onPackageModified(packageName = com.ss.android.ugc.aweme)
06-07 15:31:12.394 0 0 I : [ 589.800444] IRQ 5: no longer affine to CPU7
06-07 15:31:12.402 1539 1539 I Telecom : DefaultDialerCache: Refreshing default dialer for user 0: now null: DDC.oR@ABg
06-07 15:31:12.415 1539 1671 W VoiceInteractionManager: no available voice recognition services found for user 0
06-07 15:31:12.602 0 0 I : [ 590.010027] read descriptors
06-07 15:31:12.602 0 0 I : [ 590.010101] read strings
06-07 15:31:13.042 0 0 I [ 590.449294] binder: 13076:13076 ioctl 40046210 7fd896a504 returned -22
06-07 15:31:13.085 0 0 I [ 590.492689] binder: 13083:13083 ioctl 40046210 7fd2cb5fe4 returned -22
06-07 15:31:13.258 0 0 W [ 590.666648] audit: audit_lost=778 audit_rate_limit=5 audit_backlog_limit=64
06-07 15:31:13.259 0 0 E [ 590.666650] audit: rate limit exceeded
06-07 15:31:13.402 0 0 I : [ 590.808203] IRQ 5: no longer affine to CPU6
06-07 15:31:13.548 0 0 I [ 590.956391] binder: 13120:13120 ioctl 40046210 7fc0eb3df4 returned -22
06-07 15:31:13.590 0 0 I [ 590.999146] binder: 13134:13134 ioctl 40046210 7fe7a59294 returned -22
06-07 15:31:13.662 0 0 I : [ 591.071611] read descriptors
06-07 15:31:13.662 0 0 I : [ 591.071694] read strings
06-07 15:31:13.710 0 0 I [ 591.119207] binder: 13148:13148 ioctl 40046210 7fc0e48144 returned -22
06-07 15:31:13.754 0 0 I [ 591.163167] binder: 13153:13153 ioctl 40046210 7fd8832e44 returned -22
06-07 15:31:13.798 0 0 I [ 591.204505] binder: 13157:13157 ioctl 40046210 7fe504cf64 returned -22
06-07 15:31:13.846 0 0 I [ 591.253945] binder: 13161:13161 ioctl 40046210 7fc6c5fcb4 returned -22
06-07 15:31:13.974 0 0 I [ 591.381380] binder: 13171:13171 ioctl 40046210 7fed4e9294 returned -22
06-07 15:31:14.704 0 0 I : [ 592.112294] read descriptors
06-07 15:31:14.704 0 0 I : [ 592.112320] read strings
06-07 15:31:15.321 0 0 I [ 592.728524] afe_close: port_id = 0x9000
06-07 15:31:15.398 0 0 W [ 592.807791] audit: audit_lost=792 audit_rate_limit=5 audit_backlog_limit=64
06-07 15:31:15.398 0 0 E [ 592.807794] audit: rate limit exceeded
06-07 15:31:15.474 0 0 I [ 592.883338] binder: 13273:13273 ioctl 40046210 7fdcbadf34 returned -22
06-07 15:31:15.658 0 0 I [ 593.067854] binder: 13301:13301 ioctl 40046210 7ff4b38fa4 returned -22
06-07 15:31:15.735 0 0 I : [ 593.144547] read descriptors
06-07 15:31:15.735 0 0 I : [ 593.144625] read strings
06-07 15:31:15.780 1539 1655 D CompanionDeviceManagerService: onPackageModified(packageName = com.ss.android.ugc.aweme)
06-07 15:31:15.788 1539 1539 I Telecom : DefaultDialerCache: Refreshing default dialer for user 0: now null: DDC.oR@ABk
06-07 15:31:15.841 1539 1671 W VoiceInteractionManager: no available voice recognition services found for user 0
06-07 15:31:16.038 0 0 I [ 593.446814] binder: 13334:13334 ioctl 40046210 7fc02d1af4 returned -22
06-07 15:31:16.182 0 0 I [ 593.590767] binder: 13343:13343 ioctl 40046210 7fd32d1f14 returned -22
06-07 15:31:16.250 0 0 I : [ 593.656627] IRQ 5: no longer affine to CPU7
06-07 15:31:16.762 0 0 I : [ 594.168634] read descriptors
06-07 15:31:16.762 0 0 I : [ 594.168712] read strings
06-07 15:31:16.798 0 0 I [ 594.205336] init: Untracked pid 13209 exited with status 0
06-07 15:31:16.798 0 0 I [ 594.205454] init: Untracked pid 13217 exited with status 0
06-07 15:31:16.799 0 0 I [ 594.205520] init: Untracked pid 13225 exited with status 0
06-07 15:31:17.786 0 0 I : [ 595.193212] read descriptors
06-07 15:31:17.786 0 0 I : [ 595.193400] read strings
06-07 15:31:18.810 0 0 I : [ 596.216702] read descriptors
06-07 15:31:18.810 0 0 I : [ 596.216825] read strings
06-07 15:31:19.830 0 0 I : [ 597.236459] read descriptors
06-07 15:31:19.830 0 0 I : [ 597.236546] read strings
06-07 15:31:20.670 1539 3020 I ActivityTaskManager: FOREGROUND_APPLICATION_CHANGED to com.ss.android.ugc.aweme.main.MainActivity
06-07 15:31:20.774 0 0 I [ 598.181773] afe_find_cal_topo_id_by_port: port id: 0x9000, dev_acdb_id: 15
06-07 15:31:20.774 0 0 I [ 598.181779] afe_find_cal_topo_id_by_port: top_id:112fc acdb_id:15 afe_port_id:0x9000
06-07 15:31:20.774 0 0 I [ 598.181783] afe_get_cal_topology_id: port_id = 0x9000 acdb_id = 15 topology_id = 0x112fc cal_type_index=8 ret=0
06-07 15:31:20.774 0 0 I [ 598.181992] afe_send_port_topology_id: AFE set topology id 0x112fc enable for port 0x9000 ret 0
06-07 15:31:20.774 0 0 I [ 598.181995] send_afe_cal_type: cal_index is 0
06-07 15:31:20.774 0 0 I [ 598.181997] send_afe_cal_type: dev_acdb_id[55] is 15
06-07 15:31:20.774 0 0 I [ 598.182000] afe_find_cal: cal_index 0 port_id 0x9000 port_index 55
06-07 15:31:20.774 0 0 I [ 598.182003] afe_find_cal: acdb_id 15 dev_acdb_id 15 sample_rate 48000 afe_sample_rates 48000
06-07 15:31:20.774 0 0 I [ 598.182004] afe_find_cal: cal block is a match, size is 0
06-07 15:31:20.774 0 0 I [ 598.182007] send_afe_cal_type: Sending cal_index cal 0
06-07 15:31:20.774 0 0 E [ 598.182009] send_afe_cal_type: No cal sent for cal_index 0, port_id = 0x9000! ret -22
06-07 15:31:20.774 0 0 I [ 598.182215] afe_send_hw_delay: port_id 0x9000 rate 48000 delay_usec 474 status 0
06-07 15:31:20.776 1539 2929 D ActivityTaskManager: Skipping, freeform mode : Task{538f12e #118 type=standard A=10095:com.ss.android.ugc.aweme U=0 visible=true mode=freeform translucent=false sz=2 visible freeform task=true rootAffinity=10095:com.ss.android.ugc.aweme isMini=false}
06-07 15:31:20.776 1539 2929 D ActivityTaskManager: Skipping, freeform mode : Task{e672263 #117 type=standard A=10100:android.task.kugou U=0 visible=false mode=freeform translucent=true sz=0 visible freeform task=true rootAffinity=10100:android.task.kugou isMini=false}
06-07 15:31:20.873 0 0 I : [ 598.283210] read descriptors
06-07 15:31:20.873 0 0 I : [ 598.283432] read strings
06-07 15:31:21.650 1539 1703 V DisplayPowerController[0]: Brightness [0.64646465] manual adjustment.
06-07 15:31:21.662 1539 1890 E DisplayDeviceConfig: requesting nits when no mapping exists.
06-07 15:31:21.663 1539 1890 E DisplayDeviceConfig: requesting nits when no mapping exists.
06-07 15:31:21.664 1539 1675 I DropBoxManagerService: add tag=system_server_wtf isTagEnabled=true flags=0x2
06-07 15:31:21.674 1539 1675 I DropBoxManagerService: add tag=system_server_wtf isTagEnabled=true flags=0x2
06-07 15:31:21.679 1539 1890 E DisplayDeviceConfig: requesting nits when no mapping exists.
06-07 15:31:21.680 1539 1890 E DisplayDeviceConfig: requesting nits when no mapping exists.
06-07 15:31:21.681 1539 1675 I DropBoxManagerService: add tag=system_server_wtf isTagEnabled=true flags=0x2
06-07 15:31:21.682 1539 1675 I DropBoxManagerService: add tag=system_server_wtf isTagEnabled=true flags=0x2
06-07 15:31:21.695 1539 1890 E DisplayDeviceConfig: requesting nits when no mapping exists.
06-07 15:31:21.695 1539 1890 E DisplayDeviceConfig: requesting nits when no mapping exists.
06-07 15:31:21.697 1539 1675 I DropBoxManagerService: add tag=system_server_wtf isTagEnabled=true flags=0x2
06-07 15:31:21.711 1539 1890 E DisplayDeviceConfig: requesting nits when no mapping exists.
06-07 15:31:21.712 1539 1890 E DisplayDeviceConfig: requesting nits when no mapping exists.
06-07 15:31:21.902 0 0 I : [ 599.308810] read descriptors
06-07 15:31:21.902 0 0 I : [ 599.308929] read strings
06-07 15:31:22.046 0 0 I [ 599.454011] msm_vidc: high: 00000002: ....d: Opening video instance: 0000000000000000, 1
06-07 15:31:22.046 0 0 I [ 599.454048] msm_vidc: err : 00000002: ....d: Failed to create debugfs for msm_vidc
06-07 15:31:22.054 0 0 I [ 599.462208] msm_vidc: high: 00000001: h265d: Closed video instance: 0000000000000000
06-07 15:31:22.874 0 0 I : [ 600.280497] IRQ 5: no longer affine to CPU7
06-07 15:31:22.934 0 0 I : [ 600.341414] read descriptors
06-07 15:31:22.934 0 0 I : [ 600.341684] read strings
06-07 15:31:23.402 0 0 I : [ 600.808513] IRQ 5: no longer affine to CPU7
06-07 15:31:23.958 0 0 I : [ 601.364526] read descriptors
06-07 15:31:23.958 0 0 I : [ 601.364618] read strings
06-07 15:31:24.202 0 0 I : [ 601.608517] IRQ 5: no longer affine to CPU7
06-07 15:31:24.978 0 0 I : [ 602.385371] read descriptors
06-07 15:31:24.978 0 0 I : [ 602.385824] read strings
06-07 15:31:25.018 0 0 I : [ 602.425074] IRQ 5: no longer affine to CPU7
06-07 15:31:25.651 1539 11594 D CompatibilityChangeReporter: Compat change id reported: 168419799; UID 10095; state: DISABLED
06-07 15:31:25.998 0 0 I : [ 603.405320] read descriptors
06-07 15:31:25.998 0 0 I : [ 603.405441] read strings
06-07 15:31:26.474 0 0 I : [ 603.880237] IRQ 5: no longer affine to CPU6
06-07 15:31:27.020 0 0 I : [ 604.424602] read descriptors
06-07 15:31:27.021 0 0 I : [ 604.424721] read strings
06-07 15:31:27.623 0 0 I : [ 605.032324] IRQ 5: no longer affine to CPU4
06-07 15:31:28.046 0 0 I : [ 605.452634] read descriptors
06-07 15:31:28.046 0 0 I : [ 605.452754] read strings
06-07 15:31:28.798 0 0 I [ 606.206513] init: processing action (sys.tlog.tlogdshc.active=1) from (/system/etc/init/tlogd.rc:195)
06-07 15:31:28.798 0 0 I [ 606.207141] init: starting service 'tlogdshc'...
06-07 15:31:28.960 0 0 I [ 606.369951] init: Service 'tlogdshc' (pid 13704) exited with status 0 oneshot service took 0.159000 seconds in background
06-07 15:31:28.960 0 0 I [ 606.369973] init: Sending signal 9 to service 'tlogdshc' (pid 13704) process group...
06-07 15:31:28.960 0 0 I [ 606.370189] libprocessgroup: Successfully killed process cgroup uid 0 pid 13704 in 0ms
06-07 15:31:29.066 0 0 I : [ 606.472820] read descriptors
06-07 15:31:29.066 0 0 I : [ 606.472942] read strings
06-07 15:31:29.559 0 0 I : [ 606.968343] IRQ 5: no longer affine to CPU4
06-07 15:31:30.093 0 0 I : [ 607.496884] read descriptors
06-07 15:31:30.093 0 0 I : [ 607.497014] read strings
06-07 15:31:30.677 1539 1721 W PackageManager: /data/system/packages.xml fsync begin
06-07 15:31:30.682 1539 1721 W PackageManager: /data/system/packages.xml fsync end
06-07 15:31:30.710 0 0 I [ 608.117697] logd: start watching /data/system/packages.list ...
06-07 15:31:30.710 0 0 I [ 608.119080] logd: ReadPackageList, total packages: 108
06-07 15:31:31.110 0 0 I : [ 608.516892] read descriptors
06-07 15:31:31.110 0 0 I : [ 608.517011] read strings
06-07 15:31:32.126 0 0 I : [ 609.532663] read descriptors
06-07 15:31:32.126 0 0 I : [ 609.532784] read strings
06-07 15:31:32.486 0 0 I : [ 609.896197] IRQ 5: no longer affine to CPU5
06-07 15:31:33.146 0 0 I : [ 610.553623] read descriptors
06-07 15:31:33.146 0 0 I : [ 610.553748] read strings
06-07 15:31:33.177 1539 1539 I GameModeConfig: isGameModeOn = false
06-07 15:31:34.179 0 0 I : [ 611.586929] read descriptors
06-07 15:31:34.179 0 0 I : [ 611.587091] read strings
06-07 15:31:34.838 0 0 I : [ 612.248278] IRQ 5: no longer affine to CPU6
06-07 15:31:35.195 0 0 I : [ 612.604723] read descriptors
06-07 15:31:35.195 0 0 I : [ 612.604899] read strings
06-07 15:31:36.218 0 0 I : [ 613.624845] read descriptors
06-07 15:31:36.218 0 0 I : [ 613.624968] read strings
06-07 15:31:37.238 0 0 I : [ 614.644901] read descriptors
06-07 15:31:37.238 0 0 I : [ 614.645031] read strings
06-07 15:31:38.112 1539 3014 W ActivityManager: Unable to start service Intent { act=android.intent.action.START_LEBO_SERVICE pkg=com.hpplay.happyplay.aw } U=0: not found
06-07 15:31:38.286 0 0 I : [ 615.693203] read descriptors
06-07 15:31:38.286 0 0 I : [ 615.693327] read strings
06-07 15:31:39.090 0 0 I : [ 616.498726] qcom_rpmh DRV:apps_rsc TCS Busy, retrying RPMH message send: addr=0x50000
06-07 15:31:39.260 1539 1792 W DeviceIdleController: motion timeout went off and device isn't stationary
06-07 15:31:39.303 0 0 I : [ 616.712590] read descriptors
06-07 15:31:39.303 0 0 I : [ 616.712670] read strings
06-07 15:31:39.478 0 0 I : [ 616.888228] IRQ 5: no longer affine to CPU6
06-07 15:31:40.326 0 0 I : [ 617.732600] read descriptors
06-07 15:31:40.326 0 0 I : [ 617.732720] read strings
06-07 15:31:41.346 0 0 I : [ 618.753751] read descriptors
06-07 15:31:41.346 0 0 I : [ 618.753929] read strings
06-07 15:31:42.366 0 0 I : [ 619.772571] read descriptors
06-07 15:31:42.366 0 0 I : [ 619.772649] read strings
06-07 15:31:42.874 0 0 I : [ 620.280393] IRQ 5: no longer affine to CPU4
06-07 15:31:43.406 0 0 I : [ 620.812613] read descriptors
06-07 15:31:43.406 0 0 I : [ 620.812703] read strings
06-07 15:31:44.426 0 0 I : [ 621.833097] read descriptors
06-07 15:31:44.426 0 0 I : [ 621.833175] read strings
06-07 15:31:45.167 1539 5969 D ActivityTaskManager: Skipping, freeform mode : Task{538f12e #118 type=standard A=10095:com.ss.android.ugc.aweme U=0 visible=true mode=freeform translucent=false sz=1 visible freeform task=true rootAffinity=10095:com.ss.android.ugc.aweme isMini=false}
06-07 15:31:45.167 1539 5969 D ActivityTaskManager: Skipping, freeform mode : Task{e672263 #117 type=standard A=10100:android.task.kugou U=0 visible=false mode=freeform translucent=true sz=0 visible freeform task=true rootAffinity=10100:android.task.kugou isMini=false}
06-07 15:31:45.271 1539 1658 I ActivityManager: Stopping service com.ss.android.ugc.aweme/com.bytedance.common.wschannel.client.WsClientService: remove task
06-07 15:31:45.291 1539 3014 I ActivityTaskManager: FOREGROUND_APPLICATION_CHANGED to com.android.launcher3.uioverrides.QuickstepLauncher
06-07 15:31:45.360 1539 3012 D CompatibilityChangeReporter: Compat change id reported: 135634846; UID 10095; state: DISABLED
06-07 15:31:45.360 1539 1676 D CompatibilityChangeReporter: Compat change id reported: 143937733; UID 10095; state: DISABLED
06-07 15:31:45.365 1539 1676 I ActivityManager: Start proc 13817:com.ss.android.ugc.aweme:push/u0a95 for service {com.ss.android.ugc.aweme/com.ss.android.message.log.LogService}
06-07 15:31:45.382 0 0 I [ 622.790967] binder: 13817:13817 ioctl 40046210 ff881858 returned -22
06-07 15:31:45.385 1539 1676 I ActivityManager: Start proc 13833:com.ss.android.ugc.aweme:pushservice/u0a95 for service {com.ss.android.ugc.aweme/com.xiaomi.push.service.XMPushService}
06-07 15:31:45.401 1539 2929 D ActivityTaskManager: Skipping, freeform mode : Task{538f12e #118 type=standard A=10095:com.ss.android.ugc.aweme U=0 visible=false mode=freeform translucent=true sz=1 visible freeform task=true rootAffinity=10095:com.ss.android.ugc.aweme isMini=false}
06-07 15:31:45.401 1539 2929 D ActivityTaskManager: Skipping, freeform mode : Task{e672263 #117 type=standard A=10100:android.task.kugou U=0 visible=false mode=freeform translucent=true sz=0 visible freeform task=true rootAffinity=10100:android.task.kugou isMini=false}
06-07 15:31:45.406 0 0 I [ 622.813092] binder: 13833:13833 ioctl 40046210 ff881858 returned -22
06-07 15:31:45.472 0 0 I [ 622.877710] binder: 13852:13852 ioctl 40046210 7fe7d5f824 returned -22
06-07 15:31:45.472 0 0 I : [ 622.880318] read descriptors
06-07 15:31:45.472 0 0 I : [ 622.880350] read strings
06-07 15:31:45.693 0 0 I [ 623.100840] msm_vidc: high: 00000002: h265d: Closed video instance: 0000000000000000
06-07 15:31:45.698 0 0 I [ 623.105007] binder: 13897:13897 ioctl 40046210 7fd3570ab4 returned -22
06-07 15:31:45.713 0 0 W [ 623.116072] audit: audit_lost=798 audit_rate_limit=5 audit_backlog_limit=64
06-07 15:31:45.713 0 0 E [ 623.116076] audit: rate limit exceeded
06-07 15:31:46.502 0 0 I : [ 623.904225] read descriptors
06-07 15:31:46.506 0 0 I : [ 623.904248] read strings
06-07 15:31:46.583 1539 1844 I GameModeConfig: isGameModeOn = false
06-07 15:31:46.583 1539 1844 I GameModeConfig: isGameModeOn = false
06-07 15:31:47.202 0 0 I [ 624.610043] msm_vidc: err : ffffffff: .....: DBLP Set: status 0
06-07 15:31:47.532 0 0 I : [ 624.936429] read descriptors
06-07 15:31:47.532 0 0 I : [ 624.936469] read strings
06-07 15:31:47.565 1539 11567 W ActivityManager: Unable to start service Intent { act=com.bun.msa.action.start.service cmp=com.mdid.msa/.service.MsaKlService (has extras) } U=0: not found
06-07 15:31:47.571 1539 11567 W ActivityManager: Unable to start service Intent { act=com.bun.msa.action.bindto.service cmp=com.mdid.msa/.service.MsaIdService (has extras) } U=0: not found
06-07 15:31:47.605 1539 1853 W ActivityManager: Unable to start service Intent { act=com.bun.msa.action.start.service cmp=com.mdid.msa/.service.MsaKlService (has extras) } U=0: not found
06-07 15:31:47.616 1539 1853 W ActivityManager: Unable to start service Intent { act=com.bun.msa.action.bindto.service cmp=com.mdid.msa/.service.MsaIdService (has extras) } U=0: not found
06-07 15:31:48.091 1539 13788 I BackgroundDexOptService: Pinning optimized code {}
06-07 15:31:48.486 0 0 I [ 625.892318] afe_close: port_id = 0x9000
06-07 15:31:48.549 0 0 I : [ 625.958242] read descriptors
06-07 15:31:48.549 0 0 I : [ 625.958436] read strings
06-07 15:31:48.762 0 0 I [ 626.168347] init: Untracked pid 14050 exited with status 0
06-07 15:31:48.762 0 0 I [ 626.168467] init: Untracked pid 14055 exited with status 0
06-07 15:31:48.762 0 0 I [ 626.168521] init: Untracked pid 14065 exited with status 0
06-07 15:31:49.582 0 0 I : [ 626.988490] read descriptors
06-07 15:31:49.582 0 0 I : [ 626.988576] read strings
06-07 15:31:50.090 0 0 I : [ 627.497032] IRQ 5: no longer affine to CPU6
06-07 15:31:50.606 0 0 I : [ 628.012614] read descriptors
06-07 15:31:50.606 0 0 I : [ 628.012698] read strings
06-07 15:31:51.626 0 0 I : [ 629.033891] read descriptors
06-07 15:31:51.626 0 0 I : [ 629.033979] read strings
06-07 15:31:51.970 0 0 I : [ 629.379824] qcom_rpmh DRV:apps_rsc TCS Busy, retrying RPMH message send: addr=0x50000
06-07 15:31:51.970 0 0 I : [ 629.379847] qcom_rpmh DRV:apps_rsc TCS Busy, retrying RPMH message send: addr=0x50000
06-07 15:31:51.970 0 0 I : [ 629.379865] qcom_rpmh DRV:apps_rsc TCS Busy, retrying RPMH message send: addr=0x50000
06-07 15:31:52.654 0 0 I : [ 630.060781] read descriptors
06-07 15:31:52.654 0 0 I : [ 630.060877] read strings
06-07 15:31:53.670 0 0 I : [ 631.077338] read descriptors
06-07 15:31:53.670 0 0 I : [ 631.077534] read strings
06-07 15:31:54.686 0 0 I : [ 632.093041] read descriptors
06-07 15:31:54.686 0 0 I : [ 632.093261] read strings
06-07 15:31:54.896 1539 1655 D CompanionDeviceManagerService: onPackageModified(packageName = com.ss.android.ugc.aweme)
06-07 15:31:54.900 1539 1539 I Telecom : DefaultDialerCache: Refreshing default dialer for user 0: now null: DDC.oR@ABo
06-07 15:31:54.961 1539 1671 W VoiceInteractionManager: no available voice recognition services found for user 0
06-07 15:31:55.260 1539 1658 W ActivityTaskManager: Launch timeout has expired, giving up wake lock!
06-07 15:31:55.710 0 0 I : [ 633.117260] read descriptors
06-07 15:31:55.710 0 0 I : [ 633.117362] read strings
06-07 15:31:56.730 0 0 I : [ 634.138269] read descriptors
06-07 15:31:56.731 0 0 I : [ 634.138476] read strings
06-07 15:31:57.746 0 0 I : [ 635.154378] read descriptors
06-07 15:31:57.747 0 0 I : [ 635.154591] read strings
06-07 15:31:57.998 0 0 I : [ 635.407708] qcom_rpmh DRV:apps_rsc TCS Busy, retrying RPMH message send: addr=0x50000
06-07 15:31:57.998 0 0 I : [ 635.407731] qcom_rpmh DRV:apps_rsc TCS Busy, retrying RPMH message send: addr=0x50000
06-07 15:31:57.998 0 0 I : [ 635.407749] qcom_rpmh DRV:apps_rsc TCS Busy, retrying RPMH message send: addr=0x50000
06-07 15:31:58.766 0 0 I : [ 636.173384] read descriptors
06-07 15:31:58.766 0 0 I : [ 636.173468] read strings
06-07 15:31:58.798 0 0 I [ 636.207474] init: processing action (sys.tlog.tlogdshc.active=1) from (/system/etc/init/tlogd.rc:195)
06-07 15:31:58.798 0 0 I [ 636.208130] init: starting service 'tlogdshc'...
06-07 15:31:58.902 0 0 I [ 636.310738] init: Service 'tlogdshc' (pid 14259) exited with status 0 oneshot service took 0.100000 seconds in background
06-07 15:31:58.902 0 0 I [ 636.310764] init: Sending signal 9 to service 'tlogdshc' (pid 14259) process group...
06-07 15:31:58.902 0 0 I [ 636.310942] libprocessgroup: Successfully killed process cgroup uid 0 pid 14259 in 0ms
06-07 15:31:58.934 0 0 I : [ 636.341023] qcom_rpmh DRV:apps_rsc TCS Busy, retrying RPMH message send: addr=0x50000
06-07 15:31:58.934 0 0 I : [ 636.341039] qcom_rpmh DRV:apps_rsc TCS Busy, retrying RPMH message send: addr=0x50000
06-07 15:31:58.934 0 0 I : [ 636.341053] qcom_rpmh DRV:apps_rsc TCS Busy, retrying RPMH message send: addr=0x50000
06-07 15:31:58.934 0 0 I : [ 636.341067] qcom_rpmh DRV:apps_rsc TCS Busy, retrying RPMH message send: addr=0x50000
06-07 15:31:58.934 0 0 I : [ 636.341081] qcom_rpmh DRV:apps_rsc TCS Busy, retrying RPMH message send: addr=0x50000
06-07 15:31:59.790 0 0 I : [ 637.197186] read descriptors
06-07 15:31:59.790 0 0 I : [ 637.197271] read strings
06-07 15:32:00.806 0 0 I : [ 638.212753] read descriptors
06-07 15:32:00.806 0 0 I : [ 638.212952] read strings
06-07 15:32:01.830 0 0 I : [ 639.236356] read descriptors
06-07 15:32:01.830 0 0 I : [ 639.236435] read strings
06-07 15:32:02.554 0 0 I : [ 639.962933] qcom_rpmh DRV:apps_rsc TCS Busy, retrying RPMH message send: addr=0x50000
06-07 15:32:02.554 0 0 I : [ 639.962956] qcom_rpmh DRV:apps_rsc TCS Busy, retrying RPMH message send: addr=0x50000
06-07 15:32:02.846 0 0 I : [ 640.253121] read descriptors
06-07 15:32:02.846 0 0 I : [ 640.253320] read strings
06-07 15:32:03.866 0 0 I : [ 641.274033] read descriptors
06-07 15:32:03.866 0 0 I : [ 641.274232] read strings
06-07 15:32:04.886 0 0 I : [ 642.293836] read descriptors
06-07 15:32:04.886 0 0 I : [ 642.294043] read strings
06-07 15:32:05.906 0 0 I : [ 643.313904] read descriptors
06-07 15:32:05.906 0 0 I : [ 643.314118] read strings
06-07 15:32:06.926 0 0 I : [ 644.333206] read descriptors
06-07 15:32:06.926 0 0 I : [ 644.333518] read strings
06-07 15:32:07.942 0 0 I : [ 645.349169] read descriptors
06-07 15:32:07.942 0 0 I : [ 645.349375] read strings
06-07 15:32:08.142 0 0 W [ 645.551468] rpmh_rsc_send_data: 6 callbacks suppressed
06-07 15:32:08.142 0 0 I : [ 645.551475] qcom_rpmh DRV:apps_rsc TCS Busy, retrying RPMH message send: addr=0x50000
06-07 15:32:08.142 0 0 I : [ 645.551496] qcom_rpmh DRV:apps_rsc TCS Busy, retrying RPMH message send: addr=0x50000
06-07 15:32:08.142 0 0 I : [ 645.551514] qcom_rpmh DRV:apps_rsc TCS Busy, retrying RPMH message send: addr=0x50000
06-07 15:32:08.962 0 0 I : [ 646.368818] read descriptors
06-07 15:32:08.962 0 0 I : [ 646.368948] read strings
06-07 15:32:09.974 0 0 I : [ 647.381976] read descriptors
06-07 15:32:09.974 0 0 I : [ 647.382177] read strings
06-07 15:32:10.986 0 0 I : [ 648.394111] read descriptors
06-07 15:32:10.986 0 0 I : [ 648.394316] read strings
06-07 15:32:12.006 0 0 I : [ 649.412334] read descriptors
06-07 15:32:12.006 0 0 I : [ 649.412416] read strings
06-07 15:32:13.030 0 0 I : [ 650.438142] read descriptors
06-07 15:32:13.030 0 0 I : [ 650.438350] read strings
06-07 15:32:14.047 0 0 I : [ 651.453292] read descriptors
06-07 15:32:14.047 0 0 I : [ 651.453494] read strings
06-07 15:32:15.070 0 0 I : [ 652.476923] read descriptors
