06-07 15:46:01.536 1539 1675 W BroadcastQueue: Target SDK mismatch: receiver ActivityInfo{9cab23 com.xiaomi.push.service.receivers.NetworkStatusReceiver} targets 28 but delivery restricted to [0, 23] broadcasting Intent { act=android.net.conn.CONNECTIVITY_CHANGE flg=0x4200010 (has extras) } from android (pid=1539, uid=1000) to com.kugou.android/com.xiaomi.push.service.receivers.NetworkStatusReceiver
06-07 15:46:01.536 1539 1675 W BroadcastQueue: Target SDK mismatch: receiver ActivityInfo{eebb820 com.xiaomi.push.service.receivers.NetworkStatusReceiver} targets 33 but delivery restricted to [0, 23] broadcasting Intent { act=android.net.conn.CONNECTIVITY_CHANGE flg=0x4200010 (has extras) } from android (pid=1539, uid=1000) to com.qiyi.video/com.xiaomi.push.service.receivers.NetworkStatusReceiver
06-07 15:46:01.536 1539 1675 W BroadcastQueue: Target SDK mismatch: receiver ActivityInfo{53755d9 com.xiaomi.push.service.receivers.NetworkStatusReceiver} targets 29 but delivery restricted to [0, 23] broadcasting Intent { act=android.net.conn.CONNECTIVITY_CHANGE flg=0x4200010 (has extras) } from android (pid=1539, uid=1000) to com.tencent.qqmusic/com.xiaomi.push.service.receivers.NetworkStatusReceiver
06-07 15:46:01.536 1539 1675 W BroadcastQueue: Target SDK mismatch: receiver ActivityInfo{38ddb9e com.tencent.pandora.libtcloudupload.videoupload.impl.TVCNetWorkStateReceiver} targets 29 but delivery restricted to [0, 23] broadcasting Intent { act=android.net.conn.CONNECTIVITY_CHANGE flg=0x4200010 (has extras) } from android (pid=1539, uid=1000) to com.tencent.tmgp.sgame/com.tencent.pandora.libtcloudupload.videoupload.impl.TVCNetWorkStateReceiver
06-07 15:46:01.536 1539 1675 W BroadcastQueue: Target SDK mismatch: receiver ActivityInfo{684d67f org.qiyi.android.video.ui.phone.traffic.receiver.TrafficReceiver} targets 33 but delivery restricted to [0, 23] broadcasting Intent { act=android.net.conn.CONNECTIVITY_CHANGE flg=0x4200010 (has extras) } from android (pid=1539, uid=1000) to com.qiyi.video/org.qiyi.android.video.ui.phone.traffic.receiver.TrafficReceiver
06-07 15:46:01.536 1539 1675 W BroadcastQueue: Target SDK mismatch: receiver ActivityInfo{524364c com.iqiyi.hcim.service.BroadcastCenter} targets 33 but delivery restricted to [0, 23] broadcasting Intent { act=android.net.conn.CONNECTIVITY_CHANGE flg=0x4200010 (has extras) } from android (pid=1539, uid=1000) to com.qiyi.video/com.iqiyi.hcim.service.BroadcastCenter
06-07 15:46:01.536 1539 1675 W BroadcastQueue: Target SDK mismatch: receiver ActivityInfo{3be7695 com.tencent.msdk.dns.HttpDnsCache$ConnectivityChangeReceiver} targets 29 but delivery restricted to [0, 23] broadcasting Intent { act=android.net.conn.CONNECTIVITY_CHANGE flg=0x4200010 (has extras) } from android (pid=1539, uid=1000) to com.tencent.tmgp.sgame/com.tencent.msdk.dns.HttpDnsCache$ConnectivityChangeReceiver
06-07 15:46:01.537 1539 1675 W BroadcastQueue: Target SDK mismatch: receiver ActivityInfo{c7813aa com.tencent.special.httpdns.Cache$ConnectReceiver} targets 29 but delivery restricted to [0, 23] broadcasting Intent { act=android.net.conn.CONNECTIVITY_CHANGE flg=0x4200010 (has extras) } from android (pid=1539, uid=1000) to com.tencent.tmgp.sgame/com.tencent.special.httpdns.Cache$ConnectReceiver
06-07 15:46:01.537 1539 1675 W BroadcastQueue: Target SDK mismatch: receiver ActivityInfo{49a5b9b org.qiyi.android.commonphonepad.pushmessage.QYPushMsgBootReceiver} targets 33 but delivery restricted to [0, 23] broadcasting Intent { act=android.net.conn.CONNECTIVITY_CHANGE flg=0x4200010 (has extras) } from android (pid=1539, uid=1000) to com.qiyi.video/org.qiyi.android.commonphonepad.pushmessage.QYPushMsgBootReceiver
06-07 15:46:01.537 1539 1675 W BroadcastQueue: Target SDK mismatch: receiver ActivityInfo{2846b38 com.xiaomi.push.service.receivers.NetworkStatusReceiver} targets 28 but delivery restricted to [0, 23] broadcasting Intent { act=android.net.conn.CONNECTIVITY_CHANGE flg=0x4200010 (has extras) } from android (pid=1539, uid=1000) to com.kugou.android/com.xiaomi.push.service.receivers.NetworkStatusReceiver
06-07 15:46:01.537 1539 1675 W BroadcastQueue: Target SDK mismatch: receiver ActivityInfo{5ce711 com.xiaomi.push.service.receivers.NetworkStatusReceiver} targets 33 but delivery restricted to [0, 23] broadcasting Intent { act=android.net.conn.CONNECTIVITY_CHANGE flg=0x4200010 (has extras) } from android (pid=1539, uid=1000) to com.qiyi.video/com.xiaomi.push.service.receivers.NetworkStatusReceiver
06-07 15:46:01.539 1539 1675 W BroadcastQueue: Target SDK mismatch: receiver ActivityInfo{e1bc076 com.xiaomi.push.service.receivers.NetworkStatusReceiver} targets 29 but delivery restricted to [0, 23] broadcasting Intent { act=android.net.conn.CONNECTIVITY_CHANGE flg=0x4200010 (has extras) } from android (pid=1539, uid=1000) to com.tencent.qqmusic/com.xiaomi.push.service.receivers.NetworkStatusReceiver
06-07 15:46:01.539 1539 1675 W BroadcastQueue: Target SDK mismatch: receiver ActivityInfo{7b91677 com.tencent.pandora.libtcloudupload.videoupload.impl.TVCNetWorkStateReceiver} targets 29 but delivery restricted to [0, 23] broadcasting Intent { act=android.net.conn.CONNECTIVITY_CHANGE flg=0x4200010 (has extras) } from android (pid=1539, uid=1000) to com.tencent.tmgp.sgame/com.tencent.pandora.libtcloudupload.videoupload.impl.TVCNetWorkStateReceiver
06-07 15:46:01.539 1539 1675 W BroadcastQueue: Target SDK mismatch: receiver ActivityInfo{5b102e4 org.qiyi.android.video.ui.phone.traffic.receiver.TrafficReceiver} targets 33 but delivery restricted to [0, 23] broadcasting Intent { act=android.net.conn.CONNECTIVITY_CHANGE flg=0x4200010 (has extras) } from android (pid=1539, uid=1000) to com.qiyi.video/org.qiyi.android.video.ui.phone.traffic.receiver.TrafficReceiver
06-07 15:46:01.539 1539 1675 W BroadcastQueue: Target SDK mismatch: receiver ActivityInfo{b97e34d com.iqiyi.hcim.service.BroadcastCenter} targets 33 but delivery restricted to [0, 23] broadcasting Intent { act=android.net.conn.CONNECTIVITY_CHANGE flg=0x4200010 (has extras) } from android (pid=1539, uid=1000) to com.qiyi.video/com.iqiyi.hcim.service.BroadcastCenter
06-07 15:46:01.539 1539 1675 W BroadcastQueue: Target SDK mismatch: receiver ActivityInfo{17b6e02 com.tencent.msdk.dns.HttpDnsCache$ConnectivityChangeReceiver} targets 29 but delivery restricted to [0, 23] broadcasting Intent { act=android.net.conn.CONNECTIVITY_CHANGE flg=0x4200010 (has extras) } from android (pid=1539, uid=1000) to com.tencent.tmgp.sgame/com.tencent.msdk.dns.HttpDnsCache$ConnectivityChangeReceiver
06-07 15:46:01.539 1539 1675 W BroadcastQueue: Target SDK mismatch: receiver ActivityInfo{49ea313 com.tencent.special.httpdns.Cache$ConnectReceiver} targets 29 but delivery restricted to [0, 23] broadcasting Intent { act=android.net.conn.CONNECTIVITY_CHANGE flg=0x4200010 (has extras) } from android (pid=1539, uid=1000) to com.tencent.tmgp.sgame/com.tencent.special.httpdns.Cache$ConnectReceiver
06-07 15:46:01.571 1539 1830 I service_manager_slow: [23,isub]
06-07 15:46:01.624 1539 1830 I service_manager_slow: [43,isub]
06-07 15:46:01.655 12227 12227 I service_manager_slow: [164,isub]
06-07 15:46:01.668 4273 4273 I service_manager_stats: [200,268,805160]
06-07 15:46:01.784 6044 6069 I service_manager_slow: [84,isub]
06-07 15:46:01.804 6044 6162 I service_manager_slow: [178,isub]
06-07 15:46:01.968 2140 5415 I MicroServiceManager: requestResult(reportScreenDisplay) parameters is{"ScreenDisplay":1}.
06-07 15:46:01.999 1539 1539 I notification_enqueue: [10024,3222,com.tencent.android.qqdownloader,127,NULL,0,Notification(channel=channel_id_default_silent shortcut=null contentView=com.tencent.android.qqdownloader/0x7f0a01c2 vibrate=null sound=null defaults=0x0 flags=0x2a2 color=0x00000000 groupKey=com.tencent.android.qqdownloader vis=PRIVATE),1]
06-07 15:46:02.003 2140 27349 W ContextImpl: Calling a method in the system process without a qualified user: android.app.ContextImpl.sendBroadcast:1173 android.content.ContextWrapper.sendBroadcast:479 com.thundercomm.microsettings.action.SetTimeAction.timeUpdated:191 com.thundercomm.microsettings.action.SetTimeAction.update24HourFormat:173 com.thundercomm.microsettings.action.SetTimeAction.doActualAction:133
06-07 15:46:02.007 1539 1539 D DevicePolicyManager: updateSystemUpdateFreezePeriodsRecord
06-07 15:46:02.008 1539 1539 D ConditionProviders.SCP: onReceive android.intent.action.TIME_SET
06-07 15:46:02.008 1539 1539 D ConditionProviders.SCP: evaluateSubscriptionLocked cal=ScheduleCalendar[mDays={1, 2, 3, 4, 5, 6, 7}, mSchedule=ScheduleInfo{days=[1, 2, 3, 4, 5, 6, 7], startHour=22, startMinute=0, endHour=7, endMinute=0, exitAtAlarm=true, nextAlarm=Thu Jan 01 08:00:00 GMT+08:00 1970 (0)}], now=Wed Jun 07 15:46:02 GMT+08:00 2023 (1686123962008), nextUserAlarmTime=Thu Jan 01 08:00:00 GMT+08:00 1970 (0)
06-07 15:46:02.008 1539 1539 D ConditionProviders.SCP: notifyCondition condition://android/schedule?days=1.2.3.4.5.6.7&start=22.0&end=7.0&exitAtAlarm=true STATE_FALSE reason=!meetsSchedule
06-07 15:46:02.008 1539 1539 D ConditionProviders.SCP: Scheduling evaluate for Wed Jun 07 22:00:00 GMT+08:00 2023 (1686146400000), in +6h13m57s992ms, now=Wed Jun 07 15:46:02 GMT+08:00 2023 (1686123962008)
06-07 15:46:02.026 1916 1916 I sysui_multi_action: [757,207,758,1]
06-07 15:46:02.027 1916 1916 I sysui_multi_action: [757,804,799,volume_from_keyguard,801,0,802,1]
06-07 15:46:02.042 1916 1916 I sysui_multi_action: [757,207,758,1]
06-07 15:46:02.042 1916 1916 I sysui_multi_action: [757,804,799,volume_from_keyguard,801,0,802,1]
06-07 15:46:02.179 1539 1539 I GameModeConfig: isGameModeOn = false
06-07 15:46:02.197 0 0 I : [ 1481.080480] read descriptors
06-07 15:46:02.197 0 0 I : [ 1481.080606] read strings
06-07 15:46:02.212 1539 1839 I netstats_mobile_sample: [0,0,0,0,0,0,0,0,0,0,0,0,1686123962212]
06-07 15:46:02.212 1539 1839 I netstats_wifi_sample: [28417254,22879,1770014,7243,28417254,22879,1770014,7243,29183034,28127,1644753,6597,1686123962212]
06-07 15:46:02.582 0 0 I [ 1481.472683] init: processing action (sys.network.tbox=1) from (/system/etc/init/dns_ts.rc:1)
06-07 15:46:02.582 0 0 I [ 1481.472793] init: starting service 'exec 58 (/system/bin/sh /system/bin/dns_ts.sh add 192.168.1.1 vlan1)'...
06-07 15:46:02.582 0 0 I [ 1481.474799] init: SVC_EXEC service 'exec 58 (/system/bin/sh /system/bin/dns_ts.sh add 192.168.1.1 vlan1)' pid 27452 (uid 0 gid 0+0 context u:r:dns_ts_ip:s0) started; waiting...
06-07 15:46:02.602 0 0 I [ 1481.495554] init: Service 'exec 58 (/system/bin/sh /system/bin/dns_ts.sh add 192.168.1.1 vlan1)' (pid 27452) exited with status 2 waiting took 0.021000 seconds
06-07 15:46:02.602 0 0 I [ 1481.495580] init: Sending signal 9 to service 'exec 58 (/system/bin/sh /system/bin/dns_ts.sh add 192.168.1.1 vlan1)' (pid 27452) process group...
06-07 15:46:02.602 0 0 I [ 1481.495755] libprocessgroup: Successfully killed process cgroup uid 0 pid 27452 in 0ms
06-07 15:46:02.623 2711 2711 I auditd : type=1400 audit(0.0:718890): avc: denied { read } for comm="event_loop" lport=13400 scontext=u:r:hht_ota_mgr:s0 tcontext=u:r:hht_ota_mgr:s0 tclass=udp_socket permissive=0
06-07 15:46:02.623 2711 2711 I auditd : type=1400 audit(0.0:718891): avc: denied { read } for comm="event_loop" lport=13400 scontext=u:r:hht_ota_mgr:s0 tcontext=u:r:hht_ota_mgr:s0 tclass=udp_socket permissive=0
06-07 15:46:02.623 2711 2711 I auditd : type=1400 audit(0.0:718892): avc: denied { read } for comm="event_loop" lport=13400 scontext=u:r:hht_ota_mgr:s0 tcontext=u:r:hht_ota_mgr:s0 tclass=udp_socket permissive=0
06-07 15:46:02.623 2711 2711 I auditd : type=1400 audit(0.0:718893): avc: denied { read } for comm="event_loop" lport=13400 scontext=u:r:hht_ota_mgr:s0 tcontext=u:r:hht_ota_mgr:s0 tclass=udp_socket permissive=0
06-07 15:46:02.623 2711 2711 I auditd : type=1400 audit(0.0:718894): avc: denied { read } for comm="event_loop" lport=13400 scontext=u:r:hht_ota_mgr:s0 tcontext=u:r:hht_ota_mgr:s0 tclass=udp_socket permissive=0
06-07 15:46:02.631 0 0 W [ 1481.520301] audit: audit_lost=718351 audit_rate_limit=5 audit_backlog_limit=64
06-07 15:46:02.631 0 0 E [ 1481.520306] audit: rate limit exceeded
06-07 15:46:02.932 2140 2202 I MicroServiceManager: requestResult(reportScreenDisplay) parameters is{"ScreenDisplay":1}.
06-07 15:46:03.002 2140 27550 W ContextImpl: Calling a method in the system process without a qualified user: android.app.ContextImpl.sendBroadcast:1173 android.content.ContextWrapper.sendBroadcast:479 com.thundercomm.microsettings.action.SetTimeAction.timeUpdated:191 com.thundercomm.microsettings.action.SetTimeAction.update24HourFormat:173 com.thundercomm.microsettings.action.SetTimeAction.doActualAction:133
06-07 15:46:03.009 1539 1539 I notification_enqueue: [10024,3222,com.tencent.android.qqdownloader,127,NULL,0,Notification(channel=channel_id_default_silent shortcut=null contentView=com.tencent.android.qqdownloader/0x7f0a01c2 vibrate=null sound=null defaults=0x0 flags=0x2a2 color=0x00000000 groupKey=com.tencent.android.qqdownloader vis=PRIVATE),1]
06-07 15:46:03.010 1539 1539 D DevicePolicyManager: updateSystemUpdateFreezePeriodsRecord
06-07 15:46:03.010 1539 1539 D ConditionProviders.SCP: onReceive android.intent.action.TIME_SET
06-07 15:46:03.010 1539 1539 D ConditionProviders.SCP: evaluateSubscriptionLocked cal=ScheduleCalendar[mDays={1, 2, 3, 4, 5, 6, 7}, mSchedule=ScheduleInfo{days=[1, 2, 3, 4, 5, 6, 7], startHour=22, startMinute=0, endHour=7, endMinute=0, exitAtAlarm=true, nextAlarm=Thu Jan 01 08:00:00 GMT+08:00 1970 (0)}], now=Wed Jun 07 15:46:03 GMT+08:00 2023 (1686123963010), nextUserAlarmTime=Thu Jan 01 08:00:00 GMT+08:00 1970 (0)
06-07 15:46:03.010 1539 1539 D ConditionProviders.SCP: notifyCondition condition://android/schedule?days=1.2.3.4.5.6.7&start=22.0&end=7.0&exitAtAlarm=true STATE_FALSE reason=!meetsSchedule
06-07 15:46:03.011 1539 1539 D ConditionProviders.SCP: Scheduling evaluate for Wed Jun 07 22:00:00 GMT+08:00 2023 (1686146400000), in +6h13m56s990ms, now=Wed Jun 07 15:46:03 GMT+08:00 2023 (1686123963010)
06-07 15:46:03.023 1916 1916 I sysui_multi_action: [757,207,758,1]
06-07 15:46:03.023 1916 1916 I sysui_multi_action: [757,804,799,volume_from_keyguard,801,0,802,1]
06-07 15:46:03.031 1916 1916 I sysui_multi_action: [757,207,758,1]
06-07 15:46:03.031 1916 1916 I sysui_multi_action: [757,804,799,volume_from_keyguard,801,0,802,1]
06-07 15:46:03.054 0 0 I [ 1481.923689] init: processing action (sys.network.wifi=0) from (/system/etc/init/dns_ts.rc:7)
06-07 15:46:03.055 0 0 I [ 1481.923725] init: starting service 'exec 59 (/system/bin/sh /system/bin/dns_ts.sh del 192.168.4.4 vlan4)'...
06-07 15:46:03.055 0 0 I [ 1481.925017] init: SVC_EXEC service 'exec 59 (/system/bin/sh /system/bin/dns_ts.sh del 192.168.4.4 vlan4)' pid 27560 (uid 0 gid 0+0 context u:r:dns_ts_ip:s0) started; waiting...
06-07 15:46:03.076 0 0 I [ 1481.946679] init: Service 'exec 59 (/system/bin/sh /system/bin/dns_ts.sh del 192.168.4.4 vlan4)' (pid 27560) exited with status 2 waiting took 0.021000 seconds
06-07 15:46:03.210 1539 1539 I GameModeConfig: isGameModeOn = false
06-07 15:46:03.234 0 0 I : [ 1482.105406] read descriptors
06-07 15:46:03.234 0 0 I : [ 1482.105484] read strings
06-07 15:46:03.407 1539 1591 W ActivityManager: Background start not allowed: service Intent { act=android.net.conn.CONNECTIVITY_CHANGE cmp=com.ss.android.ugc.aweme/com.ss.android.socialbase.downloader.notification.DownloadNotificationService } to com.ss.android.ugc.aweme/com.ss.android.socialbase.downloader.notification.DownloadNotificationService from pid=12227 uid=10095 pkg=com.ss.android.ugc.aweme startFg?=false
06-07 15:46:03.647 2711 2711 I auditd : type=1400 audit(0.0:760647): avc: denied { read } for comm="event_loop" lport=13400 scontext=u:r:hht_ota_mgr:s0 tcontext=u:r:hht_ota_mgr:s0 tclass=udp_socket permissive=0
06-07 15:46:03.651 2711 2711 I auditd : type=1400 audit(0.0:760648): avc: denied { read } for comm="event_loop" lport=13400 scontext=u:r:hht_ota_mgr:s0 tcontext=u:r:hht_ota_mgr:s0 tclass=udp_socket permissive=0
06-07 15:46:03.651 2711 2711 I auditd : type=1400 audit(0.0:760649): avc: denied { read } for comm="event_loop" lport=13400 scontext=u:r:hht_ota_mgr:s0 tcontext=u:r:hht_ota_mgr:s0 tclass=udp_socket permissive=0
06-07 15:46:03.651 2711 2711 I auditd : type=1400 audit(0.0:760650): avc: denied { read } for comm="event_loop" lport=13400 scontext=u:r:hht_ota_mgr:s0 tcontext=u:r:hht_ota_mgr:s0 tclass=udp_socket permissive=0
06-07 15:46:03.651 2711 2711 I auditd : type=1400 audit(0.0:760651): avc: denied { read } for comm="event_loop" lport=13400 scontext=u:r:hht_ota_mgr:s0 tcontext=u:r:hht_ota_mgr:s0 tclass=udp_socket permissive=0
06-07 15:46:03.656 0 0 W [ 1482.524234] audit: audit_lost=760103 audit_rate_limit=5 audit_backlog_limit=64
06-07 15:46:03.656 0 0 E [ 1482.524241] audit: rate limit exceeded
06-07 15:46:03.797 1539 2105 W ActivityManager: Background start not allowed: service Intent { act=android.net.conn.CONNECTIVITY_CHANGE cmp=com.ss.android.ugc.aweme/com.ss.android.socialbase.downloader.notification.DownloadNotificationService } to com.ss.android.ugc.aweme/com.ss.android.socialbase.downloader.notification.DownloadNotificationService from pid=12227 uid=10095 pkg=com.ss.android.ugc.aweme startFg?=false
06-07 15:46:03.897 1539 27313 W ActivityManager: Background start not allowed: service Intent { act=android.net.conn.CONNECTIVITY_CHANGE cmp=com.ss.android.ugc.aweme/com.ss.android.socialbase.downloader.notification.DownloadNotificationService } to com.ss.android.ugc.aweme/com.ss.android.socialbase.downloader.notification.DownloadNotificationService from pid=12227 uid=10095 pkg=com.ss.android.ugc.aweme startFg?=false
06-07 15:46:03.898 1539 27313 W ActivityManager: Background start not allowed: service Intent { act=android.net.conn.CONNECTIVITY_CHANGE cmp=com.ss.android.ugc.aweme/com.ss.android.socialbase.downloader.notification.DownloadNotificationService } to com.ss.android.ugc.aweme/com.ss.android.socialbase.downloader.notification.DownloadNotificationService from pid=12227 uid=10095 pkg=com.ss.android.ugc.aweme startFg?=false
06-07 15:46:03.968 2140 5415 I MicroServiceManager: requestResult(reportScreenDisplay) parameters is{"ScreenDisplay":1}.
06-07 15:46:05.000 1539 1802 E LazyAlarmStore: Removed TIME_TICK alarm
06-07 15:46:05.001 1539 1675 I am_wtf : [0,1539,system_server,-1,LazyAlarmStore,Removed TIME_TICK alarm]
06-07 15:46:05.002 1539 1675 I DropBoxManagerService: add tag=system_server_wtf isTagEnabled=true flags=0x2
06-07 15:46:05.002 2140 27653 W ContextImpl: Calling a method in the system process without a qualified user: android.app.ContextImpl.sendBroadcast:1173 android.content.ContextWrapper.sendBroadcast:479 com.thundercomm.microsettings.action.SetTimeAction.timeUpdated:191 com.thundercomm.microsettings.action.SetTimeAction.update24HourFormat:173 com.thundercomm.microsettings.action.SetTimeAction.doActualAction:133
06-07 15:46:05.013 1539 1539 D DevicePolicyManager: updateSystemUpdateFreezePeriodsRecord
06-07 15:46:05.013 1539 1539 D ConditionProviders.SCP: onReceive android.intent.action.TIME_SET
06-07 15:46:05.013 1539 1539 D ConditionProviders.SCP: evaluateSubscriptionLocked cal=ScheduleCalendar[mDays={1, 2, 3, 4, 5, 6, 7}, mSchedule=ScheduleInfo{days=[1, 2, 3, 4, 5, 6, 7], startHour=22, startMinute=0, endHour=7, endMinute=0, exitAtAlarm=true, nextAlarm=Thu Jan 01 08:00:00 GMT+08:00 1970 (0)}], now=Wed Jun 07 15:46:05 GMT+08:00 2023 (1686123965013), nextUserAlarmTime=Thu Jan 01 08:00:00 GMT+08:00 1970 (0)
06-07 15:46:05.013 1539 1539 D ConditionProviders.SCP: notifyCondition condition://android/schedule?days=1.2.3.4.5.6.7&start=22.0&end=7.0&exitAtAlarm=true STATE_FALSE reason=!meetsSchedule
06-07 15:46:05.014 1539 1539 D ConditionProviders.SCP: Scheduling evaluate for Wed Jun 07 22:00:00 GMT+08:00 2023 (1686146400000), in +6h13m54s987ms, now=Wed Jun 07 15:46:05 GMT+08:00 2023 (1686123965013)
06-07 15:46:05.014 1539 1539 D DevicePolicyManager: updateSystemUpdateFreezePeriodsRecord
06-07 15:46:05.014 1539 1539 D ConditionProviders.SCP: onReceive android.intent.action.TIME_SET
06-07 15:46:05.014 1539 1539 D ConditionProviders.SCP: evaluateSubscriptionLocked cal=ScheduleCalendar[mDays={1, 2, 3, 4, 5, 6, 7}, mSchedule=ScheduleInfo{days=[1, 2, 3, 4, 5, 6, 7], startHour=22, startMinute=0, endHour=7, endMinute=0, exitAtAlarm=true, nextAlarm=Thu Jan 01 08:00:00 GMT+08:00 1970 (0)}], now=Wed Jun 07 15:46:05 GMT+08:00 2023 (1686123965014), nextUserAlarmTime=Thu Jan 01 08:00:00 GMT+08:00 1970 (0)
06-07 15:46:05.014 1539 1539 D ConditionProviders.SCP: notifyCondition condition://android/schedule?days=1.2.3.4.5.6.7&start=22.0&end=7.0&exitAtAlarm=true STATE_FALSE reason=!meetsSchedule
06-07 15:46:05.014 1539 1539 D ConditionProviders.SCP: Scheduling evaluate for Wed Jun 07 22:00:00 GMT+08:00 2023 (1686146400000), in +6h13m54s986ms, now=Wed Jun 07 15:46:05 GMT+08:00 2023 (1686123965014)
06-07 15:46:05.017 1539 1539 I notification_enqueue: [10024,3222,com.tencent.android.qqdownloader,127,NULL,0,Notification(channel=channel_id_default_silent shortcut=null contentView=com.tencent.android.qqdownloader/0x7f0a01c2 vibrate=null sound=null defaults=0x0 flags=0x2a2 color=0x00000000 groupKey=com.tencent.android.qqdownloader vis=PRIVATE),1]
06-07 15:46:05.017 1539 1898 I sync : [com.tencent.android.qqdownloader.YYBLiveAccountProvider,0,3,24220937]
06-07 15:46:05.030 1916 1916 I sysui_multi_action: [757,207,758,1]
06-07 15:46:05.030 1916 1916 I sysui_multi_action: [757,804,799,volume_from_keyguard,801,0,802,1]
06-07 15:46:05.040 1916 1916 I sysui_multi_action: [757,207,758,1]
06-07 15:46:05.040 1916 1916 I sysui_multi_action: [757,804,799,volume_from_keyguard,801,0,802,1]
06-07 15:46:05.041 1539 1898 I sync : [com.tencent.android.qqdownloader.YYBLiveAccountProvider,1,3,24220937]
06-07 15:46:05.044 1539 1898 I commit_sys_config_file: [sync-status,1467497]
06-07 15:46:05.050 1539 1898 I sync : [com.tencent.android.qqdownloader.YYBLiveAccountProvider,0,3,24220937]
06-07 15:46:05.082 1539 1898 I sync : [com.tencent.android.qqdownloader.YYBLiveAccountProvider,1,3,24220937]
06-07 15:46:05.085 1539 1898 I commit_sys_config_file: [sync-status,1467538]
06-07 15:46:05.218 1539 1539 I GameModeConfig: isGameModeOn = false
06-07 15:46:05.274 0 0 I : [ 1483.143575] read descriptors
06-07 15:46:05.274 0 0 I : [ 1483.143657] read strings
06-07 15:46:05.651 2711 2711 I auditd : type=1400 audit(0.0:802610): avc: denied { read } for comm="event_loop" lport=13400 scontext=u:r:hht_ota_mgr:s0 tcontext=u:r:hht_ota_mgr:s0 tclass=udp_socket permissive=0
06-07 15:46:05.655 2711 2711 I auditd : type=1400 audit(0.0:802611): avc: denied { read } for comm="event_loop" lport=13400 scontext=u:r:hht_ota_mgr:s0 tcontext=u:r:hht_ota_mgr:s0 tclass=udp_socket permissive=0
06-07 15:46:05.655 2711 2711 I auditd : type=1400 audit(0.0:802612): avc: denied { read } for comm="event_loop" lport=13400 scontext=u:r:hht_ota_mgr:s0 tcontext=u:r:hht_ota_mgr:s0 tclass=udp_socket permissive=0
06-07 15:46:05.655 2711 2711 I auditd : type=1400 audit(0.0:802613): avc: denied { read } for comm="event_loop" lport=13400 scontext=u:r:hht_ota_mgr:s0 tcontext=u:r:hht_ota_mgr:s0 tclass=udp_socket permissive=0
06-07 15:46:05.655 2711 2711 I auditd : type=1400 audit(0.0:802614): avc: denied { read } for comm="event_loop" lport=13400 scontext=u:r:hht_ota_mgr:s0 tcontext=u:r:hht_ota_mgr:s0 tclass=udp_socket permissive=0
06-07 15:46:05.666 0 0 W [ 1483.528247] audit: audit_lost=802061 audit_rate_limit=5 audit_backlog_limit=64
06-07 15:46:05.666 0 0 E [ 1483.528254] audit: rate limit exceeded
06-07 15:46:06.306 0 0 I : [ 1484.173057] read descriptors
06-07 15:46:06.306 0 0 I : [ 1484.173144] read strings
06-07 15:46:06.659 2711 2711 I auditd : type=1400 audit(0.0:844786): avc: denied { read } for comm="event_loop" lport=13400 scontext=u:r:hht_ota_mgr:s0 tcontext=u:r:hht_ota_mgr:s0 tclass=udp_socket permissive=0
06-07 15:46:06.659 2711 2711 I auditd : type=1400 audit(0.0:844787): avc: denied { read } for comm="event_loop" lport=13400 scontext=u:r:hht_ota_mgr:s0 tcontext=u:r:hht_ota_mgr:s0 tclass=udp_socket permissive=0
06-07 15:46:06.659 2711 2711 I auditd : type=1400 audit(0.0:844788): avc: denied { read } for comm="event_loop" lport=13400 scontext=u:r:hht_ota_mgr:s0 tcontext=u:r:hht_ota_mgr:s0 tclass=udp_socket permissive=0
06-07 15:46:06.659 2711 2711 I auditd : type=1400 audit(0.0:844789): avc: denied { read } for comm="event_loop" lport=13400 scontext=u:r:hht_ota_mgr:s0 tcontext=u:r:hht_ota_mgr:s0 tclass=udp_socket permissive=0
06-07 15:46:06.659 2711 2711 I auditd : type=1400 audit(0.0:844790): avc: denied { read } for comm="event_loop" lport=13400 scontext=u:r:hht_ota_mgr:s0 tcontext=u:r:hht_ota_mgr:s0 tclass=udp_socket permissive=0
06-07 15:46:06.666 0 0 W [ 1484.532242] audit: audit_lost=844232 audit_rate_limit=5 audit_backlog_limit=64
06-07 15:46:06.666 0 0 E [ 1484.532250] audit: rate limit exceeded
06-07 15:46:07.047 1539 1657 I commit_sys_config_file: [jobs,4]
06-07 15:46:07.334 0 0 I : [ 1485.200410] read descriptors
06-07 15:46:07.334 0 0 I : [ 1485.200492] read strings
06-07 15:46:07.472 1539 2029 I ntp_failure: [time.android.com/2001:4860:4806::,java.net.SocketTimeoutException: Poll timed out]
06-07 15:46:07.663 2711 2711 I auditd : type=1400 audit(0.0:886909): avc: denied { read } for comm="event_loop" lport=13400 scontext=u:r:hht_ota_mgr:s0 tcontext=u:r:hht_ota_mgr:s0 tclass=udp_socket permissive=0
06-07 15:46:07.663 2711 2711 I auditd : type=1400 audit(0.0:886910): avc: denied { read } for comm="event_loop" lport=13400 scontext=u:r:hht_ota_mgr:s0 tcontext=u:r:hht_ota_mgr:s0 tclass=udp_socket permissive=0
06-07 15:46:07.667 0 0 W [ 1485.536250] audit: audit_lost=886350 audit_rate_limit=5 audit_backlog_limit=64
06-07 15:46:07.668 0 0 E [ 1485.536255] audit: rate limit exceeded
06-07 15:46:07.663 2711 2711 I auditd : type=1400 audit(0.0:886911): avc: denied { read } for comm="event_loop" lport=13400 scontext=u:r:hht_ota_mgr:s0 tcontext=u:r:hht_ota_mgr:s0 tclass=udp_socket permissive=0
06-07 15:46:07.663 2711 2711 I auditd : type=1400 audit(0.0:886912): avc: denied { read } for comm="event_loop" lport=13400 scontext=u:r:hht_ota_mgr:s0 tcontext=u:r:hht_ota_mgr:s0 tclass=udp_socket permissive=0
06-07 15:46:07.663 2711 2711 I auditd : type=1400 audit(0.0:886913): avc: denied { read } for comm="event_loop" lport=13400 scontext=u:r:hht_ota_mgr:s0 tcontext=u:r:hht_ota_mgr:s0 tclass=udp_socket permissive=0
06-07 15:46:08.040 1916 1916 I sysui_multi_action: [757,207,758,2]
06-07 15:46:08.042 1916 2574 I sysui_multi_action: [757,210,758,4,759,-1]
06-07 15:46:08.354 0 0 I : [ 1486.220418] read descriptors
06-07 15:46:08.354 0 0 I : [ 1486.220502] read strings
06-07 15:46:08.663 2711 2711 I auditd : type=1400 audit(0.0:928953): avc: denied { read } for comm="event_loop" lport=13400 scontext=u:r:hht_ota_mgr:s0 tcontext=u:r:hht_ota_mgr:s0 tclass=udp_socket permissive=0
06-07 15:46:08.667 2711 2711 I auditd : type=1400 audit(0.0:928954): avc: denied { read } for comm="event_loop" lport=13400 scontext=u:r:hht_ota_mgr:s0 tcontext=u:r:hht_ota_mgr:s0 tclass=udp_socket permissive=0
06-07 15:46:08.667 2711 2711 I auditd : type=1400 audit(0.0:928955): avc: denied { read } for comm="event_loop" lport=13400 scontext=u:r:hht_ota_mgr:s0 tcontext=u:r:hht_ota_mgr:s0 tclass=udp_socket permissive=0
06-07 15:46:08.667 2711 2711 I auditd : type=1400 audit(0.0:928956): avc: denied { read } for comm="event_loop" lport=13400 scontext=u:r:hht_ota_mgr:s0 tcontext=u:r:hht_ota_mgr:s0 tclass=udp_socket permissive=0
06-07 15:46:08.667 2711 2711 I auditd : type=1400 audit(0.0:928957): avc: denied { read } for comm="event_loop" lport=13400 scontext=u:r:hht_ota_mgr:s0 tcontext=u:r:hht_ota_mgr:s0 tclass=udp_socket permissive=0
06-07 15:46:08.674 0 0 W [ 1486.540231] audit: audit_lost=928389 audit_rate_limit=5 audit_backlog_limit=64
06-07 15:46:08.674 0 0 E [ 1486.540238] audit: rate limit exceeded
06-07 15:46:09.399 0 0 I : [ 1487.264580] read descriptors
06-07 15:46:09.399 0 0 I : [ 1487.264669] read strings
06-07 15:46:09.667 2711 2711 I auditd : type=1400 audit(0.0:971248): avc: denied { read } for comm="event_loop" lport=13400 scontext=u:r:hht_ota_mgr:s0 tcontext=u:r:hht_ota_mgr:s0 tclass=udp_socket permissive=0
06-07 15:46:09.671 2711 2711 I auditd : type=1400 audit(0.0:971249): avc: denied { read } for comm="event_loop" lport=13400 scontext=u:r:hht_ota_mgr:s0 tcontext=u:r:hht_ota_mgr:s0 tclass=udp_socket permissive=0
06-07 15:46:09.671 2711 2711 I auditd : type=1400 audit(0.0:971250): avc: denied { read } for comm="event_loop" lport=13400 scontext=u:r:hht_ota_mgr:s0 tcontext=u:r:hht_ota_mgr:s0 tclass=udp_socket permissive=0
06-07 15:46:09.671 2711 2711 I auditd : type=1400 audit(0.0:971251): avc: denied { read } for comm="event_loop" lport=13400 scontext=u:r:hht_ota_mgr:s0 tcontext=u:r:hht_ota_mgr:s0 tclass=udp_socket permissive=0
06-07 15:46:09.671 2711 2711 I auditd : type=1400 audit(0.0:971252): avc: denied { read } for comm="event_loop" lport=13400 scontext=u:r:hht_ota_mgr:s0 tcontext=u:r:hht_ota_mgr:s0 tclass=udp_socket permissive=0
06-07 15:46:09.675 0 0 W [ 1487.544240] audit: audit_lost=970679 audit_rate_limit=5 audit_backlog_limit=64
06-07 15:46:09.675 0 0 E [ 1487.544248] audit: rate limit exceeded
06-07 15:46:10.040 1539 1839 I netstats_mobile_sample: [0,0,0,0,0,0,0,0,0,0,0,0,1686123970040]
06-07 15:46:10.040 1539 1839 I netstats_wifi_sample: [28430726,22930,1785825,7295,28430726,22930,1785825,7295,29269423,28391,1652871,6625,1686123970040]
06-07 15:46:10.051 1539 1839 W ContextImpl: Calling a method in the system process without a qualified user: android.app.ContextImpl.sendStickyBroadcast:1559 com.android.server.ConnectivityService.sendStickyBroadcast:2811 com.android.server.ConnectivityService.sendLegacyNetworkBroadcast:8732 com.android.server.ConnectivityService$LegacyTypeTracker.remove:1007 com.android.server.ConnectivityService$LegacyTypeTracker.remove:1024
06-07 15:46:10.062 1539 1675 W BroadcastQueue: Target SDK mismatch: receiver ActivityInfo{d41d336 org.qiyi.android.commonphonepad.pushmessage.QYPushMsgBootReceiver} targets 33 but delivery restricted to [0, 23] broadcasting Intent { act=android.net.conn.CONNECTIVITY_CHANGE flg=0x4200010 (has extras) } from android (pid=1539, uid=1000) to com.qiyi.video/org.qiyi.android.commonphonepad.pushmessage.QYPushMsgBootReceiver
06-07 15:46:10.065 1539 1675 W BroadcastQueue: Target SDK mismatch: receiver ActivityInfo{5259237 com.xiaomi.push.service.receivers.NetworkStatusReceiver} targets 28 but delivery restricted to [0, 23] broadcasting Intent { act=android.net.conn.CONNECTIVITY_CHANGE flg=0x4200010 (has extras) } from android (pid=1539, uid=1000) to com.kugou.android/com.xiaomi.push.service.receivers.NetworkStatusReceiver
06-07 15:46:10.065 1539 1675 W BroadcastQueue: Target SDK mismatch: receiver ActivityInfo{11633a4 com.xiaomi.push.service.receivers.NetworkStatusReceiver} targets 33 but delivery restricted to [0, 23] broadcasting Intent { act=android.net.conn.CONNECTIVITY_CHANGE flg=0x4200010 (has extras) } from android (pid=1539, uid=1000) to com.qiyi.video/com.xiaomi.push.service.receivers.NetworkStatusReceiver
06-07 15:46:10.065 1539 1675 W BroadcastQueue: Target SDK mismatch: receiver ActivityInfo{f08250d com.xiaomi.push.service.receivers.NetworkStatusReceiver} targets 29 but delivery restricted to [0, 23] broadcasting Intent { act=android.net.conn.CONNECTIVITY_CHANGE flg=0x4200010 (has extras) } from android (pid=1539, uid=1000) to com.tencent.qqmusic/com.xiaomi.push.service.receivers.NetworkStatusReceiver
06-07 15:46:10.065 1539 1675 W BroadcastQueue: Target SDK mismatch: receiver ActivityInfo{6cfecc2 com.tencent.pandora.libtcloudupload.videoupload.impl.TVCNetWorkStateReceiver} targets 29 but delivery restricted to [0, 23] broadcasting Intent { act=android.net.conn.CONNECTIVITY_CHANGE flg=0x4200010 (has extras) } from android (pid=1539, uid=1000) to com.tencent.tmgp.sgame/com.tencent.pandora.libtcloudupload.videoupload.impl.TVCNetWorkStateReceiver
06-07 15:46:10.065 1539 1675 W BroadcastQueue: Target SDK mismatch: receiver ActivityInfo{b71ad3 org.qiyi.android.video.ui.phone.traffic.receiver.TrafficReceiver} targets 33 but delivery restricted to [0, 23] broadcasting Intent { act=android.net.conn.CONNECTIVITY_CHANGE flg=0x4200010 (has extras) } from android (pid=1539, uid=1000) to com.qiyi.video/org.qiyi.android.video.ui.phone.traffic.receiver.TrafficReceiver
06-07 15:46:10.065 1539 1675 W BroadcastQueue: Target SDK mismatch: receiver ActivityInfo{a54e610 com.iqiyi.hcim.service.BroadcastCenter} targets 33 but delivery restricted to [0, 23] broadcasting Intent { act=android.net.conn.CONNECTIVITY_CHANGE flg=0x4200010 (has extras) } from android (pid=1539, uid=1000) to com.qiyi.video/com.iqiyi.hcim.service.BroadcastCenter
06-07 15:46:10.065 1539 1675 W BroadcastQueue: Target SDK mismatch: receiver ActivityInfo{49f0509 com.tencent.msdk.dns.HttpDnsCache$ConnectivityChangeReceiver} targets 29 but delivery restricted to [0, 23] broadcasting Intent { act=android.net.conn.CONNECTIVITY_CHANGE flg=0x4200010 (has extras) } from android (pid=1539, uid=1000) to com.tencent.tmgp.sgame/com.tencent.msdk.dns.HttpDnsCache$ConnectivityChangeReceiver
06-07 15:46:10.065 1539 1675 W BroadcastQueue: Target SDK mismatch: receiver ActivityInfo{934130e com.tencent.special.httpdns.Cache$ConnectReceiver} targets 29 but delivery restricted to [0, 23] broadcasting Intent { act=android.net.conn.CONNECTIVITY_CHANGE flg=0x4200010 (has extras) } from android (pid=1539, uid=1000) to com.tencent.tmgp.sgame/com.tencent.special.httpdns.Cache$ConnectReceiver
06-07 15:46:10.069 2250 27885 I service_manager_slow: [16,connmetrics]
06-07 15:46:10.071 681 746 E NetlinkEvent: NetlinkEvent::FindParam(): Parameter 'INTERFACE' not found
06-07 15:46:10.071 681 746 E NetlinkEvent: NetlinkEvent::FindParam(): Parameter 'STATE' not found
06-07 15:46:10.071 681 746 E NetlinkEvent: NetlinkEvent::FindParam(): Parameter 'TIME_NS' not found
06-07 15:46:10.071 681 746 E NetlinkEvent: NetlinkEvent::FindParam(): Parameter 'UID' not found
06-07 15:46:10.095 1539 1839 I service_manager_slow: [10,alarm]
06-07 15:46:10.096 1539 1839 I netstats_mobile_sample: [0,0,0,0,0,0,0,0,0,0,0,0,1686123970096]
06-07 15:46:10.096 1539 1839 I netstats_wifi_sample: [28430726,22930,1786173,7301,28430726,22930,1786173,7301,29269423,28391,1653099,6628,1686123970096]
06-07 15:46:10.103 1539 1839 W ContextImpl: Calling a method in the system process without a qualified user: android.app.ContextImpl.sendStickyBroadcast:1559 com.android.server.ConnectivityService.sendStickyBroadcast:2811 com.android.server.ConnectivityService.sendGeneralBroadcast:2786 com.android.server.ConnectivityService.sendConnectedBroadcast:2759 com.android.server.ConnectivityService.sendLegacyNetworkBroadcast:8704
06-07 15:46:10.107 1539 1675 W BroadcastQueue: Target SDK mismatch: receiver ActivityInfo{e8375e6 org.qiyi.android.commonphonepad.pushmessage.QYPushMsgBootReceiver} targets 33 but delivery restricted to [0, 23] broadcasting Intent { act=android.net.conn.CONNECTIVITY_CHANGE flg=0x4200010 (has extras) } from android (pid=1539, uid=1000) to com.qiyi.video/org.qiyi.android.commonphonepad.pushmessage.QYPushMsgBootReceiver
06-07 15:46:10.107 1539 1675 W BroadcastQueue: Target SDK mismatch: receiver ActivityInfo{1c97727 com.xiaomi.push.service.receivers.NetworkStatusReceiver} targets 28 but delivery restricted to [0, 23] broadcasting Intent { act=android.net.conn.CONNECTIVITY_CHANGE flg=0x4200010 (has extras) } from android (pid=1539, uid=1000) to com.kugou.android/com.xiaomi.push.service.receivers.NetworkStatusReceiver
06-07 15:46:10.107 1539 1675 W BroadcastQueue: Target SDK mismatch: receiver ActivityInfo{43fcdd4 com.xiaomi.push.service.receivers.NetworkStatusReceiver} targets 33 but delivery restricted to [0, 23] broadcasting Intent { act=android.net.conn.CONNECTIVITY_CHANGE flg=0x4200010 (has extras) } from android (pid=1539, uid=1000) to com.qiyi.video/com.xiaomi.push.service.receivers.NetworkStatusReceiver
06-07 15:46:10.107 1539 1675 W BroadcastQueue: Target SDK mismatch: receiver ActivityInfo{5d96b7d com.xiaomi.push.service.receivers.NetworkStatusReceiver} targets 29 but delivery restricted to [0, 23] broadcasting Intent { act=android.net.conn.CONNECTIVITY_CHANGE flg=0x4200010 (has extras) } from android (pid=1539, uid=1000) to com.tencent.qqmusic/com.xiaomi.push.service.receivers.NetworkStatusReceiver
06-07 15:46:10.107 1539 1675 W BroadcastQueue: Target SDK mismatch: receiver ActivityInfo{c010a72 com.tencent.pandora.libtcloudupload.videoupload.impl.TVCNetWorkStateReceiver} targets 29 but delivery restricted to [0, 23] broadcasting Intent { act=android.net.conn.CONNECTIVITY_CHANGE flg=0x4200010 (has extras) } from android (pid=1539, uid=1000) to com.tencent.tmgp.sgame/com.tencent.pandora.libtcloudupload.videoupload.impl.TVCNetWorkStateReceiver
06-07 15:46:10.107 1539 1675 W BroadcastQueue: Target SDK mismatch: receiver ActivityInfo{3cc5ec3 org.qiyi.android.video.ui.phone.traffic.receiver.TrafficReceiver} targets 33 but delivery restricted to [0, 23] broadcasting Intent { act=android.net.conn.CONNECTIVITY_CHANGE flg=0x4200010 (has extras) } from android (pid=1539, uid=1000) to com.qiyi.video/org.qiyi.android.video.ui.phone.traffic.receiver.TrafficReceiver
06-07 15:46:10.107 1539 1675 W BroadcastQueue: Target SDK mismatch: receiver ActivityInfo{b5f340 com.iqiyi.hcim.service.BroadcastCenter} targets 33 but delivery restricted to [0, 23] broadcasting Intent { act=android.net.conn.CONNECTIVITY_CHANGE flg=0x4200010 (has extras) } from android (pid=1539, uid=1000) to com.qiyi.video/com.iqiyi.hcim.service.BroadcastCenter
06-07 15:46:10.107 1539 1675 W BroadcastQueue: Target SDK mismatch: receiver ActivityInfo{1164279 com.tencent.msdk.dns.HttpDnsCache$ConnectivityChangeReceiver} targets 29 but delivery restricted to [0, 23] broadcasting Intent { act=android.net.conn.CONNECTIVITY_CHANGE flg=0x4200010 (has extras) } from android (pid=1539, uid=1000) to com.tencent.tmgp.sgame/com.tencent.msdk.dns.HttpDnsCache$ConnectivityChangeReceiver
06-07 15:46:10.107 1539 1675 W BroadcastQueue: Target SDK mismatch: receiver ActivityInfo{1515bbe com.tencent.special.httpdns.Cache$ConnectReceiver} targets 29 but delivery restricted to [0, 23] broadcasting Intent { act=android.net.conn.CONNECTIVITY_CHANGE flg=0x4200010 (has extras) } from android (pid=1539, uid=1000) to com.tencent.tmgp.sgame/com.tencent.special.httpdns.Cache$ConnectReceiver
06-07 15:46:10.123 1539 1830 I service_manager_slow: [10,alarm]
06-07 15:46:10.211 12227 12227 I service_manager_slow: [56,isub]
06-07 15:46:10.268 1539 1839 I netstats_mobile_sample: [0,0,0,0,0,0,0,0,0,0,0,0,1686123970267]
06-07 15:46:10.268 1539 1839 I netstats_wifi_sample: [28430970,22932,1787007,7312,28430970,22932,1787007,7312,29269667,28393,1653853,6637,1686123970267]
06-07 15:46:10.288 1539 1839 I netstats_mobile_sample: [0,0,0,0,0,0,0,0,0,0,0,0,1686123970288]
06-07 15:46:10.289 1539 1839 I netstats_wifi_sample: [28431117,22933,1787007,7312,28431117,22933,1787007,7312,29269667,28393,1653853,6637,1686123970288]
06-07 15:46:10.295 1539 1839 W ContextImpl: Calling a method in the system process without a qualified user: android.app.ContextImpl.sendStickyBroadcast:1559 com.android.server.ConnectivityService.sendStickyBroadcast:2811 com.android.server.ConnectivityService.sendLegacyNetworkBroadcast:8732 com.android.server.ConnectivityService$LegacyTypeTracker.remove:1007 com.android.server.ConnectivityService.updateLegacyTypeTrackerAndVpnLockdownForRematch:8287
06-07 15:46:10.296 1539 1839 W ContextImpl: Calling a method in the system process without a qualified user: android.app.ContextImpl.sendStickyBroadcast:1559 com.android.server.ConnectivityService.sendStickyBroadcast:2811 com.android.server.ConnectivityService.sendGeneralBroadcast:2786 com.android.server.ConnectivityService.sendConnectedBroadcast:2759 com.android.server.ConnectivityService.sendLegacyNetworkBroadcast:8704
06-07 15:46:10.304 1539 1675 W BroadcastQueue: Target SDK mismatch: receiver ActivityInfo{c8b2496 org.qiyi.android.commonphonepad.pushmessage.QYPushMsgBootReceiver} targets 33 but delivery restricted to [0, 23] broadcasting Intent { act=android.net.conn.CONNECTIVITY_CHANGE flg=0x4200010 (has extras) } from android (pid=1539, uid=1000) to com.qiyi.video/org.qiyi.android.commonphonepad.pushmessage.QYPushMsgBootReceiver
06-07 15:46:10.304 1539 1675 W BroadcastQueue: Target SDK mismatch: receiver ActivityInfo{e687817 com.xiaomi.push.service.receivers.NetworkStatusReceiver} targets 28 but delivery restricted to [0, 23] broadcasting Intent { act=android.net.conn.CONNECTIVITY_CHANGE flg=0x4200010 (has extras) } from android (pid=1539, uid=1000) to com.kugou.android/com.xiaomi.push.service.receivers.NetworkStatusReceiver
06-07 15:46:10.304 1539 1675 W BroadcastQueue: Target SDK mismatch: receiver ActivityInfo{fdc5404 com.xiaomi.push.service.receivers.NetworkStatusReceiver} targets 33 but delivery restricted to [0, 23] broadcasting Intent { act=android.net.conn.CONNECTIVITY_CHANGE flg=0x4200010 (has extras) } from android (pid=1539, uid=1000) to com.qiyi.video/com.xiaomi.push.service.receivers.NetworkStatusReceiver
06-07 15:46:10.304 1539 1675 W BroadcastQueue: Target SDK mismatch: receiver ActivityInfo{1812ded com.xiaomi.push.service.receivers.NetworkStatusReceiver} targets 29 but delivery restricted to [0, 23] broadcasting Intent { act=android.net.conn.CONNECTIVITY_CHANGE flg=0x4200010 (has extras) } from android (pid=1539, uid=1000) to com.tencent.qqmusic/com.xiaomi.push.service.receivers.NetworkStatusReceiver
06-07 15:46:10.304 1539 1675 W BroadcastQueue: Target SDK mismatch: receiver ActivityInfo{24cf422 com.tencent.pandora.libtcloudupload.videoupload.impl.TVCNetWorkStateReceiver} targets 29 but delivery restricted to [0, 23] broadcasting Intent { act=android.net.conn.CONNECTIVITY_CHANGE flg=0x4200010 (has extras) } from android (pid=1539, uid=1000) to com.tencent.tmgp.sgame/com.tencent.pandora.libtcloudupload.videoupload.impl.TVCNetWorkStateReceiver
06-07 15:46:10.304 1539 1675 W BroadcastQueue: Target SDK mismatch: receiver ActivityInfo{1727eb3 org.qiyi.android.video.ui.phone.traffic.receiver.TrafficReceiver} targets 33 but delivery restricted to [0, 23] broadcasting Intent { act=android.net.conn.CONNECTIVITY_CHANGE flg=0x4200010 (has extras) } from android (pid=1539, uid=1000) to com.qiyi.video/org.qiyi.android.video.ui.phone.traffic.receiver.TrafficReceiver
06-07 15:46:10.304 1539 1675 W BroadcastQueue: Target SDK mismatch: receiver ActivityInfo{1ccac70 com.iqiyi.hcim.service.BroadcastCenter} targets 33 but delivery restricted to [0, 23] broadcasting Intent { act=android.net.conn.CONNECTIVITY_CHANGE flg=0x4200010 (has extras) } from android (pid=1539, uid=1000) to com.qiyi.video/com.iqiyi.hcim.service.BroadcastCenter
06-07 15:46:10.304 1539 1675 W BroadcastQueue: Target SDK mismatch: receiver ActivityInfo{f4fbbe9 com.tencent.msdk.dns.HttpDnsCache$ConnectivityChangeReceiver} targets 29 but delivery restricted to [0, 23] broadcasting Intent { act=android.net.conn.CONNECTIVITY_CHANGE flg=0x4200010 (has extras) } from android (pid=1539, uid=1000) to com.tencent.tmgp.sgame/com.tencent.msdk.dns.HttpDnsCache$ConnectivityChangeReceiver
06-07 15:46:10.318 1539 1675 W BroadcastQueue: Target SDK mismatch: receiver ActivityInfo{f6a306e com.tencent.special.httpdns.Cache$ConnectReceiver} targets 29 but delivery restricted to [0, 23] broadcasting Intent { act=android.net.conn.CONNECTIVITY_CHANGE flg=0x4200010 (has extras) } from android (pid=1539, uid=1000) to com.tencent.tmgp.sgame/com.tencent.special.httpdns.Cache$ConnectReceiver
06-07 15:46:10.319 1539 1675 W BroadcastQueue: Target SDK mismatch: receiver ActivityInfo{e0c530f org.qiyi.android.commonphonepad.pushmessage.QYPushMsgBootReceiver} targets 33 but delivery restricted to [0, 23] broadcasting Intent { act=android.net.conn.CONNECTIVITY_CHANGE flg=0x4200010 (has extras) } from android (pid=1539, uid=1000) to com.qiyi.video/org.qiyi.android.commonphonepad.pushmessage.QYPushMsgBootReceiver
06-07 15:46:10.321 1539 1675 W BroadcastQueue: Target SDK mismatch: receiver ActivityInfo{e5f2da5 com.xiaomi.push.service.receivers.NetworkStatusReceiver} targets 28 but delivery restricted to [0, 23] broadcasting Intent { act=android.net.conn.CONNECTIVITY_CHANGE flg=0x4200010 (has extras) } from android (pid=1539, uid=1000) to com.kugou.android/com.xiaomi.push.service.receivers.NetworkStatusReceiver
06-07 15:46:10.321 1539 1675 W BroadcastQueue: Target SDK mismatch: receiver ActivityInfo{10ce57a com.xiaomi.push.service.receivers.NetworkStatusReceiver} targets 33 but delivery restricted to [0, 23] broadcasting Intent { act=android.net.conn.CONNECTIVITY_CHANGE flg=0x4200010 (has extras) } from android (pid=1539, uid=1000) to com.qiyi.video/com.xiaomi.push.service.receivers.NetworkStatusReceiver
06-07 15:46:10.321 1539 1675 W BroadcastQueue: Target SDK mismatch: receiver ActivityInfo{6c5112b com.xiaomi.push.service.receivers.NetworkStatusReceiver} targets 29 but delivery restricted to [0, 23] broadcasting Intent { act=android.net.conn.CONNECTIVITY_CHANGE flg=0x4200010 (has extras) } from android (pid=1539, uid=1000) to com.tencent.qqmusic/com.xiaomi.push.service.receivers.NetworkStatusReceiver
06-07 15:46:10.321 1539 1675 W BroadcastQueue: Target SDK mismatch: receiver ActivityInfo{f659988 com.tencent.pandora.libtcloudupload.videoupload.impl.TVCNetWorkStateReceiver} targets 29 but delivery restricted to [0, 23] broadcasting Intent { act=android.net.conn.CONNECTIVITY_CHANGE flg=0x4200010 (has extras) } from android (pid=1539, uid=1000) to com.tencent.tmgp.sgame/com.tencent.pandora.libtcloudupload.videoupload.impl.TVCNetWorkStateReceiver
06-07 15:46:10.321 1539 1675 W BroadcastQueue: Target SDK mismatch: receiver ActivityInfo{a39ff21 org.qiyi.android.video.ui.phone.traffic.receiver.TrafficReceiver} targets 33 but delivery restricted to [0, 23] broadcasting Intent { act=android.net.conn.CONNECTIVITY_CHANGE flg=0x4200010 (has extras) } from android (pid=1539, uid=1000) to com.qiyi.video/org.qiyi.android.video.ui.phone.traffic.receiver.TrafficReceiver
06-07 15:46:10.321 1539 1675 W BroadcastQueue: Target SDK mismatch: receiver ActivityInfo{af3df46 com.iqiyi.hcim.service.BroadcastCenter} targets 33 but delivery restricted to [0, 23] broadcasting Intent { act=android.net.conn.CONNECTIVITY_CHANGE flg=0x4200010 (has extras) } from android (pid=1539, uid=1000) to com.qiyi.video/com.iqiyi.hcim.service.BroadcastCenter
06-07 15:46:10.321 1539 1675 W BroadcastQueue: Target SDK mismatch: receiver ActivityInfo{e019507 com.tencent.msdk.dns.HttpDnsCache$ConnectivityChangeReceiver} targets 29 but delivery restricted to [0, 23] broadcasting Intent { act=android.net.conn.CONNECTIVITY_CHANGE flg=0x4200010 (has extras) } from android (pid=1539, uid=1000) to com.tencent.tmgp.sgame/com.tencent.msdk.dns.HttpDnsCache$ConnectivityChangeReceiver
06-07 15:46:10.321 1539 1675 W BroadcastQueue: Target SDK mismatch: receiver ActivityInfo{c7ec634 com.tencent.special.httpdns.Cache$ConnectReceiver} targets 29 but delivery restricted to [0, 23] broadcasting Intent { act=android.net.conn.CONNECTIVITY_CHANGE flg=0x4200010 (has extras) } from android (pid=1539, uid=1000) to com.tencent.tmgp.sgame/com.tencent.special.httpdns.Cache$ConnectReceiver
06-07 15:46:10.327 1539 1830 I service_manager_slow: [24,isub]
06-07 15:46:10.421 0 0 I : [ 1488.288759] read descriptors
06-07 15:46:10.421 0 0 I : [ 1488.288799] read strings
06-07 15:46:10.420 6044 6071 I service_manager_slow: [93,isub]
06-07 15:46:10.575 0 0 I [ 1488.442957] init: processing action (sys.network.tbox=0) from (/system/etc/init/dns_ts.rc:3)
06-07 15:46:10.575 0 0 I [ 1488.443055] init: starting service 'exec 65 (/system/bin/sh /system/bin/dns_ts.sh del 192.168.1.1 vlan1)'...
06-07 15:46:10.578 0 0 I [ 1488.445213] init: SVC_EXEC service 'exec 65 (/system/bin/sh /system/bin/dns_ts.sh del 192.168.1.1 vlan1)' pid 28012 (uid 0 gid 0+0 context u:r:dns_ts_ip:s0) started; waiting...
06-07 15:46:10.599 0 0 I [ 1488.463298] init: Service 'exec 65 (/system/bin/sh /system/bin/dns_ts.sh del 192.168.1.1 vlan1)' (pid 28012) exited with status 2 waiting took 0.018000 seconds
06-07 15:46:10.599 0 0 I [ 1488.463316] init: Sending signal 9 to service 'exec 65 (/system/bin/sh /system/bin/dns_ts.sh del 192.168.1.1 vlan1)' (pid 28012) process group...
06-07 15:46:10.599 0 0 I [ 1488.463418] libprocessgroup: Successfully killed process cgroup uid 0 pid 28012 in 0ms
06-07 15:46:10.675 2711 2711 I auditd : type=1400 audit(0.0:1012918): avc: denied { read } for comm="event_loop" lport=13400 scontext=u:r:hht_ota_mgr:s0 tcontext=u:r:hht_ota_mgr:s0 tclass=udp_socket permissive=0
06-07 15:46:10.675 2711 2711 I auditd : type=1400 audit(0.0:1012919): avc: denied { read } for comm="event_loop" lport=13400 scontext=u:r:hht_ota_mgr:s0 tcontext=u:r:hht_ota_mgr:s0 tclass=udp_socket permissive=0
06-07 15:46:10.675 2711 2711 I auditd : type=1400 audit(0.0:1012920): avc: denied { read } for comm="event_loop" lport=13400 scontext=u:r:hht_ota_mgr:s0 tcontext=u:r:hht_ota_mgr:s0 tclass=udp_socket permissive=0
06-07 15:46:10.675 2711 2711 I auditd : type=1400 audit(0.0:1012921): avc: denied { read } for comm="event_loop" lport=13400 scontext=u:r:hht_ota_mgr:s0 tcontext=u:r:hht_ota_mgr:s0 tclass=udp_socket permissive=0
06-07 15:46:10.675 2711 2711 I auditd : type=1400 audit(0.0:1012922): avc: denied { read } for comm="event_loop" lport=13400 scontext=u:r:hht_ota_mgr:s0 tcontext=u:r:hht_ota_mgr:s0 tclass=udp_socket permissive=0
06-07 15:46:10.682 0 0 W [ 1488.548280] audit: audit_lost=1012344 audit_rate_limit=5 audit_backlog_limit=64
06-07 15:46:10.682 0 0 E [ 1488.548285] audit: rate limit exceeded
06-07 15:46:11.078 0 0 I [ 1488.946329] init: processing action (sys.network.wifi=1) from (/system/etc/init/dns_ts.rc:5)
