06-07 15:51:12.264 1539 1675 I am_stop_idle_service: [10099,com.qiyi.video/com.iqiyi.hcim.service.IMService]
06-07 15:51:12.264 1539 1675 W ActivityManager: Stopping service due to app idle: u0a99 -3m20s46ms com.qiyi.video/com.iqiyi.hcim.service.IMService
06-07 15:51:12.264 1539 1675 I am_stop_idle_service: [10099,com.qiyi.video/com.qq.e.comm.DownloadService]
06-07 15:51:12.264 1539 1675 W ActivityManager: Stopping service due to app idle: u0a99 -2m29s157ms com.qiyi.video/com.qq.e.comm.DownloadService
06-07 15:51:12.550 0 0 I : [ 1791.224154] read descriptors
06-07 15:51:12.550 0 0 I : [ 1791.224189] read strings
06-07 15:51:12.666 1539 32657 D CompatibilityChangeReporter: Compat change id reported: 149924527; UID 10082; state: ENABLED
06-07 15:51:12.666 1539 32657 D CompatibilityChangeReporter: Compat change id reported: 132649864; UID 10082; state: DISABLED
06-07 15:51:12.667 1539 32657 D CompatibilityChangeReporter: Compat change id reported: 182734110; UID 10082; state: ENABLED
06-07 15:51:12.748 5470 5470 I wm_on_create_called: [167088094,com.android.music.MusicBrowserActivity,performCreate]
06-07 15:51:12.761 5470 5470 I wm_on_start_called: [167088094,com.android.music.MusicBrowserActivity,handleStartActivity]
06-07 15:51:12.761 5470 5470 I wm_on_resume_called: [167088094,com.android.music.MusicBrowserActivity,RESUME_ACTIVITY]
06-07 15:51:12.767 5470 5470 I wm_on_top_resumed_gained_called: [167088094,com.android.music.MusicBrowserActivity,topStateChangedWhenResumed]
06-07 15:51:12.772 1539 1844 I GameModeConfig: isGameModeOn = false
06-07 15:51:12.772 1539 1844 I GameModeConfig: isGameModeOn = false
06-07 15:51:12.773 1539 1539 I notification_enqueue: [10082,5470,com.android.music,1,NULL,0,Notification(channel=Channel-music shortcut=null contentView=com.android.music/0x7f0c008a vibrate=null sound=null defaults=0x0 flags=0x0 color=0x00000000 vis=PRIVATE),0]
06-07 15:51:12.774 1539 1539 I notification_enqueue: [10082,5470,com.android.music,1,NULL,0,Notification(channel=Channel-music shortcut=null contentView=com.android.music/0x7f0c008a vibrate=null sound=null defaults=0x0 flags=0x40 color=0x00000000 vis=PRIVATE),0]
06-07 15:51:12.775 1539 1539 I sysui_multi_action: [757,128,758,5,759,8,793,3,794,0,795,3,796,1,806,com.android.music,857,Channel-music,858,2,947,0,1500,3]
06-07 15:51:12.775 1539 1539 I notification_canceled: [0|com.android.music|1|null|10082,8,3,3,0,-1,-1,NULL]
06-07 15:51:12.799 1539 1844 I GameModeConfig: isGameModeOn = false
06-07 15:51:12.799 1539 1844 I GameModeConfig: isGameModeOn = false
06-07 15:51:12.801 1539 1539 I notification_enqueue: [10082,5470,com.android.music,1,NULL,0,Notification(channel=Channel-music shortcut=null contentView=null vibrate=null sound=null defaults=0x0 flags=0x0 color=0x00000000 category=transport actions=5 vis=PRIVATE),0]
06-07 15:51:12.802 1539 1539 I notification_enqueue: [10082,5470,com.android.music,1,NULL,0,Notification(channel=Channel-music shortcut=null contentView=null vibrate=null sound=null defaults=0x0 flags=0x40 color=0x00000000 category=transport actions=5 vis=PRIVATE),0]
06-07 15:51:12.804 1539 1844 I GameModeConfig: isGameModeOn = false
06-07 15:51:12.804 1539 1844 I GameModeConfig: isGameModeOn = false
06-07 15:51:12.805 1539 1539 I notification_enqueue: [10082,5470,com.android.music,1,NULL,0,Notification(channel=Channel-music shortcut=null contentView=null vibrate=null sound=null defaults=0x0 flags=0x40 color=0x00000000 category=transport actions=5 vis=PRIVATE),0]
06-07 15:51:12.806 1539 1539 I notification_enqueue: [10082,5470,com.android.music,1,NULL,0,Notification(channel=Channel-music shortcut=null contentView=null vibrate=null sound=null defaults=0x0 flags=0x40 color=0x00000000 category=transport actions=5 vis=PRIVATE),0]
06-07 15:51:12.842 1539 1659 I input_focus: [Focus request d0a7525 com.android.music/com.android.music.MusicBrowserActivity,reason=UpdateInputWindows]
06-07 15:51:12.862 0 0 I [ 1791.538325] binder: 5470:9852 ioctl 40046210 7769f131f4 returned -22
06-07 15:51:12.880 1539 1539 I sysui_multi_action: [757,128,758,5,759,8,793,80,794,0,795,80,796,1,806,com.android.music,857,Channel-music,858,2,947,0,1500,80,1641,transport,1688,1,1745,1043716538]
06-07 15:51:12.880 1539 1539 I notification_canceled: [0|com.android.music|1|null|10082,8,80,80,0,-1,-1,NULL]
06-07 15:51:12.889 1539 1811 I input_focus: [Focus entering d0a7525 com.android.music/com.android.music.MusicBrowserActivity (server),reason=Window became focusable. Previous reason: NOT_VISIBLE]
06-07 15:51:12.893 1539 1655 I sysui_multi_action: [319,32,321,31,322,2254,325,1789,757,761,758,8,759,1,806,com.android.music,871,com.android.music.MusicBrowserActivity,904,com.android.launcher3,905,0,1320,4,1321,1]
06-07 15:51:12.894 1539 1655 I wm_activity_launch_time: [0,167088094,com.android.music/.MusicBrowserActivity,2254]
06-07 15:51:12.957 1539 524 I wm_stop_activity: [0,106440759,com.android.launcher3/.uioverrides.QuickstepLauncher]
06-07 15:51:12.963 2594 2594 I wm_on_stop_called: [106440759,com.android.launcher3.uioverrides.QuickstepLauncher,STOP_ACTIVITY_ITEM]
06-07 15:51:12.974 1539 1539 I NotificationService: Cannot find enqueued record for key: 0|com.android.music|1|null|10082
06-07 15:51:12.974 1539 1539 I NotificationService: Cannot find enqueued record for key: 0|com.android.music|1|null|10082
06-07 15:51:13.001 1539 1539 I NotificationService: Cannot find enqueued record for key: 0|com.android.music|1|null|10082
06-07 15:51:13.002 1539 1539 I NotificationService: Cannot find enqueued record for key: 0|com.android.music|1|null|10082
06-07 15:51:13.006 1539 1539 I NotificationService: Cannot find enqueued record for key: 0|com.android.music|1|null|10082
06-07 15:51:13.007 1539 1539 I NotificationService: Cannot find enqueued record for key: 0|com.android.music|1|null|10082
06-07 15:51:13.075 2711 2711 I auditd : type=1400 audit(0.0:38287528): avc: denied { read } for comm="event_loop" lport=13400 scontext=u:r:hht_ota_mgr:s0 tcontext=u:r:hht_ota_mgr:s0 tclass=udp_socket permissive=0
06-07 15:51:13.075 2711 2711 I auditd : type=1400 audit(0.0:38287529): avc: denied { read } for comm="event_loop" lport=13400 scontext=u:r:hht_ota_mgr:s0 tcontext=u:r:hht_ota_mgr:s0 tclass=udp_socket permissive=0
06-07 15:51:13.075 2711 2711 I auditd : type=1400 audit(0.0:38287530): avc: denied { read } for comm="event_loop" lport=13400 scontext=u:r:hht_ota_mgr:s0 tcontext=u:r:hht_ota_mgr:s0 tclass=udp_socket permissive=0
06-07 15:51:13.075 2711 2711 I auditd : type=1400 audit(0.0:38287531): avc: denied { read } for comm="event_loop" lport=13400 scontext=u:r:hht_ota_mgr:s0 tcontext=u:r:hht_ota_mgr:s0 tclass=udp_socket permissive=0
06-07 15:51:13.075 2711 2711 I auditd : type=1400 audit(0.0:38287532): avc: denied { read } for comm="event_loop" lport=13400 scontext=u:r:hht_ota_mgr:s0 tcontext=u:r:hht_ota_mgr:s0 tclass=udp_socket permissive=0
06-07 15:51:13.082 0 0 W [ 1791.756054] audit: audit_lost=38285444 audit_rate_limit=5 audit_backlog_limit=64
06-07 15:51:13.082 0 0 E [ 1791.756055] audit: rate limit exceeded
06-07 15:51:13.567 0 0 I : [ 1792.244417] read descriptors
06-07 15:51:13.567 0 0 I : [ 1792.244538] read strings
06-07 15:51:14.083 0 0 W [ 1792.760080] audit: audit_lost=38540284 audit_rate_limit=5 audit_backlog_limit=64
06-07 15:51:14.079 2711 2711 I auditd : type=1400 audit(0.0:38542373): avc: denied { read } for comm="event_loop" lport=13400 scontext=u:r:hht_ota_mgr:s0 tcontext=u:r:hht_ota_mgr:s0 tclass=udp_socket permissive=0
06-07 15:51:14.083 0 0 E [ 1792.760081] audit: rate limit exceeded
06-07 15:51:14.079 2711 2711 I auditd : type=1400 audit(0.0:38542374): avc: denied { read } for comm="event_loop" lport=13400 scontext=u:r:hht_ota_mgr:s0 tcontext=u:r:hht_ota_mgr:s0 tclass=udp_socket permissive=0
06-07 15:51:14.079 2711 2711 I auditd : type=1400 audit(0.0:38542375): avc: denied { read } for comm="event_loop" lport=13400 scontext=u:r:hht_ota_mgr:s0 tcontext=u:r:hht_ota_mgr:s0 tclass=udp_socket permissive=0
06-07 15:51:14.079 2711 2711 I auditd : type=1400 audit(0.0:38542376): avc: denied { read } for comm="event_loop" lport=13400 scontext=u:r:hht_ota_mgr:s0 tcontext=u:r:hht_ota_mgr:s0 tclass=udp_socket permissive=0
06-07 15:51:14.079 2711 2711 I auditd : type=1400 audit(0.0:38542377): avc: denied { read } for comm="event_loop" lport=13400 scontext=u:r:hht_ota_mgr:s0 tcontext=u:r:hht_ota_mgr:s0 tclass=udp_socket permissive=0
06-07 15:51:14.591 0 0 I : [ 1793.265270] read descriptors
06-07 15:51:14.591 0 0 I : [ 1793.265444] read strings
06-07 15:51:15.086 0 0 W [ 1793.764057] audit: audit_lost=38795207 audit_rate_limit=5 audit_backlog_limit=64
06-07 15:51:15.086 0 0 E [ 1793.764059] audit: rate limit exceeded
06-07 15:51:15.083 2711 2711 I auditd : type=1400 audit(0.0:38797301): avc: denied { read } for comm="event_loop" lport=13400 scontext=u:r:hht_ota_mgr:s0 tcontext=u:r:hht_ota_mgr:s0 tclass=udp_socket permissive=0
06-07 15:51:15.083 2711 2711 I auditd : type=1400 audit(0.0:38797302): avc: denied { read } for comm="event_loop" lport=13400 scontext=u:r:hht_ota_mgr:s0 tcontext=u:r:hht_ota_mgr:s0 tclass=udp_socket permissive=0
06-07 15:51:15.083 2711 2711 I auditd : type=1400 audit(0.0:38797303): avc: denied { read } for comm="event_loop" lport=13400 scontext=u:r:hht_ota_mgr:s0 tcontext=u:r:hht_ota_mgr:s0 tclass=udp_socket permissive=0
06-07 15:51:15.083 2711 2711 I auditd : type=1400 audit(0.0:38797304): avc: denied { read } for comm="event_loop" lport=13400 scontext=u:r:hht_ota_mgr:s0 tcontext=u:r:hht_ota_mgr:s0 tclass=udp_socket permissive=0
06-07 15:51:15.083 2711 2711 I auditd : type=1400 audit(0.0:38797305): avc: denied { read } for comm="event_loop" lport=13400 scontext=u:r:hht_ota_mgr:s0 tcontext=u:r:hht_ota_mgr:s0 tclass=udp_socket permissive=0
06-07 15:51:15.626 0 0 I : [ 1794.300513] read descriptors
06-07 15:51:15.626 0 0 I : [ 1794.300627] read strings
06-07 15:51:16.083 2711 2711 I auditd : type=1400 audit(0.0:39051524): avc: denied { read } for comm="event_loop" lport=13400 scontext=u:r:hht_ota_mgr:s0 tcontext=u:r:hht_ota_mgr:s0 tclass=udp_socket permissive=0
06-07 15:51:16.087 2711 2711 I auditd : type=1400 audit(0.0:39051525): avc: denied { read } for comm="event_loop" lport=13400 scontext=u:r:hht_ota_mgr:s0 tcontext=u:r:hht_ota_mgr:s0 tclass=udp_socket permissive=0
06-07 15:51:16.087 2711 2711 I auditd : type=1400 audit(0.0:39051526): avc: denied { read } for comm="event_loop" lport=13400 scontext=u:r:hht_ota_mgr:s0 tcontext=u:r:hht_ota_mgr:s0 tclass=udp_socket permissive=0
06-07 15:51:16.087 2711 2711 I auditd : type=1400 audit(0.0:39051527): avc: denied { read } for comm="event_loop" lport=13400 scontext=u:r:hht_ota_mgr:s0 tcontext=u:r:hht_ota_mgr:s0 tclass=udp_socket permissive=0
06-07 15:51:16.087 2711 2711 I auditd : type=1400 audit(0.0:39051528): avc: denied { read } for comm="event_loop" lport=13400 scontext=u:r:hht_ota_mgr:s0 tcontext=u:r:hht_ota_mgr:s0 tclass=udp_socket permissive=0
06-07 15:51:16.094 0 0 W [ 1794.768057] audit: audit_lost=39049425 audit_rate_limit=5 audit_backlog_limit=64
06-07 15:51:16.094 0 0 E [ 1794.768059] audit: rate limit exceeded
06-07 15:51:16.654 0 0 I : [ 1795.328734] read descriptors
06-07 15:51:16.654 0 0 I : [ 1795.328934] read strings
06-07 15:51:16.787 1539 1811 I input_interaction: Interaction with: d0a7525 com.android.music/com.android.music.MusicBrowserActivity (server), edge-swipe (server), swipe-up (server), PointerEventDispatcher0 (server),
06-07 15:51:16.796 1539 1774 D ActivityTaskManager: Skipping, freeform mode : Task{2f7168b #129 type=standard A=10100:android.task.kugou U=0 visible=false mode=freeform translucent=true sz=0 visible freeform task=true rootAffinity=10100:android.task.kugou isMini=false}
06-07 15:51:16.796 1539 1774 D ActivityTaskManager: Skipping, freeform mode : Task{bad5382 #123 type=standard A=10095:com.ss.android.ugc.aweme U=0 visible=false mode=freeform translucent=true sz=0 visible freeform task=true rootAffinity=10095:com.ss.android.ugc.aweme isMini=false}
06-07 15:51:16.802 1539 1774 I wm_task_moved: [1,0,0]
06-07 15:51:16.807 1539 1774 I wm_task_moved: [1,0,9]
06-07 15:51:16.819 2594 2594 I wm_on_restart_called: [106440759,com.android.launcher3.uioverrides.QuickstepLauncher,performRestartActivity]
06-07 15:51:16.882 2594 2594 I wm_on_start_called: [106440759,com.android.launcher3.uioverrides.QuickstepLauncher,handleStartActivity]
06-07 15:51:16.883 5470 5470 I view_enqueue_input_event: [Motion - Cancel,com.android.music/com.android.music.MusicBrowserActivity]
06-07 15:51:16.884 1539 1659 I input_focus: [Focus request recents_animation_input_consumer,reason=UpdateInputWindows]
06-07 15:51:16.893 1539 1811 I input_interaction: Interaction with: edge-swipe (server), swipe-up (server), PointerEventDispatcher0 (server),
06-07 15:51:16.893 2594 2594 I sysui_latency: [1,106]
06-07 15:51:16.904 1539 1811 I input_focus: [Focus leaving d0a7525 com.android.music/com.android.music.MusicBrowserActivity (server),reason=NOT_FOCUSABLE]
06-07 15:51:16.904 1539 1811 I input_focus: [Focus entering recents_animation_input_consumer (server),reason=setFocusedWindow]
06-07 15:51:16.913 1539 1655 I sysui_multi_action: [319,13,322,98,325,1795,757,761,758,9,759,5,806,com.android.launcher3,871,com.android.launcher3.uioverrides.QuickstepLauncher,905,0,1320,4,1321,1]
06-07 15:51:17.084 1539 1800 I commit_sys_config_file: [settings-1-0,4]
06-07 15:51:17.087 2711 2711 I auditd : type=1400 audit(0.0:39304589): avc: denied { read } for comm="event_loop" lport=13400 scontext=u:r:hht_ota_mgr:s0 tcontext=u:r:hht_ota_mgr:s0 tclass=udp_socket permissive=0
06-07 15:51:17.091 2711 2711 I auditd : type=1400 audit(0.0:39304590): avc: denied { read } for comm="event_loop" lport=13400 scontext=u:r:hht_ota_mgr:s0 tcontext=u:r:hht_ota_mgr:s0 tclass=udp_socket permissive=0
06-07 15:51:17.091 2711 2711 I auditd : type=1400 audit(0.0:39304591): avc: denied { read } for comm="event_loop" lport=13400 scontext=u:r:hht_ota_mgr:s0 tcontext=u:r:hht_ota_mgr:s0 tclass=udp_socket permissive=0
06-07 15:51:17.091 2711 2711 I auditd : type=1400 audit(0.0:39304592): avc: denied { read } for comm="event_loop" lport=13400 scontext=u:r:hht_ota_mgr:s0 tcontext=u:r:hht_ota_mgr:s0 tclass=udp_socket permissive=0
06-07 15:51:17.091 2711 2711 I auditd : type=1400 audit(0.0:39304593): avc: denied { read } for comm="event_loop" lport=13400 scontext=u:r:hht_ota_mgr:s0 tcontext=u:r:hht_ota_mgr:s0 tclass=udp_socket permissive=0
06-07 15:51:17.098 0 0 W [ 1795.772051] audit: audit_lost=39302485 audit_rate_limit=5 audit_backlog_limit=64
06-07 15:51:17.098 0 0 E [ 1795.772053] audit: rate limit exceeded
06-07 15:51:17.201 1539 1671 I sysui_latency: [8,108]
06-07 15:51:17.679 0 0 I : [ 1796.352758] read descriptors
06-07 15:51:17.679 0 0 I : [ 1796.352878] read strings
06-07 15:51:17.692 1539 23289 I wm_task_moved: [1,1,10]
06-07 15:51:17.693 1539 23289 I wm_task_moved: [112,1,2147483647]
06-07 15:51:17.693 1539 23289 I wm_task_to_front: [0,112]
06-07 15:51:17.693 1539 23289 I wm_focused_root_task: [0,0,1,130,RecentsAnimation.onAnimationFinished()]
06-07 15:51:17.693 1539 23289 I wm_set_resumed_activity: [0,com.android.launcher3/.uioverrides.QuickstepLauncher,RecentsAnimation.onAnimationFinished()]
06-07 15:51:17.695 1539 23289 I wm_pause_activity: [0,167088094,com.android.music/.MusicBrowserActivity,userLeaving=true,pauseBackTasks]
06-07 15:51:17.696 1539 23289 I wm_add_to_stopping: [0,167088094,com.android.music/.MusicBrowserActivity,makeInvisible]
06-07 15:51:17.696 1539 23289 I ActivityTaskManager: FOREGROUND_APPLICATION_CHANGED to com.android.launcher3.uioverrides.QuickstepLauncher
06-07 15:51:17.697 1539 23289 I wm_set_resumed_activity: [0,com.android.launcher3/.uioverrides.QuickstepLauncher,resumeTopActivityInnerLocked]
06-07 15:51:17.700 1539 23289 I wm_resume_activity: [0,106440759,112,com.android.launcher3/.uioverrides.QuickstepLauncher]
06-07 15:51:17.700 2594 2594 I wm_on_resume_called: [106440759,com.android.launcher3.uioverrides.QuickstepLauncher,RESUME_ACTIVITY]
06-07 15:51:17.703 5470 5470 I wm_on_top_resumed_lost_called: [167088094,com.android.music.MusicBrowserActivity,topStateChangedWhenResumed]
06-07 15:51:17.704 5470 5470 I wm_on_paused_called: [167088094,com.android.music.MusicBrowserActivity,performPause]
06-07 15:51:17.705 1539 1738 I wm_stop_activity: [0,167088094,com.android.music/.MusicBrowserActivity]
06-07 15:51:17.709 5470 5470 I wm_on_stop_called: [167088094,com.android.music.MusicBrowserActivity,STOP_ACTIVITY_ITEM]
06-07 15:51:17.710 1539 1658 I sysui_multi_action: [757,803,799,window_time_0,802,7]
06-07 15:51:17.711 2594 2594 I wm_on_top_resumed_gained_called: [106440759,com.android.launcher3.uioverrides.QuickstepLauncher,topStateChangedWhenResumed]
06-07 15:51:17.712 1539 1659 I input_focus: [Focus request a4dbaed com.android.launcher3/com.android.launcher3.uioverrides.QuickstepLauncher,reason=UpdateInputWindows]
06-07 15:51:17.714 1539 1658 I sysui_multi_action: [757,803,799,window_time_0,802,0]
06-07 15:51:17.721 1539 1811 I input_focus: [Focus leaving recents_animation_input_consumer (server),reason=NOT_VISIBLE]
06-07 15:51:17.721 1539 1811 I input_focus: [Focus entering a4dbaed com.android.launcher3/com.android.launcher3.uioverrides.QuickstepLauncher (server),reason=setFocusedWindow]
06-07 15:51:17.805 1539 32657 D ActivityTaskManager: Skipping, freeform mode : Task{2f7168b #129 type=standard A=10100:android.task.kugou U=0 visible=false mode=freeform translucent=true sz=0 visible freeform task=true rootAffinity=10100:android.task.kugou isMini=false}
06-07 15:51:17.805 1539 32657 D ActivityTaskManager: Skipping, freeform mode : Task{bad5382 #123 type=standard A=10095:com.ss.android.ugc.aweme U=0 visible=false mode=freeform translucent=true sz=0 visible freeform task=true rootAffinity=10095:com.ss.android.ugc.aweme isMini=false}
06-07 15:51:18.098 0 0 W [ 1796.776062] audit: audit_lost=39556654 audit_rate_limit=5 audit_backlog_limit=64
06-07 15:51:18.098 0 0 E [ 1796.776064] audit: rate limit exceeded
06-07 15:51:18.091 2711 2711 I auditd : type=1400 audit(0.0:39558763): avc: denied { read } for comm="event_loop" lport=13400 scontext=u:r:hht_ota_mgr:s0 tcontext=u:r:hht_ota_mgr:s0 tclass=udp_socket permissive=0
06-07 15:51:18.095 2711 2711 I auditd : type=1400 audit(0.0:39558764): avc: denied { read } for comm="event_loop" lport=13400 scontext=u:r:hht_ota_mgr:s0 tcontext=u:r:hht_ota_mgr:s0 tclass=udp_socket permissive=0
06-07 15:51:18.095 2711 2711 I auditd : type=1400 audit(0.0:39558765): avc: denied { read } for comm="event_loop" lport=13400 scontext=u:r:hht_ota_mgr:s0 tcontext=u:r:hht_ota_mgr:s0 tclass=udp_socket permissive=0
06-07 15:51:18.095 2711 2711 I auditd : type=1400 audit(0.0:39558766): avc: denied { read } for comm="event_loop" lport=13400 scontext=u:r:hht_ota_mgr:s0 tcontext=u:r:hht_ota_mgr:s0 tclass=udp_socket permissive=0
06-07 15:51:18.095 2711 2711 I auditd : type=1400 audit(0.0:39558767): avc: denied { read } for comm="event_loop" lport=13400 scontext=u:r:hht_ota_mgr:s0 tcontext=u:r:hht_ota_mgr:s0 tclass=udp_socket permissive=0
06-07 15:51:18.495 1539 1675 D CompatibilityChangeReporter: Compat change id reported: 135634846; UID 10100; state: DISABLED
06-07 15:51:18.495 1539 1675 D CompatibilityChangeReporter: Compat change id reported: 177438394; UID 10100; state: DISABLED
06-07 15:51:18.495 1539 1675 D CompatibilityChangeReporter: Compat change id reported: 135772972; UID 10100; state: DISABLED
06-07 15:51:18.495 1539 1675 D CompatibilityChangeReporter: Compat change id reported: 135754954; UID 10100; state: DISABLED
06-07 15:51:18.496 1539 1676 D CompatibilityChangeReporter: Compat change id reported: 143937733; UID 10100; state: DISABLED
06-07 15:51:18.502 1539 1676 I am_proc_start: [0,9920,10100,com.kugou.android.support,service,{com.kugou.android/com.kugou.framework.service.ipc.peripheral.connect.SupportService}]
06-07 15:51:18.502 1539 1676 I ActivityManager: Start proc 9920:com.kugou.android.support/u0a100 for service {com.kugou.android/com.kugou.framework.service.ipc.peripheral.connect.SupportService}
06-07 15:51:18.518 0 0 I [ 1797.192531] binder: 9920:9920 ioctl 40046210 7ff2b03764 returned -22
06-07 15:51:18.518 1539 32657 I am_proc_bound: [0,9920,com.kugou.android.support]
06-07 15:51:18.520 1539 32657 D CompatibilityChangeReporter: Compat change id reported: 168419799; UID 10100; state: DISABLED
06-07 15:51:18.690 1539 1811 I input_interaction: Interaction with: a4dbaed com.android.launcher3/com.android.launcher3.uioverrides.QuickstepLauncher (server), dea3df3 com.android.systemui.ImageWallpaper (server), edge-swipe (server), swipe-up (server), PointerEventDispatcher0 (server),
06-07 15:51:18.726 0 0 I : [ 1797.400394] read descriptors
06-07 15:51:18.726 0 0 I : [ 1797.400470] read strings
06-07 15:51:18.815 1539 23789 I thunderperf: PlatormCompat.setOverrides: Uid1=10077 Pid1=2594 Uid2=10077 Pid2=2594
06-07 15:51:18.815 1539 23789 I thunderperf: PlatormCompat.setOverrides: needCheck:false
06-07 15:51:18.815 1539 23789 I thunderperf: CompatConfig.addOverrideUnsafe: bef-state=1
06-07 15:51:18.816 1539 23789 E thunderperf: CompatConfig.addOverrideUnsafe: exception:java.lang.SecurityException: Cannot override a change on a non-debuggable app and user build.
06-07 15:51:18.816 1539 23789 I thunderperf: CompatConfig.addOverrideUnsafe: aft-state=1
06-07 15:51:18.817 1539 23789 I thunderperf: CompatConfig.addOverrideUnsafe: bef-state=1
06-07 15:51:18.817 1539 23789 E thunderperf: CompatConfig.addOverrideUnsafe: exception:java.lang.SecurityException: Cannot override a change on a non-debuggable app and user build.
06-07 15:51:18.817 1539 23789 I thunderperf: CompatConfig.addOverrideUnsafe: aft-state=1
06-07 15:51:18.817 1539 23789 I thunderperf: CompatConfig.addOverrideUnsafe: bef-state=1
06-07 15:51:18.817 1539 23789 E thunderperf: CompatConfig.addOverrideUnsafe: exception:java.lang.SecurityException: Cannot override a change on a non-debuggable app and user build.
06-07 15:51:18.818 1539 23789 I thunderperf: CompatConfig.addOverrideUnsafe: aft-state=1
06-07 15:51:18.818 1539 23789 I thunderperf: CompatConfig.addOverrideUnsafe: bef-state=1
06-07 15:51:18.818 1539 23789 E thunderperf: CompatConfig.addOverrideUnsafe: exception:java.lang.SecurityException: Cannot override a change on a non-debuggable app and user build.
06-07 15:51:18.818 1539 23789 I thunderperf: CompatConfig.addOverrideUnsafe: aft-state=1
06-07 15:51:18.818 1539 23789 I thunderperf: CompatConfig.addOverrideUnsafe: bef-state=1
06-07 15:51:18.819 1539 23789 E thunderperf: CompatConfig.addOverrideUnsafe: exception:java.lang.SecurityException: Cannot override a change on a non-debuggable app and user build.
06-07 15:51:18.819 1539 23789 I thunderperf: CompatConfig.addOverrideUnsafe: aft-state=1
06-07 15:51:18.819 1539 23789 I thunderperf: CompatConfig.addOverrideUnsafe: bef-state=1
06-07 15:51:18.819 1539 23789 E thunderperf: CompatConfig.addOverrideUnsafe: exception:java.lang.SecurityException: Cannot override a change on a non-debuggable app and user build.
06-07 15:51:18.819 1539 23789 I thunderperf: CompatConfig.addOverrideUnsafe: aft-state=1
06-07 15:51:18.820 1539 23789 I thunderperf: CompatConfig.addOverrideUnsafe: bef-state=1
06-07 15:51:18.820 1539 23789 E thunderperf: CompatConfig.addOverrideUnsafe: exception:java.lang.SecurityException: Cannot override a change on a non-debuggable app and user build.
06-07 15:51:18.820 1539 23789 I thunderperf: CompatConfig.addOverrideUnsafe: aft-state=1
06-07 15:51:18.820 1539 23789 I thunderperf: CompatConfig.addOverrideUnsafe: bef-state=1
06-07 15:51:18.820 1539 23789 E thunderperf: CompatConfig.addOverrideUnsafe: exception:java.lang.SecurityException: Cannot override a change on a non-debuggable app and user build.
06-07 15:51:18.820 1539 23789 I thunderperf: CompatConfig.addOverrideUnsafe: aft-state=1
06-07 15:51:18.821 1539 23789 I thunderperf: CompatConfig.addOverrideUnsafe: bef-state=1
06-07 15:51:18.821 1539 23789 E thunderperf: CompatConfig.addOverrideUnsafe: exception:java.lang.SecurityException: Cannot override a change on a non-debuggable app and user build.
06-07 15:51:18.821 1539 23789 I thunderperf: CompatConfig.addOverrideUnsafe: aft-state=1
06-07 15:51:18.821 1539 23789 I thunderperf: CompatConfig.addOverrideUnsafe: bef-state=1
06-07 15:51:18.821 1539 23789 E thunderperf: CompatConfig.addOverrideUnsafe: exception:java.lang.SecurityException: Cannot override a change on a non-debuggable app and user build.
06-07 15:51:18.821 1539 23789 I thunderperf: CompatConfig.addOverrideUnsafe: aft-state=1
06-07 15:51:18.822 1539 23789 I thunderperf: CompatConfig.addOverrideUnsafe: bef-state=1
06-07 15:51:18.822 1539 23789 E thunderperf: CompatConfig.addOverrideUnsafe: exception:java.lang.SecurityException: Cannot override a change on a non-debuggable app and user build.
06-07 15:51:18.822 1539 23789 I thunderperf: CompatConfig.addOverrideUnsafe: aft-state=1
06-07 15:51:18.822 1539 23789 I thunderperf: CompatConfig.addOverrideUnsafe: bef-state=1
06-07 15:51:18.822 1539 23789 E thunderperf: CompatConfig.addOverrideUnsafe: exception:java.lang.SecurityException: Cannot override a change on a non-debuggable app and user build.
06-07 15:51:18.822 1539 23789 I thunderperf: CompatConfig.addOverrideUnsafe: aft-state=1
06-07 15:51:18.823 1539 23789 I thunderperf: CompatConfig.addOverrideUnsafe: bef-state=1
06-07 15:51:18.823 1539 23789 E thunderperf: CompatConfig.addOverrideUnsafe: exception:java.lang.SecurityException: Cannot override a change on a non-debuggable app and user build.
06-07 15:51:18.823 1539 23789 I thunderperf: CompatConfig.addOverrideUnsafe: aft-state=1
06-07 15:51:18.823 1539 23789 I thunderperf: CompatConfig.addOverrideUnsafe: bef-state=1
06-07 15:51:18.823 1539 23789 E thunderperf: CompatConfig.addOverrideUnsafe: exception:java.lang.SecurityException: Cannot override a change on a non-debuggable app and user build.
06-07 15:51:18.823 1539 23789 I thunderperf: CompatConfig.addOverrideUnsafe: aft-state=1
06-07 15:51:18.828 1539 23789 I ActivityTaskManager: START u0 {act=android.intent.action.MAIN cat=[android.intent.category.LAUNCHER] flg=0x10200000 cmp=com.kugou.android/.app.splash.SplashActivity} from uid 10077
06-07 15:51:18.829 1539 23789 D ActivityTaskManager: TaskLaunchParamsModifier:task=null activity=ActivityRecord{b800a6c u0 com.kugou.android/.app.splash.SplashActivity taskAffinity=10100:android.task.kugou display-area-from-source=DefaultTaskDisplayArea@11319769 display-id=0 display-windowing-mode=1 suggested-display-area=DefaultTaskDisplayArea@11319769
06-07 15:51:18.831 1539 23789 D ActivityTaskManager: TaskLaunchParamsModifier:task=null activity=ActivityRecord{b800a6c u0 com.kugou.android/.app.splash.SplashActivity taskAffinity=10100:android.task.kugou t-1} display-area-from-source=DefaultTaskDisplayArea@11319769 display-id=0 display-windowing-mode=1 suggested-display-area=DefaultTaskDisplayArea@11319769 activity-options-bounds=Rect(12, 12 - 652, 986) non-freeform-display display-area=DefaultTaskDisplayArea@11319769
06-07 15:51:18.831 1539 23789 I wm_task_created: [131,-1]
06-07 15:51:18.831 1539 23789 W ActivityTaskManager: Can't find TaskDisplayArea to determine support for multi window. Task id=131 attached=false
06-07 15:51:18.832 1539 23789 D ActivityTaskManager: TaskLaunchParamsModifier:task=Task{4398835 #131 type=standard A=10100:android.task.kugou U=0 visible=false mode=freeform translucent=true sz=0 visible freeform task=true rootAffinity=10100:android.task.kugou isMini=false} activity=ActivityRecord{b800a6c u0 com.kugou.android/.app.splash.SplashActivity taskAffinity=10100:android.task.kugou t-1} display-area-from-source=DefaultTaskDisplayArea@11319769 display-id=0 display-windowing-mode=1 suggested-display-area=DefaultTaskDisplayArea@11319769 activity-options-bounds=Rect(12, 12 - 652, 986) non-freeform-display display-area=DefaultTaskDisplayArea@11319769
06-07 15:51:18.833 1539 23789 D CompatibilityChangeReporter: Compat change id reported: 174042980; UID 10100; state: DISABLED
06-07 15:51:18.833 1539 23789 D CompatibilityChangeReporter: Compat change id reported: 184838306; UID 10100; state: DISABLED
06-07 15:51:18.833 1539 23789 D CompatibilityChangeReporter: Compat change id reported: 185004937; UID 10100; state: DISABLED
06-07 15:51:18.833 1539 23789 D CompatibilityChangeReporter: Compat change id reported: 181136395; UID 10100; state: DISABLED
06-07 15:51:18.833 1539 23789 D CompatibilityChangeReporter: Compat change id reported: 174042936; UID 10100; state: DISABLED
06-07 15:51:18.834 1539 23789 I wm_task_moved: [131,1,11]
06-07 15:51:18.834 1539 23789 I wm_task_to_front: [0,131]
06-07 15:51:18.834 1539 23789 I wm_create_task: [0,131]
06-07 15:51:18.834 1539 23789 I wm_create_activity: [0,192940652,131,com.kugou.android/.app.splash.SplashActivity,android.intent.action.MAIN,NULL,NULL,270532608]
06-07 15:51:18.834 1539 23789 I wm_task_moved: [131,1,11]
06-07 15:51:18.835 1539 23789 D CompatibilityChangeReporter: Compat change id reported: 168419799; UID 10100; state: DISABLED
06-07 15:51:18.835 1539 23789 I ActivityTaskManager: FOREGROUND_APPLICATION_CHANGED to com.kugou.android.app.splash.SplashActivity
06-07 15:51:18.835 1539 23789 I ActivityTaskManager: The Process com.kugou.android Already Exists in BG. So sending its PID: 9595
06-07 15:51:18.836 1539 23789 I wm_restart_activity: [0,192940652,131,com.kugou.android/.app.splash.SplashActivity]
06-07 15:51:18.836 1539 23789 I wm_set_resumed_activity: [0,com.kugou.android/.app.splash.SplashActivity,minimalResumeActivityLocked]
06-07 15:51:18.844 2594 2594 I wm_on_top_resumed_lost_called: [106440759,com.android.launcher3.uioverrides.QuickstepLauncher,topStateChangedWhenResumed]
06-07 15:51:19.099 2711 2711 I auditd : type=1400 audit(0.0:39813275): avc: denied { read } for comm="event_loop" lport=13400 scontext=u:r:hht_ota_mgr:s0 tcontext=u:r:hht_ota_mgr:s0 tclass=udp_socket permissive=0
06-07 15:51:19.099 2711 2711 I auditd : type=1400 audit(0.0:39813276): avc: denied { read } for comm="event_loop" lport=13400 scontext=u:r:hht_ota_mgr:s0 tcontext=u:r:hht_ota_mgr:s0 tclass=udp_socket permissive=0
06-07 15:51:19.099 2711 2711 I auditd : type=1400 audit(0.0:39813277): avc: denied { read } for comm="event_loop" lport=13400 scontext=u:r:hht_ota_mgr:s0 tcontext=u:r:hht_ota_mgr:s0 tclass=udp_socket permissive=0
06-07 15:51:19.099 2711 2711 I auditd : type=1400 audit(0.0:39813278): avc: denied { read } for comm="event_loop" lport=13400 scontext=u:r:hht_ota_mgr:s0 tcontext=u:r:hht_ota_mgr:s0 tclass=udp_socket permissive=0
06-07 15:51:19.099 2711 2711 I auditd : type=1400 audit(0.0:39813279): avc: denied { read } for comm="event_loop" lport=13400 scontext=u:r:hht_ota_mgr:s0 tcontext=u:r:hht_ota_mgr:s0 tclass=udp_socket permissive=0
06-07 15:51:19.106 0 0 W [ 1797.780050] audit: audit_lost=39811161 audit_rate_limit=5 audit_backlog_limit=64
06-07 15:51:19.106 0 0 E [ 1797.780052] audit: rate limit exceeded
06-07 15:51:19.750 0 0 I : [ 1798.428174] read descriptors
06-07 15:51:19.750 0 0 I : [ 1798.428211] read strings
06-07 15:51:20.106 0 0 W [ 1798.784052] audit: audit_lost=40066370 audit_rate_limit=5 audit_backlog_limit=64
06-07 15:51:20.106 0 0 E [ 1798.784053] audit: rate limit exceeded
06-07 15:51:20.103 2711 2711 I auditd : type=1400 audit(0.0:40068489): avc: denied { read } for comm="event_loop" lport=13400 scontext=u:r:hht_ota_mgr:s0 tcontext=u:r:hht_ota_mgr:s0 tclass=udp_socket permissive=0
06-07 15:51:20.103 2711 2711 I auditd : type=1400 audit(0.0:40068490): avc: denied { read } for comm="event_loop" lport=13400 scontext=u:r:hht_ota_mgr:s0 tcontext=u:r:hht_ota_mgr:s0 tclass=udp_socket permissive=0
06-07 15:51:20.103 2711 2711 I auditd : type=1400 audit(0.0:40068491): avc: denied { read } for comm="event_loop" lport=13400 scontext=u:r:hht_ota_mgr:s0 tcontext=u:r:hht_ota_mgr:s0 tclass=udp_socket permissive=0
06-07 15:51:20.103 2711 2711 I auditd : type=1400 audit(0.0:40068492): avc: denied { read } for comm="event_loop" lport=13400 scontext=u:r:hht_ota_mgr:s0 tcontext=u:r:hht_ota_mgr:s0 tclass=udp_socket permissive=0
06-07 15:51:20.103 2711 2711 I auditd : type=1400 audit(0.0:40068493): avc: denied { read } for comm="event_loop" lport=13400 scontext=u:r:hht_ota_mgr:s0 tcontext=u:r:hht_ota_mgr:s0 tclass=udp_socket permissive=0
06-07 15:51:20.174 1539 32657 E PackageDexUsage: Unsupported context?
06-07 15:51:20.770 0 0 I : [ 1799.444148] read descriptors
06-07 15:51:20.770 0 0 I : [ 1799.444182] read strings
06-07 15:51:20.889 9595 9595 I wm_on_create_called: [192940652,com.kugou.android.app.splash.SplashActivity,performCreate]
06-07 15:51:20.908 9595 9595 I wm_on_start_called: [192940652,com.kugou.android.app.splash.SplashActivity,handleStartActivity]
06-07 15:51:20.910 9595 9595 I wm_on_resume_called: [192940652,com.kugou.android.app.splash.SplashActivity,RESUME_ACTIVITY]
06-07 15:51:20.915 1539 32657 W WindowManager: Failed looking up window session=Session{473d1b3 9595:u0a10100} callers=com.android.server.wm.WindowManagerService.windowForClientLocked:5628 com.android.server.wm.Session.insetsModified:629 android.view.IWindowSession$Stub.onTransact:1151
06-07 15:51:20.916 9595 9595 I wm_on_top_resumed_gained_called: [192940652,com.kugou.android.app.splash.SplashActivity,topStateChangedWhenResumed]
06-07 15:51:20.926 1539 1659 I input_focus: [Focus request f4ddf6e com.kugou.android/com.kugou.android.app.splash.SplashActivity,reason=UpdateInputWindows]
06-07 15:51:20.946 0 0 I [ 1799.623797] binder: 9595:9946 ioctl 40046210 7769e241f4 returned -22
06-07 15:51:20.953 1539 1811 I input_focus: [Focus leaving a4dbaed com.android.launcher3/com.android.launcher3.uioverrides.QuickstepLauncher (server),reason=Waiting for window because NOT_VISIBLE]
06-07 15:51:20.961 1539 1675 V ActivityManager: Attempted to start a foreground service (com.kugou.android/com.kugou.framework.service.ipc.peripheral.connect.EmptyService) with a broken notification (no icon: Notification(channel=kg_normal shortcut=null contentView=null vibrate=null sound=null defaults=0x0 flags=0x40 color=0x00000000 vis=PRIVATE))
06-07 15:51:20.964 1539 1539 I notification_enqueue: [10100,9595,com.kugou.android,99,NULL,0,Notification(channel=kg_normal shortcut=null contentView=null vibrate=null sound=null defaults=0x0 flags=0x40 color=0x00000000 vis=PRIVATE),0]
06-07 15:51:20.970 1539 1811 I input_focus: [Focus entering f4ddf6e com.kugou.android/com.kugou.android.app.splash.SplashActivity (server),reason=Window became focusable. Previous reason: NOT_VISIBLE]
06-07 15:51:20.983 1539 1655 I sysui_multi_action: [319,2133,322,2132,325,1797,757,761,758,8,759,2,806,com.kugou.android,871,com.kugou.android.app.splash.SplashActivity,904,com.android.launcher3,905,0,1320,4,1321,4]
06-07 15:51:20.984 1539 1655 I wm_activity_launch_time: [0,192940652,com.kugou.android/.app.splash.SplashActivity,2132]
06-07 15:51:21.107 2711 2711 I auditd : type=1400 audit(0.0:40307119): avc: denied { read } for comm="event_loop" lport=13400 scontext=u:r:hht_ota_mgr:s0 tcontext=u:r:hht_ota_mgr:s0 tclass=udp_socket permissive=0
06-07 15:51:21.107 2711 2711 I auditd : type=1400 audit(0.0:40307120): avc: denied { read } for comm="event_loop" lport=13400 scontext=u:r:hht_ota_mgr:s0 tcontext=u:r:hht_ota_mgr:s0 tclass=udp_socket permissive=0
06-07 15:51:21.107 2711 2711 I auditd : type=1400 audit(0.0:40307121): avc: denied { read } for comm="event_loop" lport=13400 scontext=u:r:hht_ota_mgr:s0 tcontext=u:r:hht_ota_mgr:s0 tclass=udp_socket permissive=0
06-07 15:51:21.107 2711 2711 I auditd : type=1400 audit(0.0:40307122): avc: denied { read } for comm="event_loop" lport=13400 scontext=u:r:hht_ota_mgr:s0 tcontext=u:r:hht_ota_mgr:s0 tclass=udp_socket permissive=0
06-07 15:51:21.107 2711 2711 I auditd : type=1400 audit(0.0:40307123): avc: denied { read } for comm="event_loop" lport=13400 scontext=u:r:hht_ota_mgr:s0 tcontext=u:r:hht_ota_mgr:s0 tclass=udp_socket permissive=0
06-07 15:51:21.111 0 0 W [ 1799.788089] audit: audit_lost=40304995 audit_rate_limit=5 audit_backlog_limit=64
06-07 15:51:21.112 0 0 E [ 1799.788091] audit: rate limit exceeded
06-07 15:51:21.165 1539 1539 I sysui_multi_action: [757,1501,758,1,793,202,794,0,795,202,796,99,806,com.kugou.android,857,kg_normal,858,2,947,0,1500,0,1688,1]
06-07 15:51:21.165 1539 1539 I sysui_multi_action: [757,804,799,note_interruptive,801,0,802,1]
06-07 15:51:21.166 1539 1539 I GameModeConfig: isGameModeOn = false
06-07 15:51:21.167 1539 1539 W NotificationHistory: Attempted to add notif for locked/gone/disabled user 0
06-07 15:51:21.396 1539 1694 W BatteryExternalStatsWorker: error reading modem stats:ERROR_PHONE_NOT_AVAILABLE
06-07 15:51:21.444 1539 1694 E KernelCpuSpeedReader: Failed to read cpu-freq: /sys/devices/system/cpu/cpu4/cpufreq/stats/time_in_state: open failed: ENOENT (No such file or directory)
06-07 15:51:21.444 1539 1694 E KernelCpuSpeedReader: Failed to read cpu-freq: /sys/devices/system/cpu/cpu0/cpufreq/stats/time_in_state: open failed: ENOENT (No such file or directory)
06-07 15:51:21.499 1539 1671 I am_pss : [5470,10082,com.android.music,25358336,17985536,37888,139706368,0,4,7]
06-07 15:51:21.527 1539 1671 I commit_sys_config_file: [batterystats,5]
06-07 15:51:21.529 1539 1671 I commit_sys_config_file: [batterystats,1]
06-07 15:51:21.616 1539 23789 W ActivityManager: Receiver with filter android.content.IntentFilter@ac01bb5 already registered for pid 9595, callerPackage is com.kugou.android
06-07 15:51:21.855 0 0 I : [ 1800.532793] read descriptors
06-07 15:51:21.855 0 0 I : [ 1800.532911] read strings
06-07 15:51:22.107 2711 2711 I auditd : type=1400 audit(0.0:40555263): avc: denied { read } for comm="event_loop" lport=13400 scontext=u:r:hht_ota_mgr:s0 tcontext=u:r:hht_ota_mgr:s0 tclass=udp_socket permissive=0
06-07 15:51:22.111 2711 2711 I auditd : type=1400 audit(0.0:40555264): avc: denied { read } for comm="event_loop" lport=13400 scontext=u:r:hht_ota_mgr:s0 tcontext=u:r:hht_ota_mgr:s0 tclass=udp_socket permissive=0
06-07 15:51:22.111 2711 2711 I auditd : type=1400 audit(0.0:40555265): avc: denied { read } for comm="event_loop" lport=13400 scontext=u:r:hht_ota_mgr:s0 tcontext=u:r:hht_ota_mgr:s0 tclass=udp_socket permissive=0
06-07 15:51:22.111 2711 2711 I auditd : type=1400 audit(0.0:40555266): avc: denied { read } for comm="event_loop" lport=13400 scontext=u:r:hht_ota_mgr:s0 tcontext=u:r:hht_ota_mgr:s0 tclass=udp_socket permissive=0
06-07 15:51:22.111 2711 2711 I auditd : type=1400 audit(0.0:40555267): avc: denied { read } for comm="event_loop" lport=13400 scontext=u:r:hht_ota_mgr:s0 tcontext=u:r:hht_ota_mgr:s0 tclass=udp_socket permissive=0
06-07 15:51:22.117 0 0 W [ 1800.792086] audit: audit_lost=40553134 audit_rate_limit=5 audit_backlog_limit=64
06-07 15:51:22.117 0 0 E [ 1800.792088] audit: rate limit exceeded
06-07 15:51:22.138 1539 524 I thunderperf: PlatormCompat.setOverrides: Uid1=10100 Pid1=9595 Uid2=10100 Pid2=9595
06-07 15:51:22.138 1539 524 I thunderperf: PlatormCompat.setOverrides: needCheck:false
06-07 15:51:22.138 1539 524 W PackageManager: MATCH_ANY_USER flag requires INTERACT_ACROSS_USERS permission: UID 10100 requires android.permission.INTERACT_ACROSS_USERS_FULL or android.permission.INTERACT_ACROSS_USERS to access user 0.
06-07 15:51:22.139 1539 524 I ActivityTaskManager: START u0 {act=android.intent.action.MAIN cat=[android.intent.category.LAUNCHER] flg=0x10200000 cmp=com.kugou.android/.app.MediaActivity} from uid 10100
06-07 15:51:22.140 1539 524 D ActivityTaskManager: TaskLaunchParamsModifier:task=null activity=ActivityRecord{a9ef81c u0 com.kugou.android/.app.MediaActivity taskAffinity=10100:android.task.kugou display-area-from-source=DefaultTaskDisplayArea@11319769 display-id=0 display-windowing-mode=1 suggested-display-area=DefaultTaskDisplayArea@11319769
06-07 15:51:22.145 1539 524 D ActivityTaskManager: TaskLaunchParamsModifier:task=Task{4398835 #131 type=standard A=10100:android.task.kugou U=0 visible=true mode=freeform translucent=false sz=1 visible freeform task=true rootAffinity=10100:android.task.kugou isMini=false} activity=ActivityRecord{a9ef81c u0 com.kugou.android/.app.MediaActivity taskAffinity=10100:android.task.kugou t-1} display-area-from-source=DefaultTaskDisplayArea@11319769 display-id=0 display-windowing-mode=1 suggested-display-area=DefaultTaskDisplayArea@11319769 non-freeform-display display-area=DefaultTaskDisplayArea@11319769
06-07 15:51:22.147 1539 524 I wm_task_moved: [131,1,11]
06-07 15:51:22.147 1539 524 I wm_set_resumed_activity: [0,com.kugou.android/.app.splash.SplashActivity,positionChildAt]
06-07 15:51:22.147 1539 524 I wm_create_activity: [0,178190364,131,com.kugou.android/.app.MediaActivity,android.intent.action.MAIN,NULL,NULL,270532608]
06-07 15:51:22.148 1539 524 I wm_pause_activity: [0,192940652,com.kugou.android/.app.splash.SplashActivity,userLeaving=true,resumeTopActivityInnerLocked]
06-07 15:51:22.167 1539 524 W ActivityManager: Receiver with filter android.content.IntentFilter@91ff3c6 already registered for pid 9595, callerPackage is com.kugou.android
06-07 15:51:22.579 1539 1800 I commit_sys_config_file: [settings-2-0,5]
06-07 15:51:22.649 1539 1658 W ActivityTaskManager: Activity top resumed state loss timeout for ActivityRecord{b800a6c u0 com.kugou.android/.app.splash.SplashActivity taskAffinity=10100:android.task.kugou t131}
06-07 15:51:22.649 1539 1658 W ActivityTaskManager: Activity pause timeout for ActivityRecord{b800a6c u0 com.kugou.android/.app.splash.SplashActivity taskAffinity=10100:android.task.kugou t131}
06-07 15:51:22.650 1539 1658 I ActivityTaskManager: FOREGROUND_APPLICATION_CHANGED to com.kugou.android.app.MediaActivity
06-07 15:51:22.650 1539 1658 I ActivityTaskManager: The Process com.kugou.android Already Exists in BG. So sending its PID: 9595
06-07 15:51:22.651 1539 1658 W ActivityTaskManager: Tried to set launchTime (0) < mLastActivityLaunchTime (1797513)
06-07 15:51:22.653 1539 1658 I wm_restart_activity: [0,178190364,131,com.kugou.android/.app.MediaActivity]
06-07 15:51:22.656 1539 1658 I wm_set_resumed_activity: [0,com.kugou.android/.app.MediaActivity,minimalResumeActivityLocked]
06-07 15:51:22.658 1539 1829 I netstats_mobile_sample: [0,0,0,0,0,0,0,0,0,0,0,0,1686124282658]
06-07 15:51:22.659 1539 1829 I netstats_wifi_sample: [28494154,23196,1831566,7499,28494154,23196,1831566,7499,29476208,29123,1677311,6738,1686124282658]
06-07 15:51:22.662 1539 1658 I sysui_multi_action: [757,803,799,window_time_0,802,5]
06-07 15:51:22.727 1539 23789 D CompatibilityChangeReporter: Compat change id reported: 157233955; UID 10100; state: DISABLED
06-07 15:51:22.764 1539 23789 D ActivityTaskManager: Skipping, freeform mode : Task{4398835 #131 type=standard A=10100:android.task.kugou U=0 visible=true mode=freeform translucent=false sz=2 visible freeform task=true rootAffinity=10100:android.task.kugou isMini=false}
06-07 15:51:22.764 1539 23789 D ActivityTaskManager: Skipping, freeform mode : Task{bad5382 #123 type=standard A=10095:com.ss.android.ugc.aweme U=0 visible=false mode=freeform translucent=true sz=0 visible freeform task=true rootAffinity=10095:com.ss.android.ugc.aweme isMini=false}
06-07 15:51:22.866 1539 23314 W ActivityManager: Receiver with filter android.content.IntentFilter@645af74 already registered for pid 9920, callerPackage is com.kugou.android
06-07 15:51:22.890 0 0 I : [ 1801.568340] read descriptors
06-07 15:51:22.890 0 0 I : [ 1801.568383] read strings
06-07 15:51:22.917 1539 1539 I notification_enqueue: [10100,9920,com.kugou.android,99,NULL,0,Notification(channel=kg_play shortcut=null contentView=null vibrate=null sound=null defaults=0x0 flags=0x42 color=0x00000000 vis=PRIVATE),1]
06-07 15:51:22.968 1539 1539 I notification_enqueue: [10100,9920,com.kugou.android,99,NULL,0,Notification(channel=kg_play shortcut=null contentView=null vibrate=null sound=null defaults=0x0 flags=0x42 color=0x00000000 vis=PRIVATE),1]
06-07 15:51:22.995 9595 9976 D SubscriptionManager: [getSubId]- fail
06-07 15:51:22.998 9595 9976 D SubscriptionManager: [getSubId]- fail
06-07 15:51:23.117 1539 1539 I GameModeConfig: isGameModeOn = false
06-07 15:51:23.118 0 0 W [ 1801.796080] audit: audit_lost=40803098 audit_rate_limit=5 audit_backlog_limit=64
06-07 15:51:23.118 0 0 E [ 1801.796082] audit: rate limit exceeded
06-07 15:51:23.115 2711 2711 I auditd : type=1400 audit(0.0:40805232): avc: denied { read } for comm="event_loop" lport=13400 scontext=u:r:hht_ota_mgr:s0 tcontext=u:r:hht_ota_mgr:s0 tclass=udp_socket permissive=0
06-07 15:51:23.115 2711 2711 I auditd : type=1400 audit(0.0:40805233): avc: denied { read } for comm="event_loop" lport=13400 scontext=u:r:hht_ota_mgr:s0 tcontext=u:r:hht_ota_mgr:s0 tclass=udp_socket permissive=0
06-07 15:51:23.115 2711 2711 I auditd : type=1400 audit(0.0:40805234): avc: denied { read } for comm="event_loop" lport=13400 scontext=u:r:hht_ota_mgr:s0 tcontext=u:r:hht_ota_mgr:s0 tclass=udp_socket permissive=0
06-07 15:51:23.115 2711 2711 I auditd : type=1400 audit(0.0:40805235): avc: denied { read } for comm="event_loop" lport=13400 scontext=u:r:hht_ota_mgr:s0 tcontext=u:r:hht_ota_mgr:s0 tclass=udp_socket permissive=0
06-07 15:51:23.115 2711 2711 I auditd : type=1400 audit(0.0:40805236): avc: denied { read } for comm="event_loop" lport=13400 scontext=u:r:hht_ota_mgr:s0 tcontext=u:r:hht_ota_mgr:s0 tclass=udp_socket permissive=0
06-07 15:51:23.169 1539 1539 I GameModeConfig: isGameModeOn = false
06-07 15:51:23.336 1539 1539 I notification_enqueue: [10100,9920,com.kugou.android,99,NULL,0,Notification(channel=kg_play shortcut=null contentView=null vibrate=null sound=null defaults=0x0 flags=0x42 color=0x00000000 category=transport actions=5 vis=PUBLIC),1]
06-07 15:51:23.389 1539 32657 W ActivityManager: Receiver with filter android.content.IntentFilter@b898d5b already registered for pid 9920, callerPackage is com.kugou.android
06-07 15:51:23.537 1539 1539 I GameModeConfig: isGameModeOn = false
06-07 15:51:23.581 1539 1539 I sysui_multi_action: [757,128,758,5,759,8,793,35138,794,0,795,35138,796,1,797,empty_media,806,com.android.systemui,857,empty_media_style_id,858,4,946,empty_media,947,0,1500,34935,1641,transport,1688,1,1745,1043716538]
06-07 15:51:23.582 1539 1539 I notification_canceled: [0|com.android.systemui|1|empty_media|10078,8,35138,35138,0,-1,-1,NULL]
06-07 15:51:23.954 0 0 I : [ 1802.632248] read descriptors
06-07 15:51:23.954 0 0 I : [ 1802.632276] read strings
06-07 15:51:24.122 0 0 W [ 1802.800050] audit: audit_lost=41049441 audit_rate_limit=5 audit_backlog_limit=64
06-07 15:51:24.122 0 0 E [ 1802.800052] audit: rate limit exceeded
06-07 15:51:24.115 2711 2711 I auditd : type=1400 audit(0.0:41051580): avc: denied { read } for comm="event_loop" lport=13400 scontext=u:r:hht_ota_mgr:s0 tcontext=u:r:hht_ota_mgr:s0 tclass=udp_socket permissive=0
06-07 15:51:24.119 2711 2711 I auditd : type=1400 audit(0.0:41051581): avc: denied { read } for comm="event_loop" lport=13400 scontext=u:r:hht_ota_mgr:s0 tcontext=u:r:hht_ota_mgr:s0 tclass=udp_socket permissive=0
06-07 15:51:24.119 2711 2711 I auditd : type=1400 audit(0.0:41051582): avc: denied { read } for comm="event_loop" lport=13400 scontext=u:r:hht_ota_mgr:s0 tcontext=u:r:hht_ota_mgr:s0 tclass=udp_socket permissive=0
06-07 15:51:24.119 2711 2711 I auditd : type=1400 audit(0.0:41051583): avc: denied { read } for comm="event_loop" lport=13400 scontext=u:r:hht_ota_mgr:s0 tcontext=u:r:hht_ota_mgr:s0 tclass=udp_socket permissive=0
06-07 15:51:24.119 2711 2711 I auditd : type=1400 audit(0.0:41051584): avc: denied { read } for comm="event_loop" lport=13400 scontext=u:r:hht_ota_mgr:s0 tcontext=u:r:hht_ota_mgr:s0 tclass=udp_socket permissive=0
06-07 15:51:24.153 1539 23789 I wm_finish_activity: [0,192940652,131,com.kugou.android/.app.splash.SplashActivity,app-request]
06-07 15:51:24.154 1539 23789 I wm_add_to_stopping: [0,192940652,com.kugou.android/.app.splash.SplashActivity,completeFinishing]
06-07 15:51:24.168 9595 9595 I wm_on_top_resumed_lost_called: [192940652,com.kugou.android.app.splash.SplashActivity,topStateChangedWhenResumed]
06-07 15:51:24.171 9595 9595 I wm_on_paused_called: [192940652,com.kugou.android.app.splash.SplashActivity,performPause]
06-07 15:51:24.171 1539 32657 I wm_failed_to_pause: [0,192940652,com.kugou.android/.app.splash.SplashActivity,(none)]
06-07 15:51:24.219 1539 32657 W ActivityManager: Receiver with filter android.content.IntentFilter@284bd40 already registered for pid 9595, callerPackage is com.kugou.android
06-07 15:51:24.234 0 0 I [ 1802.911877] afe_find_cal_topo_id_by_port: port id: 0x9000, dev_acdb_id: 15
06-07 15:51:24.234 0 0 I [ 1802.911883] afe_find_cal_topo_id_by_port: top_id:112fc acdb_id:15 afe_port_id:0x9000
06-07 15:51:24.234 0 0 I [ 1802.911886] afe_get_cal_topology_id: port_id = 0x9000 acdb_id = 15 topology_id = 0x112fc cal_type_index=8 ret=0
06-07 15:51:24.234 0 0 I [ 1802.912088] afe_send_port_topology_id: AFE set topology id 0x112fc enable for port 0x9000 ret 0
06-07 15:51:24.234 0 0 I [ 1802.912091] send_afe_cal_type: cal_index is 0
06-07 15:51:24.234 0 0 I [ 1802.912094] send_afe_cal_type: dev_acdb_id[55] is 15
06-07 15:51:24.234 0 0 I [ 1802.912096] afe_find_cal: cal_index 0 port_id 0x9000 port_index 55
06-07 15:51:24.234 0 0 I [ 1802.912099] afe_find_cal: acdb_id 15 dev_acdb_id 15 sample_rate 48000 afe_sample_rates 48000
06-07 15:51:24.234 0 0 I [ 1802.912101] afe_find_cal: cal block is a match, size is 0
06-07 15:51:24.234 0 0 I [ 1802.912104] send_afe_cal_type: Sending cal_index cal 0
06-07 15:51:24.234 0 0 E [ 1802.912106] send_afe_cal_type: No cal sent for cal_index 0, port_id = 0x9000! ret -22
06-07 15:51:24.234 0 0 I [ 1802.912303] afe_send_hw_delay: port_id 0x9000 rate 48000 delay_usec 474 status 0
