06-07 15:49:43.727 2711 2711 I auditd : type=1400 audit(0.0:15672097): avc: denied { read } for comm="event_loop" lport=13400 scontext=u:r:hht_ota_mgr:s0 tcontext=u:r:hht_ota_mgr:s0 tclass=udp_socket permissive=0
06-07 15:49:43.727 2711 2711 I auditd : type=1400 audit(0.0:15672098): avc: denied { read } for comm="event_loop" lport=13400 scontext=u:r:hht_ota_mgr:s0 tcontext=u:r:hht_ota_mgr:s0 tclass=udp_socket permissive=0
06-07 15:49:43.737 0 0 W [ 1702.400055] audit: audit_lost=15670455 audit_rate_limit=5 audit_backlog_limit=64
06-07 15:49:43.737 0 0 E [ 1702.400057] audit: rate limit exceeded
06-07 15:49:43.959 1539 1658 W WindowManager: Unable to start animation, surface is null or no children.
06-07 15:49:44.015 1539 1829 I netstats_mobile_sample: [0,0,0,0,0,0,0,0,0,0,0,0,1686124184014]
06-07 15:49:44.015 1539 1829 I netstats_wifi_sample: [28488955,23167,1825606,7459,28488955,23167,1825606,7459,29471807,29096,1674331,6718,1686124184014]
06-07 15:49:44.530 0 0 I : [ 1703.196786] read descriptors
06-07 15:49:44.530 0 0 I : [ 1703.196914] read strings
06-07 15:49:44.731 2711 2711 I auditd : type=1400 audit(0.0:15927894): avc: denied { read } for comm="event_loop" lport=13400 scontext=u:r:hht_ota_mgr:s0 tcontext=u:r:hht_ota_mgr:s0 tclass=udp_socket permissive=0
06-07 15:49:44.731 2711 2711 I auditd : type=1400 audit(0.0:15927895): avc: denied { read } for comm="event_loop" lport=13400 scontext=u:r:hht_ota_mgr:s0 tcontext=u:r:hht_ota_mgr:s0 tclass=udp_socket permissive=0
06-07 15:49:44.731 2711 2711 I auditd : type=1400 audit(0.0:15927896): avc: denied { read } for comm="event_loop" lport=13400 scontext=u:r:hht_ota_mgr:s0 tcontext=u:r:hht_ota_mgr:s0 tclass=udp_socket permissive=0
06-07 15:49:44.731 2711 2711 I auditd : type=1400 audit(0.0:15927897): avc: denied { read } for comm="event_loop" lport=13400 scontext=u:r:hht_ota_mgr:s0 tcontext=u:r:hht_ota_mgr:s0 tclass=udp_socket permissive=0
06-07 15:49:44.731 2711 2711 I auditd : type=1400 audit(0.0:15927898): avc: denied { read } for comm="event_loop" lport=13400 scontext=u:r:hht_ota_mgr:s0 tcontext=u:r:hht_ota_mgr:s0 tclass=udp_socket permissive=0
06-07 15:49:44.738 0 0 W [ 1703.404053] audit: audit_lost=15926250 audit_rate_limit=5 audit_backlog_limit=64
06-07 15:49:44.738 0 0 E [ 1703.404054] audit: rate limit exceeded
06-07 15:49:45.576 0 0 I : [ 1704.244961] read descriptors
06-07 15:49:45.576 0 0 I : [ 1704.245155] read strings
06-07 15:49:45.735 2711 2711 I auditd : type=1400 audit(0.0:16183701): avc: denied { read } for comm="event_loop" lport=13400 scontext=u:r:hht_ota_mgr:s0 tcontext=u:r:hht_ota_mgr:s0 tclass=udp_socket permissive=0
06-07 15:49:45.738 0 0 W [ 1704.408068] audit: audit_lost=16182052 audit_rate_limit=5 audit_backlog_limit=64
06-07 15:49:45.738 0 0 E [ 1704.408069] audit: rate limit exceeded
06-07 15:49:45.735 2711 2711 I auditd : type=1400 audit(0.0:16183702): avc: denied { read } for comm="event_loop" lport=13400 scontext=u:r:hht_ota_mgr:s0 tcontext=u:r:hht_ota_mgr:s0 tclass=udp_socket permissive=0
06-07 15:49:45.735 2711 2711 I auditd : type=1400 audit(0.0:16183703): avc: denied { read } for comm="event_loop" lport=13400 scontext=u:r:hht_ota_mgr:s0 tcontext=u:r:hht_ota_mgr:s0 tclass=udp_socket permissive=0
06-07 15:49:45.735 2711 2711 I auditd : type=1400 audit(0.0:16183704): avc: denied { read } for comm="event_loop" lport=13400 scontext=u:r:hht_ota_mgr:s0 tcontext=u:r:hht_ota_mgr:s0 tclass=udp_socket permissive=0
06-07 15:49:45.735 2711 2711 I auditd : type=1400 audit(0.0:16183705): avc: denied { read } for comm="event_loop" lport=13400 scontext=u:r:hht_ota_mgr:s0 tcontext=u:r:hht_ota_mgr:s0 tclass=udp_socket permissive=0
06-07 15:49:46.609 0 0 I : [ 1705.277069] read descriptors
06-07 15:49:46.609 0 0 I : [ 1705.277208] read strings
06-07 15:49:46.735 2711 2711 I auditd : type=1400 audit(0.0:16438738): avc: denied { read } for comm="event_loop" lport=13400 scontext=u:r:hht_ota_mgr:s0 tcontext=u:r:hht_ota_mgr:s0 tclass=udp_socket permissive=0
06-07 15:49:46.739 2711 2711 I auditd : type=1400 audit(0.0:16438739): avc: denied { read } for comm="event_loop" lport=13400 scontext=u:r:hht_ota_mgr:s0 tcontext=u:r:hht_ota_mgr:s0 tclass=udp_socket permissive=0
06-07 15:49:46.739 2711 2711 I auditd : type=1400 audit(0.0:16438740): avc: denied { read } for comm="event_loop" lport=13400 scontext=u:r:hht_ota_mgr:s0 tcontext=u:r:hht_ota_mgr:s0 tclass=udp_socket permissive=0
06-07 15:49:46.739 2711 2711 I auditd : type=1400 audit(0.0:16438741): avc: denied { read } for comm="event_loop" lport=13400 scontext=u:r:hht_ota_mgr:s0 tcontext=u:r:hht_ota_mgr:s0 tclass=udp_socket permissive=0
06-07 15:49:46.739 2711 2711 I auditd : type=1400 audit(0.0:16438742): avc: denied { read } for comm="event_loop" lport=13400 scontext=u:r:hht_ota_mgr:s0 tcontext=u:r:hht_ota_mgr:s0 tclass=udp_socket permissive=0
06-07 15:49:46.746 0 0 W [ 1705.412049] audit: audit_lost=16437084 audit_rate_limit=5 audit_backlog_limit=64
06-07 15:49:46.746 0 0 E [ 1705.412050] audit: rate limit exceeded
06-07 15:49:47.647 0 0 I : [ 1706.313885] read descriptors
06-07 15:49:47.647 0 0 I : [ 1706.314074] read strings
06-07 15:49:47.746 0 0 W [ 1706.416047] audit: audit_lost=16692159 audit_rate_limit=5 audit_backlog_limit=64
06-07 15:49:47.746 0 0 E [ 1706.416049] audit: rate limit exceeded
06-07 15:49:47.739 2711 2711 I auditd : type=1400 audit(0.0:16693818): avc: denied { read } for comm="event_loop" lport=13400 scontext=u:r:hht_ota_mgr:s0 tcontext=u:r:hht_ota_mgr:s0 tclass=udp_socket permissive=0
06-07 15:49:47.743 2711 2711 I auditd : type=1400 audit(0.0:16693819): avc: denied { read } for comm="event_loop" lport=13400 scontext=u:r:hht_ota_mgr:s0 tcontext=u:r:hht_ota_mgr:s0 tclass=udp_socket permissive=0
06-07 15:49:47.743 2711 2711 I auditd : type=1400 audit(0.0:16693820): avc: denied { read } for comm="event_loop" lport=13400 scontext=u:r:hht_ota_mgr:s0 tcontext=u:r:hht_ota_mgr:s0 tclass=udp_socket permissive=0
06-07 15:49:47.743 2711 2711 I auditd : type=1400 audit(0.0:16693821): avc: denied { read } for comm="event_loop" lport=13400 scontext=u:r:hht_ota_mgr:s0 tcontext=u:r:hht_ota_mgr:s0 tclass=udp_socket permissive=0
06-07 15:49:47.743 2711 2711 I auditd : type=1400 audit(0.0:16693822): avc: denied { read } for comm="event_loop" lport=13400 scontext=u:r:hht_ota_mgr:s0 tcontext=u:r:hht_ota_mgr:s0 tclass=udp_socket permissive=0
06-07 15:49:48.696 0 0 I : [ 1707.364448] read descriptors
06-07 15:49:48.696 0 0 I : [ 1707.364529] read strings
06-07 15:49:48.747 2711 2711 I auditd : type=1400 audit(0.0:16949782): avc: denied { read } for comm="event_loop" lport=13400 scontext=u:r:hht_ota_mgr:s0 tcontext=u:r:hht_ota_mgr:s0 tclass=udp_socket permissive=0
06-07 15:49:48.747 2711 2711 I auditd : type=1400 audit(0.0:16949783): avc: denied { read } for comm="event_loop" lport=13400 scontext=u:r:hht_ota_mgr:s0 tcontext=u:r:hht_ota_mgr:s0 tclass=udp_socket permissive=0
06-07 15:49:48.747 2711 2711 I auditd : type=1400 audit(0.0:16949784): avc: denied { read } for comm="event_loop" lport=13400 scontext=u:r:hht_ota_mgr:s0 tcontext=u:r:hht_ota_mgr:s0 tclass=udp_socket permissive=0
06-07 15:49:48.747 2711 2711 I auditd : type=1400 audit(0.0:16949785): avc: denied { read } for comm="event_loop" lport=13400 scontext=u:r:hht_ota_mgr:s0 tcontext=u:r:hht_ota_mgr:s0 tclass=udp_socket permissive=0
06-07 15:49:48.747 2711 2711 I auditd : type=1400 audit(0.0:16949786): avc: denied { read } for comm="event_loop" lport=13400 scontext=u:r:hht_ota_mgr:s0 tcontext=u:r:hht_ota_mgr:s0 tclass=udp_socket permissive=0
06-07 15:49:48.754 0 0 W [ 1707.420052] audit: audit_lost=16948118 audit_rate_limit=5 audit_backlog_limit=64
06-07 15:49:48.754 0 0 E [ 1707.420054] audit: rate limit exceeded
06-07 15:49:49.736 0 0 I : [ 1708.404502] read descriptors
06-07 15:49:49.736 0 0 I : [ 1708.404607] read strings
06-07 15:49:49.751 2711 2711 I auditd : type=1400 audit(0.0:17205076): avc: denied { read } for comm="event_loop" lport=13400 scontext=u:r:hht_ota_mgr:s0 tcontext=u:r:hht_ota_mgr:s0 tclass=udp_socket permissive=0
06-07 15:49:49.751 2711 2711 I auditd : type=1400 audit(0.0:17205077): avc: denied { read } for comm="event_loop" lport=13400 scontext=u:r:hht_ota_mgr:s0 tcontext=u:r:hht_ota_mgr:s0 tclass=udp_socket permissive=0
06-07 15:49:49.751 2711 2711 I auditd : type=1400 audit(0.0:17205078): avc: denied { read } for comm="event_loop" lport=13400 scontext=u:r:hht_ota_mgr:s0 tcontext=u:r:hht_ota_mgr:s0 tclass=udp_socket permissive=0
06-07 15:49:49.751 2711 2711 I auditd : type=1400 audit(0.0:17205079): avc: denied { read } for comm="event_loop" lport=13400 scontext=u:r:hht_ota_mgr:s0 tcontext=u:r:hht_ota_mgr:s0 tclass=udp_socket permissive=0
06-07 15:49:49.751 2711 2711 I auditd : type=1400 audit(0.0:17205080): avc: denied { read } for comm="event_loop" lport=13400 scontext=u:r:hht_ota_mgr:s0 tcontext=u:r:hht_ota_mgr:s0 tclass=udp_socket permissive=0
06-07 15:49:49.758 0 0 W [ 1708.424067] audit: audit_lost=17203407 audit_rate_limit=5 audit_backlog_limit=64
06-07 15:49:49.758 0 0 E [ 1708.424068] audit: rate limit exceeded
06-07 15:49:49.963 2142 2142 I sqlite_mem_released: 0
06-07 15:49:49.964 2142 2142 I force_gc: mem
06-07 15:49:50.751 2711 2711 I auditd : type=1400 audit(0.0:17459965): avc: denied { read } for comm="event_loop" lport=13400 scontext=u:r:hht_ota_mgr:s0 tcontext=u:r:hht_ota_mgr:s0 tclass=udp_socket permissive=0
06-07 15:49:50.755 2711 2711 I auditd : type=1400 audit(0.0:17459966): avc: denied { read } for comm="event_loop" lport=13400 scontext=u:r:hht_ota_mgr:s0 tcontext=u:r:hht_ota_mgr:s0 tclass=udp_socket permissive=0
06-07 15:49:50.755 2711 2711 I auditd : type=1400 audit(0.0:17459967): avc: denied { read } for comm="event_loop" lport=13400 scontext=u:r:hht_ota_mgr:s0 tcontext=u:r:hht_ota_mgr:s0 tclass=udp_socket permissive=0
06-07 15:49:50.755 2711 2711 I auditd : type=1400 audit(0.0:17459968): avc: denied { read } for comm="event_loop" lport=13400 scontext=u:r:hht_ota_mgr:s0 tcontext=u:r:hht_ota_mgr:s0 tclass=udp_socket permissive=0
06-07 15:49:50.755 2711 2711 I auditd : type=1400 audit(0.0:17459969): avc: denied { read } for comm="event_loop" lport=13400 scontext=u:r:hht_ota_mgr:s0 tcontext=u:r:hht_ota_mgr:s0 tclass=udp_socket permissive=0
06-07 15:49:50.759 0 0 W [ 1709.428052] audit: audit_lost=17458291 audit_rate_limit=5 audit_backlog_limit=64
06-07 15:49:50.759 0 0 E [ 1709.428053] audit: rate limit exceeded
06-07 15:49:50.772 0 0 I : [ 1709.440384] read descriptors
06-07 15:49:50.772 0 0 I : [ 1709.440462] read strings
06-07 15:49:51.002 2140 7342 W ContextImpl: Calling a method in the system process without a qualified user: android.app.ContextImpl.sendBroadcast:1173 android.content.ContextWrapper.sendBroadcast:479 com.thundercomm.microsettings.action.SetTimeAction.timeUpdated:191 com.thundercomm.microsettings.action.SetTimeAction.update24HourFormat:173 com.thundercomm.microsettings.action.SetTimeAction.doActualAction:133
06-07 15:49:51.012 1539 1539 D DevicePolicyManager: updateSystemUpdateFreezePeriodsRecord
06-07 15:49:51.012 1539 1539 D ConditionProviders.SCP: onReceive android.intent.action.TIME_SET
06-07 15:49:51.013 1539 1675 I am_uid_running: 10057
06-07 15:49:51.013 1539 1539 D ConditionProviders.SCP: evaluateSubscriptionLocked cal=ScheduleCalendar[mDays={1, 2, 3, 4, 5, 6, 7}, mSchedule=ScheduleInfo{days=[1, 2, 3, 4, 5, 6, 7], startHour=22, startMinute=0, endHour=7, endMinute=0, exitAtAlarm=true, nextAlarm=Thu Jan 01 08:00:00 GMT+08:00 1970 (0)}], now=Wed Jun 07 15:49:51 GMT+08:00 2023 (1686124191012), nextUserAlarmTime=Thu Jan 01 08:00:00 GMT+08:00 1970 (0)
06-07 15:49:51.013 1539 1539 D ConditionProviders.SCP: notifyCondition condition://android/schedule?days=1.2.3.4.5.6.7&start=22.0&end=7.0&exitAtAlarm=true STATE_FALSE reason=!meetsSchedule
06-07 15:49:51.013 1539 1675 D CompatibilityChangeReporter: Compat change id reported: 135634846; UID 10057; state: DISABLED
06-07 15:49:51.013 1539 1675 D CompatibilityChangeReporter: Compat change id reported: 177438394; UID 10057; state: DISABLED
06-07 15:49:51.013 1539 1675 D CompatibilityChangeReporter: Compat change id reported: 135772972; UID 10057; state: DISABLED
06-07 15:49:51.013 1539 1539 D ConditionProviders.SCP: Scheduling evaluate for Wed Jun 07 22:00:00 GMT+08:00 2023 (1686146400000), in +6h10m8s988ms, now=Wed Jun 07 15:49:51 GMT+08:00 2023 (1686124191012)
06-07 15:49:51.014 1539 1675 D CompatibilityChangeReporter: Compat change id reported: 135754954; UID 10057; state: ENABLED
06-07 15:49:51.014 1539 1676 D CompatibilityChangeReporter: Compat change id reported: 143937733; UID 10057; state: ENABLED
06-07 15:49:51.014 1539 1845 I am_uid_running: 10028
06-07 15:49:51.015 1539 1845 D CompatibilityChangeReporter: Compat change id reported: 135634846; UID 10028; state: DISABLED
06-07 15:49:51.015 1539 1845 D CompatibilityChangeReporter: Compat change id reported: 177438394; UID 10028; state: DISABLED
06-07 15:49:51.015 1539 1845 D CompatibilityChangeReporter: Compat change id reported: 135772972; UID 10028; state: DISABLED
06-07 15:49:51.015 1539 1845 D CompatibilityChangeReporter: Compat change id reported: 135754954; UID 10028; state: ENABLED
06-07 15:49:51.019 1539 1539 D CompatibilityChangeReporter: Compat change id reported: 171306433; UID 1000; state: ENABLED
06-07 15:49:51.027 1539 1676 I am_proc_start: [0,7343,10057,com.qualcomm.timeservice,broadcast,{com.qualcomm.timeservice/com.qualcomm.timeservice.TimeServiceBroadcastReceiver}]
06-07 15:49:51.027 1539 1676 I ActivityManager: Start proc 7343:com.qualcomm.timeservice/u0a57 for broadcast {com.qualcomm.timeservice/com.qualcomm.timeservice.TimeServiceBroadcastReceiver}
06-07 15:49:51.027 1539 1676 D CompatibilityChangeReporter: Compat change id reported: 143937733; UID 10028; state: ENABLED
06-07 15:49:51.032 1539 1676 I am_proc_start: [0,7344,10028,com.android.providers.calendar,content provider,{com.android.providers.calendar/com.android.providers.calendar.CalendarProvider2}]
06-07 15:49:51.032 1539 1676 I ActivityManager: Start proc 7344:com.android.providers.calendar/u0a28 for content provider {com.android.providers.calendar/com.android.providers.calendar.CalendarProvider2}
06-07 15:49:51.044 0 0 I [ 1709.720380] binder: 7344:7344 ioctl 40046210 7ff2b03764 returned -22
06-07 15:49:51.045 1539 32760 I am_proc_bound: [0,7344,com.android.providers.calendar]
06-07 15:49:51.046 0 0 I [ 1709.722925] binder: 7343:7343 ioctl 40046210 7ff2b03764 returned -22
06-07 15:49:51.051 1539 32760 D CompatibilityChangeReporter: Compat change id reported: 168419799; UID 10028; state: DISABLED
06-07 15:49:51.053 1539 32760 I am_uid_active: 10028
06-07 15:49:51.054 1539 27183 I am_proc_bound: [0,7343,com.qualcomm.timeservice]
06-07 15:49:51.059 1539 27183 D CompatibilityChangeReporter: Compat change id reported: 168419799; UID 10057; state: DISABLED
06-07 15:49:51.083 1539 1845 D CompatibilityChangeReporter: Compat change id reported: 143231523; UID 1000; state: DISABLED
06-07 15:49:51.086 1539 3012 D CompatibilityChangeReporter: Compat change id reported: 143231523; UID 10028; state: DISABLED
06-07 15:49:51.340 1539 1829 I netstats_mobile_sample: [0,0,0,0,0,0,0,0,0,0,0,0,1686124191340]
06-07 15:49:51.340 1539 1829 I netstats_wifi_sample: [28490051,23171,1826202,7463,28490051,23171,1826202,7463,29472105,29098,1674629,6720,1686124191340]
06-07 15:49:51.342 0 0 I [ 1710.019696] binder: 5519:5834 ioctl 40046210 76dda3a1c4 returned -22
06-07 15:49:51.747 2711 2711 I auditd : type=1400 audit(0.0:17713741): avc: denied { read } for comm="event_loop" lport=13400 scontext=u:r:hht_ota_mgr:s0 tcontext=u:r:hht_ota_mgr:s0 tclass=udp_socket permissive=0
06-07 15:49:51.751 2711 2711 I auditd : type=1400 audit(0.0:17713742): avc: denied { read } for comm="event_loop" lport=13400 scontext=u:r:hht_ota_mgr:s0 tcontext=u:r:hht_ota_mgr:s0 tclass=udp_socket permissive=0
06-07 15:49:51.751 2711 2711 I auditd : type=1400 audit(0.0:17713743): avc: denied { read } for comm="event_loop" lport=13400 scontext=u:r:hht_ota_mgr:s0 tcontext=u:r:hht_ota_mgr:s0 tclass=udp_socket permissive=0
06-07 15:49:51.751 2711 2711 I auditd : type=1400 audit(0.0:17713744): avc: denied { read } for comm="event_loop" lport=13400 scontext=u:r:hht_ota_mgr:s0 tcontext=u:r:hht_ota_mgr:s0 tclass=udp_socket permissive=0
06-07 15:49:51.751 2711 2711 I auditd : type=1400 audit(0.0:17713745): avc: denied { read } for comm="event_loop" lport=13400 scontext=u:r:hht_ota_mgr:s0 tcontext=u:r:hht_ota_mgr:s0 tclass=udp_socket permissive=0
06-07 15:49:51.759 0 0 W [ 1710.432052] audit: audit_lost=17712062 audit_rate_limit=5 audit_backlog_limit=64
06-07 15:49:51.759 0 0 E [ 1710.432054] audit: rate limit exceeded
06-07 15:49:51.802 0 0 I : [ 1710.478830] read descriptors
06-07 15:49:51.802 0 0 I : [ 1710.479024] read strings
06-07 15:49:52.759 0 0 W [ 1711.436067] audit: audit_lost=17967236 audit_rate_limit=5 audit_backlog_limit=64
06-07 15:49:52.759 0 0 E [ 1711.436069] audit: rate limit exceeded
06-07 15:49:52.755 2711 2711 I auditd : type=1400 audit(0.0:17968920): avc: denied { read } for comm="event_loop" lport=13400 scontext=u:r:hht_ota_mgr:s0 tcontext=u:r:hht_ota_mgr:s0 tclass=udp_socket permissive=0
06-07 15:49:52.755 2711 2711 I auditd : type=1400 audit(0.0:17968921): avc: denied { read } for comm="event_loop" lport=13400 scontext=u:r:hht_ota_mgr:s0 tcontext=u:r:hht_ota_mgr:s0 tclass=udp_socket permissive=0
06-07 15:49:52.755 2711 2711 I auditd : type=1400 audit(0.0:17968922): avc: denied { read } for comm="event_loop" lport=13400 scontext=u:r:hht_ota_mgr:s0 tcontext=u:r:hht_ota_mgr:s0 tclass=udp_socket permissive=0
06-07 15:49:52.755 2711 2711 I auditd : type=1400 audit(0.0:17968923): avc: denied { read } for comm="event_loop" lport=13400 scontext=u:r:hht_ota_mgr:s0 tcontext=u:r:hht_ota_mgr:s0 tclass=udp_socket permissive=0
06-07 15:49:52.755 2711 2711 I auditd : type=1400 audit(0.0:17968924): avc: denied { read } for comm="event_loop" lport=13400 scontext=u:r:hht_ota_mgr:s0 tcontext=u:r:hht_ota_mgr:s0 tclass=udp_socket permissive=0
06-07 15:49:52.838 0 0 I : [ 1711.513852] read descriptors
06-07 15:49:52.838 0 0 I : [ 1711.513981] read strings
06-07 15:49:52.951 1539 1539 W WindowManager: removeWindowToken: Attempted to remove non-existing token: android.os.Binder@5466dcf
06-07 15:49:53.762 0 0 W [ 1712.440071] audit: audit_lost=18222994 audit_rate_limit=5 audit_backlog_limit=64
06-07 15:49:53.755 2711 2711 I auditd : type=1400 audit(0.0:18224683): avc: denied { read } for comm="event_loop" lport=13400 scontext=u:r:hht_ota_mgr:s0 tcontext=u:r:hht_ota_mgr:s0 tclass=udp_socket permissive=0
06-07 15:49:53.762 0 0 E [ 1712.440072] audit: rate limit exceeded
06-07 15:49:53.759 2711 2711 I auditd : type=1400 audit(0.0:18224684): avc: denied { read } for comm="event_loop" lport=13400 scontext=u:r:hht_ota_mgr:s0 tcontext=u:r:hht_ota_mgr:s0 tclass=udp_socket permissive=0
06-07 15:49:53.759 2711 2711 I auditd : type=1400 audit(0.0:18224685): avc: denied { read } for comm="event_loop" lport=13400 scontext=u:r:hht_ota_mgr:s0 tcontext=u:r:hht_ota_mgr:s0 tclass=udp_socket permissive=0
06-07 15:49:53.759 2711 2711 I auditd : type=1400 audit(0.0:18224686): avc: denied { read } for comm="event_loop" lport=13400 scontext=u:r:hht_ota_mgr:s0 tcontext=u:r:hht_ota_mgr:s0 tclass=udp_socket permissive=0
06-07 15:49:53.759 2711 2711 I auditd : type=1400 audit(0.0:18224687): avc: denied { read } for comm="event_loop" lport=13400 scontext=u:r:hht_ota_mgr:s0 tcontext=u:r:hht_ota_mgr:s0 tclass=udp_socket permissive=0
06-07 15:49:53.859 0 0 I : [ 1712.537072] read descriptors
06-07 15:49:53.863 0 0 I : [ 1712.537464] read strings
06-07 15:49:54.566 0 0 I [ 1713.240780] msm_vidc: high: 00000003: ....d: Opening video instance: 0000000000000000, 1
06-07 15:49:54.566 0 0 I [ 1713.240824] msm_vidc: err : 00000003: ....d: Failed to create debugfs for msm_vidc
06-07 15:49:54.578 0 0 I [ 1713.253269] msm_vidc: high: 00000002: h265d: Closed video instance: 0000000000000000
06-07 15:49:54.638 1539 27183 I MicroServiceManager: requestResult(requestAudioFocus) parameters is{"functionInfo":{"IDCM_AudioFocus":"AudioFocus_Media"}}.
06-07 15:49:54.763 2711 2711 I auditd : type=1400 audit(0.0:18477875): avc: denied { read } for comm="event_loop" lport=13400 scontext=u:r:hht_ota_mgr:s0 tcontext=u:r:hht_ota_mgr:s0 tclass=udp_socket permissive=0
06-07 15:49:54.763 2711 2711 I auditd : type=1400 audit(0.0:18477876): avc: denied { read } for comm="event_loop" lport=13400 scontext=u:r:hht_ota_mgr:s0 tcontext=u:r:hht_ota_mgr:s0 tclass=udp_socket permissive=0
06-07 15:49:54.763 2711 2711 I auditd : type=1400 audit(0.0:18477877): avc: denied { read } for comm="event_loop" lport=13400 scontext=u:r:hht_ota_mgr:s0 tcontext=u:r:hht_ota_mgr:s0 tclass=udp_socket permissive=0
06-07 15:49:54.763 2711 2711 I auditd : type=1400 audit(0.0:18477878): avc: denied { read } for comm="event_loop" lport=13400 scontext=u:r:hht_ota_mgr:s0 tcontext=u:r:hht_ota_mgr:s0 tclass=udp_socket permissive=0
06-07 15:49:54.763 2711 2711 I auditd : type=1400 audit(0.0:18477879): avc: denied { read } for comm="event_loop" lport=13400 scontext=u:r:hht_ota_mgr:s0 tcontext=u:r:hht_ota_mgr:s0 tclass=udp_socket permissive=0
06-07 15:49:54.770 0 0 W [ 1713.444049] audit: audit_lost=18476181 audit_rate_limit=5 audit_backlog_limit=64
06-07 15:49:54.770 0 0 E [ 1713.444051] audit: rate limit exceeded
06-07 15:49:54.886 0 0 I : [ 1713.560825] read descriptors
06-07 15:49:54.886 0 0 I : [ 1713.560947] read strings
06-07 15:49:55.129 1539 1829 I netstats_mobile_sample: [0,0,0,0,0,0,0,0,0,0,0,0,1686124195129]
06-07 15:49:55.129 1539 1829 I netstats_wifi_sample: [28490200,23172,1826500,7465,28490200,23172,1826500,7465,29472254,29099,1674778,6721,1686124195129]
06-07 15:49:55.767 2711 2711 I auditd : type=1400 audit(0.0:18732368): avc: denied { read } for comm="event_loop" lport=13400 scontext=u:r:hht_ota_mgr:s0 tcontext=u:r:hht_ota_mgr:s0 tclass=udp_socket permissive=0
06-07 15:49:55.767 2711 2711 I auditd : type=1400 audit(0.0:18732369): avc: denied { read } for comm="event_loop" lport=13400 scontext=u:r:hht_ota_mgr:s0 tcontext=u:r:hht_ota_mgr:s0 tclass=udp_socket permissive=0
06-07 15:49:55.767 2711 2711 I auditd : type=1400 audit(0.0:18732370): avc: denied { read } for comm="event_loop" lport=13400 scontext=u:r:hht_ota_mgr:s0 tcontext=u:r:hht_ota_mgr:s0 tclass=udp_socket permissive=0
06-07 15:49:55.767 2711 2711 I auditd : type=1400 audit(0.0:18732371): avc: denied { read } for comm="event_loop" lport=13400 scontext=u:r:hht_ota_mgr:s0 tcontext=u:r:hht_ota_mgr:s0 tclass=udp_socket permissive=0
06-07 15:49:55.767 2711 2711 I auditd : type=1400 audit(0.0:18732372): avc: denied { read } for comm="event_loop" lport=13400 scontext=u:r:hht_ota_mgr:s0 tcontext=u:r:hht_ota_mgr:s0 tclass=udp_socket permissive=0
06-07 15:49:55.774 0 0 W [ 1714.448071] audit: audit_lost=18730669 audit_rate_limit=5 audit_backlog_limit=64
06-07 15:49:55.774 0 0 E [ 1714.448072] audit: rate limit exceeded
06-07 15:49:55.908 0 0 I : [ 1714.584693] read descriptors
06-07 15:49:55.908 0 0 I : [ 1714.584816] read strings
06-07 15:49:56.771 2711 2711 I auditd : type=1400 audit(0.0:18987583): avc: denied { read } for comm="event_loop" lport=13400 scontext=u:r:hht_ota_mgr:s0 tcontext=u:r:hht_ota_mgr:s0 tclass=udp_socket permissive=0
06-07 15:49:56.774 0 0 W [ 1715.452055] audit: audit_lost=18985879 audit_rate_limit=5 audit_backlog_limit=64
06-07 15:49:56.774 0 0 E [ 1715.452057] audit: rate limit exceeded
06-07 15:49:56.771 2711 2711 I auditd : type=1400 audit(0.0:18987584): avc: denied { read } for comm="event_loop" lport=13400 scontext=u:r:hht_ota_mgr:s0 tcontext=u:r:hht_ota_mgr:s0 tclass=udp_socket permissive=0
06-07 15:49:56.771 2711 2711 I auditd : type=1400 audit(0.0:18987585): avc: denied { read } for comm="event_loop" lport=13400 scontext=u:r:hht_ota_mgr:s0 tcontext=u:r:hht_ota_mgr:s0 tclass=udp_socket permissive=0
06-07 15:49:56.771 2711 2711 I auditd : type=1400 audit(0.0:18987586): avc: denied { read } for comm="event_loop" lport=13400 scontext=u:r:hht_ota_mgr:s0 tcontext=u:r:hht_ota_mgr:s0 tclass=udp_socket permissive=0
06-07 15:49:56.771 2711 2711 I auditd : type=1400 audit(0.0:18987587): avc: denied { read } for comm="event_loop" lport=13400 scontext=u:r:hht_ota_mgr:s0 tcontext=u:r:hht_ota_mgr:s0 tclass=udp_socket permissive=0
06-07 15:49:56.936 0 0 I : [ 1715.609578] read descriptors
06-07 15:49:56.936 0 0 I : [ 1715.609803] read strings
06-07 15:49:57.430 1539 1829 I service_manager_stats: [100,64,41176]
06-07 15:49:57.430 1539 1829 I netstats_mobile_sample: [0,0,0,0,0,0,0,0,0,0,0,0,1686124197430]
06-07 15:49:57.431 1539 1829 I netstats_wifi_sample: [28490200,23172,1826500,7465,28490200,23172,1826500,7465,29472254,29099,1674778,6721,1686124197430]
06-07 15:49:57.670 0 0 I [ 1716.345190] init: processing action (sys.tlog.tlogdshc.active=1) from (/system/etc/init/tlogd.rc:195)
06-07 15:49:57.670 0 0 I [ 1716.345779] init: starting service 'tlogdshc'...
06-07 15:49:57.778 0 0 W [ 1716.456070] audit: audit_lost=19240286 audit_rate_limit=5 audit_backlog_limit=64
06-07 15:49:57.771 2711 2711 I auditd : type=1400 audit(0.0:19241995): avc: denied { read } for comm="event_loop" lport=13400 scontext=u:r:hht_ota_mgr:s0 tcontext=u:r:hht_ota_mgr:s0 tclass=udp_socket permissive=0
06-07 15:49:57.778 0 0 E [ 1716.456073] audit: rate limit exceeded
06-07 15:49:57.775 2711 2711 I auditd : type=1400 audit(0.0:19241996): avc: denied { read } for comm="event_loop" lport=13400 scontext=u:r:hht_ota_mgr:s0 tcontext=u:r:hht_ota_mgr:s0 tclass=udp_socket permissive=0
06-07 15:49:57.775 2711 2711 I auditd : type=1400 audit(0.0:19241997): avc: denied { read } for comm="event_loop" lport=13400 scontext=u:r:hht_ota_mgr:s0 tcontext=u:r:hht_ota_mgr:s0 tclass=udp_socket permissive=0
06-07 15:49:57.775 2711 2711 I auditd : type=1400 audit(0.0:19241998): avc: denied { read } for comm="event_loop" lport=13400 scontext=u:r:hht_ota_mgr:s0 tcontext=u:r:hht_ota_mgr:s0 tclass=udp_socket permissive=0
06-07 15:49:57.775 2711 2711 I auditd : type=1400 audit(0.0:19241999): avc: denied { read } for comm="event_loop" lport=13400 scontext=u:r:hht_ota_mgr:s0 tcontext=u:r:hht_ota_mgr:s0 tclass=udp_socket permissive=0
06-07 15:49:57.786 0 0 I [ 1716.462728] init: Service 'tlogdshc' (pid 7431) exited with status 0 oneshot service took 0.113000 seconds in background
06-07 15:49:57.786 0 0 I [ 1716.462753] init: Sending signal 9 to service 'tlogdshc' (pid 7431) process group...
06-07 15:49:57.786 0 0 I [ 1716.462916] libprocessgroup: Successfully killed process cgroup uid 0 pid 7431 in 0ms
06-07 15:49:57.974 0 0 I : [ 1716.648779] read descriptors
06-07 15:49:57.974 0 0 I : [ 1716.648922] read strings
06-07 15:49:58.522 1539 2058 W ActivityManager: Background start not allowed: service Intent { cmp=com.ss.android.ugc.aweme/com.bytedance.common.wschannel.server.WsChannelService } to com.ss.android.ugc.aweme/com.bytedance.common.wschannel.server.WsChannelService from pid=5475 uid=10095 pkg=com.ss.android.ugc.aweme startFg?=false
06-07 15:49:58.540 1539 2058 W ActivityManager: Background start not allowed: service Intent { cmp=com.ss.android.ugc.aweme/com.bytedance.common.wschannel.server.WsChannelService } to com.ss.android.ugc.aweme/com.bytedance.common.wschannel.server.WsChannelService from pid=6796 uid=10095 pkg=com.ss.android.ugc.aweme startFg?=false
06-07 15:49:58.568 1539 2058 W ActivityManager: Background start not allowed: service Intent { cmp=com.ss.android.ugc.aweme/com.bytedance.common.wschannel.client.WsClientService } to com.ss.android.ugc.aweme/com.bytedance.common.wschannel.client.WsClientService from pid=6796 uid=10095 pkg=com.ss.android.ugc.aweme startFg?=false
06-07 15:49:58.779 2711 2711 I auditd : type=1400 audit(0.0:19496262): avc: denied { read } for comm="event_loop" lport=13400 scontext=u:r:hht_ota_mgr:s0 tcontext=u:r:hht_ota_mgr:s0 tclass=udp_socket permissive=0
06-07 15:49:58.779 2711 2711 I auditd : type=1400 audit(0.0:19496263): avc: denied { read } for comm="event_loop" lport=13400 scontext=u:r:hht_ota_mgr:s0 tcontext=u:r:hht_ota_mgr:s0 tclass=udp_socket permissive=0
06-07 15:49:58.779 2711 2711 I auditd : type=1400 audit(0.0:19496264): avc: denied { read } for comm="event_loop" lport=13400 scontext=u:r:hht_ota_mgr:s0 tcontext=u:r:hht_ota_mgr:s0 tclass=udp_socket permissive=0
06-07 15:49:58.779 2711 2711 I auditd : type=1400 audit(0.0:19496265): avc: denied { read } for comm="event_loop" lport=13400 scontext=u:r:hht_ota_mgr:s0 tcontext=u:r:hht_ota_mgr:s0 tclass=udp_socket permissive=0
06-07 15:49:58.779 2711 2711 I auditd : type=1400 audit(0.0:19496266): avc: denied { read } for comm="event_loop" lport=13400 scontext=u:r:hht_ota_mgr:s0 tcontext=u:r:hht_ota_mgr:s0 tclass=udp_socket permissive=0
06-07 15:49:58.786 0 0 W [ 1717.460053] audit: audit_lost=19494548 audit_rate_limit=5 audit_backlog_limit=64
06-07 15:49:58.786 0 0 E [ 1717.460054] audit: rate limit exceeded
06-07 15:49:59.002 0 0 I : [ 1717.677432] read descriptors
06-07 15:49:59.002 0 0 I : [ 1717.677511] read strings
06-07 15:49:59.783 2711 2711 I auditd : type=1400 audit(0.0:19750983): avc: denied { read } for comm="event_loop" lport=13400 scontext=u:r:hht_ota_mgr:s0 tcontext=u:r:hht_ota_mgr:s0 tclass=udp_socket permissive=0
06-07 15:49:59.783 2711 2711 I auditd : type=1400 audit(0.0:19750984): avc: denied { read } for comm="event_loop" lport=13400 scontext=u:r:hht_ota_mgr:s0 tcontext=u:r:hht_ota_mgr:s0 tclass=udp_socket permissive=0
06-07 15:49:59.783 2711 2711 I auditd : type=1400 audit(0.0:19750985): avc: denied { read } for comm="event_loop" lport=13400 scontext=u:r:hht_ota_mgr:s0 tcontext=u:r:hht_ota_mgr:s0 tclass=udp_socket permissive=0
06-07 15:49:59.783 2711 2711 I auditd : type=1400 audit(0.0:19750986): avc: denied { read } for comm="event_loop" lport=13400 scontext=u:r:hht_ota_mgr:s0 tcontext=u:r:hht_ota_mgr:s0 tclass=udp_socket permissive=0
06-07 15:49:59.783 2711 2711 I auditd : type=1400 audit(0.0:19750987): avc: denied { read } for comm="event_loop" lport=13400 scontext=u:r:hht_ota_mgr:s0 tcontext=u:r:hht_ota_mgr:s0 tclass=udp_socket permissive=0
06-07 15:49:59.787 0 0 W [ 1718.464051] audit: audit_lost=19749264 audit_rate_limit=5 audit_backlog_limit=64
06-07 15:49:59.787 0 0 E [ 1718.464053] audit: rate limit exceeded
06-07 15:49:59.834 1539 1829 I netstats_mobile_sample: [0,0,0,0,0,0,0,0,0,0,0,0,1686124199834]
06-07 15:49:59.834 1539 1829 I netstats_wifi_sample: [28490349,23173,1826798,7467,28490349,23173,1826798,7467,29472403,29100,1674927,6722,1686124199834]
06-07 15:50:00.026 0 0 I : [ 1718.703170] read descriptors
06-07 15:50:00.026 0 0 I : [ 1718.703247] read strings
06-07 15:50:00.065 1539 2058 W ActivityManager: Background start not allowed: service Intent { cmp=com.ss.android.ugc.aweme/com.ss.android.socialbase.downloader.downloader.DownloadService } to com.ss.android.ugc.aweme/com.ss.android.socialbase.downloader.downloader.DownloadService from pid=5475 uid=10095 pkg=com.ss.android.ugc.aweme startFg?=false
06-07 15:50:00.563 1539 2058 W ActivityManager: Background start not allowed: service Intent { act=com.bytedance.article.wschannel.appstate cmp=com.ss.android.ugc.aweme/com.bytedance.common.wschannel.server.WsChannelService (has extras) } to com.ss.android.ugc.aweme/com.bytedance.common.wschannel.server.WsChannelService from pid=5475 uid=10095 pkg=com.ss.android.ugc.aweme startFg?=false
06-07 15:50:00.790 0 0 W [ 1719.468059] audit: audit_lost=20003583 audit_rate_limit=5 audit_backlog_limit=64
06-07 15:50:00.790 0 0 E [ 1719.468061] audit: rate limit exceeded
06-07 15:50:00.787 2711 2711 I auditd : type=1400 audit(0.0:20005307): avc: denied { read } for comm="event_loop" lport=13400 scontext=u:r:hht_ota_mgr:s0 tcontext=u:r:hht_ota_mgr:s0 tclass=udp_socket permissive=0
06-07 15:50:00.787 2711 2711 I auditd : type=1400 audit(0.0:20005308): avc: denied { read } for comm="event_loop" lport=13400 scontext=u:r:hht_ota_mgr:s0 tcontext=u:r:hht_ota_mgr:s0 tclass=udp_socket permissive=0
06-07 15:50:00.787 2711 2711 I auditd : type=1400 audit(0.0:20005309): avc: denied { read } for comm="event_loop" lport=13400 scontext=u:r:hht_ota_mgr:s0 tcontext=u:r:hht_ota_mgr:s0 tclass=udp_socket permissive=0
06-07 15:50:00.787 2711 2711 I auditd : type=1400 audit(0.0:20005310): avc: denied { read } for comm="event_loop" lport=13400 scontext=u:r:hht_ota_mgr:s0 tcontext=u:r:hht_ota_mgr:s0 tclass=udp_socket permissive=0
06-07 15:50:00.787 2711 2711 I auditd : type=1400 audit(0.0:20005311): avc: denied { read } for comm="event_loop" lport=13400 scontext=u:r:hht_ota_mgr:s0 tcontext=u:r:hht_ota_mgr:s0 tclass=udp_socket permissive=0
06-07 15:50:01.064 0 0 I : [ 1719.736525] read descriptors
06-07 15:50:01.064 0 0 I : [ 1719.736602] read strings
06-07 15:50:01.791 2711 2711 I auditd : type=1400 audit(0.0:20260801): avc: denied { read } for comm="event_loop" lport=13400 scontext=u:r:hht_ota_mgr:s0 tcontext=u:r:hht_ota_mgr:s0 tclass=udp_socket permissive=0
06-07 15:50:01.795 0 0 W [ 1720.472098] audit: audit_lost=20259072 audit_rate_limit=5 audit_backlog_limit=64
06-07 15:50:01.795 0 0 E [ 1720.472100] audit: rate limit exceeded
06-07 15:50:01.791 2711 2711 I auditd : type=1400 audit(0.0:20260802): avc: denied { read } for comm="event_loop" lport=13400 scontext=u:r:hht_ota_mgr:s0 tcontext=u:r:hht_ota_mgr:s0 tclass=udp_socket permissive=0
06-07 15:50:01.791 2711 2711 I auditd : type=1400 audit(0.0:20260803): avc: denied { read } for comm="event_loop" lport=13400 scontext=u:r:hht_ota_mgr:s0 tcontext=u:r:hht_ota_mgr:s0 tclass=udp_socket permissive=0
06-07 15:50:01.791 2711 2711 I auditd : type=1400 audit(0.0:20260804): avc: denied { read } for comm="event_loop" lport=13400 scontext=u:r:hht_ota_mgr:s0 tcontext=u:r:hht_ota_mgr:s0 tclass=udp_socket permissive=0
06-07 15:50:01.791 2711 2711 I auditd : type=1400 audit(0.0:20260805): avc: denied { read } for comm="event_loop" lport=13400 scontext=u:r:hht_ota_mgr:s0 tcontext=u:r:hht_ota_mgr:s0 tclass=udp_socket permissive=0
06-07 15:50:02.045 1539 1829 I netstats_mobile_sample: [0,0,0,0,0,0,0,0,0,0,0,0,1686124202045]
06-07 15:50:02.046 1539 1829 I netstats_wifi_sample: [28490349,23173,1826798,7467,28490349,23173,1826798,7467,29472403,29100,1674927,6722,1686124202045]
06-07 15:50:02.051 1539 3012 D CompatibilityChangeReporter: Compat change id reported: 157233955; UID 10097; state: DISABLED
06-07 15:50:02.123 0 0 I : [ 1720.796384] read descriptors
06-07 15:50:02.123 0 0 I : [ 1720.796504] read strings
06-07 15:50:02.795 2711 2711 I auditd : type=1400 audit(0.0:20515413): avc: denied { read } for comm="event_loop" lport=13400 scontext=u:r:hht_ota_mgr:s0 tcontext=u:r:hht_ota_mgr:s0 tclass=udp_socket permissive=0
06-07 15:50:02.795 2711 2711 I auditd : type=1400 audit(0.0:20515414): avc: denied { read } for comm="event_loop" lport=13400 scontext=u:r:hht_ota_mgr:s0 tcontext=u:r:hht_ota_mgr:s0 tclass=udp_socket permissive=0
06-07 15:50:02.795 2711 2711 I auditd : type=1400 audit(0.0:20515415): avc: denied { read } for comm="event_loop" lport=13400 scontext=u:r:hht_ota_mgr:s0 tcontext=u:r:hht_ota_mgr:s0 tclass=udp_socket permissive=0
06-07 15:50:02.795 2711 2711 I auditd : type=1400 audit(0.0:20515416): avc: denied { read } for comm="event_loop" lport=13400 scontext=u:r:hht_ota_mgr:s0 tcontext=u:r:hht_ota_mgr:s0 tclass=udp_socket permissive=0
06-07 15:50:02.795 2711 2711 I auditd : type=1400 audit(0.0:20515417): avc: denied { read } for comm="event_loop" lport=13400 scontext=u:r:hht_ota_mgr:s0 tcontext=u:r:hht_ota_mgr:s0 tclass=udp_socket permissive=0
06-07 15:50:02.802 0 0 W [ 1721.476051] audit: audit_lost=20513679 audit_rate_limit=5 audit_backlog_limit=64
06-07 15:50:02.802 0 0 E [ 1721.476053] audit: rate limit exceeded
06-07 15:50:03.150 0 0 I : [ 1721.824655] read descriptors
06-07 15:50:03.150 0 0 I : [ 1721.824786] read strings
06-07 15:50:03.799 2711 2711 I auditd : type=1400 audit(0.0:20770129): avc: denied { read } for comm="event_loop" lport=13400 scontext=u:r:hht_ota_mgr:s0 tcontext=u:r:hht_ota_mgr:s0 tclass=udp_socket permissive=0
06-07 15:50:03.799 2711 2711 I auditd : type=1400 audit(0.0:20770130): avc: denied { read } for comm="event_loop" lport=13400 scontext=u:r:hht_ota_mgr:s0 tcontext=u:r:hht_ota_mgr:s0 tclass=udp_socket permissive=0
06-07 15:50:03.799 2711 2711 I auditd : type=1400 audit(0.0:20770131): avc: denied { read } for comm="event_loop" lport=13400 scontext=u:r:hht_ota_mgr:s0 tcontext=u:r:hht_ota_mgr:s0 tclass=udp_socket permissive=0
06-07 15:50:03.799 2711 2711 I auditd : type=1400 audit(0.0:20770132): avc: denied { read } for comm="event_loop" lport=13400 scontext=u:r:hht_ota_mgr:s0 tcontext=u:r:hht_ota_mgr:s0 tclass=udp_socket permissive=0
06-07 15:50:03.799 2711 2711 I auditd : type=1400 audit(0.0:20770133): avc: denied { read } for comm="event_loop" lport=13400 scontext=u:r:hht_ota_mgr:s0 tcontext=u:r:hht_ota_mgr:s0 tclass=udp_socket permissive=0
06-07 15:50:03.806 0 0 W [ 1722.480057] audit: audit_lost=20768390 audit_rate_limit=5 audit_backlog_limit=64
06-07 15:50:03.806 0 0 E [ 1722.480059] audit: rate limit exceeded
06-07 15:50:04.174 0 0 I : [ 1722.848883] read descriptors
06-07 15:50:04.174 0 0 I : [ 1722.849078] read strings
06-07 15:50:04.803 2711 2711 I auditd : type=1400 audit(0.0:21025134): avc: denied { read } for comm="event_loop" lport=13400 scontext=u:r:hht_ota_mgr:s0 tcontext=u:r:hht_ota_mgr:s0 tclass=udp_socket permissive=0
06-07 15:50:04.803 2711 2711 I auditd : type=1400 audit(0.0:21025135): avc: denied { read } for comm="event_loop" lport=13400 scontext=u:r:hht_ota_mgr:s0 tcontext=u:r:hht_ota_mgr:s0 tclass=udp_socket permissive=0
06-07 15:50:04.803 2711 2711 I auditd : type=1400 audit(0.0:21025136): avc: denied { read } for comm="event_loop" lport=13400 scontext=u:r:hht_ota_mgr:s0 tcontext=u:r:hht_ota_mgr:s0 tclass=udp_socket permissive=0
06-07 15:50:04.803 2711 2711 I auditd : type=1400 audit(0.0:21025137): avc: denied { read } for comm="event_loop" lport=13400 scontext=u:r:hht_ota_mgr:s0 tcontext=u:r:hht_ota_mgr:s0 tclass=udp_socket permissive=0
06-07 15:50:04.803 2711 2711 I auditd : type=1400 audit(0.0:21025138): avc: denied { read } for comm="event_loop" lport=13400 scontext=u:r:hht_ota_mgr:s0 tcontext=u:r:hht_ota_mgr:s0 tclass=udp_socket permissive=0
06-07 15:50:04.810 0 0 W [ 1723.484055] audit: audit_lost=21023390 audit_rate_limit=5 audit_backlog_limit=64
06-07 15:50:04.810 0 0 E [ 1723.484057] audit: rate limit exceeded
06-07 15:50:05.222 0 0 I : [ 1723.897196] read descriptors
06-07 15:50:05.222 0 0 I : [ 1723.897387] read strings
06-07 15:50:05.807 2711 2711 I auditd : type=1400 audit(0.0:21279445): avc: denied { read } for comm="event_loop" lport=13400 scontext=u:r:hht_ota_mgr:s0 tcontext=u:r:hht_ota_mgr:s0 tclass=udp_socket permissive=0
06-07 15:50:05.807 2711 2711 I auditd : type=1400 audit(0.0:21279446): avc: denied { read } for comm="event_loop" lport=13400 scontext=u:r:hht_ota_mgr:s0 tcontext=u:r:hht_ota_mgr:s0 tclass=udp_socket permissive=0
06-07 15:50:05.807 2711 2711 I auditd : type=1400 audit(0.0:21279447): avc: denied { read } for comm="event_loop" lport=13400 scontext=u:r:hht_ota_mgr:s0 tcontext=u:r:hht_ota_mgr:s0 tclass=udp_socket permissive=0
06-07 15:50:05.807 2711 2711 I auditd : type=1400 audit(0.0:21279448): avc: denied { read } for comm="event_loop" lport=13400 scontext=u:r:hht_ota_mgr:s0 tcontext=u:r:hht_ota_mgr:s0 tclass=udp_socket permissive=0
06-07 15:50:05.807 2711 2711 I auditd : type=1400 audit(0.0:21279449): avc: denied { read } for comm="event_loop" lport=13400 scontext=u:r:hht_ota_mgr:s0 tcontext=u:r:hht_ota_mgr:s0 tclass=udp_socket permissive=0
06-07 15:50:05.811 0 0 W [ 1724.488070] audit: audit_lost=21277696 audit_rate_limit=5 audit_backlog_limit=64
06-07 15:50:05.811 0 0 E [ 1724.488071] audit: rate limit exceeded
06-07 15:50:06.262 0 0 I : [ 1724.936940] read descriptors
06-07 15:50:06.262 0 0 I : [ 1724.937130] read strings
06-07 15:50:06.807 2711 2711 I auditd : type=1400 audit(0.0:21533513): avc: denied { read } for comm="event_loop" lport=13400 scontext=u:r:hht_ota_mgr:s0 tcontext=u:r:hht_ota_mgr:s0 tclass=udp_socket permissive=0
06-07 15:50:06.814 0 0 W [ 1725.492055] audit: audit_lost=21531759 audit_rate_limit=5 audit_backlog_limit=64
06-07 15:50:06.814 0 0 E [ 1725.492056] audit: rate limit exceeded
06-07 15:50:06.811 2711 2711 I auditd : type=1400 audit(0.0:21533514): avc: denied { read } for comm="event_loop" lport=13400 scontext=u:r:hht_ota_mgr:s0 tcontext=u:r:hht_ota_mgr:s0 tclass=udp_socket permissive=0
06-07 15:50:06.811 2711 2711 I auditd : type=1400 audit(0.0:21533515): avc: denied { read } for comm="event_loop" lport=13400 scontext=u:r:hht_ota_mgr:s0 tcontext=u:r:hht_ota_mgr:s0 tclass=udp_socket permissive=0
06-07 15:50:06.811 2711 2711 I auditd : type=1400 audit(0.0:21533516): avc: denied { read } for comm="event_loop" lport=13400 scontext=u:r:hht_ota_mgr:s0 tcontext=u:r:hht_ota_mgr:s0 tclass=udp_socket permissive=0
06-07 15:50:06.811 2711 2711 I auditd : type=1400 audit(0.0:21533517): avc: denied { read } for comm="event_loop" lport=13400 scontext=u:r:hht_ota_mgr:s0 tcontext=u:r:hht_ota_mgr:s0 tclass=udp_socket permissive=0
06-07 15:50:07.051 2140 2140 I force_gc: mem
06-07 15:50:07.283 0 0 I : [ 1725.960881] read descriptors
06-07 15:50:07.283 0 0 I : [ 1725.961047] read strings
06-07 15:50:07.815 2711 2711 I auditd : type=1400 audit(0.0:21787612): avc: denied { read } for comm="event_loop" lport=13400 scontext=u:r:hht_ota_mgr:s0 tcontext=u:r:hht_ota_mgr:s0 tclass=udp_socket permissive=0
06-07 15:50:07.815 2711 2711 I auditd : type=1400 audit(0.0:21787613): avc: denied { read } for comm="event_loop" lport=13400 scontext=u:r:hht_ota_mgr:s0 tcontext=u:r:hht_ota_mgr:s0 tclass=udp_socket permissive=0
06-07 15:50:07.815 2711 2711 I auditd : type=1400 audit(0.0:21787614): avc: denied { read } for comm="event_loop" lport=13400 scontext=u:r:hht_ota_mgr:s0 tcontext=u:r:hht_ota_mgr:s0 tclass=udp_socket permissive=0
06-07 15:50:07.815 2711 2711 I auditd : type=1400 audit(0.0:21787615): avc: denied { read } for comm="event_loop" lport=13400 scontext=u:r:hht_ota_mgr:s0 tcontext=u:r:hht_ota_mgr:s0 tclass=udp_socket permissive=0
06-07 15:50:07.815 2711 2711 I auditd : type=1400 audit(0.0:21787616): avc: denied { read } for comm="event_loop" lport=13400 scontext=u:r:hht_ota_mgr:s0 tcontext=u:r:hht_ota_mgr:s0 tclass=udp_socket permissive=0
06-07 15:50:07.822 0 0 W [ 1726.496057] audit: audit_lost=21785853 audit_rate_limit=5 audit_backlog_limit=64
06-07 15:50:07.822 0 0 E [ 1726.496059] audit: rate limit exceeded
06-07 15:50:08.318 0 0 I : [ 1726.992679] read descriptors
06-07 15:50:08.318 0 0 I : [ 1726.992787] read strings
06-07 15:50:08.819 2711 2711 I auditd : type=1400 audit(0.0:22042842): avc: denied { read } for comm="event_loop" lport=13400 scontext=u:r:hht_ota_mgr:s0 tcontext=u:r:hht_ota_mgr:s0 tclass=udp_socket permissive=0
06-07 15:50:08.819 2711 2711 I auditd : type=1400 audit(0.0:22042843): avc: denied { read } for comm="event_loop" lport=13400 scontext=u:r:hht_ota_mgr:s0 tcontext=u:r:hht_ota_mgr:s0 tclass=udp_socket permissive=0
06-07 15:50:08.819 2711 2711 I auditd : type=1400 audit(0.0:22042844): avc: denied { read } for comm="event_loop" lport=13400 scontext=u:r:hht_ota_mgr:s0 tcontext=u:r:hht_ota_mgr:s0 tclass=udp_socket permissive=0
06-07 15:50:08.819 2711 2711 I auditd : type=1400 audit(0.0:22042845): avc: denied { read } for comm="event_loop" lport=13400 scontext=u:r:hht_ota_mgr:s0 tcontext=u:r:hht_ota_mgr:s0 tclass=udp_socket permissive=0
06-07 15:50:08.819 2711 2711 I auditd : type=1400 audit(0.0:22042846): avc: denied { read } for comm="event_loop" lport=13400 scontext=u:r:hht_ota_mgr:s0 tcontext=u:r:hht_ota_mgr:s0 tclass=udp_socket permissive=0
06-07 15:50:08.826 0 0 W [ 1727.500055] audit: audit_lost=22041078 audit_rate_limit=5 audit_backlog_limit=64
06-07 15:50:08.826 0 0 E [ 1727.500057] audit: rate limit exceeded
06-07 15:50:09.370 0 0 I : [ 1728.045049] read descriptors
06-07 15:50:09.370 0 0 I : [ 1728.045234] read strings
06-07 15:50:09.826 0 0 I [ 1728.503031] msm_vidc: high: 00000002: ....d: Opening video instance: 0000000000000000, 1
06-07 15:50:09.826 0 0 I [ 1728.503090] msm_vidc: err : 00000002: ....d: Failed to create debugfs for msm_vidc
06-07 15:50:09.826 0 0 W [ 1728.504082] audit: audit_lost=22295312 audit_rate_limit=5 audit_backlog_limit=64
06-07 15:50:09.826 0 0 E [ 1728.504084] audit: rate limit exceeded
06-07 15:50:09.823 2711 2711 I auditd : type=1400 audit(0.0:22297081): avc: denied { read } for comm="event_loop" lport=13400 scontext=u:r:hht_ota_mgr:s0 tcontext=u:r:hht_ota_mgr:s0 tclass=udp_socket permissive=0
06-07 15:50:09.823 2711 2711 I auditd : type=1400 audit(0.0:22297082): avc: denied { read } for comm="event_loop" lport=13400 scontext=u:r:hht_ota_mgr:s0 tcontext=u:r:hht_ota_mgr:s0 tclass=udp_socket permissive=0
06-07 15:50:09.823 2711 2711 I auditd : type=1400 audit(0.0:22297083): avc: denied { read } for comm="event_loop" lport=13400 scontext=u:r:hht_ota_mgr:s0 tcontext=u:r:hht_ota_mgr:s0 tclass=udp_socket permissive=0
06-07 15:50:09.823 2711 2711 I auditd : type=1400 audit(0.0:22297084): avc: denied { read } for comm="event_loop" lport=13400 scontext=u:r:hht_ota_mgr:s0 tcontext=u:r:hht_ota_mgr:s0 tclass=udp_socket permissive=0
06-07 15:50:09.823 2711 2711 I auditd : type=1400 audit(0.0:22297085): avc: denied { read } for comm="event_loop" lport=13400 scontext=u:r:hht_ota_mgr:s0 tcontext=u:r:hht_ota_mgr:s0 tclass=udp_socket permissive=0
06-07 15:50:09.832 0 0 I [ 1728.508803] msm_vidc: high: 00000003: h265d: Closed video instance: 0000000000000000
06-07 15:50:09.935 1539 3012 I MicroServiceManager: requestResult(requestAudioFocus) parameters is{"functionInfo":{"IDCM_AudioFocus":"AudioFocus_Media"}}.
06-07 15:50:10.414 0 0 I : [ 1729.090067] read descriptors
06-07 15:50:10.414 0 0 I : [ 1729.090191] read strings
06-07 15:50:10.830 0 0 W [ 1729.508059] audit: audit_lost=22550074 audit_rate_limit=5 audit_backlog_limit=64
06-07 15:50:10.830 0 0 E [ 1729.508063] audit: rate limit exceeded
06-07 15:50:10.823 2711 2711 I auditd : type=1400 audit(0.0:22551848): avc: denied { read } for comm="event_loop" lport=13400 scontext=u:r:hht_ota_mgr:s0 tcontext=u:r:hht_ota_mgr:s0 tclass=udp_socket permissive=0
06-07 15:50:10.827 2711 2711 I auditd : type=1400 audit(0.0:22551849): avc: denied { read } for comm="event_loop" lport=13400 scontext=u:r:hht_ota_mgr:s0 tcontext=u:r:hht_ota_mgr:s0 tclass=udp_socket permissive=0
06-07 15:50:10.827 2711 2711 I auditd : type=1400 audit(0.0:22551850): avc: denied { read } for comm="event_loop" lport=13400 scontext=u:r:hht_ota_mgr:s0 tcontext=u:r:hht_ota_mgr:s0 tclass=udp_socket permissive=0
06-07 15:50:10.827 2711 2711 I auditd : type=1400 audit(0.0:22551851): avc: denied { read } for comm="event_loop" lport=13400 scontext=u:r:hht_ota_mgr:s0 tcontext=u:r:hht_ota_mgr:s0 tclass=udp_socket permissive=0
06-07 15:50:10.827 2711 2711 I auditd : type=1400 audit(0.0:22551852): avc: denied { read } for comm="event_loop" lport=13400 scontext=u:r:hht_ota_mgr:s0 tcontext=u:r:hht_ota_mgr:s0 tclass=udp_socket permissive=0
06-07 15:50:11.434 0 0 I : [ 1730.111390] read descriptors
06-07 15:50:11.434 0 0 I : [ 1730.111481] read strings
06-07 15:50:11.445 1539 1811 I input_interaction: Interaction with: 5ec3cd2 com.qiyi.video/org.iqiyi.video.activity.PlayerActivity (server), edge-swipe (server), swipe-up (server), PointerEventDispatcher0 (server),
06-07 15:50:11.455 1539 27183 D ActivityTaskManager: Skipping, freeform mode : Task{d5ee83b #126 type=standard A=10100:android.task.kugou U=0 visible=false mode=freeform translucent=true sz=0 visible freeform task=true rootAffinity=10100:android.task.kugou isMini=false}
06-07 15:50:11.455 1539 27183 D ActivityTaskManager: Skipping, freeform mode : Task{bad5382 #123 type=standard A=10095:com.ss.android.ugc.aweme U=0 visible=false mode=freeform translucent=true sz=0 visible freeform task=true rootAffinity=10095:com.ss.android.ugc.aweme isMini=false}
06-07 15:50:11.459 1539 27183 I wm_task_moved: [1,0,0]
06-07 15:50:11.459 1539 27183 I wm_task_moved: [1,0,8]
06-07 15:50:11.461 3492 3492 I view_enqueue_input_event: [Motion - Cancel,com.qiyi.video/org.iqiyi.video.activity.PlayerActivity]
06-07 15:50:11.467 2594 2594 I wm_on_restart_called: [106440759,com.android.launcher3.uioverrides.QuickstepLauncher,performRestartActivity]
06-07 15:50:11.470 1539 1811 I input_interaction: Interaction with: edge-swipe (server), swipe-up (server), PointerEventDispatcher0 (server),
06-07 15:50:11.544 2594 2594 I wm_on_start_called: [106440759,com.android.launcher3.uioverrides.QuickstepLauncher,handleStartActivity]
06-07 15:50:11.550 1539 1659 I input_focus: [Focus request recents_animation_input_consumer,reason=UpdateInputWindows]
06-07 15:50:11.560 2594 2594 I sysui_latency: [1,117]
06-07 15:50:11.569 1539 1811 I input_focus: [Focus leaving 5ec3cd2 com.qiyi.video/org.iqiyi.video.activity.PlayerActivity (server),reason=NOT_FOCUSABLE]
06-07 15:50:11.569 1539 1811 I input_focus: [Focus entering recents_animation_input_consumer (server),reason=setFocusedWindow]
06-07 15:50:11.579 1539 1655 I sysui_multi_action: [319,6,322,108,325,1730,757,761,758,9,759,5,806,com.android.launcher3,871,com.android.launcher3.uioverrides.QuickstepLauncher,905,0,1320,4,1321,1]
06-07 15:50:11.745 1539 1800 I commit_sys_config_file: [settings-1-0,4]
06-07 15:50:11.831 2711 2711 I auditd : type=1400 audit(0.0:22805716): avc: denied { read } for comm="event_loop" lport=13400 scontext=u:r:hht_ota_mgr:s0 tcontext=u:r:hht_ota_mgr:s0 tclass=udp_socket permissive=0
06-07 15:50:11.831 2711 2711 I auditd : type=1400 audit(0.0:22805717): avc: denied { read } for comm="event_loop" lport=13400 scontext=u:r:hht_ota_mgr:s0 tcontext=u:r:hht_ota_mgr:s0 tclass=udp_socket permissive=0
