06-07 15:45:47.923 2711 2711 I auditd : type=1400 audit(0.0:43796): avc: denied { read } for comm="event_loop" lport=13400 scontext=u:r:hht_ota_mgr:s0 tcontext=u:r:hht_ota_mgr:s0 tclass=udp_socket permissive=0
06-07 15:45:47.929 0 0 W [ 1465.456214] audit: audit_lost=43337 audit_rate_limit=5 audit_backlog_limit=64
06-07 15:45:47.929 0 0 E [ 1465.456222] audit: rate limit exceeded
06-07 15:45:47.927 2711 2711 I auditd : type=1400 audit(0.0:43797): avc: denied { read } for comm="event_loop" lport=13400 scontext=u:r:hht_ota_mgr:s0 tcontext=u:r:hht_ota_mgr:s0 tclass=udp_socket permissive=0
06-07 15:45:47.927 2711 2711 I auditd : type=1400 audit(0.0:43798): avc: denied { read } for comm="event_loop" lport=13400 scontext=u:r:hht_ota_mgr:s0 tcontext=u:r:hht_ota_mgr:s0 tclass=udp_socket permissive=0
06-07 15:45:47.927 2711 2711 I auditd : type=1400 audit(0.0:43799): avc: denied { read } for comm="event_loop" lport=13400 scontext=u:r:hht_ota_mgr:s0 tcontext=u:r:hht_ota_mgr:s0 tclass=udp_socket permissive=0
06-07 15:45:47.927 2711 2711 I auditd : type=1400 audit(0.0:43800): avc: denied { read } for comm="event_loop" lport=13400 scontext=u:r:hht_ota_mgr:s0 tcontext=u:r:hht_ota_mgr:s0 tclass=udp_socket permissive=0
06-07 15:45:48.025 0 0 I : [ 1465.548408] read descriptors
06-07 15:45:48.025 0 0 I : [ 1465.548495] read strings
06-07 15:45:48.931 2711 2711 I auditd : type=1400 audit(0.0:86161): avc: denied { read } for comm="event_loop" lport=13400 scontext=u:r:hht_ota_mgr:s0 tcontext=u:r:hht_ota_mgr:s0 tclass=udp_socket permissive=0
06-07 15:45:48.931 2711 2711 I auditd : type=1400 audit(0.0:86162): avc: denied { read } for comm="event_loop" lport=13400 scontext=u:r:hht_ota_mgr:s0 tcontext=u:r:hht_ota_mgr:s0 tclass=udp_socket permissive=0
06-07 15:45:48.931 2711 2711 I auditd : type=1400 audit(0.0:86163): avc: denied { read } for comm="event_loop" lport=13400 scontext=u:r:hht_ota_mgr:s0 tcontext=u:r:hht_ota_mgr:s0 tclass=udp_socket permissive=0
06-07 15:45:48.931 2711 2711 I auditd : type=1400 audit(0.0:86164): avc: denied { read } for comm="event_loop" lport=13400 scontext=u:r:hht_ota_mgr:s0 tcontext=u:r:hht_ota_mgr:s0 tclass=udp_socket permissive=0
06-07 15:45:48.931 2711 2711 I auditd : type=1400 audit(0.0:86165): avc: denied { read } for comm="event_loop" lport=13400 scontext=u:r:hht_ota_mgr:s0 tcontext=u:r:hht_ota_mgr:s0 tclass=udp_socket permissive=0
06-07 15:45:48.937 0 0 W [ 1466.460214] audit: audit_lost=85697 audit_rate_limit=5 audit_backlog_limit=64
06-07 15:45:48.937 0 0 E [ 1466.460222] audit: rate limit exceeded
06-07 15:45:49.053 0 0 I : [ 1466.576566] read descriptors
06-07 15:45:49.053 0 0 I : [ 1466.576656] read strings
06-07 15:45:49.777 1539 2115 W ActivityManager: Background start not allowed: service Intent { cmp=com.ss.android.ugc.aweme/com.bytedance.common.wschannel.client.WsClientService } to com.ss.android.ugc.aweme/com.bytedance.common.wschannel.client.WsClientService from pid=12227 uid=10095 pkg=com.ss.android.ugc.aweme startFg?=false
06-07 15:45:49.935 2711 2711 I auditd : type=1400 audit(0.0:128654): avc: denied { read } for comm="event_loop" lport=13400 scontext=u:r:hht_ota_mgr:s0 tcontext=u:r:hht_ota_mgr:s0 tclass=udp_socket permissive=0
06-07 15:45:49.935 2711 2711 I auditd : type=1400 audit(0.0:128655): avc: denied { read } for comm="event_loop" lport=13400 scontext=u:r:hht_ota_mgr:s0 tcontext=u:r:hht_ota_mgr:s0 tclass=udp_socket permissive=0
06-07 15:45:49.935 2711 2711 I auditd : type=1400 audit(0.0:128656): avc: denied { read } for comm="event_loop" lport=13400 scontext=u:r:hht_ota_mgr:s0 tcontext=u:r:hht_ota_mgr:s0 tclass=udp_socket permissive=0
06-07 15:45:49.935 2711 2711 I auditd : type=1400 audit(0.0:128657): avc: denied { read } for comm="event_loop" lport=13400 scontext=u:r:hht_ota_mgr:s0 tcontext=u:r:hht_ota_mgr:s0 tclass=udp_socket permissive=0
06-07 15:45:49.935 2711 2711 I auditd : type=1400 audit(0.0:128658): avc: denied { read } for comm="event_loop" lport=13400 scontext=u:r:hht_ota_mgr:s0 tcontext=u:r:hht_ota_mgr:s0 tclass=udp_socket permissive=0
06-07 15:45:49.941 0 0 W [ 1467.464237] audit: audit_lost=128185 audit_rate_limit=5 audit_backlog_limit=64
06-07 15:45:49.941 0 0 E [ 1467.464245] audit: rate limit exceeded
06-07 15:45:50.077 0 0 I : [ 1467.600403] read descriptors
06-07 15:45:50.077 0 0 I : [ 1467.600493] read strings
06-07 15:45:50.781 1539 2029 I ntp_failure: [time.android.com/216.239.35.0,java.net.SocketTimeoutException: Poll timed out]
06-07 15:45:50.941 0 0 W [ 1468.468222] audit: audit_lost=170552 audit_rate_limit=5 audit_backlog_limit=64
06-07 15:45:50.941 0 0 E [ 1468.468230] audit: rate limit exceeded
06-07 15:45:50.939 2711 2711 I auditd : type=1400 audit(0.0:171026): avc: denied { read } for comm="event_loop" lport=13400 scontext=u:r:hht_ota_mgr:s0 tcontext=u:r:hht_ota_mgr:s0 tclass=udp_socket permissive=0
06-07 15:45:50.939 2711 2711 I auditd : type=1400 audit(0.0:171027): avc: denied { read } for comm="event_loop" lport=13400 scontext=u:r:hht_ota_mgr:s0 tcontext=u:r:hht_ota_mgr:s0 tclass=udp_socket permissive=0
06-07 15:45:50.939 2711 2711 I auditd : type=1400 audit(0.0:171028): avc: denied { read } for comm="event_loop" lport=13400 scontext=u:r:hht_ota_mgr:s0 tcontext=u:r:hht_ota_mgr:s0 tclass=udp_socket permissive=0
06-07 15:45:50.939 2711 2711 I auditd : type=1400 audit(0.0:171029): avc: denied { read } for comm="event_loop" lport=13400 scontext=u:r:hht_ota_mgr:s0 tcontext=u:r:hht_ota_mgr:s0 tclass=udp_socket permissive=0
06-07 15:45:50.939 2711 2711 I auditd : type=1400 audit(0.0:171030): avc: denied { read } for comm="event_loop" lport=13400 scontext=u:r:hht_ota_mgr:s0 tcontext=u:r:hht_ota_mgr:s0 tclass=udp_socket permissive=0
06-07 15:45:51.097 0 0 I : [ 1468.620609] read descriptors
06-07 15:45:51.097 0 0 I : [ 1468.620696] read strings
06-07 15:45:51.287 2140 5185 I MicroServiceManager: requestResult(reportScreenDisplay) parameters is{"ScreenDisplay":1}.
06-07 15:45:51.943 2711 2711 I auditd : type=1400 audit(0.0:213512): avc: denied { read } for comm="event_loop" lport=13400 scontext=u:r:hht_ota_mgr:s0 tcontext=u:r:hht_ota_mgr:s0 tclass=udp_socket permissive=0
06-07 15:45:51.943 2711 2711 I auditd : type=1400 audit(0.0:213513): avc: denied { read } for comm="event_loop" lport=13400 scontext=u:r:hht_ota_mgr:s0 tcontext=u:r:hht_ota_mgr:s0 tclass=udp_socket permissive=0
06-07 15:45:51.943 2711 2711 I auditd : type=1400 audit(0.0:213514): avc: denied { read } for comm="event_loop" lport=13400 scontext=u:r:hht_ota_mgr:s0 tcontext=u:r:hht_ota_mgr:s0 tclass=udp_socket permissive=0
06-07 15:45:51.943 2711 2711 I auditd : type=1400 audit(0.0:213515): avc: denied { read } for comm="event_loop" lport=13400 scontext=u:r:hht_ota_mgr:s0 tcontext=u:r:hht_ota_mgr:s0 tclass=udp_socket permissive=0
06-07 15:45:51.943 2711 2711 I auditd : type=1400 audit(0.0:213516): avc: denied { read } for comm="event_loop" lport=13400 scontext=u:r:hht_ota_mgr:s0 tcontext=u:r:hht_ota_mgr:s0 tclass=udp_socket permissive=0
06-07 15:45:51.949 0 0 W [ 1469.472229] audit: audit_lost=213033 audit_rate_limit=5 audit_backlog_limit=64
06-07 15:45:51.949 0 0 E [ 1469.472236] audit: rate limit exceeded
06-07 15:45:52.121 0 0 I : [ 1469.644710] read descriptors
06-07 15:45:52.121 0 0 I : [ 1469.644790] read strings
06-07 15:45:52.943 2711 2711 I auditd : type=1400 audit(0.0:255803): avc: denied { read } for comm="event_loop" lport=13400 scontext=u:r:hht_ota_mgr:s0 tcontext=u:r:hht_ota_mgr:s0 tclass=udp_socket permissive=0
06-07 15:45:52.947 2711 2711 I auditd : type=1400 audit(0.0:255804): avc: denied { read } for comm="event_loop" lport=13400 scontext=u:r:hht_ota_mgr:s0 tcontext=u:r:hht_ota_mgr:s0 tclass=udp_socket permissive=0
06-07 15:45:52.947 2711 2711 I auditd : type=1400 audit(0.0:255805): avc: denied { read } for comm="event_loop" lport=13400 scontext=u:r:hht_ota_mgr:s0 tcontext=u:r:hht_ota_mgr:s0 tclass=udp_socket permissive=0
06-07 15:45:52.947 2711 2711 I auditd : type=1400 audit(0.0:255806): avc: denied { read } for comm="event_loop" lport=13400 scontext=u:r:hht_ota_mgr:s0 tcontext=u:r:hht_ota_mgr:s0 tclass=udp_socket permissive=0
06-07 15:45:52.947 2711 2711 I auditd : type=1400 audit(0.0:255807): avc: denied { read } for comm="event_loop" lport=13400 scontext=u:r:hht_ota_mgr:s0 tcontext=u:r:hht_ota_mgr:s0 tclass=udp_socket permissive=0
06-07 15:45:52.953 0 0 W [ 1470.476203] audit: audit_lost=255319 audit_rate_limit=5 audit_backlog_limit=64
06-07 15:45:52.953 0 0 E [ 1470.476211] audit: rate limit exceeded
06-07 15:45:53.185 0 0 I : [ 1470.708403] read descriptors
06-07 15:45:53.185 0 0 I : [ 1470.708491] read strings
06-07 15:45:53.947 2711 2711 I auditd : type=1400 audit(0.0:298203): avc: denied { read } for comm="event_loop" lport=13400 scontext=u:r:hht_ota_mgr:s0 tcontext=u:r:hht_ota_mgr:s0 tclass=udp_socket permissive=0
06-07 15:45:53.951 2711 2711 I auditd : type=1400 audit(0.0:298204): avc: denied { read } for comm="event_loop" lport=13400 scontext=u:r:hht_ota_mgr:s0 tcontext=u:r:hht_ota_mgr:s0 tclass=udp_socket permissive=0
06-07 15:45:53.951 2711 2711 I auditd : type=1400 audit(0.0:298205): avc: denied { read } for comm="event_loop" lport=13400 scontext=u:r:hht_ota_mgr:s0 tcontext=u:r:hht_ota_mgr:s0 tclass=udp_socket permissive=0
06-07 15:45:53.951 2711 2711 I auditd : type=1400 audit(0.0:298206): avc: denied { read } for comm="event_loop" lport=13400 scontext=u:r:hht_ota_mgr:s0 tcontext=u:r:hht_ota_mgr:s0 tclass=udp_socket permissive=0
06-07 15:45:53.951 2711 2711 I auditd : type=1400 audit(0.0:298207): avc: denied { read } for comm="event_loop" lport=13400 scontext=u:r:hht_ota_mgr:s0 tcontext=u:r:hht_ota_mgr:s0 tclass=udp_socket permissive=0
06-07 15:45:53.957 0 0 W [ 1471.480255] audit: audit_lost=297714 audit_rate_limit=5 audit_backlog_limit=64
06-07 15:45:53.957 0 0 E [ 1471.480263] audit: rate limit exceeded
06-07 15:45:54.233 0 0 I : [ 1471.756361] read descriptors
06-07 15:45:54.233 0 0 I : [ 1471.756449] read strings
06-07 15:45:54.955 2711 2711 I auditd : type=1400 audit(0.0:340587): avc: denied { read } for comm="event_loop" lport=13400 scontext=u:r:hht_ota_mgr:s0 tcontext=u:r:hht_ota_mgr:s0 tclass=udp_socket permissive=0
06-07 15:45:54.955 2711 2711 I auditd : type=1400 audit(0.0:340588): avc: denied { read } for comm="event_loop" lport=13400 scontext=u:r:hht_ota_mgr:s0 tcontext=u:r:hht_ota_mgr:s0 tclass=udp_socket permissive=0
06-07 15:45:54.955 2711 2711 I auditd : type=1400 audit(0.0:340589): avc: denied { read } for comm="event_loop" lport=13400 scontext=u:r:hht_ota_mgr:s0 tcontext=u:r:hht_ota_mgr:s0 tclass=udp_socket permissive=0
06-07 15:45:54.955 2711 2711 I auditd : type=1400 audit(0.0:340590): avc: denied { read } for comm="event_loop" lport=13400 scontext=u:r:hht_ota_mgr:s0 tcontext=u:r:hht_ota_mgr:s0 tclass=udp_socket permissive=0
06-07 15:45:54.955 2711 2711 I auditd : type=1400 audit(0.0:340591): avc: denied { read } for comm="event_loop" lport=13400 scontext=u:r:hht_ota_mgr:s0 tcontext=u:r:hht_ota_mgr:s0 tclass=udp_socket permissive=0
06-07 15:45:54.958 0 0 W [ 1472.484219] audit: audit_lost=340093 audit_rate_limit=5 audit_backlog_limit=64
06-07 15:45:54.958 0 0 E [ 1472.484226] audit: rate limit exceeded
06-07 15:45:55.261 0 0 I : [ 1472.785277] read descriptors
06-07 15:45:55.261 0 0 I : [ 1472.785373] read strings
06-07 15:45:52.001 1539 1802 E LazyAlarmStore: Removed TIME_TICK alarm
06-07 15:45:52.002 1539 1675 I am_wtf : [0,1539,system_server,-1,LazyAlarmStore,Removed TIME_TICK alarm]
06-07 15:45:52.003 1539 1675 I DropBoxManagerService: add tag=system_server_wtf isTagEnabled=true flags=0x2
06-07 15:45:52.007 1539 1539 D DevicePolicyManager: updateSystemUpdateFreezePeriodsRecord
06-07 15:45:52.007 1539 1539 D ConditionProviders.SCP: onReceive android.intent.action.TIME_SET
06-07 15:45:52.013 1539 1675 I am_uid_active: 10085
06-07 15:45:52.014 1539 1675 I am_uid_active: 10057
06-07 15:45:52.022 1539 1539 D ConditionProviders.SCP: evaluateSubscriptionLocked cal=ScheduleCalendar[mDays={1, 2, 3, 4, 5, 6, 7}, mSchedule=ScheduleInfo{days=[1, 2, 3, 4, 5, 6, 7], startHour=22, startMinute=0, endHour=7, endMinute=0, exitAtAlarm=true, nextAlarm=Thu Jan 01 08:00:00 GMT+08:00 1970 (0)}], now=Wed Jun 07 15:45:52 GMT+08:00 2023 (1686123952007), nextUserAlarmTime=Thu Jan 01 08:00:00 GMT+08:00 1970 (0)
06-07 15:45:52.022 1539 1539 D ConditionProviders.SCP: notifyCondition condition://android/schedule?days=1.2.3.4.5.6.7&start=22.0&end=7.0&exitAtAlarm=true STATE_FALSE reason=!meetsSchedule
06-07 15:45:52.022 1539 1539 D ConditionProviders.SCP: Scheduling evaluate for Wed Jun 07 22:00:00 GMT+08:00 2023 (1686146400000), in +6h14m7s993ms, now=Wed Jun 07 15:45:52 GMT+08:00 2023 (1686123952007)
06-07 15:45:52.034 1539 2115 I am_uid_active: 10099
06-07 15:45:52.055 1539 1671 I am_pss : [14405,10097,com.tencent.qqmusic,317647872,270290944,451584,500203520,0,16,27]
06-07 15:45:52.055 1539 1671 I UsageStatsService: User[0] Time changed in by -3 seconds
06-07 15:45:52.055 1539 1671 I UsageStatsService: User[0] Flushing usage stats to disk
06-07 15:45:52.081 1539 1671 I UsageStatsDatabase: Time changed by -3s939ms. files deleted: 0 files moved: 4
06-07 15:45:52.094 1539 1671 I UsageStatsService: User[0] Rollover scheduled @ 2023-06-08 13:01:11(1686200471902)
06-07 15:45:52.227 2711 2711 I auditd : type=1400 audit(0.0:382935): avc: denied { read } for comm="event_loop" lport=13400 scontext=u:r:hht_ota_mgr:s0 tcontext=u:r:hht_ota_mgr:s0 tclass=udp_socket permissive=0
06-07 15:45:52.231 2711 2711 I auditd : type=1400 audit(0.0:382936): avc: denied { read } for comm="event_loop" lport=13400 scontext=u:r:hht_ota_mgr:s0 tcontext=u:r:hht_ota_mgr:s0 tclass=udp_socket permissive=0
06-07 15:45:52.231 2711 2711 I auditd : type=1400 audit(0.0:382937): avc: denied { read } for comm="event_loop" lport=13400 scontext=u:r:hht_ota_mgr:s0 tcontext=u:r:hht_ota_mgr:s0 tclass=udp_socket permissive=0
06-07 15:45:52.231 2711 2711 I auditd : type=1400 audit(0.0:382938): avc: denied { read } for comm="event_loop" lport=13400 scontext=u:r:hht_ota_mgr:s0 tcontext=u:r:hht_ota_mgr:s0 tclass=udp_socket permissive=0
06-07 15:45:52.231 2711 2711 I auditd : type=1400 audit(0.0:382939): avc: denied { read } for comm="event_loop" lport=13400 scontext=u:r:hht_ota_mgr:s0 tcontext=u:r:hht_ota_mgr:s0 tclass=udp_socket permissive=0
06-07 15:45:52.236 0 0 W [ 1473.488210] audit: audit_lost=382436 audit_rate_limit=5 audit_backlog_limit=64
06-07 15:45:52.236 0 0 E [ 1473.488218] audit: rate limit exceeded
06-07 15:45:52.556 0 0 I : [ 1473.809455] read descriptors
06-07 15:45:52.556 0 0 I : [ 1473.809549] read strings
06-07 15:45:52.654 1916 2574 I sysui_multi_action: [757,210,758,4,759,3]
06-07 15:45:52.674 1916 1916 I sysui_multi_action: [757,207,758,1]
06-07 15:45:52.675 1916 1916 I sysui_multi_action: [757,804,799,volume_from_keyguard,801,0,802,1]
06-07 15:45:52.699 1916 1916 I sysui_multi_action: [757,207,758,1]
06-07 15:45:52.700 1916 1916 I sysui_multi_action: [757,804,799,volume_from_keyguard,801,0,802,1]
06-07 15:45:53.235 2711 2711 I auditd : type=1400 audit(0.0:425181): avc: denied { read } for comm="event_loop" lport=13400 scontext=u:r:hht_ota_mgr:s0 tcontext=u:r:hht_ota_mgr:s0 tclass=udp_socket permissive=0
06-07 15:45:53.235 2711 2711 I auditd : type=1400 audit(0.0:425182): avc: denied { read } for comm="event_loop" lport=13400 scontext=u:r:hht_ota_mgr:s0 tcontext=u:r:hht_ota_mgr:s0 tclass=udp_socket permissive=0
06-07 15:45:53.235 2711 2711 I auditd : type=1400 audit(0.0:425183): avc: denied { read } for comm="event_loop" lport=13400 scontext=u:r:hht_ota_mgr:s0 tcontext=u:r:hht_ota_mgr:s0 tclass=udp_socket permissive=0
06-07 15:45:53.235 2711 2711 I auditd : type=1400 audit(0.0:425184): avc: denied { read } for comm="event_loop" lport=13400 scontext=u:r:hht_ota_mgr:s0 tcontext=u:r:hht_ota_mgr:s0 tclass=udp_socket permissive=0
06-07 15:45:53.235 2711 2711 I auditd : type=1400 audit(0.0:425185): avc: denied { read } for comm="event_loop" lport=13400 scontext=u:r:hht_ota_mgr:s0 tcontext=u:r:hht_ota_mgr:s0 tclass=udp_socket permissive=0
06-07 15:45:53.240 0 0 W [ 1474.492264] audit: audit_lost=424677 audit_rate_limit=5 audit_backlog_limit=64
06-07 15:45:53.240 0 0 E [ 1474.492272] audit: rate limit exceeded
06-07 15:45:53.535 2140 5185 I MicroServiceManager: requestResult(reportScreenDisplay) parameters is{"ScreenDisplay":1}.
06-07 15:45:53.604 0 0 I : [ 1474.858605] read descriptors
06-07 15:45:53.604 0 0 I : [ 1474.858694] read strings
06-07 15:45:54.239 2711 2711 I auditd : type=1400 audit(0.0:467538): avc: denied { read } for comm="event_loop" lport=13400 scontext=u:r:hht_ota_mgr:s0 tcontext=u:r:hht_ota_mgr:s0 tclass=udp_socket permissive=0
06-07 15:45:54.239 2711 2711 I auditd : type=1400 audit(0.0:467539): avc: denied { read } for comm="event_loop" lport=13400 scontext=u:r:hht_ota_mgr:s0 tcontext=u:r:hht_ota_mgr:s0 tclass=udp_socket permissive=0
06-07 15:45:54.239 2711 2711 I auditd : type=1400 audit(0.0:467540): avc: denied { read } for comm="event_loop" lport=13400 scontext=u:r:hht_ota_mgr:s0 tcontext=u:r:hht_ota_mgr:s0 tclass=udp_socket permissive=0
06-07 15:45:54.239 2711 2711 I auditd : type=1400 audit(0.0:467541): avc: denied { read } for comm="event_loop" lport=13400 scontext=u:r:hht_ota_mgr:s0 tcontext=u:r:hht_ota_mgr:s0 tclass=udp_socket permissive=0
06-07 15:45:54.239 2711 2711 I auditd : type=1400 audit(0.0:467542): avc: denied { read } for comm="event_loop" lport=13400 scontext=u:r:hht_ota_mgr:s0 tcontext=u:r:hht_ota_mgr:s0 tclass=udp_socket permissive=0
06-07 15:45:54.244 0 0 W [ 1475.496253] audit: audit_lost=467029 audit_rate_limit=5 audit_backlog_limit=64
06-07 15:45:54.244 0 0 E [ 1475.496261] audit: rate limit exceeded
06-07 15:45:54.532 2140 5185 I MicroServiceManager: requestResult(reportScreenDisplay) parameters is{"ScreenDisplay":1}.
06-07 15:45:56.001 1539 1802 E LazyAlarmStore: Removed TIME_TICK alarm
06-07 15:45:56.001 1539 1675 I am_wtf : [0,1539,system_server,-1,LazyAlarmStore,Removed TIME_TICK alarm]
06-07 15:45:56.002 1539 1675 I DropBoxManagerService: add tag=system_server_wtf isTagEnabled=true flags=0x2
06-07 15:45:56.003 1539 1539 D DevicePolicyManager: updateSystemUpdateFreezePeriodsRecord
06-07 15:45:56.004 1539 1539 D ConditionProviders.SCP: onReceive android.intent.action.TIME_SET
06-07 15:45:56.004 1539 1539 D ConditionProviders.SCP: evaluateSubscriptionLocked cal=ScheduleCalendar[mDays={1, 2, 3, 4, 5, 6, 7}, mSchedule=ScheduleInfo{days=[1, 2, 3, 4, 5, 6, 7], startHour=22, startMinute=0, endHour=7, endMinute=0, exitAtAlarm=true, nextAlarm=Thu Jan 01 08:00:00 GMT+08:00 1970 (0)}], now=Wed Jun 07 15:45:56 GMT+08:00 2023 (1686123956004), nextUserAlarmTime=Thu Jan 01 08:00:00 GMT+08:00 1970 (0)
06-07 15:45:56.004 1539 1539 D ConditionProviders.SCP: notifyCondition condition://android/schedule?days=1.2.3.4.5.6.7&start=22.0&end=7.0&exitAtAlarm=true STATE_FALSE reason=!meetsSchedule
06-07 15:45:56.005 1539 1539 D ConditionProviders.SCP: Scheduling evaluate for Wed Jun 07 22:00:00 GMT+08:00 2023 (1686146400000), in +6h14m3s996ms, now=Wed Jun 07 15:45:56 GMT+08:00 2023 (1686123956004)
06-07 15:45:56.009 2140 27058 W ContextImpl: Calling a method in the system process without a qualified user: android.app.ContextImpl.sendBroadcast:1173 android.content.ContextWrapper.sendBroadcast:479 com.thundercomm.microsettings.action.SetTimeAction.timeUpdated:191 com.thundercomm.microsettings.action.SetTimeAction.update24HourFormat:173 com.thundercomm.microsettings.action.SetTimeAction.doActualAction:133
06-07 15:45:56.020 1539 1539 D DevicePolicyManager: updateSystemUpdateFreezePeriodsRecord
06-07 15:45:56.021 1539 1539 D ConditionProviders.SCP: onReceive android.intent.action.TIME_SET
06-07 15:45:56.021 1539 1539 D ConditionProviders.SCP: evaluateSubscriptionLocked cal=ScheduleCalendar[mDays={1, 2, 3, 4, 5, 6, 7}, mSchedule=ScheduleInfo{days=[1, 2, 3, 4, 5, 6, 7], startHour=22, startMinute=0, endHour=7, endMinute=0, exitAtAlarm=true, nextAlarm=Thu Jan 01 08:00:00 GMT+08:00 1970 (0)}], now=Wed Jun 07 15:45:56 GMT+08:00 2023 (1686123956021), nextUserAlarmTime=Thu Jan 01 08:00:00 GMT+08:00 1970 (0)
06-07 15:45:56.021 1539 1539 D ConditionProviders.SCP: notifyCondition condition://android/schedule?days=1.2.3.4.5.6.7&start=22.0&end=7.0&exitAtAlarm=true STATE_FALSE reason=!meetsSchedule
06-07 15:45:56.021 1539 1539 D ConditionProviders.SCP: Scheduling evaluate for Wed Jun 07 22:00:00 GMT+08:00 2023 (1686146400000), in +6h14m3s979ms, now=Wed Jun 07 15:45:56 GMT+08:00 2023 (1686123956021)
06-07 15:45:56.041 1916 1916 I sysui_multi_action: [757,207,758,1]
06-07 15:45:56.041 1916 1916 I sysui_multi_action: [757,804,799,volume_from_keyguard,801,0,802,1]
06-07 15:45:56.042 1916 1916 I sysui_multi_action: [757,207,758,1]
06-07 15:45:56.043 1916 1916 I sysui_multi_action: [757,804,799,volume_from_keyguard,801,0,802,1]
06-07 15:45:57.002 2140 27067 W ContextImpl: Calling a method in the system process without a qualified user: android.app.ContextImpl.sendBroadcast:1173 android.content.ContextWrapper.sendBroadcast:479 com.thundercomm.microsettings.action.SetTimeAction.timeUpdated:191 com.thundercomm.microsettings.action.SetTimeAction.update24HourFormat:173 com.thundercomm.microsettings.action.SetTimeAction.doActualAction:133
06-07 15:45:57.003 1539 1539 D DevicePolicyManager: updateSystemUpdateFreezePeriodsRecord
06-07 15:45:57.003 1539 1539 D ConditionProviders.SCP: onReceive android.intent.action.TIME_SET
06-07 15:45:57.003 1539 1539 D ConditionProviders.SCP: evaluateSubscriptionLocked cal=ScheduleCalendar[mDays={1, 2, 3, 4, 5, 6, 7}, mSchedule=ScheduleInfo{days=[1, 2, 3, 4, 5, 6, 7], startHour=22, startMinute=0, endHour=7, endMinute=0, exitAtAlarm=true, nextAlarm=Thu Jan 01 08:00:00 GMT+08:00 1970 (0)}], now=Wed Jun 07 15:45:57 GMT+08:00 2023 (1686123957003), nextUserAlarmTime=Thu Jan 01 08:00:00 GMT+08:00 1970 (0)
06-07 15:45:57.003 1539 1539 D ConditionProviders.SCP: notifyCondition condition://android/schedule?days=1.2.3.4.5.6.7&start=22.0&end=7.0&exitAtAlarm=true STATE_FALSE reason=!meetsSchedule
06-07 15:45:57.003 1539 1539 D ConditionProviders.SCP: Scheduling evaluate for Wed Jun 07 22:00:00 GMT+08:00 2023 (1686146400000), in +6h14m2s997ms, now=Wed Jun 07 15:45:57 GMT+08:00 2023 (1686123957003)
06-07 15:45:57.028 0 0 I : [ 1475.904397] read descriptors
06-07 15:45:57.028 0 0 I : [ 1475.904479] read strings
06-07 15:45:57.032 1916 1916 I sysui_multi_action: [757,207,758,1]
06-07 15:45:57.032 1916 1916 I sysui_multi_action: [757,804,799,volume_from_keyguard,801,0,802,1]
06-07 15:45:57.034 1916 1916 I sysui_multi_action: [757,207,758,1]
06-07 15:45:57.035 1916 1916 I sysui_multi_action: [757,804,799,volume_from_keyguard,801,0,802,1]
06-07 15:45:57.436 0 0 I [ 1476.323917] init: processing action (sys.tlog.tlogdshc.active=1) from (/system/etc/init/tlogd.rc:195)
06-07 15:45:57.440 0 0 I [ 1476.324597] init: starting service 'tlogdshc'...
06-07 15:45:57.548 0 0 I [ 1476.433111] init: Service 'tlogdshc' (pid 27077) exited with status 0 oneshot service took 0.104000 seconds in background
06-07 15:45:57.548 0 0 I [ 1476.433144] init: Sending signal 9 to service 'tlogdshc' (pid 27077) process group...
06-07 15:45:57.548 0 0 I [ 1476.433416] libprocessgroup: Successfully killed process cgroup uid 0 pid 27077 in 0ms
06-07 15:45:57.611 2711 2711 I auditd : type=1400 audit(0.0:509652): avc: denied { read } for comm="event_loop" lport=13400 scontext=u:r:hht_ota_mgr:s0 tcontext=u:r:hht_ota_mgr:s0 tclass=udp_socket permissive=0
06-07 15:45:57.611 2711 2711 I auditd : type=1400 audit(0.0:509653): avc: denied { read } for comm="event_loop" lport=13400 scontext=u:r:hht_ota_mgr:s0 tcontext=u:r:hht_ota_mgr:s0 tclass=udp_socket permissive=0
06-07 15:45:57.611 2711 2711 I auditd : type=1400 audit(0.0:509654): avc: denied { read } for comm="event_loop" lport=13400 scontext=u:r:hht_ota_mgr:s0 tcontext=u:r:hht_ota_mgr:s0 tclass=udp_socket permissive=0
06-07 15:45:57.611 2711 2711 I auditd : type=1400 audit(0.0:509655): avc: denied { read } for comm="event_loop" lport=13400 scontext=u:r:hht_ota_mgr:s0 tcontext=u:r:hht_ota_mgr:s0 tclass=udp_socket permissive=0
06-07 15:45:57.611 2711 2711 I auditd : type=1400 audit(0.0:509656): avc: denied { read } for comm="event_loop" lport=13400 scontext=u:r:hht_ota_mgr:s0 tcontext=u:r:hht_ota_mgr:s0 tclass=udp_socket permissive=0
06-07 15:45:57.616 0 0 W [ 1476.500207] audit: audit_lost=509138 audit_rate_limit=5 audit_backlog_limit=64
06-07 15:45:57.616 0 0 E [ 1476.500212] audit: rate limit exceeded
06-07 15:45:57.940 2140 5185 I MicroServiceManager: requestResult(reportScreenDisplay) parameters is{"ScreenDisplay":1}.
06-07 15:45:58.003 2140 27092 W ContextImpl: Calling a method in the system process without a qualified user: android.app.ContextImpl.sendBroadcast:1173 android.content.ContextWrapper.sendBroadcast:479 com.thundercomm.microsettings.action.SetTimeAction.timeUpdated:191 com.thundercomm.microsettings.action.SetTimeAction.update24HourFormat:173 com.thundercomm.microsettings.action.SetTimeAction.doActualAction:133
06-07 15:45:58.010 1539 1539 D DevicePolicyManager: updateSystemUpdateFreezePeriodsRecord
06-07 15:45:58.011 1539 1539 D ConditionProviders.SCP: onReceive android.intent.action.TIME_SET
06-07 15:45:58.011 1539 1539 D ConditionProviders.SCP: evaluateSubscriptionLocked cal=ScheduleCalendar[mDays={1, 2, 3, 4, 5, 6, 7}, mSchedule=ScheduleInfo{days=[1, 2, 3, 4, 5, 6, 7], startHour=22, startMinute=0, endHour=7, endMinute=0, exitAtAlarm=true, nextAlarm=Thu Jan 01 08:00:00 GMT+08:00 1970 (0)}], now=Wed Jun 07 15:45:58 GMT+08:00 2023 (1686123958011), nextUserAlarmTime=Thu Jan 01 08:00:00 GMT+08:00 1970 (0)
06-07 15:45:58.011 1539 1539 D ConditionProviders.SCP: notifyCondition condition://android/schedule?days=1.2.3.4.5.6.7&start=22.0&end=7.0&exitAtAlarm=true STATE_FALSE reason=!meetsSchedule
06-07 15:45:58.012 1539 1539 D ConditionProviders.SCP: Scheduling evaluate for Wed Jun 07 22:00:00 GMT+08:00 2023 (1686146400000), in +6h14m1s989ms, now=Wed Jun 07 15:45:58 GMT+08:00 2023 (1686123958011)
06-07 15:45:58.047 1916 1916 I sysui_multi_action: [757,207,758,1]
06-07 15:45:58.047 1916 1916 I sysui_multi_action: [757,804,799,volume_from_keyguard,801,0,802,1]
06-07 15:45:58.047 1916 1916 I sysui_multi_action: [757,207,758,1]
06-07 15:45:58.047 1916 1916 I sysui_multi_action: [757,804,799,volume_from_keyguard,801,0,802,1]
06-07 15:45:58.092 0 0 I : [ 1476.933519] read descriptors
06-07 15:45:58.092 0 0 I : [ 1476.933603] read strings
06-07 15:45:58.300 0 0 I [ 1477.143312] [dp_rx_][0x69d8087fe][15: 45:58.299398] wlan: [3456:I:QDF] DHCP-A RX: SA:32:6d:53:34:ec:b5 DA:ff:ff:ff:ff:ff:ff
06-07 15:45:58.659 2711 2711 I auditd : type=1400 audit(0.0:552000): avc: denied { read } for comm="event_loop" lport=13400 scontext=u:r:hht_ota_mgr:s0 tcontext=u:r:hht_ota_mgr:s0 tclass=udp_socket permissive=0
06-07 15:45:58.659 2711 2711 I auditd : type=1400 audit(0.0:552001): avc: denied { read } for comm="event_loop" lport=13400 scontext=u:r:hht_ota_mgr:s0 tcontext=u:r:hht_ota_mgr:s0 tclass=udp_socket permissive=0
06-07 15:45:58.659 2711 2711 I auditd : type=1400 audit(0.0:552002): avc: denied { read } for comm="event_loop" lport=13400 scontext=u:r:hht_ota_mgr:s0 tcontext=u:r:hht_ota_mgr:s0 tclass=udp_socket permissive=0
06-07 15:45:58.659 2711 2711 I auditd : type=1400 audit(0.0:552003): avc: denied { read } for comm="event_loop" lport=13400 scontext=u:r:hht_ota_mgr:s0 tcontext=u:r:hht_ota_mgr:s0 tclass=udp_socket permissive=0
06-07 15:45:58.659 2711 2711 I auditd : type=1400 audit(0.0:552004): avc: denied { read } for comm="event_loop" lport=13400 scontext=u:r:hht_ota_mgr:s0 tcontext=u:r:hht_ota_mgr:s0 tclass=udp_socket permissive=0
06-07 15:45:58.664 0 0 W [ 1477.504229] audit: audit_lost=551481 audit_rate_limit=5 audit_backlog_limit=64
06-07 15:45:58.664 0 0 E [ 1477.504237] audit: rate limit exceeded
06-07 15:45:58.974 2140 5415 I MicroServiceManager: requestResult(reportScreenDisplay) parameters is{"ScreenDisplay":1}.
06-07 15:45:58.980 0 0 I [ 1477.822961] init: processing action (sys.network.wifi=0) from (/system/etc/init/dns_ts.rc:7)
06-07 15:45:58.980 0 0 I [ 1477.823130] init: starting service 'exec 47 (/system/bin/sh /system/bin/dns_ts.sh del 192.168.4.4 vlan4)'...
06-07 15:45:58.984 0 0 I [ 1477.827374] init: SVC_EXEC service 'exec 47 (/system/bin/sh /system/bin/dns_ts.sh del 192.168.4.4 vlan4)' pid 27104 (uid 0 gid 0+0 context u:r:dns_ts_ip:s0) started; waiting...
06-07 15:45:59.008 0 0 I [ 1477.850837] init: Service 'exec 47 (/system/bin/sh /system/bin/dns_ts.sh del 192.168.4.4 vlan4)' (pid 27104) exited with status 0 waiting took 0.024000 seconds
06-07 15:45:59.008 0 0 I [ 1477.850864] init: Sending signal 9 to service 'exec 47 (/system/bin/sh /system/bin/dns_ts.sh del 192.168.4.4 vlan4)' (pid 27104) process group...
06-07 15:45:59.002 2140 27109 W ContextImpl: Calling a method in the system process without a qualified user: android.app.ContextImpl.sendBroadcast:1173 android.content.ContextWrapper.sendBroadcast:479 com.thundercomm.microsettings.action.SetTimeAction.timeUpdated:191 com.thundercomm.microsettings.action.SetTimeAction.update24HourFormat:173 com.thundercomm.microsettings.action.SetTimeAction.doActualAction:133
06-07 15:45:59.011 1539 1539 D DevicePolicyManager: updateSystemUpdateFreezePeriodsRecord
06-07 15:45:59.011 1539 1539 D ConditionProviders.SCP: onReceive android.intent.action.TIME_SET
06-07 15:45:59.012 1539 1539 D ConditionProviders.SCP: evaluateSubscriptionLocked cal=ScheduleCalendar[mDays={1, 2, 3, 4, 5, 6, 7}, mSchedule=ScheduleInfo{days=[1, 2, 3, 4, 5, 6, 7], startHour=22, startMinute=0, endHour=7, endMinute=0, exitAtAlarm=true, nextAlarm=Thu Jan 01 08:00:00 GMT+08:00 1970 (0)}], now=Wed Jun 07 15:45:59 GMT+08:00 2023 (1686123959011), nextUserAlarmTime=Thu Jan 01 08:00:00 GMT+08:00 1970 (0)
06-07 15:45:59.012 1539 1539 D ConditionProviders.SCP: notifyCondition condition://android/schedule?days=1.2.3.4.5.6.7&start=22.0&end=7.0&exitAtAlarm=true STATE_FALSE reason=!meetsSchedule
06-07 15:45:59.015 1539 1539 D ConditionProviders.SCP: Scheduling evaluate for Wed Jun 07 22:00:00 GMT+08:00 2023 (1686146400000), in +6h14m0s989ms, now=Wed Jun 07 15:45:59 GMT+08:00 2023 (1686123959011)
06-07 15:45:59.042 1916 1916 I sysui_multi_action: [757,207,758,1]
06-07 15:45:59.042 1916 1916 I sysui_multi_action: [757,804,799,volume_from_keyguard,801,0,802,1]
06-07 15:45:59.048 1916 1916 I sysui_multi_action: [757,207,758,1]
06-07 15:45:59.049 1916 1916 I sysui_multi_action: [757,804,799,volume_from_keyguard,801,0,802,1]
06-07 15:45:59.050 1539 1539 I service_manager_stats: [100,52,53085]
06-07 15:45:59.101 0 0 I : [ 1477.960486] read descriptors
06-07 15:45:59.101 0 0 I : [ 1477.960574] read strings
06-07 15:45:59.643 2711 2711 I auditd : type=1400 audit(0.0:594116): avc: denied { read } for comm="event_loop" lport=13400 scontext=u:r:hht_ota_mgr:s0 tcontext=u:r:hht_ota_mgr:s0 tclass=udp_socket permissive=0
06-07 15:45:59.643 2711 2711 I auditd : type=1400 audit(0.0:594117): avc: denied { read } for comm="event_loop" lport=13400 scontext=u:r:hht_ota_mgr:s0 tcontext=u:r:hht_ota_mgr:s0 tclass=udp_socket permissive=0
06-07 15:45:59.643 2711 2711 I auditd : type=1400 audit(0.0:594118): avc: denied { read } for comm="event_loop" lport=13400 scontext=u:r:hht_ota_mgr:s0 tcontext=u:r:hht_ota_mgr:s0 tclass=udp_socket permissive=0
06-07 15:45:59.643 2711 2711 I auditd : type=1400 audit(0.0:594119): avc: denied { read } for comm="event_loop" lport=13400 scontext=u:r:hht_ota_mgr:s0 tcontext=u:r:hht_ota_mgr:s0 tclass=udp_socket permissive=0
06-07 15:45:59.643 2711 2711 I auditd : type=1400 audit(0.0:594120): avc: denied { read } for comm="event_loop" lport=13400 scontext=u:r:hht_ota_mgr:s0 tcontext=u:r:hht_ota_mgr:s0 tclass=udp_socket permissive=0
06-07 15:45:59.649 0 0 W [ 1478.508237] audit: audit_lost=593592 audit_rate_limit=5 audit_backlog_limit=64
06-07 15:45:59.649 0 0 E [ 1478.508245] audit: rate limit exceeded
06-07 15:45:59.951 2140 5415 I MicroServiceManager: requestResult(reportScreenDisplay) parameters is{"ScreenDisplay":1}.
06-07 15:46:00.002 2140 27137 W ContextImpl: Calling a method in the system process without a qualified user: android.app.ContextImpl.sendBroadcast:1173 android.content.ContextWrapper.sendBroadcast:479 com.thundercomm.microsettings.action.SetTimeAction.timeUpdated:191 com.thundercomm.microsettings.action.SetTimeAction.update24HourFormat:173 com.thundercomm.microsettings.action.SetTimeAction.doActualAction:133
06-07 15:46:00.012 1539 1539 D DevicePolicyManager: updateSystemUpdateFreezePeriodsRecord
06-07 15:46:00.013 1539 1539 D ConditionProviders.SCP: onReceive android.intent.action.TIME_SET
06-07 15:46:00.013 1539 1539 D ConditionProviders.SCP: evaluateSubscriptionLocked cal=ScheduleCalendar[mDays={1, 2, 3, 4, 5, 6, 7}, mSchedule=ScheduleInfo{days=[1, 2, 3, 4, 5, 6, 7], startHour=22, startMinute=0, endHour=7, endMinute=0, exitAtAlarm=true, nextAlarm=Thu Jan 01 08:00:00 GMT+08:00 1970 (0)}], now=Wed Jun 07 15:46:00 GMT+08:00 2023 (1686123960013), nextUserAlarmTime=Thu Jan 01 08:00:00 GMT+08:00 1970 (0)
06-07 15:46:00.013 1539 1539 D ConditionProviders.SCP: notifyCondition condition://android/schedule?days=1.2.3.4.5.6.7&start=22.0&end=7.0&exitAtAlarm=true STATE_FALSE reason=!meetsSchedule
06-07 15:46:00.014 1539 1539 D ConditionProviders.SCP: Scheduling evaluate for Wed Jun 07 22:00:00 GMT+08:00 2023 (1686146400000), in +6h13m59s987ms, now=Wed Jun 07 15:46:00 GMT+08:00 2023 (1686123960013)
06-07 15:46:00.018 1916 1916 I sysui_multi_action: [757,207,758,1]
06-07 15:46:00.018 1916 1916 I sysui_multi_action: [757,804,799,volume_from_keyguard,801,0,802,1]
06-07 15:46:00.041 1916 1916 I sysui_multi_action: [757,207,758,1]
06-07 15:46:00.041 1916 1916 I sysui_multi_action: [757,804,799,volume_from_keyguard,801,0,802,1]
06-07 15:46:00.151 0 0 I [ 1478.992314] [dp_rx_][0x69f9e3b78][15: 46:00.147659] wlan: [3456:I:QDF] DHCP-R RX: SA:04:7f:0e:e6:c6:26 DA:ff:ff:ff:ff:ff:ff
06-07 15:46:00.167 0 0 I : [ 1479.009502] read descriptors
06-07 15:46:00.167 0 0 I : [ 1479.009591] read strings
06-07 15:46:00.663 2711 2711 I auditd : type=1400 audit(0.0:635936): avc: denied { read } for comm="event_loop" lport=13400 scontext=u:r:hht_ota_mgr:s0 tcontext=u:r:hht_ota_mgr:s0 tclass=udp_socket permissive=0
06-07 15:46:00.667 0 0 W [ 1479.512269] audit: audit_lost=635407 audit_rate_limit=5 audit_backlog_limit=64
06-07 15:46:00.663 2711 2711 I auditd : type=1400 audit(0.0:635937): avc: denied { read } for comm="event_loop" lport=13400 scontext=u:r:hht_ota_mgr:s0 tcontext=u:r:hht_ota_mgr:s0 tclass=udp_socket permissive=0
06-07 15:46:00.667 0 0 E [ 1479.512276] audit: rate limit exceeded
06-07 15:46:00.663 2711 2711 I auditd : type=1400 audit(0.0:635938): avc: denied { read } for comm="event_loop" lport=13400 scontext=u:r:hht_ota_mgr:s0 tcontext=u:r:hht_ota_mgr:s0 tclass=udp_socket permissive=0
06-07 15:46:00.663 2711 2711 I auditd : type=1400 audit(0.0:635939): avc: denied { read } for comm="event_loop" lport=13400 scontext=u:r:hht_ota_mgr:s0 tcontext=u:r:hht_ota_mgr:s0 tclass=udp_socket permissive=0
06-07 15:46:00.663 2711 2711 I auditd : type=1400 audit(0.0:635940): avc: denied { read } for comm="event_loop" lport=13400 scontext=u:r:hht_ota_mgr:s0 tcontext=u:r:hht_ota_mgr:s0 tclass=udp_socket permissive=0
06-07 15:46:00.972 2140 5415 I MicroServiceManager: requestResult(reportScreenDisplay) parameters is{"ScreenDisplay":1}.
06-07 15:46:01.002 2140 27166 W ContextImpl: Calling a method in the system process without a qualified user: android.app.ContextImpl.sendBroadcast:1173 android.content.ContextWrapper.sendBroadcast:479 com.thundercomm.microsettings.action.SetTimeAction.timeUpdated:191 com.thundercomm.microsettings.action.SetTimeAction.update24HourFormat:173 com.thundercomm.microsettings.action.SetTimeAction.doActualAction:133
06-07 15:46:01.010 1539 1539 D DevicePolicyManager: updateSystemUpdateFreezePeriodsRecord
06-07 15:46:01.012 1916 1916 I sysui_multi_action: [757,207,758,1]
06-07 15:46:01.013 1916 1916 I sysui_multi_action: [757,804,799,volume_from_keyguard,801,0,802,1]
06-07 15:46:01.013 1539 1539 D ConditionProviders.SCP: onReceive android.intent.action.TIME_SET
06-07 15:46:01.013 1539 1539 D ConditionProviders.SCP: evaluateSubscriptionLocked cal=ScheduleCalendar[mDays={1, 2, 3, 4, 5, 6, 7}, mSchedule=ScheduleInfo{days=[1, 2, 3, 4, 5, 6, 7], startHour=22, startMinute=0, endHour=7, endMinute=0, exitAtAlarm=true, nextAlarm=Thu Jan 01 08:00:00 GMT+08:00 1970 (0)}], now=Wed Jun 07 15:46:01 GMT+08:00 2023 (1686123961013), nextUserAlarmTime=Thu Jan 01 08:00:00 GMT+08:00 1970 (0)
06-07 15:46:01.014 1539 1539 D ConditionProviders.SCP: notifyCondition condition://android/schedule?days=1.2.3.4.5.6.7&start=22.0&end=7.0&exitAtAlarm=true STATE_FALSE reason=!meetsSchedule
06-07 15:46:01.014 1539 1539 D ConditionProviders.SCP: Scheduling evaluate for Wed Jun 07 22:00:00 GMT+08:00 2023 (1686146400000), in +6h13m58s987ms, now=Wed Jun 07 15:46:01 GMT+08:00 2023 (1686123961013)
06-07 15:46:01.045 1916 1916 I sysui_multi_action: [757,207,758,1]
06-07 15:46:01.046 1916 1916 I sysui_multi_action: [757,804,799,volume_from_keyguard,801,0,802,1]
06-07 15:46:01.166 0 0 I : [ 1480.036387] read descriptors
06-07 15:46:01.166 0 0 I : [ 1480.036476] read strings
06-07 15:46:01.359 1539 1839 I netstats_mobile_sample: [0,0,0,0,0,0,0,0,0,0,0,0,1686123961359]
06-07 15:46:01.359 1539 1839 I netstats_wifi_sample: [28413698,22860,1766839,7214,28413698,22860,1766839,7214,29171904,28086,1642395,6574,1686123961359]
06-07 15:46:01.365 1539 1839 W ContextImpl: Calling a method in the system process without a qualified user: android.app.ContextImpl.sendStickyBroadcast:1559 com.android.server.ConnectivityService.sendStickyBroadcast:2811 com.android.server.ConnectivityService.sendLegacyNetworkBroadcast:8732 com.android.server.ConnectivityService$LegacyTypeTracker.remove:1007 com.android.server.ConnectivityService$LegacyTypeTracker.remove:1024
06-07 15:46:01.375 1539 1675 W BroadcastQueue: Target SDK mismatch: receiver ActivityInfo{8c8cc54 org.qiyi.android.commonphonepad.pushmessage.QYPushMsgBootReceiver} targets 33 but delivery restricted to [0, 23] broadcasting Intent { act=android.net.conn.CONNECTIVITY_CHANGE flg=0x4200010 (has extras) } from android (pid=1539, uid=1000) to com.qiyi.video/org.qiyi.android.commonphonepad.pushmessage.QYPushMsgBootReceiver
06-07 15:46:01.375 1539 1675 W BroadcastQueue: Target SDK mismatch: receiver ActivityInfo{8b8c7fd com.xiaomi.push.service.receivers.NetworkStatusReceiver} targets 28 but delivery restricted to [0, 23] broadcasting Intent { act=android.net.conn.CONNECTIVITY_CHANGE flg=0x4200010 (has extras) } from android (pid=1539, uid=1000) to com.kugou.android/com.xiaomi.push.service.receivers.NetworkStatusReceiver
06-07 15:46:01.375 1539 1675 W BroadcastQueue: Target SDK mismatch: receiver ActivityInfo{e4a6cf2 com.xiaomi.push.service.receivers.NetworkStatusReceiver} targets 33 but delivery restricted to [0, 23] broadcasting Intent { act=android.net.conn.CONNECTIVITY_CHANGE flg=0x4200010 (has extras) } from android (pid=1539, uid=1000) to com.qiyi.video/com.xiaomi.push.service.receivers.NetworkStatusReceiver
06-07 15:46:01.375 1539 1675 W BroadcastQueue: Target SDK mismatch: receiver ActivityInfo{80e4f43 com.xiaomi.push.service.receivers.NetworkStatusReceiver} targets 29 but delivery restricted to [0, 23] broadcasting Intent { act=android.net.conn.CONNECTIVITY_CHANGE flg=0x4200010 (has extras) } from android (pid=1539, uid=1000) to com.tencent.qqmusic/com.xiaomi.push.service.receivers.NetworkStatusReceiver
06-07 15:46:01.375 1539 1675 W BroadcastQueue: Target SDK mismatch: receiver ActivityInfo{b1059c0 com.tencent.pandora.libtcloudupload.videoupload.impl.TVCNetWorkStateReceiver} targets 29 but delivery restricted to [0, 23] broadcasting Intent { act=android.net.conn.CONNECTIVITY_CHANGE flg=0x4200010 (has extras) } from android (pid=1539, uid=1000) to com.tencent.tmgp.sgame/com.tencent.pandora.libtcloudupload.videoupload.impl.TVCNetWorkStateReceiver
06-07 15:46:01.375 1539 1675 W BroadcastQueue: Target SDK mismatch: receiver ActivityInfo{bcee6f9 org.qiyi.android.video.ui.phone.traffic.receiver.TrafficReceiver} targets 33 but delivery restricted to [0, 23] broadcasting Intent { act=android.net.conn.CONNECTIVITY_CHANGE flg=0x4200010 (has extras) } from android (pid=1539, uid=1000) to com.qiyi.video/org.qiyi.android.video.ui.phone.traffic.receiver.TrafficReceiver
06-07 15:46:01.375 1539 1675 W BroadcastQueue: Target SDK mismatch: receiver ActivityInfo{f0e663e com.iqiyi.hcim.service.BroadcastCenter} targets 33 but delivery restricted to [0, 23] broadcasting Intent { act=android.net.conn.CONNECTIVITY_CHANGE flg=0x4200010 (has extras) } from android (pid=1539, uid=1000) to com.qiyi.video/com.iqiyi.hcim.service.BroadcastCenter
06-07 15:46:01.375 1539 1675 W BroadcastQueue: Target SDK mismatch: receiver ActivityInfo{e3c9c9f com.tencent.msdk.dns.HttpDnsCache$ConnectivityChangeReceiver} targets 29 but delivery restricted to [0, 23] broadcasting Intent { act=android.net.conn.CONNECTIVITY_CHANGE flg=0x4200010 (has extras) } from android (pid=1539, uid=1000) to com.tencent.tmgp.sgame/com.tencent.msdk.dns.HttpDnsCache$ConnectivityChangeReceiver
06-07 15:46:01.375 1539 1675 W BroadcastQueue: Target SDK mismatch: receiver ActivityInfo{98151ec com.tencent.special.httpdns.Cache$ConnectReceiver} targets 29 but delivery restricted to [0, 23] broadcasting Intent { act=android.net.conn.CONNECTIVITY_CHANGE flg=0x4200010 (has extras) } from android (pid=1539, uid=1000) to com.tencent.tmgp.sgame/com.tencent.special.httpdns.Cache$ConnectReceiver
06-07 15:46:01.376 681 746 E NetlinkEvent: NetlinkEvent::FindParam(): Parameter 'INTERFACE' not found
06-07 15:46:01.376 681 746 E NetlinkEvent: NetlinkEvent::FindParam(): Parameter 'STATE' not found
06-07 15:46:01.376 681 746 E NetlinkEvent: NetlinkEvent::FindParam(): Parameter 'TIME_NS' not found
06-07 15:46:01.376 681 746 E NetlinkEvent: NetlinkEvent::FindParam(): Parameter 'UID' not found
06-07 15:46:01.397 1539 1839 I service_manager_slow: [16,alarm]
06-07 15:46:01.397 2250 27177 I service_manager_slow: [20,connmetrics]
06-07 15:46:01.445 1539 1839 I netstats_mobile_sample: [0,0,0,0,0,0,0,0,0,0,0,0,1686123961445]
06-07 15:46:01.445 1539 1839 I netstats_wifi_sample: [28413833,22861,1767868,7227,28413833,22861,1767868,7227,29171904,28086,1642702,6578,1686123961445]
06-07 15:46:01.455 1539 1839 W ContextImpl: Calling a method in the system process without a qualified user: android.app.ContextImpl.sendStickyBroadcast:1559 com.android.server.ConnectivityService.sendStickyBroadcast:2811 com.android.server.ConnectivityService.sendGeneralBroadcast:2786 com.android.server.ConnectivityService.sendConnectedBroadcast:2759 com.android.server.ConnectivityService.sendLegacyNetworkBroadcast:8704
06-07 15:46:01.460 1539 1675 W BroadcastQueue: Target SDK mismatch: receiver ActivityInfo{9e1f284 org.qiyi.android.commonphonepad.pushmessage.QYPushMsgBootReceiver} targets 33 but delivery restricted to [0, 23] broadcasting Intent { act=android.net.conn.CONNECTIVITY_CHANGE flg=0x4200010 (has extras) } from android (pid=1539, uid=1000) to com.qiyi.video/org.qiyi.android.commonphonepad.pushmessage.QYPushMsgBootReceiver
06-07 15:46:01.460 1539 1675 W BroadcastQueue: Target SDK mismatch: receiver ActivityInfo{330aa6d com.xiaomi.push.service.receivers.NetworkStatusReceiver} targets 28 but delivery restricted to [0, 23] broadcasting Intent { act=android.net.conn.CONNECTIVITY_CHANGE flg=0x4200010 (has extras) } from android (pid=1539, uid=1000) to com.kugou.android/com.xiaomi.push.service.receivers.NetworkStatusReceiver
06-07 15:46:01.461 1539 1675 W BroadcastQueue: Target SDK mismatch: receiver ActivityInfo{cf3f6a2 com.xiaomi.push.service.receivers.NetworkStatusReceiver} targets 33 but delivery restricted to [0, 23] broadcasting Intent { act=android.net.conn.CONNECTIVITY_CHANGE flg=0x4200010 (has extras) } from android (pid=1539, uid=1000) to com.qiyi.video/com.xiaomi.push.service.receivers.NetworkStatusReceiver
06-07 15:46:01.461 1539 1675 W BroadcastQueue: Target SDK mismatch: receiver ActivityInfo{c518f33 com.xiaomi.push.service.receivers.NetworkStatusReceiver} targets 29 but delivery restricted to [0, 23] broadcasting Intent { act=android.net.conn.CONNECTIVITY_CHANGE flg=0x4200010 (has extras) } from android (pid=1539, uid=1000) to com.tencent.qqmusic/com.xiaomi.push.service.receivers.NetworkStatusReceiver
06-07 15:46:01.461 1539 1675 W BroadcastQueue: Target SDK mismatch: receiver ActivityInfo{ccdb2f0 com.tencent.pandora.libtcloudupload.videoupload.impl.TVCNetWorkStateReceiver} targets 29 but delivery restricted to [0, 23] broadcasting Intent { act=android.net.conn.CONNECTIVITY_CHANGE flg=0x4200010 (has extras) } from android (pid=1539, uid=1000) to com.tencent.tmgp.sgame/com.tencent.pandora.libtcloudupload.videoupload.impl.TVCNetWorkStateReceiver
06-07 15:46:01.461 1539 1675 W BroadcastQueue: Target SDK mismatch: receiver ActivityInfo{5ba8069 org.qiyi.android.video.ui.phone.traffic.receiver.TrafficReceiver} targets 33 but delivery restricted to [0, 23] broadcasting Intent { act=android.net.conn.CONNECTIVITY_CHANGE flg=0x4200010 (has extras) } from android (pid=1539, uid=1000) to com.qiyi.video/org.qiyi.android.video.ui.phone.traffic.receiver.TrafficReceiver
06-07 15:46:01.461 1539 1675 W BroadcastQueue: Target SDK mismatch: receiver ActivityInfo{dbedaee com.iqiyi.hcim.service.BroadcastCenter} targets 33 but delivery restricted to [0, 23] broadcasting Intent { act=android.net.conn.CONNECTIVITY_CHANGE flg=0x4200010 (has extras) } from android (pid=1539, uid=1000) to com.qiyi.video/com.iqiyi.hcim.service.BroadcastCenter
06-07 15:46:01.461 1539 1675 W BroadcastQueue: Target SDK mismatch: receiver ActivityInfo{30beb8f com.tencent.msdk.dns.HttpDnsCache$ConnectivityChangeReceiver} targets 29 but delivery restricted to [0, 23] broadcasting Intent { act=android.net.conn.CONNECTIVITY_CHANGE flg=0x4200010 (has extras) } from android (pid=1539, uid=1000) to com.tencent.tmgp.sgame/com.tencent.msdk.dns.HttpDnsCache$ConnectivityChangeReceiver
06-07 15:46:01.461 1539 1675 W BroadcastQueue: Target SDK mismatch: receiver ActivityInfo{d730e1c com.tencent.special.httpdns.Cache$ConnectReceiver} targets 29 but delivery restricted to [0, 23] broadcasting Intent { act=android.net.conn.CONNECTIVITY_CHANGE flg=0x4200010 (has extras) } from android (pid=1539, uid=1000) to com.tencent.tmgp.sgame/com.tencent.special.httpdns.Cache$ConnectReceiver
06-07 15:46:01.482 1539 2105 W ActivityManager: Background start not allowed: service Intent { cmp=com.ss.android.ugc.aweme/com.bytedance.common.wschannel.client.WsClientService } to com.ss.android.ugc.aweme/com.bytedance.common.wschannel.client.WsClientService from pid=12227 uid=10095 pkg=com.ss.android.ugc.aweme startFg?=false
06-07 15:46:01.643 0 0 W [ 1480.516329] audit: audit_lost=676911 audit_rate_limit=5 audit_backlog_limit=64
06-07 15:46:01.643 0 0 E [ 1480.516333] audit: rate limit exceeded
06-07 15:46:01.635 2711 2711 I auditd : type=1400 audit(0.0:677445): avc: denied { read } for comm="event_loop" lport=13400 scontext=u:r:hht_ota_mgr:s0 tcontext=u:r:hht_ota_mgr:s0 tclass=udp_socket permissive=0
06-07 15:46:01.639 2711 2711 I auditd : type=1400 audit(0.0:677446): avc: denied { read } for comm="event_loop" lport=13400 scontext=u:r:hht_ota_mgr:s0 tcontext=u:r:hht_ota_mgr:s0 tclass=udp_socket permissive=0
06-07 15:46:01.639 2711 2711 I auditd : type=1400 audit(0.0:677447): avc: denied { read } for comm="event_loop" lport=13400 scontext=u:r:hht_ota_mgr:s0 tcontext=u:r:hht_ota_mgr:s0 tclass=udp_socket permissive=0
06-07 15:46:01.639 2711 2711 I auditd : type=1400 audit(0.0:677448): avc: denied { read } for comm="event_loop" lport=13400 scontext=u:r:hht_ota_mgr:s0 tcontext=u:r:hht_ota_mgr:s0 tclass=udp_socket permissive=0
06-07 15:46:01.639 2711 2711 I auditd : type=1400 audit(0.0:677449): avc: denied { read } for comm="event_loop" lport=13400 scontext=u:r:hht_ota_mgr:s0 tcontext=u:r:hht_ota_mgr:s0 tclass=udp_socket permissive=0
06-07 15:46:01.493 1539 1839 I netstats_mobile_sample: [0,0,0,0,0,0,0,0,0,0,0,0,1686123961493]
06-07 15:46:01.493 1539 1839 I netstats_wifi_sample: [28415408,22870,1768206,7231,28415408,22870,1768206,7231,29173188,28094,1643722,6590,1686123961493]
06-07 15:46:01.511 1539 1839 I netstats_mobile_sample: [0,0,0,0,0,0,0,0,0,0,0,0,1686123961511]
06-07 15:46:01.511 1539 1839 I netstats_wifi_sample: [28415408,22870,1768548,7235,28415408,22870,1768548,7235,29173614,28096,1644064,6594,1686123961511]
06-07 15:46:01.515 1539 1839 W ContextImpl: Calling a method in the system process without a qualified user: android.app.ContextImpl.sendStickyBroadcast:1559 com.android.server.ConnectivityService.sendStickyBroadcast:2811 com.android.server.ConnectivityService.sendLegacyNetworkBroadcast:8732 com.android.server.ConnectivityService$LegacyTypeTracker.remove:1007 com.android.server.ConnectivityService.updateLegacyTypeTrackerAndVpnLockdownForRematch:8287
06-07 15:46:01.516 1539 1839 W ContextImpl: Calling a method in the system process without a qualified user: android.app.ContextImpl.sendStickyBroadcast:1559 com.android.server.ConnectivityService.sendStickyBroadcast:2811 com.android.server.ConnectivityService.sendGeneralBroadcast:2786 com.android.server.ConnectivityService.sendConnectedBroadcast:2759 com.android.server.ConnectivityService.sendLegacyNetworkBroadcast:8704
06-07 15:46:01.536 1539 1675 W BroadcastQueue: Target SDK mismatch: receiver ActivityInfo{1ab4c52 org.qiyi.android.commonphonepad.pushmessage.QYPushMsgBootReceiver} targets 33 but delivery restricted to [0, 23] broadcasting Intent { act=android.net.conn.CONNECTIVITY_CHANGE flg=0x4200010 (has extras) } from android (pid=1539, uid=1000) to com.qiyi.video/org.qiyi.android.commonphonepad.pushmessage.QYPushMsgBootReceiver
