06-07 15:38:12.405 1539 1829 I netstats_mobile_sample: [0,0,0,0,0,0,0,0,0,0,0,0,1686123492404]
06-07 15:38:12.405 1539 1829 I netstats_wifi_sample: [28360331,22611,1706736,6891,28360331,22611,1706736,6891,29011800,27595,1609490,6380,1686123492404]
06-07 15:38:13.029 0 0 I : [ 1010.504807] read descriptors
06-07 15:38:13.029 0 0 I : [ 1010.505094] read strings
06-07 15:38:13.634 1539 1829 I netstats_mobile_sample: [0,0,0,0,0,0,0,0,0,0,0,0,1686123493634]
06-07 15:38:13.635 1539 1829 I netstats_wifi_sample: [28360331,22611,1706736,6891,28360331,22611,1706736,6891,29011800,27595,1609490,6380,1686123493634]
06-07 15:38:14.058 0 0 I : [ 1011.533127] read descriptors
06-07 15:38:14.058 0 0 I : [ 1011.533394] read strings
06-07 15:38:14.872 1539 1829 I netstats_mobile_sample: [0,0,0,0,0,0,0,0,0,0,0,0,1686123494872]
06-07 15:38:14.873 1539 1829 I netstats_wifi_sample: [28360403,22612,1706800,6892,28360403,22612,1706800,6892,29011800,27595,1609554,6381,1686123494872]
06-07 15:38:15.080 0 0 I : [ 1012.552942] read descriptors
06-07 15:38:15.080 0 0 I : [ 1012.553140] read strings
06-07 15:38:16.100 0 0 I : [ 1013.573591] read descriptors
06-07 15:38:16.100 0 0 I : [ 1013.573785] read strings
06-07 15:38:16.198 1539 1829 I netstats_mobile_sample: [0,0,0,0,0,0,0,0,0,0,0,0,1686123496198]
06-07 15:38:16.199 1539 1829 I netstats_wifi_sample: [28360552,22613,1707098,6894,28360552,22613,1707098,6894,29011949,27596,1609703,6382,1686123496198]
06-07 15:38:17.120 0 0 I : [ 1014.593070] read descriptors
06-07 15:38:17.120 0 0 I : [ 1014.593313] read strings
06-07 15:38:17.497 1539 1829 I netstats_mobile_sample: [0,0,0,0,0,0,0,0,0,0,0,0,1686123497497]
06-07 15:38:17.497 1539 1829 I netstats_wifi_sample: [28360552,22613,1707098,6894,28360552,22613,1707098,6894,29011949,27596,1609703,6382,1686123497497]
06-07 15:38:18.140 0 0 I : [ 1015.612553] read descriptors
06-07 15:38:18.140 0 0 I : [ 1015.612697] read strings
06-07 15:38:18.741 1539 1829 I netstats_mobile_sample: [0,0,0,0,0,0,0,0,0,0,0,0,1686123498741]
06-07 15:38:18.741 1539 1829 I netstats_wifi_sample: [28360552,22613,1707098,6894,28360552,22613,1707098,6894,29011949,27596,1609703,6382,1686123498741]
06-07 15:38:19.161 0 0 I : [ 1016.633047] read descriptors
06-07 15:38:19.161 0 0 I : [ 1016.633260] read strings
06-07 15:38:19.572 0 0 I [ 1017.044854] afe_close: port_id = 0x9000
06-07 15:38:20.012 1539 1829 I netstats_mobile_sample: [0,0,0,0,0,0,0,0,0,0,0,0,1686123500012]
06-07 15:38:20.013 1539 1829 I netstats_wifi_sample: [28360552,22613,1707098,6894,28360552,22613,1707098,6894,29011949,27596,1609703,6382,1686123500012]
06-07 15:38:20.180 0 0 I : [ 1017.652991] read descriptors
06-07 15:38:20.180 0 0 I : [ 1017.653197] read strings
06-07 15:38:21.200 0 0 I : [ 1018.672685] read descriptors
06-07 15:38:21.200 0 0 I : [ 1018.672827] read strings
06-07 15:38:21.302 1539 1829 I netstats_mobile_sample: [0,0,0,0,0,0,0,0,0,0,0,0,1686123501302]
06-07 15:38:21.302 1539 1829 I netstats_wifi_sample: [28360829,22615,1707396,6896,28360829,22615,1707396,6896,29012098,27597,1609852,6383,1686123501302]
06-07 15:38:22.212 0 0 I : [ 1019.684886] read descriptors
06-07 15:38:22.213 0 0 I : [ 1019.685064] read strings
06-07 15:38:22.551 1539 1829 I netstats_mobile_sample: [0,0,0,0,0,0,0,0,0,0,0,0,1686123502550]
06-07 15:38:22.551 1539 1829 I netstats_wifi_sample: [28360829,22615,1707396,6896,28360829,22615,1707396,6896,29012098,27597,1609852,6383,1686123502550]
06-07 15:38:23.232 0 0 I : [ 1020.704851] read descriptors
06-07 15:38:23.233 0 0 I : [ 1020.705024] read strings
06-07 15:38:23.789 1539 1829 I netstats_mobile_sample: [0,0,0,0,0,0,0,0,0,0,0,0,1686123503788]
06-07 15:38:23.789 1539 1829 I netstats_wifi_sample: [28360829,22615,1707396,6896,28360829,22615,1707396,6896,29012098,27597,1609852,6383,1686123503788]
06-07 15:38:24.253 0 0 I : [ 1021.729043] read descriptors
06-07 15:38:24.253 0 0 I : [ 1021.729467] read strings
06-07 15:38:25.075 1539 1829 I netstats_mobile_sample: [0,0,0,0,0,0,0,0,0,0,0,0,1686123505074]
06-07 15:38:25.075 1539 1829 I netstats_wifi_sample: [28360829,22615,1707396,6896,28360829,22615,1707396,6896,29012098,27597,1609852,6383,1686123505074]
06-07 15:38:25.276 0 0 I : [ 1022.749446] read descriptors
06-07 15:38:25.276 0 0 I : [ 1022.749629] read strings
06-07 15:38:26.300 0 0 I : [ 1023.772665] read descriptors
06-07 15:38:26.300 0 0 I : [ 1023.772879] read strings
06-07 15:38:26.397 1539 1829 I netstats_mobile_sample: [0,0,0,0,0,0,0,0,0,0,0,0,1686123506396]
06-07 15:38:26.397 1539 1829 I netstats_wifi_sample: [28360978,22616,1707694,6898,28360978,22616,1707694,6898,29012247,27598,1610001,6384,1686123506396]
06-07 15:38:26.915 1539 1675 I am_uid_idle: 99001
06-07 15:38:26.916 1539 1675 I am_uid_idle: 10095
06-07 15:38:26.916 1539 1675 I am_stop_idle_service: [10095,com.ss.android.ugc.aweme/com.ss.android.newmedia.redbadge.RedBadgePushProcessService]
06-07 15:38:26.916 1539 1675 W ActivityManager: Stopping service due to app idle: u0a95 -1m44s687ms com.ss.android.ugc.aweme/com.ss.android.newmedia.redbadge.RedBadgePushProcessService
06-07 15:38:26.916 1539 1675 I am_stop_idle_service: [10095,com.ss.android.ugc.aweme/.impl.downgrade.notice.MainProcessWsChannelService]
06-07 15:38:26.916 1539 1675 W ActivityManager: Stopping service due to app idle: u0a95 -7m1s333ms com.ss.android.ugc.aweme/.impl.downgrade.notice.MainProcessWsChannelService
06-07 15:38:27.321 0 0 I : [ 1024.793087] read descriptors
06-07 15:38:27.322 0 0 I : [ 1024.793358] read strings
06-07 15:38:27.690 1539 1829 I netstats_mobile_sample: [0,0,0,0,0,0,0,0,0,0,0,0,1686123507690]
06-07 15:38:27.691 1539 1829 I netstats_wifi_sample: [28360978,22616,1707694,6898,28360978,22616,1707694,6898,29012247,27598,1610001,6384,1686123507690]
06-07 15:38:28.341 0 0 I : [ 1025.813272] read descriptors
06-07 15:38:28.341 0 0 I : [ 1025.813461] read strings
06-07 15:38:28.776 0 0 I [ 1026.250773] init: processing action (sys.tlog.tlogdshc.active=1) from (/system/etc/init/tlogd.rc:195)
06-07 15:38:28.776 0 0 I [ 1026.251721] init: starting service 'tlogdshc'...
06-07 15:38:28.920 0 0 I [ 1026.395324] init: Service 'tlogdshc' (pid 20168) exited with status 0 oneshot service took 0.132000 seconds in background
06-07 15:38:28.920 0 0 I [ 1026.395353] init: Sending signal 9 to service 'tlogdshc' (pid 20168) process group...
06-07 15:38:28.920 0 0 I [ 1026.395623] libprocessgroup: Successfully killed process cgroup uid 0 pid 20168 in 0ms
06-07 15:38:28.946 1539 1829 I netstats_mobile_sample: [0,0,0,0,0,0,0,0,0,0,0,0,1686123508946]
06-07 15:38:28.947 1539 1829 I netstats_wifi_sample: [28360978,22616,1707694,6898,28360978,22616,1707694,6898,29012247,27598,1610001,6384,1686123508946]
06-07 15:38:29.365 0 0 I : [ 1026.836787] read descriptors
06-07 15:38:29.365 0 0 I : [ 1026.836961] read strings
06-07 15:38:30.247 1539 1829 I netstats_mobile_sample: [0,0,0,0,0,0,0,0,0,0,0,0,1686123510247]
06-07 15:38:30.247 1539 1829 I netstats_wifi_sample: [28361127,22617,1707992,6900,28361127,22617,1707992,6900,29012396,27599,1610150,6385,1686123510247]
06-07 15:38:30.393 0 0 I : [ 1027.869250] read descriptors
06-07 15:38:30.393 0 0 I : [ 1027.869542] read strings
06-07 15:38:31.418 0 0 I : [ 1028.893674] read descriptors
06-07 15:38:31.418 0 0 I : [ 1028.893812] read strings
06-07 15:38:31.533 1539 1829 I netstats_mobile_sample: [0,0,0,0,0,0,0,0,0,0,0,0,1686123511533]
06-07 15:38:31.533 1539 1829 I netstats_wifi_sample: [28361127,22617,1707992,6900,28361127,22617,1707992,6900,29012396,27599,1610150,6385,1686123511533]
06-07 15:38:32.448 0 0 I : [ 1029.920748] read descriptors
06-07 15:38:32.448 0 0 I : [ 1029.920876] read strings
06-07 15:38:32.750 1539 1847 I storage_state: [41217664-9172-527a-b3d5-edabb50a7d69,0,0,100017414144,118610538496]
06-07 15:38:32.900 1539 1829 I netstats_mobile_sample: [0,0,0,0,0,0,0,0,0,0,0,0,1686123512900]
06-07 15:38:32.901 1539 1829 I netstats_wifi_sample: [28361127,22617,1707992,6900,28361127,22617,1707992,6900,29012396,27599,1610150,6385,1686123512900]
06-07 15:38:33.461 0 0 I : [ 1030.936840] read descriptors
06-07 15:38:33.461 0 0 I : [ 1030.937054] read strings
06-07 15:38:34.185 1539 1829 I netstats_mobile_sample: [0,0,0,0,0,0,0,0,0,0,0,0,1686123514184]
06-07 15:38:34.185 1539 1829 I netstats_wifi_sample: [28361127,22617,1707992,6900,28361127,22617,1707992,6900,29012396,27599,1610150,6385,1686123514184]
06-07 15:38:34.488 0 0 I : [ 1031.960605] read descriptors
06-07 15:38:34.488 0 0 I : [ 1031.960707] read strings
06-07 15:38:35.456 1539 1829 I netstats_mobile_sample: [0,0,0,0,0,0,0,0,0,0,0,0,1686123515455]
06-07 15:38:35.457 1539 1829 I netstats_wifi_sample: [28361276,22618,1708290,6902,28361276,22618,1708290,6902,29012545,27600,1610299,6386,1686123515455]
06-07 15:38:35.513 0 0 I : [ 1032.985338] read descriptors
06-07 15:38:35.513 0 0 I : [ 1032.985470] read strings
06-07 15:38:36.540 0 0 I : [ 1034.012901] read descriptors
06-07 15:38:36.540 0 0 I : [ 1034.013059] read strings
06-07 15:38:36.785 1539 1829 I netstats_mobile_sample: [0,0,0,0,0,0,0,0,0,0,0,0,1686123516785]
06-07 15:38:36.786 1539 1829 I netstats_wifi_sample: [28361276,22618,1708290,6902,28361276,22618,1708290,6902,29012545,27600,1610299,6386,1686123516785]
06-07 15:38:37.572 0 0 I : [ 1035.045082] read descriptors
06-07 15:38:37.572 0 0 I : [ 1035.045179] read strings
06-07 15:38:38.140 1539 1829 I netstats_mobile_sample: [0,0,0,0,0,0,0,0,0,0,0,0,1686123518140]
06-07 15:38:38.141 1539 1829 I netstats_wifi_sample: [28361276,22618,1708290,6902,28361276,22618,1708290,6902,29012545,27600,1610299,6386,1686123518140]
06-07 15:38:38.369 1539 1675 I am_uid_idle: 10065
06-07 15:38:38.592 0 0 I : [ 1036.065064] read descriptors
06-07 15:38:38.592 0 0 I : [ 1036.065212] read strings
06-07 15:38:39.238 1539 1898 I sync : [com.tencent.android.qqdownloader.YYBLiveAccountProvider,0,3,24220937]
06-07 15:38:39.272 1539 1898 I sync : [com.tencent.android.qqdownloader.YYBLiveAccountProvider,1,3,24220937]
06-07 15:38:39.275 1539 1898 I commit_sys_config_file: [sync-status,1021334]
06-07 15:38:39.282 1539 1898 I sync : [com.tencent.android.qqdownloader.YYBLiveAccountProvider,0,3,24220937]
06-07 15:38:39.306 1539 1898 I sync : [com.tencent.android.qqdownloader.YYBLiveAccountProvider,1,3,24220937]
06-07 15:38:39.308 1539 1898 I commit_sys_config_file: [sync-status,1021367]
06-07 15:38:39.462 1539 1829 I netstats_mobile_sample: [0,0,0,0,0,0,0,0,0,0,0,0,1686123519462]
06-07 15:38:39.462 1539 1829 I netstats_wifi_sample: [28361276,22618,1708290,6902,28361276,22618,1708290,6902,29012545,27600,1610299,6386,1686123519462]
06-07 15:38:39.465 1539 1830 I service_manager_stats: [100,62,32341]
06-07 15:38:39.609 0 0 I : [ 1037.082668] read descriptors
06-07 15:38:39.609 0 0 I : [ 1037.082886] read strings
06-07 15:38:39.839 4273 4273 I auditd : type=1400 audit(0.0:2197): avc: denied { read } for comm=5468726561642D32202D2031333035 name="tcp" dev="proc" ino=4026532265 scontext=u:r:untrusted_app_29:s0:c85,c256,c512,c768 tcontext=u:object_r:proc_net_tcp_udp:s0 tclass=file permissive=0 app=com.smile.gifmaker
06-07 15:38:40.636 0 0 I : [ 1038.108899] read descriptors
06-07 15:38:40.636 0 0 I : [ 1038.109080] read strings
06-07 15:38:40.763 1539 1829 I netstats_mobile_sample: [0,0,0,0,0,0,0,0,0,0,0,0,1686123520762]
06-07 15:38:40.763 1539 1829 I netstats_wifi_sample: [28361425,22619,1708588,6904,28361425,22619,1708588,6904,29012694,27601,1610448,6387,1686123520762]
06-07 15:38:41.283 1539 1657 I commit_sys_config_file: [jobs,9]
06-07 15:38:41.664 0 0 I : [ 1039.138287] read descriptors
06-07 15:38:41.664 0 0 I : [ 1039.138499] read strings
06-07 15:38:42.152 1539 1829 I netstats_mobile_sample: [0,0,0,0,0,0,0,0,0,0,0,0,1686123522152]
06-07 15:38:42.153 1539 1829 I netstats_wifi_sample: [28361425,22619,1708588,6904,28361425,22619,1708588,6904,29012694,27601,1610448,6387,1686123522152]
06-07 15:38:42.691 0 0 I : [ 1040.164505] read descriptors
06-07 15:38:42.691 0 0 I : [ 1040.164596] read strings
06-07 15:38:43.422 1539 1539 I notification_enqueue: [10024,3222,com.tencent.android.qqdownloader,127,NULL,0,Notification(channel=channel_id_default_silent shortcut=null contentView=com.tencent.android.qqdownloader/0x7f0a01c2 vibrate=null sound=null defaults=0x0 flags=0x2a2 color=0x00000000 groupKey=com.tencent.android.qqdownloader vis=PRIVATE),1]
06-07 15:38:43.545 1539 1829 I netstats_mobile_sample: [0,0,0,0,0,0,0,0,0,0,0,0,1686123523545]
06-07 15:38:43.546 1539 1829 I netstats_wifi_sample: [28361425,22619,1708588,6904,28361425,22619,1708588,6904,29012694,27601,1610448,6387,1686123523545]
06-07 15:38:43.626 1539 1539 I GameModeConfig: isGameModeOn = false
06-07 15:38:43.712 0 0 I : [ 1041.185352] read descriptors
06-07 15:38:43.712 0 0 I : [ 1041.185537] read strings
06-07 15:38:44.740 0 0 I : [ 1042.213019] read descriptors
06-07 15:38:44.740 0 0 I : [ 1042.213220] read strings
06-07 15:38:44.915 1539 1829 I netstats_mobile_sample: [0,0,0,0,0,0,0,0,0,0,0,0,1686123524915]
06-07 15:38:44.915 1539 1829 I netstats_wifi_sample: [28361425,22619,1708588,6904,28361425,22619,1708588,6904,29012694,27601,1610448,6387,1686123524915]
06-07 15:38:45.764 0 0 I : [ 1043.237037] read descriptors
06-07 15:38:45.764 0 0 I : [ 1043.237244] read strings
06-07 15:38:46.258 1539 1829 I netstats_mobile_sample: [0,0,0,0,0,0,0,0,0,0,0,0,1686123526257]
06-07 15:38:46.259 1539 1829 I netstats_wifi_sample: [28361574,22620,1708886,6906,28361574,22620,1708886,6906,29012843,27602,1610597,6388,1686123526257]
06-07 15:38:46.788 0 0 I : [ 1044.260861] read descriptors
06-07 15:38:46.788 0 0 I : [ 1044.261051] read strings
06-07 15:38:47.585 1539 1829 I netstats_mobile_sample: [0,0,0,0,0,0,0,0,0,0,0,0,1686123527585]
06-07 15:38:47.586 1539 1829 I netstats_wifi_sample: [28361574,22620,1708886,6906,28361574,22620,1708886,6906,29012843,27602,1610597,6388,1686123527585]
06-07 15:38:47.804 0 0 I : [ 1045.277165] read descriptors
06-07 15:38:47.804 0 0 I : [ 1045.277379] read strings
06-07 15:38:48.606 1539 1811 I input_interaction: Interaction with: c57fa90 com.android.music/com.android.music.AudioPreview (server), edge-swipe (server), swipe-up (server), PointerEventDispatcher0 (server),
06-07 15:38:48.618 1539 11567 D ActivityTaskManager: Skipping, freeform mode : Task{bad5382 #123 type=standard A=10095:com.ss.android.ugc.aweme U=0 visible=false mode=freeform translucent=true sz=0 visible freeform task=true rootAffinity=10095:com.ss.android.ugc.aweme isMini=false}
06-07 15:38:48.618 1539 11567 D ActivityTaskManager: Skipping, freeform mode : Task{e672263 #117 type=standard A=10100:android.task.kugou U=0 visible=false mode=freeform translucent=true sz=0 visible freeform task=true rootAffinity=10100:android.task.kugou isMini=false}
06-07 15:38:48.624 4020 4020 I view_enqueue_input_event: [Motion - Cancel,com.android.music/com.android.music.AudioPreview]
06-07 15:38:48.625 1539 11567 I wm_task_moved: [1,0,0]
06-07 15:38:48.625 1539 1811 I input_interaction: Interaction with: edge-swipe (server), swipe-up (server), PointerEventDispatcher0 (server),
06-07 15:38:48.626 1539 11567 I wm_task_moved: [1,0,8]
06-07 15:38:48.641 2594 2594 I wm_on_restart_called: [106440759,com.android.launcher3.uioverrides.QuickstepLauncher,performRestartActivity]
06-07 15:38:48.653 1539 1659 I input_focus: [Focus request recents_animation_input_consumer,reason=UpdateInputWindows]
06-07 15:38:48.654 1539 1671 I am_pss : [13817,10095,com.ss.android.ugc.aweme:push,116756480,44679168,1910784,321323008,0,19,15]
06-07 15:38:48.657 1539 1811 I input_focus: [Focus leaving c57fa90 com.android.music/com.android.music.AudioPreview (server),reason=NOT_FOCUSABLE]
06-07 15:38:48.657 1539 1811 I input_focus: [Focus entering recents_animation_input_consumer (server),reason=setFocusedWindow]
06-07 15:38:48.676 1539 1671 I am_pss : [13833,10095,com.ss.android.ugc.aweme:pushservice,119897088,47779840,2217984,325132288,0,19,15]
06-07 15:38:48.714 2594 2594 I wm_on_start_called: [106440759,com.android.launcher3.uioverrides.QuickstepLauncher,handleStartActivity]
06-07 15:38:48.729 2594 2594 I sysui_latency: [1,123]
06-07 15:38:48.758 1539 1655 I sysui_multi_action: [319,11,322,121,325,1046,757,761,758,9,759,5,806,com.android.launcher3,871,com.android.launcher3.uioverrides.QuickstepLauncher,905,0,1320,4,1321,1]
06-07 15:38:48.826 0 0 I : [ 1046.301404] read descriptors
06-07 15:38:48.826 0 0 I : [ 1046.301520] read strings
06-07 15:38:48.919 1539 1800 I commit_sys_config_file: [settings-1-0,6]
06-07 15:38:49.033 1539 1829 I netstats_mobile_sample: [0,0,0,0,0,0,0,0,0,0,0,0,1686123529033]
06-07 15:38:49.033 1539 1829 I netstats_wifi_sample: [28361574,22620,1708886,6906,28361574,22620,1708886,6906,29012843,27602,1610597,6388,1686123529033]
06-07 15:38:49.049 1539 1671 I sysui_latency: [8,136]
06-07 15:38:49.365 1539 2115 I wm_task_moved: [1,1,9]
06-07 15:38:49.365 1539 2115 I wm_task_moved: [112,1,2147483647]
06-07 15:38:49.365 1539 2115 I wm_task_to_front: [0,112]
06-07 15:38:49.365 1539 2115 I wm_focused_root_task: [0,0,1,115,RecentsAnimation.onAnimationFinished()]
06-07 15:38:49.365 1539 2115 I wm_set_resumed_activity: [0,com.android.launcher3/.uioverrides.QuickstepLauncher,RecentsAnimation.onAnimationFinished()]
06-07 15:38:49.366 4020 4020 I wm_on_top_resumed_lost_called: [257346444,com.android.music.AudioPreview,topStateChangedWhenResumed]
06-07 15:38:49.366 1539 2115 I wm_pause_activity: [0,257346444,com.android.music/.AudioPreview,userLeaving=true,pauseBackTasks]
06-07 15:38:49.367 1539 2115 I wm_add_to_stopping: [0,257346444,com.android.music/.AudioPreview,makeInvisible]
06-07 15:38:49.367 1539 2115 I wm_add_to_stopping: [0,36155938,com.android.documentsui/.files.FilesActivity,makeInvisible]
06-07 15:38:49.367 1539 2115 I ActivityTaskManager: FOREGROUND_APPLICATION_CHANGED to com.android.launcher3.uioverrides.QuickstepLauncher
06-07 15:38:49.368 1539 2115 I wm_set_resumed_activity: [0,com.android.launcher3/.uioverrides.QuickstepLauncher,resumeTopActivityInnerLocked]
06-07 15:38:49.370 1539 2115 I wm_resume_activity: [0,106440759,112,com.android.launcher3/.uioverrides.QuickstepLauncher]
06-07 15:38:49.373 2594 2594 I wm_on_resume_called: [106440759,com.android.launcher3.uioverrides.QuickstepLauncher,RESUME_ACTIVITY]
06-07 15:38:49.380 1539 1659 I input_focus: [Focus request a4dbaed com.android.launcher3/com.android.launcher3.uioverrides.QuickstepLauncher,reason=UpdateInputWindows]
06-07 15:38:49.383 2594 2594 I wm_on_top_resumed_gained_called: [106440759,com.android.launcher3.uioverrides.QuickstepLauncher,topStateChangedWhenResumed]
06-07 15:38:49.391 1539 2506 I wm_stop_activity: [0,36155938,com.android.documentsui/.files.FilesActivity]
06-07 15:38:49.391 1539 2506 I wm_stop_activity: [0,257346444,com.android.music/.AudioPreview]
06-07 15:38:49.393 1539 1811 I input_focus: [Focus leaving recents_animation_input_consumer (server),reason=NOT_VISIBLE]
06-07 15:38:49.393 1539 1811 I input_focus: [Focus entering a4dbaed com.android.launcher3/com.android.launcher3.uioverrides.QuickstepLauncher (server),reason=setFocusedWindow]
06-07 15:38:49.394 1539 2506 I wm_finish_activity: [0,257346444,115,com.android.music/.AudioPreview,app-request]
06-07 15:38:49.395 1539 2506 I wm_destroy_activity: [0,257346444,115,com.android.music/.AudioPreview,finish-imm:finishIfPossible]
06-07 15:38:49.395 4020 4020 I wm_on_paused_called: [257346444,com.android.music.AudioPreview,performPause]
06-07 15:38:49.397 4020 4020 I wm_on_stop_called: [257346444,com.android.music.AudioPreview,STOP_ACTIVITY_ITEM]
06-07 15:38:49.397 4020 4020 I wm_on_destroy_called: [257346444,com.android.music.AudioPreview,performDestroy]
06-07 15:38:49.401 1539 1658 I sysui_multi_action: [757,803,799,window_time_0,802,59]
06-07 15:38:49.404 1539 2506 I ActivityTaskManager: Activity reported stop, but no longer stopping: ActivityRecord{f56cb8c u0 com.android.music/.AudioPreview taskAffinity=null t115 f} isExiting} DESTROYED
06-07 15:38:49.408 1539 1658 I sysui_multi_action: [757,803,799,window_time_0,802,0]
06-07 15:38:49.420 8142 8142 I wm_on_stop_called: [36155938,com.android.documentsui.files.FilesActivity,STOP_ACTIVITY_ITEM]
06-07 15:38:49.482 1539 2506 D ActivityTaskManager: Skipping, freeform mode : Task{bad5382 #123 type=standard A=10095:com.ss.android.ugc.aweme U=0 visible=false mode=freeform translucent=true sz=0 visible freeform task=true rootAffinity=10095:com.ss.android.ugc.aweme isMini=false}
06-07 15:38:49.482 1539 2506 D ActivityTaskManager: Skipping, freeform mode : Task{e672263 #117 type=standard A=10100:android.task.kugou U=0 visible=false mode=freeform translucent=true sz=0 visible freeform task=true rootAffinity=10100:android.task.kugou isMini=false}
06-07 15:38:49.853 0 0 I : [ 1047.328984] read descriptors
06-07 15:38:49.853 0 0 I : [ 1047.329119] read strings
06-07 15:38:50.363 1539 1829 I netstats_mobile_sample: [0,0,0,0,0,0,0,0,0,0,0,0,1686123530362]
06-07 15:38:50.363 1539 1829 I netstats_wifi_sample: [28361723,22621,1709184,6908,28361723,22621,1709184,6908,29012992,27603,1610746,6389,1686123530362]
06-07 15:38:50.876 0 0 I : [ 1048.348817] read descriptors
06-07 15:38:50.876 0 0 I : [ 1048.348942] read strings
06-07 15:38:51.628 1539 1829 I netstats_mobile_sample: [0,0,0,0,0,0,0,0,0,0,0,0,1686123531628]
06-07 15:38:51.629 1539 1829 I netstats_wifi_sample: [28361723,22621,1709184,6908,28361723,22621,1709184,6908,29012992,27603,1610746,6389,1686123531628]
06-07 15:38:51.896 0 0 I : [ 1049.369026] read descriptors
06-07 15:38:51.896 0 0 I : [ 1049.369273] read strings
06-07 15:38:52.907 1539 1829 I netstats_mobile_sample: [0,0,0,0,0,0,0,0,0,0,0,0,1686123532907]
06-07 15:38:52.907 1539 1829 I netstats_wifi_sample: [28361723,22621,1709184,6908,28361723,22621,1709184,6908,29012992,27603,1610746,6389,1686123532907]
06-07 15:38:52.916 0 0 I : [ 1050.388596] read descriptors
06-07 15:38:52.916 0 0 I : [ 1050.388723] read strings
06-07 15:38:53.004 2140 20262 W ContextImpl: Calling a method in the system process without a qualified user: android.app.ContextImpl.sendBroadcast:1173 android.content.ContextWrapper.sendBroadcast:479 com.thundercomm.microsettings.action.SetTimeAction.timeUpdated:191 com.thundercomm.microsettings.action.SetTimeAction.update24HourFormat:173 com.thundercomm.microsettings.action.SetTimeAction.doActualAction:133
06-07 15:38:53.029 1539 1539 D DevicePolicyManager: updateSystemUpdateFreezePeriodsRecord
06-07 15:38:53.030 1539 1539 D ConditionProviders.SCP: onReceive android.intent.action.TIME_SET
06-07 15:38:53.031 1539 1539 D ConditionProviders.SCP: evaluateSubscriptionLocked cal=ScheduleCalendar[mDays={1, 2, 3, 4, 5, 6, 7}, mSchedule=ScheduleInfo{days=[1, 2, 3, 4, 5, 6, 7], startHour=22, startMinute=0, endHour=7, endMinute=0, exitAtAlarm=true, nextAlarm=Thu Jan 01 08:00:00 GMT+08:00 1970 (0)}], now=Wed Jun 07 15:38:53 GMT+08:00 2023 (1686123533030), nextUserAlarmTime=Thu Jan 01 08:00:00 GMT+08:00 1970 (0)
06-07 15:38:53.031 1539 1539 D ConditionProviders.SCP: notifyCondition condition://android/schedule?days=1.2.3.4.5.6.7&start=22.0&end=7.0&exitAtAlarm=true STATE_FALSE reason=!meetsSchedule
06-07 15:38:53.032 1539 1539 D ConditionProviders.SCP: Scheduling evaluate for Wed Jun 07 22:00:00 GMT+08:00 2023 (1686146400000), in +6h21m6s970ms, now=Wed Jun 07 15:38:53 GMT+08:00 2023 (1686123533030)
06-07 15:38:53.046 1539 1845 I am_uid_active: 10028
06-07 15:38:53.809 1539 1811 I input_interaction: Interaction with: a4dbaed com.android.launcher3/com.android.launcher3.uioverrides.QuickstepLauncher (server), dea3df3 com.android.systemui.ImageWallpaper (server), edge-swipe (server), swipe-up (server), PointerEventDispatcher0 (server),
06-07 15:38:53.922 1539 3020 I thunderperf: PlatormCompat.setOverrides: Uid1=10077 Pid1=2594 Uid2=10077 Pid2=2594
06-07 15:38:53.922 1539 3020 I thunderperf: PlatormCompat.setOverrides: needCheck:false
06-07 15:38:53.922 1539 3020 I thunderperf: CompatConfig.addOverrideUnsafe: bef-state=1
06-07 15:38:53.922 1539 3020 E thunderperf: CompatConfig.addOverrideUnsafe: exception:java.lang.SecurityException: Cannot override a change on a non-debuggable app and user build.
06-07 15:38:53.922 1539 3020 I thunderperf: CompatConfig.addOverrideUnsafe: aft-state=1
06-07 15:38:53.924 1539 3020 I thunderperf: CompatConfig.addOverrideUnsafe: bef-state=1
06-07 15:38:53.924 1539 3020 E thunderperf: CompatConfig.addOverrideUnsafe: exception:java.lang.SecurityException: Cannot override a change on a non-debuggable app and user build.
06-07 15:38:53.924 1539 3020 I thunderperf: CompatConfig.addOverrideUnsafe: aft-state=1
06-07 15:38:53.924 1539 3020 I thunderperf: CompatConfig.addOverrideUnsafe: bef-state=1
06-07 15:38:53.925 1539 3020 E thunderperf: CompatConfig.addOverrideUnsafe: exception:java.lang.SecurityException: Cannot override a change on a non-debuggable app and user build.
06-07 15:38:53.925 1539 3020 I thunderperf: CompatConfig.addOverrideUnsafe: aft-state=1
06-07 15:38:53.925 1539 3020 I thunderperf: CompatConfig.addOverrideUnsafe: bef-state=1
06-07 15:38:53.925 1539 3020 E thunderperf: CompatConfig.addOverrideUnsafe: exception:java.lang.SecurityException: Cannot override a change on a non-debuggable app and user build.
06-07 15:38:53.925 1539 3020 I thunderperf: CompatConfig.addOverrideUnsafe: aft-state=1
06-07 15:38:53.926 1539 3020 I thunderperf: CompatConfig.addOverrideUnsafe: bef-state=1
06-07 15:38:53.926 1539 3020 E thunderperf: CompatConfig.addOverrideUnsafe: exception:java.lang.SecurityException: Cannot override a change on a non-debuggable app and user build.
06-07 15:38:53.926 1539 3020 I thunderperf: CompatConfig.addOverrideUnsafe: aft-state=1
06-07 15:38:53.926 1539 3020 I thunderperf: CompatConfig.addOverrideUnsafe: bef-state=1
06-07 15:38:53.927 1539 3020 E thunderperf: CompatConfig.addOverrideUnsafe: exception:java.lang.SecurityException: Cannot override a change on a non-debuggable app and user build.
06-07 15:38:53.927 1539 3020 I thunderperf: CompatConfig.addOverrideUnsafe: aft-state=1
06-07 15:38:53.927 1539 3020 I thunderperf: CompatConfig.addOverrideUnsafe: bef-state=1
06-07 15:38:53.927 1539 3020 E thunderperf: CompatConfig.addOverrideUnsafe: exception:java.lang.SecurityException: Cannot override a change on a non-debuggable app and user build.
06-07 15:38:53.927 1539 3020 I thunderperf: CompatConfig.addOverrideUnsafe: aft-state=1
06-07 15:38:53.928 1539 3020 I thunderperf: CompatConfig.addOverrideUnsafe: bef-state=1
06-07 15:38:53.928 1539 3020 E thunderperf: CompatConfig.addOverrideUnsafe: exception:java.lang.SecurityException: Cannot override a change on a non-debuggable app and user build.
06-07 15:38:53.928 1539 3020 I thunderperf: CompatConfig.addOverrideUnsafe: aft-state=1
06-07 15:38:53.929 1539 3020 I thunderperf: CompatConfig.addOverrideUnsafe: bef-state=1
06-07 15:38:53.929 1539 3020 E thunderperf: CompatConfig.addOverrideUnsafe: exception:java.lang.SecurityException: Cannot override a change on a non-debuggable app and user build.
06-07 15:38:53.929 1539 3020 I thunderperf: CompatConfig.addOverrideUnsafe: aft-state=1
06-07 15:38:53.930 1539 3020 I thunderperf: CompatConfig.addOverrideUnsafe: bef-state=1
06-07 15:38:53.930 1539 3020 E thunderperf: CompatConfig.addOverrideUnsafe: exception:java.lang.SecurityException: Cannot override a change on a non-debuggable app and user build.
06-07 15:38:53.930 1539 3020 I thunderperf: CompatConfig.addOverrideUnsafe: aft-state=1
06-07 15:38:53.931 1539 3020 I thunderperf: CompatConfig.addOverrideUnsafe: bef-state=1
06-07 15:38:53.931 1539 3020 E thunderperf: CompatConfig.addOverrideUnsafe: exception:java.lang.SecurityException: Cannot override a change on a non-debuggable app and user build.
06-07 15:38:53.931 1539 3020 I thunderperf: CompatConfig.addOverrideUnsafe: aft-state=1
06-07 15:38:53.931 1539 3020 I thunderperf: CompatConfig.addOverrideUnsafe: bef-state=1
06-07 15:38:53.932 1539 3020 E thunderperf: CompatConfig.addOverrideUnsafe: exception:java.lang.SecurityException: Cannot override a change on a non-debuggable app and user build.
06-07 15:38:53.932 1539 3020 I thunderperf: CompatConfig.addOverrideUnsafe: aft-state=1
06-07 15:38:53.932 0 0 I : [ 1051.412532] read descriptors
06-07 15:38:53.932 0 0 I : [ 1051.412626] read strings
06-07 15:38:53.932 1539 3020 I thunderperf: CompatConfig.addOverrideUnsafe: bef-state=1
06-07 15:38:53.933 1539 3020 E thunderperf: CompatConfig.addOverrideUnsafe: exception:java.lang.SecurityException: Cannot override a change on a non-debuggable app and user build.
06-07 15:38:53.933 1539 3020 I thunderperf: CompatConfig.addOverrideUnsafe: aft-state=1
06-07 15:38:53.933 1539 3020 I thunderperf: CompatConfig.addOverrideUnsafe: bef-state=1
06-07 15:38:53.933 1539 3020 E thunderperf: CompatConfig.addOverrideUnsafe: exception:java.lang.SecurityException: Cannot override a change on a non-debuggable app and user build.
06-07 15:38:53.933 1539 3020 I thunderperf: CompatConfig.addOverrideUnsafe: aft-state=1
06-07 15:38:53.938 1539 3020 I ActivityTaskManager: START u0 {act=android.intent.action.MAIN cat=[android.intent.category.LAUNCHER] flg=0x10200000 cmp=com.android.documentsui/.LauncherActivity bnds=[126,692][426,990]} from uid 10077
06-07 15:38:53.939 1539 3020 D ActivityTaskManager: TaskLaunchParamsModifier:task=null activity=ActivityRecord{5c3d86a u0 com.android.documentsui/.LauncherActivity taskAffinity=10020:com.android.documentsui display-area-from-source=DefaultTaskDisplayArea@11319769 display-id=0 display-windowing-mode=1 suggested-display-area=DefaultTaskDisplayArea@11319769
06-07 15:38:53.942 1539 3020 D ActivityTaskManager: TaskLaunchParamsModifier:task=null activity=ActivityRecord{5c3d86a u0 com.android.documentsui/.LauncherActivity taskAffinity=10020:com.android.documentsui t-1} display-area-from-source=DefaultTaskDisplayArea@11319769 display-id=0 display-windowing-mode=1 suggested-display-area=DefaultTaskDisplayArea@11319769 inherit-from-source=fullscreen activity-options-fullscreen=Rect(0, 0 - 0, 0) non-freeform-display display-area=DefaultTaskDisplayArea@11319769
06-07 15:38:53.942 1539 3020 I wm_task_created: [125,-1]
06-07 15:38:53.942 1539 3020 W ActivityTaskManager: Can't find TaskDisplayArea to determine support for multi window. Task id=125 attached=false
06-07 15:38:53.944 1539 3020 D ActivityTaskManager: TaskLaunchParamsModifier:task=Task{92c02d1 #125 type=standard A=10020:com.android.documentsui U=0 visible=false mode=fullscreen translucent=true sz=0 visible freeform task=true rootAffinity=10020:com.android.documentsui isMini=false} activity=ActivityRecord{5c3d86a u0 com.android.documentsui/.LauncherActivity taskAffinity=10020:com.android.documentsui t-1} display-area-from-source=DefaultTaskDisplayArea@11319769 display-id=0 display-windowing-mode=1 suggested-display-area=DefaultTaskDisplayArea@11319769 inherit-from-source=fullscreen activity-options-fullscreen=Rect(0, 0 - 0, 0) non-freeform-display display-area=DefaultTaskDisplayArea@11319769
06-07 15:38:53.945 1539 3020 I wm_task_moved: [125,1,10]
06-07 15:38:53.945 1539 3020 I wm_task_to_front: [0,125]
06-07 15:38:53.945 1539 3020 I wm_create_task: [0,125]
06-07 15:38:53.946 1539 3020 I wm_create_activity: [0,96721002,125,com.android.documentsui/.LauncherActivity,android.intent.action.MAIN,NULL,NULL,270532608]
06-07 15:38:53.946 1539 3020 I wm_task_moved: [125,1,10]
06-07 15:38:53.946 1539 3020 I wm_pause_activity: [0,106440759,com.android.launcher3/.uioverrides.QuickstepLauncher,userLeaving=true,pauseBackTasks]
06-07 15:38:53.948 2594 2594 I wm_on_top_resumed_lost_called: [106440759,com.android.launcher3.uioverrides.QuickstepLauncher,topStateChangedWhenResumed]
06-07 15:38:53.949 2594 2594 I wm_on_paused_called: [106440759,com.android.launcher3.uioverrides.QuickstepLauncher,performPause]
06-07 15:38:53.950 1539 2506 I ActivityTaskManager: FOREGROUND_APPLICATION_CHANGED to com.android.documentsui.files.LauncherActivity
06-07 15:38:53.950 1539 2506 I ActivityTaskManager: The Process com.android.documentsui Already Exists in BG. So sending its PID: 8142
06-07 15:38:53.951 1539 2506 W ActivityTaskManager: Tried to set launchTime (0) < mLastActivityLaunchTime (975798)
06-07 15:38:53.951 1539 2506 I wm_restart_activity: [0,96721002,125,com.android.documentsui/.LauncherActivity]
06-07 15:38:53.952 1539 2506 I wm_set_resumed_activity: [0,com.android.documentsui/.LauncherActivity,minimalResumeActivityLocked]
06-07 15:38:53.955 1539 1658 I sysui_multi_action: [757,803,799,window_time_0,802,5]
06-07 15:38:53.958 1539 11594 I thunderperf: PlatormCompat.setOverrides: Uid1=10020 Pid1=8142 Uid2=10020 Pid2=8142
06-07 15:38:53.958 1539 11594 I thunderperf: PlatormCompat.setOverrides: needCheck:false
06-07 15:38:53.958 1539 11594 I thunderperf: CompatConfig.addOverrideUnsafe: bef-state=1
06-07 15:38:53.958 1539 11594 E thunderperf: CompatConfig.addOverrideUnsafe: exception:java.lang.SecurityException: Cannot override a change on a non-debuggable app and user build.
06-07 15:38:53.958 1539 11594 I thunderperf: CompatConfig.addOverrideUnsafe: aft-state=1
06-07 15:38:53.959 1539 11594 I thunderperf: CompatConfig.addOverrideUnsafe: bef-state=1
06-07 15:38:53.959 1539 11594 E thunderperf: CompatConfig.addOverrideUnsafe: exception:java.lang.SecurityException: Cannot override a change on a non-debuggable app and user build.
06-07 15:38:53.959 1539 11594 I thunderperf: CompatConfig.addOverrideUnsafe: aft-state=1
06-07 15:38:53.959 1539 11594 I thunderperf: CompatConfig.addOverrideUnsafe: bef-state=1
06-07 15:38:53.959 1539 11594 E thunderperf: CompatConfig.addOverrideUnsafe: exception:java.lang.SecurityException: Cannot override a change on a non-debuggable app and user build.
06-07 15:38:53.959 1539 11594 I thunderperf: CompatConfig.addOverrideUnsafe: aft-state=1
06-07 15:38:53.959 1539 11594 I thunderperf: CompatConfig.addOverrideUnsafe: bef-state=1
06-07 15:38:53.959 1539 11594 E thunderperf: CompatConfig.addOverrideUnsafe: exception:java.lang.SecurityException: Cannot override a change on a non-debuggable app and user build.
06-07 15:38:53.959 1539 11594 I thunderperf: CompatConfig.addOverrideUnsafe: aft-state=1
06-07 15:38:53.960 1539 11594 I thunderperf: CompatConfig.addOverrideUnsafe: bef-state=1
06-07 15:38:53.960 1539 11594 E thunderperf: CompatConfig.addOverrideUnsafe: exception:java.lang.SecurityException: Cannot override a change on a non-debuggable app and user build.
06-07 15:38:53.960 1539 11594 I thunderperf: CompatConfig.addOverrideUnsafe: aft-state=1
06-07 15:38:53.960 1539 11594 I thunderperf: CompatConfig.addOverrideUnsafe: bef-state=1
06-07 15:38:53.960 1539 11594 E thunderperf: CompatConfig.addOverrideUnsafe: exception:java.lang.SecurityException: Cannot override a change on a non-debuggable app and user build.
06-07 15:38:53.960 1539 11594 I thunderperf: CompatConfig.addOverrideUnsafe: aft-state=1
06-07 15:38:53.960 1539 11594 I thunderperf: CompatConfig.addOverrideUnsafe: bef-state=1
06-07 15:38:53.960 1539 11594 E thunderperf: CompatConfig.addOverrideUnsafe: exception:java.lang.SecurityException: Cannot override a change on a non-debuggable app and user build.
06-07 15:38:53.960 1539 11594 I thunderperf: CompatConfig.addOverrideUnsafe: aft-state=1
06-07 15:38:53.960 1539 11594 I thunderperf: CompatConfig.addOverrideUnsafe: bef-state=1
06-07 15:38:53.960 1539 11594 E thunderperf: CompatConfig.addOverrideUnsafe: exception:java.lang.SecurityException: Cannot override a change on a non-debuggable app and user build.
06-07 15:38:53.960 1539 11594 I thunderperf: CompatConfig.addOverrideUnsafe: aft-state=1
06-07 15:38:53.961 1539 11594 I thunderperf: CompatConfig.addOverrideUnsafe: bef-state=1
06-07 15:38:53.961 1539 11594 E thunderperf: CompatConfig.addOverrideUnsafe: exception:java.lang.SecurityException: Cannot override a change on a non-debuggable app and user build.
06-07 15:38:53.961 1539 11594 I thunderperf: CompatConfig.addOverrideUnsafe: aft-state=1
06-07 15:38:53.961 1539 11594 I thunderperf: CompatConfig.addOverrideUnsafe: bef-state=1
06-07 15:38:53.961 1539 11594 E thunderperf: CompatConfig.addOverrideUnsafe: exception:java.lang.SecurityException: Cannot override a change on a non-debuggable app and user build.
06-07 15:38:53.961 1539 11594 I thunderperf: CompatConfig.addOverrideUnsafe: aft-state=1
06-07 15:38:53.961 1539 11594 I thunderperf: CompatConfig.addOverrideUnsafe: bef-state=1
06-07 15:38:53.961 1539 11594 E thunderperf: CompatConfig.addOverrideUnsafe: exception:java.lang.SecurityException: Cannot override a change on a non-debuggable app and user build.
06-07 15:38:53.961 1539 11594 I thunderperf: CompatConfig.addOverrideUnsafe: aft-state=1
06-07 15:38:53.962 1539 11594 I thunderperf: CompatConfig.addOverrideUnsafe: bef-state=1
06-07 15:38:53.962 1539 11594 E thunderperf: CompatConfig.addOverrideUnsafe: exception:java.lang.SecurityException: Cannot override a change on a non-debuggable app and user build.
06-07 15:38:53.962 1539 11594 I thunderperf: CompatConfig.addOverrideUnsafe: aft-state=1
06-07 15:38:53.962 1539 11594 I thunderperf: CompatConfig.addOverrideUnsafe: bef-state=1
06-07 15:38:53.962 1539 11594 E thunderperf: CompatConfig.addOverrideUnsafe: exception:java.lang.SecurityException: Cannot override a change on a non-debuggable app and user build.
06-07 15:38:53.962 1539 11594 I thunderperf: CompatConfig.addOverrideUnsafe: aft-state=1
06-07 15:38:53.962 1539 11594 I thunderperf: CompatConfig.addOverrideUnsafe: bef-state=1
06-07 15:38:53.962 1539 11594 E thunderperf: CompatConfig.addOverrideUnsafe: exception:java.lang.SecurityException: Cannot override a change on a non-debuggable app and user build.
06-07 15:38:53.962 1539 11594 I thunderperf: CompatConfig.addOverrideUnsafe: aft-state=1
06-07 15:38:53.964 1539 11594 I ActivityTaskManager: START u0 {dat=//com.android.documentsui.launchControl flg=0x10280000 cmp=com.android.documentsui/.files.FilesActivity} from uid 10020
06-07 15:38:53.964 1539 11594 D ActivityTaskManager: TaskLaunchParamsModifier:task=null activity=ActivityRecord{e630ac2 u0 com.android.documentsui/.files.FilesActivity taskAffinity=10020:com.android.documentsui display-area-from-source=DefaultTaskDisplayArea@11319769 display-id=0 display-windowing-mode=1 suggested-display-area=DefaultTaskDisplayArea@11319769
06-07 15:38:53.964 1539 11594 D ActivityTaskManager: TaskLaunchParamsModifier:task=Task{e8011e9 #115 type=standard A=10020:com.android.documentsui U=0 visible=false mode=fullscreen translucent=true sz=1 visible freeform task=true rootAffinity=10020:com.android.documentsui isMini=false} activity=ActivityRecord{e630ac2 u0 com.android.documentsui/.files.FilesActivity taskAffinity=10020:com.android.documentsui t-1} display-area-from-source=DefaultTaskDisplayArea@11319769 display-id=0 display-windowing-mode=1 suggested-display-area=DefaultTaskDisplayArea@11319769 inherit-from-source=fullscreen activity-options-fullscreen=Rect(0, 0 - 0, 0) non-freeform-display display-area=DefaultTaskDisplayArea@11319769
06-07 15:38:53.964 1539 11594 I wm_task_moved: [115,1,10]
06-07 15:38:53.964 1539 11594 I wm_task_to_front: [0,115]
06-07 15:38:53.964 1539 11594 I wm_focused_root_task: [0,0,115,125,bringingFoundTaskToFront]
06-07 15:38:53.965 1539 11594 I wm_set_resumed_activity: [0,com.android.documentsui/.files.FilesActivity,bringingFoundTaskToFront]
06-07 15:38:53.965 1539 11594 I wm_new_intent: [0,36155938,115,com.android.documentsui/.files.FilesActivity,NULL,NULL,//com.android.documentsui.launchControl,271056896]
06-07 15:38:53.965 1539 11594 I wm_pause_activity: [0,96721002,com.android.documentsui/.LauncherActivity,userLeaving=true,pauseBackTasks]
06-07 15:38:53.968 1539 11594 I wm_finish_activity: [0,96721002,125,com.android.documentsui/.LauncherActivity,app-request]
06-07 15:38:53.968 8142 8142 I wm_on_create_called: [96721002,com.android.documentsui.LauncherActivity,performCreate]
06-07 15:38:53.970 1539 2506 I wm_add_to_stopping: [0,96721002,com.android.documentsui/.LauncherActivity,completeFinishing]
06-07 15:38:53.970 1539 2506 I ActivityTaskManager: FOREGROUND_APPLICATION_CHANGED to com.android.documentsui.files.FilesActivity
06-07 15:38:53.971 1539 2506 I wm_set_resumed_activity: [0,com.android.documentsui/.files.FilesActivity,resumeTopActivityInnerLocked]
06-07 15:38:53.971 1539 2506 I wm_add_to_stopping: [0,106440759,com.android.launcher3/.uioverrides.QuickstepLauncher,makeInvisible]
06-07 15:38:53.972 1539 2506 I wm_resume_activity: [0,36155938,115,com.android.documentsui/.files.FilesActivity]
06-07 15:38:53.974 8142 8142 I wm_on_restart_called: [36155938,com.android.documentsui.files.FilesActivity,performRestartActivity]
06-07 15:38:53.974 1539 1658 I wm_destroy_activity: [0,96721002,125,com.android.documentsui/.LauncherActivity,finish-imm:idle]
06-07 15:38:53.975 1539 1658 I sysui_multi_action: [757,803,799,window_time_0,802,0]
06-07 15:38:53.975 8142 8142 I wm_on_start_called: [36155938,com.android.documentsui.files.FilesActivity,handleStartActivity]
06-07 15:38:53.977 8142 8142 I wm_on_resume_called: [36155938,com.android.documentsui.files.FilesActivity,RESUME_ACTIVITY]
06-07 15:38:53.978 8142 8142 I wm_on_top_resumed_gained_called: [36155938,com.android.documentsui.files.FilesActivity,topWhenResuming]
06-07 15:38:53.984 1539 1659 I input_focus: [Focus request 15f3893 com.android.documentsui/com.android.documentsui.files.FilesActivity,reason=UpdateInputWindows]
06-07 15:38:53.999 1539 1811 I input_focus: [Focus leaving a4dbaed com.android.launcher3/com.android.launcher3.uioverrides.QuickstepLauncher (server),reason=NO_WINDOW]
06-07 15:38:54.046 8142 8142 I wm_on_destroy_called: [96721002,com.android.documentsui.LauncherActivity,performDestroy]
06-07 15:38:54.047 1539 11594 I wm_task_removed: [125,removeChild:removeChild last r=ActivityRecord{5c3d86a u0 com.android.documentsui/.LauncherActivity taskAffinity=10020:com.android.documentsui t-1 f}} in t=Task{92c02d1 #125 type=standard A=10020:com.android.documentsui U=0 visible=false mode=fullscreen translucent=true sz=0 visible freeform task=true rootAffinity=10020:com.android.documentsui isMini=false}]
06-07 15:38:54.047 1539 11594 I wm_task_removed: [125,removeChild]
06-07 15:38:54.051 1539 1655 I sysui_multi_action: [319,70,321,67,322,111,325,1051,757,761,758,8,759,1,806,com.android.documentsui,871,com.android.documentsui.files.FilesActivity,904,com.android.documentsui,905,0,1320,4,1321,1]
06-07 15:38:54.052 1539 1655 I wm_activity_launch_time: [0,36155938,com.android.documentsui/.files.FilesActivity,111]
06-07 15:38:54.069 1539 1811 I input_focus: [Focus entering 15f3893 com.android.documentsui/com.android.documentsui.files.FilesActivity (server),reason=Window became focusable. Previous reason: NOT_VISIBLE]
06-07 15:38:54.075 1539 2506 D ActivityTaskManager: Skipping, freeform mode : Task{bad5382 #123 type=standard A=10095:com.ss.android.ugc.aweme U=0 visible=false mode=freeform translucent=true sz=0 visible freeform task=true rootAffinity=10095:com.ss.android.ugc.aweme isMini=false}
06-07 15:38:54.075 1539 2506 D ActivityTaskManager: Skipping, freeform mode : Task{e672263 #117 type=standard A=10100:android.task.kugou U=0 visible=false mode=freeform translucent=true sz=0 visible freeform task=true rootAffinity=10100:android.task.kugou isMini=false}
06-07 15:38:54.184 1539 1829 I netstats_mobile_sample: [0,0,0,0,0,0,0,0,0,0,0,0,1686123534184]
06-07 15:38:54.184 1539 1829 I netstats_wifi_sample: [28361723,22621,1709184,6908,28361723,22621,1709184,6908,29012992,27603,1610746,6389,1686123534184]
06-07 15:38:54.548 1539 1658 I wm_stop_activity: [0,106440759,com.android.launcher3/.uioverrides.QuickstepLauncher]
06-07 15:38:54.568 2594 2594 I wm_on_stop_called: [106440759,com.android.launcher3.uioverrides.QuickstepLauncher,STOP_ACTIVITY_ITEM]
06-07 15:38:54.951 0 0 I : [ 1052.436158] read descriptors
06-07 15:38:54.951 0 0 I : [ 1052.436188] read strings
06-07 15:38:55.069 1539 1811 I input_interaction: Interaction with: 15f3893 com.android.documentsui/com.android.documentsui.files.FilesActivity (server), edge-swipe (server), swipe-up (server), PointerEventDispatcher0 (server),
06-07 15:38:55.165 1539 3020 I ActivityTaskManager: START u0 {act=android.intent.action.VIEW dat=content://com.android.externalstorage.documents/document/primary:1.mp4 typ=video/mp4 flg=0x20000003 cmp=android/com.android.internal.app.ResolverActivity} from uid 10020
06-07 15:38:55.165 1539 3020 D ActivityTaskManager: TaskLaunchParamsModifier:task=null activity=ActivityRecord{eefa70 u0 android/com.android.internal.app.ResolverActivity taskAffinity=null display-area-from-source=DefaultTaskDisplayArea@11319769 display-id=0 display-windowing-mode=1 suggested-display-area=DefaultTaskDisplayArea@11319769
06-07 15:38:55.165 1539 3020 D ActivityTaskManager: TaskLaunchParamsModifier:task=Task{e8011e9 #115 type=standard A=10020:com.android.documentsui U=0 visible=true mode=fullscreen translucent=false sz=1 visible freeform task=true rootAffinity=10020:com.android.documentsui isMini=false} activity=ActivityRecord{eefa70 u0 android/com.android.internal.app.ResolverActivity taskAffinity=null t-1} display-area-from-source=DefaultTaskDisplayArea@11319769 display-id=0 display-windowing-mode=1 suggested-display-area=DefaultTaskDisplayArea@11319769 inherit-from-source=fullscreen activity-options-fullscreen=Rect(0, 0 - 0, 0) non-freeform-display display-area=DefaultTaskDisplayArea@11319769
06-07 15:38:55.166 1539 3020 I wm_task_moved: [115,1,9]
06-07 15:38:55.167 1539 3020 I wm_set_resumed_activity: [0,com.android.documentsui/.files.FilesActivity,positionChildAt]
06-07 15:38:55.167 1539 3020 I wm_create_activity: [0,15661680,115,android/com.android.internal.app.ResolverActivity,android.intent.action.VIEW,video/mp4,content://com.android.externalstorage.documents/document/primary:1.mp4,545259523]
06-07 15:38:55.167 1539 3020 I wm_pause_activity: [0,36155938,com.android.documentsui/.files.FilesActivity,userLeaving=true,resumeTopActivityInnerLocked]
06-07 15:38:55.169 8142 8142 I wm_on_top_resumed_lost_called: [36155938,com.android.documentsui.files.FilesActivity,topStateChangedWhenResumed]
06-07 15:38:55.169 8142 8142 I wm_on_paused_called: [36155938,com.android.documentsui.files.FilesActivity,performPause]
06-07 15:38:55.170 1539 3020 I ActivityTaskManager: FOREGROUND_APPLICATION_CHANGED to com.android.internal.app.ResolverActivity
06-07 15:38:55.170 1539 3020 I ActivityTaskManager: The Process system:ui Already Exists in BG. So sending its PID: 8713
06-07 15:38:55.170 1539 3020 W ActivityTaskManager: Tried to set launchTime (0) < mLastActivityLaunchTime (977333)
06-07 15:38:55.170 1539 3020 I wm_restart_activity: [0,15661680,115,android/com.android.internal.app.ResolverActivity]
06-07 15:38:55.171 1539 3020 I wm_set_resumed_activity: [0,android/com.android.internal.app.ResolverActivity,minimalResumeActivityLocked]
06-07 15:38:55.174 1539 1658 I sysui_multi_action: [757,803,799,window_time_0,802,1]
06-07 15:38:55.182 8713 8713 I sysui_multi_action: [757,451,758,4,806,android.intent.action.VIEW:video/mp4:]
06-07 15:38:55.182 8713 8713 I wm_on_create_called: [15661680,com.android.internal.app.ResolverActivity,performCreate]
06-07 15:38:55.184 8713 8713 I wm_on_start_called: [15661680,com.android.internal.app.ResolverActivity,handleStartActivity]
06-07 15:38:55.185 8713 8713 I wm_on_resume_called: [15661680,com.android.internal.app.ResolverActivity,RESUME_ACTIVITY]
06-07 15:38:55.187 8713 8713 I wm_on_top_resumed_gained_called: [15661680,com.android.internal.app.ResolverActivity,topStateChangedWhenResumed]
06-07 15:38:55.201 1539 1659 I input_focus: [Focus request aafb434 android/com.android.internal.app.ResolverActivity,reason=UpdateInputWindows]
06-07 15:38:55.210 1539 1655 I sysui_multi_action: [319,44,322,44,325,1052,757,761,758,8,759,2,806,android,871,com.android.internal.app.ResolverActivity,904,com.android.documentsui,905,0,1320,12,1321,1]
06-07 15:38:55.210 1539 1655 I wm_activity_launch_time: [0,15661680,android/com.android.internal.app.ResolverActivity,44]
06-07 15:38:55.215 1539 1811 I input_focus: [Focus leaving 15f3893 com.android.documentsui/com.android.documentsui.files.FilesActivity (server),reason=setFocusedWindow]
06-07 15:38:55.216 1539 1811 I input_focus: [Focus entering aafb434 android/com.android.internal.app.ResolverActivity (server),reason=setFocusedWindow]
06-07 15:38:55.400 1539 1829 I netstats_mobile_sample: [0,0,0,0,0,0,0,0,0,0,0,0,1686123535400]
06-07 15:38:55.400 1539 1829 I netstats_wifi_sample: [28361872,22622,1709482,6910,28361872,22622,1709482,6910,29013141,27604,1610895,6390,1686123535400]
06-07 15:38:55.993 0 0 I : [ 1053.476879] read descriptors
06-07 15:38:55.993 0 0 I : [ 1053.477045] read strings
06-07 15:38:56.725 1539 1829 I netstats_mobile_sample: [0,0,0,0,0,0,0,0,0,0,0,0,1686123536725]
06-07 15:38:56.726 1539 1829 I netstats_wifi_sample: [28361872,22622,1709482,6910,28361872,22622,1709482,6910,29013141,27604,1610895,6390,1686123536725]
06-07 15:38:57.023 0 0 I : [ 1054.505435] read descriptors
06-07 15:38:57.023 0 0 I : [ 1054.505524] read strings
06-07 15:38:57.853 1539 1811 I input_interaction: Interaction with: aafb434 android/com.android.internal.app.ResolverActivity (server), edge-swipe (server), swipe-up (server), PointerEventDispatcher0 (server),
06-07 15:38:57.991 1539 1829 I netstats_mobile_sample: [0,0,0,0,0,0,0,0,0,0,0,0,1686123537991]
06-07 15:38:57.991 1539 1829 I netstats_wifi_sample: [28361872,22622,1709482,6910,28361872,22622,1709482,6910,29013141,27604,1610895,6390,1686123537991]
06-07 15:38:58.013 1539 2506 I ActivityTaskManager: START u0 {act=android.intent.action.VIEW dat=content://com.android.externalstorage.documents/document/primary:1.mp4 typ=video/mp4 flg=0x23000003 cmp=com.android.gallery3d/.app.MovieActivity} from uid 10020
