06-07 15:50:11.831 2711 2711 I auditd : type=1400 audit(0.0:22805718): avc: denied { read } for comm="event_loop" lport=13400 scontext=u:r:hht_ota_mgr:s0 tcontext=u:r:hht_ota_mgr:s0 tclass=udp_socket permissive=0
06-07 15:50:11.831 2711 2711 I auditd : type=1400 audit(0.0:22805719): avc: denied { read } for comm="event_loop" lport=13400 scontext=u:r:hht_ota_mgr:s0 tcontext=u:r:hht_ota_mgr:s0 tclass=udp_socket permissive=0
06-07 15:50:11.831 2711 2711 I auditd : type=1400 audit(0.0:22805720): avc: denied { read } for comm="event_loop" lport=13400 scontext=u:r:hht_ota_mgr:s0 tcontext=u:r:hht_ota_mgr:s0 tclass=udp_socket permissive=0
06-07 15:50:11.839 0 0 W [ 1730.512053] audit: audit_lost=22803937 audit_rate_limit=5 audit_backlog_limit=64
06-07 15:50:11.839 0 0 E [ 1730.512055] audit: rate limit exceeded
06-07 15:50:11.870 1539 1671 I sysui_latency: [8,116]
06-07 15:50:12.223 1539 23789 I wm_task_moved: [1,1,9]
06-07 15:50:12.223 1539 23789 I wm_task_moved: [112,1,2147483647]
06-07 15:50:12.223 1539 23789 I wm_task_to_front: [0,112]
06-07 15:50:12.223 1539 23789 I wm_focused_root_task: [0,0,1,120,RecentsAnimation.onAnimationFinished()]
06-07 15:50:12.224 3492 3492 I wm_on_top_resumed_lost_called: [263236383,org.iqiyi.video.activity.PlayerActivity,topStateChangedWhenResumed]
06-07 15:50:12.224 1539 23789 I wm_set_resumed_activity: [0,com.android.launcher3/.uioverrides.QuickstepLauncher,RecentsAnimation.onAnimationFinished()]
06-07 15:50:12.226 1539 23789 I wm_pause_activity: [0,263236383,com.qiyi.video/org.iqiyi.video.activity.PlayerActivity,userLeaving=true,pauseBackTasks]
06-07 15:50:12.228 1539 23789 I wm_add_to_stopping: [0,263236383,com.qiyi.video/org.iqiyi.video.activity.PlayerActivity,makeInvisible]
06-07 15:50:12.231 1539 1659 I input_focus: [Focus request a4dbaed com.android.launcher3/com.android.launcher3.uioverrides.QuickstepLauncher,reason=UpdateInputWindows]
06-07 15:50:12.233 1539 1658 I sysui_multi_action: [757,803,799,window_time_0,802,33]
06-07 15:50:12.235 1539 1811 I input_focus: [Focus leaving recents_animation_input_consumer (server),reason=NOT_VISIBLE]
06-07 15:50:12.250 3492 3492 I wm_on_paused_called: [263236383,org.iqiyi.video.activity.PlayerActivity,performPause]
06-07 15:50:12.251 1539 3012 I ActivityTaskManager: FOREGROUND_APPLICATION_CHANGED to com.android.launcher3.uioverrides.QuickstepLauncher
06-07 15:50:12.251 1539 3012 I wm_set_resumed_activity: [0,com.android.launcher3/.uioverrides.QuickstepLauncher,resumeTopActivityInnerLocked]
06-07 15:50:12.253 1539 3012 I wm_resume_activity: [0,106440759,112,com.android.launcher3/.uioverrides.QuickstepLauncher]
06-07 15:50:12.254 2594 2594 I wm_on_resume_called: [106440759,com.android.launcher3.uioverrides.QuickstepLauncher,RESUME_ACTIVITY]
06-07 15:50:12.254 2594 2594 I wm_on_top_resumed_gained_called: [106440759,com.android.launcher3.uioverrides.QuickstepLauncher,topWhenResuming]
06-07 15:50:12.255 1539 1811 I input_focus: [Focus entering a4dbaed com.android.launcher3/com.android.launcher3.uioverrides.QuickstepLauncher (server),reason=setFocusedWindow]
06-07 15:50:12.258 1539 1658 I wm_stop_activity: [0,263236383,com.qiyi.video/org.iqiyi.video.activity.PlayerActivity]
06-07 15:50:12.260 1539 1658 I sysui_multi_action: [757,803,799,window_time_0,802,0]
06-07 15:50:12.279 1539 1671 I am_pss : [7343,10057,com.qualcomm.timeservice,5305344,3510272,38912,85094400,0,19,5]
06-07 15:50:12.290 1539 1671 I am_pss : [5519,10097,com.tencent.qqmusic,117473280,112418816,38912,221163520,0,19,10]
06-07 15:50:12.296 1539 1671 I am_pss : [5538,10062,com.thundercomm.gamemode.provider,7763968,5840896,38912,90451968,0,19,5]
06-07 15:50:12.302 1539 1671 I am_pss : [5470,10082,com.android.music,7116800,5361664,38912,86474752,0,19,4]
06-07 15:50:12.308 1539 1671 I am_pss : [5487,10065,com.android.gallery3d,7797760,5967872,38912,89198592,0,19,5]
06-07 15:50:12.315 1539 1671 I am_pss : [5456,1000,com.android.settings,30606336,28692480,38912,113876992,0,19,6]
06-07 15:50:12.329 1539 1671 I am_pss : [5455,10100,com.kugou.android,195187712,190881792,38912,291368960,0,19,13]
06-07 15:50:12.337 3492 3492 I wm_on_stop_called: [263236383,org.iqiyi.video.activity.PlayerActivity,STOP_ACTIVITY_ITEM]
06-07 15:50:12.355 1539 23789 D ActivityTaskManager: Skipping, freeform mode : Task{d5ee83b #126 type=standard A=10100:android.task.kugou U=0 visible=false mode=freeform translucent=true sz=0 visible freeform task=true rootAffinity=10100:android.task.kugou isMini=false}
06-07 15:50:12.355 1539 23789 D ActivityTaskManager: Skipping, freeform mode : Task{bad5382 #123 type=standard A=10095:com.ss.android.ugc.aweme U=0 visible=false mode=freeform translucent=true sz=0 visible freeform task=true rootAffinity=10095:com.ss.android.ugc.aweme isMini=false}
06-07 15:50:12.376 0 0 I [ 1731.052691] msm_vidc: high: 00000002: h265d: Closed video instance: 0000000000000000
06-07 15:50:12.458 0 0 I : [ 1731.134177] read descriptors
06-07 15:50:12.458 0 0 I : [ 1731.134297] read strings
06-07 15:50:12.835 2711 2711 I auditd : type=1400 audit(0.0:23059715): avc: denied { read } for comm="event_loop" lport=13400 scontext=u:r:hht_ota_mgr:s0 tcontext=u:r:hht_ota_mgr:s0 tclass=udp_socket permissive=0
06-07 15:50:12.835 2711 2711 I auditd : type=1400 audit(0.0:23059716): avc: denied { read } for comm="event_loop" lport=13400 scontext=u:r:hht_ota_mgr:s0 tcontext=u:r:hht_ota_mgr:s0 tclass=udp_socket permissive=0
06-07 15:50:12.835 2711 2711 I auditd : type=1400 audit(0.0:23059717): avc: denied { read } for comm="event_loop" lport=13400 scontext=u:r:hht_ota_mgr:s0 tcontext=u:r:hht_ota_mgr:s0 tclass=udp_socket permissive=0
06-07 15:50:12.835 2711 2711 I auditd : type=1400 audit(0.0:23059718): avc: denied { read } for comm="event_loop" lport=13400 scontext=u:r:hht_ota_mgr:s0 tcontext=u:r:hht_ota_mgr:s0 tclass=udp_socket permissive=0
06-07 15:50:12.835 2711 2711 I auditd : type=1400 audit(0.0:23059719): avc: denied { read } for comm="event_loop" lport=13400 scontext=u:r:hht_ota_mgr:s0 tcontext=u:r:hht_ota_mgr:s0 tclass=udp_socket permissive=0
06-07 15:50:12.842 0 0 W [ 1731.516051] audit: audit_lost=23057931 audit_rate_limit=5 audit_backlog_limit=64
06-07 15:50:12.842 0 0 E [ 1731.516052] audit: rate limit exceeded
06-07 15:50:13.506 0 0 I : [ 1732.180448] read descriptors
06-07 15:50:13.506 0 0 I : [ 1732.180572] read strings
06-07 15:50:13.839 2711 2711 I auditd : type=1400 audit(0.0:23315534): avc: denied { read } for comm="event_loop" lport=13400 scontext=u:r:hht_ota_mgr:s0 tcontext=u:r:hht_ota_mgr:s0 tclass=udp_socket permissive=0
06-07 15:50:13.839 2711 2711 I auditd : type=1400 audit(0.0:23315535): avc: denied { read } for comm="event_loop" lport=13400 scontext=u:r:hht_ota_mgr:s0 tcontext=u:r:hht_ota_mgr:s0 tclass=udp_socket permissive=0
06-07 15:50:13.839 2711 2711 I auditd : type=1400 audit(0.0:23315536): avc: denied { read } for comm="event_loop" lport=13400 scontext=u:r:hht_ota_mgr:s0 tcontext=u:r:hht_ota_mgr:s0 tclass=udp_socket permissive=0
06-07 15:50:13.839 2711 2711 I auditd : type=1400 audit(0.0:23315537): avc: denied { read } for comm="event_loop" lport=13400 scontext=u:r:hht_ota_mgr:s0 tcontext=u:r:hht_ota_mgr:s0 tclass=udp_socket permissive=0
06-07 15:50:13.839 2711 2711 I auditd : type=1400 audit(0.0:23315538): avc: denied { read } for comm="event_loop" lport=13400 scontext=u:r:hht_ota_mgr:s0 tcontext=u:r:hht_ota_mgr:s0 tclass=udp_socket permissive=0
06-07 15:50:13.842 0 0 W [ 1732.520066] audit: audit_lost=23313745 audit_rate_limit=5 audit_backlog_limit=64
06-07 15:50:13.843 0 0 E [ 1732.520068] audit: rate limit exceeded
06-07 15:50:13.902 0 0 I [ 1732.577880] msm_vidc: err : ffffffff: .....: DBLP Set: status 0
06-07 15:50:14.520 1539 1898 I sync : [com.tencent.android.qqdownloader.YYBLiveAccountProvider,0,3,24220937]
06-07 15:50:14.546 0 0 I : [ 1733.220651] read descriptors
06-07 15:50:14.546 0 0 I : [ 1733.220796] read strings
06-07 15:50:14.550 1539 1898 I sync : [com.tencent.android.qqdownloader.YYBLiveAccountProvider,1,3,24220937]
06-07 15:50:14.554 1539 1898 I commit_sys_config_file: [sync-status,1717815]
06-07 15:50:14.562 1539 1898 I sync : [com.tencent.android.qqdownloader.YYBLiveAccountProvider,0,3,24220937]
06-07 15:50:14.594 1539 1898 I sync : [com.tencent.android.qqdownloader.YYBLiveAccountProvider,1,3,24220937]
06-07 15:50:14.596 1539 1898 I commit_sys_config_file: [sync-status,1717858]
06-07 15:50:14.839 2711 2711 I auditd : type=1400 audit(0.0:23570491): avc: denied { read } for comm="event_loop" lport=13400 scontext=u:r:hht_ota_mgr:s0 tcontext=u:r:hht_ota_mgr:s0 tclass=udp_socket permissive=0
06-07 15:50:14.843 2711 2711 I auditd : type=1400 audit(0.0:23570492): avc: denied { read } for comm="event_loop" lport=13400 scontext=u:r:hht_ota_mgr:s0 tcontext=u:r:hht_ota_mgr:s0 tclass=udp_socket permissive=0
06-07 15:50:14.843 2711 2711 I auditd : type=1400 audit(0.0:23570493): avc: denied { read } for comm="event_loop" lport=13400 scontext=u:r:hht_ota_mgr:s0 tcontext=u:r:hht_ota_mgr:s0 tclass=udp_socket permissive=0
06-07 15:50:14.843 2711 2711 I auditd : type=1400 audit(0.0:23570494): avc: denied { read } for comm="event_loop" lport=13400 scontext=u:r:hht_ota_mgr:s0 tcontext=u:r:hht_ota_mgr:s0 tclass=udp_socket permissive=0
06-07 15:50:14.843 2711 2711 I auditd : type=1400 audit(0.0:23570495): avc: denied { read } for comm="event_loop" lport=13400 scontext=u:r:hht_ota_mgr:s0 tcontext=u:r:hht_ota_mgr:s0 tclass=udp_socket permissive=0
06-07 15:50:14.847 0 0 W [ 1733.524051] audit: audit_lost=23568697 audit_rate_limit=5 audit_backlog_limit=64
06-07 15:50:14.847 0 0 E [ 1733.524053] audit: rate limit exceeded
06-07 15:50:15.456 519 519 I auditd : avc: denied { find } for pid=7552 uid=10095 name=window scontext=u:r:untrusted_app_29:s0:c95,c256,c512,c768 tcontext=u:object_r:window_service:s0 tclass=service_manager permissive=0
06-07 15:50:15.464 0 0 I [ 1734.128534] binder: 7552:7552 ioctl 40046210 7fd16fde44 returned -22
06-07 15:50:15.464 0 0 I [ 1734.133933] afe_close: port_id = 0x9000
06-07 15:50:15.506 0 0 I [ 1734.180596] binder: 7556:7556 ioctl 40046210 7fd1a89eb4 returned -22
06-07 15:50:15.538 0 0 I [ 1734.215275] binder: 7560:7560 ioctl 40046210 7fd727d724 returned -22
06-07 15:50:15.584 519 519 I auditd : avc: denied { find } for pid=7568 uid=10095 name=window scontext=u:r:untrusted_app_29:s0:c95,c256,c512,c768 tcontext=u:object_r:window_service:s0 tclass=service_manager permissive=0
06-07 15:50:15.598 0 0 I [ 1734.260623] binder: 7568:7568 ioctl 40046210 7ffdd85934 returned -22
06-07 15:50:15.598 0 0 I : [ 1734.265539] read descriptors
06-07 15:50:15.598 0 0 I : [ 1734.265619] read strings
06-07 15:50:15.762 0 0 I [ 1734.437820] binder: 7579:7579 ioctl 40046210 7fd3582514 returned -22
06-07 15:50:15.843 2711 2711 I auditd : type=1400 audit(0.0:23824844): avc: denied { read } for comm="event_loop" lport=13400 scontext=u:r:hht_ota_mgr:s0 tcontext=u:r:hht_ota_mgr:s0 tclass=udp_socket permissive=0
06-07 15:50:15.847 2711 2711 I auditd : type=1400 audit(0.0:23824845): avc: denied { read } for comm="event_loop" lport=13400 scontext=u:r:hht_ota_mgr:s0 tcontext=u:r:hht_ota_mgr:s0 tclass=udp_socket permissive=0
06-07 15:50:15.847 2711 2711 I auditd : type=1400 audit(0.0:23824846): avc: denied { read } for comm="event_loop" lport=13400 scontext=u:r:hht_ota_mgr:s0 tcontext=u:r:hht_ota_mgr:s0 tclass=udp_socket permissive=0
06-07 15:50:15.847 2711 2711 I auditd : type=1400 audit(0.0:23824847): avc: denied { read } for comm="event_loop" lport=13400 scontext=u:r:hht_ota_mgr:s0 tcontext=u:r:hht_ota_mgr:s0 tclass=udp_socket permissive=0
06-07 15:50:15.847 2711 2711 I auditd : type=1400 audit(0.0:23824848): avc: denied { read } for comm="event_loop" lport=13400 scontext=u:r:hht_ota_mgr:s0 tcontext=u:r:hht_ota_mgr:s0 tclass=udp_socket permissive=0
06-07 15:50:15.854 0 0 W [ 1734.528047] audit: audit_lost=23823045 audit_rate_limit=5 audit_backlog_limit=64
06-07 15:50:15.854 0 0 E [ 1734.528048] audit: rate limit exceeded
06-07 15:50:16.488 1539 27313 D CompatibilityChangeReporter: Compat change id reported: 135634846; UID 10095; state: DISABLED
06-07 15:50:16.488 1539 1676 D CompatibilityChangeReporter: Compat change id reported: 143937733; UID 10095; state: DISABLED
06-07 15:50:16.499 1539 1676 I am_proc_start: [0,7585,10095,com.ss.android.ugc.aweme:sandboxed_process1,service,{com.ss.android.ugc.aweme/com.bytedance.org.chromium.content.app.SandboxedProcessService0}]
06-07 15:50:16.499 1539 1676 I ActivityManager: Start proc 7585:com.ss.android.ugc.aweme:sandboxed_process1/u0a95 for service {com.ss.android.ugc.aweme/com.bytedance.org.chromium.content.app.SandboxedProcessService0}
06-07 15:50:16.522 0 0 I [ 1735.198669] binder: 7585:7585 ioctl 40046210 ff881858 returned -22
06-07 15:50:16.523 1539 27313 I am_proc_bound: [0,7585,com.ss.android.ugc.aweme:sandboxed_process1]
06-07 15:50:16.554 1539 1657 I commit_sys_config_file: [jobs,4]
06-07 15:50:16.628 0 0 I : [ 1735.304721] read descriptors
06-07 15:50:16.628 0 0 I : [ 1735.304808] read strings
06-07 15:50:16.851 2711 2711 I auditd : type=1400 audit(0.0:24078887): avc: denied { read } for comm="event_loop" lport=13400 scontext=u:r:hht_ota_mgr:s0 tcontext=u:r:hht_ota_mgr:s0 tclass=udp_socket permissive=0
06-07 15:50:16.851 2711 2711 I auditd : type=1400 audit(0.0:24078888): avc: denied { read } for comm="event_loop" lport=13400 scontext=u:r:hht_ota_mgr:s0 tcontext=u:r:hht_ota_mgr:s0 tclass=udp_socket permissive=0
06-07 15:50:16.851 2711 2711 I auditd : type=1400 audit(0.0:24078889): avc: denied { read } for comm="event_loop" lport=13400 scontext=u:r:hht_ota_mgr:s0 tcontext=u:r:hht_ota_mgr:s0 tclass=udp_socket permissive=0
06-07 15:50:16.851 2711 2711 I auditd : type=1400 audit(0.0:24078890): avc: denied { read } for comm="event_loop" lport=13400 scontext=u:r:hht_ota_mgr:s0 tcontext=u:r:hht_ota_mgr:s0 tclass=udp_socket permissive=0
06-07 15:50:16.851 2711 2711 I auditd : type=1400 audit(0.0:24078891): avc: denied { read } for comm="event_loop" lport=13400 scontext=u:r:hht_ota_mgr:s0 tcontext=u:r:hht_ota_mgr:s0 tclass=udp_socket permissive=0
06-07 15:50:16.855 0 0 W [ 1735.532058] audit: audit_lost=24077083 audit_rate_limit=5 audit_backlog_limit=64
06-07 15:50:16.855 0 0 E [ 1735.532060] audit: rate limit exceeded
06-07 15:50:17.650 0 0 I : [ 1736.324345] read descriptors
06-07 15:50:17.650 0 0 I : [ 1736.324422] read strings
06-07 15:50:17.851 2711 2711 I auditd : type=1400 audit(0.0:24332498): avc: denied { read } for comm="event_loop" lport=13400 scontext=u:r:hht_ota_mgr:s0 tcontext=u:r:hht_ota_mgr:s0 tclass=udp_socket permissive=0
06-07 15:50:17.855 2711 2711 I auditd : type=1400 audit(0.0:24332499): avc: denied { read } for comm="event_loop" lport=13400 scontext=u:r:hht_ota_mgr:s0 tcontext=u:r:hht_ota_mgr:s0 tclass=udp_socket permissive=0
06-07 15:50:17.855 2711 2711 I auditd : type=1400 audit(0.0:24332500): avc: denied { read } for comm="event_loop" lport=13400 scontext=u:r:hht_ota_mgr:s0 tcontext=u:r:hht_ota_mgr:s0 tclass=udp_socket permissive=0
06-07 15:50:17.855 2711 2711 I auditd : type=1400 audit(0.0:24332501): avc: denied { read } for comm="event_loop" lport=13400 scontext=u:r:hht_ota_mgr:s0 tcontext=u:r:hht_ota_mgr:s0 tclass=udp_socket permissive=0
06-07 15:50:17.855 2711 2711 I auditd : type=1400 audit(0.0:24332502): avc: denied { read } for comm="event_loop" lport=13400 scontext=u:r:hht_ota_mgr:s0 tcontext=u:r:hht_ota_mgr:s0 tclass=udp_socket permissive=0
06-07 15:50:17.859 0 0 W [ 1736.536080] audit: audit_lost=24330689 audit_rate_limit=5 audit_backlog_limit=64
06-07 15:50:17.859 0 0 E [ 1736.536081] audit: rate limit exceeded
06-07 15:50:18.118 0 0 I : [ 1736.795135] qcom_rpmh DRV:apps_rsc TCS Busy, retrying RPMH message send: addr=0x50000
06-07 15:50:18.118 0 0 I : [ 1736.795152] qcom_rpmh DRV:apps_rsc TCS Busy, retrying RPMH message send: addr=0x50000
06-07 15:50:18.694 0 0 I : [ 1737.368493] read descriptors
06-07 15:50:18.694 0 0 I : [ 1737.368581] read strings
06-07 15:50:18.862 0 0 W [ 1737.540052] audit: audit_lost=24583993 audit_rate_limit=5 audit_backlog_limit=64
06-07 15:50:18.862 0 0 E [ 1737.540054] audit: rate limit exceeded
06-07 15:50:18.859 2711 2711 I auditd : type=1400 audit(0.0:24585807): avc: denied { read } for comm="event_loop" lport=13400 scontext=u:r:hht_ota_mgr:s0 tcontext=u:r:hht_ota_mgr:s0 tclass=udp_socket permissive=0
06-07 15:50:18.859 2711 2711 I auditd : type=1400 audit(0.0:24585808): avc: denied { read } for comm="event_loop" lport=13400 scontext=u:r:hht_ota_mgr:s0 tcontext=u:r:hht_ota_mgr:s0 tclass=udp_socket permissive=0
06-07 15:50:18.859 2711 2711 I auditd : type=1400 audit(0.0:24585809): avc: denied { read } for comm="event_loop" lport=13400 scontext=u:r:hht_ota_mgr:s0 tcontext=u:r:hht_ota_mgr:s0 tclass=udp_socket permissive=0
06-07 15:50:18.859 2711 2711 I auditd : type=1400 audit(0.0:24585810): avc: denied { read } for comm="event_loop" lport=13400 scontext=u:r:hht_ota_mgr:s0 tcontext=u:r:hht_ota_mgr:s0 tclass=udp_socket permissive=0
06-07 15:50:18.859 2711 2711 I auditd : type=1400 audit(0.0:24585811): avc: denied { read } for comm="event_loop" lport=13400 scontext=u:r:hht_ota_mgr:s0 tcontext=u:r:hht_ota_mgr:s0 tclass=udp_socket permissive=0
06-07 15:50:19.230 0 0 I [ 1737.905757] binder: 7638:7638 ioctl 40046210 7ff0d72274 returned -22
06-07 15:50:19.434 0 0 I [ 1738.110491] binder: 7643:7643 ioctl 40046210 7fe0e9c9b4 returned -22
06-07 15:50:19.722 0 0 I : [ 1738.397761] read descriptors
06-07 15:50:19.722 0 0 I : [ 1738.397947] read strings
06-07 15:50:19.866 0 0 W [ 1738.544056] audit: audit_lost=24837166 audit_rate_limit=5 audit_backlog_limit=64
06-07 15:50:19.866 0 0 E [ 1738.544057] audit: rate limit exceeded
06-07 15:50:19.863 2711 2711 I auditd : type=1400 audit(0.0:24838985): avc: denied { read } for comm="event_loop" lport=13400 scontext=u:r:hht_ota_mgr:s0 tcontext=u:r:hht_ota_mgr:s0 tclass=udp_socket permissive=0
06-07 15:50:19.863 2711 2711 I auditd : type=1400 audit(0.0:24838986): avc: denied { read } for comm="event_loop" lport=13400 scontext=u:r:hht_ota_mgr:s0 tcontext=u:r:hht_ota_mgr:s0 tclass=udp_socket permissive=0
06-07 15:50:19.863 2711 2711 I auditd : type=1400 audit(0.0:24838987): avc: denied { read } for comm="event_loop" lport=13400 scontext=u:r:hht_ota_mgr:s0 tcontext=u:r:hht_ota_mgr:s0 tclass=udp_socket permissive=0
06-07 15:50:19.863 2711 2711 I auditd : type=1400 audit(0.0:24838988): avc: denied { read } for comm="event_loop" lport=13400 scontext=u:r:hht_ota_mgr:s0 tcontext=u:r:hht_ota_mgr:s0 tclass=udp_socket permissive=0
06-07 15:50:19.863 2711 2711 I auditd : type=1400 audit(0.0:24838989): avc: denied { read } for comm="event_loop" lport=13400 scontext=u:r:hht_ota_mgr:s0 tcontext=u:r:hht_ota_mgr:s0 tclass=udp_socket permissive=0
06-07 15:50:20.772 0 0 I : [ 1739.448474] read descriptors
06-07 15:50:20.772 0 0 I : [ 1739.448547] read strings
06-07 15:50:20.863 2711 2711 I auditd : type=1400 audit(0.0:25093407): avc: denied { read } for comm="event_loop" lport=13400 scontext=u:r:hht_ota_mgr:s0 tcontext=u:r:hht_ota_mgr:s0 tclass=udp_socket permissive=0
06-07 15:50:20.867 2711 2711 I auditd : type=1400 audit(0.0:25093408): avc: denied { read } for comm="event_loop" lport=13400 scontext=u:r:hht_ota_mgr:s0 tcontext=u:r:hht_ota_mgr:s0 tclass=udp_socket permissive=0
06-07 15:50:20.867 2711 2711 I auditd : type=1400 audit(0.0:25093409): avc: denied { read } for comm="event_loop" lport=13400 scontext=u:r:hht_ota_mgr:s0 tcontext=u:r:hht_ota_mgr:s0 tclass=udp_socket permissive=0
06-07 15:50:20.867 2711 2711 I auditd : type=1400 audit(0.0:25093410): avc: denied { read } for comm="event_loop" lport=13400 scontext=u:r:hht_ota_mgr:s0 tcontext=u:r:hht_ota_mgr:s0 tclass=udp_socket permissive=0
06-07 15:50:20.867 2711 2711 I auditd : type=1400 audit(0.0:25093411): avc: denied { read } for comm="event_loop" lport=13400 scontext=u:r:hht_ota_mgr:s0 tcontext=u:r:hht_ota_mgr:s0 tclass=udp_socket permissive=0
06-07 15:50:20.874 0 0 W [ 1739.548046] audit: audit_lost=25091583 audit_rate_limit=5 audit_backlog_limit=64
06-07 15:50:20.874 0 0 E [ 1739.548048] audit: rate limit exceeded
06-07 15:50:21.798 0 0 I : [ 1740.472751] read descriptors
06-07 15:50:21.798 0 0 I : [ 1740.472941] read strings
06-07 15:50:21.874 0 0 W [ 1740.552061] audit: audit_lost=25345908 audit_rate_limit=5 audit_backlog_limit=64
06-07 15:50:21.874 0 0 E [ 1740.552062] audit: rate limit exceeded
06-07 15:50:21.867 2711 2711 I auditd : type=1400 audit(0.0:25347737): avc: denied { read } for comm="event_loop" lport=13400 scontext=u:r:hht_ota_mgr:s0 tcontext=u:r:hht_ota_mgr:s0 tclass=udp_socket permissive=0
06-07 15:50:21.871 2711 2711 I auditd : type=1400 audit(0.0:25347738): avc: denied { read } for comm="event_loop" lport=13400 scontext=u:r:hht_ota_mgr:s0 tcontext=u:r:hht_ota_mgr:s0 tclass=udp_socket permissive=0
06-07 15:50:21.871 2711 2711 I auditd : type=1400 audit(0.0:25347739): avc: denied { read } for comm="event_loop" lport=13400 scontext=u:r:hht_ota_mgr:s0 tcontext=u:r:hht_ota_mgr:s0 tclass=udp_socket permissive=0
06-07 15:50:21.871 2711 2711 I auditd : type=1400 audit(0.0:25347740): avc: denied { read } for comm="event_loop" lport=13400 scontext=u:r:hht_ota_mgr:s0 tcontext=u:r:hht_ota_mgr:s0 tclass=udp_socket permissive=0
06-07 15:50:21.871 2711 2711 I auditd : type=1400 audit(0.0:25347741): avc: denied { read } for comm="event_loop" lport=13400 scontext=u:r:hht_ota_mgr:s0 tcontext=u:r:hht_ota_mgr:s0 tclass=udp_socket permissive=0
06-07 15:50:21.880 2132 2132 I force_gc: mem
06-07 15:50:22.254 1539 1671 I am_pss : [7344,10028,com.android.providers.calendar,7057408,5042176,38912,91877376,0,19,10]
06-07 15:50:22.838 0 0 I : [ 1741.512903] read descriptors
06-07 15:50:22.838 0 0 I : [ 1741.513094] read strings
06-07 15:50:22.871 2711 2711 I auditd : type=1400 audit(0.0:25602075): avc: denied { read } for comm="event_loop" lport=13400 scontext=u:r:hht_ota_mgr:s0 tcontext=u:r:hht_ota_mgr:s0 tclass=udp_socket permissive=0
06-07 15:50:22.875 2711 2711 I auditd : type=1400 audit(0.0:25602076): avc: denied { read } for comm="event_loop" lport=13400 scontext=u:r:hht_ota_mgr:s0 tcontext=u:r:hht_ota_mgr:s0 tclass=udp_socket permissive=0
06-07 15:50:22.875 2711 2711 I auditd : type=1400 audit(0.0:25602077): avc: denied { read } for comm="event_loop" lport=13400 scontext=u:r:hht_ota_mgr:s0 tcontext=u:r:hht_ota_mgr:s0 tclass=udp_socket permissive=0
06-07 15:50:22.875 2711 2711 I auditd : type=1400 audit(0.0:25602078): avc: denied { read } for comm="event_loop" lport=13400 scontext=u:r:hht_ota_mgr:s0 tcontext=u:r:hht_ota_mgr:s0 tclass=udp_socket permissive=0
06-07 15:50:22.875 2711 2711 I auditd : type=1400 audit(0.0:25602079): avc: denied { read } for comm="event_loop" lport=13400 scontext=u:r:hht_ota_mgr:s0 tcontext=u:r:hht_ota_mgr:s0 tclass=udp_socket permissive=0
06-07 15:50:22.882 0 0 W [ 1741.556057] audit: audit_lost=25600241 audit_rate_limit=5 audit_backlog_limit=64
06-07 15:50:22.882 0 0 E [ 1741.556059] audit: rate limit exceeded
06-07 15:50:23.858 0 0 I : [ 1742.532914] read descriptors
06-07 15:50:23.858 0 0 I : [ 1742.533104] read strings
06-07 15:50:23.879 2711 2711 I auditd : type=1400 audit(0.0:25856233): avc: denied { read } for comm="event_loop" lport=13400 scontext=u:r:hht_ota_mgr:s0 tcontext=u:r:hht_ota_mgr:s0 tclass=udp_socket permissive=0
06-07 15:50:23.879 2711 2711 I auditd : type=1400 audit(0.0:25856234): avc: denied { read } for comm="event_loop" lport=13400 scontext=u:r:hht_ota_mgr:s0 tcontext=u:r:hht_ota_mgr:s0 tclass=udp_socket permissive=0
06-07 15:50:23.879 2711 2711 I auditd : type=1400 audit(0.0:25856235): avc: denied { read } for comm="event_loop" lport=13400 scontext=u:r:hht_ota_mgr:s0 tcontext=u:r:hht_ota_mgr:s0 tclass=udp_socket permissive=0
06-07 15:50:23.879 2711 2711 I auditd : type=1400 audit(0.0:25856236): avc: denied { read } for comm="event_loop" lport=13400 scontext=u:r:hht_ota_mgr:s0 tcontext=u:r:hht_ota_mgr:s0 tclass=udp_socket permissive=0
06-07 15:50:23.879 2711 2711 I auditd : type=1400 audit(0.0:25856237): avc: denied { read } for comm="event_loop" lport=13400 scontext=u:r:hht_ota_mgr:s0 tcontext=u:r:hht_ota_mgr:s0 tclass=udp_socket permissive=0
06-07 15:50:23.886 0 0 W [ 1742.560054] audit: audit_lost=25854394 audit_rate_limit=5 audit_backlog_limit=64
06-07 15:50:23.886 0 0 E [ 1742.560055] audit: rate limit exceeded
06-07 15:50:24.886 0 0 W [ 1743.564060] audit: audit_lost=26109094 audit_rate_limit=5 audit_backlog_limit=64
06-07 15:50:24.883 2711 2711 I auditd : type=1400 audit(0.0:26110938): avc: denied { read } for comm="event_loop" lport=13400 scontext=u:r:hht_ota_mgr:s0 tcontext=u:r:hht_ota_mgr:s0 tclass=udp_socket permissive=0
06-07 15:50:24.887 0 0 E [ 1743.564062] audit: rate limit exceeded
06-07 15:50:24.883 2711 2711 I auditd : type=1400 audit(0.0:26110939): avc: denied { read } for comm="event_loop" lport=13400 scontext=u:r:hht_ota_mgr:s0 tcontext=u:r:hht_ota_mgr:s0 tclass=udp_socket permissive=0
06-07 15:50:24.883 2711 2711 I auditd : type=1400 audit(0.0:26110940): avc: denied { read } for comm="event_loop" lport=13400 scontext=u:r:hht_ota_mgr:s0 tcontext=u:r:hht_ota_mgr:s0 tclass=udp_socket permissive=0
06-07 15:50:24.883 2711 2711 I auditd : type=1400 audit(0.0:26110941): avc: denied { read } for comm="event_loop" lport=13400 scontext=u:r:hht_ota_mgr:s0 tcontext=u:r:hht_ota_mgr:s0 tclass=udp_socket permissive=0
06-07 15:50:24.883 2711 2711 I auditd : type=1400 audit(0.0:26110942): avc: denied { read } for comm="event_loop" lport=13400 scontext=u:r:hht_ota_mgr:s0 tcontext=u:r:hht_ota_mgr:s0 tclass=udp_socket permissive=0
06-07 15:50:24.910 0 0 I : [ 1743.585057] read descriptors
06-07 15:50:24.910 0 0 I : [ 1743.585245] read strings
06-07 15:50:25.887 2711 2711 I auditd : type=1400 audit(0.0:26366564): avc: denied { read } for comm="event_loop" lport=13400 scontext=u:r:hht_ota_mgr:s0 tcontext=u:r:hht_ota_mgr:s0 tclass=udp_socket permissive=0
06-07 15:50:25.887 2711 2711 I auditd : type=1400 audit(0.0:26366565): avc: denied { read } for comm="event_loop" lport=13400 scontext=u:r:hht_ota_mgr:s0 tcontext=u:r:hht_ota_mgr:s0 tclass=udp_socket permissive=0
06-07 15:50:25.887 2711 2711 I auditd : type=1400 audit(0.0:26366566): avc: denied { read } for comm="event_loop" lport=13400 scontext=u:r:hht_ota_mgr:s0 tcontext=u:r:hht_ota_mgr:s0 tclass=udp_socket permissive=0
06-07 15:50:25.887 2711 2711 I auditd : type=1400 audit(0.0:26366567): avc: denied { read } for comm="event_loop" lport=13400 scontext=u:r:hht_ota_mgr:s0 tcontext=u:r:hht_ota_mgr:s0 tclass=udp_socket permissive=0
06-07 15:50:25.887 2711 2711 I auditd : type=1400 audit(0.0:26366568): avc: denied { read } for comm="event_loop" lport=13400 scontext=u:r:hht_ota_mgr:s0 tcontext=u:r:hht_ota_mgr:s0 tclass=udp_socket permissive=0
06-07 15:50:25.894 0 0 W [ 1744.568065] audit: audit_lost=26364715 audit_rate_limit=5 audit_backlog_limit=64
06-07 15:50:25.894 0 0 E [ 1744.568066] audit: rate limit exceeded
06-07 15:50:25.946 0 0 I : [ 1744.621036] read descriptors
06-07 15:50:25.946 0 0 I : [ 1744.621228] read strings
06-07 15:50:26.894 0 0 W [ 1745.572060] audit: audit_lost=26619593 audit_rate_limit=5 audit_backlog_limit=64
06-07 15:50:26.891 2711 2711 I auditd : type=1400 audit(0.0:26621447): avc: denied { read } for comm="event_loop" lport=13400 scontext=u:r:hht_ota_mgr:s0 tcontext=u:r:hht_ota_mgr:s0 tclass=udp_socket permissive=0
06-07 15:50:26.894 0 0 E [ 1745.572062] audit: rate limit exceeded
06-07 15:50:26.891 2711 2711 I auditd : type=1400 audit(0.0:26621448): avc: denied { read } for comm="event_loop" lport=13400 scontext=u:r:hht_ota_mgr:s0 tcontext=u:r:hht_ota_mgr:s0 tclass=udp_socket permissive=0
06-07 15:50:26.891 2711 2711 I auditd : type=1400 audit(0.0:26621449): avc: denied { read } for comm="event_loop" lport=13400 scontext=u:r:hht_ota_mgr:s0 tcontext=u:r:hht_ota_mgr:s0 tclass=udp_socket permissive=0
06-07 15:50:26.891 2711 2711 I auditd : type=1400 audit(0.0:26621450): avc: denied { read } for comm="event_loop" lport=13400 scontext=u:r:hht_ota_mgr:s0 tcontext=u:r:hht_ota_mgr:s0 tclass=udp_socket permissive=0
06-07 15:50:26.891 2711 2711 I auditd : type=1400 audit(0.0:26621451): avc: denied { read } for comm="event_loop" lport=13400 scontext=u:r:hht_ota_mgr:s0 tcontext=u:r:hht_ota_mgr:s0 tclass=udp_socket permissive=0
06-07 15:50:26.974 0 0 I : [ 1745.649014] read descriptors
06-07 15:50:26.974 0 0 I : [ 1745.649203] read strings
06-07 15:50:27.245 2159 2159 I sqlite_mem_released: 0
06-07 15:50:27.246 2159 2159 I force_gc: mem
06-07 15:50:27.674 0 0 I [ 1746.350149] init: processing action (sys.tlog.tlogdshc.active=1) from (/system/etc/init/tlogd.rc:195)
06-07 15:50:27.674 0 0 I [ 1746.350980] init: starting service 'tlogdshc'...
06-07 15:50:27.754 0 0 I : [ 1746.431975] qcom_rpmh DRV:apps_rsc TCS Busy, retrying RPMH message send: addr=0x50000
06-07 15:50:27.754 0 0 I : [ 1746.431991] qcom_rpmh DRV:apps_rsc TCS Busy, retrying RPMH message send: addr=0x50000
06-07 15:50:27.778 0 0 I [ 1746.455116] init: Service 'tlogdshc' (pid 7674) exited with status 0 oneshot service took 0.099000 seconds in background
06-07 15:50:27.778 0 0 I [ 1746.455139] init: Sending signal 9 to service 'tlogdshc' (pid 7674) process group...
06-07 15:50:27.778 0 0 I [ 1746.455266] libprocessgroup: Successfully killed process cgroup uid 0 pid 7674 in 0ms
06-07 15:50:27.895 2711 2711 I auditd : type=1400 audit(0.0:26875496): avc: denied { read } for comm="event_loop" lport=13400 scontext=u:r:hht_ota_mgr:s0 tcontext=u:r:hht_ota_mgr:s0 tclass=udp_socket permissive=0
06-07 15:50:27.895 2711 2711 I auditd : type=1400 audit(0.0:26875497): avc: denied { read } for comm="event_loop" lport=13400 scontext=u:r:hht_ota_mgr:s0 tcontext=u:r:hht_ota_mgr:s0 tclass=udp_socket permissive=0
06-07 15:50:27.895 2711 2711 I auditd : type=1400 audit(0.0:26875498): avc: denied { read } for comm="event_loop" lport=13400 scontext=u:r:hht_ota_mgr:s0 tcontext=u:r:hht_ota_mgr:s0 tclass=udp_socket permissive=0
06-07 15:50:27.895 2711 2711 I auditd : type=1400 audit(0.0:26875499): avc: denied { read } for comm="event_loop" lport=13400 scontext=u:r:hht_ota_mgr:s0 tcontext=u:r:hht_ota_mgr:s0 tclass=udp_socket permissive=0
06-07 15:50:27.895 2711 2711 I auditd : type=1400 audit(0.0:26875500): avc: denied { read } for comm="event_loop" lport=13400 scontext=u:r:hht_ota_mgr:s0 tcontext=u:r:hht_ota_mgr:s0 tclass=udp_socket permissive=0
06-07 15:50:27.902 0 0 W [ 1746.576056] audit: audit_lost=26873637 audit_rate_limit=5 audit_backlog_limit=64
06-07 15:50:27.902 0 0 E [ 1746.576057] audit: rate limit exceeded
06-07 15:50:27.998 0 0 I : [ 1746.672735] read descriptors
06-07 15:50:27.998 0 0 I : [ 1746.672920] read strings
06-07 15:50:28.899 2711 2711 I auditd : type=1400 audit(0.0:27130085): avc: denied { read } for comm="event_loop" lport=13400 scontext=u:r:hht_ota_mgr:s0 tcontext=u:r:hht_ota_mgr:s0 tclass=udp_socket permissive=0
06-07 15:50:28.899 2711 2711 I auditd : type=1400 audit(0.0:27130086): avc: denied { read } for comm="event_loop" lport=13400 scontext=u:r:hht_ota_mgr:s0 tcontext=u:r:hht_ota_mgr:s0 tclass=udp_socket permissive=0
06-07 15:50:28.899 2711 2711 I auditd : type=1400 audit(0.0:27130087): avc: denied { read } for comm="event_loop" lport=13400 scontext=u:r:hht_ota_mgr:s0 tcontext=u:r:hht_ota_mgr:s0 tclass=udp_socket permissive=0
06-07 15:50:28.899 2711 2711 I auditd : type=1400 audit(0.0:27130088): avc: denied { read } for comm="event_loop" lport=13400 scontext=u:r:hht_ota_mgr:s0 tcontext=u:r:hht_ota_mgr:s0 tclass=udp_socket permissive=0
06-07 15:50:28.899 2711 2711 I auditd : type=1400 audit(0.0:27130089): avc: denied { read } for comm="event_loop" lport=13400 scontext=u:r:hht_ota_mgr:s0 tcontext=u:r:hht_ota_mgr:s0 tclass=udp_socket permissive=0
06-07 15:50:28.903 0 0 W [ 1747.580053] audit: audit_lost=27128221 audit_rate_limit=5 audit_backlog_limit=64
06-07 15:50:28.904 0 0 E [ 1747.580055] audit: rate limit exceeded
06-07 15:50:29.030 0 0 I : [ 1747.704949] read descriptors
06-07 15:50:29.030 0 0 I : [ 1747.705145] read strings
06-07 15:50:29.899 2711 2711 I auditd : type=1400 audit(0.0:27384874): avc: denied { read } for comm="event_loop" lport=13400 scontext=u:r:hht_ota_mgr:s0 tcontext=u:r:hht_ota_mgr:s0 tclass=udp_socket permissive=0
06-07 15:50:29.903 2711 2711 I auditd : type=1400 audit(0.0:27384875): avc: denied { read } for comm="event_loop" lport=13400 scontext=u:r:hht_ota_mgr:s0 tcontext=u:r:hht_ota_mgr:s0 tclass=udp_socket permissive=0
06-07 15:50:29.903 2711 2711 I auditd : type=1400 audit(0.0:27384876): avc: denied { read } for comm="event_loop" lport=13400 scontext=u:r:hht_ota_mgr:s0 tcontext=u:r:hht_ota_mgr:s0 tclass=udp_socket permissive=0
06-07 15:50:29.903 2711 2711 I auditd : type=1400 audit(0.0:27384877): avc: denied { read } for comm="event_loop" lport=13400 scontext=u:r:hht_ota_mgr:s0 tcontext=u:r:hht_ota_mgr:s0 tclass=udp_socket permissive=0
06-07 15:50:29.903 2711 2711 I auditd : type=1400 audit(0.0:27384878): avc: denied { read } for comm="event_loop" lport=13400 scontext=u:r:hht_ota_mgr:s0 tcontext=u:r:hht_ota_mgr:s0 tclass=udp_socket permissive=0
06-07 15:50:29.910 0 0 W [ 1748.584061] audit: audit_lost=27383005 audit_rate_limit=5 audit_backlog_limit=64
06-07 15:50:29.910 0 0 E [ 1748.584062] audit: rate limit exceeded
06-07 15:50:30.074 0 0 I : [ 1748.748754] read descriptors
06-07 15:50:30.074 0 0 I : [ 1748.748943] read strings
06-07 15:50:30.907 2711 2711 I auditd : type=1400 audit(0.0:27639058): avc: denied { read } for comm="event_loop" lport=13400 scontext=u:r:hht_ota_mgr:s0 tcontext=u:r:hht_ota_mgr:s0 tclass=udp_socket permissive=0
06-07 15:50:30.907 2711 2711 I auditd : type=1400 audit(0.0:27639059): avc: denied { read } for comm="event_loop" lport=13400 scontext=u:r:hht_ota_mgr:s0 tcontext=u:r:hht_ota_mgr:s0 tclass=udp_socket permissive=0
06-07 15:50:30.907 2711 2711 I auditd : type=1400 audit(0.0:27639060): avc: denied { read } for comm="event_loop" lport=13400 scontext=u:r:hht_ota_mgr:s0 tcontext=u:r:hht_ota_mgr:s0 tclass=udp_socket permissive=0
06-07 15:50:30.907 2711 2711 I auditd : type=1400 audit(0.0:27639061): avc: denied { read } for comm="event_loop" lport=13400 scontext=u:r:hht_ota_mgr:s0 tcontext=u:r:hht_ota_mgr:s0 tclass=udp_socket permissive=0
06-07 15:50:30.907 2711 2711 I auditd : type=1400 audit(0.0:27639062): avc: denied { read } for comm="event_loop" lport=13400 scontext=u:r:hht_ota_mgr:s0 tcontext=u:r:hht_ota_mgr:s0 tclass=udp_socket permissive=0
06-07 15:50:30.911 0 0 W [ 1749.588059] audit: audit_lost=27637184 audit_rate_limit=5 audit_backlog_limit=64
06-07 15:50:30.911 0 0 E [ 1749.588061] audit: rate limit exceeded
06-07 15:50:31.122 0 0 I : [ 1749.796943] read descriptors
06-07 15:50:31.122 0 0 I : [ 1749.797133] read strings
06-07 15:50:31.911 2711 2711 I auditd : type=1400 audit(0.0:27894183): avc: denied { read } for comm="event_loop" lport=13400 scontext=u:r:hht_ota_mgr:s0 tcontext=u:r:hht_ota_mgr:s0 tclass=udp_socket permissive=0
06-07 15:50:31.911 2711 2711 I auditd : type=1400 audit(0.0:27894184): avc: denied { read } for comm="event_loop" lport=13400 scontext=u:r:hht_ota_mgr:s0 tcontext=u:r:hht_ota_mgr:s0 tclass=udp_socket permissive=0
06-07 15:50:31.911 2711 2711 I auditd : type=1400 audit(0.0:27894185): avc: denied { read } for comm="event_loop" lport=13400 scontext=u:r:hht_ota_mgr:s0 tcontext=u:r:hht_ota_mgr:s0 tclass=udp_socket permissive=0
06-07 15:50:31.911 2711 2711 I auditd : type=1400 audit(0.0:27894186): avc: denied { read } for comm="event_loop" lport=13400 scontext=u:r:hht_ota_mgr:s0 tcontext=u:r:hht_ota_mgr:s0 tclass=udp_socket permissive=0
06-07 15:50:31.911 2711 2711 I auditd : type=1400 audit(0.0:27894187): avc: denied { read } for comm="event_loop" lport=13400 scontext=u:r:hht_ota_mgr:s0 tcontext=u:r:hht_ota_mgr:s0 tclass=udp_socket permissive=0
06-07 15:50:31.918 0 0 W [ 1750.592053] audit: audit_lost=27892304 audit_rate_limit=5 audit_backlog_limit=64
06-07 15:50:31.918 0 0 E [ 1750.592054] audit: rate limit exceeded
06-07 15:50:31.951 1539 1811 I input_interaction: Interaction with: a4dbaed com.android.launcher3/com.android.launcher3.uioverrides.QuickstepLauncher (server), dea3df3 com.android.systemui.ImageWallpaper (server), edge-swipe (server), swipe-up (server), PointerEventDispatcher0 (server),
06-07 15:50:32.084 1539 11594 I thunderperf: PlatormCompat.setOverrides: Uid1=10077 Pid1=2594 Uid2=10077 Pid2=2594
06-07 15:50:32.084 1539 11594 I thunderperf: PlatormCompat.setOverrides: needCheck:false
06-07 15:50:32.084 1539 11594 I thunderperf: CompatConfig.addOverrideUnsafe: bef-state=1
06-07 15:50:32.085 1539 11594 E thunderperf: CompatConfig.addOverrideUnsafe: exception:java.lang.SecurityException: Cannot override a change on a non-debuggable app and user build.
06-07 15:50:32.085 1539 11594 I thunderperf: CompatConfig.addOverrideUnsafe: aft-state=1
06-07 15:50:32.092 1539 11594 I thunderperf: CompatConfig.addOverrideUnsafe: bef-state=1
06-07 15:50:32.092 1539 11594 E thunderperf: CompatConfig.addOverrideUnsafe: exception:java.lang.SecurityException: Cannot override a change on a non-debuggable app and user build.
06-07 15:50:32.092 1539 11594 I thunderperf: CompatConfig.addOverrideUnsafe: aft-state=1
06-07 15:50:32.093 1539 11594 I thunderperf: CompatConfig.addOverrideUnsafe: bef-state=1
06-07 15:50:32.094 1539 11594 E thunderperf: CompatConfig.addOverrideUnsafe: exception:java.lang.SecurityException: Cannot override a change on a non-debuggable app and user build.
06-07 15:50:32.094 1539 11594 I thunderperf: CompatConfig.addOverrideUnsafe: aft-state=1
06-07 15:50:32.095 1539 11594 I thunderperf: CompatConfig.addOverrideUnsafe: bef-state=1
06-07 15:50:32.095 1539 11594 E thunderperf: CompatConfig.addOverrideUnsafe: exception:java.lang.SecurityException: Cannot override a change on a non-debuggable app and user build.
06-07 15:50:32.095 1539 11594 I thunderperf: CompatConfig.addOverrideUnsafe: aft-state=1
06-07 15:50:32.096 1539 11594 I thunderperf: CompatConfig.addOverrideUnsafe: bef-state=1
06-07 15:50:32.096 1539 11594 E thunderperf: CompatConfig.addOverrideUnsafe: exception:java.lang.SecurityException: Cannot override a change on a non-debuggable app and user build.
06-07 15:50:32.096 1539 11594 I thunderperf: CompatConfig.addOverrideUnsafe: aft-state=1
06-07 15:50:32.097 1539 11594 I thunderperf: CompatConfig.addOverrideUnsafe: bef-state=1
06-07 15:50:32.098 1539 11594 E thunderperf: CompatConfig.addOverrideUnsafe: exception:java.lang.SecurityException: Cannot override a change on a non-debuggable app and user build.
06-07 15:50:32.098 1539 11594 I thunderperf: CompatConfig.addOverrideUnsafe: aft-state=1
06-07 15:50:32.098 1539 11594 I thunderperf: CompatConfig.addOverrideUnsafe: bef-state=1
06-07 15:50:32.099 1539 11594 E thunderperf: CompatConfig.addOverrideUnsafe: exception:java.lang.SecurityException: Cannot override a change on a non-debuggable app and user build.
06-07 15:50:32.099 1539 11594 I thunderperf: CompatConfig.addOverrideUnsafe: aft-state=1
06-07 15:50:32.099 1539 11594 I thunderperf: CompatConfig.addOverrideUnsafe: bef-state=1
06-07 15:50:32.100 1539 11594 E thunderperf: CompatConfig.addOverrideUnsafe: exception:java.lang.SecurityException: Cannot override a change on a non-debuggable app and user build.
06-07 15:50:32.100 1539 11594 I thunderperf: CompatConfig.addOverrideUnsafe: aft-state=1
06-07 15:50:32.100 1539 11594 I thunderperf: CompatConfig.addOverrideUnsafe: bef-state=1
06-07 15:50:32.100 1539 11594 E thunderperf: CompatConfig.addOverrideUnsafe: exception:java.lang.SecurityException: Cannot override a change on a non-debuggable app and user build.
06-07 15:50:32.100 1539 11594 I thunderperf: CompatConfig.addOverrideUnsafe: aft-state=1
06-07 15:50:32.101 1539 11594 I thunderperf: CompatConfig.addOverrideUnsafe: bef-state=1
06-07 15:50:32.101 1539 11594 E thunderperf: CompatConfig.addOverrideUnsafe: exception:java.lang.SecurityException: Cannot override a change on a non-debuggable app and user build.
06-07 15:50:32.101 1539 11594 I thunderperf: CompatConfig.addOverrideUnsafe: aft-state=1
06-07 15:50:32.102 1539 11594 I thunderperf: CompatConfig.addOverrideUnsafe: bef-state=1
06-07 15:50:32.103 1539 11594 E thunderperf: CompatConfig.addOverrideUnsafe: exception:java.lang.SecurityException: Cannot override a change on a non-debuggable app and user build.
06-07 15:50:32.103 1539 11594 I thunderperf: CompatConfig.addOverrideUnsafe: aft-state=1
06-07 15:50:32.103 1539 11594 I thunderperf: CompatConfig.addOverrideUnsafe: bef-state=1
06-07 15:50:32.103 1539 11594 E thunderperf: CompatConfig.addOverrideUnsafe: exception:java.lang.SecurityException: Cannot override a change on a non-debuggable app and user build.
06-07 15:50:32.103 1539 11594 I thunderperf: CompatConfig.addOverrideUnsafe: aft-state=1
06-07 15:50:32.104 1539 11594 I thunderperf: CompatConfig.addOverrideUnsafe: bef-state=1
06-07 15:50:32.104 1539 11594 E thunderperf: CompatConfig.addOverrideUnsafe: exception:java.lang.SecurityException: Cannot override a change on a non-debuggable app and user build.
06-07 15:50:32.105 1539 11594 I thunderperf: CompatConfig.addOverrideUnsafe: aft-state=1
06-07 15:50:32.105 1539 11594 I thunderperf: CompatConfig.addOverrideUnsafe: bef-state=1
06-07 15:50:32.105 1539 11594 E thunderperf: CompatConfig.addOverrideUnsafe: exception:java.lang.SecurityException: Cannot override a change on a non-debuggable app and user build.
06-07 15:50:32.105 1539 11594 I thunderperf: CompatConfig.addOverrideUnsafe: aft-state=1
06-07 15:50:32.112 1539 11594 I ActivityTaskManager: START u0 {act=android.intent.action.MAIN cat=[android.intent.category.LAUNCHER] flg=0x10200000 cmp=com.kugou.android/.app.splash.SplashActivity} from uid 10077
06-07 15:50:32.150 0 0 I : [ 1750.824633] read descriptors
06-07 15:50:32.150 0 0 I : [ 1750.824751] read strings
06-07 15:50:32.162 1539 11594 D ActivityTaskManager: TaskLaunchParamsModifier:task=null activity=ActivityRecord{9c8cb7c u0 com.kugou.android/.app.splash.SplashActivity taskAffinity=10100:android.task.kugou display-area-from-source=DefaultTaskDisplayArea@11319769 display-id=0 display-windowing-mode=1 suggested-display-area=DefaultTaskDisplayArea@11319769
06-07 15:50:32.164 1539 11594 D ActivityTaskManager: TaskLaunchParamsModifier:task=null activity=ActivityRecord{9c8cb7c u0 com.kugou.android/.app.splash.SplashActivity taskAffinity=10100:android.task.kugou t-1} display-area-from-source=DefaultTaskDisplayArea@11319769 display-id=0 display-windowing-mode=1 suggested-display-area=DefaultTaskDisplayArea@11319769 activity-options-bounds=Rect(12, 12 - 652, 986) non-freeform-display display-area=DefaultTaskDisplayArea@11319769
06-07 15:50:32.165 1539 11594 I wm_task_created: [129,-1]
06-07 15:50:32.165 1539 11594 W ActivityTaskManager: Can't find TaskDisplayArea to determine support for multi window. Task id=129 attached=false
06-07 15:50:32.166 1539 11594 D ActivityTaskManager: TaskLaunchParamsModifier:task=Task{2f7168b #129 type=standard A=10100:android.task.kugou U=0 visible=false mode=freeform translucent=true sz=0 visible freeform task=true rootAffinity=10100:android.task.kugou isMini=false} activity=ActivityRecord{9c8cb7c u0 com.kugou.android/.app.splash.SplashActivity taskAffinity=10100:android.task.kugou t-1} display-area-from-source=DefaultTaskDisplayArea@11319769 display-id=0 display-windowing-mode=1 suggested-display-area=DefaultTaskDisplayArea@11319769 activity-options-bounds=Rect(12, 12 - 652, 986) non-freeform-display display-area=DefaultTaskDisplayArea@11319769
06-07 15:50:32.167 1539 11594 D CompatibilityChangeReporter: Compat change id reported: 174042980; UID 10100; state: DISABLED
06-07 15:50:32.167 1539 11594 D CompatibilityChangeReporter: Compat change id reported: 184838306; UID 10100; state: DISABLED
06-07 15:50:32.167 1539 11594 D CompatibilityChangeReporter: Compat change id reported: 185004937; UID 10100; state: DISABLED
06-07 15:50:32.167 1539 11594 D CompatibilityChangeReporter: Compat change id reported: 181136395; UID 10100; state: DISABLED
06-07 15:50:32.167 1539 11594 D CompatibilityChangeReporter: Compat change id reported: 174042936; UID 10100; state: DISABLED
06-07 15:50:32.168 1539 11594 I wm_task_moved: [129,1,10]
06-07 15:50:32.168 1539 11594 I wm_task_to_front: [0,129]
06-07 15:50:32.168 1539 11594 I wm_create_task: [0,129]
06-07 15:50:32.168 1539 11594 I wm_create_activity: [0,164154236,129,com.kugou.android/.app.splash.SplashActivity,android.intent.action.MAIN,NULL,NULL,270532608]
06-07 15:50:32.168 1539 11594 I wm_task_moved: [129,1,10]
06-07 15:50:32.169 1539 11594 D CompatibilityChangeReporter: Compat change id reported: 168419799; UID 10100; state: DISABLED
06-07 15:50:32.169 1539 11594 I ActivityTaskManager: FOREGROUND_APPLICATION_CHANGED to com.kugou.android.app.splash.SplashActivity
06-07 15:50:32.169 1539 11594 I ActivityTaskManager: The Process com.kugou.android Already Exists in BG. So sending its PID: 5455
06-07 15:50:32.170 1539 11594 I wm_restart_activity: [0,164154236,129,com.kugou.android/.app.splash.SplashActivity]
06-07 15:50:32.171 1539 11594 I wm_set_resumed_activity: [0,com.kugou.android/.app.splash.SplashActivity,minimalResumeActivityLocked]
06-07 15:50:32.173 1539 1658 I am_uid_active: 10100
06-07 15:50:32.174 2594 2594 I wm_on_top_resumed_lost_called: [106440759,com.android.launcher3.uioverrides.QuickstepLauncher,topStateChangedWhenResumed]
06-07 15:50:32.911 2711 2711 I auditd : type=1400 audit(0.0:28149484): avc: denied { read } for comm="event_loop" lport=13400 scontext=u:r:hht_ota_mgr:s0 tcontext=u:r:hht_ota_mgr:s0 tclass=udp_socket permissive=0
06-07 15:50:32.915 2711 2711 I auditd : type=1400 audit(0.0:28149485): avc: denied { read } for comm="event_loop" lport=13400 scontext=u:r:hht_ota_mgr:s0 tcontext=u:r:hht_ota_mgr:s0 tclass=udp_socket permissive=0
06-07 15:50:32.915 2711 2711 I auditd : type=1400 audit(0.0:28149486): avc: denied { read } for comm="event_loop" lport=13400 scontext=u:r:hht_ota_mgr:s0 tcontext=u:r:hht_ota_mgr:s0 tclass=udp_socket permissive=0
06-07 15:50:32.915 2711 2711 I auditd : type=1400 audit(0.0:28149487): avc: denied { read } for comm="event_loop" lport=13400 scontext=u:r:hht_ota_mgr:s0 tcontext=u:r:hht_ota_mgr:s0 tclass=udp_socket permissive=0
06-07 15:50:32.915 2711 2711 I auditd : type=1400 audit(0.0:28149488): avc: denied { read } for comm="event_loop" lport=13400 scontext=u:r:hht_ota_mgr:s0 tcontext=u:r:hht_ota_mgr:s0 tclass=udp_socket permissive=0
06-07 15:50:32.922 0 0 W [ 1751.596055] audit: audit_lost=28147600 audit_rate_limit=5 audit_backlog_limit=64
06-07 15:50:32.922 0 0 E [ 1751.596057] audit: rate limit exceeded
06-07 15:50:33.182 0 0 I : [ 1751.860159] read descriptors
06-07 15:50:33.182 0 0 I : [ 1751.860182] read strings
06-07 15:50:33.867 1539 1671 I am_pss : [3492,10099,com.qiyi.video,387755008,350912512,36864,560721920,0,10,29]
06-07 15:50:33.877 1539 1671 I am_pss : [4360,10099,com.qiyi.video:downloader,51855360,26251264,38912,189284352,0,10,9]
06-07 15:50:33.888 1539 1671 I am_pss : [4033,10099,com.qiyi.video:plugin1,67616768,34967552,38912,221503488,0,10,10]
06-07 15:50:33.919 2711 2711 I auditd : type=1400 audit(0.0:28405109): avc: denied { read } for comm="event_loop" lport=13400 scontext=u:r:hht_ota_mgr:s0 tcontext=u:r:hht_ota_mgr:s0 tclass=udp_socket permissive=0
06-07 15:50:33.919 2711 2711 I auditd : type=1400 audit(0.0:28405110): avc: denied { read } for comm="event_loop" lport=13400 scontext=u:r:hht_ota_mgr:s0 tcontext=u:r:hht_ota_mgr:s0 tclass=udp_socket permissive=0
06-07 15:50:33.919 2711 2711 I auditd : type=1400 audit(0.0:28405111): avc: denied { read } for comm="event_loop" lport=13400 scontext=u:r:hht_ota_mgr:s0 tcontext=u:r:hht_ota_mgr:s0 tclass=udp_socket permissive=0
06-07 15:50:33.919 2711 2711 I auditd : type=1400 audit(0.0:28405112): avc: denied { read } for comm="event_loop" lport=13400 scontext=u:r:hht_ota_mgr:s0 tcontext=u:r:hht_ota_mgr:s0 tclass=udp_socket permissive=0
06-07 15:50:33.919 2711 2711 I auditd : type=1400 audit(0.0:28405113): avc: denied { read } for comm="event_loop" lport=13400 scontext=u:r:hht_ota_mgr:s0 tcontext=u:r:hht_ota_mgr:s0 tclass=udp_socket permissive=0
06-07 15:50:33.926 0 0 W [ 1752.600065] audit: audit_lost=28403220 audit_rate_limit=5 audit_backlog_limit=64
06-07 15:50:33.926 0 0 E [ 1752.600066] audit: rate limit exceeded
06-07 15:50:34.219 0 0 I : [ 1752.896634] read descriptors
06-07 15:50:34.219 0 0 I : [ 1752.896751] read strings
06-07 15:50:34.253 5455 5455 I wm_on_create_called: [164154236,com.kugou.android.app.splash.SplashActivity,performCreate]
06-07 15:50:34.287 5455 5455 I wm_on_start_called: [164154236,com.kugou.android.app.splash.SplashActivity,handleStartActivity]
06-07 15:50:34.289 5455 5455 I wm_on_resume_called: [164154236,com.kugou.android.app.splash.SplashActivity,RESUME_ACTIVITY]
06-07 15:50:34.294 1539 11594 W WindowManager: Failed looking up window session=Session{e3e9067 5455:u0a10100} callers=com.android.server.wm.WindowManagerService.windowForClientLocked:5628 com.android.server.wm.Session.insetsModified:629 android.view.IWindowSession$Stub.onTransact:1151
06-07 15:50:34.298 5455 5455 I wm_on_top_resumed_gained_called: [164154236,com.kugou.android.app.splash.SplashActivity,topStateChangedWhenResumed]
06-07 15:50:34.310 1539 1659 I input_focus: [Focus request d96e4b2 com.kugou.android/com.kugou.android.app.splash.SplashActivity,reason=UpdateInputWindows]
06-07 15:50:34.334 0 0 I [ 1753.009691] binder: 5455:7698 ioctl 40046210 7769bde1f4 returned -22
06-07 15:50:34.336 1539 1811 I input_focus: [Focus leaving a4dbaed com.android.launcher3/com.android.launcher3.uioverrides.QuickstepLauncher (server),reason=Waiting for window because NOT_VISIBLE]
