06-07 15:44:03.383 1539 1829 I netstats_wifi_sample: [28397473,22800,1754565,7158,28397473,22800,1754565,7158,29136946,27989,1636240,6546,1686123843383]
06-07 15:44:03.387 1539 1659 I input_focus: [Focus request 1faf650 com.thundercomm.screensaver/android.service.dreams.DreamActivity,reason=UpdateInputWindows]
06-07 15:44:03.393 1539 1890 E DisplayDeviceConfig: requesting nits when no mapping exists.
06-07 15:44:03.393 1539 1675 I am_wtf : [0,1539,system_server,-1,DisplayDeviceConfig,requesting nits when no mapping exists.]
06-07 15:44:03.393 1539 1890 E DisplayDeviceConfig: requesting nits when no mapping exists.
06-07 15:44:03.396 1539 1675 I am_wtf : [0,1539,system_server,-1,DisplayDeviceConfig,requesting nits when no mapping exists.]
06-07 15:44:03.398 1539 1655 I sysui_multi_action: [319,52,321,38,322,80,325,1360,757,761,758,8,759,1,806,com.thundercomm.screensaver,871,android.service.dreams.DreamActivity,904,com.thundercomm.screensaver,905,0,1320,4,1321,20]
06-07 15:44:03.398 1539 1703 V DisplayPowerController[0]: Brightness [0.64646465] reason changing to: 'manual', previous reason: 'manual [ dim ]'.
06-07 15:44:03.398 1539 1703 I sysui_multi_action: [757,1696,758,6,759,3]
06-07 15:44:03.398 1539 1655 I wm_activity_launch_time: [0,37756047,com.thundercomm.screensaver/android.service.dreams.DreamActivity,80]
06-07 15:44:03.409 1539 1890 E DisplayDeviceConfig: requesting nits when no mapping exists.
06-07 15:44:03.409 1539 1890 E DisplayDeviceConfig: requesting nits when no mapping exists.
06-07 15:44:03.409 1539 1675 I am_wtf : [0,1539,system_server,-1,DisplayDeviceConfig,requesting nits when no mapping exists.]
06-07 15:44:03.410 1539 1811 I input_focus: [Focus entering 1faf650 com.thundercomm.screensaver/android.service.dreams.DreamActivity (server),reason=setFocusedWindow]
06-07 15:44:03.412 1539 1675 I am_wtf : [0,1539,system_server,-1,DisplayDeviceConfig,requesting nits when no mapping exists.]
06-07 15:44:03.425 1539 1890 E DisplayDeviceConfig: requesting nits when no mapping exists.
06-07 15:44:03.425 1539 1890 E DisplayDeviceConfig: requesting nits when no mapping exists.
06-07 15:44:03.425 1539 1675 I am_wtf : [0,1539,system_server,-1,DisplayDeviceConfig,requesting nits when no mapping exists.]
06-07 15:44:03.426 1539 1675 I am_wtf : [0,1539,system_server,-1,DisplayDeviceConfig,requesting nits when no mapping exists.]
06-07 15:44:03.442 1539 1890 E DisplayDeviceConfig: requesting nits when no mapping exists.
06-07 15:44:03.442 1539 1890 E DisplayDeviceConfig: requesting nits when no mapping exists.
06-07 15:44:03.442 1539 1675 I am_wtf : [0,1539,system_server,-1,DisplayDeviceConfig,requesting nits when no mapping exists.]
06-07 15:44:03.443 1539 1675 I am_wtf : [0,1539,system_server,-1,DisplayDeviceConfig,requesting nits when no mapping exists.]
06-07 15:44:03.459 0 0 I : [ 1360.970700] qcom_rpmh DRV:apps_rsc TCS Busy, retrying RPMH message send: addr=0x50000
06-07 15:44:03.459 0 0 I : [ 1360.970714] qcom_rpmh DRV:apps_rsc TCS Busy, retrying RPMH message send: addr=0x50000
06-07 15:44:03.459 0 0 I : [ 1360.970726] qcom_rpmh DRV:apps_rsc TCS Busy, retrying RPMH message send: addr=0x50000
06-07 15:44:03.459 1539 1890 E DisplayDeviceConfig: requesting nits when no mapping exists.
06-07 15:44:03.459 1539 1890 E DisplayDeviceConfig: requesting nits when no mapping exists.
06-07 15:44:03.459 1539 1675 I am_wtf : [0,1539,system_server,-1,DisplayDeviceConfig,requesting nits when no mapping exists.]
06-07 15:44:03.459 1539 1675 I am_wtf : [0,1539,system_server,-1,DisplayDeviceConfig,requesting nits when no mapping exists.]
06-07 15:44:03.476 1539 1890 E DisplayDeviceConfig: requesting nits when no mapping exists.
06-07 15:44:03.476 1539 1890 E DisplayDeviceConfig: requesting nits when no mapping exists.
06-07 15:44:03.476 1539 1675 I am_wtf : [0,1539,system_server,-1,DisplayDeviceConfig,requesting nits when no mapping exists.]
06-07 15:44:03.476 1539 1675 I am_wtf : [0,1539,system_server,-1,DisplayDeviceConfig,requesting nits when no mapping exists.]
06-07 15:44:03.493 1539 1890 E DisplayDeviceConfig: requesting nits when no mapping exists.
06-07 15:44:03.493 1539 1890 E DisplayDeviceConfig: requesting nits when no mapping exists.
06-07 15:44:03.493 1539 1675 I am_wtf : [0,1539,system_server,-1,DisplayDeviceConfig,requesting nits when no mapping exists.]
06-07 15:44:03.493 1539 1675 I service_manager_stats: [100,68,22261]
06-07 15:44:03.493 1539 1675 I am_wtf : [0,1539,system_server,-1,DisplayDeviceConfig,requesting nits when no mapping exists.]
06-07 15:44:03.507 0 0 I : [ 1361.016204] read descriptors
06-07 15:44:03.507 0 0 I : [ 1361.016236] read strings
06-07 15:44:03.509 1539 1890 E DisplayDeviceConfig: requesting nits when no mapping exists.
06-07 15:44:03.509 1539 1890 E DisplayDeviceConfig: requesting nits when no mapping exists.
06-07 15:44:03.509 1539 1675 I am_wtf : [0,1539,system_server,-1,DisplayDeviceConfig,requesting nits when no mapping exists.]
06-07 15:44:03.509 1539 1675 I am_wtf : [0,1539,system_server,-1,DisplayDeviceConfig,requesting nits when no mapping exists.]
06-07 15:44:03.546 1539 1675 I am_uid_idle: 10096
06-07 15:44:03.876 1539 1658 I wm_stop_activity: [0,72144825,com.qiyi.video/com.iqiyi.webcontainer.commonwebview.CommonWebView]
06-07 15:44:03.907 16173 16173 I wm_on_stop_called: [72144825,com.iqiyi.webcontainer.commonwebview.CommonWebView,STOP_ACTIVITY_ITEM]
06-07 15:44:04.524 0 0 I : [ 1362.036145] read descriptors
06-07 15:44:04.524 0 0 I : [ 1362.036178] read strings
06-07 15:44:04.653 1539 1829 I netstats_mobile_sample: [0,0,0,0,0,0,0,0,0,0,0,0,1686123844653]
06-07 15:44:04.653 1539 1829 I netstats_wifi_sample: [28397473,22800,1754565,7158,28397473,22800,1754565,7158,29136946,27989,1636240,6546,1686123844653]
06-07 15:44:05.543 0 0 I : [ 1363.055839] read descriptors
06-07 15:44:05.544 0 0 I : [ 1363.056143] read strings
06-07 15:44:05.876 1539 2029 I ntp_failure: [time.android.com/216.239.35.12,java.net.SocketTimeoutException: Poll timed out]
06-07 15:44:05.975 1539 1829 I netstats_mobile_sample: [0,0,0,0,0,0,0,0,0,0,0,0,1686123845974]
06-07 15:44:05.975 1539 1829 I netstats_wifi_sample: [28397473,22800,1754565,7158,28397473,22800,1754565,7158,29136946,27989,1636240,6546,1686123845974]
06-07 15:44:06.567 0 0 I : [ 1364.077182] read descriptors
06-07 15:44:06.567 0 0 I : [ 1364.077302] read strings
06-07 15:44:07.350 1539 1829 I netstats_mobile_sample: [0,0,0,0,0,0,0,0,0,0,0,0,1686123847350]
06-07 15:44:07.351 1539 1829 I netstats_wifi_sample: [28397622,22801,1754863,7160,28397622,22801,1754863,7160,29137095,27990,1636389,6547,1686123847350]
06-07 15:44:07.588 0 0 I : [ 1365.098924] read descriptors
06-07 15:44:07.588 0 0 I : [ 1365.099117] read strings
06-07 15:44:08.073 1539 1675 I am_uid_idle: 10028
06-07 15:44:08.616 0 0 I : [ 1366.125434] read descriptors
06-07 15:44:08.616 0 0 I : [ 1366.125624] read strings
06-07 15:44:08.655 1539 1829 I netstats_mobile_sample: [0,0,0,0,0,0,0,0,0,0,0,0,1686123848655]
06-07 15:44:08.655 1539 1829 I netstats_wifi_sample: [28397622,22801,1754863,7160,28397622,22801,1754863,7160,29137095,27990,1636389,6547,1686123848655]
06-07 15:44:09.636 0 0 I : [ 1367.146355] read descriptors
06-07 15:44:09.636 0 0 I : [ 1367.146524] read strings
06-07 15:44:10.009 1539 1829 I netstats_mobile_sample: [0,0,0,0,0,0,0,0,0,0,0,0,1686123850009]
06-07 15:44:10.010 1539 1829 I netstats_wifi_sample: [28397622,22801,1754863,7160,28397622,22801,1754863,7160,29137095,27990,1636389,6547,1686123850009]
06-07 15:44:10.669 0 0 I : [ 1368.176482] read descriptors
06-07 15:44:10.669 0 0 I : [ 1368.176683] read strings
06-07 15:44:10.885 1539 2029 I ntp_failure: [time.android.com/216.239.35.0,java.net.SocketTimeoutException: Poll timed out]
06-07 15:44:11.312 1539 1829 I netstats_mobile_sample: [0,0,0,0,0,0,0,0,0,0,0,0,1686123851312]
06-07 15:44:11.312 1539 1829 I netstats_wifi_sample: [28397622,22801,1754863,7160,28397622,22801,1754863,7160,29137095,27990,1636389,6547,1686123851312]
06-07 15:44:11.695 0 0 I : [ 1369.206580] read descriptors
06-07 15:44:11.695 0 0 I : [ 1369.206674] read strings
06-07 15:44:12.633 1539 1829 I netstats_mobile_sample: [0,0,0,0,0,0,0,0,0,0,0,0,1686123852633]
06-07 15:44:12.633 1539 1829 I netstats_wifi_sample: [28397771,22802,1755161,7162,28397771,22802,1755161,7162,29137244,27991,1636538,6548,1686123852633]
06-07 15:44:12.727 0 0 I : [ 1370.237302] read descriptors
06-07 15:44:12.727 0 0 I : [ 1370.237459] read strings
06-07 15:44:13.382 1539 1539 I notification_enqueue: [10024,3222,com.tencent.android.qqdownloader,127,NULL,0,Notification(channel=channel_id_default_silent shortcut=null contentView=com.tencent.android.qqdownloader/0x7f0a01c2 vibrate=null sound=null defaults=0x0 flags=0x2a2 color=0x00000000 groupKey=com.tencent.android.qqdownloader vis=PRIVATE),1]
06-07 15:44:13.583 1539 1539 I GameModeConfig: isGameModeOn = false
06-07 15:44:13.752 0 0 I : [ 1371.260693] read descriptors
06-07 15:44:13.752 0 0 I : [ 1371.260825] read strings
06-07 15:44:13.897 1539 1829 I netstats_mobile_sample: [0,0,0,0,0,0,0,0,0,0,0,0,1686123853897]
06-07 15:44:13.897 1539 1829 I netstats_wifi_sample: [28397771,22802,1755161,7162,28397771,22802,1755161,7162,29137244,27991,1636538,6548,1686123853897]
06-07 15:44:14.775 0 0 I : [ 1372.284841] read descriptors
06-07 15:44:14.776 0 0 I : [ 1372.285137] read strings
06-07 15:44:14.856 1539 1671 I am_pss : [3470,10024,com.tencent.android.qqdownloader,68953088,61939712,26624,177582080,0,5,13]
06-07 15:44:14.867 1539 1671 I am_pss : [5694,10024,com.tencent.ilink.ServiceProcess,51340288,43868160,1821696,138149888,0,5,9]
06-07 15:44:14.874 1539 1671 I am_pss : [3537,10024,com.tencent.android.qqdownloader:cloud,14882816,11833344,56320,108490752,0,5,6]
06-07 15:44:15.175 1539 1829 I netstats_mobile_sample: [0,0,0,0,0,0,0,0,0,0,0,0,1686123855175]
06-07 15:44:15.175 1539 1829 I netstats_wifi_sample: [28399097,22804,1757813,7166,28399097,22804,1757813,7166,29148525,28008,1637864,6550,1686123855175]
06-07 15:44:15.799 0 0 I : [ 1373.308650] read descriptors
06-07 15:44:15.799 0 0 I : [ 1373.308747] read strings
06-07 15:44:16.441 1539 1829 I netstats_mobile_sample: [0,0,0,0,0,0,0,0,0,0,0,0,1686123856441]
06-07 15:44:16.441 1539 1829 I netstats_wifi_sample: [28399097,22804,1757813,7166,28399097,22804,1757813,7166,29148525,28008,1637864,6550,1686123856441]
06-07 15:44:16.823 0 0 I : [ 1374.333003] read descriptors
06-07 15:44:16.824 0 0 I : [ 1374.333127] read strings
06-07 15:44:17.732 1539 1829 I netstats_mobile_sample: [0,0,0,0,0,0,0,0,0,0,0,0,1686123857732]
06-07 15:44:17.733 1539 1829 I netstats_wifi_sample: [28399246,22805,1758111,7168,28399246,22805,1758111,7168,29148674,28009,1638013,6551,1686123857732]
06-07 15:44:17.844 0 0 I : [ 1375.352913] read descriptors
06-07 15:44:17.844 0 0 I : [ 1375.353070] read strings
06-07 15:44:18.867 0 0 I : [ 1376.376533] read descriptors
06-07 15:44:18.867 0 0 I : [ 1376.376679] read strings
06-07 15:44:19.001 1539 1829 I netstats_mobile_sample: [0,0,0,0,0,0,0,0,0,0,0,0,1686123859001]
06-07 15:44:19.001 1539 1829 I netstats_wifi_sample: [28399246,22805,1758111,7168,28399246,22805,1758111,7168,29148674,28009,1638013,6551,1686123859001]
06-07 15:44:19.887 0 0 I : [ 1377.396884] read descriptors
06-07 15:44:19.888 0 0 I : [ 1377.397084] read strings
06-07 15:44:20.282 1539 1829 I netstats_mobile_sample: [0,0,0,0,0,0,0,0,0,0,0,0,1686123860282]
06-07 15:44:20.283 1539 1829 I netstats_wifi_sample: [28399246,22805,1758111,7168,28399246,22805,1758111,7168,29148674,28009,1638013,6551,1686123860282]
06-07 15:44:20.772 1539 1898 I sync : [com.tencent.android.qqdownloader.YYBLiveAccountProvider,0,3,24220937]
06-07 15:44:20.811 1539 1898 I sync : [com.tencent.android.qqdownloader.YYBLiveAccountProvider,1,3,24220937]
06-07 15:44:20.815 1539 1898 I commit_sys_config_file: [sync-status,1362911]
06-07 15:44:20.822 1539 1898 I sync : [com.tencent.android.qqdownloader.YYBLiveAccountProvider,0,3,24220937]
06-07 15:44:20.849 1539 1898 I sync : [com.tencent.android.qqdownloader.YYBLiveAccountProvider,1,3,24220937]
06-07 15:44:20.851 1539 1898 I commit_sys_config_file: [sync-status,1362947]
06-07 15:44:20.916 0 0 I : [ 1378.424858] read descriptors
06-07 15:44:20.916 0 0 I : [ 1378.424992] read strings
06-07 15:44:21.595 1539 1829 I netstats_mobile_sample: [0,0,0,0,0,0,0,0,0,0,0,0,1686123861595]
06-07 15:44:21.595 1539 1829 I netstats_wifi_sample: [28399246,22805,1758111,7168,28399246,22805,1758111,7168,29148674,28009,1638013,6551,1686123861595]
06-07 15:44:21.936 0 0 I : [ 1379.444555] read descriptors
06-07 15:44:21.937 0 0 I : [ 1379.444679] read strings
06-07 15:44:22.821 1539 1657 I commit_sys_config_file: [jobs,7]
06-07 15:44:22.909 1539 1829 I netstats_mobile_sample: [0,0,0,0,0,0,0,0,0,0,0,0,1686123862908]
06-07 15:44:22.909 1539 1829 I netstats_wifi_sample: [28399395,22806,1758409,7170,28399395,22806,1758409,7170,29148823,28010,1638162,6552,1686123862908]
06-07 15:44:22.956 0 0 I : [ 1380.464890] read descriptors
06-07 15:44:22.956 0 0 I : [ 1380.465085] read strings
06-07 15:44:23.980 0 0 I : [ 1381.490139] read descriptors
06-07 15:44:23.980 0 0 I : [ 1381.490310] read strings
06-07 15:44:24.229 1539 1829 I netstats_mobile_sample: [0,0,0,0,0,0,0,0,0,0,0,0,1686123864229]
06-07 15:44:24.230 1539 1829 I netstats_wifi_sample: [28399395,22806,1758409,7170,28399395,22806,1758409,7170,29148823,28010,1638162,6552,1686123864229]
06-07 15:44:25.001 0 0 I : [ 1382.509895] read descriptors
06-07 15:44:25.001 0 0 I : [ 1382.510097] read strings
06-07 15:44:25.508 1539 1829 I netstats_mobile_sample: [0,0,0,0,0,0,0,0,0,0,0,0,1686123865508]
06-07 15:44:25.508 1539 1829 I netstats_wifi_sample: [28399395,22806,1758409,7170,28399395,22806,1758409,7170,29148823,28010,1638162,6552,1686123865508]
06-07 15:44:26.028 0 0 I : [ 1383.537230] read descriptors
06-07 15:44:26.028 0 0 I : [ 1383.537362] read strings
06-07 15:44:26.902 1539 1829 I netstats_mobile_sample: [0,0,0,0,0,0,0,0,0,0,0,0,1686123866902]
06-07 15:44:26.902 1539 1829 I netstats_wifi_sample: [28399395,22806,1758409,7170,28399395,22806,1758409,7170,29148823,28010,1638162,6552,1686123866902]
06-07 15:44:27.051 0 0 I : [ 1384.561389] read descriptors
06-07 15:44:27.051 0 0 I : [ 1384.561549] read strings
06-07 15:44:28.092 0 0 I : [ 1385.601718] read descriptors
06-07 15:44:28.092 0 0 I : [ 1385.601912] read strings
06-07 15:44:28.171 1539 1829 I netstats_mobile_sample: [0,0,0,0,0,0,0,0,0,0,0,0,1686123868170]
06-07 15:44:28.171 1539 1829 I netstats_wifi_sample: [28399544,22807,1758707,7172,28399544,22807,1758707,7172,29148972,28011,1638311,6553,1686123868170]
06-07 15:44:28.790 0 0 I [ 1386.300761] init: processing action (sys.tlog.tlogdshc.active=1) from (/system/etc/init/tlogd.rc:195)
06-07 15:44:28.791 0 0 I [ 1386.301508] init: starting service 'tlogdshc'...
06-07 15:44:28.867 26738 26738 I auditd : type=1400 audit(0.0:2235): avc: denied { kill } for comm="date" capability=5 scontext=u:r:np_thundercomm_tlogdsh:s0 tcontext=u:r:np_thundercomm_tlogdsh:s0 tclass=capability permissive=0
06-07 15:44:28.928 0 0 I [ 1386.437054] init: Service 'tlogdshc' (pid 26731) exited with status 0 oneshot service took 0.131000 seconds in background
06-07 15:44:28.928 0 0 I [ 1386.437082] init: Sending signal 9 to service 'tlogdshc' (pid 26731) process group...
06-07 15:44:28.928 0 0 I [ 1386.437282] libprocessgroup: Successfully killed process cgroup uid 0 pid 26731 in 0ms
06-07 15:44:29.115 0 0 I : [ 1386.625148] read descriptors
06-07 15:44:29.116 0 0 I : [ 1386.625404] read strings
06-07 15:44:29.454 1539 1829 I netstats_mobile_sample: [0,0,0,0,0,0,0,0,0,0,0,0,1686123869453]
06-07 15:44:29.454 1539 1829 I netstats_wifi_sample: [28399544,22807,1758707,7172,28399544,22807,1758707,7172,29148972,28011,1638311,6553,1686123869453]
06-07 15:44:30.144 0 0 I : [ 1387.652990] read descriptors
06-07 15:44:30.146 0 0 I : [ 1387.653136] read strings
06-07 15:44:30.739 1539 1829 I netstats_mobile_sample: [0,0,0,0,0,0,0,0,0,0,0,0,1686123870739]
06-07 15:44:30.739 1539 1829 I netstats_wifi_sample: [28399544,22807,1758707,7172,28399544,22807,1758707,7172,29148972,28011,1638311,6553,1686123870739]
06-07 15:44:31.163 0 0 I : [ 1388.672741] read descriptors
06-07 15:44:31.164 0 0 I : [ 1388.672891] read strings
06-07 15:44:32.053 1539 1829 I netstats_mobile_sample: [0,0,0,0,0,0,0,0,0,0,0,0,1686123872053]
06-07 15:44:32.054 1539 1829 I netstats_wifi_sample: [28399544,22807,1758707,7172,28399544,22807,1758707,7172,29148972,28011,1638311,6553,1686123872053]
06-07 15:44:32.185 0 0 I : [ 1389.693139] read descriptors
06-07 15:44:32.185 0 0 I : [ 1389.693339] read strings
06-07 15:44:33.215 0 0 I : [ 1390.724464] read descriptors
06-07 15:44:33.215 0 0 I : [ 1390.724551] read strings
06-07 15:44:33.274 1539 1847 I storage_state: [41217664-9172-527a-b3d5-edabb50a7d69,0,0,97797021696,118610538496]
06-07 15:44:33.393 1539 1829 I netstats_mobile_sample: [0,0,0,0,0,0,0,0,0,0,0,0,1686123873393]
06-07 15:44:33.393 1539 1829 I netstats_wifi_sample: [28399693,22808,1759005,7174,28399693,22808,1759005,7174,29149121,28012,1638460,6554,1686123873393]
06-07 15:44:34.239 0 0 I : [ 1391.749838] read descriptors
06-07 15:44:34.240 0 0 I : [ 1391.750035] read strings
06-07 15:44:34.657 1539 1829 I netstats_mobile_sample: [0,0,0,0,0,0,0,0,0,0,0,0,1686123874656]
06-07 15:44:34.657 1539 1829 I netstats_wifi_sample: [28399693,22808,1759005,7174,28399693,22808,1759005,7174,29149121,28012,1638460,6554,1686123874656]
06-07 15:44:34.677 1539 1830 I service_manager_stats: [100,65,31185]
06-07 15:44:35.260 0 0 I : [ 1392.769340] read descriptors
06-07 15:44:35.260 0 0 I : [ 1392.769536] read strings
06-07 15:44:36.050 1539 1829 I netstats_mobile_sample: [0,0,0,0,0,0,0,0,0,0,0,0,1686123876050]
06-07 15:44:36.051 1539 1829 I netstats_wifi_sample: [28399693,22808,1759005,7174,28399693,22808,1759005,7174,29149121,28012,1638460,6554,1686123876050]
06-07 15:44:36.284 0 0 I : [ 1393.793609] read descriptors
06-07 15:44:36.287 0 0 I : [ 1393.793986] read strings
06-07 15:44:37.311 0 0 I : [ 1394.821375] read descriptors
06-07 15:44:37.312 0 0 I : [ 1394.822048] read strings
06-07 15:44:37.358 1539 1829 I netstats_mobile_sample: [0,0,0,0,0,0,0,0,0,0,0,0,1686123877357]
06-07 15:44:37.358 1539 1829 I netstats_wifi_sample: [28399842,22809,1759303,7176,28399842,22809,1759303,7176,29149270,28013,1638609,6555,1686123877357]
06-07 15:44:38.340 0 0 I : [ 1395.849014] read descriptors
06-07 15:44:38.341 0 0 I : [ 1395.849215] read strings
06-07 15:44:38.678 1539 1829 I netstats_mobile_sample: [0,0,0,0,0,0,0,0,0,0,0,0,1686123878678]
06-07 15:44:38.679 1539 1829 I netstats_wifi_sample: [28399842,22809,1759303,7176,28399842,22809,1759303,7176,29149270,28013,1638609,6555,1686123878678]
06-07 15:44:39.379 0 0 I : [ 1396.890101] read descriptors
06-07 15:44:39.380 0 0 I : [ 1396.890312] read strings
06-07 15:44:39.983 1539 1829 I netstats_mobile_sample: [0,0,0,0,0,0,0,0,0,0,0,0,1686123879983]
06-07 15:44:39.983 1539 1829 I netstats_wifi_sample: [28399842,22809,1759303,7176,28399842,22809,1759303,7176,29149270,28013,1638609,6555,1686123879983]
06-07 15:44:40.019 4273 4273 I auditd : type=1400 audit(0.0:2236): avc: denied { read } for comm=5468726561642D32202D2031333035 name="tcp" dev="proc" ino=4026532265 scontext=u:r:untrusted_app_29:s0:c85,c256,c512,c768 tcontext=u:object_r:proc_net_tcp_udp:s0 tclass=file permissive=0 app=com.smile.gifmaker
06-07 15:44:40.407 0 0 I : [ 1397.917510] read descriptors
06-07 15:44:40.407 0 0 I : [ 1397.917624] read strings
06-07 15:44:41.296 1539 1829 I netstats_mobile_sample: [0,0,0,0,0,0,0,0,0,0,0,0,1686123881296]
06-07 15:44:41.297 1539 1829 I netstats_wifi_sample: [28399842,22809,1759303,7176,28399842,22809,1759303,7176,29149270,28013,1638609,6555,1686123881296]
06-07 15:44:41.431 0 0 I : [ 1398.942703] read descriptors
06-07 15:44:41.432 0 0 I : [ 1398.942899] read strings
06-07 15:44:42.451 0 0 I : [ 1399.962287] read descriptors
06-07 15:44:42.452 0 0 I : [ 1399.962488] read strings
06-07 15:44:42.595 1539 1829 I netstats_mobile_sample: [0,0,0,0,0,0,0,0,0,0,0,0,1686123882595]
06-07 15:44:42.596 1539 1829 I netstats_wifi_sample: [28399991,22810,1759601,7178,28399991,22810,1759601,7178,29149419,28014,1638758,6556,1686123882595]
06-07 15:44:43.477 0 0 I : [ 1400.985894] read descriptors
06-07 15:44:43.477 0 0 I : [ 1400.986089] read strings
06-07 15:44:43.885 1539 1829 I netstats_mobile_sample: [0,0,0,0,0,0,0,0,0,0,0,0,1686123883885]
06-07 15:44:43.885 1539 1829 I netstats_wifi_sample: [28399991,22810,1759601,7178,28399991,22810,1759601,7178,29149419,28014,1638758,6556,1686123883885]
06-07 15:44:44.496 0 0 I : [ 1402.004786] read descriptors
06-07 15:44:44.496 0 0 I : [ 1402.004918] read strings
06-07 15:44:45.197 1539 1829 I netstats_mobile_sample: [0,0,0,0,0,0,0,0,0,0,0,0,1686123885197]
06-07 15:44:45.198 1539 1829 I netstats_wifi_sample: [28399991,22810,1759601,7178,28399991,22810,1759601,7178,29149419,28014,1638758,6556,1686123885197]
06-07 15:44:45.516 0 0 I : [ 1403.025710] read descriptors
06-07 15:44:45.516 0 0 I : [ 1403.025956] read strings
06-07 15:44:46.493 1539 1829 I netstats_mobile_sample: [0,0,0,0,0,0,0,0,0,0,0,0,1686123886493]
06-07 15:44:46.493 1539 1829 I netstats_wifi_sample: [28399991,22810,1759601,7178,28399991,22810,1759601,7178,29149419,28014,1638758,6556,1686123886493]
06-07 15:44:46.531 0 0 I : [ 1404.040922] read descriptors
06-07 15:44:46.531 0 0 I : [ 1404.041042] read strings
06-07 15:44:47.552 0 0 I : [ 1405.061599] read descriptors
06-07 15:44:47.552 0 0 I : [ 1405.061791] read strings
06-07 15:44:47.781 1539 1829 I netstats_mobile_sample: [0,0,0,0,0,0,0,0,0,0,0,0,1686123887780]
06-07 15:44:47.781 1539 1829 I netstats_wifi_sample: [28400140,22811,1759899,7180,28400140,22811,1759899,7180,29149568,28015,1638907,6557,1686123887780]
06-07 15:44:48.572 0 0 I : [ 1406.081823] read descriptors
06-07 15:44:48.572 0 0 I : [ 1406.081994] read strings
06-07 15:44:49.078 1539 1829 I netstats_mobile_sample: [0,0,0,0,0,0,0,0,0,0,0,0,1686123889078]
06-07 15:44:49.079 1539 1829 I netstats_wifi_sample: [28400140,22811,1759899,7180,28400140,22811,1759899,7180,29149568,28015,1638907,6557,1686123889078]
06-07 15:44:49.591 0 0 I : [ 1407.100722] read descriptors
06-07 15:44:49.591 0 0 I : [ 1407.100862] read strings
06-07 15:44:50.355 1539 1829 I netstats_mobile_sample: [0,0,0,0,0,0,0,0,0,0,0,0,1686123890355]
06-07 15:44:50.356 1539 1829 I netstats_wifi_sample: [28400140,22811,1759899,7180,28400140,22811,1759899,7180,29149568,28015,1638907,6557,1686123890355]
06-07 15:44:50.612 0 0 I : [ 1408.121110] read descriptors
06-07 15:44:50.612 0 0 I : [ 1408.121360] read strings
06-07 15:44:51.639 0 0 I : [ 1409.148889] read descriptors
06-07 15:44:51.640 0 0 I : [ 1409.149008] read strings
06-07 15:44:51.680 1539 1829 I netstats_mobile_sample: [0,0,0,0,0,0,0,0,0,0,0,0,1686123891680]
06-07 15:44:51.681 1539 1829 I netstats_wifi_sample: [28400140,22811,1759899,7180,28400140,22811,1759899,7180,29149568,28015,1638907,6557,1686123891680]
06-07 15:44:52.667 0 0 I : [ 1410.176778] read descriptors
06-07 15:44:52.668 0 0 I : [ 1410.176953] read strings
06-07 15:44:52.993 1539 1829 I netstats_mobile_sample: [0,0,0,0,0,0,0,0,0,0,0,0,1686123892993]
06-07 15:44:52.994 1539 1829 I netstats_wifi_sample: [28400289,22812,1760197,7182,28400289,22812,1760197,7182,29149717,28016,1639056,6558,1686123892993]
06-07 15:44:53.003 2140 26816 W ContextImpl: Calling a method in the system process without a qualified user: android.app.ContextImpl.sendBroadcast:1173 android.content.ContextWrapper.sendBroadcast:479 com.thundercomm.microsettings.action.SetTimeAction.timeUpdated:191 com.thundercomm.microsettings.action.SetTimeAction.update24HourFormat:173 com.thundercomm.microsettings.action.SetTimeAction.doActualAction:133
06-07 15:44:53.019 1539 1539 D DevicePolicyManager: updateSystemUpdateFreezePeriodsRecord
06-07 15:44:53.019 1539 1539 D ConditionProviders.SCP: onReceive android.intent.action.TIME_SET
06-07 15:44:53.019 1539 1539 D ConditionProviders.SCP: evaluateSubscriptionLocked cal=ScheduleCalendar[mDays={1, 2, 3, 4, 5, 6, 7}, mSchedule=ScheduleInfo{days=[1, 2, 3, 4, 5, 6, 7], startHour=22, startMinute=0, endHour=7, endMinute=0, exitAtAlarm=true, nextAlarm=Thu Jan 01 08:00:00 GMT+08:00 1970 (0)}], now=Wed Jun 07 15:44:53 GMT+08:00 2023 (1686123893019), nextUserAlarmTime=Thu Jan 01 08:00:00 GMT+08:00 1970 (0)
06-07 15:44:53.020 1539 1539 D ConditionProviders.SCP: notifyCondition condition://android/schedule?days=1.2.3.4.5.6.7&start=22.0&end=7.0&exitAtAlarm=true STATE_FALSE reason=!meetsSchedule
06-07 15:44:53.020 1539 1539 D ConditionProviders.SCP: Scheduling evaluate for Wed Jun 07 22:00:00 GMT+08:00 2023 (1686146400000), in +6h15m6s981ms, now=Wed Jun 07 15:44:53 GMT+08:00 2023 (1686123893019)
06-07 15:44:53.035 1539 1845 I am_uid_active: 10028
06-07 15:44:53.673 0 0 I : [ 1411.196841] read descriptors
06-07 15:44:53.673 0 0 I : [ 1411.197023] read strings
06-07 15:44:54.099 14405 14405 I auditd : type=1400 audit(0.0:2237): avc: denied { search } for comm="Thread-5" name="asound" dev="proc" ino=4026532151 scontext=u:r:untrusted_app_29:s0:c97,c256,c512,c768 tcontext=u:object_r:proc_asound:s0 tclass=dir permissive=0 app=com.tencent.qqmusic
06-07 15:44:54.155 14405 14405 I auditd : type=1400 audit(0.0:2238): avc: denied { search } for comm="Thread-5" name="asound" dev="proc" ino=4026532151 scontext=u:r:untrusted_app_29:s0:c97,c256,c512,c768 tcontext=u:object_r:proc_asound:s0 tclass=dir permissive=0 app=com.tencent.qqmusic
06-07 15:44:54.243 14405 14405 I auditd : type=1400 audit(0.0:2239): avc: denied { read } for comm="Thread-5" name="tcp" dev="proc" ino=4026532265 scontext=u:r:untrusted_app_29:s0:c97,c256,c512,c768 tcontext=u:object_r:proc_net_tcp_udp:s0 tclass=file permissive=0 app=com.tencent.qqmusic
06-07 15:44:54.254 1539 1829 I netstats_mobile_sample: [0,0,0,0,0,0,0,0,0,0,0,0,1686123894254]
06-07 15:44:54.254 1539 1829 I netstats_wifi_sample: [28400289,22812,1760197,7182,28400289,22812,1760197,7182,29149717,28016,1639056,6558,1686123894254]
06-07 15:44:54.714 0 0 I : [ 1412.238208] read descriptors
06-07 15:44:54.714 0 0 I : [ 1412.239033] read strings
06-07 15:44:55.183 14405 14405 I auditd : type=1400 audit(0.0:2240): avc: denied { read } for comm="Thread-5" name="misc" dev="proc" ino=4026531991 scontext=u:r:untrusted_app_29:s0:c97,c256,c512,c768 tcontext=u:object_r:proc_misc:s0 tclass=file permissive=0 app=com.tencent.qqmusic
06-07 15:44:55.544 1539 1829 I netstats_mobile_sample: [0,0,0,0,0,0,0,0,0,0,0,0,1686123895543]
06-07 15:44:55.544 1539 1829 I netstats_wifi_sample: [28400289,22812,1760197,7182,28400289,22812,1760197,7182,29149717,28016,1639056,6558,1686123895543]
06-07 15:44:55.750 1539 1898 I sync : [com.tencent.android.qqdownloader.YYBLiveAccountProvider,0,3,24220937]
06-07 15:44:55.753 0 0 I : [ 1413.276987] read descriptors
06-07 15:44:55.753 0 0 I : [ 1413.277084] read strings
06-07 15:44:55.777 1539 1898 I sync : [com.tencent.android.qqdownloader.YYBLiveAccountProvider,1,3,24220937]
06-07 15:44:55.779 1539 1898 I commit_sys_config_file: [sync-status,1397889]
06-07 15:44:55.784 1539 1898 I sync : [com.tencent.android.qqdownloader.YYBLiveAccountProvider,0,3,24220937]
06-07 15:44:55.810 1539 1898 I sync : [com.tencent.android.qqdownloader.YYBLiveAccountProvider,1,3,24220937]
06-07 15:44:55.812 1539 1898 I commit_sys_config_file: [sync-status,1397923]
06-07 15:44:56.781 0 0 I : [ 1414.304337] read descriptors
06-07 15:44:56.781 0 0 I : [ 1414.304456] read strings
06-07 15:44:56.843 1539 1829 I netstats_mobile_sample: [0,0,0,0,0,0,0,0,0,0,0,0,1686123896843]
06-07 15:44:56.844 1539 1829 I netstats_wifi_sample: [28400289,22812,1760197,7182,28400289,22812,1760197,7182,29149717,28016,1639056,6558,1686123896843]
06-07 15:44:57.792 1539 1657 I commit_sys_config_file: [jobs,11]
06-07 15:44:57.805 0 0 I : [ 1415.328835] read descriptors
06-07 15:44:57.805 0 0 I : [ 1415.328933] read strings
06-07 15:44:58.079 1539 1671 I am_pss : [23330,10100,com.kugou.android,205440000,200110080,2021376,298729472,0,19,20]
06-07 15:44:58.143 1539 1829 I netstats_mobile_sample: [0,0,0,0,0,0,0,0,0,0,0,0,1686123898143]
06-07 15:44:58.143 1539 1829 I netstats_wifi_sample: [28400438,22813,1760495,7184,28400438,22813,1760495,7184,29149866,28017,1639205,6559,1686123898143]
06-07 15:44:58.781 0 0 I [ 1416.304807] init: processing action (sys.tlog.tlogdshc.active=1) from (/system/etc/init/tlogd.rc:195)
06-07 15:44:58.781 0 0 I [ 1416.305625] init: starting service 'tlogdshc'...
06-07 15:44:58.845 0 0 I : [ 1416.368774] read descriptors
06-07 15:44:58.845 0 0 I : [ 1416.368853] read strings
06-07 15:44:58.855 26844 26844 I auditd : type=1400 audit(0.0:2241): avc: denied { kill } for comm="date" capability=5 scontext=u:r:np_thundercomm_tlogdsh:s0 tcontext=u:r:np_thundercomm_tlogdsh:s0 tclass=capability permissive=0
06-07 15:44:58.913 0 0 I [ 1416.437359] init: Service 'tlogdshc' (pid 26838) exited with status 0 oneshot service took 0.126000 seconds in background
06-07 15:44:58.913 0 0 I [ 1416.437385] init: Sending signal 9 to service 'tlogdshc' (pid 26838) process group...
06-07 15:44:58.913 0 0 I [ 1416.437589] libprocessgroup: Successfully killed process cgroup uid 0 pid 26838 in 0ms
06-07 15:44:59.419 1539 1829 I netstats_mobile_sample: [0,0,0,0,0,0,0,0,0,0,0,0,1686123899419]
06-07 15:44:59.420 1539 1829 I netstats_wifi_sample: [28400438,22813,1760495,7184,28400438,22813,1760495,7184,29149866,28017,1639205,6559,1686123899419]
06-07 15:44:59.865 0 0 I : [ 1417.388530] read descriptors
06-07 15:44:59.865 0 0 I : [ 1417.388665] read strings
06-07 15:45:00.719 1539 1829 I netstats_mobile_sample: [0,0,0,0,0,0,0,0,0,0,0,0,1686123900719]
06-07 15:45:00.720 1539 1829 I netstats_wifi_sample: [28400844,22815,1760495,7184,28400844,22815,1760495,7184,29150272,28019,1639205,6559,1686123900719]
06-07 15:45:00.897 0 0 I : [ 1418.420476] read descriptors
06-07 15:45:00.897 0 0 I : [ 1418.420556] read strings
06-07 15:45:01.918 0 0 I : [ 1419.441238] read descriptors
06-07 15:45:01.918 0 0 I : [ 1419.441440] read strings
06-07 15:45:02.014 1539 1829 I netstats_mobile_sample: [0,0,0,0,0,0,0,0,0,0,0,0,1686123902014]
06-07 15:45:02.015 1539 1829 I netstats_wifi_sample: [28401047,22816,1760495,7184,28401047,22816,1760495,7184,29150475,28020,1639205,6559,1686123902014]
06-07 15:45:02.945 0 0 I : [ 1420.469517] read descriptors
06-07 15:45:02.945 0 0 I : [ 1420.469712] read strings
06-07 15:45:03.290 1539 1829 I netstats_mobile_sample: [0,0,0,0,0,0,0,0,0,0,0,0,1686123903290]
06-07 15:45:03.290 1539 1829 I netstats_wifi_sample: [28401399,22818,1760793,7186,28401399,22818,1760793,7186,29150827,28022,1639354,6560,1686123903290]
06-07 15:45:03.641 1539 12892 I am_uid_active: 10096
06-07 15:45:03.865 1539 1675 I am_uid_idle: 99003
06-07 15:45:03.865 1539 1675 I am_uid_idle: 10099
06-07 15:45:03.865 1539 1675 I am_stop_idle_service: [10099,com.qiyi.video/com.ss.android.socialbase.downloader.notification.DownloadNotificationService]
06-07 15:45:03.865 1539 1675 W ActivityManager: Stopping service due to app idle: u0a99 -1m51s269ms com.qiyi.video/com.ss.android.socialbase.downloader.notification.DownloadNotificationService
06-07 15:45:03.966 0 0 I : [ 1421.488931] read descriptors
06-07 15:45:03.966 0 0 I : [ 1421.489099] read strings
06-07 15:45:04.574 1539 1829 I netstats_mobile_sample: [0,0,0,0,0,0,0,0,0,0,0,0,1686123904574]
06-07 15:45:04.574 1539 1829 I netstats_wifi_sample: [28401399,22818,1760793,7186,28401399,22818,1760793,7186,29150827,28022,1639354,6560,1686123904574]
06-07 15:45:04.986 0 0 I : [ 1422.509570] read descriptors
06-07 15:45:05.002 0 0 I : [ 1422.509774] read strings
06-07 15:45:05.960 1539 1829 I netstats_mobile_sample: [0,0,0,0,0,0,0,0,0,0,0,0,1686123905960]
06-07 15:45:05.961 1539 1829 I netstats_wifi_sample: [28401477,22819,1760793,7186,28401477,22819,1760793,7186,29150827,28022,1639354,6560,1686123905960]
06-07 15:45:06.009 0 0 I : [ 1423.532773] read descriptors
06-07 15:45:06.009 0 0 I : [ 1423.532967] read strings
06-07 15:45:07.025 0 0 I : [ 1424.549280] read descriptors
06-07 15:45:07.025 0 0 I : [ 1424.549449] read strings
06-07 15:45:07.300 1539 1829 I service_manager_stats: [100,66,32637]
06-07 15:45:07.308 1539 1829 I netstats_mobile_sample: [0,0,0,0,0,0,0,0,0,0,0,0,1686123907308]
06-07 15:45:07.309 1539 1829 I netstats_wifi_sample: [28401633,22821,1760793,7186,28401633,22821,1760793,7186,29150827,28022,1639354,6560,1686123907308]
06-07 15:45:08.045 0 0 I : [ 1425.569620] read descriptors
06-07 15:45:08.045 0 0 I : [ 1425.569832] read strings
06-07 15:45:08.668 1539 1829 I netstats_mobile_sample: [0,0,0,0,0,0,0,0,0,0,0,0,1686123908668]
06-07 15:45:08.668 1539 1829 I netstats_wifi_sample: [28401782,22822,1761091,7188,28401782,22822,1761091,7188,29150976,28023,1639503,6561,1686123908668]
06-07 15:45:09.065 0 0 I : [ 1426.589799] read descriptors
06-07 15:45:09.065 0 0 I : [ 1426.589969] read strings
06-07 15:45:09.384 1539 1675 I am_uid_idle: 10062
06-07 15:45:10.085 0 0 I : [ 1427.610032] read descriptors
06-07 15:45:10.085 0 0 I : [ 1427.610239] read strings
06-07 15:45:10.126 1539 1829 I netstats_mobile_sample: [0,0,0,0,0,0,0,0,0,0,0,0,1686123910126]
06-07 15:45:10.127 1539 1829 I netstats_wifi_sample: [28401782,22822,1761091,7188,28401782,22822,1761091,7188,29150976,28023,1639503,6561,1686123910126]
06-07 15:45:11.106 0 0 I : [ 1428.630241] read descriptors
06-07 15:45:11.106 0 0 I : [ 1428.630437] read strings
06-07 15:45:11.530 1539 1829 I netstats_mobile_sample: [0,0,0,0,0,0,0,0,0,0,0,0,1686123911529]
06-07 15:45:11.530 1539 1829 I netstats_wifi_sample: [28401782,22822,1761091,7188,28401782,22822,1761091,7188,29150976,28023,1639503,6561,1686123911529]
06-07 15:45:12.133 0 0 I : [ 1429.659092] read descriptors
06-07 15:45:12.133 0 0 I : [ 1429.659298] read strings
06-07 15:45:12.850 1539 1829 I netstats_mobile_sample: [0,0,0,0,0,0,0,0,0,0,0,0,1686123912850]
06-07 15:45:12.850 1539 1829 I netstats_wifi_sample: [28401931,22823,1761389,7190,28401931,22823,1761389,7190,29151125,28024,1639652,6562,1686123912850]
06-07 15:45:13.157 0 0 I : [ 1430.681412] read descriptors
06-07 15:45:13.157 0 0 I : [ 1430.681601] read strings
06-07 15:45:14.136 1539 1829 I netstats_mobile_sample: [0,0,0,0,0,0,0,0,0,0,0,0,1686123914136]
06-07 15:45:14.136 1539 1829 I netstats_wifi_sample: [28401931,22823,1761389,7190,28401931,22823,1761389,7190,29151125,28024,1639652,6562,1686123914136]
06-07 15:45:14.181 0 0 I : [ 1431.705246] read descriptors
06-07 15:45:14.181 0 0 I : [ 1431.705410] read strings
06-07 15:45:14.872 1539 1539 I notification_enqueue: [10024,3222,com.tencent.android.qqdownloader,127,NULL,0,Notification(channel=channel_id_default_silent shortcut=null contentView=com.tencent.android.qqdownloader/0x7f0a01c2 vibrate=null sound=null defaults=0x0 flags=0x2a2 color=0x00000000 groupKey=com.tencent.android.qqdownloader vis=PRIVATE),1]
06-07 15:45:15.073 1539 1539 I GameModeConfig: isGameModeOn = false
06-07 15:45:15.201 0 0 I : [ 1432.726146] read descriptors
06-07 15:45:15.201 0 0 I : [ 1432.726323] read strings
06-07 15:45:15.458 1539 1829 I netstats_mobile_sample: [0,0,0,0,0,0,0,0,0,0,0,0,1686123915458]
06-07 15:45:15.459 1539 1829 I netstats_wifi_sample: [28401931,22823,1761389,7190,28401931,22823,1761389,7190,29151125,28024,1639652,6562,1686123915458]
06-07 15:45:16.230 0 0 I : [ 1433.756787] read descriptors
06-07 15:45:16.231 0 0 I : [ 1433.757025] read strings
06-07 15:45:16.773 1539 1829 I netstats_mobile_sample: [0,0,0,0,0,0,0,0,0,0,0,0,1686123916773]
06-07 15:45:16.773 1539 1829 I netstats_wifi_sample: [28401931,22823,1761389,7190,28401931,22823,1761389,7190,29151125,28024,1639652,6562,1686123916773]
06-07 15:45:17.253 0 0 I : [ 1434.777569] read descriptors
06-07 15:45:17.253 0 0 I : [ 1434.778196] read strings
06-07 15:45:18.057 1539 1829 I netstats_mobile_sample: [0,0,0,0,0,0,0,0,0,0,0,0,1686123918057]
06-07 15:45:18.058 1539 1829 I netstats_wifi_sample: [28402080,22824,1761687,7192,28402080,22824,1761687,7192,29151274,28025,1639801,6563,1686123918057]
06-07 15:45:18.289 0 0 I : [ 1435.813037] read descriptors
06-07 15:45:18.289 0 0 I : [ 1435.813139] read strings
06-07 15:45:19.313 0 0 I : [ 1436.836592] read descriptors
06-07 15:45:19.313 0 0 I : [ 1436.836731] read strings
06-07 15:45:19.425 1539 1829 I netstats_mobile_sample: [0,0,0,0,0,0,0,0,0,0,0,0,1686123919425]
06-07 15:45:19.425 1539 1829 I netstats_wifi_sample: [28403406,22826,1764339,7196,28403406,22826,1764339,7196,29162555,28042,1641127,6565,1686123919425]
06-07 15:45:20.333 0 0 I : [ 1437.857762] read descriptors
06-07 15:45:20.333 0 0 I : [ 1437.857941] read strings
06-07 15:45:20.740 1539 1829 I netstats_mobile_sample: [0,0,0,0,0,0,0,0,0,0,0,0,1686123920740]
06-07 15:45:20.741 1539 1829 I netstats_wifi_sample: [28403406,22826,1764339,7196,28403406,22826,1764339,7196,29162555,28042,1641127,6565,1686123920740]
06-07 15:45:21.225 0 0 I : [ 1438.751710] qcom_rpmh DRV:apps_rsc TCS Busy, retrying RPMH message send: addr=0x50000
06-07 15:45:21.225 0 0 I : [ 1438.751729] qcom_rpmh DRV:apps_rsc TCS Busy, retrying RPMH message send: addr=0x50000
06-07 15:45:21.349 0 0 I : [ 1438.873479] read descriptors
06-07 15:45:21.349 0 0 I : [ 1438.873676] read strings
06-07 15:45:22.065 1539 1829 I netstats_mobile_sample: [0,0,0,0,0,0,0,0,0,0,0,0,1686123922065]
06-07 15:45:22.066 1539 1829 I netstats_wifi_sample: [28403406,22826,1764339,7196,28403406,22826,1764339,7196,29162555,28042,1641127,6565,1686123922065]
06-07 15:45:22.373 0 0 I : [ 1439.897195] read descriptors
06-07 15:45:22.373 0 0 I : [ 1439.897386] read strings
06-07 15:45:23.383 1539 1829 I netstats_mobile_sample: [0,0,0,0,0,0,0,0,0,0,0,0,1686123923383]
06-07 15:45:23.384 1539 1829 I netstats_wifi_sample: [28403555,22827,1764637,7198,28403555,22827,1764637,7198,29162704,28043,1641276,6566,1686123923383]
06-07 15:45:23.393 0 0 I : [ 1440.917295] read descriptors
06-07 15:45:23.393 0 0 I : [ 1440.917468] read strings
06-07 15:45:24.425 0 0 I : [ 1441.948666] read descriptors
06-07 15:45:24.425 0 0 I : [ 1441.948832] read strings
06-07 15:45:24.722 1539 1829 I netstats_mobile_sample: [0,0,0,0,0,0,0,0,0,0,0,0,1686123924720]
06-07 15:45:24.722 1539 1829 I netstats_wifi_sample: [28403555,22827,1764637,7198,28403555,22827,1764637,7198,29162704,28043,1641276,6566,1686123924720]
06-07 15:45:25.459 0 0 I : [ 1442.984428] read descriptors
06-07 15:45:25.459 0 0 I : [ 1442.984550] read strings
06-07 15:45:26.062 1539 1829 I netstats_mobile_sample: [0,0,0,0,0,0,0,0,0,0,0,0,1686123926062]
06-07 15:45:26.063 1539 1829 I netstats_wifi_sample: [28403555,22827,1764637,7198,28403555,22827,1764637,7198,29162704,28043,1641276,6566,1686123926062]
06-07 15:45:26.481 0 0 I : [ 1444.007478] read descriptors
06-07 15:45:26.481 0 0 I : [ 1444.007683] read strings
06-07 15:45:27.505 0 0 I : [ 1445.029817] read descriptors
06-07 15:45:27.505 0 0 I : [ 1445.029984] read strings
06-07 15:45:27.537 1539 1829 I netstats_mobile_sample: [0,0,0,0,0,0,0,0,0,0,0,0,1686123927536]
06-07 15:45:27.538 1539 1829 I netstats_wifi_sample: [28403555,22827,1764637,7198,28403555,22827,1764637,7198,29162704,28043,1641276,6566,1686123927536]
06-07 15:45:28.089 0 0 I [ 1445.613275] init: processing action (sys.network.tbox=0) from (/system/etc/init/dns_ts.rc:3)
06-07 15:45:28.089 0 0 I [ 1445.613402] init: starting service 'exec 43 (/system/bin/sh /system/bin/dns_ts.sh del 192.168.1.1 vlan1)'...
06-07 15:45:28.093 0 0 I [ 1445.617052] init: SVC_EXEC service 'exec 43 (/system/bin/sh /system/bin/dns_ts.sh del 192.168.1.1 vlan1)' pid 26933 (uid 0 gid 0+0 context u:r:dns_ts_ip:s0) started; waiting...
06-07 15:45:28.125 0 0 I [ 1445.649901] init: Service 'exec 43 (/system/bin/sh /system/bin/dns_ts.sh del 192.168.1.1 vlan1)' (pid 26933) exited with status 2 waiting took 0.033000 seconds
06-07 15:45:28.125 0 0 I [ 1445.649948] init: Sending signal 9 to service 'exec 43 (/system/bin/sh /system/bin/dns_ts.sh del 192.168.1.1 vlan1)' (pid 26933) process group...
06-07 15:45:28.125 0 0 I [ 1445.650334] libprocessgroup: Successfully killed process cgroup uid 0 pid 26933 in 0ms
06-07 15:45:28.535 0 0 I : [ 1446.058264] read descriptors
06-07 15:45:28.535 0 0 I : [ 1446.058380] read strings
06-07 15:45:28.597 0 0 I [ 1446.123204] init: processing action (sys.network.wifi=1) from (/system/etc/init/dns_ts.rc:5)
06-07 15:45:28.597 0 0 I [ 1446.123322] init: starting service 'exec 44 (/system/bin/sh /system/bin/dns_ts.sh add 192.168.4.4 vlan4)'...
06-07 15:45:28.605 0 0 I [ 1446.128876] init: SVC_EXEC service 'exec 44 (/system/bin/sh /system/bin/dns_ts.sh add 192.168.4.4 vlan4)' pid 26938 (uid 0 gid 0+0 context u:r:dns_ts_ip:s0) started; waiting...
06-07 15:45:28.630 0 0 I [ 1446.154093] init: Service 'exec 44 (/system/bin/sh /system/bin/dns_ts.sh add 192.168.4.4 vlan4)' (pid 26938) exited with status 2 waiting took 0.027000 seconds
06-07 15:45:28.833 1539 1829 I netstats_mobile_sample: [0,0,0,0,0,0,0,0,0,0,0,0,1686123928833]
06-07 15:45:28.833 1539 1829 I netstats_wifi_sample: [28403704,22828,1764935,7200,28403704,22828,1764935,7200,29162853,28044,1641425,6567,1686123928833]
06-07 15:45:28.855 26945 26945 I auditd : type=1400 audit(0.0:2242): avc: denied { kill } for comm="wc" capability=5 scontext=u:r:np_thundercomm_tlogdsh:s0 tcontext=u:r:np_thundercomm_tlogdsh:s0 tclass=capability permissive=0
06-07 15:45:29.569 0 0 I : [ 1447.093635] read descriptors
06-07 15:45:29.570 0 0 I : [ 1447.094152] read strings
06-07 15:45:30.201 1539 1829 I netstats_mobile_sample: [0,0,0,0,0,0,0,0,0,0,0,0,1686123930201]
06-07 15:45:30.201 1539 1829 I netstats_wifi_sample: [28403907,22829,1764935,7200,28403907,22829,1764935,7200,29163056,28045,1641425,6567,1686123930201]
06-07 15:45:30.593 0 0 I : [ 1448.117615] read descriptors
06-07 15:45:30.593 0 0 I : [ 1448.117745] read strings
06-07 15:45:30.754 1539 1898 I sync : [com.tencent.android.qqdownloader.YYBLiveAccountProvider,0,3,24220937]
06-07 15:45:30.800 1539 1898 I sync : [com.tencent.android.qqdownloader.YYBLiveAccountProvider,1,3,24220937]
06-07 15:45:30.803 1539 1898 I commit_sys_config_file: [sync-status,1432913]
06-07 15:45:30.809 1539 1898 I sync : [com.tencent.android.qqdownloader.YYBLiveAccountProvider,0,3,24220937]
06-07 15:45:30.839 1539 1898 I sync : [com.tencent.android.qqdownloader.YYBLiveAccountProvider,1,3,24220937]
06-07 15:45:30.841 1539 1898 I commit_sys_config_file: [sync-status,1432952]
06-07 15:45:31.546 1539 1829 I netstats_mobile_sample: [0,0,0,0,0,0,0,0,0,0,0,0,1686123931546]
06-07 15:45:31.546 1539 1829 I netstats_wifi_sample: [28404110,22830,1764935,7200,28404110,22830,1764935,7200,29163259,28046,1641425,6567,1686123931546]
06-07 15:45:31.617 0 0 I : [ 1449.142130] read descriptors
06-07 15:45:31.617 0 0 I : [ 1449.142327] read strings
06-07 15:45:32.654 0 0 I : [ 1450.176547] read descriptors
06-07 15:45:32.654 0 0 I : [ 1450.176740] read strings
06-07 15:45:32.808 1539 1657 I commit_sys_config_file: [jobs,7]
06-07 15:45:32.855 1539 1829 I netstats_mobile_sample: [0,0,0,0,0,0,0,0,0,0,0,0,1686123932855]
06-07 15:45:32.855 1539 1829 I netstats_wifi_sample: [28404462,22832,1765233,7202,28404462,22832,1765233,7202,29163611,28048,1641574,6568,1686123932855]
06-07 15:45:33.357 1539 1847 I storage_state: [41217664-9172-527a-b3d5-edabb50a7d69,0,0,97390526464,118610538496]
06-07 15:45:33.681 0 0 I : [ 1451.205136] read descriptors
06-07 15:45:33.682 0 0 I : [ 1451.205325] read strings
06-07 15:45:34.125 0 0 I [ 1451.651506] init: processing action (sys.network.tbox=0) from (/system/etc/init/dns_ts.rc:3)
06-07 15:45:34.125 0 0 I [ 1451.651643] init: starting service 'exec 45 (/system/bin/sh /system/bin/dns_ts.sh del 192.168.1.1 vlan1)'...
06-07 15:45:34.131 0 0 I [ 1451.657831] init: SVC_EXEC service 'exec 45 (/system/bin/sh /system/bin/dns_ts.sh del 192.168.1.1 vlan1)' pid 26972 (uid 0 gid 0+0 context u:r:dns_ts_ip:s0) started; waiting...
06-07 15:45:34.153 1539 1829 I netstats_mobile_sample: [0,0,0,0,0,0,0,0,0,0,0,0,1686123934153]
06-07 15:45:34.153 1539 1829 I netstats_wifi_sample: [28406457,22837,1765233,7202,28406457,22837,1765233,7202,29163611,28048,1641574,6568,1686123934153]
06-07 15:45:34.165 0 0 I [ 1451.691595] init: Service 'exec 45 (/system/bin/sh /system/bin/dns_ts.sh del 192.168.1.1 vlan1)' (pid 26972) exited with status 2 waiting took 0.036000 seconds
06-07 15:45:34.165 0 0 I [ 1451.691624] init: Sending signal 9 to service 'exec 45 (/system/bin/sh /system/bin/dns_ts.sh del 192.168.1.1 vlan1)' (pid 26972) process group...
06-07 15:45:34.165 0 0 I [ 1451.691786] libprocessgroup: Successfully killed process cgroup uid 0 pid 26972 in 0ms
06-07 15:45:34.629 0 0 I [ 1452.153723] init: processing action (sys.network.wifi=1) from (/system/etc/init/dns_ts.rc:5)
06-07 15:45:34.629 0 0 I [ 1452.154554] init: starting service 'exec 46 (/system/bin/sh /system/bin/dns_ts.sh add 192.168.4.4 vlan4)'...
06-07 15:45:34.633 0 0 I [ 1452.159253] init: SVC_EXEC service 'exec 46 (/system/bin/sh /system/bin/dns_ts.sh add 192.168.4.4 vlan4)' pid 26976 (uid 0 gid 0+0 context u:r:dns_ts_ip:s0) started; waiting...
06-07 15:45:34.657 0 0 I [ 1452.183794] init: Service 'exec 46 (/system/bin/sh /system/bin/dns_ts.sh add 192.168.4.4 vlan4)' (pid 26976) exited with status 2 waiting took 0.025000 seconds
06-07 15:45:34.706 0 0 I : [ 1452.232581] read descriptors
06-07 15:45:34.706 0 0 I : [ 1452.232787] read strings
06-07 15:45:35.456 1539 1829 I netstats_mobile_sample: [0,0,0,0,0,0,0,0,0,0,0,0,1686123935456]
06-07 15:45:35.456 1539 1829 I netstats_wifi_sample: [28406856,22838,1765233,7202,28406856,22838,1765233,7202,29163611,28048,1641574,6568,1686123935456]
06-07 15:45:35.533 0 0 E [ 1453.056387] mv2112_update_link: link 0x0
06-07 15:45:35.729 0 0 I : [ 1453.252898] read descriptors
06-07 15:45:35.729 0 0 I : [ 1453.253114] read strings
06-07 15:45:35.759 1539 2029 I ntp_failure: [time.android.com/216.239.35.4,java.net.SocketTimeoutException: Poll timed out]
06-07 15:45:36.557 0 0 E [ 1454.080478] mv2112_update_link: link 0x4
06-07 15:45:36.557 0 0 I : [ 1454.080533] lan743x 0001:01:00.0 eth0: Link is Up - 100Mbps/Full - flow control off
06-07 15:45:36.749 0 0 I : [ 1454.272985] read descriptors
06-07 15:45:36.749 0 0 I : [ 1454.273184] read strings
06-07 15:45:37.769 0 0 I : [ 1455.292937] read descriptors
06-07 15:45:37.769 0 0 I : [ 1455.293143] read strings
06-07 15:45:38.785 0 0 I : [ 1456.308887] read descriptors
06-07 15:45:38.785 0 0 I : [ 1456.309092] read strings
06-07 15:45:39.805 0 0 I : [ 1457.329878] read descriptors
06-07 15:45:39.805 0 0 I : [ 1457.330087] read strings
06-07 15:45:40.047 4273 4273 I auditd : type=1400 audit(0.0:2243): avc: denied { read } for comm=5468726561642D32202D2031333035 name="tcp" dev="proc" ino=4026532265 scontext=u:r:untrusted_app_29:s0:c85,c256,c512,c768 tcontext=u:object_r:proc_net_tcp_udp:s0 tclass=file permissive=0 app=com.smile.gifmaker
06-07 15:45:40.765 1539 2029 I ntp_failure: [time.android.com/216.239.35.8,java.net.SocketTimeoutException: Poll timed out]
06-07 15:45:40.825 0 0 I : [ 1458.349862] read descriptors
06-07 15:45:40.825 0 0 I : [ 1458.350060] read strings
06-07 15:45:41.855 0 0 I : [ 1459.377708] read descriptors
06-07 15:45:41.855 0 0 I : [ 1459.377826] read strings
06-07 15:45:42.873 0 0 I : [ 1460.398241] read descriptors
06-07 15:45:42.873 0 0 I : [ 1460.398446] read strings
06-07 15:45:43.897 0 0 I : [ 1461.422193] read descriptors
06-07 15:45:43.897 0 0 I : [ 1461.422449] read strings
06-07 15:45:44.921 0 0 I : [ 1462.447077] read descriptors
06-07 15:45:44.921 0 0 I : [ 1462.447280] read strings
06-07 15:45:45.775 1539 2029 I ntp_failure: [time.android.com/216.239.35.12,java.net.SocketTimeoutException: Poll timed out]
06-07 15:45:45.937 0 0 I : [ 1463.461039] read descriptors
06-07 15:45:45.937 0 0 I : [ 1463.461248] read strings
06-07 15:45:46.923 2711 2711 I auditd : type=1400 audit(0.0:2244): avc: denied { read } for comm="event_loop" lport=13400 scontext=u:r:hht_ota_mgr:s0 tcontext=u:r:hht_ota_mgr:s0 tclass=udp_socket permissive=0
06-07 15:45:46.923 2711 2711 I auditd : type=1400 audit(0.0:2245): avc: denied { read } for comm="event_loop" lport=13400 scontext=u:r:hht_ota_mgr:s0 tcontext=u:r:hht_ota_mgr:s0 tclass=udp_socket permissive=0
06-07 15:45:46.929 0 0 W [ 1464.453566] audit: audit_lost=1794 audit_rate_limit=5 audit_backlog_limit=64
06-07 15:45:46.929 0 0 E [ 1464.453577] audit: rate limit exceeded
06-07 15:45:46.923 2711 2711 I auditd : type=1400 audit(0.0:2246): avc: denied { read } for comm="event_loop" lport=13400 scontext=u:r:hht_ota_mgr:s0 tcontext=u:r:hht_ota_mgr:s0 tclass=udp_socket permissive=0
06-07 15:45:46.923 2711 2711 I auditd : type=1400 audit(0.0:2247): avc: denied { read } for comm="event_loop" lport=13400 scontext=u:r:hht_ota_mgr:s0 tcontext=u:r:hht_ota_mgr:s0 tclass=udp_socket permissive=0
06-07 15:45:46.923 2711 2711 I auditd : type=1400 audit(0.0:2248): avc: denied { read } for comm="event_loop" lport=13400 scontext=u:r:hht_ota_mgr:s0 tcontext=u:r:hht_ota_mgr:s0 tclass=udp_socket permissive=0
06-07 15:45:46.923 2711 2711 I auditd : type=1400 audit(0.0:2249): avc: denied { read } for comm="event_loop" lport=13400 scontext=u:r:hht_ota_mgr:s0 tcontext=u:r:hht_ota_mgr:s0 tclass=udp_socket permissive=0
06-07 15:45:46.923 2711 2711 I auditd : type=1400 audit(0.0:2250): avc: denied { read } for comm="event_loop" lport=13400 scontext=u:r:hht_ota_mgr:s0 tcontext=u:r:hht_ota_mgr:s0 tclass=udp_socket permissive=0
06-07 15:45:46.923 2711 2711 I auditd : type=1400 audit(0.0:2251): avc: denied { read } for comm="event_loop" lport=13400 scontext=u:r:hht_ota_mgr:s0 tcontext=u:r:hht_ota_mgr:s0 tclass=udp_socket permissive=0
06-07 15:45:46.923 2711 2711 I auditd : type=1400 audit(0.0:2252): avc: denied { read } for comm="event_loop" lport=13400 scontext=u:r:hht_ota_mgr:s0 tcontext=u:r:hht_ota_mgr:s0 tclass=udp_socket permissive=0
06-07 15:45:47.005 0 0 I : [ 1464.528909] read descriptors
06-07 15:45:47.005 0 0 I : [ 1464.528991] read strings
