06-07 15:50:49.003 1539 1676 D CompatibilityChangeReporter: Compat change id reported: 143937733; UID 10100; state: DISABLED
06-07 15:50:49.008 1539 1676 I am_proc_start: [0,9595,10100,com.kugou.android,content provider,{com.kugou.android/com.kugou.common.preferences.provider.CommonSharedPreferencesProvider}]
06-07 15:50:49.008 1539 1676 I ActivityManager: Start proc 9595:com.kugou.android/u0a100 for content provider {com.kugou.android/com.kugou.common.preferences.provider.CommonSharedPreferencesProvider}
06-07 15:50:49.017 1539 32657 I am_proc_bound: [0,9595,com.kugou.android]
06-07 15:50:49.018 0 0 I [ 1767.692812] binder: 9595:9595 ioctl 40046210 7ff2b03764 returned -22
06-07 15:50:49.475 1539 32657 E PackageDexUsage: Unsupported context?
06-07 15:50:49.523 1539 1898 I sync : [com.tencent.android.qqdownloader.YYBLiveAccountProvider,0,3,24220937]
06-07 15:50:49.556 1539 1898 I sync : [com.tencent.android.qqdownloader.YYBLiveAccountProvider,1,3,24220937]
06-07 15:50:49.559 1539 1898 I commit_sys_config_file: [sync-status,1752821]
06-07 15:50:49.566 1539 1898 I sync : [com.tencent.android.qqdownloader.YYBLiveAccountProvider,0,3,24220937]
06-07 15:50:49.587 1539 1898 I sync : [com.tencent.android.qqdownloader.YYBLiveAccountProvider,1,3,24220937]
06-07 15:50:49.588 1539 1898 I commit_sys_config_file: [sync-status,1752850]
06-07 15:50:49.641 9595 9595 D ActivityThread: Loading provider com.kugou.android.kugouCommonPreferences: com.kugou.common.preferences.provider.CommonSharedPreferencesProvider
06-07 15:50:49.854 0 0 I : [ 1768.528913] read descriptors
06-07 15:50:49.854 0 0 I : [ 1768.529103] read strings
06-07 15:50:49.986 0 0 W [ 1768.664071] audit: audit_lost=32439280 audit_rate_limit=5 audit_backlog_limit=64
06-07 15:50:49.986 0 0 E [ 1768.664072] audit: rate limit exceeded
06-07 15:50:49.983 2711 2711 I auditd : type=1400 audit(0.0:32441249): avc: denied { read } for comm="event_loop" lport=13400 scontext=u:r:hht_ota_mgr:s0 tcontext=u:r:hht_ota_mgr:s0 tclass=udp_socket permissive=0
06-07 15:50:49.983 2711 2711 I auditd : type=1400 audit(0.0:32441250): avc: denied { read } for comm="event_loop" lport=13400 scontext=u:r:hht_ota_mgr:s0 tcontext=u:r:hht_ota_mgr:s0 tclass=udp_socket permissive=0
06-07 15:50:49.983 2711 2711 I auditd : type=1400 audit(0.0:32441251): avc: denied { read } for comm="event_loop" lport=13400 scontext=u:r:hht_ota_mgr:s0 tcontext=u:r:hht_ota_mgr:s0 tclass=udp_socket permissive=0
06-07 15:50:49.983 2711 2711 I auditd : type=1400 audit(0.0:32441252): avc: denied { read } for comm="event_loop" lport=13400 scontext=u:r:hht_ota_mgr:s0 tcontext=u:r:hht_ota_mgr:s0 tclass=udp_socket permissive=0
06-07 15:50:49.983 2711 2711 I auditd : type=1400 audit(0.0:32441253): avc: denied { read } for comm="event_loop" lport=13400 scontext=u:r:hht_ota_mgr:s0 tcontext=u:r:hht_ota_mgr:s0 tclass=udp_socket permissive=0
06-07 15:50:50.806 1539 1590 I ActivityManager: Process com.kugou.android.support (pid 9552) has died: fg SVC
06-07 15:50:50.807 1539 1590 I am_proc_died: [0,9552,com.kugou.android.support,0,10]
06-07 15:50:50.808 1539 1590 W ActivityManager: Scheduling restart of crashed service com.kugou.android/com.kugou.framework.service.ipc.peripheral.connect.SupportService in 4928ms for start-requested
06-07 15:50:50.808 1539 1590 I am_schedule_service_restart: [0,com.kugou.android/com.kugou.framework.service.ipc.peripheral.connect.SupportService,4928]
06-07 15:50:50.890 0 0 I : [ 1769.564882] read descriptors
06-07 15:50:50.890 0 0 I : [ 1769.565076] read strings
06-07 15:50:50.983 2711 2711 I auditd : type=1400 audit(0.0:32695117): avc: denied { read } for comm="event_loop" lport=13400 scontext=u:r:hht_ota_mgr:s0 tcontext=u:r:hht_ota_mgr:s0 tclass=udp_socket permissive=0
06-07 15:50:50.987 2711 2711 I auditd : type=1400 audit(0.0:32695118): avc: denied { read } for comm="event_loop" lport=13400 scontext=u:r:hht_ota_mgr:s0 tcontext=u:r:hht_ota_mgr:s0 tclass=udp_socket permissive=0
06-07 15:50:50.987 2711 2711 I auditd : type=1400 audit(0.0:32695119): avc: denied { read } for comm="event_loop" lport=13400 scontext=u:r:hht_ota_mgr:s0 tcontext=u:r:hht_ota_mgr:s0 tclass=udp_socket permissive=0
06-07 15:50:50.987 2711 2711 I auditd : type=1400 audit(0.0:32695120): avc: denied { read } for comm="event_loop" lport=13400 scontext=u:r:hht_ota_mgr:s0 tcontext=u:r:hht_ota_mgr:s0 tclass=udp_socket permissive=0
06-07 15:50:50.987 2711 2711 I auditd : type=1400 audit(0.0:32695121): avc: denied { read } for comm="event_loop" lport=13400 scontext=u:r:hht_ota_mgr:s0 tcontext=u:r:hht_ota_mgr:s0 tclass=udp_socket permissive=0
06-07 15:50:50.994 0 0 W [ 1769.668057] audit: audit_lost=32693143 audit_rate_limit=5 audit_backlog_limit=64
06-07 15:50:50.994 0 0 E [ 1769.668058] audit: rate limit exceeded
06-07 15:50:51.564 1539 1657 I commit_sys_config_file: [jobs,5]
06-07 15:50:51.914 0 0 I : [ 1770.589460] read descriptors
06-07 15:50:51.914 0 0 I : [ 1770.589650] read strings
06-07 15:50:51.991 2711 2711 I auditd : type=1400 audit(0.0:32950299): avc: denied { read } for comm="event_loop" lport=13400 scontext=u:r:hht_ota_mgr:s0 tcontext=u:r:hht_ota_mgr:s0 tclass=udp_socket permissive=0
06-07 15:50:51.991 2711 2711 I auditd : type=1400 audit(0.0:32950300): avc: denied { read } for comm="event_loop" lport=13400 scontext=u:r:hht_ota_mgr:s0 tcontext=u:r:hht_ota_mgr:s0 tclass=udp_socket permissive=0
06-07 15:50:51.991 2711 2711 I auditd : type=1400 audit(0.0:32950301): avc: denied { read } for comm="event_loop" lport=13400 scontext=u:r:hht_ota_mgr:s0 tcontext=u:r:hht_ota_mgr:s0 tclass=udp_socket permissive=0
06-07 15:50:51.991 2711 2711 I auditd : type=1400 audit(0.0:32950302): avc: denied { read } for comm="event_loop" lport=13400 scontext=u:r:hht_ota_mgr:s0 tcontext=u:r:hht_ota_mgr:s0 tclass=udp_socket permissive=0
06-07 15:50:51.991 2711 2711 I auditd : type=1400 audit(0.0:32950303): avc: denied { read } for comm="event_loop" lport=13400 scontext=u:r:hht_ota_mgr:s0 tcontext=u:r:hht_ota_mgr:s0 tclass=udp_socket permissive=0
06-07 15:50:51.998 0 0 W [ 1770.672055] audit: audit_lost=32948320 audit_rate_limit=5 audit_backlog_limit=64
06-07 15:50:51.998 0 0 E [ 1770.672056] audit: rate limit exceeded
06-07 15:50:52.938 0 0 I : [ 1771.612868] read descriptors
06-07 15:50:52.938 0 0 I : [ 1771.613056] read strings
06-07 15:50:52.991 2711 2711 I auditd : type=1400 audit(0.0:33205257): avc: denied { read } for comm="event_loop" lport=13400 scontext=u:r:hht_ota_mgr:s0 tcontext=u:r:hht_ota_mgr:s0 tclass=udp_socket permissive=0
06-07 15:50:52.999 0 0 W [ 1771.676051] audit: audit_lost=33203273 audit_rate_limit=5 audit_backlog_limit=64
06-07 15:50:52.995 2711 2711 I auditd : type=1400 audit(0.0:33205258): avc: denied { read } for comm="event_loop" lport=13400 scontext=u:r:hht_ota_mgr:s0 tcontext=u:r:hht_ota_mgr:s0 tclass=udp_socket permissive=0
06-07 15:50:52.999 0 0 E [ 1771.676052] audit: rate limit exceeded
06-07 15:50:52.995 2711 2711 I auditd : type=1400 audit(0.0:33205259): avc: denied { read } for comm="event_loop" lport=13400 scontext=u:r:hht_ota_mgr:s0 tcontext=u:r:hht_ota_mgr:s0 tclass=udp_socket permissive=0
06-07 15:50:52.995 2711 2711 I auditd : type=1400 audit(0.0:33205260): avc: denied { read } for comm="event_loop" lport=13400 scontext=u:r:hht_ota_mgr:s0 tcontext=u:r:hht_ota_mgr:s0 tclass=udp_socket permissive=0
06-07 15:50:52.995 2711 2711 I auditd : type=1400 audit(0.0:33205261): avc: denied { read } for comm="event_loop" lport=13400 scontext=u:r:hht_ota_mgr:s0 tcontext=u:r:hht_ota_mgr:s0 tclass=udp_socket permissive=0
06-07 15:50:53.930 1539 1671 I am_pss : [3492,10099,com.qiyi.video,387887104,351014912,36864,560840704,0,10,37]
06-07 15:50:53.940 1539 1671 I am_pss : [4360,10099,com.qiyi.video:downloader,51051520,25444352,38912,188534784,0,10,9]
06-07 15:50:53.951 1539 1671 I am_pss : [4033,10099,com.qiyi.video:plugin1,68036608,35385344,38912,221921280,0,10,11]
06-07 15:50:53.970 0 0 I : [ 1772.644785] read descriptors
06-07 15:50:53.971 0 0 I : [ 1772.644882] read strings
06-07 15:50:53.999 2711 2711 I auditd : type=1400 audit(0.0:33459876): avc: denied { read } for comm="event_loop" lport=13400 scontext=u:r:hht_ota_mgr:s0 tcontext=u:r:hht_ota_mgr:s0 tclass=udp_socket permissive=0
06-07 15:50:53.999 2711 2711 I auditd : type=1400 audit(0.0:33459877): avc: denied { read } for comm="event_loop" lport=13400 scontext=u:r:hht_ota_mgr:s0 tcontext=u:r:hht_ota_mgr:s0 tclass=udp_socket permissive=0
06-07 15:50:53.999 2711 2711 I auditd : type=1400 audit(0.0:33459878): avc: denied { read } for comm="event_loop" lport=13400 scontext=u:r:hht_ota_mgr:s0 tcontext=u:r:hht_ota_mgr:s0 tclass=udp_socket permissive=0
06-07 15:50:53.999 2711 2711 I auditd : type=1400 audit(0.0:33459879): avc: denied { read } for comm="event_loop" lport=13400 scontext=u:r:hht_ota_mgr:s0 tcontext=u:r:hht_ota_mgr:s0 tclass=udp_socket permissive=0
06-07 15:50:53.999 2711 2711 I auditd : type=1400 audit(0.0:33459880): avc: denied { read } for comm="event_loop" lport=13400 scontext=u:r:hht_ota_mgr:s0 tcontext=u:r:hht_ota_mgr:s0 tclass=udp_socket permissive=0
06-07 15:50:54.006 0 0 W [ 1772.680066] audit: audit_lost=33457887 audit_rate_limit=5 audit_backlog_limit=64
06-07 15:50:54.006 0 0 E [ 1772.680067] audit: rate limit exceeded
06-07 15:50:54.998 0 0 I : [ 1773.673167] read descriptors
06-07 15:50:54.998 0 0 I : [ 1773.673359] read strings
06-07 15:50:55.006 0 0 W [ 1773.684054] audit: audit_lost=33713583 audit_rate_limit=5 audit_backlog_limit=64
06-07 15:50:55.006 0 0 E [ 1773.684055] audit: rate limit exceeded
06-07 15:50:54.999 2711 2711 I auditd : type=1400 audit(0.0:33715577): avc: denied { read } for comm="event_loop" lport=13400 scontext=u:r:hht_ota_mgr:s0 tcontext=u:r:hht_ota_mgr:s0 tclass=udp_socket permissive=0
06-07 15:50:55.003 2711 2711 I auditd : type=1400 audit(0.0:33715578): avc: denied { read } for comm="event_loop" lport=13400 scontext=u:r:hht_ota_mgr:s0 tcontext=u:r:hht_ota_mgr:s0 tclass=udp_socket permissive=0
06-07 15:50:55.003 2711 2711 I auditd : type=1400 audit(0.0:33715579): avc: denied { read } for comm="event_loop" lport=13400 scontext=u:r:hht_ota_mgr:s0 tcontext=u:r:hht_ota_mgr:s0 tclass=udp_socket permissive=0
06-07 15:50:55.003 2711 2711 I auditd : type=1400 audit(0.0:33715580): avc: denied { read } for comm="event_loop" lport=13400 scontext=u:r:hht_ota_mgr:s0 tcontext=u:r:hht_ota_mgr:s0 tclass=udp_socket permissive=0
06-07 15:50:55.003 2711 2711 I auditd : type=1400 audit(0.0:33715581): avc: denied { read } for comm="event_loop" lport=13400 scontext=u:r:hht_ota_mgr:s0 tcontext=u:r:hht_ota_mgr:s0 tclass=udp_socket permissive=0
06-07 15:50:55.740 1539 1675 D CompatibilityChangeReporter: Compat change id reported: 135634846; UID 10100; state: DISABLED
06-07 15:50:55.740 1539 1675 D CompatibilityChangeReporter: Compat change id reported: 177438394; UID 10100; state: DISABLED
06-07 15:50:55.740 1539 1675 D CompatibilityChangeReporter: Compat change id reported: 135772972; UID 10100; state: DISABLED
06-07 15:50:55.740 1539 1675 D CompatibilityChangeReporter: Compat change id reported: 135754954; UID 10100; state: DISABLED
06-07 15:50:55.741 1539 1676 D CompatibilityChangeReporter: Compat change id reported: 143937733; UID 10100; state: DISABLED
06-07 15:50:55.756 1539 1676 I am_proc_start: [0,9732,10100,com.kugou.android.support,service,{com.kugou.android/com.kugou.framework.service.ipc.peripheral.connect.SupportService}]
06-07 15:50:55.756 1539 1676 I ActivityManager: Start proc 9732:com.kugou.android.support/u0a100 for service {com.kugou.android/com.kugou.framework.service.ipc.peripheral.connect.SupportService}
06-07 15:50:55.782 0 0 I [ 1774.458607] binder: 9732:9732 ioctl 40046210 7ff2b03764 returned -22
06-07 15:50:55.786 1539 1774 I am_proc_bound: [0,9732,com.kugou.android.support]
06-07 15:50:55.812 2174 2174 I force_gc: mem
06-07 15:50:56.007 2711 2711 I auditd : type=1400 audit(0.0:33970063): avc: denied { read } for comm="event_loop" lport=13400 scontext=u:r:hht_ota_mgr:s0 tcontext=u:r:hht_ota_mgr:s0 tclass=udp_socket permissive=0
06-07 15:50:56.007 2711 2711 I auditd : type=1400 audit(0.0:33970064): avc: denied { read } for comm="event_loop" lport=13400 scontext=u:r:hht_ota_mgr:s0 tcontext=u:r:hht_ota_mgr:s0 tclass=udp_socket permissive=0
06-07 15:50:56.007 2711 2711 I auditd : type=1400 audit(0.0:33970065): avc: denied { read } for comm="event_loop" lport=13400 scontext=u:r:hht_ota_mgr:s0 tcontext=u:r:hht_ota_mgr:s0 tclass=udp_socket permissive=0
06-07 15:50:56.007 2711 2711 I auditd : type=1400 audit(0.0:33970066): avc: denied { read } for comm="event_loop" lport=13400 scontext=u:r:hht_ota_mgr:s0 tcontext=u:r:hht_ota_mgr:s0 tclass=udp_socket permissive=0
06-07 15:50:56.007 2711 2711 I auditd : type=1400 audit(0.0:33970067): avc: denied { read } for comm="event_loop" lport=13400 scontext=u:r:hht_ota_mgr:s0 tcontext=u:r:hht_ota_mgr:s0 tclass=udp_socket permissive=0
06-07 15:50:56.014 0 0 W [ 1774.688048] audit: audit_lost=33968064 audit_rate_limit=5 audit_backlog_limit=64
06-07 15:50:56.014 0 0 E [ 1774.688050] audit: rate limit exceeded
06-07 15:50:56.054 0 0 I : [ 1774.728573] read descriptors
06-07 15:50:56.054 0 0 I : [ 1774.728655] read strings
06-07 15:50:57.014 0 0 W [ 1775.692050] audit: audit_lost=34222072 audit_rate_limit=5 audit_backlog_limit=64
06-07 15:50:57.007 2711 2711 I auditd : type=1400 audit(0.0:34224076): avc: denied { read } for comm="event_loop" lport=13400 scontext=u:r:hht_ota_mgr:s0 tcontext=u:r:hht_ota_mgr:s0 tclass=udp_socket permissive=0
06-07 15:50:57.014 0 0 E [ 1775.692052] audit: rate limit exceeded
06-07 15:50:57.011 2711 2711 I auditd : type=1400 audit(0.0:34224077): avc: denied { read } for comm="event_loop" lport=13400 scontext=u:r:hht_ota_mgr:s0 tcontext=u:r:hht_ota_mgr:s0 tclass=udp_socket permissive=0
06-07 15:50:57.011 2711 2711 I auditd : type=1400 audit(0.0:34224078): avc: denied { read } for comm="event_loop" lport=13400 scontext=u:r:hht_ota_mgr:s0 tcontext=u:r:hht_ota_mgr:s0 tclass=udp_socket permissive=0
06-07 15:50:57.011 2711 2711 I auditd : type=1400 audit(0.0:34224079): avc: denied { read } for comm="event_loop" lport=13400 scontext=u:r:hht_ota_mgr:s0 tcontext=u:r:hht_ota_mgr:s0 tclass=udp_socket permissive=0
06-07 15:50:57.011 2711 2711 I auditd : type=1400 audit(0.0:34224080): avc: denied { read } for comm="event_loop" lport=13400 scontext=u:r:hht_ota_mgr:s0 tcontext=u:r:hht_ota_mgr:s0 tclass=udp_socket permissive=0
06-07 15:50:57.090 0 0 I : [ 1775.764443] read descriptors
06-07 15:50:57.090 0 0 I : [ 1775.764520] read strings
06-07 15:50:57.118 1539 1675 I am_uid_idle: 10028
06-07 15:50:57.420 1539 1774 E PackageDexUsage: Unsupported context?
06-07 15:50:57.674 0 0 I [ 1776.351872] init: processing action (sys.tlog.tlogdshc.active=1) from (/system/etc/init/tlogd.rc:195)
06-07 15:50:57.678 0 0 I [ 1776.352290] init: starting service 'tlogdshc'...
06-07 15:50:57.774 0 0 I [ 1776.448731] init: Service 'tlogdshc' (pid 9761) exited with status 0 oneshot service took 0.094000 seconds in background
06-07 15:50:57.774 0 0 I [ 1776.448752] init: Sending signal 9 to service 'tlogdshc' (pid 9761) process group...
06-07 15:50:57.774 0 0 I [ 1776.448884] libprocessgroup: Successfully killed process cgroup uid 0 pid 9761 in 0ms
06-07 15:50:58.011 2711 2711 I auditd : type=1400 audit(0.0:34478186): avc: denied { read } for comm="event_loop" lport=13400 scontext=u:r:hht_ota_mgr:s0 tcontext=u:r:hht_ota_mgr:s0 tclass=udp_socket permissive=0
06-07 15:50:58.015 2711 2711 I auditd : type=1400 audit(0.0:34478187): avc: denied { read } for comm="event_loop" lport=13400 scontext=u:r:hht_ota_mgr:s0 tcontext=u:r:hht_ota_mgr:s0 tclass=udp_socket permissive=0
06-07 15:50:58.015 2711 2711 I auditd : type=1400 audit(0.0:34478188): avc: denied { read } for comm="event_loop" lport=13400 scontext=u:r:hht_ota_mgr:s0 tcontext=u:r:hht_ota_mgr:s0 tclass=udp_socket permissive=0
06-07 15:50:58.015 2711 2711 I auditd : type=1400 audit(0.0:34478189): avc: denied { read } for comm="event_loop" lport=13400 scontext=u:r:hht_ota_mgr:s0 tcontext=u:r:hht_ota_mgr:s0 tclass=udp_socket permissive=0
06-07 15:50:58.015 2711 2711 I auditd : type=1400 audit(0.0:34478190): avc: denied { read } for comm="event_loop" lport=13400 scontext=u:r:hht_ota_mgr:s0 tcontext=u:r:hht_ota_mgr:s0 tclass=udp_socket permissive=0
06-07 15:50:58.022 0 0 W [ 1776.696060] audit: audit_lost=34476177 audit_rate_limit=5 audit_backlog_limit=64
06-07 15:50:58.022 0 0 E [ 1776.696061] audit: rate limit exceeded
06-07 15:50:58.118 0 0 I : [ 1776.788530] read descriptors
06-07 15:50:58.118 0 0 I : [ 1776.788604] read strings
06-07 15:50:58.165 1539 1658 W ActivityTaskManager: Launch timeout has expired, giving up wake lock!
06-07 15:50:58.662 1539 1844 I GameModeConfig: isGameModeOn = false
06-07 15:50:58.780 1539 1590 I ActivityManager: Process com.kugou.android.support (pid 9732) has died: fg SVC
06-07 15:50:58.781 1539 1590 I am_proc_died: [0,9732,com.kugou.android.support,0,10]
06-07 15:50:58.782 1539 1590 W ActivityManager: Scheduling restart of crashed service com.kugou.android/com.kugou.framework.service.ipc.peripheral.connect.SupportService in 19712ms for start-requested
06-07 15:50:58.782 1539 1590 I am_schedule_service_restart: [0,com.kugou.android/com.kugou.framework.service.ipc.peripheral.connect.SupportService,19712]
06-07 15:50:58.795 1539 1671 I am_pss : [7585,10095,com.ss.android.ugc.aweme:sandboxed_process1,65986560,30945280,99328,211857408,0,19,11]
06-07 15:50:58.824 1539 1671 I am_pss : [5475,10095,com.ss.android.ugc.aweme,362724352,286318592,64512,591519744,0,19,28]
06-07 15:50:58.839 1539 1671 I am_pss : [6796,10095,com.ss.android.ugc.aweme:push,116958208,47747072,97280,335101952,0,19,14]
06-07 15:50:58.854 1539 1671 I am_pss : [6768,10095,com.ss.android.ugc.aweme:pushservice,124230656,53317632,97280,346238976,0,19,14]
06-07 15:50:59.019 2711 2711 I auditd : type=1400 audit(0.0:34732586): avc: denied { read } for comm="event_loop" lport=13400 scontext=u:r:hht_ota_mgr:s0 tcontext=u:r:hht_ota_mgr:s0 tclass=udp_socket permissive=0
06-07 15:50:59.019 2711 2711 I auditd : type=1400 audit(0.0:34732587): avc: denied { read } for comm="event_loop" lport=13400 scontext=u:r:hht_ota_mgr:s0 tcontext=u:r:hht_ota_mgr:s0 tclass=udp_socket permissive=0
06-07 15:50:59.019 2711 2711 I auditd : type=1400 audit(0.0:34732588): avc: denied { read } for comm="event_loop" lport=13400 scontext=u:r:hht_ota_mgr:s0 tcontext=u:r:hht_ota_mgr:s0 tclass=udp_socket permissive=0
06-07 15:50:59.019 2711 2711 I auditd : type=1400 audit(0.0:34732589): avc: denied { read } for comm="event_loop" lport=13400 scontext=u:r:hht_ota_mgr:s0 tcontext=u:r:hht_ota_mgr:s0 tclass=udp_socket permissive=0
06-07 15:50:59.019 2711 2711 I auditd : type=1400 audit(0.0:34732590): avc: denied { read } for comm="event_loop" lport=13400 scontext=u:r:hht_ota_mgr:s0 tcontext=u:r:hht_ota_mgr:s0 tclass=udp_socket permissive=0
06-07 15:50:59.024 0 0 W [ 1777.700056] audit: audit_lost=34730572 audit_rate_limit=5 audit_backlog_limit=64
06-07 15:50:59.024 0 0 E [ 1777.700058] audit: rate limit exceeded
06-07 15:50:59.142 0 0 I : [ 1777.816859] read descriptors
06-07 15:50:59.142 0 0 I : [ 1777.817044] read strings
06-07 15:51:00.023 2711 2711 I auditd : type=1400 audit(0.0:34986337): avc: denied { read } for comm="event_loop" lport=13400 scontext=u:r:hht_ota_mgr:s0 tcontext=u:r:hht_ota_mgr:s0 tclass=udp_socket permissive=0
06-07 15:51:00.023 2711 2711 I auditd : type=1400 audit(0.0:34986338): avc: denied { read } for comm="event_loop" lport=13400 scontext=u:r:hht_ota_mgr:s0 tcontext=u:r:hht_ota_mgr:s0 tclass=udp_socket permissive=0
06-07 15:51:00.023 2711 2711 I auditd : type=1400 audit(0.0:34986339): avc: denied { read } for comm="event_loop" lport=13400 scontext=u:r:hht_ota_mgr:s0 tcontext=u:r:hht_ota_mgr:s0 tclass=udp_socket permissive=0
06-07 15:51:00.023 2711 2711 I auditd : type=1400 audit(0.0:34986340): avc: denied { read } for comm="event_loop" lport=13400 scontext=u:r:hht_ota_mgr:s0 tcontext=u:r:hht_ota_mgr:s0 tclass=udp_socket permissive=0
06-07 15:51:00.023 2711 2711 I auditd : type=1400 audit(0.0:34986341): avc: denied { read } for comm="event_loop" lport=13400 scontext=u:r:hht_ota_mgr:s0 tcontext=u:r:hht_ota_mgr:s0 tclass=udp_socket permissive=0
06-07 15:51:00.031 0 0 W [ 1778.704053] audit: audit_lost=34984318 audit_rate_limit=5 audit_backlog_limit=64
06-07 15:51:00.031 0 0 E [ 1778.704055] audit: rate limit exceeded
06-07 15:51:00.178 0 0 I : [ 1778.852770] read descriptors
06-07 15:51:00.178 0 0 I : [ 1778.852892] read strings
06-07 15:51:01.027 2711 2711 I auditd : type=1400 audit(0.0:35239478): avc: denied { read } for comm="event_loop" lport=13400 scontext=u:r:hht_ota_mgr:s0 tcontext=u:r:hht_ota_mgr:s0 tclass=udp_socket permissive=0
06-07 15:51:01.030 0 0 W [ 1779.708060] audit: audit_lost=35237454 audit_rate_limit=5 audit_backlog_limit=64
06-07 15:51:01.031 0 0 E [ 1779.708062] audit: rate limit exceeded
06-07 15:51:01.027 2711 2711 I auditd : type=1400 audit(0.0:35239479): avc: denied { read } for comm="event_loop" lport=13400 scontext=u:r:hht_ota_mgr:s0 tcontext=u:r:hht_ota_mgr:s0 tclass=udp_socket permissive=0
06-07 15:51:01.027 2711 2711 I auditd : type=1400 audit(0.0:35239480): avc: denied { read } for comm="event_loop" lport=13400 scontext=u:r:hht_ota_mgr:s0 tcontext=u:r:hht_ota_mgr:s0 tclass=udp_socket permissive=0
06-07 15:51:01.027 2711 2711 I auditd : type=1400 audit(0.0:35239481): avc: denied { read } for comm="event_loop" lport=13400 scontext=u:r:hht_ota_mgr:s0 tcontext=u:r:hht_ota_mgr:s0 tclass=udp_socket permissive=0
06-07 15:51:01.027 2711 2711 I auditd : type=1400 audit(0.0:35239482): avc: denied { read } for comm="event_loop" lport=13400 scontext=u:r:hht_ota_mgr:s0 tcontext=u:r:hht_ota_mgr:s0 tclass=udp_socket permissive=0
06-07 15:51:01.202 0 0 I : [ 1779.876936] read descriptors
06-07 15:51:01.202 0 0 I : [ 1779.877129] read strings
06-07 15:51:02.027 2711 2711 I auditd : type=1400 audit(0.0:35492904): avc: denied { read } for comm="event_loop" lport=13400 scontext=u:r:hht_ota_mgr:s0 tcontext=u:r:hht_ota_mgr:s0 tclass=udp_socket permissive=0
06-07 15:51:02.031 2711 2711 I auditd : type=1400 audit(0.0:35492905): avc: denied { read } for comm="event_loop" lport=13400 scontext=u:r:hht_ota_mgr:s0 tcontext=u:r:hht_ota_mgr:s0 tclass=udp_socket permissive=0
06-07 15:51:02.031 2711 2711 I auditd : type=1400 audit(0.0:35492906): avc: denied { read } for comm="event_loop" lport=13400 scontext=u:r:hht_ota_mgr:s0 tcontext=u:r:hht_ota_mgr:s0 tclass=udp_socket permissive=0
06-07 15:51:02.031 2711 2711 I auditd : type=1400 audit(0.0:35492907): avc: denied { read } for comm="event_loop" lport=13400 scontext=u:r:hht_ota_mgr:s0 tcontext=u:r:hht_ota_mgr:s0 tclass=udp_socket permissive=0
06-07 15:51:02.031 2711 2711 I auditd : type=1400 audit(0.0:35492908): avc: denied { read } for comm="event_loop" lport=13400 scontext=u:r:hht_ota_mgr:s0 tcontext=u:r:hht_ota_mgr:s0 tclass=udp_socket permissive=0
06-07 15:51:02.038 0 0 W [ 1780.712066] audit: audit_lost=35490875 audit_rate_limit=5 audit_backlog_limit=64
06-07 15:51:02.038 0 0 E [ 1780.712067] audit: rate limit exceeded
06-07 15:51:02.254 0 0 I : [ 1780.928991] read descriptors
06-07 15:51:02.254 0 0 I : [ 1780.929179] read strings
06-07 15:51:03.038 0 0 W [ 1781.716055] audit: audit_lost=35745490 audit_rate_limit=5 audit_backlog_limit=64
06-07 15:51:03.038 0 0 E [ 1781.716057] audit: rate limit exceeded
06-07 15:51:03.031 2711 2711 I auditd : type=1400 audit(0.0:35747524): avc: denied { read } for comm="event_loop" lport=13400 scontext=u:r:hht_ota_mgr:s0 tcontext=u:r:hht_ota_mgr:s0 tclass=udp_socket permissive=0
06-07 15:51:03.035 2711 2711 I auditd : type=1400 audit(0.0:35747525): avc: denied { read } for comm="event_loop" lport=13400 scontext=u:r:hht_ota_mgr:s0 tcontext=u:r:hht_ota_mgr:s0 tclass=udp_socket permissive=0
06-07 15:51:03.035 2711 2711 I auditd : type=1400 audit(0.0:35747526): avc: denied { read } for comm="event_loop" lport=13400 scontext=u:r:hht_ota_mgr:s0 tcontext=u:r:hht_ota_mgr:s0 tclass=udp_socket permissive=0
06-07 15:51:03.035 2711 2711 I auditd : type=1400 audit(0.0:35747527): avc: denied { read } for comm="event_loop" lport=13400 scontext=u:r:hht_ota_mgr:s0 tcontext=u:r:hht_ota_mgr:s0 tclass=udp_socket permissive=0
06-07 15:51:03.035 2711 2711 I auditd : type=1400 audit(0.0:35747528): avc: denied { read } for comm="event_loop" lport=13400 scontext=u:r:hht_ota_mgr:s0 tcontext=u:r:hht_ota_mgr:s0 tclass=udp_socket permissive=0
06-07 15:51:03.290 0 0 I : [ 1781.964942] read descriptors
06-07 15:51:03.290 0 0 I : [ 1781.965141] read strings
06-07 15:51:04.042 0 0 W [ 1782.720052] audit: audit_lost=35999345 audit_rate_limit=5 audit_backlog_limit=64
06-07 15:51:04.039 2711 2711 I auditd : type=1400 audit(0.0:36001384): avc: denied { read } for comm="event_loop" lport=13400 scontext=u:r:hht_ota_mgr:s0 tcontext=u:r:hht_ota_mgr:s0 tclass=udp_socket permissive=0
06-07 15:51:04.043 0 0 E [ 1782.720053] audit: rate limit exceeded
06-07 15:51:04.039 2711 2711 I auditd : type=1400 audit(0.0:36001385): avc: denied { read } for comm="event_loop" lport=13400 scontext=u:r:hht_ota_mgr:s0 tcontext=u:r:hht_ota_mgr:s0 tclass=udp_socket permissive=0
06-07 15:51:04.039 2711 2711 I auditd : type=1400 audit(0.0:36001386): avc: denied { read } for comm="event_loop" lport=13400 scontext=u:r:hht_ota_mgr:s0 tcontext=u:r:hht_ota_mgr:s0 tclass=udp_socket permissive=0
06-07 15:51:04.039 2711 2711 I auditd : type=1400 audit(0.0:36001387): avc: denied { read } for comm="event_loop" lport=13400 scontext=u:r:hht_ota_mgr:s0 tcontext=u:r:hht_ota_mgr:s0 tclass=udp_socket permissive=0
06-07 15:51:04.039 2711 2711 I auditd : type=1400 audit(0.0:36001388): avc: denied { read } for comm="event_loop" lport=13400 scontext=u:r:hht_ota_mgr:s0 tcontext=u:r:hht_ota_mgr:s0 tclass=udp_socket permissive=0
06-07 15:51:04.326 0 0 I : [ 1783.000973] read descriptors
06-07 15:51:04.326 0 0 I : [ 1783.001161] read strings
06-07 15:51:05.008 2213 2213 I force_gc: mem
06-07 15:51:05.043 2711 2711 I auditd : type=1400 audit(0.0:36255814): avc: denied { read } for comm="event_loop" lport=13400 scontext=u:r:hht_ota_mgr:s0 tcontext=u:r:hht_ota_mgr:s0 tclass=udp_socket permissive=0
06-07 15:51:05.043 2711 2711 I auditd : type=1400 audit(0.0:36255815): avc: denied { read } for comm="event_loop" lport=13400 scontext=u:r:hht_ota_mgr:s0 tcontext=u:r:hht_ota_mgr:s0 tclass=udp_socket permissive=0
06-07 15:51:05.043 2711 2711 I auditd : type=1400 audit(0.0:36255816): avc: denied { read } for comm="event_loop" lport=13400 scontext=u:r:hht_ota_mgr:s0 tcontext=u:r:hht_ota_mgr:s0 tclass=udp_socket permissive=0
06-07 15:51:05.043 2711 2711 I auditd : type=1400 audit(0.0:36255817): avc: denied { read } for comm="event_loop" lport=13400 scontext=u:r:hht_ota_mgr:s0 tcontext=u:r:hht_ota_mgr:s0 tclass=udp_socket permissive=0
06-07 15:51:05.043 2711 2711 I auditd : type=1400 audit(0.0:36255818): avc: denied { read } for comm="event_loop" lport=13400 scontext=u:r:hht_ota_mgr:s0 tcontext=u:r:hht_ota_mgr:s0 tclass=udp_socket permissive=0
06-07 15:51:05.050 0 0 W [ 1783.724056] audit: audit_lost=36253770 audit_rate_limit=5 audit_backlog_limit=64
06-07 15:51:05.050 0 0 E [ 1783.724058] audit: rate limit exceeded
06-07 15:51:05.360 0 0 I : [ 1784.032768] read descriptors
06-07 15:51:05.360 0 0 I : [ 1784.032940] read strings
06-07 15:51:06.047 2711 2711 I auditd : type=1400 audit(0.0:36510109): avc: denied { read } for comm="event_loop" lport=13400 scontext=u:r:hht_ota_mgr:s0 tcontext=u:r:hht_ota_mgr:s0 tclass=udp_socket permissive=0
06-07 15:51:06.050 0 0 W [ 1784.728073] audit: audit_lost=36508060 audit_rate_limit=5 audit_backlog_limit=64
06-07 15:51:06.050 0 0 E [ 1784.728074] audit: rate limit exceeded
06-07 15:51:06.047 2711 2711 I auditd : type=1400 audit(0.0:36510110): avc: denied { read } for comm="event_loop" lport=13400 scontext=u:r:hht_ota_mgr:s0 tcontext=u:r:hht_ota_mgr:s0 tclass=udp_socket permissive=0
06-07 15:51:06.047 2711 2711 I auditd : type=1400 audit(0.0:36510111): avc: denied { read } for comm="event_loop" lport=13400 scontext=u:r:hht_ota_mgr:s0 tcontext=u:r:hht_ota_mgr:s0 tclass=udp_socket permissive=0
06-07 15:51:06.047 2711 2711 I auditd : type=1400 audit(0.0:36510112): avc: denied { read } for comm="event_loop" lport=13400 scontext=u:r:hht_ota_mgr:s0 tcontext=u:r:hht_ota_mgr:s0 tclass=udp_socket permissive=0
06-07 15:51:06.047 2711 2711 I auditd : type=1400 audit(0.0:36510113): avc: denied { read } for comm="event_loop" lport=13400 scontext=u:r:hht_ota_mgr:s0 tcontext=u:r:hht_ota_mgr:s0 tclass=udp_socket permissive=0
06-07 15:51:06.378 0 0 I : [ 1785.052717] read descriptors
06-07 15:51:06.378 0 0 I : [ 1785.052905] read strings
06-07 15:51:07.051 2711 2711 I auditd : type=1400 audit(0.0:36763941): avc: denied { read } for comm="event_loop" lport=13400 scontext=u:r:hht_ota_mgr:s0 tcontext=u:r:hht_ota_mgr:s0 tclass=udp_socket permissive=0
06-07 15:51:07.051 2711 2711 I auditd : type=1400 audit(0.0:36763942): avc: denied { read } for comm="event_loop" lport=13400 scontext=u:r:hht_ota_mgr:s0 tcontext=u:r:hht_ota_mgr:s0 tclass=udp_socket permissive=0
06-07 15:51:07.051 2711 2711 I auditd : type=1400 audit(0.0:36763943): avc: denied { read } for comm="event_loop" lport=13400 scontext=u:r:hht_ota_mgr:s0 tcontext=u:r:hht_ota_mgr:s0 tclass=udp_socket permissive=0
06-07 15:51:07.051 2711 2711 I auditd : type=1400 audit(0.0:36763944): avc: denied { read } for comm="event_loop" lport=13400 scontext=u:r:hht_ota_mgr:s0 tcontext=u:r:hht_ota_mgr:s0 tclass=udp_socket permissive=0
06-07 15:51:07.051 2711 2711 I auditd : type=1400 audit(0.0:36763945): avc: denied { read } for comm="event_loop" lport=13400 scontext=u:r:hht_ota_mgr:s0 tcontext=u:r:hht_ota_mgr:s0 tclass=udp_socket permissive=0
06-07 15:51:07.058 0 0 W [ 1785.732054] audit: audit_lost=36761887 audit_rate_limit=5 audit_backlog_limit=64
06-07 15:51:07.058 0 0 E [ 1785.732056] audit: rate limit exceeded
06-07 15:51:07.398 0 0 I : [ 1786.072732] read descriptors
06-07 15:51:07.398 0 0 I : [ 1786.072929] read strings
06-07 15:51:08.051 2711 2711 I auditd : type=1400 audit(0.0:37017584): avc: denied { read } for comm="event_loop" lport=13400 scontext=u:r:hht_ota_mgr:s0 tcontext=u:r:hht_ota_mgr:s0 tclass=udp_socket permissive=0
06-07 15:51:08.055 2711 2711 I auditd : type=1400 audit(0.0:37017585): avc: denied { read } for comm="event_loop" lport=13400 scontext=u:r:hht_ota_mgr:s0 tcontext=u:r:hht_ota_mgr:s0 tclass=udp_socket permissive=0
06-07 15:51:08.059 0 0 W [ 1786.736053] audit: audit_lost=37015525 audit_rate_limit=5 audit_backlog_limit=64
06-07 15:51:08.059 0 0 E [ 1786.736053] audit: rate limit exceeded
06-07 15:51:08.055 2711 2711 I auditd : type=1400 audit(0.0:37017586): avc: denied { read } for comm="event_loop" lport=13400 scontext=u:r:hht_ota_mgr:s0 tcontext=u:r:hht_ota_mgr:s0 tclass=udp_socket permissive=0
06-07 15:51:08.055 2711 2711 I auditd : type=1400 audit(0.0:37017587): avc: denied { read } for comm="event_loop" lport=13400 scontext=u:r:hht_ota_mgr:s0 tcontext=u:r:hht_ota_mgr:s0 tclass=udp_socket permissive=0
06-07 15:51:08.055 2711 2711 I auditd : type=1400 audit(0.0:37017588): avc: denied { read } for comm="event_loop" lport=13400 scontext=u:r:hht_ota_mgr:s0 tcontext=u:r:hht_ota_mgr:s0 tclass=udp_socket permissive=0
06-07 15:51:08.431 0 0 I : [ 1787.100643] read descriptors
06-07 15:51:08.431 0 0 I : [ 1787.100828] read strings
06-07 15:51:09.055 2711 2711 I auditd : type=1400 audit(0.0:37271232): avc: denied { read } for comm="event_loop" lport=13400 scontext=u:r:hht_ota_mgr:s0 tcontext=u:r:hht_ota_mgr:s0 tclass=udp_socket permissive=0
06-07 15:51:09.062 0 0 W [ 1787.740053] audit: audit_lost=37269168 audit_rate_limit=5 audit_backlog_limit=64
06-07 15:51:09.062 0 0 E [ 1787.740054] audit: rate limit exceeded
06-07 15:51:09.059 2711 2711 I auditd : type=1400 audit(0.0:37271233): avc: denied { read } for comm="event_loop" lport=13400 scontext=u:r:hht_ota_mgr:s0 tcontext=u:r:hht_ota_mgr:s0 tclass=udp_socket permissive=0
06-07 15:51:09.059 2711 2711 I auditd : type=1400 audit(0.0:37271234): avc: denied { read } for comm="event_loop" lport=13400 scontext=u:r:hht_ota_mgr:s0 tcontext=u:r:hht_ota_mgr:s0 tclass=udp_socket permissive=0
06-07 15:51:09.059 2711 2711 I auditd : type=1400 audit(0.0:37271235): avc: denied { read } for comm="event_loop" lport=13400 scontext=u:r:hht_ota_mgr:s0 tcontext=u:r:hht_ota_mgr:s0 tclass=udp_socket permissive=0
06-07 15:51:09.059 2711 2711 I auditd : type=1400 audit(0.0:37271236): avc: denied { read } for comm="event_loop" lport=13400 scontext=u:r:hht_ota_mgr:s0 tcontext=u:r:hht_ota_mgr:s0 tclass=udp_socket permissive=0
06-07 15:51:09.478 0 0 I : [ 1788.152886] read descriptors
06-07 15:51:09.478 0 0 I : [ 1788.152996] read strings
06-07 15:51:10.010 2255 2255 I force_gc: mem
06-07 15:51:10.066 0 0 W [ 1788.744069] audit: audit_lost=37522950 audit_rate_limit=5 audit_backlog_limit=64
06-07 15:51:10.066 0 0 E [ 1788.744071] audit: rate limit exceeded
06-07 15:51:10.063 2711 2711 I auditd : type=1400 audit(0.0:37525019): avc: denied { read } for comm="event_loop" lport=13400 scontext=u:r:hht_ota_mgr:s0 tcontext=u:r:hht_ota_mgr:s0 tclass=udp_socket permissive=0
06-07 15:51:10.063 2711 2711 I auditd : type=1400 audit(0.0:37525020): avc: denied { read } for comm="event_loop" lport=13400 scontext=u:r:hht_ota_mgr:s0 tcontext=u:r:hht_ota_mgr:s0 tclass=udp_socket permissive=0
06-07 15:51:10.063 2711 2711 I auditd : type=1400 audit(0.0:37525021): avc: denied { read } for comm="event_loop" lport=13400 scontext=u:r:hht_ota_mgr:s0 tcontext=u:r:hht_ota_mgr:s0 tclass=udp_socket permissive=0
06-07 15:51:10.063 2711 2711 I auditd : type=1400 audit(0.0:37525022): avc: denied { read } for comm="event_loop" lport=13400 scontext=u:r:hht_ota_mgr:s0 tcontext=u:r:hht_ota_mgr:s0 tclass=udp_socket permissive=0
06-07 15:51:10.063 2711 2711 I auditd : type=1400 audit(0.0:37525023): avc: denied { read } for comm="event_loop" lport=13400 scontext=u:r:hht_ota_mgr:s0 tcontext=u:r:hht_ota_mgr:s0 tclass=udp_socket permissive=0
06-07 15:51:10.502 0 0 I : [ 1789.177355] read descriptors
06-07 15:51:10.502 0 0 I : [ 1789.177543] read strings
06-07 15:51:10.510 1539 1811 I input_interaction: Interaction with: a4dbaed com.android.launcher3/com.android.launcher3.uioverrides.QuickstepLauncher (server), dea3df3 com.android.systemui.ImageWallpaper (server), edge-swipe (server), swipe-up (server), PointerEventDispatcher0 (server),
06-07 15:51:10.610 1539 1774 I thunderperf: PlatormCompat.setOverrides: Uid1=10077 Pid1=2594 Uid2=10077 Pid2=2594
06-07 15:51:10.610 1539 1774 I thunderperf: PlatormCompat.setOverrides: needCheck:false
06-07 15:51:10.610 1539 1774 I thunderperf: CompatConfig.addOverrideUnsafe: bef-state=1
06-07 15:51:10.611 1539 1774 E thunderperf: CompatConfig.addOverrideUnsafe: exception:java.lang.SecurityException: Cannot override a change on a non-debuggable app and user build.
06-07 15:51:10.611 1539 1774 I thunderperf: CompatConfig.addOverrideUnsafe: aft-state=1
06-07 15:51:10.612 1539 1774 I thunderperf: CompatConfig.addOverrideUnsafe: bef-state=1
06-07 15:51:10.612 1539 1774 E thunderperf: CompatConfig.addOverrideUnsafe: exception:java.lang.SecurityException: Cannot override a change on a non-debuggable app and user build.
06-07 15:51:10.612 1539 1774 I thunderperf: CompatConfig.addOverrideUnsafe: aft-state=1
06-07 15:51:10.613 1539 1774 I thunderperf: CompatConfig.addOverrideUnsafe: bef-state=1
06-07 15:51:10.613 1539 1774 E thunderperf: CompatConfig.addOverrideUnsafe: exception:java.lang.SecurityException: Cannot override a change on a non-debuggable app and user build.
06-07 15:51:10.613 1539 1774 I thunderperf: CompatConfig.addOverrideUnsafe: aft-state=1
06-07 15:51:10.614 1539 1774 I thunderperf: CompatConfig.addOverrideUnsafe: bef-state=1
06-07 15:51:10.614 1539 1774 E thunderperf: CompatConfig.addOverrideUnsafe: exception:java.lang.SecurityException: Cannot override a change on a non-debuggable app and user build.
06-07 15:51:10.614 1539 1774 I thunderperf: CompatConfig.addOverrideUnsafe: aft-state=1
06-07 15:51:10.615 1539 1774 I thunderperf: CompatConfig.addOverrideUnsafe: bef-state=1
06-07 15:51:10.615 1539 1774 E thunderperf: CompatConfig.addOverrideUnsafe: exception:java.lang.SecurityException: Cannot override a change on a non-debuggable app and user build.
06-07 15:51:10.615 1539 1774 I thunderperf: CompatConfig.addOverrideUnsafe: aft-state=1
06-07 15:51:10.615 1539 1774 I thunderperf: CompatConfig.addOverrideUnsafe: bef-state=1
06-07 15:51:10.615 1539 1774 E thunderperf: CompatConfig.addOverrideUnsafe: exception:java.lang.SecurityException: Cannot override a change on a non-debuggable app and user build.
06-07 15:51:10.615 1539 1774 I thunderperf: CompatConfig.addOverrideUnsafe: aft-state=1
06-07 15:51:10.616 1539 1774 I thunderperf: CompatConfig.addOverrideUnsafe: bef-state=1
06-07 15:51:10.616 1539 1774 E thunderperf: CompatConfig.addOverrideUnsafe: exception:java.lang.SecurityException: Cannot override a change on a non-debuggable app and user build.
06-07 15:51:10.616 1539 1774 I thunderperf: CompatConfig.addOverrideUnsafe: aft-state=1
06-07 15:51:10.617 1539 1774 I thunderperf: CompatConfig.addOverrideUnsafe: bef-state=1
06-07 15:51:10.617 1539 1774 E thunderperf: CompatConfig.addOverrideUnsafe: exception:java.lang.SecurityException: Cannot override a change on a non-debuggable app and user build.
06-07 15:51:10.617 1539 1774 I thunderperf: CompatConfig.addOverrideUnsafe: aft-state=1
06-07 15:51:10.618 1539 1774 I thunderperf: CompatConfig.addOverrideUnsafe: bef-state=1
06-07 15:51:10.618 1539 1774 E thunderperf: CompatConfig.addOverrideUnsafe: exception:java.lang.SecurityException: Cannot override a change on a non-debuggable app and user build.
06-07 15:51:10.618 1539 1774 I thunderperf: CompatConfig.addOverrideUnsafe: aft-state=1
06-07 15:51:10.618 1539 1774 I thunderperf: CompatConfig.addOverrideUnsafe: bef-state=1
06-07 15:51:10.619 1539 1774 E thunderperf: CompatConfig.addOverrideUnsafe: exception:java.lang.SecurityException: Cannot override a change on a non-debuggable app and user build.
06-07 15:51:10.619 1539 1774 I thunderperf: CompatConfig.addOverrideUnsafe: aft-state=1
06-07 15:51:10.619 1539 1774 I thunderperf: CompatConfig.addOverrideUnsafe: bef-state=1
06-07 15:51:10.619 1539 1774 E thunderperf: CompatConfig.addOverrideUnsafe: exception:java.lang.SecurityException: Cannot override a change on a non-debuggable app and user build.
06-07 15:51:10.619 1539 1774 I thunderperf: CompatConfig.addOverrideUnsafe: aft-state=1
06-07 15:51:10.620 1539 1774 I thunderperf: CompatConfig.addOverrideUnsafe: bef-state=1
06-07 15:51:10.620 1539 1774 E thunderperf: CompatConfig.addOverrideUnsafe: exception:java.lang.SecurityException: Cannot override a change on a non-debuggable app and user build.
06-07 15:51:10.620 1539 1774 I thunderperf: CompatConfig.addOverrideUnsafe: aft-state=1
06-07 15:51:10.620 1539 1774 I thunderperf: CompatConfig.addOverrideUnsafe: bef-state=1
06-07 15:51:10.621 1539 1774 E thunderperf: CompatConfig.addOverrideUnsafe: exception:java.lang.SecurityException: Cannot override a change on a non-debuggable app and user build.
06-07 15:51:10.621 1539 1774 I thunderperf: CompatConfig.addOverrideUnsafe: aft-state=1
06-07 15:51:10.621 1539 1774 I thunderperf: CompatConfig.addOverrideUnsafe: bef-state=1
06-07 15:51:10.621 1539 1774 E thunderperf: CompatConfig.addOverrideUnsafe: exception:java.lang.SecurityException: Cannot override a change on a non-debuggable app and user build.
06-07 15:51:10.621 1539 1774 I thunderperf: CompatConfig.addOverrideUnsafe: aft-state=1
06-07 15:51:10.626 1539 1774 I ActivityTaskManager: START u0 {act=android.intent.action.MAIN cat=[android.intent.category.LAUNCHER] flg=0x10200000 cmp=com.android.music/.MusicBrowserActivity bnds=[2306,340][2508,540]} from uid 10077
06-07 15:51:10.629 1539 1774 D ActivityTaskManager: TaskLaunchParamsModifier:task=null activity=ActivityRecord{9f58fde u0 com.android.music/.MusicBrowserActivity taskAffinity=10082:android.task.music display-area-from-source=DefaultTaskDisplayArea@11319769 display-id=0 display-windowing-mode=1 suggested-display-area=DefaultTaskDisplayArea@11319769
06-07 15:51:10.632 1539 1774 D ActivityTaskManager: TaskLaunchParamsModifier:task=null activity=ActivityRecord{9f58fde u0 com.android.music/.MusicBrowserActivity taskAffinity=10082:android.task.music t-1} display-area-from-source=DefaultTaskDisplayArea@11319769 display-id=0 display-windowing-mode=1 suggested-display-area=DefaultTaskDisplayArea@11319769 inherit-from-source=fullscreen activity-options-fullscreen=Rect(0, 0 - 0, 0) non-freeform-display display-area=DefaultTaskDisplayArea@11319769
06-07 15:51:10.632 1539 1774 I wm_task_created: [130,-1]
06-07 15:51:10.632 1539 1774 W ActivityTaskManager: Can't find TaskDisplayArea to determine support for multi window. Task id=130 attached=false
06-07 15:51:10.633 1539 1774 D ActivityTaskManager: TaskLaunchParamsModifier:task=Task{31815bf #130 type=standard A=10082:android.task.music U=0 visible=false mode=fullscreen translucent=true sz=0 visible freeform task=true rootAffinity=10082:android.task.music isMini=false} activity=ActivityRecord{9f58fde u0 com.android.music/.MusicBrowserActivity taskAffinity=10082:android.task.music t-1} display-area-from-source=DefaultTaskDisplayArea@11319769 display-id=0 display-windowing-mode=1 suggested-display-area=DefaultTaskDisplayArea@11319769 inherit-from-source=fullscreen activity-options-fullscreen=Rect(0, 0 - 0, 0) non-freeform-display display-area=DefaultTaskDisplayArea@11319769
06-07 15:51:10.634 1539 1774 D CompatibilityChangeReporter: Compat change id reported: 174042980; UID 10082; state: DISABLED
06-07 15:51:10.634 1539 1774 D CompatibilityChangeReporter: Compat change id reported: 184838306; UID 10082; state: DISABLED
06-07 15:51:10.635 1539 1774 D CompatibilityChangeReporter: Compat change id reported: 185004937; UID 10082; state: DISABLED
06-07 15:51:10.635 1539 1774 D CompatibilityChangeReporter: Compat change id reported: 181136395; UID 10082; state: DISABLED
06-07 15:51:10.635 1539 1774 D CompatibilityChangeReporter: Compat change id reported: 174042936; UID 10082; state: DISABLED
06-07 15:51:10.635 1539 1774 I wm_task_moved: [130,1,10]
06-07 15:51:10.635 1539 1774 I wm_task_to_front: [0,130]
06-07 15:51:10.636 1539 1774 I wm_create_task: [0,130]
06-07 15:51:10.636 1539 1774 I wm_create_activity: [0,167088094,130,com.android.music/.MusicBrowserActivity,android.intent.action.MAIN,NULL,NULL,270532608]
06-07 15:51:10.636 1539 1774 I wm_task_moved: [130,1,10]
06-07 15:51:10.636 1539 1774 D CompatibilityChangeReporter: Compat change id reported: 168419799; UID 10082; state: DISABLED
06-07 15:51:10.637 1539 1774 I wm_pause_activity: [0,106440759,com.android.launcher3/.uioverrides.QuickstepLauncher,userLeaving=true,pauseBackTasks]
06-07 15:51:10.640 2594 2594 I wm_on_top_resumed_lost_called: [106440759,com.android.launcher3.uioverrides.QuickstepLauncher,topStateChangedWhenResumed]
06-07 15:51:10.641 2594 2594 I wm_on_paused_called: [106440759,com.android.launcher3.uioverrides.QuickstepLauncher,performPause]
06-07 15:51:10.642 1539 1590 I ActivityTaskManager: FOREGROUND_APPLICATION_CHANGED to com.android.music.MusicBrowserActivity
06-07 15:51:10.643 1539 1590 I ActivityTaskManager: The Process com.android.music Already Exists in BG. So sending its PID: 5470
06-07 15:51:10.643 1539 1590 I wm_add_to_stopping: [0,106440759,com.android.launcher3/.uioverrides.QuickstepLauncher,makeInvisible]
06-07 15:51:10.643 1539 1590 I wm_restart_activity: [0,167088094,130,com.android.music/.MusicBrowserActivity]
06-07 15:51:10.644 1539 1590 I wm_set_resumed_activity: [0,com.android.music/.MusicBrowserActivity,minimalResumeActivityLocked]
06-07 15:51:10.647 1539 1658 I am_uid_active: 10082
06-07 15:51:10.647 1539 1658 I sysui_multi_action: [757,803,799,window_time_0,802,22]
06-07 15:51:10.670 1539 1811 I input_focus: [Focus leaving a4dbaed com.android.launcher3/com.android.launcher3.uioverrides.QuickstepLauncher (server),reason=NO_WINDOW]
06-07 15:51:10.746 1539 1590 D ActivityTaskManager: Skipping, freeform mode : Task{2f7168b #129 type=standard A=10100:android.task.kugou U=0 visible=false mode=freeform translucent=true sz=0 visible freeform task=true rootAffinity=10100:android.task.kugou isMini=false}
06-07 15:51:10.746 1539 1590 D ActivityTaskManager: Skipping, freeform mode : Task{bad5382 #123 type=standard A=10095:com.ss.android.ugc.aweme U=0 visible=false mode=freeform translucent=true sz=0 visible freeform task=true rootAffinity=10095:com.ss.android.ugc.aweme isMini=false}
06-07 15:51:11.070 0 0 W [ 1789.748024] audit: audit_lost=37776255 audit_rate_limit=5 audit_backlog_limit=64
06-07 15:51:11.070 0 0 E [ 1789.748025] audit: rate limit exceeded
06-07 15:51:11.067 2711 2711 I auditd : type=1400 audit(0.0:37778330): avc: denied { read } for comm="event_loop" lport=13400 scontext=u:r:hht_ota_mgr:s0 tcontext=u:r:hht_ota_mgr:s0 tclass=udp_socket permissive=0
06-07 15:51:11.067 2711 2711 I auditd : type=1400 audit(0.0:37778331): avc: denied { read } for comm="event_loop" lport=13400 scontext=u:r:hht_ota_mgr:s0 tcontext=u:r:hht_ota_mgr:s0 tclass=udp_socket permissive=0
06-07 15:51:11.067 2711 2711 I auditd : type=1400 audit(0.0:37778332): avc: denied { read } for comm="event_loop" lport=13400 scontext=u:r:hht_ota_mgr:s0 tcontext=u:r:hht_ota_mgr:s0 tclass=udp_socket permissive=0
06-07 15:51:11.067 2711 2711 I auditd : type=1400 audit(0.0:37778333): avc: denied { read } for comm="event_loop" lport=13400 scontext=u:r:hht_ota_mgr:s0 tcontext=u:r:hht_ota_mgr:s0 tclass=udp_socket permissive=0
06-07 15:51:11.067 2711 2711 I auditd : type=1400 audit(0.0:37778334): avc: denied { read } for comm="event_loop" lport=13400 scontext=u:r:hht_ota_mgr:s0 tcontext=u:r:hht_ota_mgr:s0 tclass=udp_socket permissive=0
06-07 15:51:11.526 0 0 I : [ 1790.200278] read descriptors
06-07 15:51:11.526 0 0 I : [ 1790.200302] read strings
06-07 15:51:12.074 0 0 W [ 1790.752054] audit: audit_lost=38030522 audit_rate_limit=5 audit_backlog_limit=64
06-07 15:51:12.074 0 0 E [ 1790.752056] audit: rate limit exceeded
06-07 15:51:12.071 2711 2711 I auditd : type=1400 audit(0.0:38032601): avc: denied { read } for comm="event_loop" lport=13400 scontext=u:r:hht_ota_mgr:s0 tcontext=u:r:hht_ota_mgr:s0 tclass=udp_socket permissive=0
06-07 15:51:12.071 2711 2711 I auditd : type=1400 audit(0.0:38032602): avc: denied { read } for comm="event_loop" lport=13400 scontext=u:r:hht_ota_mgr:s0 tcontext=u:r:hht_ota_mgr:s0 tclass=udp_socket permissive=0
06-07 15:51:12.071 2711 2711 I auditd : type=1400 audit(0.0:38032603): avc: denied { read } for comm="event_loop" lport=13400 scontext=u:r:hht_ota_mgr:s0 tcontext=u:r:hht_ota_mgr:s0 tclass=udp_socket permissive=0
06-07 15:51:12.071 2711 2711 I auditd : type=1400 audit(0.0:38032604): avc: denied { read } for comm="event_loop" lport=13400 scontext=u:r:hht_ota_mgr:s0 tcontext=u:r:hht_ota_mgr:s0 tclass=udp_socket permissive=0
06-07 15:51:12.071 2711 2711 I auditd : type=1400 audit(0.0:38032605): avc: denied { read } for comm="event_loop" lport=13400 scontext=u:r:hht_ota_mgr:s0 tcontext=u:r:hht_ota_mgr:s0 tclass=udp_socket permissive=0
06-07 15:51:12.264 1539 1675 I am_uid_idle: 10099
06-07 15:51:12.264 1539 1675 I am_stop_idle_service: [10099,com.qiyi.video/org.qiyi.pluginlibrary.pm.PluginPackageManagerService]
06-07 15:51:12.264 1539 1675 W ActivityManager: Stopping service due to app idle: u0a99 -3m20s573ms com.qiyi.video/org.qiyi.pluginlibrary.pm.PluginPackageManagerService
06-07 15:51:12.264 1539 1675 I am_stop_idle_service: [10099,com.qiyi.video/org.qiyi.pluginlibrary.component.ServiceProxy1]
06-07 15:51:12.264 1539 1675 W ActivityManager: Stopping service due to app idle: u0a99 -2m29s66ms com.qiyi.video/org.qiyi.pluginlibrary.component.ServiceProxy1
06-07 15:51:12.264 1539 1675 I am_stop_idle_service: [10099,com.qiyi.video/com.ss.android.socialbase.downloader.notification.DownloadNotificationService]
06-07 15:51:12.264 1539 1675 W ActivityManager: Stopping service due to app idle: u0a99 -2m27s824ms com.qiyi.video/com.ss.android.socialbase.downloader.notification.DownloadNotificationService
06-07 15:51:12.264 1539 1675 I am_stop_idle_service: [10099,com.qiyi.video/com.iqiyi.video.download.filedownload.QiyiDownloadCoreService]
06-07 15:51:12.264 1539 1675 W ActivityManager: Stopping service due to app idle: u0a99 -2m29s230ms com.qiyi.video/com.iqiyi.video.download.filedownload.QiyiDownloadCoreService
06-07 15:51:12.264 1539 1675 I am_stop_idle_service: [10099,com.qiyi.video/com.iqiyi.video.download.QiyiDownloadCenterService]
06-07 15:51:12.264 1539 1675 W ActivityManager: Stopping service due to app idle: u0a99 -2m27s720ms com.qiyi.video/com.iqiyi.video.download.QiyiDownloadCenterService
06-07 15:51:12.264 1539 1675 I am_stop_idle_service: [10099,com.qiyi.video/org.qiyi.video.module.icommunication.ipc.HostService]
06-07 15:51:12.264 1539 1675 W ActivityManager: Stopping service due to app idle: u0a99 -2m29s587ms com.qiyi.video/org.qiyi.video.module.icommunication.ipc.HostService
06-07 15:51:12.264 1539 1675 I am_stop_idle_service: [10099,com.qiyi.video/org.qiyi.video.nativelib.pm.LibraryManagerService]
06-07 15:51:12.264 1539 1675 W ActivityManager: Stopping service due to app idle: u0a99 -2m29s518ms com.qiyi.video/org.qiyi.video.nativelib.pm.LibraryManagerService
06-07 15:51:12.264 1539 1675 I am_stop_idle_service: [10099,com.qiyi.video/org.qiyi.android.plugin.ipc.IPCService1]
06-07 15:51:12.264 1539 1675 W ActivityManager: Stopping service due to app idle: u0a99 -2m29s867ms com.qiyi.video/org.qiyi.android.plugin.ipc.IPCService1
06-07 15:51:12.264 1539 1675 I am_stop_idle_service: [10099,com.qiyi.video/org.qiyi.android.plugin.ipc.IPCService0]
06-07 15:51:12.264 1539 1675 W ActivityManager: Stopping service due to app idle: u0a99 -2m29s981ms com.qiyi.video/org.qiyi.android.plugin.ipc.IPCService0
