06-07 15:50:34.347 1539 1675 V ActivityManager: Attempted to start a foreground service (com.kugou.android/com.kugou.framework.service.ipc.peripheral.connect.EmptyService) with a broken notification (no icon: Notification(channel=kg_normal shortcut=null contentView=null vibrate=null sound=null defaults=0x0 flags=0x40 color=0x00000000 vis=PRIVATE))
06-07 15:50:34.350 1539 1675 I ActivityManager: Deferring FGS notification in legacy app com.kugou.android/u0a100 : Notification(channel=kg_normal shortcut=null contentView=null vibrate=null sound=null defaults=0x0 flags=0x40 color=0x00000000 vis=PRIVATE)
06-07 15:50:34.354 1539 1811 I input_focus: [Focus entering d96e4b2 com.kugou.android/com.kugou.android.app.splash.SplashActivity (server),reason=Window became focusable. Previous reason: NOT_VISIBLE]
06-07 15:50:34.370 1539 1655 I sysui_multi_action: [319,2235,322,2234,325,1750,757,761,758,8,759,2,806,com.kugou.android,871,com.kugou.android.app.splash.SplashActivity,904,com.android.launcher3,905,0,1320,4,1321,4]
06-07 15:50:34.371 1539 1655 I wm_activity_launch_time: [0,164154236,com.kugou.android/.app.splash.SplashActivity,2234]
06-07 15:50:34.733 1539 2105 D CompatibilityChangeReporter: Compat change id reported: 135634846; UID 10100; state: DISABLED
06-07 15:50:34.733 1539 2105 D CompatibilityChangeReporter: Compat change id reported: 177438394; UID 10100; state: DISABLED
06-07 15:50:34.733 1539 2105 D CompatibilityChangeReporter: Compat change id reported: 135772972; UID 10100; state: DISABLED
06-07 15:50:34.733 1539 2105 D CompatibilityChangeReporter: Compat change id reported: 135754954; UID 10100; state: DISABLED
06-07 15:50:34.733 1539 1676 D CompatibilityChangeReporter: Compat change id reported: 143937733; UID 10100; state: DISABLED
06-07 15:50:34.745 1539 1676 I am_proc_start: [0,7859,10100,com.kugou.android.support,service,{com.kugou.android/com.kugou.framework.service.ipc.peripheral.connect.SupportService}]
06-07 15:50:34.745 1539 1676 I ActivityManager: Start proc 7859:com.kugou.android.support/u0a100 for service {com.kugou.android/com.kugou.framework.service.ipc.peripheral.connect.SupportService}
06-07 15:50:34.772 0 0 I [ 1753.446760] binder: 7859:7859 ioctl 40046210 7ff2b03764 returned -22
06-07 15:50:34.781 1539 32760 I am_proc_bound: [0,7859,com.kugou.android.support]
06-07 15:50:34.820 1539 2105 W ActivityManager: Receiver with filter android.content.IntentFilter@2782fd3 already registered for pid 5455, callerPackage is com.kugou.android
06-07 15:50:34.840 1539 1671 I am_pss : [5475,10095,com.ss.android.ugc.aweme,365536256,289153024,64512,594444288,0,19,25]
06-07 15:50:34.855 1539 1671 I am_pss : [6796,10095,com.ss.android.ugc.aweme:push,116981760,47775744,97280,335130624,0,19,14]
06-07 15:50:34.870 1539 1671 I am_pss : [6768,10095,com.ss.android.ugc.aweme:pushservice,125060096,54157312,97280,347095040,0,19,14]
06-07 15:50:34.876 1539 1671 I am_pss : [7343,10057,com.qualcomm.timeservice,5255168,3510272,38912,85094400,0,19,5]
06-07 15:50:34.889 1539 1671 I am_pss : [5519,10097,com.tencent.qqmusic,117405696,112439296,37888,221278208,0,19,11]
06-07 15:50:34.896 1539 1671 I am_pss : [5470,10082,com.android.music,7070720,5361664,38912,86474752,0,19,6]
06-07 15:50:34.902 1539 1671 I am_pss : [5487,10065,com.android.gallery3d,7746560,5967872,37888,89198592,0,19,5]
06-07 15:50:34.908 1539 1671 I am_pss : [5456,1000,com.android.settings,30551040,28692480,37888,113876992,0,19,6]
06-07 15:50:34.923 2711 2711 I auditd : type=1400 audit(0.0:28655197): avc: denied { read } for comm="event_loop" lport=13400 scontext=u:r:hht_ota_mgr:s0 tcontext=u:r:hht_ota_mgr:s0 tclass=udp_socket permissive=0
06-07 15:50:34.923 2711 2711 I auditd : type=1400 audit(0.0:28655198): avc: denied { read } for comm="event_loop" lport=13400 scontext=u:r:hht_ota_mgr:s0 tcontext=u:r:hht_ota_mgr:s0 tclass=udp_socket permissive=0
06-07 15:50:34.923 2711 2711 I auditd : type=1400 audit(0.0:28655199): avc: denied { read } for comm="event_loop" lport=13400 scontext=u:r:hht_ota_mgr:s0 tcontext=u:r:hht_ota_mgr:s0 tclass=udp_socket permissive=0
06-07 15:50:34.923 2711 2711 I auditd : type=1400 audit(0.0:28655200): avc: denied { read } for comm="event_loop" lport=13400 scontext=u:r:hht_ota_mgr:s0 tcontext=u:r:hht_ota_mgr:s0 tclass=udp_socket permissive=0
06-07 15:50:34.923 2711 2711 I auditd : type=1400 audit(0.0:28655201): avc: denied { read } for comm="event_loop" lport=13400 scontext=u:r:hht_ota_mgr:s0 tcontext=u:r:hht_ota_mgr:s0 tclass=udp_socket permissive=0
06-07 15:50:34.930 0 0 W [ 1753.604073] audit: audit_lost=28653303 audit_rate_limit=5 audit_backlog_limit=64
06-07 15:50:34.930 0 0 E [ 1753.604075] audit: rate limit exceeded
06-07 15:50:35.291 0 0 I : [ 1753.964652] read descriptors
06-07 15:50:35.291 0 0 I : [ 1753.964772] read strings
06-07 15:50:35.393 1539 27313 E PackageDexUsage: Unsupported context?
06-07 15:50:35.557 1539 23789 I thunderperf: PlatormCompat.setOverrides: Uid1=10100 Pid1=5455 Uid2=10100 Pid2=5455
06-07 15:50:35.557 1539 23789 I thunderperf: PlatormCompat.setOverrides: needCheck:false
06-07 15:50:35.557 1539 23789 W PackageManager: MATCH_ANY_USER flag requires INTERACT_ACROSS_USERS permission: UID 10100 requires android.permission.INTERACT_ACROSS_USERS_FULL or android.permission.INTERACT_ACROSS_USERS to access user 0.
06-07 15:50:35.558 1539 23789 I ActivityTaskManager: START u0 {act=android.intent.action.MAIN cat=[android.intent.category.LAUNCHER] flg=0x10200000 cmp=com.kugou.android/.app.MediaActivity} from uid 10100
06-07 15:50:35.559 1539 23789 D ActivityTaskManager: TaskLaunchParamsModifier:task=null activity=ActivityRecord{6999372 u0 com.kugou.android/.app.MediaActivity taskAffinity=10100:android.task.kugou display-area-from-source=DefaultTaskDisplayArea@11319769 display-id=0 display-windowing-mode=1 suggested-display-area=DefaultTaskDisplayArea@11319769
06-07 15:50:35.563 1539 23789 D ActivityTaskManager: TaskLaunchParamsModifier:task=Task{2f7168b #129 type=standard A=10100:android.task.kugou U=0 visible=true mode=freeform translucent=false sz=1 visible freeform task=true rootAffinity=10100:android.task.kugou isMini=false} activity=ActivityRecord{6999372 u0 com.kugou.android/.app.MediaActivity taskAffinity=10100:android.task.kugou t-1} display-area-from-source=DefaultTaskDisplayArea@11319769 display-id=0 display-windowing-mode=1 suggested-display-area=DefaultTaskDisplayArea@11319769 non-freeform-display display-area=DefaultTaskDisplayArea@11319769
06-07 15:50:35.564 1539 23789 I wm_task_moved: [129,1,10]
06-07 15:50:35.564 1539 23789 I wm_set_resumed_activity: [0,com.kugou.android/.app.splash.SplashActivity,positionChildAt]
06-07 15:50:35.564 1539 23789 I wm_create_activity: [0,110728050,129,com.kugou.android/.app.MediaActivity,android.intent.action.MAIN,NULL,NULL,270532608]
06-07 15:50:35.565 1539 23789 I wm_pause_activity: [0,164154236,com.kugou.android/.app.splash.SplashActivity,userLeaving=true,resumeTopActivityInnerLocked]
06-07 15:50:35.930 0 0 W [ 1754.608115] audit: audit_lost=28903178 audit_rate_limit=5 audit_backlog_limit=64
06-07 15:50:35.930 0 0 E [ 1754.608117] audit: rate limit exceeded
06-07 15:50:35.927 2711 2711 I auditd : type=1400 audit(0.0:28905077): avc: denied { read } for comm="event_loop" lport=13400 scontext=u:r:hht_ota_mgr:s0 tcontext=u:r:hht_ota_mgr:s0 tclass=udp_socket permissive=0
06-07 15:50:35.927 2711 2711 I auditd : type=1400 audit(0.0:28905078): avc: denied { read } for comm="event_loop" lport=13400 scontext=u:r:hht_ota_mgr:s0 tcontext=u:r:hht_ota_mgr:s0 tclass=udp_socket permissive=0
06-07 15:50:35.927 2711 2711 I auditd : type=1400 audit(0.0:28905079): avc: denied { read } for comm="event_loop" lport=13400 scontext=u:r:hht_ota_mgr:s0 tcontext=u:r:hht_ota_mgr:s0 tclass=udp_socket permissive=0
06-07 15:50:35.927 2711 2711 I auditd : type=1400 audit(0.0:28905080): avc: denied { read } for comm="event_loop" lport=13400 scontext=u:r:hht_ota_mgr:s0 tcontext=u:r:hht_ota_mgr:s0 tclass=udp_socket permissive=0
06-07 15:50:35.927 2711 2711 I auditd : type=1400 audit(0.0:28905081): avc: denied { read } for comm="event_loop" lport=13400 scontext=u:r:hht_ota_mgr:s0 tcontext=u:r:hht_ota_mgr:s0 tclass=udp_socket permissive=0
06-07 15:50:36.065 1539 1658 W ActivityTaskManager: Activity top resumed state loss timeout for ActivityRecord{9c8cb7c u0 com.kugou.android/.app.splash.SplashActivity taskAffinity=10100:android.task.kugou t129}
06-07 15:50:36.065 1539 1658 W ActivityTaskManager: Activity pause timeout for ActivityRecord{9c8cb7c u0 com.kugou.android/.app.splash.SplashActivity taskAffinity=10100:android.task.kugou t129}
06-07 15:50:36.066 1539 1658 I ActivityTaskManager: FOREGROUND_APPLICATION_CHANGED to com.kugou.android.app.MediaActivity
06-07 15:50:36.066 1539 1658 I ActivityTaskManager: The Process com.kugou.android Already Exists in BG. So sending its PID: 5455
06-07 15:50:36.066 1539 1658 W ActivityTaskManager: Tried to set launchTime (0) < mLastActivityLaunchTime (1750847)
06-07 15:50:36.067 1539 1658 I wm_restart_activity: [0,110728050,129,com.kugou.android/.app.MediaActivity]
06-07 15:50:36.068 1539 1658 I wm_set_resumed_activity: [0,com.kugou.android/.app.MediaActivity,minimalResumeActivityLocked]
06-07 15:50:36.071 1539 1658 I sysui_multi_action: [757,803,799,window_time_0,802,24]
06-07 15:50:36.173 1539 27313 D ActivityTaskManager: Skipping, freeform mode : Task{2f7168b #129 type=standard A=10100:android.task.kugou U=0 visible=true mode=freeform translucent=false sz=2 visible freeform task=true rootAffinity=10100:android.task.kugou isMini=false}
06-07 15:50:36.173 1539 27313 D ActivityTaskManager: Skipping, freeform mode : Task{bad5382 #123 type=standard A=10095:com.ss.android.ugc.aweme U=0 visible=false mode=freeform translucent=true sz=0 visible freeform task=true rootAffinity=10095:com.ss.android.ugc.aweme isMini=false}
06-07 15:50:36.318 0 0 I : [ 1754.996156] read descriptors
06-07 15:50:36.318 0 0 I : [ 1754.996182] read strings
06-07 15:50:36.732 1539 1829 I netstats_mobile_sample: [0,0,0,0,0,0,0,0,0,0,0,0,1686124236732]
06-07 15:50:36.732 1539 1829 I netstats_wifi_sample: [28492813,23187,1828884,7481,28492813,23187,1828884,7481,29474867,29114,1675970,6729,1686124236732]
06-07 15:50:36.927 2711 2711 I auditd : type=1400 audit(0.0:29158711): avc: denied { read } for comm="event_loop" lport=13400 scontext=u:r:hht_ota_mgr:s0 tcontext=u:r:hht_ota_mgr:s0 tclass=udp_socket permissive=0
06-07 15:50:36.931 2711 2711 I auditd : type=1400 audit(0.0:29158712): avc: denied { read } for comm="event_loop" lport=13400 scontext=u:r:hht_ota_mgr:s0 tcontext=u:r:hht_ota_mgr:s0 tclass=udp_socket permissive=0
06-07 15:50:36.931 2711 2711 I auditd : type=1400 audit(0.0:29158713): avc: denied { read } for comm="event_loop" lport=13400 scontext=u:r:hht_ota_mgr:s0 tcontext=u:r:hht_ota_mgr:s0 tclass=udp_socket permissive=0
06-07 15:50:36.931 2711 2711 I auditd : type=1400 audit(0.0:29158714): avc: denied { read } for comm="event_loop" lport=13400 scontext=u:r:hht_ota_mgr:s0 tcontext=u:r:hht_ota_mgr:s0 tclass=udp_socket permissive=0
06-07 15:50:36.931 2711 2711 I auditd : type=1400 audit(0.0:29158715): avc: denied { read } for comm="event_loop" lport=13400 scontext=u:r:hht_ota_mgr:s0 tcontext=u:r:hht_ota_mgr:s0 tclass=udp_socket permissive=0
06-07 15:50:36.938 0 0 W [ 1755.612049] audit: audit_lost=29156807 audit_rate_limit=5 audit_backlog_limit=64
06-07 15:50:36.938 0 0 E [ 1755.612050] audit: rate limit exceeded
06-07 15:50:37.342 0 0 I : [ 1756.016139] read descriptors
06-07 15:50:37.342 0 0 I : [ 1756.016170] read strings
06-07 15:50:37.576 1539 23789 I wm_finish_activity: [0,164154236,129,com.kugou.android/.app.splash.SplashActivity,app-request]
06-07 15:50:37.576 1539 23789 I wm_add_to_stopping: [0,164154236,com.kugou.android/.app.splash.SplashActivity,completeFinishing]
06-07 15:50:37.578 1539 1658 I ActivityManager: PendingStartActivityUids startActivity to updateOomAdj delay:1510ms, uid:10100
06-07 15:50:37.589 1539 1671 I am_pss : [7585,10095,com.ss.android.ugc.aweme:sandboxed_process1,65984512,30961664,99328,211873792,0,19,11]
06-07 15:50:37.602 5455 5455 I wm_on_top_resumed_lost_called: [164154236,com.kugou.android.app.splash.SplashActivity,topStateChangedWhenResumed]
06-07 15:50:37.611 5455 5455 I wm_on_paused_called: [164154236,com.kugou.android.app.splash.SplashActivity,performPause]
06-07 15:50:37.611 1539 2105 I wm_failed_to_pause: [0,164154236,com.kugou.android/.app.splash.SplashActivity,(none)]
06-07 15:50:37.674 0 0 I [ 1756.351855] afe_find_cal_topo_id_by_port: port id: 0x9000, dev_acdb_id: 15
06-07 15:50:37.674 0 0 I [ 1756.351861] afe_find_cal_topo_id_by_port: top_id:112fc acdb_id:15 afe_port_id:0x9000
06-07 15:50:37.674 0 0 I [ 1756.351866] afe_get_cal_topology_id: port_id = 0x9000 acdb_id = 15 topology_id = 0x112fc cal_type_index=8 ret=0
06-07 15:50:37.674 0 0 I [ 1756.352158] afe_send_port_topology_id: AFE set topology id 0x112fc enable for port 0x9000 ret 0
06-07 15:50:37.674 0 0 I [ 1756.352161] send_afe_cal_type: cal_index is 0
06-07 15:50:37.674 0 0 I [ 1756.352164] send_afe_cal_type: dev_acdb_id[55] is 15
06-07 15:50:37.674 0 0 I [ 1756.352167] afe_find_cal: cal_index 0 port_id 0x9000 port_index 55
06-07 15:50:37.674 0 0 I [ 1756.352170] afe_find_cal: acdb_id 15 dev_acdb_id 15 sample_rate 48000 afe_sample_rates 48000
06-07 15:50:37.674 0 0 I [ 1756.352172] afe_find_cal: cal block is a match, size is 0
06-07 15:50:37.674 0 0 I [ 1756.352175] send_afe_cal_type: Sending cal_index cal 0
06-07 15:50:37.675 0 0 E [ 1756.352177] send_afe_cal_type: No cal sent for cal_index 0, port_id = 0x9000! ret -22
06-07 15:50:37.675 0 0 I [ 1756.352411] afe_send_hw_delay: port_id 0x9000 rate 48000 delay_usec 474 status 0
06-07 15:50:37.699 1539 2105 W ActivityManager: Receiver with filter android.content.IntentFilter@40a1aa5 already registered for pid 5455, callerPackage is com.kugou.android
06-07 15:50:37.737 1539 1675 W BroadcastQueue: Permission Denial: broadcasting Intent { act=android.net.conn.CONNECTIVITY_CHANGE flg=0x4200010 (has extras) } from null (pid=-1, uid=-1) requires android.permission.INTERNET due to registered receiver BroadcastFilter{4ac6734 10100/u0 ReceiverList{3cd1a07 5455 com.kugou.android/10100/u0 remote:4565846}}
06-07 15:50:37.939 0 0 W [ 1756.616101] audit: audit_lost=29408501 audit_rate_limit=5 audit_backlog_limit=64
06-07 15:50:37.939 0 0 E [ 1756.616102] audit: rate limit exceeded
06-07 15:50:37.935 2711 2711 I auditd : type=1400 audit(0.0:29410410): avc: denied { read } for comm="event_loop" lport=13400 scontext=u:r:hht_ota_mgr:s0 tcontext=u:r:hht_ota_mgr:s0 tclass=udp_socket permissive=0
06-07 15:50:37.935 2711 2711 I auditd : type=1400 audit(0.0:29410411): avc: denied { read } for comm="event_loop" lport=13400 scontext=u:r:hht_ota_mgr:s0 tcontext=u:r:hht_ota_mgr:s0 tclass=udp_socket permissive=0
06-07 15:50:37.935 2711 2711 I auditd : type=1400 audit(0.0:29410412): avc: denied { read } for comm="event_loop" lport=13400 scontext=u:r:hht_ota_mgr:s0 tcontext=u:r:hht_ota_mgr:s0 tclass=udp_socket permissive=0
06-07 15:50:37.935 2711 2711 I auditd : type=1400 audit(0.0:29410413): avc: denied { read } for comm="event_loop" lport=13400 scontext=u:r:hht_ota_mgr:s0 tcontext=u:r:hht_ota_mgr:s0 tclass=udp_socket permissive=0
06-07 15:50:37.935 2711 2711 I auditd : type=1400 audit(0.0:29410414): avc: denied { read } for comm="event_loop" lport=13400 scontext=u:r:hht_ota_mgr:s0 tcontext=u:r:hht_ota_mgr:s0 tclass=udp_socket permissive=0
06-07 15:50:38.116 1539 2105 W ActivityManager: Receiver with filter android.content.IntentFilter@7fdcf85 already registered for pid 5455, callerPackage is com.kugou.android
06-07 15:50:38.127 1539 1800 I commit_sys_config_file: [settings-2-0,3]
06-07 15:50:38.159 1539 27183 I thunderperf: PlatormCompat.setOverrides: Uid1=10100 Pid1=5455 Uid2=10100 Pid2=5455
06-07 15:50:38.159 1539 27183 I thunderperf: PlatormCompat.setOverrides: needCheck:false
06-07 15:50:38.159 1539 27183 W PackageManager: MATCH_ANY_USER flag requires INTERACT_ACROSS_USERS permission: UID 10100 requires android.permission.INTERACT_ACROSS_USERS_FULL or android.permission.INTERACT_ACROSS_USERS to access user 0.
06-07 15:50:38.160 1539 27183 I ActivityTaskManager: START u0 {cmp=com.kugou.android/com.kugou.common.useraccount.app.KgUserLoginAndRegActivity (has extras)} from uid 10100
06-07 15:50:38.161 1539 27183 D ActivityTaskManager: TaskLaunchParamsModifier:task=null activity=ActivityRecord{e738f94 u0 com.kugou.android/com.kugou.common.useraccount.app.KgUserLoginAndRegActivity taskAffinity=10100:android.task.kugou display-area-from-source=DefaultTaskDisplayArea@11319769 display-id=0 display-windowing-mode=1 suggested-display-area=DefaultTaskDisplayArea@11319769
06-07 15:50:38.164 1539 27183 D ActivityTaskManager: TaskLaunchParamsModifier:task=Task{2f7168b #129 type=standard A=10100:android.task.kugou U=0 visible=true mode=freeform translucent=false sz=2 visible freeform task=true rootAffinity=10100:android.task.kugou isMini=false} activity=ActivityRecord{e738f94 u0 com.kugou.android/com.kugou.common.useraccount.app.KgUserLoginAndRegActivity taskAffinity=10100:android.task.kugou t-1} display-area-from-source=DefaultTaskDisplayArea@11319769 display-id=0 display-windowing-mode=1 suggested-display-area=DefaultTaskDisplayArea@11319769 non-freeform-display display-area=DefaultTaskDisplayArea@11319769
06-07 15:50:38.166 1539 27183 I wm_task_moved: [129,1,10]
06-07 15:50:38.166 1539 27183 I wm_set_resumed_activity: [0,com.kugou.android/.app.MediaActivity,positionChildAt]
06-07 15:50:38.166 1539 27183 I wm_create_activity: [0,242454420,129,com.kugou.android/com.kugou.common.useraccount.app.KgUserLoginAndRegActivity,NULL,NULL,NULL,268435456]
06-07 15:50:38.167 1539 27183 I wm_pause_activity: [0,110728050,com.kugou.android/.app.MediaActivity,userLeaving=true,resumeTopActivityInnerLocked]
06-07 15:50:38.339 1539 524 D CompatibilityChangeReporter: Compat change id reported: 157233955; UID 10100; state: DISABLED
06-07 15:50:38.382 0 0 I : [ 1757.060259] read descriptors
06-07 15:50:38.382 0 0 I : [ 1757.060282] read strings
06-07 15:50:38.523 1539 1539 I notification_enqueue: [10100,7859,com.kugou.android,99,NULL,0,Notification(channel=kg_play shortcut=null contentView=null vibrate=null sound=null defaults=0x0 flags=0x42 color=0x00000000 vis=PRIVATE),0]
06-07 15:50:38.539 1539 1539 I notification_enqueue: [10100,7859,com.kugou.android,99,NULL,0,Notification(channel=kg_play shortcut=null contentView=null vibrate=null sound=null defaults=0x0 flags=0x42 color=0x00000000 vis=PRIVATE),0]
06-07 15:50:38.576 5455 7729 D SubscriptionManager: [getSubId]- fail
06-07 15:50:38.576 5455 7729 D SubscriptionManager: [getSubId]- fail
06-07 15:50:38.668 1539 1658 W ActivityTaskManager: Activity top resumed state loss timeout for ActivityRecord{6999372 u0 com.kugou.android/.app.MediaActivity taskAffinity=10100:android.task.kugou t129}
06-07 15:50:38.668 1539 1658 W ActivityTaskManager: Activity pause timeout for ActivityRecord{6999372 u0 com.kugou.android/.app.MediaActivity taskAffinity=10100:android.task.kugou t129}
06-07 15:50:38.669 1539 1658 I ActivityTaskManager: FOREGROUND_APPLICATION_CHANGED to com.kugou.common.useraccount.app.KgUserLoginAndRegActivity
06-07 15:50:38.669 1539 1658 I ActivityTaskManager: The Process com.kugou.android Already Exists in BG. So sending its PID: 5455
06-07 15:50:38.669 1539 1658 W ActivityTaskManager: Tried to set launchTime (0) < mLastActivityLaunchTime (1754744)
06-07 15:50:38.670 1539 1658 I wm_restart_activity: [0,242454420,129,com.kugou.android/com.kugou.common.useraccount.app.KgUserLoginAndRegActivity]
06-07 15:50:38.671 1539 1658 I wm_set_resumed_activity: [0,com.kugou.android/com.kugou.common.useraccount.app.KgUserLoginAndRegActivity,minimalResumeActivityLocked]
06-07 15:50:38.674 1539 1658 I sysui_multi_action: [757,803,799,window_time_2,802,3]
06-07 15:50:38.679 1539 32760 W ActivityManager: Receiver with filter android.content.IntentFilter@9306a78 already registered for pid 7859, callerPackage is com.kugou.android
06-07 15:50:38.724 1539 1539 I sysui_multi_action: [757,1501,758,1,793,201,794,0,795,201,796,99,806,com.kugou.android,857,kg_play,858,2,947,0,1500,0,1688,1]
06-07 15:50:38.724 1539 1539 I sysui_multi_action: [757,804,799,note_interruptive,801,0,802,1]
06-07 15:50:38.724 1539 1539 I GameModeConfig: isGameModeOn = false
06-07 15:50:38.725 1539 1539 W NotificationHistory: Attempted to add notif for locked/gone/disabled user 0
06-07 15:50:38.739 1539 1539 I GameModeConfig: isGameModeOn = false
06-07 15:50:38.776 1539 32760 D ActivityTaskManager: Skipping, freeform mode : Task{2f7168b #129 type=standard A=10100:android.task.kugou U=0 visible=true mode=freeform translucent=false sz=3 visible freeform task=true rootAffinity=10100:android.task.kugou isMini=false}
06-07 15:50:38.776 1539 32760 D ActivityTaskManager: Skipping, freeform mode : Task{bad5382 #123 type=standard A=10095:com.ss.android.ugc.aweme U=0 visible=false mode=freeform translucent=true sz=0 visible freeform task=true rootAffinity=10095:com.ss.android.ugc.aweme isMini=false}
06-07 15:50:38.939 2711 2711 I auditd : type=1400 audit(0.0:29653025): avc: denied { read } for comm="event_loop" lport=13400 scontext=u:r:hht_ota_mgr:s0 tcontext=u:r:hht_ota_mgr:s0 tclass=udp_socket permissive=0
06-07 15:50:38.939 2711 2711 I auditd : type=1400 audit(0.0:29653026): avc: denied { read } for comm="event_loop" lport=13400 scontext=u:r:hht_ota_mgr:s0 tcontext=u:r:hht_ota_mgr:s0 tclass=udp_socket permissive=0
06-07 15:50:38.939 2711 2711 I auditd : type=1400 audit(0.0:29653027): avc: denied { read } for comm="event_loop" lport=13400 scontext=u:r:hht_ota_mgr:s0 tcontext=u:r:hht_ota_mgr:s0 tclass=udp_socket permissive=0
06-07 15:50:38.939 2711 2711 I auditd : type=1400 audit(0.0:29653028): avc: denied { read } for comm="event_loop" lport=13400 scontext=u:r:hht_ota_mgr:s0 tcontext=u:r:hht_ota_mgr:s0 tclass=udp_socket permissive=0
06-07 15:50:38.939 2711 2711 I auditd : type=1400 audit(0.0:29653029): avc: denied { read } for comm="event_loop" lport=13400 scontext=u:r:hht_ota_mgr:s0 tcontext=u:r:hht_ota_mgr:s0 tclass=udp_socket permissive=0
06-07 15:50:38.946 0 0 W [ 1757.620080] audit: audit_lost=29651111 audit_rate_limit=5 audit_backlog_limit=64
06-07 15:50:38.946 0 0 E [ 1757.620082] audit: rate limit exceeded
06-07 15:50:38.982 1539 1539 I notification_enqueue: [10100,7859,com.kugou.android,99,NULL,0,Notification(channel=kg_play shortcut=null contentView=null vibrate=null sound=null defaults=0x0 flags=0x42 color=0x00000000 category=transport actions=5 vis=PUBLIC),1]
06-07 15:50:39.099 1539 32760 W ActivityManager: Receiver with filter android.content.IntentFilter@d2bc343 already registered for pid 7859, callerPackage is com.kugou.android
06-07 15:50:39.183 1539 1539 I GameModeConfig: isGameModeOn = false
06-07 15:50:39.266 1539 1539 I sysui_multi_action: [757,128,758,5,759,8,793,236258,794,0,795,236258,796,1,797,empty_media,806,com.android.systemui,857,empty_media_style_id,858,4,946,empty_media,947,0,1500,236057,1641,transport,1688,1,1745,1043716538]
06-07 15:50:39.266 1539 1539 I notification_canceled: [0|com.android.systemui|1|empty_media|10078,8,236258,236258,0,-1,-1,NULL]
06-07 15:50:39.267 1539 1539 D CompatibilityChangeReporter: Compat change id reported: 175319604; UID 1000; state: ENABLED
06-07 15:50:39.267 1539 1539 D CompatibilityChangeReporter: Compat change id reported: 175319604; UID 1000; state: DISABLED
06-07 15:50:39.422 0 0 I : [ 1758.096214] read descriptors
06-07 15:50:39.422 0 0 I : [ 1758.096240] read strings
06-07 15:50:39.635 1539 1539 I notification_enqueue: [10100,7859,com.kugou.android,99,NULL,0,Notification(channel=kg_play shortcut=null contentView=null vibrate=null sound=null defaults=0x0 flags=0x42 color=0x00000000 category=transport actions=5 vis=PUBLIC),1]
06-07 15:50:39.836 1539 1539 I GameModeConfig: isGameModeOn = false
06-07 15:50:39.939 2711 2711 I auditd : type=1400 audit(0.0:29905612): avc: denied { read } for comm="event_loop" lport=13400 scontext=u:r:hht_ota_mgr:s0 tcontext=u:r:hht_ota_mgr:s0 tclass=udp_socket permissive=0
06-07 15:50:39.943 2711 2711 I auditd : type=1400 audit(0.0:29905613): avc: denied { read } for comm="event_loop" lport=13400 scontext=u:r:hht_ota_mgr:s0 tcontext=u:r:hht_ota_mgr:s0 tclass=udp_socket permissive=0
06-07 15:50:39.943 2711 2711 I auditd : type=1400 audit(0.0:29905614): avc: denied { read } for comm="event_loop" lport=13400 scontext=u:r:hht_ota_mgr:s0 tcontext=u:r:hht_ota_mgr:s0 tclass=udp_socket permissive=0
06-07 15:50:39.943 2711 2711 I auditd : type=1400 audit(0.0:29905615): avc: denied { read } for comm="event_loop" lport=13400 scontext=u:r:hht_ota_mgr:s0 tcontext=u:r:hht_ota_mgr:s0 tclass=udp_socket permissive=0
06-07 15:50:39.943 2711 2711 I auditd : type=1400 audit(0.0:29905616): avc: denied { read } for comm="event_loop" lport=13400 scontext=u:r:hht_ota_mgr:s0 tcontext=u:r:hht_ota_mgr:s0 tclass=udp_socket permissive=0
06-07 15:50:39.950 0 0 W [ 1758.624052] audit: audit_lost=29903693 audit_rate_limit=5 audit_backlog_limit=64
06-07 15:50:39.950 0 0 E [ 1758.624054] audit: rate limit exceeded
06-07 15:50:40.202 1539 32760 W ActivityManager: Unable to start service Intent { act=com.hihonor.handoff.service.HandoffService cmp=com.hihonor.handoff/.service.HandoffService } U=0: not found
06-07 15:50:40.202 5455 5455 I wm_on_create_called: [110728050,com.kugou.android.app.MediaActivity,performCreate]
06-07 15:50:40.243 5455 5455 I wm_on_start_called: [110728050,com.kugou.android.app.MediaActivity,handleStartActivity]
06-07 15:50:40.272 5455 5455 I wm_on_resume_called: [110728050,com.kugou.android.app.MediaActivity,RESUME_ACTIVITY]
06-07 15:50:40.275 5455 5455 I wm_on_top_resumed_gained_called: [110728050,com.kugou.android.app.MediaActivity,topStateChangedWhenResumed]
06-07 15:50:40.302 5455 5455 I wm_on_top_resumed_lost_called: [110728050,com.kugou.android.app.MediaActivity,topStateChangedWhenResumed]
06-07 15:50:40.323 5455 5455 I wm_on_paused_called: [110728050,com.kugou.android.app.MediaActivity,performPause]
06-07 15:50:40.323 1539 32760 I wm_failed_to_pause: [0,110728050,com.kugou.android/.app.MediaActivity,(none)]
06-07 15:50:40.365 5455 7768 I service_manager_stats: [200,121,1759043]
06-07 15:50:40.474 0 0 I : [ 1759.148574] read descriptors
06-07 15:50:40.474 0 0 I : [ 1759.148695] read strings
06-07 15:50:40.623 5455 5455 I wm_on_create_called: [242454420,com.kugou.common.useraccount.app.KgUserLoginAndRegActivity,performCreate]
06-07 15:50:40.854 5455 5455 I wm_on_start_called: [242454420,com.kugou.common.useraccount.app.KgUserLoginAndRegActivity,handleStartActivity]
06-07 15:50:40.858 5455 5455 I wm_on_resume_called: [242454420,com.kugou.common.useraccount.app.KgUserLoginAndRegActivity,RESUME_ACTIVITY]
06-07 15:50:40.868 5455 5455 I wm_on_top_resumed_gained_called: [242454420,com.kugou.common.useraccount.app.KgUserLoginAndRegActivity,topStateChangedWhenResumed]
06-07 15:50:40.947 2711 2711 I auditd : type=1400 audit(0.0:30156264): avc: denied { read } for comm="event_loop" lport=13400 scontext=u:r:hht_ota_mgr:s0 tcontext=u:r:hht_ota_mgr:s0 tclass=udp_socket permissive=0
06-07 15:50:40.947 2711 2711 I auditd : type=1400 audit(0.0:30156265): avc: denied { read } for comm="event_loop" lport=13400 scontext=u:r:hht_ota_mgr:s0 tcontext=u:r:hht_ota_mgr:s0 tclass=udp_socket permissive=0
06-07 15:50:40.947 2711 2711 I auditd : type=1400 audit(0.0:30156266): avc: denied { read } for comm="event_loop" lport=13400 scontext=u:r:hht_ota_mgr:s0 tcontext=u:r:hht_ota_mgr:s0 tclass=udp_socket permissive=0
06-07 15:50:40.947 2711 2711 I auditd : type=1400 audit(0.0:30156267): avc: denied { read } for comm="event_loop" lport=13400 scontext=u:r:hht_ota_mgr:s0 tcontext=u:r:hht_ota_mgr:s0 tclass=udp_socket permissive=0
06-07 15:50:40.947 2711 2711 I auditd : type=1400 audit(0.0:30156268): avc: denied { read } for comm="event_loop" lport=13400 scontext=u:r:hht_ota_mgr:s0 tcontext=u:r:hht_ota_mgr:s0 tclass=udp_socket permissive=0
06-07 15:50:40.954 0 0 W [ 1759.628060] audit: audit_lost=30154340 audit_rate_limit=5 audit_backlog_limit=64
06-07 15:50:40.954 0 0 E [ 1759.628062] audit: rate limit exceeded
06-07 15:50:41.304 5455 7729 D SubscriptionManager: [getSubId]- fail
06-07 15:50:41.307 5455 7729 D SubscriptionManager: [getSubId]- fail
06-07 15:50:41.440 1539 1659 I input_focus: [Focus request e0f28b4 com.kugou.android/com.kugou.common.useraccount.app.KgUserLoginAndRegActivity,reason=UpdateInputWindows]
06-07 15:50:41.455 1539 1655 I wm_activity_launch_time: [0,242454420,com.kugou.android/com.kugou.common.useraccount.app.KgUserLoginAndRegActivity,5896]
06-07 15:50:41.457 1539 1658 I wm_destroy_activity: [0,164154236,129,com.kugou.android/.app.splash.SplashActivity,finish-imm:transit]
06-07 15:50:41.469 1539 1811 I input_focus: [Focus leaving d96e4b2 com.kugou.android/com.kugou.android.app.splash.SplashActivity (server),reason=NOT_FOCUSABLE]
06-07 15:50:41.470 1539 1811 I input_focus: [Focus entering e0f28b4 com.kugou.android/com.kugou.common.useraccount.app.KgUserLoginAndRegActivity (server),reason=setFocusedWindow]
06-07 15:50:41.539 0 0 I : [ 1760.216612] read descriptors
06-07 15:50:41.539 0 0 I : [ 1760.216688] read strings
06-07 15:50:41.583 5455 5455 I wm_on_stop_called: [164154236,com.kugou.android.app.splash.SplashActivity,LIFECYCLER_STOP_ACTIVITY]
06-07 15:50:41.598 5455 5455 I wm_on_destroy_called: [164154236,com.kugou.android.app.splash.SplashActivity,performDestroy]
06-07 15:50:41.850 1539 1539 I notification_enqueue: [10100,7859,com.kugou.android,99,NULL,0,Notification(channel=kg_play shortcut=null contentView=null vibrate=null sound=null defaults=0x0 flags=0x42 color=0x00000000 category=transport actions=5 vis=PUBLIC),1]
06-07 15:50:41.951 2711 2711 I auditd : type=1400 audit(0.0:30409359): avc: denied { read } for comm="event_loop" lport=13400 scontext=u:r:hht_ota_mgr:s0 tcontext=u:r:hht_ota_mgr:s0 tclass=udp_socket permissive=0
06-07 15:50:41.951 2711 2711 I auditd : type=1400 audit(0.0:30409360): avc: denied { read } for comm="event_loop" lport=13400 scontext=u:r:hht_ota_mgr:s0 tcontext=u:r:hht_ota_mgr:s0 tclass=udp_socket permissive=0
06-07 15:50:41.951 2711 2711 I auditd : type=1400 audit(0.0:30409361): avc: denied { read } for comm="event_loop" lport=13400 scontext=u:r:hht_ota_mgr:s0 tcontext=u:r:hht_ota_mgr:s0 tclass=udp_socket permissive=0
06-07 15:50:41.951 2711 2711 I auditd : type=1400 audit(0.0:30409362): avc: denied { read } for comm="event_loop" lport=13400 scontext=u:r:hht_ota_mgr:s0 tcontext=u:r:hht_ota_mgr:s0 tclass=udp_socket permissive=0
06-07 15:50:41.951 2711 2711 I auditd : type=1400 audit(0.0:30409363): avc: denied { read } for comm="event_loop" lport=13400 scontext=u:r:hht_ota_mgr:s0 tcontext=u:r:hht_ota_mgr:s0 tclass=udp_socket permissive=0
06-07 15:50:41.958 0 0 W [ 1760.632065] audit: audit_lost=30407430 audit_rate_limit=5 audit_backlog_limit=64
06-07 15:50:41.958 0 0 E [ 1760.632067] audit: rate limit exceeded
06-07 15:50:42.051 1539 1539 I GameModeConfig: isGameModeOn = false
06-07 15:50:42.582 0 0 I : [ 1761.256659] read descriptors
06-07 15:50:42.582 0 0 I : [ 1761.256776] read strings
06-07 15:50:42.628 1539 1671 I am_pss : [5455,10100,com.kugou.android,258089984,168587264,36864,469098496,0,2,22]
06-07 15:50:42.634 1539 1671 I am_pss : [7344,10028,com.android.providers.calendar,7008256,5042176,38912,91877376,0,19,4]
06-07 15:50:42.955 2711 2711 I auditd : type=1400 audit(0.0:30662902): avc: denied { read } for comm="event_loop" lport=13400 scontext=u:r:hht_ota_mgr:s0 tcontext=u:r:hht_ota_mgr:s0 tclass=udp_socket permissive=0
06-07 15:50:42.955 2711 2711 I auditd : type=1400 audit(0.0:30662903): avc: denied { read } for comm="event_loop" lport=13400 scontext=u:r:hht_ota_mgr:s0 tcontext=u:r:hht_ota_mgr:s0 tclass=udp_socket permissive=0
06-07 15:50:42.955 2711 2711 I auditd : type=1400 audit(0.0:30662904): avc: denied { read } for comm="event_loop" lport=13400 scontext=u:r:hht_ota_mgr:s0 tcontext=u:r:hht_ota_mgr:s0 tclass=udp_socket permissive=0
06-07 15:50:42.955 2711 2711 I auditd : type=1400 audit(0.0:30662905): avc: denied { read } for comm="event_loop" lport=13400 scontext=u:r:hht_ota_mgr:s0 tcontext=u:r:hht_ota_mgr:s0 tclass=udp_socket permissive=0
06-07 15:50:42.955 2711 2711 I auditd : type=1400 audit(0.0:30662906): avc: denied { read } for comm="event_loop" lport=13400 scontext=u:r:hht_ota_mgr:s0 tcontext=u:r:hht_ota_mgr:s0 tclass=udp_socket permissive=0
06-07 15:50:42.963 0 0 W [ 1761.636051] audit: audit_lost=30660968 audit_rate_limit=5 audit_backlog_limit=64
06-07 15:50:42.963 0 0 E [ 1761.636053] audit: rate limit exceeded
06-07 15:50:42.978 0 0 I [ 1761.653707] afe_close: port_id = 0x9000
06-07 15:50:43.650 0 0 I : [ 1762.325242] read descriptors
06-07 15:50:43.650 0 0 I : [ 1762.325423] read strings
06-07 15:50:43.702 1539 1539 I notification_enqueue: [10024,3222,com.tencent.android.qqdownloader,127,NULL,0,Notification(channel=channel_id_default_silent shortcut=null contentView=com.tencent.android.qqdownloader/0x7f0a01c2 vibrate=null sound=null defaults=0x0 flags=0x2a2 color=0x00000000 groupKey=com.tencent.android.qqdownloader vis=PRIVATE),1]
06-07 15:50:43.904 1539 1539 I GameModeConfig: isGameModeOn = false
06-07 15:50:43.962 0 0 W [ 1762.640051] audit: audit_lost=30915557 audit_rate_limit=5 audit_backlog_limit=64
06-07 15:50:43.962 0 0 E [ 1762.640053] audit: rate limit exceeded
06-07 15:50:43.955 2711 2711 I auditd : type=1400 audit(0.0:30917496): avc: denied { read } for comm="event_loop" lport=13400 scontext=u:r:hht_ota_mgr:s0 tcontext=u:r:hht_ota_mgr:s0 tclass=udp_socket permissive=0
06-07 15:50:43.959 2711 2711 I auditd : type=1400 audit(0.0:30917497): avc: denied { read } for comm="event_loop" lport=13400 scontext=u:r:hht_ota_mgr:s0 tcontext=u:r:hht_ota_mgr:s0 tclass=udp_socket permissive=0
06-07 15:50:43.959 2711 2711 I auditd : type=1400 audit(0.0:30917498): avc: denied { read } for comm="event_loop" lport=13400 scontext=u:r:hht_ota_mgr:s0 tcontext=u:r:hht_ota_mgr:s0 tclass=udp_socket permissive=0
06-07 15:50:43.959 2711 2711 I auditd : type=1400 audit(0.0:30917499): avc: denied { read } for comm="event_loop" lport=13400 scontext=u:r:hht_ota_mgr:s0 tcontext=u:r:hht_ota_mgr:s0 tclass=udp_socket permissive=0
06-07 15:50:43.959 2711 2711 I auditd : type=1400 audit(0.0:30917500): avc: denied { read } for comm="event_loop" lport=13400 scontext=u:r:hht_ota_mgr:s0 tcontext=u:r:hht_ota_mgr:s0 tclass=udp_socket permissive=0
06-07 15:50:44.686 0 0 I : [ 1763.361363] read descriptors
06-07 15:50:44.686 0 0 I : [ 1763.361507] read strings
06-07 15:50:44.963 2711 2711 I auditd : type=1400 audit(0.0:31173247): avc: denied { read } for comm="event_loop" lport=13400 scontext=u:r:hht_ota_mgr:s0 tcontext=u:r:hht_ota_mgr:s0 tclass=udp_socket permissive=0
06-07 15:50:44.963 2711 2711 I auditd : type=1400 audit(0.0:31173248): avc: denied { read } for comm="event_loop" lport=13400 scontext=u:r:hht_ota_mgr:s0 tcontext=u:r:hht_ota_mgr:s0 tclass=udp_socket permissive=0
06-07 15:50:44.963 2711 2711 I auditd : type=1400 audit(0.0:31173249): avc: denied { read } for comm="event_loop" lport=13400 scontext=u:r:hht_ota_mgr:s0 tcontext=u:r:hht_ota_mgr:s0 tclass=udp_socket permissive=0
06-07 15:50:44.963 2711 2711 I auditd : type=1400 audit(0.0:31173250): avc: denied { read } for comm="event_loop" lport=13400 scontext=u:r:hht_ota_mgr:s0 tcontext=u:r:hht_ota_mgr:s0 tclass=udp_socket permissive=0
06-07 15:50:44.963 2711 2711 I auditd : type=1400 audit(0.0:31173251): avc: denied { read } for comm="event_loop" lport=13400 scontext=u:r:hht_ota_mgr:s0 tcontext=u:r:hht_ota_mgr:s0 tclass=udp_socket permissive=0
06-07 15:50:44.970 0 0 W [ 1763.644052] audit: audit_lost=31171303 audit_rate_limit=5 audit_backlog_limit=64
06-07 15:50:44.970 0 0 E [ 1763.644053] audit: rate limit exceeded
06-07 15:50:45.710 0 0 I : [ 1764.384819] read descriptors
06-07 15:50:45.710 0 0 I : [ 1764.384896] read strings
06-07 15:50:45.967 2711 2711 I auditd : type=1400 audit(0.0:31426426): avc: denied { read } for comm="event_loop" lport=13400 scontext=u:r:hht_ota_mgr:s0 tcontext=u:r:hht_ota_mgr:s0 tclass=udp_socket permissive=0
06-07 15:50:45.970 0 0 W [ 1764.648123] audit: audit_lost=31424477 audit_rate_limit=5 audit_backlog_limit=64
06-07 15:50:45.970 0 0 E [ 1764.648125] audit: rate limit exceeded
06-07 15:50:45.967 2711 2711 I auditd : type=1400 audit(0.0:31426427): avc: denied { read } for comm="event_loop" lport=13400 scontext=u:r:hht_ota_mgr:s0 tcontext=u:r:hht_ota_mgr:s0 tclass=udp_socket permissive=0
06-07 15:50:45.967 2711 2711 I auditd : type=1400 audit(0.0:31426428): avc: denied { read } for comm="event_loop" lport=13400 scontext=u:r:hht_ota_mgr:s0 tcontext=u:r:hht_ota_mgr:s0 tclass=udp_socket permissive=0
06-07 15:50:45.967 2711 2711 I auditd : type=1400 audit(0.0:31426429): avc: denied { read } for comm="event_loop" lport=13400 scontext=u:r:hht_ota_mgr:s0 tcontext=u:r:hht_ota_mgr:s0 tclass=udp_socket permissive=0
06-07 15:50:45.967 2711 2711 I auditd : type=1400 audit(0.0:31426430): avc: denied { read } for comm="event_loop" lport=13400 scontext=u:r:hht_ota_mgr:s0 tcontext=u:r:hht_ota_mgr:s0 tclass=udp_socket permissive=0
06-07 15:50:46.770 0 0 I : [ 1765.444652] read descriptors
06-07 15:50:46.770 0 0 I : [ 1765.444794] read strings
06-07 15:50:46.967 2711 2711 I auditd : type=1400 audit(0.0:31680684): avc: denied { read } for comm="event_loop" lport=13400 scontext=u:r:hht_ota_mgr:s0 tcontext=u:r:hht_ota_mgr:s0 tclass=udp_socket permissive=0
06-07 15:50:46.974 0 0 W [ 1765.652057] audit: audit_lost=31678730 audit_rate_limit=5 audit_backlog_limit=64
06-07 15:50:46.971 2711 2711 I auditd : type=1400 audit(0.0:31680685): avc: denied { read } for comm="event_loop" lport=13400 scontext=u:r:hht_ota_mgr:s0 tcontext=u:r:hht_ota_mgr:s0 tclass=udp_socket permissive=0
06-07 15:50:46.974 0 0 E [ 1765.652059] audit: rate limit exceeded
06-07 15:50:46.971 2711 2711 I auditd : type=1400 audit(0.0:31680686): avc: denied { read } for comm="event_loop" lport=13400 scontext=u:r:hht_ota_mgr:s0 tcontext=u:r:hht_ota_mgr:s0 tclass=udp_socket permissive=0
06-07 15:50:46.971 2711 2711 I auditd : type=1400 audit(0.0:31680687): avc: denied { read } for comm="event_loop" lport=13400 scontext=u:r:hht_ota_mgr:s0 tcontext=u:r:hht_ota_mgr:s0 tclass=udp_socket permissive=0
06-07 15:50:46.971 2711 2711 I auditd : type=1400 audit(0.0:31680688): avc: denied { read } for comm="event_loop" lport=13400 scontext=u:r:hht_ota_mgr:s0 tcontext=u:r:hht_ota_mgr:s0 tclass=udp_socket permissive=0
06-07 15:50:47.802 0 0 I : [ 1766.477049] read descriptors
06-07 15:50:47.802 0 0 I : [ 1766.477185] read strings
06-07 15:50:47.971 2711 2711 I auditd : type=1400 audit(0.0:31934904): avc: denied { read } for comm="event_loop" lport=13400 scontext=u:r:hht_ota_mgr:s0 tcontext=u:r:hht_ota_mgr:s0 tclass=udp_socket permissive=0
06-07 15:50:47.975 2711 2711 I auditd : type=1400 audit(0.0:31934905): avc: denied { read } for comm="event_loop" lport=13400 scontext=u:r:hht_ota_mgr:s0 tcontext=u:r:hht_ota_mgr:s0 tclass=udp_socket permissive=0
06-07 15:50:47.975 2711 2711 I auditd : type=1400 audit(0.0:31934906): avc: denied { read } for comm="event_loop" lport=13400 scontext=u:r:hht_ota_mgr:s0 tcontext=u:r:hht_ota_mgr:s0 tclass=udp_socket permissive=0
06-07 15:50:47.975 2711 2711 I auditd : type=1400 audit(0.0:31934907): avc: denied { read } for comm="event_loop" lport=13400 scontext=u:r:hht_ota_mgr:s0 tcontext=u:r:hht_ota_mgr:s0 tclass=udp_socket permissive=0
06-07 15:50:47.975 2711 2711 I auditd : type=1400 audit(0.0:31934908): avc: denied { read } for comm="event_loop" lport=13400 scontext=u:r:hht_ota_mgr:s0 tcontext=u:r:hht_ota_mgr:s0 tclass=udp_socket permissive=0
06-07 15:50:47.982 0 0 W [ 1766.656054] audit: audit_lost=31932945 audit_rate_limit=5 audit_backlog_limit=64
06-07 15:50:47.982 0 0 E [ 1766.656056] audit: rate limit exceeded
06-07 15:50:48.019 1539 1811 I input_interaction: Interaction with: e0f28b4 com.kugou.android/com.kugou.common.useraccount.app.KgUserLoginAndRegActivity (server), edge-swipe (server), swipe-up (server), PointerEventDispatcher0 (server),
06-07 15:50:48.143 1539 27313 I wm_finish_activity: [0,110728050,129,com.kugou.android/.app.MediaActivity,finish-activity]
06-07 15:50:48.146 1539 27313 I wm_destroy_activity: [0,110728050,129,com.kugou.android/.app.MediaActivity,finish-imm:finishIfPossible]
06-07 15:50:48.146 1539 27313 I wm_finish_activity: [0,242454420,129,com.kugou.android/com.kugou.common.useraccount.app.KgUserLoginAndRegActivity,finish-activity]
06-07 15:50:48.146 1539 27313 I wm_task_moved: [1,1,10]
06-07 15:50:48.149 1539 27313 I wm_set_resumed_activity: [0,com.android.launcher3/.uioverrides.QuickstepLauncher,positionChildAt]
06-07 15:50:48.149 1539 27313 I wm_task_moved: [112,1,2147483647]
06-07 15:50:48.149 1539 27313 I wm_task_to_front: [0,112]
06-07 15:50:48.149 1539 27313 I wm_focused_root_task: [0,0,1,-1,finish-top adjustFocusToNextFocusableTask]
06-07 15:50:48.149 1539 27313 I wm_set_resumed_activity: [0,com.android.launcher3/.uioverrides.QuickstepLauncher,finish-top]
06-07 15:50:48.154 1539 27313 I wm_pause_activity: [0,242454420,com.kugou.android/com.kugou.common.useraccount.app.KgUserLoginAndRegActivity,userLeaving=false,finish]
06-07 15:50:48.160 1539 1659 I input_focus: [Focus request a4dbaed com.android.launcher3/com.android.launcher3.uioverrides.QuickstepLauncher,reason=UpdateInputWindows]
06-07 15:50:48.168 1539 1658 I sysui_multi_action: [757,803,799,window_time_2,802,9]
06-07 15:50:48.178 5455 5455 I wm_on_stop_called: [110728050,com.kugou.android.app.MediaActivity,LIFECYCLER_STOP_ACTIVITY]
06-07 15:50:48.187 1539 1811 I input_focus: [Focus leaving e0f28b4 com.kugou.android/com.kugou.common.useraccount.app.KgUserLoginAndRegActivity (server),reason=NO_WINDOW]
06-07 15:50:48.187 1539 1811 I input_focus: [Focus entering a4dbaed com.android.launcher3/com.android.launcher3.uioverrides.QuickstepLauncher (server),reason=setFocusedWindow]
06-07 15:50:48.261 1539 32760 D ActivityTaskManager: Skipping, freeform mode : Task{2f7168b #129 type=standard A=10100:android.task.kugou U=0 visible=false mode=freeform translucent=true sz=2 visible freeform task=true rootAffinity=10100:android.task.kugou isMini=false}
06-07 15:50:48.261 1539 32760 D ActivityTaskManager: Skipping, freeform mode : Task{bad5382 #123 type=standard A=10095:com.ss.android.ugc.aweme U=0 visible=false mode=freeform translucent=true sz=0 visible freeform task=true rootAffinity=10095:com.ss.android.ugc.aweme isMini=false}
06-07 15:50:48.322 1539 27183 I ActivityManager: Process com.kugou.android.support (pid 7859) has died: fg BTOP
06-07 15:50:48.325 1539 27183 I am_proc_died: [0,7859,com.kugou.android.support,0,3]
06-07 15:50:48.326 0 0 I [ 1767.001546] binder: undelivered transaction 890043, process died.
06-07 15:50:48.327 0 0 I [ 1767.001552] binder: send failed reply for transaction 890046 to 5455:5455
06-07 15:50:48.328 1539 27311 D CompatibilityChangeReporter: Compat change id reported: 135634846; UID 10100; state: DISABLED
06-07 15:50:48.328 1539 27311 D CompatibilityChangeReporter: Compat change id reported: 177438394; UID 10100; state: DISABLED
06-07 15:50:48.328 1539 27311 D CompatibilityChangeReporter: Compat change id reported: 135772972; UID 10100; state: DISABLED
06-07 15:50:48.328 1539 27311 D CompatibilityChangeReporter: Compat change id reported: 135754954; UID 10100; state: DISABLED
06-07 15:50:48.329 1539 1676 D CompatibilityChangeReporter: Compat change id reported: 143937733; UID 10100; state: DISABLED
06-07 15:50:48.334 1539 1676 I am_proc_start: [0,9552,10100,com.kugou.android.support,service,{com.kugou.android/com.kugou.framework.service.ipc.peripheral.connect.SupportService}]
06-07 15:50:48.334 1539 1676 I ActivityManager: Start proc 9552:com.kugou.android.support/u0a100 for service {com.kugou.android/com.kugou.framework.service.ipc.peripheral.connect.SupportService}
06-07 15:50:48.342 0 0 I [ 1767.018846] binder: 9552:9552 ioctl 40046210 7ff2b03764 returned -22
06-07 15:50:48.343 1539 27311 I am_proc_bound: [0,9552,com.kugou.android.support]
06-07 15:50:48.364 5455 5455 I wm_on_destroy_called: [110728050,com.kugou.android.app.MediaActivity,performDestroy]
06-07 15:50:48.370 5455 5455 I wm_on_top_resumed_lost_called: [242454420,com.kugou.common.useraccount.app.KgUserLoginAndRegActivity,topStateChangedWhenResumed]
06-07 15:50:48.371 1539 27311 I ActivityTaskManager: FOREGROUND_APPLICATION_CHANGED to com.android.launcher3.uioverrides.QuickstepLauncher
06-07 15:50:48.372 2594 2594 I wm_on_top_resumed_gained_called: [106440759,com.android.launcher3.uioverrides.QuickstepLauncher,topStateChangedWhenResumed]
06-07 15:50:48.409 5455 5455 I wm_on_paused_called: [242454420,com.kugou.common.useraccount.app.KgUserLoginAndRegActivity,performPause]
06-07 15:50:48.410 1539 1590 I wm_destroy_activity: [0,242454420,129,com.kugou.android/com.kugou.common.useraccount.app.KgUserLoginAndRegActivity,finish-imm:completePausedLocked]
06-07 15:50:48.412 1539 1658 I sysui_multi_action: [757,803,799,window_time_0,802,1]
06-07 15:50:48.427 1539 1539 I sysui_multi_action: [757,128,758,5,759,8,793,9889,794,0,795,6578,796,99,806,com.kugou.android,857,kg_play,858,2,947,0,1500,6578,1641,transport,1688,1,1745,1043716538]
06-07 15:50:48.427 1539 1539 I notification_canceled: [0|com.kugou.android|99|null|10100,8,9889,6578,0,-1,-1,NULL]
06-07 15:50:48.432 5455 5455 I wm_on_stop_called: [242454420,com.kugou.common.useraccount.app.KgUserLoginAndRegActivity,LIFECYCLER_STOP_ACTIVITY]
06-07 15:50:48.442 1539 1844 I GameModeConfig: isGameModeOn = false
06-07 15:50:48.444 1539 1539 I notification_enqueue: [10078,1916,com.android.systemui,1,empty_media,0,Notification(channel=empty_media_style_id shortcut=null contentView=null vibrate=null sound=null defaults=0x0 flags=0x20 color=0x00000000 category=transport groupKey=empty_media actions=5 vis=PRIVATE),0]
06-07 15:50:48.481 1539 32657 I ActivityManager: Process com.kugou.android (pid 5455) has died: fg SVC
06-07 15:50:48.481 1539 32657 I am_proc_died: [0,5455,com.kugou.android,0,10]
06-07 15:50:48.482 1539 23789 I WindowManager: WIN DEATH: Window{e0f28b4 u0 com.kugou.android/com.kugou.common.useraccount.app.KgUserLoginAndRegActivity}
06-07 15:50:48.513 1539 5969 D ActivityTaskManager: Skipping, freeform mode : Task{2f7168b #129 type=standard A=10100:android.task.kugou U=0 visible=false mode=freeform translucent=true sz=1 visible freeform task=true rootAffinity=10100:android.task.kugou isMini=false}
06-07 15:50:48.513 1539 5969 D ActivityTaskManager: Skipping, freeform mode : Task{bad5382 #123 type=standard A=10095:com.ss.android.ugc.aweme U=0 visible=false mode=freeform translucent=true sz=0 visible freeform task=true rootAffinity=10095:com.ss.android.ugc.aweme isMini=false}
06-07 15:50:48.646 1539 1539 I sysui_multi_action: [757,1501,758,1,793,203,794,0,795,203,796,1,797,empty_media,806,com.android.systemui,857,empty_media_style_id,858,4,946,empty_media,947,0,1500,0,1641,transport,1688,1,1745,1043716538]
06-07 15:50:48.646 1539 1539 I sysui_multi_action: [757,804,799,note_interruptive,801,0,802,1]
06-07 15:50:48.646 1539 1539 I GameModeConfig: isGameModeOn = false
06-07 15:50:48.649 1539 1539 W NotificationHistory: Attempted to add notif for locked/gone/disabled user 0
06-07 15:50:48.786 1539 1658 W ActivityManager: setHasOverlayUi called on unknown pid: 5455
06-07 15:50:48.801 1539 1659 I wm_task_removed: [129,removeChild:removeChild last r=ActivityRecord{e738f94 u0 com.kugou.android/com.kugou.common.useraccount.app.KgUserLoginAndRegActivity taskAffinity=10100:android.task.kugou t-1 f}} in t=Task{2f7168b #129 type=standard A=10100:android.task.kugou U=0 visible=false mode=freeform translucent=true sz=0 visible freeform task=true rootAffinity=10100:android.task.kugou isMini=false}]
06-07 15:50:48.801 1539 1659 I wm_task_removed: [129,removeChild]
06-07 15:50:48.834 0 0 I : [ 1767.509049] read descriptors
06-07 15:50:48.834 0 0 I : [ 1767.509171] read strings
06-07 15:50:48.837 1539 32657 E PackageDexUsage: Unsupported context?
06-07 15:50:48.975 2711 2711 I auditd : type=1400 audit(0.0:32186861): avc: denied { read } for comm="event_loop" lport=13400 scontext=u:r:hht_ota_mgr:s0 tcontext=u:r:hht_ota_mgr:s0 tclass=udp_socket permissive=0
06-07 15:50:48.979 2711 2711 I auditd : type=1400 audit(0.0:32186862): avc: denied { read } for comm="event_loop" lport=13400 scontext=u:r:hht_ota_mgr:s0 tcontext=u:r:hht_ota_mgr:s0 tclass=udp_socket permissive=0
06-07 15:50:48.979 2711 2711 I auditd : type=1400 audit(0.0:32186863): avc: denied { read } for comm="event_loop" lport=13400 scontext=u:r:hht_ota_mgr:s0 tcontext=u:r:hht_ota_mgr:s0 tclass=udp_socket permissive=0
06-07 15:50:48.979 2711 2711 I auditd : type=1400 audit(0.0:32186864): avc: denied { read } for comm="event_loop" lport=13400 scontext=u:r:hht_ota_mgr:s0 tcontext=u:r:hht_ota_mgr:s0 tclass=udp_socket permissive=0
06-07 15:50:48.979 2711 2711 I auditd : type=1400 audit(0.0:32186865): avc: denied { read } for comm="event_loop" lport=13400 scontext=u:r:hht_ota_mgr:s0 tcontext=u:r:hht_ota_mgr:s0 tclass=udp_socket permissive=0
06-07 15:50:48.986 0 0 W [ 1767.660061] audit: audit_lost=32184897 audit_rate_limit=5 audit_backlog_limit=64
06-07 15:50:48.986 0 0 E [ 1767.660063] audit: rate limit exceeded
06-07 15:50:49.003 1539 32657 D CompatibilityChangeReporter: Compat change id reported: 135634846; UID 10100; state: DISABLED
06-07 15:50:49.003 1539 32657 D CompatibilityChangeReporter: Compat change id reported: 177438394; UID 10100; state: DISABLED
06-07 15:50:49.003 1539 32657 D CompatibilityChangeReporter: Compat change id reported: 135772972; UID 10100; state: DISABLED
06-07 15:50:49.003 1539 32657 D CompatibilityChangeReporter: Compat change id reported: 135754954; UID 10100; state: DISABLED
