06-07 15:26:53.005 2140 9333 W ContextImpl: Calling a method in the system process without a qualified user: android.app.ContextImpl.sendBroadcast:1173 android.content.ContextWrapper.sendBroadcast:479 com.thundercomm.microsettings.action.SetTimeAction.timeUpdated:191 com.thundercomm.microsettings.action.SetTimeAction.update24HourFormat:173 com.thundercomm.microsettings.action.SetTimeAction.doActualAction:133
06-07 15:26:53.018 1539 1539 D DevicePolicyManager: updateSystemUpdateFreezePeriodsRecord
06-07 15:26:53.019 1539 1539 D ConditionProviders.SCP: onReceive android.intent.action.TIME_SET
06-07 15:26:53.020 1539 1539 D ConditionProviders.SCP: evaluateSubscriptionLocked cal=ScheduleCalendar[mDays={1, 2, 3, 4, 5, 6, 7}, mSchedule=ScheduleInfo{days=[1, 2, 3, 4, 5, 6, 7], startHour=22, startMinute=0, endHour=7, endMinute=0, exitAtAlarm=true, nextAlarm=Thu Jan 01 08:00:00 GMT+08:00 1970 (0)}], now=Wed Jun 07 15:26:53 GMT+08:00 2023 (1686122813019), nextUserAlarmTime=Thu Jan 01 08:00:00 GMT+08:00 1970 (0)
06-07 15:26:53.020 1539 1539 D ConditionProviders.SCP: notifyCondition condition://android/schedule?days=1.2.3.4.5.6.7&start=22.0&end=7.0&exitAtAlarm=true STATE_FALSE reason=!meetsSchedule
06-07 15:26:53.022 1539 1539 D ConditionProviders.SCP: Scheduling evaluate for Wed Jun 07 22:00:00 GMT+08:00 2023 (1686146400000), in +6h33m6s981ms, now=Wed Jun 07 15:26:53 GMT+08:00 2023 (1686122813019)
06-07 15:26:53.032 1539 1539 D CompatibilityChangeReporter: Compat change id reported: 171306433; UID 1000; state: ENABLED
06-07 15:26:53.664 0 0 I : [ 331.056931] read descriptors
06-07 15:26:53.664 0 0 I : [ 331.057136] read strings
06-07 15:26:54.684 0 0 I : [ 332.077242] read descriptors
06-07 15:26:54.684 0 0 I : [ 332.077457] read strings
06-07 15:26:54.992 0 0 I : [ 332.384733] qcom_rpmh DRV:apps_rsc TCS Busy, retrying RPMH message send: addr=0x50000
06-07 15:26:54.992 0 0 I : [ 332.384755] qcom_rpmh DRV:apps_rsc TCS Busy, retrying RPMH message send: addr=0x50000
06-07 15:26:54.992 0 0 I : [ 332.384773] qcom_rpmh DRV:apps_rsc TCS Busy, retrying RPMH message send: addr=0x50000
06-07 15:26:55.705 0 0 I : [ 333.097022] read descriptors
06-07 15:26:55.707 0 0 I : [ 333.097239] read strings
06-07 15:26:56.732 0 0 I : [ 334.124924] read descriptors
06-07 15:26:56.732 0 0 I : [ 334.125146] read strings
06-07 15:26:56.908 0 0 I : [ 334.303746] qcom_rpmh DRV:apps_rsc TCS Busy, retrying RPMH message send: addr=0x50000
06-07 15:26:56.908 0 0 I : [ 334.303770] qcom_rpmh DRV:apps_rsc TCS Busy, retrying RPMH message send: addr=0x50000
06-07 15:26:57.748 0 0 I : [ 335.141218] read descriptors
06-07 15:26:57.748 0 0 I : [ 335.141428] read strings
06-07 15:26:58.772 0 0 I : [ 336.165329] read descriptors
06-07 15:26:58.772 0 0 I : [ 336.165545] read strings
06-07 15:26:58.788 0 0 I [ 336.183213] init: processing action (sys.tlog.tlogdshc.active=1) from (/system/etc/init/tlogd.rc:195)
06-07 15:26:58.792 0 0 I [ 336.184535] init: starting service 'tlogdshc'...
06-07 15:26:58.916 0 0 I [ 336.311906] init: Service 'tlogdshc' (pid 9360) exited with status 0 oneshot service took 0.121000 seconds in background
06-07 15:26:58.916 0 0 I [ 336.311945] init: Sending signal 9 to service 'tlogdshc' (pid 9360) process group...
06-07 15:26:58.916 0 0 I [ 336.312263] libprocessgroup: Successfully killed process cgroup uid 0 pid 9360 in 0ms
06-07 15:26:59.234 1539 1539 D CompatibilityChangeReporter: Compat change id reported: 168419799; UID 1000; state: DISABLED
06-07 15:26:59.792 0 0 I : [ 337.185188] read descriptors
06-07 15:26:59.792 0 0 I : [ 337.185380] read strings
06-07 15:27:00.812 0 0 I : [ 338.205029] read descriptors
06-07 15:27:00.812 0 0 I : [ 338.205238] read strings
06-07 15:27:01.828 0 0 I : [ 339.221521] read descriptors
06-07 15:27:01.828 0 0 I : [ 339.221728] read strings
06-07 15:27:02.852 0 0 I : [ 340.244802] read descriptors
06-07 15:27:02.852 0 0 I : [ 340.245022] read strings
06-07 15:27:03.872 0 0 I : [ 341.265191] read descriptors
06-07 15:27:03.872 0 0 I : [ 341.265399] read strings
06-07 15:27:04.889 0 0 I : [ 342.281200] read descriptors
06-07 15:27:04.889 0 0 I : [ 342.281414] read strings
06-07 15:27:05.224 0 0 I : [ 342.619779] qcom_rpmh DRV:apps_rsc TCS Busy, retrying RPMH message send: addr=0x50000
06-07 15:27:05.909 0 0 I : [ 343.300820] read descriptors
06-07 15:27:05.909 0 0 I : [ 343.301023] read strings
06-07 15:27:05.916 0 0 I : [ 343.308765] qcom_rpmh DRV:apps_rsc TCS Busy, retrying RPMH message send: addr=0x50000
06-07 15:27:05.916 0 0 I : [ 343.308786] qcom_rpmh DRV:apps_rsc TCS Busy, retrying RPMH message send: addr=0x50000
06-07 15:27:05.916 0 0 I : [ 343.308803] qcom_rpmh DRV:apps_rsc TCS Busy, retrying RPMH message send: addr=0x50000
06-07 15:27:06.929 0 0 I : [ 344.323338] read descriptors
06-07 15:27:06.929 0 0 I : [ 344.323539] read strings
06-07 15:27:07.960 0 0 I : [ 345.353205] read descriptors
06-07 15:27:07.960 0 0 I : [ 345.353407] read strings
06-07 15:27:08.980 0 0 I : [ 346.373033] read descriptors
06-07 15:27:08.980 0 0 I : [ 346.373256] read strings
06-07 15:27:10.008 0 0 I : [ 347.400656] read descriptors
06-07 15:27:10.008 0 0 I : [ 347.400793] read strings
06-07 15:27:11.024 0 0 I : [ 348.417025] read descriptors
06-07 15:27:11.024 0 0 I : [ 348.417245] read strings
06-07 15:27:12.040 0 0 I : [ 349.433017] read descriptors
06-07 15:27:12.040 0 0 I : [ 349.433228] read strings
06-07 15:27:12.369 1539 1675 W ActivityManager: Stopping service due to app idle: u0a24 -1m6s7ms com.tencent.android.qqdownloader/com.tencent.assistant.sdk.SDKSupportService
06-07 15:27:12.369 1539 1675 W ActivityManager: Stopping service due to app idle: u0a24 -54s886ms com.tencent.android.qqdownloader/com.tencent.assistant.main.MainService
06-07 15:27:13.056 0 0 I : [ 350.448825] read descriptors
06-07 15:27:13.056 0 0 I : [ 350.449043] read strings
06-07 15:27:14.076 0 0 I : [ 351.469192] read descriptors
06-07 15:27:14.076 0 0 I : [ 351.469405] read strings
06-07 15:27:15.092 0 0 I : [ 352.485499] read descriptors
06-07 15:27:15.092 0 0 I : [ 352.485721] read strings
06-07 15:27:16.112 0 0 I : [ 353.505793] read descriptors
06-07 15:27:16.112 0 0 I : [ 353.506030] read strings
06-07 15:27:17.145 0 0 I : [ 354.536801] read descriptors
06-07 15:27:17.145 0 0 I : [ 354.536978] read strings
06-07 15:27:17.920 0 0 I : [ 355.314329] qcom_rpmh DRV:apps_rsc TCS Busy, retrying RPMH message send: addr=0x50000
06-07 15:27:17.920 0 0 I : [ 355.314352] qcom_rpmh DRV:apps_rsc TCS Busy, retrying RPMH message send: addr=0x50000
06-07 15:27:17.920 0 0 I : [ 355.314370] qcom_rpmh DRV:apps_rsc TCS Busy, retrying RPMH message send: addr=0x50000
06-07 15:27:18.164 0 0 I : [ 355.556919] read descriptors
06-07 15:27:18.164 0 0 I : [ 355.557125] read strings
06-07 15:27:19.180 0 0 I : [ 356.573170] read descriptors
06-07 15:27:19.180 0 0 I : [ 356.573378] read strings
06-07 15:27:20.200 0 0 I : [ 357.593832] read descriptors
06-07 15:27:20.200 0 0 I : [ 357.594043] read strings
06-07 15:27:21.216 0 0 I : [ 358.608912] read descriptors
06-07 15:27:21.216 0 0 I : [ 358.609117] read strings
06-07 15:27:22.232 0 0 I : [ 359.625638] read descriptors
06-07 15:27:22.232 0 0 I : [ 359.625845] read strings
06-07 15:27:23.248 0 0 I : [ 360.640889] read descriptors
06-07 15:27:23.248 0 0 I : [ 360.641090] read strings
06-07 15:27:24.268 0 0 I : [ 361.661314] read descriptors
06-07 15:27:24.268 0 0 I : [ 361.661530] read strings
06-07 15:27:25.288 0 0 I : [ 362.680516] read descriptors
06-07 15:27:25.288 0 0 I : [ 362.680601] read strings
06-07 15:27:26.308 0 0 I : [ 363.701026] read descriptors
06-07 15:27:26.308 0 0 I : [ 363.701245] read strings
06-07 15:27:27.230 1539 1539 I GameModeConfig: isGameModeOn = false
06-07 15:27:27.328 0 0 I : [ 364.720984] read descriptors
06-07 15:27:27.328 0 0 I : [ 364.721165] read strings
06-07 15:27:28.348 0 0 I : [ 365.740936] read descriptors
06-07 15:27:28.348 0 0 I : [ 365.741139] read strings
06-07 15:27:28.792 0 0 I [ 366.186471] init: processing action (sys.tlog.tlogdshc.active=1) from (/system/etc/init/tlogd.rc:195)
06-07 15:27:28.792 0 0 I [ 366.187599] init: starting service 'tlogdshc'...
06-07 15:27:28.908 0 0 I [ 366.302788] init: Service 'tlogdshc' (pid 9482) exited with status 0 oneshot service took 0.108000 seconds in background
06-07 15:27:28.908 0 0 I [ 366.302822] init: Sending signal 9 to service 'tlogdshc' (pid 9482) process group...
06-07 15:27:28.908 0 0 I [ 366.303033] libprocessgroup: Successfully killed process cgroup uid 0 pid 9482 in 0ms
06-07 15:27:29.360 0 0 I : [ 366.753017] read descriptors
06-07 15:27:29.360 0 0 I : [ 366.753232] read strings
06-07 15:27:30.384 0 0 I : [ 367.777078] read descriptors
06-07 15:27:30.384 0 0 I : [ 367.777294] read strings
06-07 15:27:31.404 0 0 I : [ 368.797220] read descriptors
06-07 15:27:31.404 0 0 I : [ 368.797431] read strings
06-07 15:27:32.424 0 0 I : [ 369.817066] read descriptors
06-07 15:27:32.424 0 0 I : [ 369.817286] read strings
06-07 15:27:33.452 0 0 I : [ 370.847201] read descriptors
06-07 15:27:33.452 0 0 I : [ 370.847409] read strings
06-07 15:27:34.292 1539 2929 W ActivityManager: Background start not allowed: service Intent { cmp=com.tencent.android.qqdownloader/com.tencent.assistant.sdk.SDKSupportService (has extras) } to com.tencent.android.qqdownloader/com.tencent.assistant.sdk.SDKSupportService from pid=3147 uid=10024 pkg=com.tencent.android.qqdownloader startFg?=false
06-07 15:27:34.302 1539 2929 W ActivityManager: Background start not allowed: service Intent { cmp=com.tencent.android.qqdownloader/com.tencent.assistant.sdk.SDKSupportService (has extras) } to com.tencent.android.qqdownloader/com.tencent.assistant.sdk.SDKSupportService from pid=3147 uid=10024 pkg=com.tencent.android.qqdownloader startFg?=false
06-07 15:27:34.336 1539 3020 W ActivityManager: Background start not allowed: service Intent { cmp=com.tencent.android.qqdownloader/com.tencent.assistant.sdk.SDKSupportService (has extras) } to com.tencent.android.qqdownloader/com.tencent.assistant.sdk.SDKSupportService from pid=3147 uid=10024 pkg=com.tencent.android.qqdownloader startFg?=false
06-07 15:27:34.343 1539 3020 W ActivityManager: Background start not allowed: service Intent { cmp=com.tencent.android.qqdownloader/com.tencent.assistant.sdk.SDKSupportService (has extras) } to com.tencent.android.qqdownloader/com.tencent.assistant.sdk.SDKSupportService from pid=3147 uid=10024 pkg=com.tencent.android.qqdownloader startFg?=false
06-07 15:27:34.468 0 0 I : [ 371.860794] read descriptors
06-07 15:27:34.468 0 0 I : [ 371.860999] read strings
06-07 15:27:35.492 0 0 I : [ 372.884740] read descriptors
06-07 15:27:35.492 0 0 I : [ 372.884897] read strings
06-07 15:27:36.508 0 0 I : [ 373.900845] read descriptors
06-07 15:27:36.508 0 0 I : [ 373.901074] read strings
06-07 15:27:37.524 0 0 I : [ 374.916826] read descriptors
06-07 15:27:37.524 0 0 I : [ 374.917151] read strings
06-07 15:27:38.540 0 0 I : [ 375.933122] read descriptors
06-07 15:27:38.540 0 0 I : [ 375.933342] read strings
06-07 15:27:39.556 0 0 I : [ 376.948845] read descriptors
06-07 15:27:39.556 0 0 I : [ 376.949052] read strings
06-07 15:27:40.572 0 0 I : [ 377.965401] read descriptors
06-07 15:27:40.572 0 0 I : [ 377.965618] read strings
06-07 15:27:41.592 0 0 I : [ 378.985501] read descriptors
06-07 15:27:41.592 0 0 I : [ 378.985716] read strings
06-07 15:27:42.604 0 0 I : [ 379.997216] read descriptors
06-07 15:27:42.604 0 0 I : [ 379.997439] read strings
06-07 15:27:43.174 1539 1703 I PowerManagerService: Napping display group (groupId=0, uid=1000)...
06-07 15:27:43.174 1539 1703 I PowerManagerService: Nap time (uid 1000)...
06-07 15:27:43.184 1539 1703 V DisplayPowerController[0]: Brightness [0.05] reason changing to: 'manual [ dim ]', previous reason: 'manual'.
06-07 15:27:43.185 1539 1703 I DreamManagerService: Entering dreamland.
06-07 15:27:43.186 1539 1539 I ActivityManager: Killing 3097:com.android.traceur/u0a34 (adj 999): empty #31
06-07 15:27:43.188 1539 1703 I PowerManagerService: Dreaming...
06-07 15:27:43.190 1539 1890 E DisplayDeviceConfig: requesting nits when no mapping exists.
06-07 15:27:43.191 1539 1890 E DisplayDeviceConfig: requesting nits when no mapping exists.
06-07 15:27:43.192 1539 1655 I DreamController: Starting dream: name=ComponentInfo{com.thundercomm.screensaver/com.thundercomm.screensaver.service.SystemDream}, isTest=false, canDoze=false, userId=0
06-07 15:27:43.192 1539 1675 I DropBoxManagerService: add tag=system_server_wtf isTagEnabled=true flags=0x2
06-07 15:27:43.199 1539 1675 I DropBoxManagerService: add tag=system_server_wtf isTagEnabled=true flags=0x2
06-07 15:27:43.207 1539 1890 E DisplayDeviceConfig: requesting nits when no mapping exists.
06-07 15:27:43.207 1539 1890 E DisplayDeviceConfig: requesting nits when no mapping exists.
06-07 15:27:43.209 1539 1675 I DropBoxManagerService: add tag=system_server_wtf isTagEnabled=true flags=0x2
06-07 15:27:43.210 1539 1675 I DropBoxManagerService: add tag=system_server_wtf isTagEnabled=true flags=0x2
06-07 15:27:43.213 1539 5969 I ActivityTaskManager: START u0 {flg=0x10000000 pkg=com.thundercomm.screensaver cmp=com.thundercomm.screensaver/android.service.dreams.DreamActivity (has extras)} from uid 1000
06-07 15:27:43.215 1539 5969 D CompatibilityChangeReporter: Compat change id reported: 174042980; UID 1000; state: DISABLED
06-07 15:27:43.215 1539 5969 D ActivityTaskManager: TaskLaunchParamsModifier:task=null activity=ActivityRecord{27abd26 u0 com.thundercomm.screensaver/android.service.dreams.DreamActivity taskAffinity=1000:android:com.thundercomm.screensaver/dream display-id=0 display-windowing-mode=1 suggested-display-area=DefaultTaskDisplayArea@11319769
06-07 15:27:43.215 1539 5969 D ActivityTaskManager: TaskLaunchParamsModifier:task=null activity=ActivityRecord{27abd26 u0 com.thundercomm.screensaver/android.service.dreams.DreamActivity taskAffinity=1000:android:com.thundercomm.screensaver/dream t-1} display-id=0 display-windowing-mode=1 suggested-display-area=DefaultTaskDisplayArea@11319769 non-freeform-display display-area=DefaultTaskDisplayArea@11319769
06-07 15:27:43.215 1539 5969 W ActivityTaskManager: Can't find TaskDisplayArea to determine support for multi window. Task id=116 attached=false
06-07 15:27:43.218 1539 5969 D ActivityTaskManager: TaskLaunchParamsModifier:task=Task{5484d67 #116 type=dream A=1000:android:com.thundercomm.screensaver/dream U=0 visible=false mode=fullscreen translucent=true sz=0 visible freeform task=true rootAffinity=1000:android:com.thundercomm.screensaver/dream isMini=false} activity=ActivityRecord{27abd26 u0 com.thundercomm.screensaver/android.service.dreams.DreamActivity taskAffinity=1000:android:com.thundercomm.screensaver/dream t-1} display-from-task=0 display-id=0 display-windowing-mode=1 suggested-display-area=DefaultTaskDisplayArea@11319769 non-freeform-display display-area=DefaultTaskDisplayArea@11319769
06-07 15:27:43.224 1539 1890 E DisplayDeviceConfig: requesting nits when no mapping exists.
06-07 15:27:43.224 1539 1890 E DisplayDeviceConfig: requesting nits when no mapping exists.
06-07 15:27:43.225 1539 1675 I DropBoxManagerService: add tag=system_server_wtf isTagEnabled=true flags=0x2
06-07 15:27:43.238 1539 2929 I ActivityTaskManager: FOREGROUND_APPLICATION_CHANGED to android.service.dreams.DreamActivity
06-07 15:27:43.238 1539 2929 I ActivityTaskManager: The Process com.thundercomm.screensaver Already Exists in BG. So sending its PID: 6880
06-07 15:27:43.238 1539 2929 W ActivityTaskManager: Tried to set launchTime (0) < mLastActivityLaunchTime (92714)
06-07 15:27:43.240 1539 1890 E DisplayDeviceConfig: requesting nits when no mapping exists.
06-07 15:27:43.240 1539 1890 E DisplayDeviceConfig: requesting nits when no mapping exists.
06-07 15:27:43.256 1539 1890 E DisplayDeviceConfig: requesting nits when no mapping exists.
06-07 15:27:43.256 1539 1890 E DisplayDeviceConfig: requesting nits when no mapping exists.
06-07 15:27:43.266 1539 2929 W WindowManager: Failed looking up window session=Session{8e7ac64 6880:1000} callers=com.android.server.wm.WindowManagerService.windowForClientLocked:5628 com.android.server.wm.Session.insetsModified:629 android.view.IWindowSession$Stub.onTransact:1151
06-07 15:27:43.272 1539 1890 E DisplayDeviceConfig: requesting nits when no mapping exists.
06-07 15:27:43.273 1539 1890 E DisplayDeviceConfig: requesting nits when no mapping exists.
06-07 15:27:43.283 1539 1703 V DisplayPowerController[0]: Brightness [0.8989899] reason changing to: 'manual', previous reason: 'manual [ dim ]'.
06-07 15:27:43.289 1539 1890 E DisplayDeviceConfig: requesting nits when no mapping exists.
06-07 15:27:43.289 1539 1890 E DisplayDeviceConfig: requesting nits when no mapping exists.
06-07 15:27:43.306 1539 1890 E DisplayDeviceConfig: requesting nits when no mapping exists.
06-07 15:27:43.306 1539 1890 E DisplayDeviceConfig: requesting nits when no mapping exists.
06-07 15:27:43.323 1539 1890 E DisplayDeviceConfig: requesting nits when no mapping exists.
06-07 15:27:43.323 1539 1890 E DisplayDeviceConfig: requesting nits when no mapping exists.
06-07 15:27:43.339 1539 1890 E DisplayDeviceConfig: requesting nits when no mapping exists.
06-07 15:27:43.339 1539 1890 E DisplayDeviceConfig: requesting nits when no mapping exists.
06-07 15:27:43.355 1539 1890 E DisplayDeviceConfig: requesting nits when no mapping exists.
06-07 15:27:43.356 1539 1890 E DisplayDeviceConfig: requesting nits when no mapping exists.
06-07 15:27:43.372 1539 1890 E DisplayDeviceConfig: requesting nits when no mapping exists.
06-07 15:27:43.373 1539 1890 E DisplayDeviceConfig: requesting nits when no mapping exists.
06-07 15:27:43.624 0 0 I : [ 381.020191] read descriptors
06-07 15:27:43.624 0 0 I : [ 381.020223] read strings
06-07 15:27:44.640 0 0 I : [ 382.036122] read descriptors
06-07 15:27:44.640 0 0 I : [ 382.036157] read strings
06-07 15:27:45.284 0 0 I : [ 382.676307] qcom_rpmh DRV:apps_rsc TCS Busy, retrying RPMH message send: addr=0x50000
06-07 15:27:45.284 0 0 I : [ 382.676329] qcom_rpmh DRV:apps_rsc TCS Busy, retrying RPMH message send: addr=0x50000
06-07 15:27:45.336 0 0 I : [ 382.729675] IRQ 5: no longer affine to CPU7
06-07 15:27:45.664 0 0 I : [ 383.059126] read descriptors
06-07 15:27:45.664 0 0 I : [ 383.059335] read strings
06-07 15:27:46.376 0 0 I [ 383.771769] afe_close: port_id = 0x9000
06-07 15:27:46.685 0 0 I : [ 384.077826] read descriptors
06-07 15:27:46.685 0 0 I : [ 384.078027] read strings
06-07 15:27:47.705 0 0 I : [ 385.097942] read descriptors
06-07 15:27:47.705 0 0 I : [ 385.098152] read strings
06-07 15:27:48.716 0 0 I : [ 386.109959] read descriptors
06-07 15:27:48.717 0 0 I : [ 386.110160] read strings
06-07 15:27:49.733 0 0 I : [ 387.125812] read descriptors
06-07 15:27:49.733 0 0 I : [ 387.126017] read strings
06-07 15:27:50.748 0 0 I : [ 388.141777] read descriptors
06-07 15:27:50.749 0 0 I : [ 388.141979] read strings
06-07 15:27:51.764 0 0 I : [ 389.157938] read descriptors
06-07 15:27:51.764 0 0 I : [ 389.158145] read strings
06-07 15:27:52.784 0 0 I : [ 390.177771] read descriptors
06-07 15:27:52.784 0 0 I : [ 390.177971] read strings
06-07 15:27:53.804 0 0 I : [ 391.197916] read descriptors
06-07 15:27:53.804 0 0 I : [ 391.198132] read strings
06-07 15:27:54.820 0 0 I : [ 392.213907] read descriptors
06-07 15:27:54.820 0 0 I : [ 392.214106] read strings
06-07 15:27:55.836 0 0 I : [ 393.229770] read descriptors
06-07 15:27:55.836 0 0 I : [ 393.229964] read strings
06-07 15:27:56.852 0 0 I : [ 394.245762] read descriptors
06-07 15:27:56.852 0 0 I : [ 394.245958] read strings
06-07 15:27:57.868 0 0 I : [ 395.261854] read descriptors
06-07 15:27:57.868 0 0 I : [ 395.262053] read strings
06-07 15:27:58.796 0 0 I [ 396.188522] init: processing action (sys.tlog.tlogdshc.active=1) from (/system/etc/init/tlogd.rc:195)
06-07 15:27:58.796 0 0 I [ 396.189436] init: starting service 'tlogdshc'...
06-07 15:27:58.892 0 0 I : [ 396.284519] read descriptors
06-07 15:27:58.892 0 0 I : [ 396.284611] read strings
06-07 15:27:58.912 0 0 I [ 396.307287] init: Service 'tlogdshc' (pid 9625) exited with status 0 oneshot service took 0.111000 seconds in background
06-07 15:27:58.912 0 0 I [ 396.307319] init: Sending signal 9 to service 'tlogdshc' (pid 9625) process group...
06-07 15:27:58.912 0 0 I [ 396.307525] libprocessgroup: Successfully killed process cgroup uid 0 pid 9625 in 0ms
06-07 15:27:59.912 0 0 I : [ 397.305986] read descriptors
06-07 15:27:59.913 0 0 I : [ 397.306199] read strings
06-07 15:28:00.928 0 0 I : [ 398.321741] read descriptors
06-07 15:28:00.928 0 0 I : [ 398.322058] read strings
06-07 15:28:01.948 0 0 I : [ 399.340821] read descriptors
06-07 15:28:01.948 0 0 I : [ 399.341032] read strings
06-07 15:28:02.972 0 0 I : [ 400.364474] read descriptors
06-07 15:28:02.972 0 0 I : [ 400.364589] read strings
06-07 15:28:03.988 0 0 I : [ 401.380725] read descriptors
06-07 15:28:03.988 0 0 I : [ 401.380933] read strings
06-07 15:28:05.004 0 0 I : [ 402.396701] read descriptors
06-07 15:28:05.004 0 0 I : [ 402.396902] read strings
06-07 15:28:06.028 0 0 I : [ 403.420799] read descriptors
06-07 15:28:06.028 0 0 I : [ 403.420975] read strings
06-07 15:28:07.044 0 0 I : [ 404.436837] read descriptors
06-07 15:28:07.044 0 0 I : [ 404.437040] read strings
06-07 15:28:07.761 1539 1703 V DisplayPowerController[0]: Brightness [0.7979798] manual adjustment.
06-07 15:28:07.773 1539 1890 E DisplayDeviceConfig: requesting nits when no mapping exists.
06-07 15:28:07.774 1539 1890 E DisplayDeviceConfig: requesting nits when no mapping exists.
06-07 15:28:07.775 1539 1675 I DropBoxManagerService: add tag=system_server_wtf isTagEnabled=true flags=0x2
06-07 15:28:07.778 1539 1675 I DropBoxManagerService: add tag=system_server_wtf isTagEnabled=true flags=0x2
06-07 15:28:07.790 1539 1890 E DisplayDeviceConfig: requesting nits when no mapping exists.
06-07 15:28:07.790 1539 1890 E DisplayDeviceConfig: requesting nits when no mapping exists.
06-07 15:28:07.791 1539 1675 I DropBoxManagerService: add tag=system_server_wtf isTagEnabled=true flags=0x2
06-07 15:28:07.792 1539 1675 I DropBoxManagerService: add tag=system_server_wtf isTagEnabled=true flags=0x2
06-07 15:28:07.807 1539 1890 E DisplayDeviceConfig: requesting nits when no mapping exists.
06-07 15:28:07.807 1539 1890 E DisplayDeviceConfig: requesting nits when no mapping exists.
06-07 15:28:07.807 1539 1675 I DropBoxManagerService: add tag=system_server_wtf isTagEnabled=true flags=0x2
06-07 15:28:07.824 1539 1890 E DisplayDeviceConfig: requesting nits when no mapping exists.
06-07 15:28:07.824 1539 1890 E DisplayDeviceConfig: requesting nits when no mapping exists.
06-07 15:28:07.841 1539 1890 E DisplayDeviceConfig: requesting nits when no mapping exists.
06-07 15:28:07.841 1539 1890 E DisplayDeviceConfig: requesting nits when no mapping exists.
06-07 15:28:07.857 1539 1890 E DisplayDeviceConfig: requesting nits when no mapping exists.
06-07 15:28:07.857 1539 1890 E DisplayDeviceConfig: requesting nits when no mapping exists.
06-07 15:28:07.874 1539 1890 E DisplayDeviceConfig: requesting nits when no mapping exists.
06-07 15:28:07.874 1539 1890 E DisplayDeviceConfig: requesting nits when no mapping exists.
06-07 15:28:08.064 0 0 I : [ 405.456852] read descriptors
06-07 15:28:08.064 0 0 I : [ 405.457056] read strings
06-07 15:28:08.468 1539 1703 V DisplayPowerController[0]: Brightness [0.8484849] manual adjustment.
06-07 15:28:08.474 1539 1890 E DisplayDeviceConfig: requesting nits when no mapping exists.
06-07 15:28:08.475 1539 1890 E DisplayDeviceConfig: requesting nits when no mapping exists.
06-07 15:28:08.490 1539 1890 E DisplayDeviceConfig: requesting nits when no mapping exists.
06-07 15:28:08.490 1539 1890 E DisplayDeviceConfig: requesting nits when no mapping exists.
06-07 15:28:08.507 1539 1890 E DisplayDeviceConfig: requesting nits when no mapping exists.
06-07 15:28:08.507 1539 1890 E DisplayDeviceConfig: requesting nits when no mapping exists.
06-07 15:28:08.524 1539 1890 E DisplayDeviceConfig: requesting nits when no mapping exists.
06-07 15:28:08.524 1539 1890 E DisplayDeviceConfig: requesting nits when no mapping exists.
06-07 15:28:08.874 1539 1703 V DisplayPowerController[0]: Brightness [0.8989899] manual adjustment.
06-07 15:28:08.890 1539 1890 E DisplayDeviceConfig: requesting nits when no mapping exists.
06-07 15:28:08.890 1539 1890 E DisplayDeviceConfig: requesting nits when no mapping exists.
06-07 15:28:08.906 1539 1890 E DisplayDeviceConfig: requesting nits when no mapping exists.
06-07 15:28:08.907 1539 1890 E DisplayDeviceConfig: requesting nits when no mapping exists.
06-07 15:28:08.924 1539 1890 E DisplayDeviceConfig: requesting nits when no mapping exists.
06-07 15:28:08.925 1539 1890 E DisplayDeviceConfig: requesting nits when no mapping exists.
06-07 15:28:09.108 0 0 I : [ 406.500814] read descriptors
06-07 15:28:09.108 0 0 I : [ 406.500919] read strings
06-07 15:28:09.286 1539 3012 W ActivityManager: Background start not allowed: service Intent { cmp=com.tencent.android.qqdownloader/com.tencent.assistant.sdk.SDKSupportService (has extras) } to com.tencent.android.qqdownloader/com.tencent.assistant.sdk.SDKSupportService from pid=3147 uid=10024 pkg=com.tencent.android.qqdownloader startFg?=false
06-07 15:28:09.297 1539 3012 W ActivityManager: Background start not allowed: service Intent { cmp=com.tencent.android.qqdownloader/com.tencent.assistant.sdk.SDKSupportService (has extras) } to com.tencent.android.qqdownloader/com.tencent.assistant.sdk.SDKSupportService from pid=3147 uid=10024 pkg=com.tencent.android.qqdownloader startFg?=false
06-07 15:28:09.323 1539 3012 W ActivityManager: Background start not allowed: service Intent { cmp=com.tencent.android.qqdownloader/com.tencent.assistant.sdk.SDKSupportService (has extras) } to com.tencent.android.qqdownloader/com.tencent.assistant.sdk.SDKSupportService from pid=3147 uid=10024 pkg=com.tencent.android.qqdownloader startFg?=false
06-07 15:28:09.329 1539 3012 W ActivityManager: Background start not allowed: service Intent { cmp=com.tencent.android.qqdownloader/com.tencent.assistant.sdk.SDKSupportService (has extras) } to com.tencent.android.qqdownloader/com.tencent.assistant.sdk.SDKSupportService from pid=3147 uid=10024 pkg=com.tencent.android.qqdownloader startFg?=false
06-07 15:28:10.124 0 0 I : [ 407.516777] read descriptors
06-07 15:28:10.124 0 0 I : [ 407.516986] read strings
06-07 15:28:11.140 0 0 I : [ 408.532726] read descriptors
06-07 15:28:11.140 0 0 I : [ 408.532922] read strings
06-07 15:28:12.156 0 0 I : [ 409.549296] read descriptors
06-07 15:28:12.156 0 0 I : [ 409.549502] read strings
06-07 15:28:13.168 0 0 I : [ 410.561242] read descriptors
06-07 15:28:13.168 0 0 I : [ 410.561448] read strings
06-07 15:28:14.188 0 0 I : [ 411.580907] read descriptors
06-07 15:28:14.188 0 0 I : [ 411.581110] read strings
06-07 15:28:15.204 0 0 I : [ 412.596783] read descriptors
06-07 15:28:15.204 0 0 I : [ 412.596995] read strings
06-07 15:28:16.220 0 0 I : [ 413.612716] read descriptors
06-07 15:28:16.220 0 0 I : [ 413.612909] read strings
06-07 15:28:17.244 0 0 I : [ 414.637244] read descriptors
06-07 15:28:17.244 0 0 I : [ 414.637446] read strings
06-07 15:28:18.260 0 0 I : [ 415.652891] read descriptors
06-07 15:28:18.260 0 0 I : [ 415.653097] read strings
06-07 15:28:19.276 0 0 I : [ 416.669387] read descriptors
06-07 15:28:19.276 0 0 I : [ 416.669592] read strings
06-07 15:28:20.296 0 0 I : [ 417.689256] read descriptors
06-07 15:28:20.296 0 0 I : [ 417.689455] read strings
06-07 15:28:21.312 0 0 I : [ 418.704806] read descriptors
06-07 15:28:21.312 0 0 I : [ 418.705010] read strings
06-07 15:28:21.346 1539 1703 V DisplayPowerController[0]: Brightness [0.8484849] manual adjustment.
06-07 15:28:21.358 1539 1890 E DisplayDeviceConfig: requesting nits when no mapping exists.
06-07 15:28:21.358 1539 1890 E DisplayDeviceConfig: requesting nits when no mapping exists.
06-07 15:28:21.361 1539 1675 I DropBoxManagerService: add tag=system_server_wtf isTagEnabled=true flags=0x2
06-07 15:28:21.363 1539 1675 I DropBoxManagerService: add tag=system_server_wtf isTagEnabled=true flags=0x2
06-07 15:28:21.374 1539 1890 E DisplayDeviceConfig: requesting nits when no mapping exists.
06-07 15:28:21.374 1539 1890 E DisplayDeviceConfig: requesting nits when no mapping exists.
06-07 15:28:21.374 1539 1675 I DropBoxManagerService: add tag=system_server_wtf isTagEnabled=true flags=0x2
06-07 15:28:21.375 1539 1675 I DropBoxManagerService: add tag=system_server_wtf isTagEnabled=true flags=0x2
06-07 15:28:21.391 1539 1890 E DisplayDeviceConfig: requesting nits when no mapping exists.
06-07 15:28:21.391 1539 1890 E DisplayDeviceConfig: requesting nits when no mapping exists.
06-07 15:28:21.393 1539 1675 I DropBoxManagerService: add tag=system_server_wtf isTagEnabled=true flags=0x2
06-07 15:28:21.407 1539 1890 E DisplayDeviceConfig: requesting nits when no mapping exists.
06-07 15:28:21.408 1539 1890 E DisplayDeviceConfig: requesting nits when no mapping exists.
06-07 15:28:22.336 0 0 I : [ 419.729133] read descriptors
06-07 15:28:22.336 0 0 I : [ 419.729337] read strings
06-07 15:28:23.356 0 0 I : [ 420.749309] read descriptors
06-07 15:28:23.356 0 0 I : [ 420.749502] read strings
06-07 15:28:24.084 6880 6880 V DreamService[SystemDream]: mActionDownY = 1051.0
06-07 15:28:24.084 6880 6880 V DreamService[SystemDream]: mActionUpY = 566.0
06-07 15:28:24.093 1539 3014 I DreamManagerService: Gently waking up from dream.
06-07 15:28:24.094 1539 1655 I DreamManagerService: Performing gentle wake from dream.
06-07 15:28:24.097 1539 2929 I ActivityTaskManager: FOREGROUND_APPLICATION_CHANGED to com.android.documentsui.files.FilesActivity
06-07 15:28:24.275 1539 1703 I PowerManagerService: Powering on display group fromDreaming (groupId=0, uid=1000, reason=WAKE_REASON_UNKNOWN, details=android.server.power:DREAM_FINISHED)...
06-07 15:28:24.275 1539 1703 I PowerManagerService: Waking up from Dreaming (uid=1000, reason=WAKE_REASON_UNKNOWN, details=android.server.power:DREAM_FINISHED)...
06-07 15:28:24.384 0 0 I : [ 421.776571] read descriptors
06-07 15:28:24.384 0 0 I : [ 421.776662] read strings
06-07 15:28:24.732 1539 2661 I DreamManagerService: Leaving dreamland.
06-07 15:28:24.733 1539 1655 I DreamManagerService: Performing gentle wake from dream.
06-07 15:28:24.733 1539 1655 I DreamController: Stopping dream: name=ComponentInfo{com.thundercomm.screensaver/com.thundercomm.screensaver.service.SystemDream}, isTest=false, canDoze=false, userId=0, reason='finished self'(from 'finished self')
06-07 15:28:24.748 1539 2661 W ActivityTaskManager: Can't find TaskDisplayArea to determine support for multi window. Task id=116 attached=false
06-07 15:28:25.408 0 0 I : [ 422.800548] read descriptors
06-07 15:28:25.408 0 0 I : [ 422.800688] read strings
06-07 15:28:26.432 0 0 I : [ 423.824822] read descriptors
06-07 15:28:26.432 0 0 I : [ 423.824951] read strings
06-07 15:28:27.452 0 0 I : [ 424.845166] read descriptors
06-07 15:28:27.452 0 0 I : [ 424.845458] read strings
06-07 15:28:28.476 0 0 I : [ 425.868705] read descriptors
06-07 15:28:28.476 0 0 I : [ 425.868819] read strings
06-07 15:28:28.693 1539 1539 I GameModeConfig: isGameModeOn = false
06-07 15:28:28.796 0 0 I [ 426.191070] init: processing action (sys.tlog.tlogdshc.active=1) from (/system/etc/init/tlogd.rc:195)
06-07 15:28:28.796 0 0 I [ 426.191974] init: starting service 'tlogdshc'...
06-07 15:28:28.916 0 0 I [ 426.311308] init: Service 'tlogdshc' (pid 9773) exited with status 0 oneshot service took 0.112000 seconds in background
06-07 15:28:28.916 0 0 I [ 426.311344] init: Sending signal 9 to service 'tlogdshc' (pid 9773) process group...
06-07 15:28:28.916 0 0 I [ 426.311569] libprocessgroup: Successfully killed process cgroup uid 0 pid 9773 in 0ms
06-07 15:28:29.492 0 0 I : [ 426.884835] read descriptors
06-07 15:28:29.492 0 0 I : [ 426.885048] read strings
06-07 15:28:30.508 0 0 I : [ 427.900866] read descriptors
06-07 15:28:30.508 0 0 I : [ 427.901077] read strings
06-07 15:28:31.261 1539 2661 I ActivityTaskManager: START u0 {act=android.intent.action.VIEW dat=content://com.android.externalstorage.documents/document/primary:1.mp4 typ=video/mp4 flg=0x20000003 cmp=android/com.android.internal.app.ResolverActivity} from uid 10020
06-07 15:28:31.262 1539 2661 D ActivityTaskManager: TaskLaunchParamsModifier:task=null activity=ActivityRecord{2def838 u0 android/com.android.internal.app.ResolverActivity taskAffinity=null display-area-from-source=DefaultTaskDisplayArea@11319769 display-id=0 display-windowing-mode=1 suggested-display-area=DefaultTaskDisplayArea@11319769
06-07 15:28:31.262 1539 2661 D ActivityTaskManager: TaskLaunchParamsModifier:task=Task{e8011e9 #115 type=standard A=10020:com.android.documentsui U=0 visible=true mode=fullscreen translucent=false sz=1 visible freeform task=true rootAffinity=10020:com.android.documentsui isMini=false} activity=ActivityRecord{2def838 u0 android/com.android.internal.app.ResolverActivity taskAffinity=null t-1} display-area-from-source=DefaultTaskDisplayArea@11319769 display-id=0 display-windowing-mode=1 suggested-display-area=DefaultTaskDisplayArea@11319769 inherit-from-source=fullscreen activity-options-fullscreen=Rect(0, 0 - 0, 0) non-freeform-display display-area=DefaultTaskDisplayArea@11319769
06-07 15:28:31.269 1539 3014 I ActivityTaskManager: FOREGROUND_APPLICATION_CHANGED to com.android.internal.app.ResolverActivity
06-07 15:28:31.269 1539 3014 I ActivityTaskManager: The Process system:ui Already Exists in BG. So sending its PID: 8713
06-07 15:28:31.269 1539 3014 W ActivityTaskManager: Tried to set launchTime (0) < mLastActivityLaunchTime (299078)
06-07 15:28:31.533 0 0 I : [ 428.928674] read descriptors
06-07 15:28:31.533 0 0 I : [ 428.928874] read strings
06-07 15:28:32.556 0 0 I : [ 429.948822] read descriptors
06-07 15:28:32.556 0 0 I : [ 429.949016] read strings
06-07 15:28:33.572 0 0 I : [ 430.964813] read descriptors
06-07 15:28:33.572 0 0 I : [ 430.965021] read strings
06-07 15:28:34.584 0 0 I : [ 431.976829] read descriptors
06-07 15:28:34.584 0 0 I : [ 431.977031] read strings
06-07 15:28:35.604 0 0 I : [ 432.997052] read descriptors
06-07 15:28:35.604 0 0 I : [ 432.997255] read strings
06-07 15:28:36.620 0 0 I : [ 434.013035] read descriptors
06-07 15:28:36.620 0 0 I : [ 434.013240] read strings
06-07 15:28:37.640 0 0 I : [ 435.032838] read descriptors
06-07 15:28:37.640 0 0 I : [ 435.033046] read strings
06-07 15:28:38.510 1539 1703 V DisplayPowerController[0]: Brightness [0.7979798] manual adjustment.
06-07 15:28:38.524 1539 1890 E DisplayDeviceConfig: requesting nits when no mapping exists.
06-07 15:28:38.524 1539 1890 E DisplayDeviceConfig: requesting nits when no mapping exists.
06-07 15:28:38.526 1539 1675 I DropBoxManagerService: add tag=system_server_wtf isTagEnabled=true flags=0x2
06-07 15:28:38.527 1539 1675 I DropBoxManagerService: add tag=system_server_wtf isTagEnabled=true flags=0x2
06-07 15:28:38.541 1539 1890 E DisplayDeviceConfig: requesting nits when no mapping exists.
06-07 15:28:38.541 1539 1890 E DisplayDeviceConfig: requesting nits when no mapping exists.
06-07 15:28:38.542 1539 1675 I DropBoxManagerService: add tag=system_server_wtf isTagEnabled=true flags=0x2
06-07 15:28:38.543 1539 1675 I DropBoxManagerService: add tag=system_server_wtf isTagEnabled=true flags=0x2
06-07 15:28:38.558 1539 1890 E DisplayDeviceConfig: requesting nits when no mapping exists.
06-07 15:28:38.558 1539 1890 E DisplayDeviceConfig: requesting nits when no mapping exists.
06-07 15:28:38.559 1539 1675 I DropBoxManagerService: add tag=system_server_wtf isTagEnabled=true flags=0x2
06-07 15:28:38.574 1539 1890 E DisplayDeviceConfig: requesting nits when no mapping exists.
06-07 15:28:38.575 1539 1890 E DisplayDeviceConfig: requesting nits when no mapping exists.
06-07 15:28:38.656 0 0 I : [ 436.048787] read descriptors
06-07 15:28:38.656 0 0 I : [ 436.048996] read strings
06-07 15:28:39.676 0 0 I : [ 437.068832] read descriptors
06-07 15:28:39.676 0 0 I : [ 437.069034] read strings
06-07 15:28:40.688 0 0 I : [ 438.080757] read descriptors
06-07 15:28:40.688 0 0 I : [ 438.080968] read strings
06-07 15:28:41.708 0 0 I : [ 439.100828] read descriptors
06-07 15:28:41.708 0 0 I : [ 439.101034] read strings
06-07 15:28:42.728 0 0 I : [ 440.120882] read descriptors
06-07 15:28:42.728 0 0 I : [ 440.121089] read strings
06-07 15:28:43.744 0 0 I : [ 441.136797] read descriptors
06-07 15:28:43.744 0 0 I : [ 441.137000] read strings
06-07 15:28:44.768 0 0 I : [ 442.160777] read descriptors
06-07 15:28:44.768 0 0 I : [ 442.160900] read strings
06-07 15:28:45.710 1539 3020 I ActivityTaskManager: START u0 {act=android.intent.action.VIEW dat=content://com.android.externalstorage.documents/document/primary:1.mp4 typ=video/mp4 flg=0x23000003 cmp=com.android.gallery3d/.app.MovieActivity} from uid 10020
06-07 15:28:45.714 1539 3020 D ActivityTaskManager: TaskLaunchParamsModifier:task=null activity=ActivityRecord{abf6f72 u0 com.android.gallery3d/.app.MovieActivity taskAffinity=10065:com.android.gallery3d display-area-from-source=DefaultTaskDisplayArea@11319769 display-id=0 display-windowing-mode=1 suggested-display-area=DefaultTaskDisplayArea@11319769
06-07 15:28:45.715 1539 3020 D ActivityTaskManager: TaskLaunchParamsModifier:task=Task{e8011e9 #115 type=standard A=10020:com.android.documentsui U=0 visible=true mode=fullscreen translucent=false sz=2 visible freeform task=true rootAffinity=10020:com.android.documentsui isMini=false} activity=ActivityRecord{abf6f72 u0 com.android.gallery3d/.app.MovieActivity taskAffinity=10065:com.android.gallery3d t-1} display-area-from-source=DefaultTaskDisplayArea@11319769 display-id=0 display-windowing-mode=1 suggested-display-area=DefaultTaskDisplayArea@11319769 inherit-from-source=fullscreen activity-options-fullscreen=Rect(0, 0 - 0, 0) non-freeform-display display-area=DefaultTaskDisplayArea@11319769
06-07 15:28:45.717 1539 3020 D CompatibilityChangeReporter: Compat change id reported: 174042980; UID 10065; state: DISABLED
06-07 15:28:45.717 1539 3020 D CompatibilityChangeReporter: Compat change id reported: 184838306; UID 10065; state: DISABLED
06-07 15:28:45.717 1539 3020 D CompatibilityChangeReporter: Compat change id reported: 185004937; UID 10065; state: DISABLED
06-07 15:28:45.718 1539 3020 D CompatibilityChangeReporter: Compat change id reported: 181136395; UID 10065; state: DISABLED
06-07 15:28:45.718 1539 3020 D CompatibilityChangeReporter: Compat change id reported: 174042936; UID 10065; state: DISABLED
06-07 15:28:45.719 1539 3020 D CompatibilityChangeReporter: Compat change id reported: 168419799; UID 10065; state: DISABLED
06-07 15:28:45.726 1539 1658 D CompatibilityChangeReporter: Compat change id reported: 135634846; UID 10065; state: DISABLED
06-07 15:28:45.726 1539 1658 D CompatibilityChangeReporter: Compat change id reported: 177438394; UID 10065; state: DISABLED
06-07 15:28:45.726 1539 1658 D CompatibilityChangeReporter: Compat change id reported: 135772972; UID 10065; state: DISABLED
06-07 15:28:45.726 1539 1658 D CompatibilityChangeReporter: Compat change id reported: 135754954; UID 10065; state: DISABLED
06-07 15:28:45.726 1539 1676 D CompatibilityChangeReporter: Compat change id reported: 143937733; UID 10065; state: DISABLED
06-07 15:28:45.733 1539 1676 I ActivityManager: Start proc 9851:com.android.gallery3d/u0a65 for pre-top-activity {com.android.gallery3d/com.android.gallery3d.app.MovieActivity}
06-07 15:28:45.734 1539 9852 W ContextImpl: Calling a method in the system process without a qualified user: android.app.ContextImpl.sendBroadcast:1173 com.qualcomm.qti.Performance$SendGameLaunchBroadcast.run:217 java.lang.Thread.run:920
06-07 15:28:45.736 1539 3020 I ActivityTaskManager: FOREGROUND_APPLICATION_CHANGED to com.android.gallery3d.app.MovieActivity
06-07 15:28:45.739 0 0 W [ 443.134034] perfetto: enabled ftrace
06-07 15:28:45.749 0 0 I [ 443.145007] binder: 9851:9851 ioctl 40046210 7ff2b03764 returned -22
06-07 15:28:45.784 0 0 I : [ 443.180287] read descriptors
06-07 15:28:45.784 0 0 I : [ 443.180322] read strings
06-07 15:28:45.816 1539 3020 W WindowManager: Failed looking up window session=Session{a16262a 9851:u0a10065} callers=com.android.server.wm.WindowManagerService.windowForClientLocked:5628 com.android.server.wm.Session.insetsModified:629 android.view.IWindowSession$Stub.onTransact:1151
06-07 15:28:45.842 0 0 I [ 443.238091] binder: 9851:9869 ioctl 40046210 7700fff1f4 returned -22
06-07 15:28:45.891 1539 3014 I MicroServiceManager: requestResult(requestAudioFocus) parameters is{"functionInfo":{"IDCM_AudioFocus":"AudioFocus_Media"}}.
06-07 15:28:45.916 0 0 I [ 443.311179] msm_vidc: high: 00000001: ....d: Opening video instance: 0000000000000000, 1
06-07 15:28:45.916 0 0 I [ 443.311244] msm_vidc: err : 00000001: ....d: Failed to create debugfs for msm_vidc
06-07 15:28:46.002 0 0 I : [ 443.396668] qcom_rpmh DRV:apps_rsc TCS Busy, retrying RPMH message send: addr=0x30010
06-07 15:28:46.021 0 0 I [ 443.413206] afe_find_cal_topo_id_by_port: port id: 0x9000, dev_acdb_id: 15
06-07 15:28:46.021 0 0 I [ 443.413210] afe_find_cal_topo_id_by_port: top_id:112fc acdb_id:15 afe_port_id:0x9000
06-07 15:28:46.021 0 0 I [ 443.413212] afe_get_cal_topology_id: port_id = 0x9000 acdb_id = 15 topology_id = 0x112fc cal_type_index=8 ret=0
06-07 15:28:46.021 0 0 I [ 443.413415] afe_send_port_topology_id: AFE set topology id 0x112fc enable for port 0x9000 ret 0
06-07 15:28:46.021 0 0 I [ 443.413416] send_afe_cal_type: cal_index is 0
06-07 15:28:46.021 0 0 I [ 443.413418] send_afe_cal_type: dev_acdb_id[55] is 15
06-07 15:28:46.021 0 0 I [ 443.413418] afe_find_cal: cal_index 0 port_id 0x9000 port_index 55
06-07 15:28:46.021 0 0 I [ 443.413420] afe_find_cal: acdb_id 15 dev_acdb_id 15 sample_rate 48000 afe_sample_rates 48000
06-07 15:28:46.021 0 0 I [ 443.413421] afe_find_cal: cal block is a match, size is 0
06-07 15:28:46.021 0 0 I [ 443.413421] send_afe_cal_type: Sending cal_index cal 0
06-07 15:28:46.021 0 0 E [ 443.413422] send_afe_cal_type: No cal sent for cal_index 0, port_id = 0x9000! ret -22
06-07 15:28:46.021 0 0 I [ 443.413616] afe_send_hw_delay: port_id 0x9000 rate 48000 delay_usec 474 status 0
06-07 15:28:46.136 0 0 I : [ 443.528594] IRQ 5: no longer affine to CPU6
06-07 15:28:46.812 0 0 I : [ 444.206486] read descriptors
06-07 15:28:46.812 0 0 I : [ 444.206801] read strings
06-07 15:28:47.836 0 0 I : [ 445.228768] read descriptors
06-07 15:28:47.836 0 0 I : [ 445.228927] read strings
06-07 15:28:48.856 0 0 I : [ 446.249254] read descriptors
06-07 15:28:48.856 0 0 I : [ 446.249464] read strings
06-07 15:28:49.884 0 0 I : [ 447.276357] read descriptors
06-07 15:28:49.884 0 0 I : [ 447.276484] read strings
06-07 15:28:50.742 0 0 W [ 448.135586] perfetto: disabled ftrace
06-07 15:28:50.764 1171 9846 I iorapd : Perfetto TraceBuffer saved to file: /data/misc/iorapd/com.android.gallery3d/40030/com.android.gallery3d.app.MovieActivity/raw_traces/1686122930762035215.perfetto_trace.pb
06-07 15:28:50.904 0 0 I : [ 448.296781] read descriptors
06-07 15:28:50.904 0 0 I : [ 448.296929] read strings
06-07 15:28:51.924 0 0 I : [ 449.317042] read descriptors
06-07 15:28:51.924 0 0 I : [ 449.317252] read strings
06-07 15:28:52.944 0 0 I : [ 450.336846] read descriptors
06-07 15:28:52.944 0 0 I : [ 450.337056] read strings
06-07 15:28:53.005 2140 9940 W ContextImpl: Calling a method in the system process without a qualified user: android.app.ContextImpl.sendBroadcast:1173 android.content.ContextWrapper.sendBroadcast:479 com.thundercomm.microsettings.action.SetTimeAction.timeUpdated:191 com.thundercomm.microsettings.action.SetTimeAction.update24HourFormat:173 com.thundercomm.microsettings.action.SetTimeAction.doActualAction:133
06-07 15:28:53.019 1539 1539 D DevicePolicyManager: updateSystemUpdateFreezePeriodsRecord
06-07 15:28:53.019 1539 1539 D ConditionProviders.SCP: onReceive android.intent.action.TIME_SET
06-07 15:28:53.021 1539 1539 D ConditionProviders.SCP: evaluateSubscriptionLocked cal=ScheduleCalendar[mDays={1, 2, 3, 4, 5, 6, 7}, mSchedule=ScheduleInfo{days=[1, 2, 3, 4, 5, 6, 7], startHour=22, startMinute=0, endHour=7, endMinute=0, exitAtAlarm=true, nextAlarm=Thu Jan 01 08:00:00 GMT+08:00 1970 (0)}], now=Wed Jun 07 15:28:53 GMT+08:00 2023 (1686122933019), nextUserAlarmTime=Thu Jan 01 08:00:00 GMT+08:00 1970 (0)
06-07 15:28:53.021 1539 1539 D ConditionProviders.SCP: notifyCondition condition://android/schedule?days=1.2.3.4.5.6.7&start=22.0&end=7.0&exitAtAlarm=true STATE_FALSE reason=!meetsSchedule
06-07 15:28:53.022 1539 1539 D ConditionProviders.SCP: Scheduling evaluate for Wed Jun 07 22:00:00 GMT+08:00 2023 (1686146400000), in +6h31m6s981ms, now=Wed Jun 07 15:28:53 GMT+08:00 2023 (1686122933019)
06-07 15:28:53.040 1539 1845 D CompatibilityChangeReporter: Compat change id reported: 143231523; UID 1000; state: DISABLED
06-07 15:28:53.953 0 0 I : [ 451.353022] read descriptors
06-07 15:28:53.953 0 0 I : [ 451.353231] read strings
06-07 15:28:54.091 1539 1703 V DisplayPowerController[0]: Brightness [0.8484849] manual adjustment.
06-07 15:28:54.101 1539 1890 E DisplayDeviceConfig: requesting nits when no mapping exists.
06-07 15:28:54.102 1539 1890 E DisplayDeviceConfig: requesting nits when no mapping exists.
06-07 15:28:54.103 1539 1675 I DropBoxManagerService: add tag=system_server_wtf isTagEnabled=true flags=0x2
06-07 15:28:54.105 1539 1675 I DropBoxManagerService: add tag=system_server_wtf isTagEnabled=true flags=0x2
06-07 15:28:54.117 1539 1890 E DisplayDeviceConfig: requesting nits when no mapping exists.
06-07 15:28:54.118 1539 1890 E DisplayDeviceConfig: requesting nits when no mapping exists.
06-07 15:28:54.118 1539 1675 I DropBoxManagerService: add tag=system_server_wtf isTagEnabled=true flags=0x2
06-07 15:28:54.119 1539 1675 I DropBoxManagerService: add tag=system_server_wtf isTagEnabled=true flags=0x2
06-07 15:28:54.136 1539 1890 E DisplayDeviceConfig: requesting nits when no mapping exists.
06-07 15:28:54.136 1539 1890 E DisplayDeviceConfig: requesting nits when no mapping exists.
06-07 15:28:54.139 1539 1675 I DropBoxManagerService: add tag=system_server_wtf isTagEnabled=true flags=0x2
06-07 15:28:54.150 1539 1890 E DisplayDeviceConfig: requesting nits when no mapping exists.
06-07 15:28:54.151 1539 1890 E DisplayDeviceConfig: requesting nits when no mapping exists.
06-07 15:28:54.977 0 0 I : [ 452.379616] read descriptors
06-07 15:28:54.977 0 0 I : [ 452.379828] read strings
06-07 15:28:56.009 0 0 I : [ 453.409250] read descriptors
06-07 15:28:56.009 0 0 I : [ 453.409459] read strings
06-07 15:28:57.033 0 0 I : [ 454.432851] read descriptors
06-07 15:28:57.033 0 0 I : [ 454.432992] read strings
06-07 15:28:58.053 0 0 I : [ 455.453664] read descriptors
06-07 15:28:58.058 0 0 I : [ 455.453841] read strings
06-07 15:28:58.796 0 0 I [ 456.193303] init: processing action (sys.tlog.tlogdshc.active=1) from (/system/etc/init/tlogd.rc:195)
06-07 15:28:58.796 0 0 I [ 456.194334] init: starting service 'tlogdshc'...
06-07 15:28:58.913 0 0 I [ 456.315449] init: Service 'tlogdshc' (pid 9969) exited with status 0 oneshot service took 0.114000 seconds in background
06-07 15:28:58.913 0 0 I [ 456.315482] init: Sending signal 9 to service 'tlogdshc' (pid 9969) process group...
06-07 15:28:58.913 0 0 I [ 456.315688] libprocessgroup: Successfully killed process cgroup uid 0 pid 9969 in 0ms
06-07 15:28:59.081 0 0 I : [ 456.480864] read descriptors
06-07 15:28:59.081 0 0 I : [ 456.481067] read strings
06-07 15:29:00.101 0 0 I : [ 457.501132] read descriptors
06-07 15:29:00.101 0 0 I : [ 457.501332] read strings
06-07 15:29:01.127 0 0 I : [ 458.525368] read descriptors
06-07 15:29:01.127 0 0 I : [ 458.525714] read strings
06-07 15:29:01.131 1539 1703 V DisplayPowerController[0]: Brightness [0.8989899] manual adjustment.
06-07 15:29:01.135 1539 1890 E DisplayDeviceConfig: requesting nits when no mapping exists.
06-07 15:29:01.135 1539 1890 E DisplayDeviceConfig: requesting nits when no mapping exists.
06-07 15:29:01.151 1539 1890 E DisplayDeviceConfig: requesting nits when no mapping exists.
06-07 15:29:01.151 1539 1890 E DisplayDeviceConfig: requesting nits when no mapping exists.
06-07 15:29:01.168 1539 1890 E DisplayDeviceConfig: requesting nits when no mapping exists.
06-07 15:29:01.168 1539 1890 E DisplayDeviceConfig: requesting nits when no mapping exists.
06-07 15:29:01.184 1539 1890 E DisplayDeviceConfig: requesting nits when no mapping exists.
06-07 15:29:01.185 1539 1890 E DisplayDeviceConfig: requesting nits when no mapping exists.
06-07 15:29:02.141 0 0 I : [ 459.536911] read descriptors
06-07 15:29:02.141 0 0 I : [ 459.537110] read strings
06-07 15:29:03.161 0 0 I : [ 460.561177] read descriptors
06-07 15:29:03.161 0 0 I : [ 460.561344] read strings
06-07 15:29:04.145 0 0 I : [ 461.545913] qcom_rpmh DRV:apps_rsc TCS Busy, retrying RPMH message send: addr=0x30010
06-07 15:29:04.181 0 0 I : [ 461.580744] read descriptors
06-07 15:29:04.181 0 0 I : [ 461.580877] read strings
06-07 15:29:05.205 0 0 I : [ 462.605355] read descriptors
06-07 15:29:05.205 0 0 I : [ 462.605571] read strings
06-07 15:29:06.229 0 0 I : [ 463.628893] read descriptors
06-07 15:29:06.229 0 0 I : [ 463.629103] read strings
06-07 15:29:07.121 0 0 I [ 464.524199] afe_close: port_id = 0x9000
06-07 15:29:07.249 0 0 I : [ 464.649036] read descriptors
06-07 15:29:07.249 0 0 I : [ 464.649250] read strings
06-07 15:29:07.746 1539 1703 V DisplayPowerController[0]: Brightness [0.8484849] manual adjustment.
06-07 15:29:07.751 1539 1890 E DisplayDeviceConfig: requesting nits when no mapping exists.
06-07 15:29:07.751 1539 1890 E DisplayDeviceConfig: requesting nits when no mapping exists.
06-07 15:29:07.752 1539 1675 I DropBoxManagerService: add tag=system_server_wtf isTagEnabled=true flags=0x2
06-07 15:29:07.754 1539 1675 I DropBoxManagerService: add tag=system_server_wtf isTagEnabled=true flags=0x2
