06-07 15:48:33.447 2711 2711 I auditd : type=1400 audit(0.0:7012629): avc: denied { read } for comm="event_loop" lport=13400 scontext=u:r:hht_ota_mgr:s0 tcontext=u:r:hht_ota_mgr:s0 tclass=udp_socket permissive=0
06-07 15:48:33.447 2711 2711 I auditd : type=1400 audit(0.0:7012630): avc: denied { read } for comm="event_loop" lport=13400 scontext=u:r:hht_ota_mgr:s0 tcontext=u:r:hht_ota_mgr:s0 tclass=udp_socket permissive=0
06-07 15:48:33.454 0 0 W [ 1632.120236] audit: audit_lost=7011337 audit_rate_limit=5 audit_backlog_limit=64
06-07 15:48:33.454 0 0 E [ 1632.120242] audit: rate limit exceeded
06-07 15:48:34.098 0 0 I : [ 1632.764362] read descriptors
06-07 15:48:34.098 0 0 I : [ 1632.764450] read strings
06-07 15:48:34.451 2711 2711 I auditd : type=1400 audit(0.0:7055124): avc: denied { read } for comm="event_loop" lport=13400 scontext=u:r:hht_ota_mgr:s0 tcontext=u:r:hht_ota_mgr:s0 tclass=udp_socket permissive=0
06-07 15:48:34.451 2711 2711 I auditd : type=1400 audit(0.0:7055125): avc: denied { read } for comm="event_loop" lport=13400 scontext=u:r:hht_ota_mgr:s0 tcontext=u:r:hht_ota_mgr:s0 tclass=udp_socket permissive=0
06-07 15:48:34.454 0 0 W [ 1633.124221] audit: audit_lost=7053830 audit_rate_limit=5 audit_backlog_limit=64
06-07 15:48:34.454 0 0 E [ 1633.124226] audit: rate limit exceeded
06-07 15:48:34.451 2711 2711 I auditd : type=1400 audit(0.0:7055126): avc: denied { read } for comm="event_loop" lport=13400 scontext=u:r:hht_ota_mgr:s0 tcontext=u:r:hht_ota_mgr:s0 tclass=udp_socket permissive=0
06-07 15:48:34.451 2711 2711 I auditd : type=1400 audit(0.0:7055127): avc: denied { read } for comm="event_loop" lport=13400 scontext=u:r:hht_ota_mgr:s0 tcontext=u:r:hht_ota_mgr:s0 tclass=udp_socket permissive=0
06-07 15:48:34.451 2711 2711 I auditd : type=1400 audit(0.0:7055128): avc: denied { read } for comm="event_loop" lport=13400 scontext=u:r:hht_ota_mgr:s0 tcontext=u:r:hht_ota_mgr:s0 tclass=udp_socket permissive=0
06-07 15:48:34.523 2255 2255 I force_gc: mem
06-07 15:48:35.142 0 0 I : [ 1633.808428] read descriptors
06-07 15:48:35.142 0 0 I : [ 1633.808522] read strings
06-07 15:48:35.455 2711 2711 I auditd : type=1400 audit(0.0:7097594): avc: denied { read } for comm="event_loop" lport=13400 scontext=u:r:hht_ota_mgr:s0 tcontext=u:r:hht_ota_mgr:s0 tclass=udp_socket permissive=0
06-07 15:48:35.455 2711 2711 I auditd : type=1400 audit(0.0:7097595): avc: denied { read } for comm="event_loop" lport=13400 scontext=u:r:hht_ota_mgr:s0 tcontext=u:r:hht_ota_mgr:s0 tclass=udp_socket permissive=0
06-07 15:48:35.455 2711 2711 I auditd : type=1400 audit(0.0:7097596): avc: denied { read } for comm="event_loop" lport=13400 scontext=u:r:hht_ota_mgr:s0 tcontext=u:r:hht_ota_mgr:s0 tclass=udp_socket permissive=0
06-07 15:48:35.455 2711 2711 I auditd : type=1400 audit(0.0:7097597): avc: denied { read } for comm="event_loop" lport=13400 scontext=u:r:hht_ota_mgr:s0 tcontext=u:r:hht_ota_mgr:s0 tclass=udp_socket permissive=0
06-07 15:48:35.455 2711 2711 I auditd : type=1400 audit(0.0:7097598): avc: denied { read } for comm="event_loop" lport=13400 scontext=u:r:hht_ota_mgr:s0 tcontext=u:r:hht_ota_mgr:s0 tclass=udp_socket permissive=0
06-07 15:48:35.462 0 0 W [ 1634.128230] audit: audit_lost=7096295 audit_rate_limit=5 audit_backlog_limit=64
06-07 15:48:35.462 0 0 E [ 1634.128236] audit: rate limit exceeded
06-07 15:48:36.178 0 0 I : [ 1634.844321] read descriptors
06-07 15:48:36.178 0 0 I : [ 1634.844400] read strings
06-07 15:48:36.459 2711 2711 I auditd : type=1400 audit(0.0:7140035): avc: denied { read } for comm="event_loop" lport=13400 scontext=u:r:hht_ota_mgr:s0 tcontext=u:r:hht_ota_mgr:s0 tclass=udp_socket permissive=0
06-07 15:48:36.459 2711 2711 I auditd : type=1400 audit(0.0:7140036): avc: denied { read } for comm="event_loop" lport=13400 scontext=u:r:hht_ota_mgr:s0 tcontext=u:r:hht_ota_mgr:s0 tclass=udp_socket permissive=0
06-07 15:48:36.459 2711 2711 I auditd : type=1400 audit(0.0:7140037): avc: denied { read } for comm="event_loop" lport=13400 scontext=u:r:hht_ota_mgr:s0 tcontext=u:r:hht_ota_mgr:s0 tclass=udp_socket permissive=0
06-07 15:48:36.459 2711 2711 I auditd : type=1400 audit(0.0:7140038): avc: denied { read } for comm="event_loop" lport=13400 scontext=u:r:hht_ota_mgr:s0 tcontext=u:r:hht_ota_mgr:s0 tclass=udp_socket permissive=0
06-07 15:48:36.459 2711 2711 I auditd : type=1400 audit(0.0:7140039): avc: denied { read } for comm="event_loop" lport=13400 scontext=u:r:hht_ota_mgr:s0 tcontext=u:r:hht_ota_mgr:s0 tclass=udp_socket permissive=0
06-07 15:48:36.466 0 0 W [ 1635.132214] audit: audit_lost=7138731 audit_rate_limit=5 audit_backlog_limit=64
06-07 15:48:36.466 0 0 E [ 1635.132220] audit: rate limit exceeded
06-07 15:48:37.202 0 0 I : [ 1635.868382] read descriptors
06-07 15:48:37.202 0 0 I : [ 1635.868471] read strings
06-07 15:48:37.463 2711 2711 I auditd : type=1400 audit(0.0:7182587): avc: denied { read } for comm="event_loop" lport=13400 scontext=u:r:hht_ota_mgr:s0 tcontext=u:r:hht_ota_mgr:s0 tclass=udp_socket permissive=0
06-07 15:48:37.463 2711 2711 I auditd : type=1400 audit(0.0:7182588): avc: denied { read } for comm="event_loop" lport=13400 scontext=u:r:hht_ota_mgr:s0 tcontext=u:r:hht_ota_mgr:s0 tclass=udp_socket permissive=0
06-07 15:48:37.463 2711 2711 I auditd : type=1400 audit(0.0:7182589): avc: denied { read } for comm="event_loop" lport=13400 scontext=u:r:hht_ota_mgr:s0 tcontext=u:r:hht_ota_mgr:s0 tclass=udp_socket permissive=0
06-07 15:48:37.463 2711 2711 I auditd : type=1400 audit(0.0:7182590): avc: denied { read } for comm="event_loop" lport=13400 scontext=u:r:hht_ota_mgr:s0 tcontext=u:r:hht_ota_mgr:s0 tclass=udp_socket permissive=0
06-07 15:48:37.463 2711 2711 I auditd : type=1400 audit(0.0:7182591): avc: denied { read } for comm="event_loop" lport=13400 scontext=u:r:hht_ota_mgr:s0 tcontext=u:r:hht_ota_mgr:s0 tclass=udp_socket permissive=0
06-07 15:48:37.470 0 0 W [ 1636.136233] audit: audit_lost=7181278 audit_rate_limit=5 audit_backlog_limit=64
06-07 15:48:37.470 0 0 E [ 1636.136236] audit: rate limit exceeded
06-07 15:48:38.222 0 0 I : [ 1636.888388] read descriptors
06-07 15:48:38.222 0 0 I : [ 1636.888475] read strings
06-07 15:48:38.467 2711 2711 I auditd : type=1400 audit(0.0:7225150): avc: denied { read } for comm="event_loop" lport=13400 scontext=u:r:hht_ota_mgr:s0 tcontext=u:r:hht_ota_mgr:s0 tclass=udp_socket permissive=0
06-07 15:48:38.467 2711 2711 I auditd : type=1400 audit(0.0:7225151): avc: denied { read } for comm="event_loop" lport=13400 scontext=u:r:hht_ota_mgr:s0 tcontext=u:r:hht_ota_mgr:s0 tclass=udp_socket permissive=0
06-07 15:48:38.467 2711 2711 I auditd : type=1400 audit(0.0:7225152): avc: denied { read } for comm="event_loop" lport=13400 scontext=u:r:hht_ota_mgr:s0 tcontext=u:r:hht_ota_mgr:s0 tclass=udp_socket permissive=0
06-07 15:48:38.467 2711 2711 I auditd : type=1400 audit(0.0:7225153): avc: denied { read } for comm="event_loop" lport=13400 scontext=u:r:hht_ota_mgr:s0 tcontext=u:r:hht_ota_mgr:s0 tclass=udp_socket permissive=0
06-07 15:48:38.467 2711 2711 I auditd : type=1400 audit(0.0:7225154): avc: denied { read } for comm="event_loop" lport=13400 scontext=u:r:hht_ota_mgr:s0 tcontext=u:r:hht_ota_mgr:s0 tclass=udp_socket permissive=0
06-07 15:48:38.474 0 0 W [ 1637.140219] audit: audit_lost=7223836 audit_rate_limit=5 audit_backlog_limit=64
06-07 15:48:38.474 0 0 E [ 1637.140226] audit: rate limit exceeded
06-07 15:48:39.250 0 0 I : [ 1637.916362] read descriptors
06-07 15:48:39.250 0 0 I : [ 1637.916451] read strings
06-07 15:48:39.471 2711 2711 I auditd : type=1400 audit(0.0:7267775): avc: denied { read } for comm="event_loop" lport=13400 scontext=u:r:hht_ota_mgr:s0 tcontext=u:r:hht_ota_mgr:s0 tclass=udp_socket permissive=0
06-07 15:48:39.471 2711 2711 I auditd : type=1400 audit(0.0:7267776): avc: denied { read } for comm="event_loop" lport=13400 scontext=u:r:hht_ota_mgr:s0 tcontext=u:r:hht_ota_mgr:s0 tclass=udp_socket permissive=0
06-07 15:48:39.471 2711 2711 I auditd : type=1400 audit(0.0:7267777): avc: denied { read } for comm="event_loop" lport=13400 scontext=u:r:hht_ota_mgr:s0 tcontext=u:r:hht_ota_mgr:s0 tclass=udp_socket permissive=0
06-07 15:48:39.471 2711 2711 I auditd : type=1400 audit(0.0:7267778): avc: denied { read } for comm="event_loop" lport=13400 scontext=u:r:hht_ota_mgr:s0 tcontext=u:r:hht_ota_mgr:s0 tclass=udp_socket permissive=0
06-07 15:48:39.471 2711 2711 I auditd : type=1400 audit(0.0:7267779): avc: denied { read } for comm="event_loop" lport=13400 scontext=u:r:hht_ota_mgr:s0 tcontext=u:r:hht_ota_mgr:s0 tclass=udp_socket permissive=0
06-07 15:48:39.478 0 0 W [ 1638.144215] audit: audit_lost=7266456 audit_rate_limit=5 audit_backlog_limit=64
06-07 15:48:39.478 0 0 E [ 1638.144220] audit: rate limit exceeded
06-07 15:48:39.523 2250 2250 I sqlite_mem_released: 0
06-07 15:48:39.524 2250 2250 I force_gc: mem
06-07 15:48:40.282 0 0 I : [ 1638.948432] read descriptors
06-07 15:48:40.282 0 0 I : [ 1638.948519] read strings
06-07 15:48:40.471 2711 2711 I auditd : type=1400 audit(0.0:7310286): avc: denied { read } for comm="event_loop" lport=13400 scontext=u:r:hht_ota_mgr:s0 tcontext=u:r:hht_ota_mgr:s0 tclass=udp_socket permissive=0
06-07 15:48:40.475 2711 2711 I auditd : type=1400 audit(0.0:7310287): avc: denied { read } for comm="event_loop" lport=13400 scontext=u:r:hht_ota_mgr:s0 tcontext=u:r:hht_ota_mgr:s0 tclass=udp_socket permissive=0
06-07 15:48:40.475 2711 2711 I auditd : type=1400 audit(0.0:7310288): avc: denied { read } for comm="event_loop" lport=13400 scontext=u:r:hht_ota_mgr:s0 tcontext=u:r:hht_ota_mgr:s0 tclass=udp_socket permissive=0
06-07 15:48:40.475 2711 2711 I auditd : type=1400 audit(0.0:7310289): avc: denied { read } for comm="event_loop" lport=13400 scontext=u:r:hht_ota_mgr:s0 tcontext=u:r:hht_ota_mgr:s0 tclass=udp_socket permissive=0
06-07 15:48:40.475 2711 2711 I auditd : type=1400 audit(0.0:7310290): avc: denied { read } for comm="event_loop" lport=13400 scontext=u:r:hht_ota_mgr:s0 tcontext=u:r:hht_ota_mgr:s0 tclass=udp_socket permissive=0
06-07 15:48:40.482 0 0 W [ 1639.148221] audit: audit_lost=7308962 audit_rate_limit=5 audit_backlog_limit=64
06-07 15:48:40.482 0 0 E [ 1639.148228] audit: rate limit exceeded
06-07 15:48:41.334 0 0 I : [ 1640.000381] read descriptors
06-07 15:48:41.334 0 0 I : [ 1640.000475] read strings
06-07 15:48:41.475 2711 2711 I auditd : type=1400 audit(0.0:7352890): avc: denied { read } for comm="event_loop" lport=13400 scontext=u:r:hht_ota_mgr:s0 tcontext=u:r:hht_ota_mgr:s0 tclass=udp_socket permissive=0
06-07 15:48:41.479 2711 2711 I auditd : type=1400 audit(0.0:7352891): avc: denied { read } for comm="event_loop" lport=13400 scontext=u:r:hht_ota_mgr:s0 tcontext=u:r:hht_ota_mgr:s0 tclass=udp_socket permissive=0
06-07 15:48:41.479 2711 2711 I auditd : type=1400 audit(0.0:7352892): avc: denied { read } for comm="event_loop" lport=13400 scontext=u:r:hht_ota_mgr:s0 tcontext=u:r:hht_ota_mgr:s0 tclass=udp_socket permissive=0
06-07 15:48:41.479 2711 2711 I auditd : type=1400 audit(0.0:7352893): avc: denied { read } for comm="event_loop" lport=13400 scontext=u:r:hht_ota_mgr:s0 tcontext=u:r:hht_ota_mgr:s0 tclass=udp_socket permissive=0
06-07 15:48:41.479 2711 2711 I auditd : type=1400 audit(0.0:7352894): avc: denied { read } for comm="event_loop" lport=13400 scontext=u:r:hht_ota_mgr:s0 tcontext=u:r:hht_ota_mgr:s0 tclass=udp_socket permissive=0
06-07 15:48:41.486 0 0 W [ 1640.152234] audit: audit_lost=7351561 audit_rate_limit=5 audit_backlog_limit=64
06-07 15:48:41.486 0 0 E [ 1640.152237] audit: rate limit exceeded
06-07 15:48:41.593 1539 1811 I input_interaction: Interaction with: 1faf650 com.thundercomm.screensaver/android.service.dreams.DreamActivity (server), edge-swipe (server), swipe-up (server), PointerEventDispatcher0 (server),
06-07 15:48:41.745 6880 6880 V DreamService[SystemDream]: mActionDownY = 1077.0
06-07 15:48:41.745 6880 6880 V DreamService[SystemDream]: mActionUpY = 320.0
06-07 15:48:41.746 1539 790 I wm_finish_activity: [0,37756047,128,com.thundercomm.screensaver/android.service.dreams.DreamActivity,finish-activity]
06-07 15:48:41.746 1539 790 I wm_task_moved: [120,1,9]
06-07 15:48:41.746 1539 790 I wm_task_to_front: [0,120]
06-07 15:48:41.747 1539 790 I wm_focused_root_task: [0,0,120,128,finish-top adjustFocusToNextFocusableTask]
06-07 15:48:41.750 1539 790 I wm_pause_activity: [0,37756047,com.thundercomm.screensaver/android.service.dreams.DreamActivity,userLeaving=false,finish]
06-07 15:48:41.756 1539 1658 I sysui_multi_action: [757,803,799,window_time_0,802,280]
06-07 15:48:41.757 1539 790 I DreamManagerService: Gently waking up from dream.
06-07 15:48:41.758 6880 6880 I wm_on_top_resumed_lost_called: [37756047,android.service.dreams.DreamActivity,topStateChangedWhenResumed]
06-07 15:48:41.758 1539 1655 I DreamManagerService: Performing gentle wake from dream.
06-07 15:48:41.760 6880 6880 I wm_on_paused_called: [37756047,android.service.dreams.DreamActivity,performPause]
06-07 15:48:41.760 1539 29138 I wm_add_to_stopping: [0,37756047,com.thundercomm.screensaver/android.service.dreams.DreamActivity,completeFinishing]
06-07 15:48:41.761 1539 29138 I ActivityTaskManager: FOREGROUND_APPLICATION_CHANGED to org.qiyi.android.video.MainActivity
06-07 15:48:41.771 1539 1658 I am_uid_running: 10099
06-07 15:48:41.772 1539 1658 D CompatibilityChangeReporter: Compat change id reported: 135634846; UID 10099; state: DISABLED
06-07 15:48:41.772 1539 1658 D CompatibilityChangeReporter: Compat change id reported: 177438394; UID 10099; state: DISABLED
06-07 15:48:41.772 1539 1658 D CompatibilityChangeReporter: Compat change id reported: 135772972; UID 10099; state: DISABLED
06-07 15:48:41.772 1539 1658 D CompatibilityChangeReporter: Compat change id reported: 135754954; UID 10099; state: ENABLED
06-07 15:48:41.772 1539 1658 I sysui_multi_action: [757,803,799,window_time_0,802,0]
06-07 15:48:41.772 1539 1676 D CompatibilityChangeReporter: Compat change id reported: 143937733; UID 10099; state: ENABLED
06-07 15:48:41.773 1539 1658 I am_mem_factor: [2,3]
06-07 15:48:41.775 1539 1811 I input_focus: [Focus leaving 1faf650 com.thundercomm.screensaver/android.service.dreams.DreamActivity (server),reason=NO_WINDOW]
06-07 15:48:41.777 1539 1676 I am_proc_start: [0,3492,10099,com.qiyi.video,top-activity,{com.qiyi.video/com.qiyi.video.WelcomeActivity}]
06-07 15:48:41.777 1539 1676 I ActivityManager: Start proc 3492:com.qiyi.video/u0a99 for top-activity {com.qiyi.video/com.qiyi.video.WelcomeActivity}
06-07 15:48:41.788 1539 29138 I am_proc_bound: [0,3492,com.qiyi.video]
06-07 15:48:41.788 0 0 I [ 1640.456176] binder: 3492:3492 ioctl 40046210 7ff2b03764 returned -22
06-07 15:48:41.790 1539 29138 D CompatibilityChangeReporter: Compat change id reported: 174042980; UID 10099; state: DISABLED
06-07 15:48:41.791 1539 29138 D CompatibilityChangeReporter: Compat change id reported: 181136395; UID 10099; state: DISABLED
06-07 15:48:41.791 1539 29138 D CompatibilityChangeReporter: Compat change id reported: 174042936; UID 10099; state: DISABLED
06-07 15:48:41.791 1539 29138 D CompatibilityChangeReporter: Compat change id reported: 184838306; UID 10099; state: DISABLED
06-07 15:48:41.791 1539 29138 D CompatibilityChangeReporter: Compat change id reported: 185004937; UID 10099; state: DISABLED
06-07 15:48:41.791 1539 29138 I wm_restart_activity: [0,70162858,120,com.qiyi.video/.WelcomeActivity]
06-07 15:48:41.792 1539 29138 I wm_set_resumed_activity: [0,com.qiyi.video/.WelcomeActivity,minimalResumeActivityLocked]
06-07 15:48:41.795 1539 1658 I am_uid_active: 10099
06-07 15:48:41.810 1539 542 I am_uid_running: 10062
06-07 15:48:41.810 1539 542 D CompatibilityChangeReporter: Compat change id reported: 135634846; UID 10062; state: DISABLED
06-07 15:48:41.810 1539 542 D CompatibilityChangeReporter: Compat change id reported: 177438394; UID 10062; state: DISABLED
06-07 15:48:41.810 1539 542 D CompatibilityChangeReporter: Compat change id reported: 135772972; UID 10062; state: DISABLED
06-07 15:48:41.810 1539 542 D CompatibilityChangeReporter: Compat change id reported: 135754954; UID 10062; state: ENABLED
06-07 15:48:41.810 1539 1676 D CompatibilityChangeReporter: Compat change id reported: 143937733; UID 10062; state: ENABLED
06-07 15:48:41.814 1539 1676 I am_proc_start: [0,3540,10062,com.thundercomm.gamemode.provider,content provider,{com.thundercomm.gamemode.provider/com.thundercomm.gamemode.provider.SettingsProvider}]
06-07 15:48:41.814 1539 1676 I ActivityManager: Start proc 3540:com.thundercomm.gamemode.provider/u0a62 for content provider {com.thundercomm.gamemode.provider/com.thundercomm.gamemode.provider.SettingsProvider}
06-07 15:48:41.823 0 0 I [ 1640.491669] binder: 3540:3540 ioctl 40046210 7ff2b03764 returned -22
06-07 15:48:41.824 1539 29138 I am_proc_bound: [0,3540,com.thundercomm.gamemode.provider]
06-07 15:48:41.825 1539 29138 D CompatibilityChangeReporter: Compat change id reported: 168419799; UID 10062; state: DISABLED
06-07 15:48:41.826 1539 29138 I am_uid_active: 10062
06-07 15:48:41.879 3492 3655 E ActivityThread: Failed to find provider info for com.oplus.cardservice.repository.provider.CardServiceServerProvider
06-07 15:48:41.953 1539 1703 I PowerManagerService: Powering on display group fromDreaming (groupId=0, uid=1000, reason=WAKE_REASON_UNKNOWN, details=android.server.power:DREAM_FINISHED)...
06-07 15:48:41.953 1539 1703 I PowerManagerService: Waking up from Dreaming (uid=1000, reason=WAKE_REASON_UNKNOWN, details=android.server.power:DREAM_FINISHED)...
06-07 15:48:41.957 1539 1898 I sync : [com.tencent.android.qqdownloader.YYBLiveAccountProvider,0,3,24220937]
06-07 15:48:41.996 1539 1898 I sync : [com.tencent.android.qqdownloader.YYBLiveAccountProvider,1,3,24220937]
06-07 15:48:41.998 1539 1898 I commit_sys_config_file: [sync-status,1625252]
06-07 15:48:42.003 1539 1898 I sync : [com.tencent.android.qqdownloader.YYBLiveAccountProvider,0,3,24220937]
06-07 15:48:42.025 1539 3012 W ActivityManager: Unable to start service Intent { act=com.bun.msa.action.start.service cmp=com.mdid.msa/.service.MsaKlService (has extras) } U=0: not found
06-07 15:48:42.025 1539 29138 W ActivityManager: Unable to start service Intent { act=com.bun.msa.action.bindto.service cmp=com.mdid.msa/.service.MsaIdService (has extras) } U=0: not found
06-07 15:48:42.034 1539 1898 I sync : [com.tencent.android.qqdownloader.YYBLiveAccountProvider,1,3,24220937]
06-07 15:48:42.035 3492 3492 W Looper : Loop again would have the queued messages be executed before this one completed.
06-07 15:48:42.037 1539 1898 I commit_sys_config_file: [sync-status,1625290]
06-07 15:48:42.188 1539 1539 I notification_enqueue: [10024,3222,com.tencent.android.qqdownloader,127,NULL,0,Notification(channel=channel_id_default_silent shortcut=null contentView=com.tencent.android.qqdownloader/0x7f0a01c2 vibrate=null sound=null defaults=0x0 flags=0x2a2 color=0x00000000 groupKey=com.tencent.android.qqdownloader vis=PRIVATE),1]
06-07 15:48:42.235 3492 3872 E ActivityThread: Failed to find provider info for com.vivo.push.sdk.service.SystemPushConfig
06-07 15:48:42.237 3492 3879 E ActivityThread: Failed to find provider info for com.vivo.push.sdk.service.SystemPushConfig
06-07 15:48:42.274 3492 3492 I wm_on_create_called: [70162858,com.qiyi.video.WelcomeActivity,performCreate]
06-07 15:48:42.353 3492 3492 I wm_on_start_called: [70162858,com.qiyi.video.WelcomeActivity,handleStartActivity]
06-07 15:48:42.375 3492 3492 I wm_on_resume_called: [70162858,com.qiyi.video.WelcomeActivity,RESUME_ACTIVITY]
06-07 15:48:42.389 1539 1539 I GameModeConfig: isGameModeOn = false
06-07 15:48:42.398 0 0 I : [ 1641.064461] read descriptors
06-07 15:48:42.398 0 0 I : [ 1641.064551] read strings
06-07 15:48:42.405 1539 23289 D CompatibilityChangeReporter: Compat change id reported: 135634846; UID 10099; state: DISABLED
06-07 15:48:42.405 1539 23289 D CompatibilityChangeReporter: Compat change id reported: 177438394; UID 10099; state: DISABLED
06-07 15:48:42.405 1539 23289 D CompatibilityChangeReporter: Compat change id reported: 135772972; UID 10099; state: DISABLED
06-07 15:48:42.405 1539 23289 D CompatibilityChangeReporter: Compat change id reported: 135754954; UID 10099; state: ENABLED
06-07 15:48:42.406 1539 1676 D CompatibilityChangeReporter: Compat change id reported: 143937733; UID 10099; state: ENABLED
06-07 15:48:42.417 1539 1676 I am_proc_start: [0,4033,10099,com.qiyi.video:plugin1,service,{com.qiyi.video/org.qiyi.android.plugin.ipc.IPCService1}]
06-07 15:48:42.417 1539 1676 I ActivityManager: Start proc 4033:com.qiyi.video:plugin1/u0a99 for service {com.qiyi.video/org.qiyi.android.plugin.ipc.IPCService1}
06-07 15:48:42.441 3492 3492 I wm_on_top_resumed_gained_called: [70162858,com.qiyi.video.WelcomeActivity,topStateChangedWhenResumed]
06-07 15:48:42.470 0 0 I [ 1641.134728] binder: 4033:4033 ioctl 40046210 7ff2b03764 returned -22
06-07 15:48:42.474 1539 3014 I am_proc_bound: [0,4033,com.qiyi.video:plugin1]
06-07 15:48:42.479 2711 2711 I auditd : type=1400 audit(0.0:7391964): avc: denied { read } for comm="event_loop" lport=13400 scontext=u:r:hht_ota_mgr:s0 tcontext=u:r:hht_ota_mgr:s0 tclass=udp_socket permissive=0
06-07 15:48:42.483 2711 2711 I auditd : type=1400 audit(0.0:7391965): avc: denied { read } for comm="event_loop" lport=13400 scontext=u:r:hht_ota_mgr:s0 tcontext=u:r:hht_ota_mgr:s0 tclass=udp_socket permissive=0
06-07 15:48:42.483 2711 2711 I auditd : type=1400 audit(0.0:7391966): avc: denied { read } for comm="event_loop" lport=13400 scontext=u:r:hht_ota_mgr:s0 tcontext=u:r:hht_ota_mgr:s0 tclass=udp_socket permissive=0
06-07 15:48:42.483 2711 2711 I auditd : type=1400 audit(0.0:7391967): avc: denied { read } for comm="event_loop" lport=13400 scontext=u:r:hht_ota_mgr:s0 tcontext=u:r:hht_ota_mgr:s0 tclass=udp_socket permissive=0
06-07 15:48:42.483 2711 2711 I auditd : type=1400 audit(0.0:7391968): avc: denied { read } for comm="event_loop" lport=13400 scontext=u:r:hht_ota_mgr:s0 tcontext=u:r:hht_ota_mgr:s0 tclass=udp_socket permissive=0
06-07 15:48:42.489 0 0 W [ 1641.156459] audit: audit_lost=7390630 audit_rate_limit=5 audit_backlog_limit=64
06-07 15:48:42.489 0 0 E [ 1641.156468] audit: rate limit exceeded
06-07 15:48:42.629 1539 1659 I input_focus: [Focus request 9e3f352 com.qiyi.video/com.qiyi.video.WelcomeActivity,reason=UpdateInputWindows]
06-07 15:48:42.686 0 0 I [ 1641.355729] binder: 3492:3803 ioctl 40046210 76ba31e1f4 returned -22
06-07 15:48:42.686 1539 29138 I am_mem_factor: [1,2]
06-07 15:48:42.728 1539 1811 I input_focus: [Focus entering 9e3f352 com.qiyi.video/com.qiyi.video.WelcomeActivity (server),reason=Window became focusable. Previous reason: NOT_VISIBLE]
06-07 15:48:42.730 1539 1844 I GameModeConfig: isGameModeOn = false
06-07 15:48:42.730 1539 1844 I GameModeConfig: isGameModeOn = false
06-07 15:48:42.781 4033 4218 D ActivityThread: Loading provider com.qiyi.video: org.qiyi.basecore.db.QiyiContentProvider
06-07 15:48:42.866 4033 4033 W Looper : Loop again would have the queued messages be executed before this one completed.
06-07 15:48:42.896 4033 4296 D ActivityThread: Loading provider com.qiyi.video.pingback.provider: org.qiyi.android.pingback.internal.db.PingbackContentProvider
06-07 15:48:42.988 1539 1657 I commit_sys_config_file: [notification-policy,1632600]
06-07 15:48:43.042 1539 1774 D CompatibilityChangeReporter: Compat change id reported: 135634846; UID 10099; state: DISABLED
06-07 15:48:43.042 1539 1774 D CompatibilityChangeReporter: Compat change id reported: 177438394; UID 10099; state: DISABLED
06-07 15:48:43.042 1539 1774 D CompatibilityChangeReporter: Compat change id reported: 135772972; UID 10099; state: DISABLED
06-07 15:48:43.042 1539 1774 D CompatibilityChangeReporter: Compat change id reported: 135754954; UID 10099; state: ENABLED
06-07 15:48:43.042 1539 1676 D CompatibilityChangeReporter: Compat change id reported: 143937733; UID 10099; state: ENABLED
06-07 15:48:43.048 1539 1676 I am_proc_start: [0,4360,10099,com.qiyi.video:downloader,service,{com.qiyi.video/com.iqiyi.video.download.filedownload.QiyiDownloadCoreService}]
06-07 15:48:43.048 1539 1676 I ActivityManager: Start proc 4360:com.qiyi.video:downloader/u0a99 for service {com.qiyi.video/com.iqiyi.video.download.filedownload.QiyiDownloadCoreService}
06-07 15:48:43.055 1539 3012 E PackageDexUsage: Unsupported context?
06-07 15:48:43.078 0 0 I [ 1641.746810] binder: 4360:4360 ioctl 40046210 7ff2b03764 returned -22
06-07 15:48:43.090 1539 1658 I wm_destroy_activity: [0,37756047,128,com.thundercomm.screensaver/android.service.dreams.DreamActivity,finish-imm:transit]
06-07 15:48:43.093 6880 6880 I wm_on_stop_called: [37756047,android.service.dreams.DreamActivity,LIFECYCLER_STOP_ACTIVITY]
06-07 15:48:43.094 6880 6880 I wm_on_destroy_called: [37756047,android.service.dreams.DreamActivity,performDestroy]
06-07 15:48:43.094 1539 3012 I DreamManagerService: Leaving dreamland.
06-07 15:48:43.095 1539 1655 I DreamManagerService: Performing gentle wake from dream.
06-07 15:48:43.095 1539 1655 I DreamController: Stopping dream: name=ComponentInfo{com.thundercomm.screensaver/com.thundercomm.screensaver.service.SystemDream}, isTest=false, canDoze=false, userId=0, reason='finished self'(from 'finished self')
06-07 15:48:43.095 1539 1655 I sysui_multi_action: [757,222,758,2]
06-07 15:48:43.095 1539 1655 I sysui_multi_action: [757,804,799,dreaming_minutes,801,4,802,1]
06-07 15:48:43.096 1539 29138 I am_proc_bound: [0,4360,com.qiyi.video:downloader]
06-07 15:48:43.112 1539 3014 I wm_task_removed: [128,removeChild:removeChild last r=ActivityRecord{2401c8f u0 com.thundercomm.screensaver/android.service.dreams.DreamActivity taskAffinity=1000:android:com.thundercomm.screensaver/dream t-1 f}} in t=Task{9e89d08 #128 type=dream A=1000:android:com.thundercomm.screensaver/dream U=0 visible=false mode=fullscreen translucent=true sz=0 visible freeform task=true rootAffinity=1000:android:com.thundercomm.screensaver/dream isMini=false}]
06-07 15:48:43.112 1539 3014 I wm_task_removed: [128,removeChild]
06-07 15:48:43.120 1539 1659 W ActivityTaskManager: Can't find TaskDisplayArea to determine support for multi window. Task id=128 attached=false
06-07 15:48:43.156 1539 1774 E PackageDexUsage: Unsupported context?
06-07 15:48:43.234 1539 1659 I input_focus: [Focus request 7a373c4 com.qiyi.video/com.qiyi.video.WelcomeActivity,reason=UpdateInputWindows]
06-07 15:48:43.252 1539 3014 I MicroServiceManager: requestResult(requestAudioFocus) parameters is{"functionInfo":{"IDCM_AudioFocus":"AudioFocus_Media"}}.
06-07 15:48:43.260 1539 1811 I input_focus: [Focus leaving 9e3f352 com.qiyi.video/com.qiyi.video.WelcomeActivity (server),reason=setFocusedWindow]
06-07 15:48:43.261 1539 1811 I input_focus: [Focus entering 7a373c4 com.qiyi.video/com.qiyi.video.WelcomeActivity (server),reason=setFocusedWindow]
06-07 15:48:43.267 1539 1844 I GameModeConfig: isGameModeOn = false
06-07 15:48:43.267 1539 1844 I GameModeConfig: isGameModeOn = false
06-07 15:48:43.280 1539 1774 E PackageDexUsage: Unsupported context?
06-07 15:48:43.322 0 0 I [ 1641.990566] msm_vidc: high: 00000001: ....d: Opening video instance: 0000000000000000, 1
06-07 15:48:43.322 0 0 I [ 1641.990656] msm_vidc: err : 00000001: ....d: Failed to create debugfs for msm_vidc
06-07 15:48:43.431 0 0 I : [ 1642.097488] read descriptors
06-07 15:48:43.431 0 0 I : [ 1642.097514] read strings
06-07 15:48:43.483 2711 2711 I auditd : type=1400 audit(0.0:7425481): avc: denied { read } for comm="event_loop" lport=13400 scontext=u:r:hht_ota_mgr:s0 tcontext=u:r:hht_ota_mgr:s0 tclass=udp_socket permissive=0
06-07 15:48:43.487 2711 2711 I auditd : type=1400 audit(0.0:7425482): avc: denied { read } for comm="event_loop" lport=13400 scontext=u:r:hht_ota_mgr:s0 tcontext=u:r:hht_ota_mgr:s0 tclass=udp_socket permissive=0
06-07 15:48:43.487 2711 2711 I auditd : type=1400 audit(0.0:7425483): avc: denied { read } for comm="event_loop" lport=13400 scontext=u:r:hht_ota_mgr:s0 tcontext=u:r:hht_ota_mgr:s0 tclass=udp_socket permissive=0
06-07 15:48:43.487 2711 2711 I auditd : type=1400 audit(0.0:7425484): avc: denied { read } for comm="event_loop" lport=13400 scontext=u:r:hht_ota_mgr:s0 tcontext=u:r:hht_ota_mgr:s0 tclass=udp_socket permissive=0
06-07 15:48:43.487 2711 2711 I auditd : type=1400 audit(0.0:7425485): avc: denied { read } for comm="event_loop" lport=13400 scontext=u:r:hht_ota_mgr:s0 tcontext=u:r:hht_ota_mgr:s0 tclass=udp_socket permissive=0
06-07 15:48:43.495 0 0 W [ 1642.160268] audit: audit_lost=7424142 audit_rate_limit=5 audit_backlog_limit=64
06-07 15:48:43.495 0 0 E [ 1642.160272] audit: rate limit exceeded
06-07 15:48:43.503 4360 4546 D ActivityThread: Loading provider com.qiyi.video: org.qiyi.basecore.db.QiyiContentProvider
06-07 15:48:43.520 1539 1657 I commit_sys_config_file: [notification-policy,1633132]
06-07 15:48:43.578 4360 4360 W Looper : Loop again would have the queued messages be executed before this one completed.
06-07 15:48:43.667 1539 1844 I GameModeConfig: isGameModeOn = false
06-07 15:48:43.667 1539 1844 I GameModeConfig: isGameModeOn = false
06-07 15:48:43.919 1539 1657 I commit_sys_config_file: [notification-policy,1633532]
06-07 15:48:43.993 1539 1657 I commit_sys_config_file: [jobs,3]
06-07 15:48:44.467 0 0 I : [ 1643.136641] read descriptors
06-07 15:48:44.467 0 0 I : [ 1643.136695] read strings
06-07 15:48:44.468 518 518 I killinfo: [6880,1000,905,606,82808,-1,7896244,1465752,3694340,66684,2808,22300,108244,4194300,4075460,1131560,265132,1564396,2003368,90956,217888,50960,77152,0,0,280556,0,0,0,0,32476,0]
06-07 15:48:44.491 2711 2711 I auditd : type=1400 audit(0.0:7464992): avc: denied { read } for comm="event_loop" lport=13400 scontext=u:r:hht_ota_mgr:s0 tcontext=u:r:hht_ota_mgr:s0 tclass=udp_socket permissive=0
06-07 15:48:44.498 0 0 W [ 1643.166106] audit: audit_lost=7463648 audit_rate_limit=5 audit_backlog_limit=64
06-07 15:48:44.491 2711 2711 I auditd : type=1400 audit(0.0:7464993): avc: denied { read } for comm="event_loop" lport=13400 scontext=u:r:hht_ota_mgr:s0 tcontext=u:r:hht_ota_mgr:s0 tclass=udp_socket permissive=0
06-07 15:48:44.500 0 0 E [ 1643.166120] audit: rate limit exceeded
06-07 15:48:44.500 0 0 I [ 1643.167571] oom_reaper: reaped process 6880 (omm.screensaver), now anon-rss:0kB, file-rss:0kB, shmem-rss:460kB
06-07 15:48:44.491 2711 2711 I auditd : type=1400 audit(0.0:7464994): avc: denied { read } for comm="event_loop" lport=13400 scontext=u:r:hht_ota_mgr:s0 tcontext=u:r:hht_ota_mgr:s0 tclass=udp_socket permissive=0
06-07 15:48:44.491 2711 2711 I auditd : type=1400 audit(0.0:7464995): avc: denied { read } for comm="event_loop" lport=13400 scontext=u:r:hht_ota_mgr:s0 tcontext=u:r:hht_ota_mgr:s0 tclass=udp_socket permissive=0
06-07 15:48:44.491 2711 2711 I auditd : type=1400 audit(0.0:7464996): avc: denied { read } for comm="event_loop" lport=13400 scontext=u:r:hht_ota_mgr:s0 tcontext=u:r:hht_ota_mgr:s0 tclass=udp_socket permissive=0
06-07 15:48:44.502 1539 542 I ActivityManager: Process com.thundercomm.screensaver (pid 6880) has died: cch+5 CEM
06-07 15:48:44.503 1539 542 I am_proc_died: [0,6880,com.thundercomm.screensaver,905,19]
06-07 15:48:44.505 1539 542 I am_mem_factor: [3,1]
06-07 15:48:44.509 1539 542 I am_low_memory: 44
06-07 15:48:44.510 1539 1658 W ActivityManager: setHasOverlayUi called on unknown pid: 6880
06-07 15:48:44.619 4360 5012 D ActivityThread: Loading provider com.qiyi.video.pingback.provider: org.qiyi.android.pingback.internal.db.PingbackContentProvider
06-07 15:48:44.782 1539 1811 I input_interaction: Interaction with: 7a373c4 com.qiyi.video/com.qiyi.video.WelcomeActivity (server), edge-swipe (server), swipe-up (server), PointerEventDispatcher0 (server),
06-07 15:48:44.938 1539 1659 I input_focus: [Focus request 9e3f352 com.qiyi.video/com.qiyi.video.WelcomeActivity,reason=UpdateInputWindows]
06-07 15:48:44.958 1539 1811 I input_focus: [Focus entering 9e3f352 com.qiyi.video/com.qiyi.video.WelcomeActivity (server),reason=setFocusedWindow]
06-07 15:48:45.323 1539 27313 W NotificationService: Toast already killed. pkg=com.qiyi.video token=android.os.BinderProxy@78550cd
06-07 15:48:45.401 1539 1829 I netstats_mobile_sample: [0,0,0,0,0,0,0,0,0,0,0,0,1686124125400]
06-07 15:48:45.401 1539 1829 I netstats_wifi_sample: [28479735,23137,1822328,7437,28479735,23137,1822328,7437,29470168,29085,1672692,6707,1686124125400]
06-07 15:48:45.495 2711 2711 I auditd : type=1400 audit(0.0:7506178): avc: denied { read } for comm="event_loop" lport=13400 scontext=u:r:hht_ota_mgr:s0 tcontext=u:r:hht_ota_mgr:s0 tclass=udp_socket permissive=0
06-07 15:48:45.495 2711 2711 I auditd : type=1400 audit(0.0:7506179): avc: denied { read } for comm="event_loop" lport=13400 scontext=u:r:hht_ota_mgr:s0 tcontext=u:r:hht_ota_mgr:s0 tclass=udp_socket permissive=0
06-07 15:48:45.495 2711 2711 I auditd : type=1400 audit(0.0:7506180): avc: denied { read } for comm="event_loop" lport=13400 scontext=u:r:hht_ota_mgr:s0 tcontext=u:r:hht_ota_mgr:s0 tclass=udp_socket permissive=0
06-07 15:48:45.495 2711 2711 I auditd : type=1400 audit(0.0:7506181): avc: denied { read } for comm="event_loop" lport=13400 scontext=u:r:hht_ota_mgr:s0 tcontext=u:r:hht_ota_mgr:s0 tclass=udp_socket permissive=0
06-07 15:48:45.495 2711 2711 I auditd : type=1400 audit(0.0:7506182): avc: denied { read } for comm="event_loop" lport=13400 scontext=u:r:hht_ota_mgr:s0 tcontext=u:r:hht_ota_mgr:s0 tclass=udp_socket permissive=0
06-07 15:48:45.502 0 0 W [ 1644.168240] audit: audit_lost=7504829 audit_rate_limit=5 audit_backlog_limit=64
06-07 15:48:45.502 0 0 E [ 1644.168245] audit: rate limit exceeded
06-07 15:48:45.534 0 0 I : [ 1644.200523] read descriptors
06-07 15:48:45.534 0 0 I : [ 1644.200601] read strings
06-07 15:48:46.495 2711 2711 I auditd : type=1400 audit(0.0:7548076): avc: denied { read } for comm="event_loop" lport=13400 scontext=u:r:hht_ota_mgr:s0 tcontext=u:r:hht_ota_mgr:s0 tclass=udp_socket permissive=0
06-07 15:48:46.499 2711 2711 I auditd : type=1400 audit(0.0:7548077): avc: denied { read } for comm="event_loop" lport=13400 scontext=u:r:hht_ota_mgr:s0 tcontext=u:r:hht_ota_mgr:s0 tclass=udp_socket permissive=0
06-07 15:48:46.499 2711 2711 I auditd : type=1400 audit(0.0:7548078): avc: denied { read } for comm="event_loop" lport=13400 scontext=u:r:hht_ota_mgr:s0 tcontext=u:r:hht_ota_mgr:s0 tclass=udp_socket permissive=0
06-07 15:48:46.499 2711 2711 I auditd : type=1400 audit(0.0:7548079): avc: denied { read } for comm="event_loop" lport=13400 scontext=u:r:hht_ota_mgr:s0 tcontext=u:r:hht_ota_mgr:s0 tclass=udp_socket permissive=0
06-07 15:48:46.499 2711 2711 I auditd : type=1400 audit(0.0:7548080): avc: denied { read } for comm="event_loop" lport=13400 scontext=u:r:hht_ota_mgr:s0 tcontext=u:r:hht_ota_mgr:s0 tclass=udp_socket permissive=0
06-07 15:48:46.506 0 0 W [ 1645.172306] audit: audit_lost=7546722 audit_rate_limit=5 audit_backlog_limit=64
06-07 15:48:46.506 0 0 E [ 1645.172309] audit: rate limit exceeded
06-07 15:48:46.566 0 0 I : [ 1645.232488] read descriptors
06-07 15:48:46.566 0 0 I : [ 1645.232569] read strings
06-07 15:48:46.802 1539 1829 I netstats_mobile_sample: [0,0,0,0,0,0,0,0,0,0,0,0,1686124126802]
06-07 15:48:46.802 1539 1829 I netstats_wifi_sample: [28479735,23137,1822328,7437,28479735,23137,1822328,7437,29470168,29085,1672692,6707,1686124126802]
06-07 15:48:47.436 1539 1658 W WindowManager: Unable to start animation, surface is null or no children.
06-07 15:48:47.503 2711 2711 I auditd : type=1400 audit(0.0:7589743): avc: denied { read } for comm="event_loop" lport=13400 scontext=u:r:hht_ota_mgr:s0 tcontext=u:r:hht_ota_mgr:s0 tclass=udp_socket permissive=0
06-07 15:48:47.503 2711 2711 I auditd : type=1400 audit(0.0:7589744): avc: denied { read } for comm="event_loop" lport=13400 scontext=u:r:hht_ota_mgr:s0 tcontext=u:r:hht_ota_mgr:s0 tclass=udp_socket permissive=0
06-07 15:48:47.503 2711 2711 I auditd : type=1400 audit(0.0:7589745): avc: denied { read } for comm="event_loop" lport=13400 scontext=u:r:hht_ota_mgr:s0 tcontext=u:r:hht_ota_mgr:s0 tclass=udp_socket permissive=0
06-07 15:48:47.503 2711 2711 I auditd : type=1400 audit(0.0:7589746): avc: denied { read } for comm="event_loop" lport=13400 scontext=u:r:hht_ota_mgr:s0 tcontext=u:r:hht_ota_mgr:s0 tclass=udp_socket permissive=0
06-07 15:48:47.503 2711 2711 I auditd : type=1400 audit(0.0:7589747): avc: denied { read } for comm="event_loop" lport=13400 scontext=u:r:hht_ota_mgr:s0 tcontext=u:r:hht_ota_mgr:s0 tclass=udp_socket permissive=0
06-07 15:48:47.511 0 0 W [ 1646.176265] audit: audit_lost=7588384 audit_rate_limit=5 audit_backlog_limit=64
06-07 15:48:47.511 0 0 E [ 1646.176270] audit: rate limit exceeded
06-07 15:48:47.598 0 0 I : [ 1646.265090] read descriptors
06-07 15:48:47.598 0 0 I : [ 1646.265173] read strings
06-07 15:48:47.895 1539 1671 I am_mem_factor: [1,3]
06-07 15:48:48.503 2711 2711 I auditd : type=1400 audit(0.0:7631547): avc: denied { read } for comm="event_loop" lport=13400 scontext=u:r:hht_ota_mgr:s0 tcontext=u:r:hht_ota_mgr:s0 tclass=udp_socket permissive=0
06-07 15:48:48.507 2711 2711 I auditd : type=1400 audit(0.0:7631548): avc: denied { read } for comm="event_loop" lport=13400 scontext=u:r:hht_ota_mgr:s0 tcontext=u:r:hht_ota_mgr:s0 tclass=udp_socket permissive=0
06-07 15:48:48.507 2711 2711 I auditd : type=1400 audit(0.0:7631549): avc: denied { read } for comm="event_loop" lport=13400 scontext=u:r:hht_ota_mgr:s0 tcontext=u:r:hht_ota_mgr:s0 tclass=udp_socket permissive=0
06-07 15:48:48.507 2711 2711 I auditd : type=1400 audit(0.0:7631550): avc: denied { read } for comm="event_loop" lport=13400 scontext=u:r:hht_ota_mgr:s0 tcontext=u:r:hht_ota_mgr:s0 tclass=udp_socket permissive=0
06-07 15:48:48.507 2711 2711 I auditd : type=1400 audit(0.0:7631551): avc: denied { read } for comm="event_loop" lport=13400 scontext=u:r:hht_ota_mgr:s0 tcontext=u:r:hht_ota_mgr:s0 tclass=udp_socket permissive=0
06-07 15:48:48.514 0 0 W [ 1647.180250] audit: audit_lost=7630183 audit_rate_limit=5 audit_backlog_limit=64
06-07 15:48:48.514 0 0 E [ 1647.180257] audit: rate limit exceeded
06-07 15:48:48.626 518 518 I killinfo: [3540,10062,700,606,75280,-1,7896244,1460696,3698684,66684,2996,22300,108244,4194300,4076048,1136804,260800,1565080,2006788,91196,217416,50720,76132,0,0,281016,0,32,0,0,1852,0]
06-07 15:48:48.641 0 0 I [ 1647.296104] binder: 3540:3581 ioctl c0306201 77685fc9f8 returned -14
06-07 15:48:48.642 0 0 I [ 1647.296409] binder: 3540:3583 ioctl c0306201 77684fe9f8 returned -14
06-07 15:48:48.642 0 0 I [ 1647.308689] oom_reaper: reaped process 3540 (memode.provider), now anon-rss:0kB, file-rss:0kB, shmem-rss:436kB
06-07 15:48:48.642 0 0 I : [ 1647.310782] read descriptors
06-07 15:48:48.642 0 0 I : [ 1647.310858] read strings
06-07 15:48:48.655 1539 27313 I ActivityManager: Process com.thundercomm.gamemode.provider (pid 3540) has died: prev LAST
06-07 15:48:48.656 1539 27313 I am_proc_died: [0,3540,com.thundercomm.gamemode.provider,700,15]
06-07 15:48:48.656 1539 27313 I am_uid_stopped: 10062
06-07 15:48:48.658 1539 27313 I am_mem_factor: [3,1]
06-07 15:48:48.667 1539 27313 I am_low_memory: 43
06-07 15:48:49.511 2711 2711 I auditd : type=1400 audit(0.0:7672951): avc: denied { read } for comm="event_loop" lport=13400 scontext=u:r:hht_ota_mgr:s0 tcontext=u:r:hht_ota_mgr:s0 tclass=udp_socket permissive=0
06-07 15:48:49.511 2711 2711 I auditd : type=1400 audit(0.0:7672952): avc: denied { read } for comm="event_loop" lport=13400 scontext=u:r:hht_ota_mgr:s0 tcontext=u:r:hht_ota_mgr:s0 tclass=udp_socket permissive=0
06-07 15:48:49.511 2711 2711 I auditd : type=1400 audit(0.0:7672953): avc: denied { read } for comm="event_loop" lport=13400 scontext=u:r:hht_ota_mgr:s0 tcontext=u:r:hht_ota_mgr:s0 tclass=udp_socket permissive=0
06-07 15:48:49.511 2711 2711 I auditd : type=1400 audit(0.0:7672954): avc: denied { read } for comm="event_loop" lport=13400 scontext=u:r:hht_ota_mgr:s0 tcontext=u:r:hht_ota_mgr:s0 tclass=udp_socket permissive=0
06-07 15:48:49.511 2711 2711 I auditd : type=1400 audit(0.0:7672955): avc: denied { read } for comm="event_loop" lport=13400 scontext=u:r:hht_ota_mgr:s0 tcontext=u:r:hht_ota_mgr:s0 tclass=udp_socket permissive=0
06-07 15:48:49.518 0 0 W [ 1648.184323] audit: audit_lost=7671582 audit_rate_limit=5 audit_backlog_limit=64
06-07 15:48:49.518 0 0 E [ 1648.184330] audit: rate limit exceeded
06-07 15:48:49.714 0 0 I : [ 1648.382754] read descriptors
06-07 15:48:49.714 0 0 I : [ 1648.382853] read strings
06-07 15:48:50.511 2711 2711 I auditd : type=1400 audit(0.0:7714801): avc: denied { read } for comm="event_loop" lport=13400 scontext=u:r:hht_ota_mgr:s0 tcontext=u:r:hht_ota_mgr:s0 tclass=udp_socket permissive=0
06-07 15:48:50.515 2711 2711 I auditd : type=1400 audit(0.0:7714802): avc: denied { read } for comm="event_loop" lport=13400 scontext=u:r:hht_ota_mgr:s0 tcontext=u:r:hht_ota_mgr:s0 tclass=udp_socket permissive=0
06-07 15:48:50.515 2711 2711 I auditd : type=1400 audit(0.0:7714803): avc: denied { read } for comm="event_loop" lport=13400 scontext=u:r:hht_ota_mgr:s0 tcontext=u:r:hht_ota_mgr:s0 tclass=udp_socket permissive=0
06-07 15:48:50.515 2711 2711 I auditd : type=1400 audit(0.0:7714804): avc: denied { read } for comm="event_loop" lport=13400 scontext=u:r:hht_ota_mgr:s0 tcontext=u:r:hht_ota_mgr:s0 tclass=udp_socket permissive=0
06-07 15:48:50.515 2711 2711 I auditd : type=1400 audit(0.0:7714805): avc: denied { read } for comm="event_loop" lport=13400 scontext=u:r:hht_ota_mgr:s0 tcontext=u:r:hht_ota_mgr:s0 tclass=udp_socket permissive=0
06-07 15:48:50.519 0 0 W [ 1649.188226] audit: audit_lost=7713427 audit_rate_limit=5 audit_backlog_limit=64
06-07 15:48:50.519 0 0 E [ 1649.188231] audit: rate limit exceeded
06-07 15:48:50.766 0 0 I : [ 1649.433054] read descriptors
06-07 15:48:50.766 0 0 I : [ 1649.433145] read strings
06-07 15:48:51.515 2711 2711 I auditd : type=1400 audit(0.0:7756720): avc: denied { read } for comm="event_loop" lport=13400 scontext=u:r:hht_ota_mgr:s0 tcontext=u:r:hht_ota_mgr:s0 tclass=udp_socket permissive=0
06-07 15:48:51.519 2711 2711 I auditd : type=1400 audit(0.0:7756721): avc: denied { read } for comm="event_loop" lport=13400 scontext=u:r:hht_ota_mgr:s0 tcontext=u:r:hht_ota_mgr:s0 tclass=udp_socket permissive=0
06-07 15:48:51.519 2711 2711 I auditd : type=1400 audit(0.0:7756722): avc: denied { read } for comm="event_loop" lport=13400 scontext=u:r:hht_ota_mgr:s0 tcontext=u:r:hht_ota_mgr:s0 tclass=udp_socket permissive=0
06-07 15:48:51.519 2711 2711 I auditd : type=1400 audit(0.0:7756723): avc: denied { read } for comm="event_loop" lport=13400 scontext=u:r:hht_ota_mgr:s0 tcontext=u:r:hht_ota_mgr:s0 tclass=udp_socket permissive=0
06-07 15:48:51.519 2711 2711 I auditd : type=1400 audit(0.0:7756724): avc: denied { read } for comm="event_loop" lport=13400 scontext=u:r:hht_ota_mgr:s0 tcontext=u:r:hht_ota_mgr:s0 tclass=udp_socket permissive=0
06-07 15:48:51.525 0 0 W [ 1650.192261] audit: audit_lost=7755341 audit_rate_limit=5 audit_backlog_limit=64
06-07 15:48:51.525 0 0 E [ 1650.192267] audit: rate limit exceeded
06-07 15:48:51.802 0 0 I : [ 1650.468665] read descriptors
06-07 15:48:51.802 0 0 I : [ 1650.468759] read strings
06-07 15:48:52.523 2711 2711 I auditd : type=1400 audit(0.0:7798596): avc: denied { read } for comm="event_loop" lport=13400 scontext=u:r:hht_ota_mgr:s0 tcontext=u:r:hht_ota_mgr:s0 tclass=udp_socket permissive=0
06-07 15:48:52.523 2711 2711 I auditd : type=1400 audit(0.0:7798597): avc: denied { read } for comm="event_loop" lport=13400 scontext=u:r:hht_ota_mgr:s0 tcontext=u:r:hht_ota_mgr:s0 tclass=udp_socket permissive=0
06-07 15:48:52.523 2711 2711 I auditd : type=1400 audit(0.0:7798598): avc: denied { read } for comm="event_loop" lport=13400 scontext=u:r:hht_ota_mgr:s0 tcontext=u:r:hht_ota_mgr:s0 tclass=udp_socket permissive=0
06-07 15:48:52.523 2711 2711 I auditd : type=1400 audit(0.0:7798599): avc: denied { read } for comm="event_loop" lport=13400 scontext=u:r:hht_ota_mgr:s0 tcontext=u:r:hht_ota_mgr:s0 tclass=udp_socket permissive=0
06-07 15:48:52.523 2711 2711 I auditd : type=1400 audit(0.0:7798600): avc: denied { read } for comm="event_loop" lport=13400 scontext=u:r:hht_ota_mgr:s0 tcontext=u:r:hht_ota_mgr:s0 tclass=udp_socket permissive=0
06-07 15:48:52.530 0 0 W [ 1651.196242] audit: audit_lost=7797212 audit_rate_limit=5 audit_backlog_limit=64
06-07 15:48:52.530 0 0 E [ 1651.196250] audit: rate limit exceeded
06-07 15:48:52.580 1539 1671 I am_pss : [3492,10099,com.qiyi.video,410833920,374849536,45056,579436544,0,2,31]
06-07 15:48:52.826 0 0 I : [ 1651.492470] read descriptors
06-07 15:48:52.826 0 0 I : [ 1651.492554] read strings
06-07 15:48:53.523 2711 2711 I auditd : type=1400 audit(0.0:7840364): avc: denied { read } for comm="event_loop" lport=13400 scontext=u:r:hht_ota_mgr:s0 tcontext=u:r:hht_ota_mgr:s0 tclass=udp_socket permissive=0
06-07 15:48:53.527 2711 2711 I auditd : type=1400 audit(0.0:7840365): avc: denied { read } for comm="event_loop" lport=13400 scontext=u:r:hht_ota_mgr:s0 tcontext=u:r:hht_ota_mgr:s0 tclass=udp_socket permissive=0
06-07 15:48:53.527 2711 2711 I auditd : type=1400 audit(0.0:7840366): avc: denied { read } for comm="event_loop" lport=13400 scontext=u:r:hht_ota_mgr:s0 tcontext=u:r:hht_ota_mgr:s0 tclass=udp_socket permissive=0
06-07 15:48:53.527 2711 2711 I auditd : type=1400 audit(0.0:7840367): avc: denied { read } for comm="event_loop" lport=13400 scontext=u:r:hht_ota_mgr:s0 tcontext=u:r:hht_ota_mgr:s0 tclass=udp_socket permissive=0
06-07 15:48:53.527 2711 2711 I auditd : type=1400 audit(0.0:7840368): avc: denied { read } for comm="event_loop" lport=13400 scontext=u:r:hht_ota_mgr:s0 tcontext=u:r:hht_ota_mgr:s0 tclass=udp_socket permissive=0
06-07 15:48:53.534 0 0 W [ 1652.200231] audit: audit_lost=7838975 audit_rate_limit=5 audit_backlog_limit=64
06-07 15:48:53.534 0 0 E [ 1652.200238] audit: rate limit exceeded
06-07 15:48:53.637 1539 1811 I input_interaction: Interaction with: 9e3f352 com.qiyi.video/com.qiyi.video.WelcomeActivity (server), edge-swipe (server), swipe-up (server), PointerEventDispatcher0 (server),
06-07 15:48:53.842 0 0 I : [ 1652.511096] read descriptors
06-07 15:48:53.846 0 0 I : [ 1652.514945] read strings
06-07 15:48:54.531 2711 2711 I auditd : type=1400 audit(0.0:7881930): avc: denied { read } for comm="event_loop" lport=13400 scontext=u:r:hht_ota_mgr:s0 tcontext=u:r:hht_ota_mgr:s0 tclass=udp_socket permissive=0
06-07 15:48:54.531 2711 2711 I auditd : type=1400 audit(0.0:7881931): avc: denied { read } for comm="event_loop" lport=13400 scontext=u:r:hht_ota_mgr:s0 tcontext=u:r:hht_ota_mgr:s0 tclass=udp_socket permissive=0
06-07 15:48:54.531 2711 2711 I auditd : type=1400 audit(0.0:7881932): avc: denied { read } for comm="event_loop" lport=13400 scontext=u:r:hht_ota_mgr:s0 tcontext=u:r:hht_ota_mgr:s0 tclass=udp_socket permissive=0
06-07 15:48:54.531 2711 2711 I auditd : type=1400 audit(0.0:7881933): avc: denied { read } for comm="event_loop" lport=13400 scontext=u:r:hht_ota_mgr:s0 tcontext=u:r:hht_ota_mgr:s0 tclass=udp_socket permissive=0
06-07 15:48:54.531 2711 2711 I auditd : type=1400 audit(0.0:7881934): avc: denied { read } for comm="event_loop" lport=13400 scontext=u:r:hht_ota_mgr:s0 tcontext=u:r:hht_ota_mgr:s0 tclass=udp_socket permissive=0
06-07 15:48:54.538 0 0 W [ 1653.204222] audit: audit_lost=7880536 audit_rate_limit=5 audit_backlog_limit=64
06-07 15:48:54.538 0 0 E [ 1653.204228] audit: rate limit exceeded
06-07 15:48:54.894 0 0 I : [ 1653.561286] read descriptors
06-07 15:48:54.894 0 0 I : [ 1653.561367] read strings
06-07 15:48:55.535 2711 2711 I auditd : type=1400 audit(0.0:7923922): avc: denied { read } for comm="event_loop" lport=13400 scontext=u:r:hht_ota_mgr:s0 tcontext=u:r:hht_ota_mgr:s0 tclass=udp_socket permissive=0
06-07 15:48:55.535 2711 2711 I auditd : type=1400 audit(0.0:7923923): avc: denied { read } for comm="event_loop" lport=13400 scontext=u:r:hht_ota_mgr:s0 tcontext=u:r:hht_ota_mgr:s0 tclass=udp_socket permissive=0
06-07 15:48:55.535 2711 2711 I auditd : type=1400 audit(0.0:7923924): avc: denied { read } for comm="event_loop" lport=13400 scontext=u:r:hht_ota_mgr:s0 tcontext=u:r:hht_ota_mgr:s0 tclass=udp_socket permissive=0
06-07 15:48:55.535 2711 2711 I auditd : type=1400 audit(0.0:7923925): avc: denied { read } for comm="event_loop" lport=13400 scontext=u:r:hht_ota_mgr:s0 tcontext=u:r:hht_ota_mgr:s0 tclass=udp_socket permissive=0
06-07 15:48:55.535 2711 2711 I auditd : type=1400 audit(0.0:7923926): avc: denied { read } for comm="event_loop" lport=13400 scontext=u:r:hht_ota_mgr:s0 tcontext=u:r:hht_ota_mgr:s0 tclass=udp_socket permissive=0
06-07 15:48:55.542 0 0 W [ 1654.208228] audit: audit_lost=7922523 audit_rate_limit=5 audit_backlog_limit=64
06-07 15:48:55.542 0 0 E [ 1654.208234] audit: rate limit exceeded
06-07 15:48:55.914 0 0 I : [ 1654.580474] read descriptors
06-07 15:48:55.914 0 0 I : [ 1654.580563] read strings
06-07 15:48:56.323 1539 1539 W WindowManager: removeWindowToken: Attempted to remove non-existing token: android.os.Binder@64f069a
06-07 15:48:56.535 2711 2711 I auditd : type=1400 audit(0.0:7966077): avc: denied { read } for comm="event_loop" lport=13400 scontext=u:r:hht_ota_mgr:s0 tcontext=u:r:hht_ota_mgr:s0 tclass=udp_socket permissive=0
06-07 15:48:56.539 2711 2711 I auditd : type=1400 audit(0.0:7966078): avc: denied { read } for comm="event_loop" lport=13400 scontext=u:r:hht_ota_mgr:s0 tcontext=u:r:hht_ota_mgr:s0 tclass=udp_socket permissive=0
06-07 15:48:56.539 2711 2711 I auditd : type=1400 audit(0.0:7966079): avc: denied { read } for comm="event_loop" lport=13400 scontext=u:r:hht_ota_mgr:s0 tcontext=u:r:hht_ota_mgr:s0 tclass=udp_socket permissive=0
06-07 15:48:56.539 2711 2711 I auditd : type=1400 audit(0.0:7966080): avc: denied { read } for comm="event_loop" lport=13400 scontext=u:r:hht_ota_mgr:s0 tcontext=u:r:hht_ota_mgr:s0 tclass=udp_socket permissive=0
