--------- beginning of crash
01-01 09:38:23.895 522 522 F libc : Fatal signal 6 (SIGABRT), code -1 (SI_QUEUE) in tid 522 (init), pid 522 (init)
01-01 09:38:23.903 522 522 F libc : crash_dump helper failed to exec, or was killed --------- beginning of radio
06-07 15:21:31.415 1539 1539 D TelephonyRegistry: listen oscl: mHasNotifySubscriptionInfoChangedOccurred==false no callback
06-07 15:21:32.002 1539 1829 D TelephonyRegistry: listen oscl: mHasNotifySubscriptionInfoChangedOccurred==false no callback
06-07 15:21:32.046 1539 1539 D TelephonyRegistry: listen oscl: mHasNotifySubscriptionInfoChangedOccurred==false no callback
06-07 15:21:32.053 1539 1830 D TelephonyRegistry: listen oscl: mHasNotifySubscriptionInfoChangedOccurred==false no callback
06-07 15:21:32.090 1539 1539 D TelephonyRegistry: listen oscl: mHasNotifySubscriptionInfoChangedOccurred==false no callback
06-07 15:21:32.109 1539 1655 W CarrierConfigManager: Error getting config for subId -1 ICarrierConfigLoader is null
06-07 15:21:32.140 1539 1539 D TelephonyRegistry: systemRunning register for intents
06-07 15:21:32.275 1539 1671 D TelephonyRegistry: listen oscl: mHasNotifySubscriptionInfoChangedOccurred==false no callback
06-07 15:21:32.702 1539 2506 D TelephonyRegistry: listen oscl: mHasNotifySubscriptionInfoChangedOccurred==false no callback
06-07 15:21:32.960 1916 1916 W CarrierConfigManager: Error getting config for subId -1 ICarrierConfigLoader is null
06-07 15:21:32.970 1539 2058 D TelephonyRegistry: listen oscl: mHasNotifySubscriptionInfoChangedOccurred==false no callback
06-07 15:21:33.085 1539 1539 D TelephonyRegistry: listen oscl: mHasNotifySubscriptionInfoChangedOccurred==false no callback
06-07 15:21:33.096 1539 1539 D TelephonyRegistry: notifyCellLocationForSubscriber: subId=2147483647 cellIdentity=null
06-07 15:21:33.705 2723 2723 F libc : Fatal signal 6 (SIGABRT), code -1 (SI_QUEUE) in tid 2723 (init), pid 2723 (init)
06-07 15:21:33.725 2723 2723 F libc : crash_dump helper failed to exec, or was killed
06-07 15:21:33.878 1539 2661 D TelephonyRegistry: listen oscl: mHasNotifySubscriptionInfoChangedOccurred==false no callback
06-07 15:21:34.329 2370 2370 E AndroidRuntime: FATAL EXCEPTION: main
06-07 15:21:34.329 2370 2370 E AndroidRuntime: Process: com.qualcomm.qti.devicestatisticsservice, PID: 2370
06-07 15:21:34.329 2370 2370 E AndroidRuntime: java.lang.NoClassDefFoundError: Failed resolution of: Landroid/hidl/manager/V1_0/IServiceNotification$Stub;
06-07 15:21:34.329 2370 2370 E AndroidRuntime: at com.qualcomm.qti.devicestatisticsservice.DeviceStatisticsService.onStartCommand(DeviceStatisticsService.java:83)
06-07 15:21:34.329 2370 2370 E AndroidRuntime: at android.app.ActivityThread.handleServiceArgs(ActivityThread.java:4640)
06-07 15:21:34.329 2370 2370 E AndroidRuntime: at android.app.ActivityThread.access$2000(ActivityThread.java:248)
06-07 15:21:34.329 2370 2370 E AndroidRuntime: at android.app.ActivityThread$H.handleMessage(ActivityThread.java:2092)
06-07 15:21:34.329 2370 2370 E AndroidRuntime: at android.os.Handler.dispatchMessage(Handler.java:106)
06-07 15:21:34.329 2370 2370 E AndroidRuntime: at android.os.Looper.loopOnce(Looper.java:201)
06-07 15:21:34.329 2370 2370 E AndroidRuntime: at android.os.Looper.loop(Looper.java:288)
06-07 15:21:34.329 2370 2370 E AndroidRuntime: at android.app.ActivityThread.main(ActivityThread.java:7880)
06-07 15:21:34.329 2370 2370 E AndroidRuntime: at java.lang.reflect.Method.invoke(Native Method)
06-07 15:21:34.329 2370 2370 E AndroidRuntime: at com.android.internal.os.RuntimeInit$MethodAndArgsCaller.run(RuntimeInit.java:548)
06-07 15:21:34.329 2370 2370 E AndroidRuntime: at com.android.internal.os.ZygoteInit.main(ZygoteInit.java:1009)
06-07 15:21:34.329 2370 2370 E AndroidRuntime: Caused by: java.lang.ClassNotFoundException: android.hidl.manager.V1_0.IServiceNotification$Stub
06-07 15:21:34.329 2370 2370 E AndroidRuntime: ... 11 more
06-07 15:21:34.636 1539 1774 D TelephonyRegistry: listen oscl: mHasNotifySubscriptionInfoChangedOccurred==false no callback
06-07 15:21:34.651 1539 2661 D TelephonyRegistry: listen oscl: mHasNotifySubscriptionInfoChangedOccurred==false no callback --------- beginning of system
06-07 15:21:37.831 1539 1591 D CompatibilityChangeReporter: Compat change id reported: 168419799; UID 10053; state: DISABLED
06-07 15:21:37.838 1539 2929 D CompatibilityChangeReporter: Compat change id reported: 168419799; UID 10069; state: DISABLED
06-07 15:21:37.843 1539 2929 D CompatibilityChangeReporter: Compat change id reported: 168419799; UID 10070; state: DISABLED
06-07 15:21:37.846 1539 1591 D CompatibilityChangeReporter: Compat change id reported: 168419799; UID 10080; state: DISABLED
06-07 15:21:37.850 1539 1591 D CompatibilityChangeReporter: Compat change id reported: 168419799; UID 10081; state: DISABLED
06-07 15:21:37.855 1539 2929 D CompatibilityChangeReporter: Compat change id reported: 135634846; UID 10055; state: DISABLED
06-07 15:21:37.856 1539 1676 D CompatibilityChangeReporter: Compat change id reported: 143937733; UID 10055; state: DISABLED
06-07 15:21:37.857 1539 2929 I ActivityManager: Process com.qti.ltebc (pid 4167) has died: cch+5 CEM
06-07 15:21:37.871 1539 1676 I ActivityManager: Start proc 4220:com.qualcomm.qti.qms.service.connectionsecurity/u0a55 for broadcast {com.qualcomm.qti.qms.service.connectionsecurity/com.qualcomm.qti.qms.service.connectionsecurity.ConnSecBroadcastReceiver}
06-07 15:21:37.892 1539 1591 D CompatibilityChangeReporter: Compat change id reported: 171306433; UID 1073; state: ENABLED
06-07 15:21:37.908 1539 1774 D CompatibilityChangeReporter: Compat change id reported: 168419799; UID 10055; state: DISABLED
06-07 15:21:37.919 1539 2929 W ActivityManager: Unable to start service Intent { act=android.intent.action.START_LEBO_SERVICE pkg=com.hpplay.happyplay.aw } U=0: not found
06-07 15:21:37.965 1199 1199 I wificond: Regulatory domain changed to country: CN on wiphy_index: 0
06-07 15:21:37.967 1199 1199 I wificond: 2.4Ghz frequencies: 2412 2417 2422 2427 2432 2437 2442 2447 2452 2457 2462 2467 2472
06-07 15:21:37.967 1199 1199 I wificond: 5Ghz non-DFS frequencies: 5180 5200 5220 5240 5745 5765 5785 5805 5825
06-07 15:21:37.967 1199 1199 I wificond: 5Ghz DFS frequencies: 5260 5280 5300 5320
06-07 15:21:37.967 1199 1199 I wificond: 6Ghz frequencies:
06-07 15:21:37.967 1199 1199 I wificond: 60Ghz frequencies:
06-07 15:21:37.981 1539 1774 D CompatibilityChangeReporter: Compat change id reported: 168419799; UID 10086; state: DISABLED
06-07 15:21:37.985 1539 1774 D CompatibilityChangeReporter: Compat change id reported: 168419799; UID 10084; state: DISABLED
06-07 15:21:38.015 1539 2661 D CompatibilityChangeReporter: Compat change id reported: 135634846; UID 10085; state: DISABLED
06-07 15:21:38.016 1539 1676 D CompatibilityChangeReporter: Compat change id reported: 143937733; UID 10085; state: DISABLED
06-07 15:21:38.020 1539 1676 I ActivityManager: Start proc 4273:com.smile.gifmaker/u0a85 for broadcast {com.smile.gifmaker/androidx.work.impl.background.systemalarm.RescheduleReceiver}
06-07 15:21:38.033 681 746 E NetlinkEvent: NetlinkEvent::FindParam(): Parameter 'INTERFACE' not found
06-07 15:21:38.033 681 746 E NetlinkEvent: NetlinkEvent::FindParam(): Parameter 'STATE' not found
06-07 15:21:38.034 681 746 E NetlinkEvent: NetlinkEvent::FindParam(): Parameter 'TIME_NS' not found
06-07 15:21:38.034 681 746 E NetlinkEvent: NetlinkEvent::FindParam(): Parameter 'UID' not found
06-07 15:21:38.035 2057 2057 W ContextImpl: Calling a method in the system process without a qualified user: android.app.ContextImpl.startService:1816 android.content.ContextWrapper.startService:774 com.thundercomm.gamemode.ingame.services.GameModeActionUtils.startGameModeService:118 com.thundercomm.gamemode.ingame.services.GameModeActionUtils.startGameModeEntry:29 com.thundercomm.gamemode.ingame.services.ActivityMonitoringService$1.onActivityLaunch:140
06-07 15:21:38.044 1539 1839 W ContextImpl: Calling a method in the system process without a qualified user: android.app.ContextImpl.sendStickyBroadcast:1559 com.android.server.ConnectivityService.sendStickyBroadcast:2811 com.android.server.ConnectivityService.sendGeneralBroadcast:2786 com.android.server.ConnectivityService.sendConnectedBroadcast:2759 com.android.server.ConnectivityService.sendLegacyNetworkBroadcast:8704
06-07 15:21:38.044 1539 2115 D CompatibilityChangeReporter: Compat change id reported: 168419799; UID 10085; state: DISABLED
06-07 15:21:38.045 1539 1539 I GameModeConfig: Current uri is uri = content://com.thundercomm.gamemode.api/gamemode_settings/gamemode_isgaming
06-07 15:21:38.050 1539 1539 I GameModeConfig: isGameModeOn = false
06-07 15:21:38.051 1539 1539 I GameModeConfig: isGameModeOn = false
06-07 15:21:38.051 1539 1539 I GameModeConfig: isDisableVoice = true
06-07 15:21:38.051 1539 1844 I GameModeConfig: isGameModeOn = false
06-07 15:21:38.056 1539 1839 W ContextImpl: Calling a method in the system process without a qualified user: android.app.ContextImpl.sendStickyBroadcast:1559 com.android.server.ConnectivityService.sendStickyBroadcast:2811 com.android.server.ConnectivityService.sendGeneralBroadcast:2786 com.android.server.ConnectivityService.sendInetConditionBroadcast:2763 com.android.server.ConnectivityService.updateInetCondition:8451
06-07 15:21:38.070 1539 1898 W SyncManager: Clock is valid now.
06-07 15:21:38.072 1539 1898 D CompatibilityChangeReporter: Compat change id reported: 168419799; UID 10024; state: DISABLED
06-07 15:21:38.075 1539 2929 W ActivityManager: Background start not allowed: service Intent { cmp=com.tencent.android.qqdownloader/com.tencent.assistant.sdk.SDKSupportService (has extras) } to com.tencent.android.qqdownloader/com.tencent.assistant.sdk.SDKSupportService from pid=3147 uid=10024 pkg=com.tencent.android.qqdownloader startFg?=false
06-07 15:21:38.094 1539 2506 W ActivityManager: Background start not allowed: service Intent { cmp=com.tencent.android.qqdownloader/com.tencent.assistant.sdk.SDKSupportService (has extras) } to com.tencent.android.qqdownloader/com.tencent.assistant.sdk.SDKSupportService from pid=3147 uid=10024 pkg=com.tencent.android.qqdownloader startFg?=false
06-07 15:21:38.131 1539 3020 W ActivityManager: Background start not allowed: service Intent { cmp=com.tencent.android.qqdownloader/com.tencent.assistant.sdk.SDKSupportService (has extras) } to com.tencent.android.qqdownloader/com.tencent.assistant.sdk.SDKSupportService from pid=3147 uid=10024 pkg=com.tencent.android.qqdownloader startFg?=false
06-07 15:21:38.139 1539 2929 W ActivityManager: Background start not allowed: service Intent { cmp=com.tencent.android.qqdownloader/com.tencent.assistant.sdk.SDKSupportService (has extras) } to com.tencent.android.qqdownloader/com.tencent.assistant.sdk.SDKSupportService from pid=3147 uid=10024 pkg=com.tencent.android.qqdownloader startFg?=false
06-07 15:21:38.583 1539 2506 W ActivityManager: Background start not allowed: service Intent { cmp=com.tencent.android.qqdownloader/com.live.sync.YYBLiveAuthService } to com.tencent.android.qqdownloader/com.live.sync.YYBLiveAuthService from pid=3470 uid=10024 pkg=com.tencent.android.qqdownloader startFg?=false
06-07 15:21:38.787 4273 4394 W Looper : Loop again would have the queued messages be executed before this one completed.
06-07 15:21:39.059 4273 4273 W Looper : Loop again would have the queued messages be executed before this one completed.
06-07 15:21:39.127 1539 2115 D CompatibilityChangeReporter: Compat change id reported: 171306433; UID 10085; state: DISABLED
06-07 15:21:39.157 1539 2115 I ActivityManager: Finished processing BOOT_COMPLETED for u0
06-07 15:21:39.157 1539 2115 W BroadcastQueue: Background execution not allowed: receiving Intent { act=android.intent.action.INPUT_METHOD_CHANGED flg=0x20000010 (has extras) } to com.baidu.input/.switchguide.InputMethodChangedReceiver
06-07 15:21:39.159 1539 1675 D CompatibilityChangeReporter: Compat change id reported: 135634846; UID 10023; state: DISABLED
06-07 15:21:39.159 1539 1675 D CompatibilityChangeReporter: Compat change id reported: 177438394; UID 10023; state: DISABLED
06-07 15:21:39.160 1539 1675 D CompatibilityChangeReporter: Compat change id reported: 135772972; UID 10023; state: DISABLED
06-07 15:21:39.160 1539 1675 D CompatibilityChangeReporter: Compat change id reported: 135754954; UID 10023; state: ENABLED
06-07 15:21:39.160 1539 1676 D CompatibilityChangeReporter: Compat change id reported: 143937733; UID 10023; state: ENABLED
06-07 15:21:39.175 1539 1676 I ActivityManager: Start proc 4434:com.android.externalstorage/u0a23 for broadcast {com.android.externalstorage/com.android.externalstorage.MountReceiver}
06-07 15:21:39.202 1539 2661 D CompatibilityChangeReporter: Compat change id reported: 168419799; UID 10023; state: DISABLED
06-07 15:21:39.242 1539 2115 E PackageDexUsage: Unsupported context?
06-07 15:21:39.278 1539 2661 D CompatibilityChangeReporter: Compat change id reported: 135634846; UID 10072; state: DISABLED
06-07 15:21:39.278 1539 2661 D CompatibilityChangeReporter: Compat change id reported: 177438394; UID 10072; state: DISABLED
06-07 15:21:39.278 1539 2661 D CompatibilityChangeReporter: Compat change id reported: 135772972; UID 10072; state: DISABLED
06-07 15:21:39.279 1539 2661 D CompatibilityChangeReporter: Compat change id reported: 135754954; UID 10072; state: ENABLED
06-07 15:21:39.279 1539 1676 D CompatibilityChangeReporter: Compat change id reported: 143937733; UID 10072; state: ENABLED
06-07 15:21:39.294 1539 1676 I ActivityManager: Start proc 4460:com.qti.ltebc/u0a72 for broadcast {com.qti.ltebc/com.qualcomm.ltebc.LTEBroadcastReceiver}
06-07 15:21:39.317 1539 1774 D CompatibilityChangeReporter: Compat change id reported: 168419799; UID 10072; state: DISABLED
06-07 15:21:39.739 1539 2115 I ActivityManager: Process com.qti.ltebc (pid 4460) has died: fg RCVR
06-07 15:21:39.761 1539 1774 D CompatibilityChangeReporter: Compat change id reported: 135634846; UID 10072; state: DISABLED
06-07 15:21:39.761 1539 1774 D CompatibilityChangeReporter: Compat change id reported: 177438394; UID 10072; state: DISABLED
06-07 15:21:39.761 1539 1774 D CompatibilityChangeReporter: Compat change id reported: 135772972; UID 10072; state: DISABLED
06-07 15:21:39.762 1539 1774 D CompatibilityChangeReporter: Compat change id reported: 135754954; UID 10072; state: ENABLED
06-07 15:21:39.762 1539 1676 D CompatibilityChangeReporter: Compat change id reported: 143937733; UID 10072; state: ENABLED
06-07 15:21:39.772 1539 1676 I ActivityManager: Start proc 4518:com.qti.ltebc/u0a72 for broadcast {com.qti.ltebc/com.qualcomm.ltebc.LTEBroadcastReceiver}
06-07 15:21:40.298 1539 1844 I GameModeConfig: isGameModeOn = false
06-07 15:21:40.302 1539 3020 I ActivityManager: Process com.qti.ltebc (pid 4518) has died: fg RCVR
06-07 15:21:40.303 1539 1844 I GameModeConfig: isGameModeOn = false
06-07 15:21:40.306 1539 1675 W BroadcastQueue: Target SDK mismatch: receiver ActivityInfo{158e884 com.xiaomi.push.service.receivers.NetworkStatusReceiver} targets 28 but delivery restricted to [0, 23] broadcasting Intent { act=android.net.conn.CONNECTIVITY_CHANGE flg=0x4200010 (has extras) } from android (pid=1539, uid=1000) to com.kugou.android/com.xiaomi.push.service.receivers.NetworkStatusReceiver
06-07 15:21:40.306 1539 1675 W BroadcastQueue: Target SDK mismatch: receiver ActivityInfo{3cb686d com.tencent.pandora.libtcloudupload.videoupload.impl.TVCNetWorkStateReceiver} targets 29 but delivery restricted to [0, 23] broadcasting Intent { act=android.net.conn.CONNECTIVITY_CHANGE flg=0x4200010 (has extras) } from android (pid=1539, uid=1000) to com.tencent.tmgp.sgame/com.tencent.pandora.libtcloudupload.videoupload.impl.TVCNetWorkStateReceiver
06-07 15:21:40.306 1539 1675 W BroadcastQueue: Target SDK mismatch: receiver ActivityInfo{8badca2 com.tencent.msdk.dns.HttpDnsCache$ConnectivityChangeReceiver} targets 29 but delivery restricted to [0, 23] broadcasting Intent { act=android.net.conn.CONNECTIVITY_CHANGE flg=0x4200010 (has extras) } from android (pid=1539, uid=1000) to com.tencent.tmgp.sgame/com.tencent.msdk.dns.HttpDnsCache$ConnectivityChangeReceiver
06-07 15:21:40.307 1539 1675 W BroadcastQueue: Target SDK mismatch: receiver ActivityInfo{e157d33 com.tencent.special.httpdns.Cache$ConnectReceiver} targets 29 but delivery restricted to [0, 23] broadcasting Intent { act=android.net.conn.CONNECTIVITY_CHANGE flg=0x4200010 (has extras) } from android (pid=1539, uid=1000) to com.tencent.tmgp.sgame/com.tencent.special.httpdns.Cache$ConnectReceiver
06-07 15:21:40.416 1539 2115 W ActivityManager: Background start not allowed: service Intent { cmp=com.tencent.android.qqdownloader/com.tencent.assistant.main.MainService } to com.tencent.android.qqdownloader/com.tencent.assistant.main.MainService from pid=3222 uid=10024 pkg=com.tencent.android.qqdownloader startFg?=false
06-07 15:21:40.416 1539 3020 W ActivityManager: Background start not allowed: service Intent { cmp=com.tencent.android.qqdownloader/com.tencent.assistant.daemon.CoreService (has extras) } to com.tencent.android.qqdownloader/com.tencent.assistant.daemon.CoreService from pid=3222 uid=10024 pkg=com.tencent.android.qqdownloader startFg?=false
06-07 15:21:40.419 1539 3020 W ActivityManager: Background start not allowed: service Intent { cmp=com.tencent.android.qqdownloader/com.tencent.assistant.main.MainService } to com.tencent.android.qqdownloader/com.tencent.assistant.main.MainService from pid=3222 uid=10024 pkg=com.tencent.android.qqdownloader startFg?=false
06-07 15:21:40.426 1539 3020 W ActivityManager: Background start not allowed: service Intent { cmp=com.tencent.android.qqdownloader/com.tencent.assistant.main.MainService } to com.tencent.android.qqdownloader/com.tencent.assistant.main.MainService from pid=3222 uid=10024 pkg=com.tencent.android.qqdownloader startFg?=false
06-07 15:21:40.432 1539 3020 W ActivityManager: Background start not allowed: service Intent { cmp=com.tencent.android.qqdownloader/com.tencent.assistant.main.MainService } to com.tencent.android.qqdownloader/com.tencent.assistant.main.MainService from pid=3222 uid=10024 pkg=com.tencent.android.qqdownloader startFg?=false
06-07 15:21:40.437 1539 3020 W ActivityManager: Background start not allowed: service Intent { cmp=com.tencent.android.qqdownloader/com.tencent.assistant.main.MainService } to com.tencent.android.qqdownloader/com.tencent.assistant.main.MainService from pid=3222 uid=10024 pkg=com.tencent.android.qqdownloader startFg?=false
06-07 15:21:40.439 1539 3020 W ActivityManager: Background start not allowed: service Intent { cmp=com.tencent.android.qqdownloader/com.tencent.assistant.main.MainService } to com.tencent.android.qqdownloader/com.tencent.assistant.main.MainService from pid=3222 uid=10024 pkg=com.tencent.android.qqdownloader startFg?=false
06-07 15:21:40.440 1539 3020 W ActivityManager: Background start not allowed: service Intent { cmp=com.tencent.android.qqdownloader/com.tencent.assistant.main.MainService } to com.tencent.android.qqdownloader/com.tencent.assistant.main.MainService from pid=3222 uid=10024 pkg=com.tencent.android.qqdownloader startFg?=false
06-07 15:21:40.442 1539 3020 W ActivityManager: Background start not allowed: service Intent { cmp=com.tencent.android.qqdownloader/com.tencent.assistant.main.MainService } to com.tencent.android.qqdownloader/com.tencent.assistant.main.MainService from pid=3222 uid=10024 pkg=com.tencent.android.qqdownloader startFg?=false
06-07 15:21:40.443 1539 3020 W ActivityManager: Background start not allowed: service Intent { cmp=com.tencent.android.qqdownloader/com.tencent.assistant.main.MainService } to com.tencent.android.qqdownloader/com.tencent.assistant.main.MainService from pid=3222 uid=10024 pkg=com.tencent.android.qqdownloader startFg?=false
06-07 15:21:40.444 1539 3020 W ActivityManager: Background start not allowed: service Intent { cmp=com.tencent.android.qqdownloader/com.tencent.assistant.main.MainService } to com.tencent.android.qqdownloader/com.tencent.assistant.main.MainService from pid=3222 uid=10024 pkg=com.tencent.android.qqdownloader startFg?=false
06-07 15:21:40.445 1539 3020 W ActivityManager: Background start not allowed: service Intent { cmp=com.tencent.android.qqdownloader/com.tencent.assistant.main.MainService } to com.tencent.android.qqdownloader/com.tencent.assistant.main.MainService from pid=3222 uid=10024 pkg=com.tencent.android.qqdownloader startFg?=false
06-07 15:21:40.446 1539 3020 W ActivityManager: Background start not allowed: service Intent { cmp=com.tencent.android.qqdownloader/com.tencent.assistant.main.MainService } to com.tencent.android.qqdownloader/com.tencent.assistant.main.MainService from pid=3222 uid=10024 pkg=com.tencent.android.qqdownloader startFg?=false
06-07 15:21:40.447 1539 2115 W ActivityManager: Background start not allowed: service Intent { cmp=com.tencent.android.qqdownloader/com.tencent.assistant.main.MainService } to com.tencent.android.qqdownloader/com.tencent.assistant.main.MainService from pid=3222 uid=10024 pkg=com.tencent.android.qqdownloader startFg?=false
06-07 15:21:40.449 1539 2115 W ActivityManager: Background start not allowed: service Intent { cmp=com.tencent.android.qqdownloader/com.tencent.assistant.main.MainService } to com.tencent.android.qqdownloader/com.tencent.assistant.main.MainService from pid=3222 uid=10024 pkg=com.tencent.android.qqdownloader startFg?=false
06-07 15:21:40.450 1539 2115 W ActivityManager: Background start not allowed: service Intent { cmp=com.tencent.android.qqdownloader/com.tencent.assistant.main.MainService } to com.tencent.android.qqdownloader/com.tencent.assistant.main.MainService from pid=3222 uid=10024 pkg=com.tencent.android.qqdownloader startFg?=false
06-07 15:21:40.451 1539 2115 W ActivityManager: Background start not allowed: service Intent { cmp=com.tencent.android.qqdownloader/com.tencent.assistant.main.MainService } to com.tencent.android.qqdownloader/com.tencent.assistant.main.MainService from pid=3222 uid=10024 pkg=com.tencent.android.qqdownloader startFg?=false
06-07 15:21:40.452 1539 2115 W ActivityManager: Background start not allowed: service Intent { cmp=com.tencent.android.qqdownloader/com.tencent.assistant.main.MainService } to com.tencent.android.qqdownloader/com.tencent.assistant.main.MainService from pid=3222 uid=10024 pkg=com.tencent.android.qqdownloader startFg?=false
06-07 15:21:40.456 1539 2115 W ActivityManager: Background start not allowed: service Intent { cmp=com.tencent.android.qqdownloader/com.tencent.assistant.main.MainService } to com.tencent.android.qqdownloader/com.tencent.assistant.main.MainService from pid=3222 uid=10024 pkg=com.tencent.android.qqdownloader startFg?=false
06-07 15:21:40.475 1539 1844 I GameModeConfig: isGameModeOn = false
06-07 15:21:40.481 1539 3020 W ActivityManager: Background start not allowed: service Intent { cmp=com.tencent.android.qqdownloader/com.tencent.assistant.main.MainService } to com.tencent.android.qqdownloader/com.tencent.assistant.main.MainService from pid=3222 uid=10024 pkg=com.tencent.android.qqdownloader startFg?=false
06-07 15:21:40.521 1539 2115 W ActivityManager: Background start not allowed: service Intent { cmp=com.tencent.android.qqdownloader/com.tencent.assistant.main.MainService } to com.tencent.android.qqdownloader/com.tencent.assistant.main.MainService from pid=3222 uid=10024 pkg=com.tencent.android.qqdownloader startFg?=false
06-07 15:21:40.529 1539 2115 W ActivityManager: Background start not allowed: service Intent { cmp=com.tencent.android.qqdownloader/com.tencent.assistant.main.MainService } to com.tencent.android.qqdownloader/com.tencent.assistant.main.MainService from pid=3222 uid=10024 pkg=com.tencent.android.qqdownloader startFg?=false
06-07 15:21:40.531 1539 2115 W ActivityManager: Background start not allowed: service Intent { cmp=com.tencent.android.qqdownloader/com.tencent.assistant.main.MainService } to com.tencent.android.qqdownloader/com.tencent.assistant.main.MainService from pid=3222 uid=10024 pkg=com.tencent.android.qqdownloader startFg?=false
06-07 15:21:40.538 1539 3020 W ActivityManager: Background start not allowed: service Intent { cmp=com.tencent.android.qqdownloader/com.tencent.assistant.main.MainService } to com.tencent.android.qqdownloader/com.tencent.assistant.main.MainService from pid=3222 uid=10024 pkg=com.tencent.android.qqdownloader startFg?=false
06-07 15:21:40.541 1539 3020 W ActivityManager: Background start not allowed: service Intent { cmp=com.tencent.android.qqdownloader/com.tencent.assistant.main.MainService } to com.tencent.android.qqdownloader/com.tencent.assistant.main.MainService from pid=3222 uid=10024 pkg=com.tencent.android.qqdownloader startFg?=false
06-07 15:21:40.550 1539 2115 W ActivityManager: Background start not allowed: service Intent { cmp=com.tencent.android.qqdownloader/com.tencent.assistant.main.MainService } to com.tencent.android.qqdownloader/com.tencent.assistant.main.MainService from pid=3222 uid=10024 pkg=com.tencent.android.qqdownloader startFg?=false
06-07 15:21:40.552 1539 3020 W ActivityManager: Background start not allowed: service Intent { cmp=com.tencent.android.qqdownloader/com.tencent.assistant.main.MainService } to com.tencent.android.qqdownloader/com.tencent.assistant.main.MainService from pid=3222 uid=10024 pkg=com.tencent.android.qqdownloader startFg?=false
06-07 15:21:40.553 1539 2115 W ActivityManager: Background start not allowed: service Intent { cmp=com.tencent.android.qqdownloader/com.tencent.assistant.main.MainService } to com.tencent.android.qqdownloader/com.tencent.assistant.main.MainService from pid=3222 uid=10024 pkg=com.tencent.android.qqdownloader startFg?=false
06-07 15:21:40.554 1539 2115 W ActivityManager: Background start not allowed: service Intent { cmp=com.tencent.android.qqdownloader/com.tencent.assistant.main.MainService } to com.tencent.android.qqdownloader/com.tencent.assistant.main.MainService from pid=3222 uid=10024 pkg=com.tencent.android.qqdownloader startFg?=false
06-07 15:21:40.555 1539 2115 W ActivityManager: Background start not allowed: service Intent { cmp=com.tencent.android.qqdownloader/com.tencent.assistant.main.MainService } to com.tencent.android.qqdownloader/com.tencent.assistant.main.MainService from pid=3222 uid=10024 pkg=com.tencent.android.qqdownloader startFg?=false
06-07 15:21:40.556 1539 2115 W ActivityManager: Background start not allowed: service Intent { cmp=com.tencent.android.qqdownloader/com.tencent.assistant.main.MainService } to com.tencent.android.qqdownloader/com.tencent.assistant.main.MainService from pid=3222 uid=10024 pkg=com.tencent.android.qqdownloader startFg?=false
06-07 15:21:40.557 1539 2115 W ActivityManager: Background start not allowed: service Intent { cmp=com.tencent.android.qqdownloader/com.tencent.assistant.main.MainService } to com.tencent.android.qqdownloader/com.tencent.assistant.main.MainService from pid=3222 uid=10024 pkg=com.tencent.android.qqdownloader startFg?=false
06-07 15:21:40.559 1539 2115 W ActivityManager: Background start not allowed: service Intent { cmp=com.tencent.android.qqdownloader/com.tencent.assistant.main.MainService } to com.tencent.android.qqdownloader/com.tencent.assistant.main.MainService from pid=3222 uid=10024 pkg=com.tencent.android.qqdownloader startFg?=false
06-07 15:21:40.562 1539 2115 W ActivityManager: Background start not allowed: service Intent { cmp=com.tencent.android.qqdownloader/com.tencent.assistant.main.MainService } to com.tencent.android.qqdownloader/com.tencent.assistant.main.MainService from pid=3222 uid=10024 pkg=com.tencent.android.qqdownloader startFg?=false
06-07 15:21:40.564 1539 3020 W ActivityManager: Background start not allowed: service Intent { cmp=com.tencent.android.qqdownloader/com.tencent.assistant.main.MainService } to com.tencent.android.qqdownloader/com.tencent.assistant.main.MainService from pid=3222 uid=10024 pkg=com.tencent.android.qqdownloader startFg?=false
06-07 15:21:40.565 1539 3020 W ActivityManager: Background start not allowed: service Intent { cmp=com.tencent.android.qqdownloader/com.tencent.assistant.main.MainService } to com.tencent.android.qqdownloader/com.tencent.assistant.main.MainService from pid=3222 uid=10024 pkg=com.tencent.android.qqdownloader startFg?=false
06-07 15:21:40.588 1539 3020 W ActivityManager: Background start not allowed: service Intent { cmp=com.tencent.android.qqdownloader/com.tencent.assistant.main.MainService } to com.tencent.android.qqdownloader/com.tencent.assistant.main.MainService from pid=3222 uid=10024 pkg=com.tencent.android.qqdownloader startFg?=false
06-07 15:21:40.625 1539 3020 W ActivityManager: Background start not allowed: service Intent { cmp=com.tencent.android.qqdownloader/com.tencent.assistant.main.MainService } to com.tencent.android.qqdownloader/com.tencent.assistant.main.MainService from pid=3222 uid=10024 pkg=com.tencent.android.qqdownloader startFg?=false
06-07 15:21:40.628 1539 3020 W ActivityManager: Background start not allowed: service Intent { cmp=com.tencent.android.qqdownloader/com.tencent.assistant.main.MainService } to com.tencent.android.qqdownloader/com.tencent.assistant.main.MainService from pid=3222 uid=10024 pkg=com.tencent.android.qqdownloader startFg?=false
06-07 15:21:40.656 1539 1721 W PackageManager: /data/system/packages.xml fsync begin
06-07 15:21:40.659 1539 1721 W PackageManager: /data/system/packages.xml fsync end
06-07 15:21:40.681 1539 2115 W ActivityManager: Background start not allowed: service Intent { cmp=com.tencent.android.qqdownloader/com.tencent.assistant.main.MainService } to com.tencent.android.qqdownloader/com.tencent.assistant.main.MainService from pid=3222 uid=10024 pkg=com.tencent.android.qqdownloader startFg?=false
06-07 15:21:40.683 1539 2115 W ActivityManager: Background start not allowed: service Intent { cmp=com.tencent.android.qqdownloader/com.tencent.assistant.main.MainService } to com.tencent.android.qqdownloader/com.tencent.assistant.main.MainService from pid=3222 uid=10024 pkg=com.tencent.android.qqdownloader startFg?=false
06-07 15:21:41.047 1539 3014 D CompatibilityChangeReporter: Compat change id reported: 171306433; UID 10024; state: DISABLED
06-07 15:21:41.084 1539 3020 W ActivityManager: Background start not allowed: service Intent { cmp=com.tencent.android.qqdownloader/com.tencent.assistant.main.MainService } to com.tencent.android.qqdownloader/com.tencent.assistant.main.MainService from pid=3222 uid=10024 pkg=com.tencent.android.qqdownloader startFg?=false
06-07 15:21:41.092 1539 3020 W ActivityManager: Background start not allowed: service Intent { cmp=com.tencent.android.qqdownloader/com.tencent.assistant.main.MainService } to com.tencent.android.qqdownloader/com.tencent.assistant.main.MainService from pid=3222 uid=10024 pkg=com.tencent.android.qqdownloader startFg?=false
06-07 15:21:41.093 1539 2115 W OverlayManager: service 'idmap' died
06-07 15:21:41.135 1539 3020 W ActivityManager: Background start not allowed: service Intent { cmp=com.tencent.android.qqdownloader/com.tencent.assistant.main.MainService } to com.tencent.android.qqdownloader/com.tencent.assistant.main.MainService from pid=3222 uid=10024 pkg=com.tencent.android.qqdownloader startFg?=false
06-07 15:21:41.288 1539 2115 W ActivityManager: Background start not allowed: service Intent { cmp=com.tencent.android.qqdownloader/com.tencent.assistant.main.MainService } to com.tencent.android.qqdownloader/com.tencent.assistant.main.MainService from pid=3222 uid=10024 pkg=com.tencent.android.qqdownloader startFg?=false
06-07 15:21:41.530 1539 3014 W ActivityManager: Background start not allowed: service Intent { cmp=com.tencent.android.qqdownloader/com.tencent.assistant.main.MainService } to com.tencent.android.qqdownloader/com.tencent.assistant.main.MainService from pid=3222 uid=10024 pkg=com.tencent.android.qqdownloader startFg?=false
06-07 15:21:41.533 1539 3014 W ActivityManager: Background start not allowed: service Intent { cmp=com.tencent.android.qqdownloader/com.tencent.assistant.main.MainService } to com.tencent.android.qqdownloader/com.tencent.assistant.main.MainService from pid=3222 uid=10024 pkg=com.tencent.android.qqdownloader startFg?=false
06-07 15:21:41.534 1539 3014 W ActivityManager: Background start not allowed: service Intent { cmp=com.tencent.android.qqdownloader/com.tencent.assistant.main.MainService } to com.tencent.android.qqdownloader/com.tencent.assistant.main.MainService from pid=3222 uid=10024 pkg=com.tencent.android.qqdownloader startFg?=false
06-07 15:21:41.535 1539 3014 W ActivityManager: Background start not allowed: service Intent { cmp=com.tencent.android.qqdownloader/com.tencent.assistant.main.MainService } to com.tencent.android.qqdownloader/com.tencent.assistant.main.MainService from pid=3222 uid=10024 pkg=com.tencent.android.qqdownloader startFg?=false
06-07 15:21:41.831 1539 2115 W ActivityManager: Background start not allowed: service Intent { cmp=com.tencent.android.qqdownloader/com.tencent.assistant.main.MainService } to com.tencent.android.qqdownloader/com.tencent.assistant.main.MainService from pid=3222 uid=10024 pkg=com.tencent.android.qqdownloader startFg?=false
06-07 15:21:41.848 1539 2115 W ActivityManager: Background start not allowed: service Intent { cmp=com.tencent.android.qqdownloader/com.tencent.assistant.main.MainService } to com.tencent.android.qqdownloader/com.tencent.assistant.main.MainService from pid=3222 uid=10024 pkg=com.tencent.android.qqdownloader startFg?=false
06-07 15:21:41.857 1539 2115 W ActivityManager: Background start not allowed: service Intent { cmp=com.tencent.android.qqdownloader/com.tencent.assistant.main.MainService } to com.tencent.android.qqdownloader/com.tencent.assistant.main.MainService from pid=3222 uid=10024 pkg=com.tencent.android.qqdownloader startFg?=false
06-07 15:21:42.007 1539 2115 W ActivityManager: Background start not allowed: service Intent { cmp=com.tencent.android.qqdownloader/com.tencent.assistant.main.MainService } to com.tencent.android.qqdownloader/com.tencent.assistant.main.MainService from pid=3222 uid=10024 pkg=com.tencent.android.qqdownloader startFg?=false
06-07 15:21:42.009 1539 2115 W ActivityManager: Background start not allowed: service Intent { cmp=com.tencent.android.qqdownloader/com.tencent.assistant.main.MainService } to com.tencent.android.qqdownloader/com.tencent.assistant.main.MainService from pid=3222 uid=10024 pkg=com.tencent.android.qqdownloader startFg?=false
06-07 15:21:42.011 1539 2115 W ActivityManager: Background start not allowed: service Intent { cmp=com.tencent.android.qqdownloader/com.tencent.assistant.main.MainService } to com.tencent.android.qqdownloader/com.tencent.assistant.main.MainService from pid=3222 uid=10024 pkg=com.tencent.android.qqdownloader startFg?=false
06-07 15:21:42.012 1539 2115 W ActivityManager: Background start not allowed: service Intent { cmp=com.tencent.android.qqdownloader/com.tencent.assistant.main.MainService } to com.tencent.android.qqdownloader/com.tencent.assistant.main.MainService from pid=3222 uid=10024 pkg=com.tencent.android.qqdownloader startFg?=false
06-07 15:21:42.207 1539 3014 W ActivityManager: Background start not allowed: service Intent { cmp=com.tencent.android.qqdownloader/com.tencent.assistant.main.MainService } to com.tencent.android.qqdownloader/com.tencent.assistant.main.MainService from pid=3222 uid=10024 pkg=com.tencent.android.qqdownloader startFg?=false
06-07 15:21:42.216 1539 1675 D CompatibilityChangeReporter: Compat change id reported: 168419799; UID 10028; state: DISABLED
06-07 15:21:42.217 1539 3014 W ActivityManager: Background start not allowed: service Intent { cmp=com.tencent.android.qqdownloader/com.tencent.assistant.main.MainService } to com.tencent.android.qqdownloader/com.tencent.assistant.main.MainService from pid=3222 uid=10024 pkg=com.tencent.android.qqdownloader startFg?=false
06-07 15:21:42.223 1539 3014 W ActivityManager: Background start not allowed: service Intent { cmp=com.tencent.android.qqdownloader/com.tencent.assistant.main.MainService } to com.tencent.android.qqdownloader/com.tencent.assistant.main.MainService from pid=3222 uid=10024 pkg=com.tencent.android.qqdownloader startFg?=false
06-07 15:21:42.249 1539 3014 W ActivityManager: Background start not allowed: service Intent { cmp=com.tencent.android.qqdownloader/com.tencent.assistant.main.MainService } to com.tencent.android.qqdownloader/com.tencent.assistant.main.MainService from pid=3222 uid=10024 pkg=com.tencent.android.qqdownloader startFg?=false
06-07 15:21:42.384 1539 3014 W ActivityManager: Background start not allowed: service Intent { cmp=com.tencent.android.qqdownloader/com.tencent.assistant.main.MainService } to com.tencent.android.qqdownloader/com.tencent.assistant.main.MainService from pid=3222 uid=10024 pkg=com.tencent.android.qqdownloader startFg?=false
06-07 15:21:42.592 1539 1539 I NotificationService: Cannot find enqueued record for key: 0|com.tencent.android.qqdownloader|127|null|10024
06-07 15:21:42.699 1539 2115 W ActivityManager: Background start not allowed: service Intent { cmp=com.tencent.android.qqdownloader/com.tencent.assistant.main.MainService } to com.tencent.android.qqdownloader/com.tencent.assistant.main.MainService from pid=3222 uid=10024 pkg=com.tencent.android.qqdownloader startFg?=false
06-07 15:21:42.723 1539 2115 W ActivityManager: Background start not allowed: service Intent { cmp=com.tencent.android.qqdownloader/com.tencent.assistant.main.MainService } to com.tencent.android.qqdownloader/com.tencent.assistant.main.MainService from pid=3222 uid=10024 pkg=com.tencent.android.qqdownloader startFg?=false
06-07 15:21:42.818 1539 2115 W ActivityManager: Background start not allowed: service Intent { cmp=com.tencent.android.qqdownloader/com.tencent.assistant.main.MainService } to com.tencent.android.qqdownloader/com.tencent.assistant.main.MainService from pid=3222 uid=10024 pkg=com.tencent.android.qqdownloader startFg?=false
06-07 15:21:42.832 1539 1675 D CompatibilityChangeReporter: Compat change id reported: 135634846; UID 10072; state: DISABLED
06-07 15:21:42.833 1539 1675 D CompatibilityChangeReporter: Compat change id reported: 177438394; UID 10072; state: DISABLED
06-07 15:21:42.833 1539 1675 D CompatibilityChangeReporter: Compat change id reported: 135772972; UID 10072; state: DISABLED
06-07 15:21:42.833 1539 1675 D CompatibilityChangeReporter: Compat change id reported: 135754954; UID 10072; state: ENABLED
06-07 15:21:42.833 1539 1676 D CompatibilityChangeReporter: Compat change id reported: 143937733; UID 10072; state: ENABLED
06-07 15:21:42.839 1539 2115 W ActivityManager: Background start not allowed: service Intent { cmp=com.tencent.android.qqdownloader/com.tencent.assistant.main.MainService } to com.tencent.android.qqdownloader/com.tencent.assistant.main.MainService from pid=3222 uid=10024 pkg=com.tencent.android.qqdownloader startFg?=false
06-07 15:21:42.843 1539 1676 I ActivityManager: Start proc 4767:com.qti.ltebc/u0a72 for broadcast {com.qti.ltebc/com.qualcomm.ltebc.LTEBroadcastAlarmReceiver}
06-07 15:21:42.867 1539 2115 D CompatibilityChangeReporter: Compat change id reported: 168419799; UID 10072; state: DISABLED
06-07 15:21:42.917 1539 3020 W ActivityManager: Background start not allowed: service Intent { cmp=com.tencent.android.qqdownloader/com.tencent.assistant.main.MainService } to com.tencent.android.qqdownloader/com.tencent.assistant.main.MainService from pid=3222 uid=10024 pkg=com.tencent.android.qqdownloader startFg?=false
06-07 15:21:42.921 1539 3014 W ActivityManager: Background start not allowed: service Intent { cmp=com.tencent.android.qqdownloader/com.tencent.assistant.main.MainService } to com.tencent.android.qqdownloader/com.tencent.assistant.main.MainService from pid=3222 uid=10024 pkg=com.tencent.android.qqdownloader startFg?=false
06-07 15:21:42.927 1539 3020 I thunderperf: PlatormCompat.setOverrides: Uid1=10024 Pid1=3222 Uid2=10024 Pid2=3222
06-07 15:21:42.927 1539 3020 I thunderperf: PlatormCompat.setOverrides: needCheck:false
06-07 15:21:42.928 1539 3020 W PackageManager: MATCH_ANY_USER flag requires INTERACT_ACROSS_USERS permission: UID 10024 requires android.permission.INTERACT_ACROSS_USERS_FULL or android.permission.INTERACT_ACROSS_USERS to access user 0.
06-07 15:21:42.928 1539 3020 I ActivityTaskManager: START u0 {flg=0x10010000 cmp=com.tencent.android.qqdownloader/com.tencent.qqdownloader.backgroundstart.BackgroundSupportActivity (has extras)} from uid 10024
06-07 15:21:42.930 1539 3020 W ActivityTaskManager: Background activity start [callingPackage: com.tencent.android.qqdownloader; callingUid: 10024; appSwitchAllowed: true; isCallingUidForeground: false; callingUidHasAnyVisibleWindow: false; callingUidProcState: CACHED_EMPTY; isCallingUidPersistentSystemProcess: false; realCallingUid: 10024; isRealCallingUidForeground: false; realCallingUidHasAnyVisibleWindow: false; realCallingUidProcState: CACHED_EMPTY; isRealCallingUidPersistentSystemProcess: false; originatingPendingIntent: null; allowBackgroundActivityStart: false; intent: Intent { flg=0x10010000 cmp=com.tencent.android.qqdownloader/com.tencent.qqdownloader.backgroundstart.BackgroundSupportActivity (has extras) }; callerApp: ProcessRecord{6f8362f 3222:com.tencent.android.qqdownloader:daemon/u0a24}; inVisibleTask: false]
06-07 15:21:42.930 1539 3020 W ActivityTaskManager: Permission Denial: starting Intent { flg=0x10010000 cmp=com.tencent.android.qqdownloader/com.tencent.qqdownloader.backgroundstart.BackgroundSupportActivity (has extras) } from ProcessRecord{6f8362f 3222:com.tencent.android.qqdownloader:daemon/u0a24} (pid=3222, uid=10024) with launchActivityType=assistant
06-07 15:21:42.936 1539 3014 W ActivityManager: Background start not allowed: service Intent { cmp=com.tencent.android.qqdownloader/com.tencent.assistant.main.MainService } to com.tencent.android.qqdownloader/com.tencent.assistant.main.MainService from pid=3222 uid=10024 pkg=com.tencent.android.qqdownloader startFg?=false
06-07 15:21:42.952 1539 2115 W ActivityManager: Background start not allowed: service Intent { cmp=com.tencent.android.qqdownloader/com.tencent.assistant.main.MainService } to com.tencent.android.qqdownloader/com.tencent.assistant.main.MainService from pid=3222 uid=10024 pkg=com.tencent.android.qqdownloader startFg?=false
06-07 15:21:43.181 1539 3014 W ActivityManager: Background start not allowed: service Intent { cmp=com.tencent.android.qqdownloader/com.tencent.assistant.main.MainService } to com.tencent.android.qqdownloader/com.tencent.assistant.main.MainService from pid=3222 uid=10024 pkg=com.tencent.android.qqdownloader startFg?=false
06-07 15:21:43.202 1539 3014 W ActivityManager: Background start not allowed: service Intent { cmp=com.tencent.android.qqdownloader/com.tencent.assistant.main.MainService } to com.tencent.android.qqdownloader/com.tencent.assistant.main.MainService from pid=3222 uid=10024 pkg=com.tencent.android.qqdownloader startFg?=false
06-07 15:21:43.237 1539 3014 W ActivityManager: Background start not allowed: service Intent { cmp=com.tencent.android.qqdownloader/com.tencent.assistant.main.MainService } to com.tencent.android.qqdownloader/com.tencent.assistant.main.MainService from pid=3222 uid=10024 pkg=com.tencent.android.qqdownloader startFg?=false
06-07 15:21:43.253 1539 3014 W ActivityManager: Background start not allowed: service Intent { cmp=com.tencent.android.qqdownloader/com.tencent.assistant.main.MainService } to com.tencent.android.qqdownloader/com.tencent.assistant.main.MainService from pid=3222 uid=10024 pkg=com.tencent.android.qqdownloader startFg?=false
06-07 15:21:43.310 1539 1844 I GameModeConfig: isGameModeOn = false
06-07 15:21:43.510 1539 3014 D CompatibilityChangeReporter: Compat change id reported: 135634846; UID 10054; state: DISABLED
06-07 15:21:43.510 1539 3014 D CompatibilityChangeReporter: Compat change id reported: 177438394; UID 10054; state: DISABLED
06-07 15:21:43.510 1539 3014 D CompatibilityChangeReporter: Compat change id reported: 135772972; UID 10054; state: DISABLED
06-07 15:21:43.511 1539 3014 D CompatibilityChangeReporter: Compat change id reported: 135754954; UID 10054; state: DISABLED
06-07 15:21:43.511 1539 1676 D CompatibilityChangeReporter: Compat change id reported: 143937733; UID 10054; state: DISABLED
06-07 15:21:43.519 1539 2115 W ActivityManager: Background start not allowed: service Intent { cmp=com.tencent.android.qqdownloader/com.tencent.assistant.main.MainService } to com.tencent.android.qqdownloader/com.tencent.assistant.main.MainService from pid=3222 uid=10024 pkg=com.tencent.android.qqdownloader startFg?=false
06-07 15:21:43.521 1539 1676 I ActivityManager: Start proc 4890:com.qualcomm.qti.qms.service.trustzoneaccess/u0a54 for service {com.qualcomm.qti.qms.service.trustzoneaccess/com.qualcomm.qti.qms.service.trustzoneaccess.TZAccessService}
06-07 15:21:43.525 1539 2115 W ActivityManager: Background start not allowed: service Intent { cmp=com.tencent.android.qqdownloader/com.tencent.assistant.main.MainService } to com.tencent.android.qqdownloader/com.tencent.assistant.main.MainService from pid=3222 uid=10024 pkg=com.tencent.android.qqdownloader startFg?=false
06-07 15:21:43.532 1539 2115 W ActivityManager: Background start not allowed: service Intent { cmp=com.tencent.android.qqdownloader/com.tencent.assistant.main.MainService } to com.tencent.android.qqdownloader/com.tencent.assistant.main.MainService from pid=3222 uid=10024 pkg=com.tencent.android.qqdownloader startFg?=false
06-07 15:21:43.535 1539 2115 W ActivityManager: Background start not allowed: service Intent { cmp=com.tencent.android.qqdownloader/com.tencent.assistant.main.MainService } to com.tencent.android.qqdownloader/com.tencent.assistant.main.MainService from pid=3222 uid=10024 pkg=com.tencent.android.qqdownloader startFg?=false
06-07 15:21:43.538 1539 2115 D CompatibilityChangeReporter: Compat change id reported: 168419799; UID 10054; state: DISABLED
06-07 15:21:43.634 1539 1539 I GameModeConfig: isGameModeOn = false
06-07 15:21:43.875 1539 2115 I ActivityManager: Process com.qti.ltebc (pid 4767) has died: cch+5 CEM
06-07 15:21:44.215 1539 2115 W UriGrantsManagerService: No permission grants found for com.tencent.android.qqdownloader
06-07 15:21:44.234 1539 1844 I GameModeConfig: isGameModeOn = false
06-07 15:21:44.304 1539 1844 I GameModeConfig: isGameModeOn = false
06-07 15:21:44.379 1539 3014 D ActivityTaskManager: Skipping, freeform mode : Task{4d6d207 #108 type=undefined A=10100:android.task.kugou U=0 visible=false mode=freeform translucent=true sz=0 visible freeform task=true rootAffinity=10100:android.task.kugou isMini=false}
06-07 15:21:44.620 1539 3014 W ActivityManager: Background start not allowed: service Intent { cmp=com.tencent.android.qqdownloader/com.tencent.assistant.main.MainService } to com.tencent.android.qqdownloader/com.tencent.assistant.main.MainService from pid=3222 uid=10024 pkg=com.tencent.android.qqdownloader startFg?=false
06-07 15:21:44.626 1539 3014 W ActivityManager: Background start not allowed: service Intent { cmp=com.tencent.android.qqdownloader/com.tencent.assistant.main.MainService } to com.tencent.android.qqdownloader/com.tencent.assistant.main.MainService from pid=3222 uid=10024 pkg=com.tencent.android.qqdownloader startFg?=false
06-07 15:21:44.659 1539 3014 W ActivityManager: Background start not allowed: service Intent { cmp=com.tencent.android.qqdownloader/com.tencent.assistant.main.MainService } to com.tencent.android.qqdownloader/com.tencent.assistant.main.MainService from pid=3222 uid=10024 pkg=com.tencent.android.qqdownloader startFg?=false
06-07 15:21:44.660 1539 1844 I GameModeConfig: isGameModeOn = false
06-07 15:21:44.661 1539 3014 W ActivityManager: Background start not allowed: service Intent { cmp=com.tencent.android.qqdownloader/com.tencent.assistant.main.MainService } to com.tencent.android.qqdownloader/com.tencent.assistant.main.MainService from pid=3222 uid=10024 pkg=com.tencent.android.qqdownloader startFg?=false
06-07 15:21:44.681 1539 3014 W ActivityManager: Background start not allowed: service Intent { cmp=com.tencent.android.qqdownloader/com.tencent.assistant.main.MainService } to com.tencent.android.qqdownloader/com.tencent.assistant.main.MainService from pid=3222 uid=10024 pkg=com.tencent.android.qqdownloader startFg?=false
06-07 15:21:44.683 1539 1539 I GameModeConfig: isGameModeOn = false
06-07 15:21:44.715 1539 2115 W ActivityManager: Background start not allowed: service Intent { cmp=com.tencent.android.qqdownloader/com.tencent.assistant.main.MainService } to com.tencent.android.qqdownloader/com.tencent.assistant.main.MainService from pid=3222 uid=10024 pkg=com.tencent.android.qqdownloader startFg?=false
06-07 15:21:44.719 1539 2115 W ActivityManager: Background start not allowed: service Intent { cmp=com.tencent.android.qqdownloader/com.tencent.assistant.main.MainService } to com.tencent.android.qqdownloader/com.tencent.assistant.main.MainService from pid=3222 uid=10024 pkg=com.tencent.android.qqdownloader startFg?=false
06-07 15:21:44.733 1539 2115 W ActivityManager: Background start not allowed: service Intent { cmp=com.tencent.android.qqdownloader/com.tencent.assistant.main.MainService } to com.tencent.android.qqdownloader/com.tencent.assistant.main.MainService from pid=3222 uid=10024 pkg=com.tencent.android.qqdownloader startFg?=false
06-07 15:21:44.735 1539 2115 W ActivityManager: Background start not allowed: service Intent { cmp=com.tencent.android.qqdownloader/com.tencent.assistant.main.MainService } to com.tencent.android.qqdownloader/com.tencent.assistant.main.MainService from pid=3222 uid=10024 pkg=com.tencent.android.qqdownloader startFg?=false
