06-07 15:47:58.274 0 0 I [ 1596.943803] init: SVC_EXEC service 'exec 79 (/system/bin/sh /system/bin/dns_ts.sh del 192.168.1.1 vlan1)' pid 3318 (uid 0 gid 0+0 context u:r:dns_ts_ip:s0) started; waiting...
06-07 15:47:58.298 0 0 I [ 1596.966194] init: Service 'exec 79 (/system/bin/sh /system/bin/dns_ts.sh del 192.168.1.1 vlan1)' (pid 3318) exited with status 2 waiting took 0.023000 seconds
06-07 15:47:58.298 0 0 I [ 1596.966222] init: Sending signal 9 to service 'exec 79 (/system/bin/sh /system/bin/dns_ts.sh del 192.168.1.1 vlan1)' (pid 3318) process group...
06-07 15:47:58.298 0 0 I [ 1596.966379] libprocessgroup: Successfully killed process cgroup uid 0 pid 3318 in 0ms
06-07 15:47:58.303 2711 2711 I auditd : type=1400 audit(0.0:5526540): avc: denied { read } for comm="event_loop" lport=13400 scontext=u:r:hht_ota_mgr:s0 tcontext=u:r:hht_ota_mgr:s0 tclass=udp_socket permissive=0
06-07 15:47:58.307 2711 2711 I auditd : type=1400 audit(0.0:5526541): avc: denied { read } for comm="event_loop" lport=13400 scontext=u:r:hht_ota_mgr:s0 tcontext=u:r:hht_ota_mgr:s0 tclass=udp_socket permissive=0
06-07 15:47:58.307 2711 2711 I auditd : type=1400 audit(0.0:5526542): avc: denied { read } for comm="event_loop" lport=13400 scontext=u:r:hht_ota_mgr:s0 tcontext=u:r:hht_ota_mgr:s0 tclass=udp_socket permissive=0
06-07 15:47:58.307 2711 2711 I auditd : type=1400 audit(0.0:5526543): avc: denied { read } for comm="event_loop" lport=13400 scontext=u:r:hht_ota_mgr:s0 tcontext=u:r:hht_ota_mgr:s0 tclass=udp_socket permissive=0
06-07 15:47:58.307 2711 2711 I auditd : type=1400 audit(0.0:5526544): avc: denied { read } for comm="event_loop" lport=13400 scontext=u:r:hht_ota_mgr:s0 tcontext=u:r:hht_ota_mgr:s0 tclass=udp_socket permissive=0
06-07 15:47:58.314 0 0 W [ 1596.980210] audit: audit_lost=5525426 audit_rate_limit=5 audit_backlog_limit=64
06-07 15:47:58.314 0 0 E [ 1596.980215] audit: rate limit exceeded
06-07 15:47:58.774 0 0 I [ 1597.443938] init: processing action (sys.network.wifi=1) from (/system/etc/init/dns_ts.rc:5)
06-07 15:47:58.774 0 0 I [ 1597.444084] init: starting service 'exec 80 (/system/bin/sh /system/bin/dns_ts.sh add 192.168.4.4 vlan4)'...
06-07 15:47:58.778 0 0 I [ 1597.447580] init: SVC_EXEC service 'exec 80 (/system/bin/sh /system/bin/dns_ts.sh add 192.168.4.4 vlan4)' pid 3325 (uid 0 gid 0+0 context u:r:dns_ts_ip:s0) started; waiting...
06-07 15:47:58.802 0 0 I [ 1597.469553] init: Service 'exec 80 (/system/bin/sh /system/bin/dns_ts.sh add 192.168.4.4 vlan4)' (pid 3325) exited with status 2 waiting took 0.023000 seconds
06-07 15:47:58.842 0 0 I : [ 1597.508557] read descriptors
06-07 15:47:58.842 0 0 I : [ 1597.508636] read strings
06-07 15:47:59.151 1539 1657 I commit_sys_config_file: [jobs,2]
06-07 15:47:59.307 2711 2711 I auditd : type=1400 audit(0.0:5568974): avc: denied { read } for comm="event_loop" lport=13400 scontext=u:r:hht_ota_mgr:s0 tcontext=u:r:hht_ota_mgr:s0 tclass=udp_socket permissive=0
06-07 15:47:59.314 0 0 W [ 1597.984192] audit: audit_lost=5567855 audit_rate_limit=5 audit_backlog_limit=64
06-07 15:47:59.311 2711 2711 I auditd : type=1400 audit(0.0:5568975): avc: denied { read } for comm="event_loop" lport=13400 scontext=u:r:hht_ota_mgr:s0 tcontext=u:r:hht_ota_mgr:s0 tclass=udp_socket permissive=0
06-07 15:47:59.315 0 0 E [ 1597.984197] audit: rate limit exceeded
06-07 15:47:59.311 2711 2711 I auditd : type=1400 audit(0.0:5568976): avc: denied { read } for comm="event_loop" lport=13400 scontext=u:r:hht_ota_mgr:s0 tcontext=u:r:hht_ota_mgr:s0 tclass=udp_socket permissive=0
06-07 15:47:59.311 2711 2711 I auditd : type=1400 audit(0.0:5568977): avc: denied { read } for comm="event_loop" lport=13400 scontext=u:r:hht_ota_mgr:s0 tcontext=u:r:hht_ota_mgr:s0 tclass=udp_socket permissive=0
06-07 15:47:59.311 2711 2711 I auditd : type=1400 audit(0.0:5568978): avc: denied { read } for comm="event_loop" lport=13400 scontext=u:r:hht_ota_mgr:s0 tcontext=u:r:hht_ota_mgr:s0 tclass=udp_socket permissive=0
06-07 15:47:59.886 0 0 I : [ 1598.552415] read descriptors
06-07 15:47:59.886 0 0 I : [ 1598.552506] read strings
06-07 15:48:00.315 2711 2711 I auditd : type=1400 audit(0.0:5611413): avc: denied { read } for comm="event_loop" lport=13400 scontext=u:r:hht_ota_mgr:s0 tcontext=u:r:hht_ota_mgr:s0 tclass=udp_socket permissive=0
06-07 15:48:00.315 2711 2711 I auditd : type=1400 audit(0.0:5611414): avc: denied { read } for comm="event_loop" lport=13400 scontext=u:r:hht_ota_mgr:s0 tcontext=u:r:hht_ota_mgr:s0 tclass=udp_socket permissive=0
06-07 15:48:00.315 2711 2711 I auditd : type=1400 audit(0.0:5611415): avc: denied { read } for comm="event_loop" lport=13400 scontext=u:r:hht_ota_mgr:s0 tcontext=u:r:hht_ota_mgr:s0 tclass=udp_socket permissive=0
06-07 15:48:00.315 2711 2711 I auditd : type=1400 audit(0.0:5611416): avc: denied { read } for comm="event_loop" lport=13400 scontext=u:r:hht_ota_mgr:s0 tcontext=u:r:hht_ota_mgr:s0 tclass=udp_socket permissive=0
06-07 15:48:00.315 2711 2711 I auditd : type=1400 audit(0.0:5611417): avc: denied { read } for comm="event_loop" lport=13400 scontext=u:r:hht_ota_mgr:s0 tcontext=u:r:hht_ota_mgr:s0 tclass=udp_socket permissive=0
06-07 15:48:00.322 0 0 W [ 1598.988226] audit: audit_lost=5610289 audit_rate_limit=5 audit_backlog_limit=64
06-07 15:48:00.322 0 0 E [ 1598.988234] audit: rate limit exceeded
06-07 15:48:00.922 0 0 I : [ 1599.588404] read descriptors
06-07 15:48:00.922 0 0 I : [ 1599.588492] read strings
06-07 15:48:01.319 2711 2711 I auditd : type=1400 audit(0.0:5653916): avc: denied { read } for comm="event_loop" lport=13400 scontext=u:r:hht_ota_mgr:s0 tcontext=u:r:hht_ota_mgr:s0 tclass=udp_socket permissive=0
06-07 15:48:01.319 2711 2711 I auditd : type=1400 audit(0.0:5653917): avc: denied { read } for comm="event_loop" lport=13400 scontext=u:r:hht_ota_mgr:s0 tcontext=u:r:hht_ota_mgr:s0 tclass=udp_socket permissive=0
06-07 15:48:01.319 2711 2711 I auditd : type=1400 audit(0.0:5653918): avc: denied { read } for comm="event_loop" lport=13400 scontext=u:r:hht_ota_mgr:s0 tcontext=u:r:hht_ota_mgr:s0 tclass=udp_socket permissive=0
06-07 15:48:01.319 2711 2711 I auditd : type=1400 audit(0.0:5653919): avc: denied { read } for comm="event_loop" lport=13400 scontext=u:r:hht_ota_mgr:s0 tcontext=u:r:hht_ota_mgr:s0 tclass=udp_socket permissive=0
06-07 15:48:01.319 2711 2711 I auditd : type=1400 audit(0.0:5653920): avc: denied { read } for comm="event_loop" lport=13400 scontext=u:r:hht_ota_mgr:s0 tcontext=u:r:hht_ota_mgr:s0 tclass=udp_socket permissive=0
06-07 15:48:01.323 0 0 W [ 1599.992240] audit: audit_lost=5652787 audit_rate_limit=5 audit_backlog_limit=64
06-07 15:48:01.323 0 0 E [ 1599.992243] audit: rate limit exceeded
06-07 15:48:02.006 0 0 I : [ 1600.672432] read descriptors
06-07 15:48:02.006 0 0 I : [ 1600.672522] read strings
06-07 15:48:02.323 2711 2711 I auditd : type=1400 audit(0.0:5696306): avc: denied { read } for comm="event_loop" lport=13400 scontext=u:r:hht_ota_mgr:s0 tcontext=u:r:hht_ota_mgr:s0 tclass=udp_socket permissive=0
06-07 15:48:02.323 2711 2711 I auditd : type=1400 audit(0.0:5696307): avc: denied { read } for comm="event_loop" lport=13400 scontext=u:r:hht_ota_mgr:s0 tcontext=u:r:hht_ota_mgr:s0 tclass=udp_socket permissive=0
06-07 15:48:02.323 2711 2711 I auditd : type=1400 audit(0.0:5696308): avc: denied { read } for comm="event_loop" lport=13400 scontext=u:r:hht_ota_mgr:s0 tcontext=u:r:hht_ota_mgr:s0 tclass=udp_socket permissive=0
06-07 15:48:02.323 2711 2711 I auditd : type=1400 audit(0.0:5696309): avc: denied { read } for comm="event_loop" lport=13400 scontext=u:r:hht_ota_mgr:s0 tcontext=u:r:hht_ota_mgr:s0 tclass=udp_socket permissive=0
06-07 15:48:02.323 2711 2711 I auditd : type=1400 audit(0.0:5696310): avc: denied { read } for comm="event_loop" lport=13400 scontext=u:r:hht_ota_mgr:s0 tcontext=u:r:hht_ota_mgr:s0 tclass=udp_socket permissive=0
06-07 15:48:02.330 0 0 W [ 1600.996208] audit: audit_lost=5695172 audit_rate_limit=5 audit_backlog_limit=64
06-07 15:48:02.330 0 0 E [ 1600.996215] audit: rate limit exceeded
06-07 15:48:03.022 0 0 I : [ 1601.688365] read descriptors
06-07 15:48:03.022 0 0 I : [ 1601.688452] read strings
06-07 15:48:03.330 0 0 W [ 1602.000213] audit: audit_lost=5737603 audit_rate_limit=5 audit_backlog_limit=64
06-07 15:48:03.330 0 0 E [ 1602.000220] audit: rate limit exceeded
06-07 15:48:03.327 2711 2711 I auditd : type=1400 audit(0.0:5738742): avc: denied { read } for comm="event_loop" lport=13400 scontext=u:r:hht_ota_mgr:s0 tcontext=u:r:hht_ota_mgr:s0 tclass=udp_socket permissive=0
06-07 15:48:03.327 2711 2711 I auditd : type=1400 audit(0.0:5738743): avc: denied { read } for comm="event_loop" lport=13400 scontext=u:r:hht_ota_mgr:s0 tcontext=u:r:hht_ota_mgr:s0 tclass=udp_socket permissive=0
06-07 15:48:03.327 2711 2711 I auditd : type=1400 audit(0.0:5738744): avc: denied { read } for comm="event_loop" lport=13400 scontext=u:r:hht_ota_mgr:s0 tcontext=u:r:hht_ota_mgr:s0 tclass=udp_socket permissive=0
06-07 15:48:03.327 2711 2711 I auditd : type=1400 audit(0.0:5738745): avc: denied { read } for comm="event_loop" lport=13400 scontext=u:r:hht_ota_mgr:s0 tcontext=u:r:hht_ota_mgr:s0 tclass=udp_socket permissive=0
06-07 15:48:03.327 2711 2711 I auditd : type=1400 audit(0.0:5738746): avc: denied { read } for comm="event_loop" lport=13400 scontext=u:r:hht_ota_mgr:s0 tcontext=u:r:hht_ota_mgr:s0 tclass=udp_socket permissive=0
06-07 15:48:04.051 0 0 I : [ 1602.720469] read descriptors
06-07 15:48:04.051 0 0 I : [ 1602.720553] read strings
06-07 15:48:04.331 2711 2711 I auditd : type=1400 audit(0.0:5781177): avc: denied { read } for comm="event_loop" lport=13400 scontext=u:r:hht_ota_mgr:s0 tcontext=u:r:hht_ota_mgr:s0 tclass=udp_socket permissive=0
06-07 15:48:04.331 2711 2711 I auditd : type=1400 audit(0.0:5781178): avc: denied { read } for comm="event_loop" lport=13400 scontext=u:r:hht_ota_mgr:s0 tcontext=u:r:hht_ota_mgr:s0 tclass=udp_socket permissive=0
06-07 15:48:04.331 2711 2711 I auditd : type=1400 audit(0.0:5781179): avc: denied { read } for comm="event_loop" lport=13400 scontext=u:r:hht_ota_mgr:s0 tcontext=u:r:hht_ota_mgr:s0 tclass=udp_socket permissive=0
06-07 15:48:04.331 2711 2711 I auditd : type=1400 audit(0.0:5781180): avc: denied { read } for comm="event_loop" lport=13400 scontext=u:r:hht_ota_mgr:s0 tcontext=u:r:hht_ota_mgr:s0 tclass=udp_socket permissive=0
06-07 15:48:04.331 2711 2711 I auditd : type=1400 audit(0.0:5781181): avc: denied { read } for comm="event_loop" lport=13400 scontext=u:r:hht_ota_mgr:s0 tcontext=u:r:hht_ota_mgr:s0 tclass=udp_socket permissive=0
06-07 15:48:04.338 0 0 W [ 1603.004252] audit: audit_lost=5780033 audit_rate_limit=5 audit_backlog_limit=64
06-07 15:48:04.338 0 0 E [ 1603.004257] audit: rate limit exceeded
06-07 15:48:05.006 2140 2140 I force_gc: mem
06-07 15:48:05.074 0 0 I : [ 1603.740416] read descriptors
06-07 15:48:05.074 0 0 I : [ 1603.740512] read strings
06-07 15:48:05.331 2711 2711 I auditd : type=1400 audit(0.0:5823627): avc: denied { read } for comm="event_loop" lport=13400 scontext=u:r:hht_ota_mgr:s0 tcontext=u:r:hht_ota_mgr:s0 tclass=udp_socket permissive=0
06-07 15:48:05.335 2711 2711 I auditd : type=1400 audit(0.0:5823628): avc: denied { read } for comm="event_loop" lport=13400 scontext=u:r:hht_ota_mgr:s0 tcontext=u:r:hht_ota_mgr:s0 tclass=udp_socket permissive=0
06-07 15:48:05.335 2711 2711 I auditd : type=1400 audit(0.0:5823629): avc: denied { read } for comm="event_loop" lport=13400 scontext=u:r:hht_ota_mgr:s0 tcontext=u:r:hht_ota_mgr:s0 tclass=udp_socket permissive=0
06-07 15:48:05.335 2711 2711 I auditd : type=1400 audit(0.0:5823630): avc: denied { read } for comm="event_loop" lport=13400 scontext=u:r:hht_ota_mgr:s0 tcontext=u:r:hht_ota_mgr:s0 tclass=udp_socket permissive=0
06-07 15:48:05.335 2711 2711 I auditd : type=1400 audit(0.0:5823631): avc: denied { read } for comm="event_loop" lport=13400 scontext=u:r:hht_ota_mgr:s0 tcontext=u:r:hht_ota_mgr:s0 tclass=udp_socket permissive=0
06-07 15:48:05.342 0 0 W [ 1604.008217] audit: audit_lost=5822478 audit_rate_limit=5 audit_backlog_limit=64
06-07 15:48:05.342 0 0 E [ 1604.008227] audit: rate limit exceeded
06-07 15:48:06.138 0 0 I : [ 1604.804574] read descriptors
06-07 15:48:06.138 0 0 I : [ 1604.804655] read strings
06-07 15:48:06.335 2711 2711 I auditd : type=1400 audit(0.0:5866011): avc: denied { read } for comm="event_loop" lport=13400 scontext=u:r:hht_ota_mgr:s0 tcontext=u:r:hht_ota_mgr:s0 tclass=udp_socket permissive=0
06-07 15:48:06.339 2711 2711 I auditd : type=1400 audit(0.0:5866012): avc: denied { read } for comm="event_loop" lport=13400 scontext=u:r:hht_ota_mgr:s0 tcontext=u:r:hht_ota_mgr:s0 tclass=udp_socket permissive=0
06-07 15:48:06.339 2711 2711 I auditd : type=1400 audit(0.0:5866013): avc: denied { read } for comm="event_loop" lport=13400 scontext=u:r:hht_ota_mgr:s0 tcontext=u:r:hht_ota_mgr:s0 tclass=udp_socket permissive=0
06-07 15:48:06.342 0 0 W [ 1605.012219] audit: audit_lost=5864857 audit_rate_limit=5 audit_backlog_limit=64
06-07 15:48:06.342 0 0 E [ 1605.012226] audit: rate limit exceeded
06-07 15:48:06.339 2711 2711 I auditd : type=1400 audit(0.0:5866014): avc: denied { read } for comm="event_loop" lport=13400 scontext=u:r:hht_ota_mgr:s0 tcontext=u:r:hht_ota_mgr:s0 tclass=udp_socket permissive=0
06-07 15:48:06.339 2711 2711 I auditd : type=1400 audit(0.0:5866015): avc: denied { read } for comm="event_loop" lport=13400 scontext=u:r:hht_ota_mgr:s0 tcontext=u:r:hht_ota_mgr:s0 tclass=udp_socket permissive=0
06-07 15:48:07.166 0 0 I : [ 1605.832472] read descriptors
06-07 15:48:07.166 0 0 I : [ 1605.832560] read strings
06-07 15:48:07.343 2711 2711 I auditd : type=1400 audit(0.0:5908494): avc: denied { read } for comm="event_loop" lport=13400 scontext=u:r:hht_ota_mgr:s0 tcontext=u:r:hht_ota_mgr:s0 tclass=udp_socket permissive=0
06-07 15:48:07.343 2711 2711 I auditd : type=1400 audit(0.0:5908495): avc: denied { read } for comm="event_loop" lport=13400 scontext=u:r:hht_ota_mgr:s0 tcontext=u:r:hht_ota_mgr:s0 tclass=udp_socket permissive=0
06-07 15:48:07.343 2711 2711 I auditd : type=1400 audit(0.0:5908496): avc: denied { read } for comm="event_loop" lport=13400 scontext=u:r:hht_ota_mgr:s0 tcontext=u:r:hht_ota_mgr:s0 tclass=udp_socket permissive=0
06-07 15:48:07.343 2711 2711 I auditd : type=1400 audit(0.0:5908497): avc: denied { read } for comm="event_loop" lport=13400 scontext=u:r:hht_ota_mgr:s0 tcontext=u:r:hht_ota_mgr:s0 tclass=udp_socket permissive=0
06-07 15:48:07.343 2711 2711 I auditd : type=1400 audit(0.0:5908498): avc: denied { read } for comm="event_loop" lport=13400 scontext=u:r:hht_ota_mgr:s0 tcontext=u:r:hht_ota_mgr:s0 tclass=udp_socket permissive=0
06-07 15:48:07.347 0 0 W [ 1606.016224] audit: audit_lost=5907335 audit_rate_limit=5 audit_backlog_limit=64
06-07 15:48:07.347 0 0 E [ 1606.016228] audit: rate limit exceeded
06-07 15:48:08.187 0 0 I : [ 1606.856436] read descriptors
06-07 15:48:08.187 0 0 I : [ 1606.856520] read strings
06-07 15:48:08.347 2711 2711 I auditd : type=1400 audit(0.0:5950889): avc: denied { read } for comm="event_loop" lport=13400 scontext=u:r:hht_ota_mgr:s0 tcontext=u:r:hht_ota_mgr:s0 tclass=udp_socket permissive=0
06-07 15:48:08.347 2711 2711 I auditd : type=1400 audit(0.0:5950890): avc: denied { read } for comm="event_loop" lport=13400 scontext=u:r:hht_ota_mgr:s0 tcontext=u:r:hht_ota_mgr:s0 tclass=udp_socket permissive=0
06-07 15:48:08.347 2711 2711 I auditd : type=1400 audit(0.0:5950891): avc: denied { read } for comm="event_loop" lport=13400 scontext=u:r:hht_ota_mgr:s0 tcontext=u:r:hht_ota_mgr:s0 tclass=udp_socket permissive=0
06-07 15:48:08.347 2711 2711 I auditd : type=1400 audit(0.0:5950892): avc: denied { read } for comm="event_loop" lport=13400 scontext=u:r:hht_ota_mgr:s0 tcontext=u:r:hht_ota_mgr:s0 tclass=udp_socket permissive=0
06-07 15:48:08.347 2711 2711 I auditd : type=1400 audit(0.0:5950893): avc: denied { read } for comm="event_loop" lport=13400 scontext=u:r:hht_ota_mgr:s0 tcontext=u:r:hht_ota_mgr:s0 tclass=udp_socket permissive=0
06-07 15:48:08.354 0 0 W [ 1607.020194] audit: audit_lost=5949725 audit_rate_limit=5 audit_backlog_limit=64
06-07 15:48:08.354 0 0 E [ 1607.020199] audit: rate limit exceeded
06-07 15:48:09.222 0 0 I : [ 1607.888370] read descriptors
06-07 15:48:09.222 0 0 I : [ 1607.888454] read strings
06-07 15:48:09.351 2711 2711 I auditd : type=1400 audit(0.0:5993339): avc: denied { read } for comm="event_loop" lport=13400 scontext=u:r:hht_ota_mgr:s0 tcontext=u:r:hht_ota_mgr:s0 tclass=udp_socket permissive=0
06-07 15:48:09.354 0 0 W [ 1608.024227] audit: audit_lost=5992170 audit_rate_limit=5 audit_backlog_limit=64
06-07 15:48:09.354 0 0 E [ 1608.024231] audit: rate limit exceeded
06-07 15:48:09.351 2711 2711 I auditd : type=1400 audit(0.0:5993340): avc: denied { read } for comm="event_loop" lport=13400 scontext=u:r:hht_ota_mgr:s0 tcontext=u:r:hht_ota_mgr:s0 tclass=udp_socket permissive=0
06-07 15:48:09.351 2711 2711 I auditd : type=1400 audit(0.0:5993341): avc: denied { read } for comm="event_loop" lport=13400 scontext=u:r:hht_ota_mgr:s0 tcontext=u:r:hht_ota_mgr:s0 tclass=udp_socket permissive=0
06-07 15:48:09.351 2711 2711 I auditd : type=1400 audit(0.0:5993342): avc: denied { read } for comm="event_loop" lport=13400 scontext=u:r:hht_ota_mgr:s0 tcontext=u:r:hht_ota_mgr:s0 tclass=udp_socket permissive=0
06-07 15:48:09.351 2711 2711 I auditd : type=1400 audit(0.0:5993343): avc: denied { read } for comm="event_loop" lport=13400 scontext=u:r:hht_ota_mgr:s0 tcontext=u:r:hht_ota_mgr:s0 tclass=udp_socket permissive=0
06-07 15:48:10.012 2132 2132 I force_gc: mem
06-07 15:48:10.278 0 0 I : [ 1608.944690] read descriptors
06-07 15:48:10.278 0 0 I : [ 1608.944781] read strings
06-07 15:48:10.355 2711 2711 I auditd : type=1400 audit(0.0:6035298): avc: denied { read } for comm="event_loop" lport=13400 scontext=u:r:hht_ota_mgr:s0 tcontext=u:r:hht_ota_mgr:s0 tclass=udp_socket permissive=0
06-07 15:48:10.355 2711 2711 I auditd : type=1400 audit(0.0:6035299): avc: denied { read } for comm="event_loop" lport=13400 scontext=u:r:hht_ota_mgr:s0 tcontext=u:r:hht_ota_mgr:s0 tclass=udp_socket permissive=0
06-07 15:48:10.355 2711 2711 I auditd : type=1400 audit(0.0:6035300): avc: denied { read } for comm="event_loop" lport=13400 scontext=u:r:hht_ota_mgr:s0 tcontext=u:r:hht_ota_mgr:s0 tclass=udp_socket permissive=0
06-07 15:48:10.355 2711 2711 I auditd : type=1400 audit(0.0:6035301): avc: denied { read } for comm="event_loop" lport=13400 scontext=u:r:hht_ota_mgr:s0 tcontext=u:r:hht_ota_mgr:s0 tclass=udp_socket permissive=0
06-07 15:48:10.355 2711 2711 I auditd : type=1400 audit(0.0:6035302): avc: denied { read } for comm="event_loop" lport=13400 scontext=u:r:hht_ota_mgr:s0 tcontext=u:r:hht_ota_mgr:s0 tclass=udp_socket permissive=0
06-07 15:48:10.362 0 0 W [ 1609.028216] audit: audit_lost=6034124 audit_rate_limit=5 audit_backlog_limit=64
06-07 15:48:10.362 0 0 E [ 1609.028220] audit: rate limit exceeded
06-07 15:48:11.307 0 0 I : [ 1609.976411] read descriptors
06-07 15:48:11.307 0 0 I : [ 1609.976501] read strings
06-07 15:48:11.355 2711 2711 I auditd : type=1400 audit(0.0:6077785): avc: denied { read } for comm="event_loop" lport=13400 scontext=u:r:hht_ota_mgr:s0 tcontext=u:r:hht_ota_mgr:s0 tclass=udp_socket permissive=0
06-07 15:48:11.359 2711 2711 I auditd : type=1400 audit(0.0:6077786): avc: denied { read } for comm="event_loop" lport=13400 scontext=u:r:hht_ota_mgr:s0 tcontext=u:r:hht_ota_mgr:s0 tclass=udp_socket permissive=0
06-07 15:48:11.359 2711 2711 I auditd : type=1400 audit(0.0:6077787): avc: denied { read } for comm="event_loop" lport=13400 scontext=u:r:hht_ota_mgr:s0 tcontext=u:r:hht_ota_mgr:s0 tclass=udp_socket permissive=0
06-07 15:48:11.359 2711 2711 I auditd : type=1400 audit(0.0:6077788): avc: denied { read } for comm="event_loop" lport=13400 scontext=u:r:hht_ota_mgr:s0 tcontext=u:r:hht_ota_mgr:s0 tclass=udp_socket permissive=0
06-07 15:48:11.359 2711 2711 I auditd : type=1400 audit(0.0:6077789): avc: denied { read } for comm="event_loop" lport=13400 scontext=u:r:hht_ota_mgr:s0 tcontext=u:r:hht_ota_mgr:s0 tclass=udp_socket permissive=0
06-07 15:48:11.363 0 0 W [ 1610.032191] audit: audit_lost=6076606 audit_rate_limit=5 audit_backlog_limit=64
06-07 15:48:11.363 0 0 E [ 1610.032195] audit: rate limit exceeded
06-07 15:48:12.331 0 0 I : [ 1611.000403] read descriptors
06-07 15:48:12.331 0 0 I : [ 1611.000528] read strings
06-07 15:48:12.359 2711 2711 I auditd : type=1400 audit(0.0:6120227): avc: denied { read } for comm="event_loop" lport=13400 scontext=u:r:hht_ota_mgr:s0 tcontext=u:r:hht_ota_mgr:s0 tclass=udp_socket permissive=0
06-07 15:48:12.363 2711 2711 I auditd : type=1400 audit(0.0:6120228): avc: denied { read } for comm="event_loop" lport=13400 scontext=u:r:hht_ota_mgr:s0 tcontext=u:r:hht_ota_mgr:s0 tclass=udp_socket permissive=0
06-07 15:48:12.363 2711 2711 I auditd : type=1400 audit(0.0:6120229): avc: denied { read } for comm="event_loop" lport=13400 scontext=u:r:hht_ota_mgr:s0 tcontext=u:r:hht_ota_mgr:s0 tclass=udp_socket permissive=0
06-07 15:48:12.363 2711 2711 I auditd : type=1400 audit(0.0:6120230): avc: denied { read } for comm="event_loop" lport=13400 scontext=u:r:hht_ota_mgr:s0 tcontext=u:r:hht_ota_mgr:s0 tclass=udp_socket permissive=0
06-07 15:48:12.363 2711 2711 I auditd : type=1400 audit(0.0:6120231): avc: denied { read } for comm="event_loop" lport=13400 scontext=u:r:hht_ota_mgr:s0 tcontext=u:r:hht_ota_mgr:s0 tclass=udp_socket permissive=0
06-07 15:48:12.370 0 0 W [ 1611.036183] audit: audit_lost=6119043 audit_rate_limit=5 audit_backlog_limit=64
06-07 15:48:12.370 0 0 E [ 1611.036186] audit: rate limit exceeded
06-07 15:48:13.363 2711 2711 I auditd : type=1400 audit(0.0:6162799): avc: denied { read } for comm="event_loop" lport=13400 scontext=u:r:hht_ota_mgr:s0 tcontext=u:r:hht_ota_mgr:s0 tclass=udp_socket permissive=0
06-07 15:48:13.367 2711 2711 I auditd : type=1400 audit(0.0:6162800): avc: denied { read } for comm="event_loop" lport=13400 scontext=u:r:hht_ota_mgr:s0 tcontext=u:r:hht_ota_mgr:s0 tclass=udp_socket permissive=0
06-07 15:48:13.367 2711 2711 I auditd : type=1400 audit(0.0:6162801): avc: denied { read } for comm="event_loop" lport=13400 scontext=u:r:hht_ota_mgr:s0 tcontext=u:r:hht_ota_mgr:s0 tclass=udp_socket permissive=0
06-07 15:48:13.367 2711 2711 I auditd : type=1400 audit(0.0:6162802): avc: denied { read } for comm="event_loop" lport=13400 scontext=u:r:hht_ota_mgr:s0 tcontext=u:r:hht_ota_mgr:s0 tclass=udp_socket permissive=0
06-07 15:48:13.371 0 0 W [ 1612.040209] audit: audit_lost=6161610 audit_rate_limit=5 audit_backlog_limit=64
06-07 15:48:13.371 0 0 E [ 1612.040214] audit: rate limit exceeded
06-07 15:48:13.367 2711 2711 I auditd : type=1400 audit(0.0:6162803): avc: denied { read } for comm="event_loop" lport=13400 scontext=u:r:hht_ota_mgr:s0 tcontext=u:r:hht_ota_mgr:s0 tclass=udp_socket permissive=0
06-07 15:48:13.386 0 0 I : [ 1612.052346] read descriptors
06-07 15:48:13.386 0 0 I : [ 1612.052435] read strings
06-07 15:48:14.371 2711 2711 I auditd : type=1400 audit(0.0:6205292): avc: denied { read } for comm="event_loop" lport=13400 scontext=u:r:hht_ota_mgr:s0 tcontext=u:r:hht_ota_mgr:s0 tclass=udp_socket permissive=0
06-07 15:48:14.371 2711 2711 I auditd : type=1400 audit(0.0:6205293): avc: denied { read } for comm="event_loop" lport=13400 scontext=u:r:hht_ota_mgr:s0 tcontext=u:r:hht_ota_mgr:s0 tclass=udp_socket permissive=0
06-07 15:48:14.371 2711 2711 I auditd : type=1400 audit(0.0:6205294): avc: denied { read } for comm="event_loop" lport=13400 scontext=u:r:hht_ota_mgr:s0 tcontext=u:r:hht_ota_mgr:s0 tclass=udp_socket permissive=0
06-07 15:48:14.371 2711 2711 I auditd : type=1400 audit(0.0:6205295): avc: denied { read } for comm="event_loop" lport=13400 scontext=u:r:hht_ota_mgr:s0 tcontext=u:r:hht_ota_mgr:s0 tclass=udp_socket permissive=0
06-07 15:48:14.371 2711 2711 I auditd : type=1400 audit(0.0:6205296): avc: denied { read } for comm="event_loop" lport=13400 scontext=u:r:hht_ota_mgr:s0 tcontext=u:r:hht_ota_mgr:s0 tclass=udp_socket permissive=0
06-07 15:48:14.378 0 0 W [ 1613.044213] audit: audit_lost=6204098 audit_rate_limit=5 audit_backlog_limit=64
06-07 15:48:14.378 0 0 E [ 1613.044221] audit: rate limit exceeded
06-07 15:48:14.411 0 0 I : [ 1613.080400] read descriptors
06-07 15:48:14.411 0 0 I : [ 1613.080503] read strings
06-07 15:48:15.021 2159 2159 I sqlite_mem_released: 0
06-07 15:48:15.021 2159 2159 I force_gc: mem
06-07 15:48:15.375 2711 2711 I auditd : type=1400 audit(0.0:6247775): avc: denied { read } for comm="event_loop" lport=13400 scontext=u:r:hht_ota_mgr:s0 tcontext=u:r:hht_ota_mgr:s0 tclass=udp_socket permissive=0
06-07 15:48:15.375 2711 2711 I auditd : type=1400 audit(0.0:6247776): avc: denied { read } for comm="event_loop" lport=13400 scontext=u:r:hht_ota_mgr:s0 tcontext=u:r:hht_ota_mgr:s0 tclass=udp_socket permissive=0
06-07 15:48:15.375 2711 2711 I auditd : type=1400 audit(0.0:6247777): avc: denied { read } for comm="event_loop" lport=13400 scontext=u:r:hht_ota_mgr:s0 tcontext=u:r:hht_ota_mgr:s0 tclass=udp_socket permissive=0
06-07 15:48:15.375 2711 2711 I auditd : type=1400 audit(0.0:6247778): avc: denied { read } for comm="event_loop" lport=13400 scontext=u:r:hht_ota_mgr:s0 tcontext=u:r:hht_ota_mgr:s0 tclass=udp_socket permissive=0
06-07 15:48:15.375 2711 2711 I auditd : type=1400 audit(0.0:6247779): avc: denied { read } for comm="event_loop" lport=13400 scontext=u:r:hht_ota_mgr:s0 tcontext=u:r:hht_ota_mgr:s0 tclass=udp_socket permissive=0
06-07 15:48:15.379 0 0 W [ 1614.048203] audit: audit_lost=6246576 audit_rate_limit=5 audit_backlog_limit=64
06-07 15:48:15.379 0 0 E [ 1614.048210] audit: rate limit exceeded
06-07 15:48:15.458 0 0 I : [ 1614.124436] read descriptors
06-07 15:48:15.458 0 0 I : [ 1614.124525] read strings
06-07 15:48:16.379 2711 2711 I auditd : type=1400 audit(0.0:6290246): avc: denied { read } for comm="event_loop" lport=13400 scontext=u:r:hht_ota_mgr:s0 tcontext=u:r:hht_ota_mgr:s0 tclass=udp_socket permissive=0
06-07 15:48:16.379 2711 2711 I auditd : type=1400 audit(0.0:6290247): avc: denied { read } for comm="event_loop" lport=13400 scontext=u:r:hht_ota_mgr:s0 tcontext=u:r:hht_ota_mgr:s0 tclass=udp_socket permissive=0
06-07 15:48:16.379 2711 2711 I auditd : type=1400 audit(0.0:6290248): avc: denied { read } for comm="event_loop" lport=13400 scontext=u:r:hht_ota_mgr:s0 tcontext=u:r:hht_ota_mgr:s0 tclass=udp_socket permissive=0
06-07 15:48:16.379 2711 2711 I auditd : type=1400 audit(0.0:6290249): avc: denied { read } for comm="event_loop" lport=13400 scontext=u:r:hht_ota_mgr:s0 tcontext=u:r:hht_ota_mgr:s0 tclass=udp_socket permissive=0
06-07 15:48:16.379 2711 2711 I auditd : type=1400 audit(0.0:6290250): avc: denied { read } for comm="event_loop" lport=13400 scontext=u:r:hht_ota_mgr:s0 tcontext=u:r:hht_ota_mgr:s0 tclass=udp_socket permissive=0
06-07 15:48:16.386 0 0 W [ 1615.052215] audit: audit_lost=6289042 audit_rate_limit=5 audit_backlog_limit=64
06-07 15:48:16.386 0 0 E [ 1615.052223] audit: rate limit exceeded
06-07 15:48:16.482 0 0 I : [ 1615.148371] read descriptors
06-07 15:48:16.482 0 0 I : [ 1615.148456] read strings
06-07 15:48:17.383 2711 2711 I auditd : type=1400 audit(0.0:6332769): avc: denied { read } for comm="event_loop" lport=13400 scontext=u:r:hht_ota_mgr:s0 tcontext=u:r:hht_ota_mgr:s0 tclass=udp_socket permissive=0
06-07 15:48:17.383 2711 2711 I auditd : type=1400 audit(0.0:6332770): avc: denied { read } for comm="event_loop" lport=13400 scontext=u:r:hht_ota_mgr:s0 tcontext=u:r:hht_ota_mgr:s0 tclass=udp_socket permissive=0
06-07 15:48:17.383 2711 2711 I auditd : type=1400 audit(0.0:6332771): avc: denied { read } for comm="event_loop" lport=13400 scontext=u:r:hht_ota_mgr:s0 tcontext=u:r:hht_ota_mgr:s0 tclass=udp_socket permissive=0
06-07 15:48:17.383 2711 2711 I auditd : type=1400 audit(0.0:6332772): avc: denied { read } for comm="event_loop" lport=13400 scontext=u:r:hht_ota_mgr:s0 tcontext=u:r:hht_ota_mgr:s0 tclass=udp_socket permissive=0
06-07 15:48:17.383 2711 2711 I auditd : type=1400 audit(0.0:6332773): avc: denied { read } for comm="event_loop" lport=13400 scontext=u:r:hht_ota_mgr:s0 tcontext=u:r:hht_ota_mgr:s0 tclass=udp_socket permissive=0
06-07 15:48:17.387 0 0 W [ 1616.056243] audit: audit_lost=6331560 audit_rate_limit=5 audit_backlog_limit=64
06-07 15:48:17.387 0 0 E [ 1616.056250] audit: rate limit exceeded
06-07 15:48:17.514 0 0 I : [ 1616.180371] read descriptors
06-07 15:48:17.514 0 0 I : [ 1616.180457] read strings
06-07 15:48:18.387 2711 2711 I auditd : type=1400 audit(0.0:6375240): avc: denied { read } for comm="event_loop" lport=13400 scontext=u:r:hht_ota_mgr:s0 tcontext=u:r:hht_ota_mgr:s0 tclass=udp_socket permissive=0
06-07 15:48:18.387 2711 2711 I auditd : type=1400 audit(0.0:6375241): avc: denied { read } for comm="event_loop" lport=13400 scontext=u:r:hht_ota_mgr:s0 tcontext=u:r:hht_ota_mgr:s0 tclass=udp_socket permissive=0
06-07 15:48:18.387 2711 2711 I auditd : type=1400 audit(0.0:6375242): avc: denied { read } for comm="event_loop" lport=13400 scontext=u:r:hht_ota_mgr:s0 tcontext=u:r:hht_ota_mgr:s0 tclass=udp_socket permissive=0
06-07 15:48:18.387 2711 2711 I auditd : type=1400 audit(0.0:6375243): avc: denied { read } for comm="event_loop" lport=13400 scontext=u:r:hht_ota_mgr:s0 tcontext=u:r:hht_ota_mgr:s0 tclass=udp_socket permissive=0
06-07 15:48:18.387 2711 2711 I auditd : type=1400 audit(0.0:6375244): avc: denied { read } for comm="event_loop" lport=13400 scontext=u:r:hht_ota_mgr:s0 tcontext=u:r:hht_ota_mgr:s0 tclass=udp_socket permissive=0
06-07 15:48:18.394 0 0 W [ 1617.060223] audit: audit_lost=6374026 audit_rate_limit=5 audit_backlog_limit=64
06-07 15:48:18.394 0 0 E [ 1617.060231] audit: rate limit exceeded
06-07 15:48:18.539 0 0 I : [ 1617.208443] read descriptors
06-07 15:48:18.539 0 0 I : [ 1617.208532] read strings
06-07 15:48:19.391 2711 2711 I auditd : type=1400 audit(0.0:6417823): avc: denied { read } for comm="event_loop" lport=13400 scontext=u:r:hht_ota_mgr:s0 tcontext=u:r:hht_ota_mgr:s0 tclass=udp_socket permissive=0
06-07 15:48:19.391 2711 2711 I auditd : type=1400 audit(0.0:6417824): avc: denied { read } for comm="event_loop" lport=13400 scontext=u:r:hht_ota_mgr:s0 tcontext=u:r:hht_ota_mgr:s0 tclass=udp_socket permissive=0
06-07 15:48:19.391 2711 2711 I auditd : type=1400 audit(0.0:6417825): avc: denied { read } for comm="event_loop" lport=13400 scontext=u:r:hht_ota_mgr:s0 tcontext=u:r:hht_ota_mgr:s0 tclass=udp_socket permissive=0
06-07 15:48:19.391 2711 2711 I auditd : type=1400 audit(0.0:6417826): avc: denied { read } for comm="event_loop" lport=13400 scontext=u:r:hht_ota_mgr:s0 tcontext=u:r:hht_ota_mgr:s0 tclass=udp_socket permissive=0
06-07 15:48:19.391 2711 2711 I auditd : type=1400 audit(0.0:6417827): avc: denied { read } for comm="event_loop" lport=13400 scontext=u:r:hht_ota_mgr:s0 tcontext=u:r:hht_ota_mgr:s0 tclass=udp_socket permissive=0
06-07 15:48:19.398 0 0 W [ 1618.064255] audit: audit_lost=6416604 audit_rate_limit=5 audit_backlog_limit=64
06-07 15:48:19.398 0 0 E [ 1618.064259] audit: rate limit exceeded
06-07 15:48:19.574 0 0 I : [ 1618.240470] read descriptors
06-07 15:48:19.574 0 0 I : [ 1618.240550] read strings
06-07 15:48:20.027 2174 2174 I force_gc: mem
06-07 15:48:20.391 2711 2711 I auditd : type=1400 audit(0.0:6460319): avc: denied { read } for comm="event_loop" lport=13400 scontext=u:r:hht_ota_mgr:s0 tcontext=u:r:hht_ota_mgr:s0 tclass=udp_socket permissive=0
06-07 15:48:20.395 2711 2711 I auditd : type=1400 audit(0.0:6460320): avc: denied { read } for comm="event_loop" lport=13400 scontext=u:r:hht_ota_mgr:s0 tcontext=u:r:hht_ota_mgr:s0 tclass=udp_socket permissive=0
06-07 15:48:20.395 2711 2711 I auditd : type=1400 audit(0.0:6460321): avc: denied { read } for comm="event_loop" lport=13400 scontext=u:r:hht_ota_mgr:s0 tcontext=u:r:hht_ota_mgr:s0 tclass=udp_socket permissive=0
06-07 15:48:20.395 2711 2711 I auditd : type=1400 audit(0.0:6460322): avc: denied { read } for comm="event_loop" lport=13400 scontext=u:r:hht_ota_mgr:s0 tcontext=u:r:hht_ota_mgr:s0 tclass=udp_socket permissive=0
06-07 15:48:20.395 2711 2711 I auditd : type=1400 audit(0.0:6460323): avc: denied { read } for comm="event_loop" lport=13400 scontext=u:r:hht_ota_mgr:s0 tcontext=u:r:hht_ota_mgr:s0 tclass=udp_socket permissive=0
06-07 15:48:20.402 0 0 W [ 1619.068209] audit: audit_lost=6459095 audit_rate_limit=5 audit_backlog_limit=64
06-07 15:48:20.402 0 0 E [ 1619.068216] audit: rate limit exceeded
06-07 15:48:20.618 0 0 I : [ 1619.284380] read descriptors
06-07 15:48:20.618 0 0 I : [ 1619.284460] read strings
06-07 15:48:21.399 2711 2711 I auditd : type=1400 audit(0.0:6502907): avc: denied { read } for comm="event_loop" lport=13400 scontext=u:r:hht_ota_mgr:s0 tcontext=u:r:hht_ota_mgr:s0 tclass=udp_socket permissive=0
06-07 15:48:21.399 2711 2711 I auditd : type=1400 audit(0.0:6502908): avc: denied { read } for comm="event_loop" lport=13400 scontext=u:r:hht_ota_mgr:s0 tcontext=u:r:hht_ota_mgr:s0 tclass=udp_socket permissive=0
06-07 15:48:21.399 2711 2711 I auditd : type=1400 audit(0.0:6502909): avc: denied { read } for comm="event_loop" lport=13400 scontext=u:r:hht_ota_mgr:s0 tcontext=u:r:hht_ota_mgr:s0 tclass=udp_socket permissive=0
06-07 15:48:21.399 2711 2711 I auditd : type=1400 audit(0.0:6502910): avc: denied { read } for comm="event_loop" lport=13400 scontext=u:r:hht_ota_mgr:s0 tcontext=u:r:hht_ota_mgr:s0 tclass=udp_socket permissive=0
06-07 15:48:21.399 2711 2711 I auditd : type=1400 audit(0.0:6502911): avc: denied { read } for comm="event_loop" lport=13400 scontext=u:r:hht_ota_mgr:s0 tcontext=u:r:hht_ota_mgr:s0 tclass=udp_socket permissive=0
06-07 15:48:21.403 0 0 W [ 1620.072232] audit: audit_lost=6501678 audit_rate_limit=5 audit_backlog_limit=64
06-07 15:48:21.403 0 0 E [ 1620.072235] audit: rate limit exceeded
06-07 15:48:21.634 0 0 I : [ 1620.300351] read descriptors
06-07 15:48:21.634 0 0 I : [ 1620.300436] read strings
06-07 15:48:22.403 2711 2711 I auditd : type=1400 audit(0.0:6545399): avc: denied { read } for comm="event_loop" lport=13400 scontext=u:r:hht_ota_mgr:s0 tcontext=u:r:hht_ota_mgr:s0 tclass=udp_socket permissive=0
06-07 15:48:22.403 2711 2711 I auditd : type=1400 audit(0.0:6545400): avc: denied { read } for comm="event_loop" lport=13400 scontext=u:r:hht_ota_mgr:s0 tcontext=u:r:hht_ota_mgr:s0 tclass=udp_socket permissive=0
06-07 15:48:22.403 2711 2711 I auditd : type=1400 audit(0.0:6545401): avc: denied { read } for comm="event_loop" lport=13400 scontext=u:r:hht_ota_mgr:s0 tcontext=u:r:hht_ota_mgr:s0 tclass=udp_socket permissive=0
06-07 15:48:22.406 0 0 W [ 1621.076217] audit: audit_lost=6544165 audit_rate_limit=5 audit_backlog_limit=64
06-07 15:48:22.406 0 0 E [ 1621.076224] audit: rate limit exceeded
06-07 15:48:22.403 2711 2711 I auditd : type=1400 audit(0.0:6545402): avc: denied { read } for comm="event_loop" lport=13400 scontext=u:r:hht_ota_mgr:s0 tcontext=u:r:hht_ota_mgr:s0 tclass=udp_socket permissive=0
06-07 15:48:22.403 2711 2711 I auditd : type=1400 audit(0.0:6545403): avc: denied { read } for comm="event_loop" lport=13400 scontext=u:r:hht_ota_mgr:s0 tcontext=u:r:hht_ota_mgr:s0 tclass=udp_socket permissive=0
06-07 15:48:22.654 0 0 I : [ 1621.320434] read descriptors
06-07 15:48:22.654 0 0 I : [ 1621.320520] read strings
06-07 15:48:23.407 2711 2711 I auditd : type=1400 audit(0.0:6587892): avc: denied { read } for comm="event_loop" lport=13400 scontext=u:r:hht_ota_mgr:s0 tcontext=u:r:hht_ota_mgr:s0 tclass=udp_socket permissive=0
06-07 15:48:23.407 2711 2711 I auditd : type=1400 audit(0.0:6587893): avc: denied { read } for comm="event_loop" lport=13400 scontext=u:r:hht_ota_mgr:s0 tcontext=u:r:hht_ota_mgr:s0 tclass=udp_socket permissive=0
06-07 15:48:23.407 2711 2711 I auditd : type=1400 audit(0.0:6587894): avc: denied { read } for comm="event_loop" lport=13400 scontext=u:r:hht_ota_mgr:s0 tcontext=u:r:hht_ota_mgr:s0 tclass=udp_socket permissive=0
06-07 15:48:23.407 2711 2711 I auditd : type=1400 audit(0.0:6587895): avc: denied { read } for comm="event_loop" lport=13400 scontext=u:r:hht_ota_mgr:s0 tcontext=u:r:hht_ota_mgr:s0 tclass=udp_socket permissive=0
06-07 15:48:23.407 2711 2711 I auditd : type=1400 audit(0.0:6587896): avc: denied { read } for comm="event_loop" lport=13400 scontext=u:r:hht_ota_mgr:s0 tcontext=u:r:hht_ota_mgr:s0 tclass=udp_socket permissive=0
06-07 15:48:23.414 0 0 W [ 1622.080222] audit: audit_lost=6586653 audit_rate_limit=5 audit_backlog_limit=64
06-07 15:48:23.414 0 0 E [ 1622.080229] audit: rate limit exceeded
06-07 15:48:23.678 0 0 I : [ 1622.344472] read descriptors
06-07 15:48:23.678 0 0 I : [ 1622.344560] read strings
06-07 15:48:24.407 2711 2711 I auditd : type=1400 audit(0.0:6630378): avc: denied { read } for comm="event_loop" lport=13400 scontext=u:r:hht_ota_mgr:s0 tcontext=u:r:hht_ota_mgr:s0 tclass=udp_socket permissive=0
06-07 15:48:24.411 2711 2711 I auditd : type=1400 audit(0.0:6630379): avc: denied { read } for comm="event_loop" lport=13400 scontext=u:r:hht_ota_mgr:s0 tcontext=u:r:hht_ota_mgr:s0 tclass=udp_socket permissive=0
06-07 15:48:24.411 2711 2711 I auditd : type=1400 audit(0.0:6630380): avc: denied { read } for comm="event_loop" lport=13400 scontext=u:r:hht_ota_mgr:s0 tcontext=u:r:hht_ota_mgr:s0 tclass=udp_socket permissive=0
06-07 15:48:24.411 2711 2711 I auditd : type=1400 audit(0.0:6630381): avc: denied { read } for comm="event_loop" lport=13400 scontext=u:r:hht_ota_mgr:s0 tcontext=u:r:hht_ota_mgr:s0 tclass=udp_socket permissive=0
06-07 15:48:24.411 2711 2711 I auditd : type=1400 audit(0.0:6630382): avc: denied { read } for comm="event_loop" lport=13400 scontext=u:r:hht_ota_mgr:s0 tcontext=u:r:hht_ota_mgr:s0 tclass=udp_socket permissive=0
06-07 15:48:24.419 0 0 W [ 1623.084213] audit: audit_lost=6629134 audit_rate_limit=5 audit_backlog_limit=64
06-07 15:48:24.419 0 0 E [ 1623.084220] audit: rate limit exceeded
06-07 15:48:24.734 0 0 I : [ 1623.400426] read descriptors
06-07 15:48:24.734 0 0 I : [ 1623.400512] read strings
06-07 15:48:25.026 2213 2213 I force_gc: mem
06-07 15:48:25.411 2711 2711 I auditd : type=1400 audit(0.0:6672879): avc: denied { read } for comm="event_loop" lport=13400 scontext=u:r:hht_ota_mgr:s0 tcontext=u:r:hht_ota_mgr:s0 tclass=udp_socket permissive=0
06-07 15:48:25.415 2711 2711 I auditd : type=1400 audit(0.0:6672880): avc: denied { read } for comm="event_loop" lport=13400 scontext=u:r:hht_ota_mgr:s0 tcontext=u:r:hht_ota_mgr:s0 tclass=udp_socket permissive=0
06-07 15:48:25.415 2711 2711 I auditd : type=1400 audit(0.0:6672881): avc: denied { read } for comm="event_loop" lport=13400 scontext=u:r:hht_ota_mgr:s0 tcontext=u:r:hht_ota_mgr:s0 tclass=udp_socket permissive=0
06-07 15:48:25.415 2711 2711 I auditd : type=1400 audit(0.0:6672882): avc: denied { read } for comm="event_loop" lport=13400 scontext=u:r:hht_ota_mgr:s0 tcontext=u:r:hht_ota_mgr:s0 tclass=udp_socket permissive=0
06-07 15:48:25.415 2711 2711 I auditd : type=1400 audit(0.0:6672883): avc: denied { read } for comm="event_loop" lport=13400 scontext=u:r:hht_ota_mgr:s0 tcontext=u:r:hht_ota_mgr:s0 tclass=udp_socket permissive=0
06-07 15:48:25.422 0 0 W [ 1624.088232] audit: audit_lost=6671630 audit_rate_limit=5 audit_backlog_limit=64
06-07 15:48:25.422 0 0 E [ 1624.088239] audit: rate limit exceeded
06-07 15:48:25.759 0 0 I : [ 1624.428374] read descriptors
06-07 15:48:25.759 0 0 I : [ 1624.428464] read strings
06-07 15:48:26.419 2711 2711 I auditd : type=1400 audit(0.0:6715328): avc: denied { read } for comm="event_loop" lport=13400 scontext=u:r:hht_ota_mgr:s0 tcontext=u:r:hht_ota_mgr:s0 tclass=udp_socket permissive=0
06-07 15:48:26.419 2711 2711 I auditd : type=1400 audit(0.0:6715329): avc: denied { read } for comm="event_loop" lport=13400 scontext=u:r:hht_ota_mgr:s0 tcontext=u:r:hht_ota_mgr:s0 tclass=udp_socket permissive=0
06-07 15:48:26.419 2711 2711 I auditd : type=1400 audit(0.0:6715330): avc: denied { read } for comm="event_loop" lport=13400 scontext=u:r:hht_ota_mgr:s0 tcontext=u:r:hht_ota_mgr:s0 tclass=udp_socket permissive=0
06-07 15:48:26.419 2711 2711 I auditd : type=1400 audit(0.0:6715331): avc: denied { read } for comm="event_loop" lport=13400 scontext=u:r:hht_ota_mgr:s0 tcontext=u:r:hht_ota_mgr:s0 tclass=udp_socket permissive=0
06-07 15:48:26.419 2711 2711 I auditd : type=1400 audit(0.0:6715332): avc: denied { read } for comm="event_loop" lport=13400 scontext=u:r:hht_ota_mgr:s0 tcontext=u:r:hht_ota_mgr:s0 tclass=udp_socket permissive=0
06-07 15:48:26.426 0 0 W [ 1625.092230] audit: audit_lost=6714074 audit_rate_limit=5 audit_backlog_limit=64
06-07 15:48:26.426 0 0 E [ 1625.092238] audit: rate limit exceeded
06-07 15:48:26.782 0 0 I : [ 1625.448382] read descriptors
06-07 15:48:26.782 0 0 I : [ 1625.448469] read strings
06-07 15:48:27.423 2711 2711 I auditd : type=1400 audit(0.0:6757818): avc: denied { read } for comm="event_loop" lport=13400 scontext=u:r:hht_ota_mgr:s0 tcontext=u:r:hht_ota_mgr:s0 tclass=udp_socket permissive=0
06-07 15:48:27.423 2711 2711 I auditd : type=1400 audit(0.0:6757819): avc: denied { read } for comm="event_loop" lport=13400 scontext=u:r:hht_ota_mgr:s0 tcontext=u:r:hht_ota_mgr:s0 tclass=udp_socket permissive=0
06-07 15:48:27.423 2711 2711 I auditd : type=1400 audit(0.0:6757820): avc: denied { read } for comm="event_loop" lport=13400 scontext=u:r:hht_ota_mgr:s0 tcontext=u:r:hht_ota_mgr:s0 tclass=udp_socket permissive=0
06-07 15:48:27.423 2711 2711 I auditd : type=1400 audit(0.0:6757821): avc: denied { read } for comm="event_loop" lport=13400 scontext=u:r:hht_ota_mgr:s0 tcontext=u:r:hht_ota_mgr:s0 tclass=udp_socket permissive=0
06-07 15:48:27.423 2711 2711 I auditd : type=1400 audit(0.0:6757822): avc: denied { read } for comm="event_loop" lport=13400 scontext=u:r:hht_ota_mgr:s0 tcontext=u:r:hht_ota_mgr:s0 tclass=udp_socket permissive=0
06-07 15:48:27.430 0 0 W [ 1626.096221] audit: audit_lost=6756559 audit_rate_limit=5 audit_backlog_limit=64
06-07 15:48:27.430 0 0 E [ 1626.096228] audit: rate limit exceeded
06-07 15:48:27.670 0 0 I [ 1626.338070] init: processing action (sys.tlog.tlogdshc.active=1) from (/system/etc/init/tlogd.rc:195)
06-07 15:48:27.670 0 0 I [ 1626.338655] init: starting service 'tlogdshc'...
06-07 15:48:27.783 0 0 I [ 1626.451728] init: Service 'tlogdshc' (pid 3423) exited with status 0 oneshot service took 0.109000 seconds in background
06-07 15:48:27.783 0 0 I [ 1626.451760] init: Sending signal 9 to service 'tlogdshc' (pid 3423) process group...
06-07 15:48:27.783 0 0 I [ 1626.451970] libprocessgroup: Successfully killed process cgroup uid 0 pid 3423 in 0ms
06-07 15:48:27.850 0 0 I : [ 1626.516407] read descriptors
06-07 15:48:27.850 0 0 I : [ 1626.516493] read strings
06-07 15:48:28.427 2711 2711 I auditd : type=1400 audit(0.0:6800174): avc: denied { read } for comm="event_loop" lport=13400 scontext=u:r:hht_ota_mgr:s0 tcontext=u:r:hht_ota_mgr:s0 tclass=udp_socket permissive=0
06-07 15:48:28.427 2711 2711 I auditd : type=1400 audit(0.0:6800175): avc: denied { read } for comm="event_loop" lport=13400 scontext=u:r:hht_ota_mgr:s0 tcontext=u:r:hht_ota_mgr:s0 tclass=udp_socket permissive=0
06-07 15:48:28.430 0 0 W [ 1627.100237] audit: audit_lost=6798910 audit_rate_limit=5 audit_backlog_limit=64
06-07 15:48:28.430 0 0 E [ 1627.100242] audit: rate limit exceeded
06-07 15:48:28.427 2711 2711 I auditd : type=1400 audit(0.0:6800176): avc: denied { read } for comm="event_loop" lport=13400 scontext=u:r:hht_ota_mgr:s0 tcontext=u:r:hht_ota_mgr:s0 tclass=udp_socket permissive=0
06-07 15:48:28.427 2711 2711 I auditd : type=1400 audit(0.0:6800177): avc: denied { read } for comm="event_loop" lport=13400 scontext=u:r:hht_ota_mgr:s0 tcontext=u:r:hht_ota_mgr:s0 tclass=udp_socket permissive=0
06-07 15:48:28.427 2711 2711 I auditd : type=1400 audit(0.0:6800178): avc: denied { read } for comm="event_loop" lport=13400 scontext=u:r:hht_ota_mgr:s0 tcontext=u:r:hht_ota_mgr:s0 tclass=udp_socket permissive=0
06-07 15:48:28.882 0 0 I : [ 1627.548327] read descriptors
06-07 15:48:28.882 0 0 I : [ 1627.548423] read strings
06-07 15:48:29.431 2711 2711 I auditd : type=1400 audit(0.0:6842693): avc: denied { read } for comm="event_loop" lport=13400 scontext=u:r:hht_ota_mgr:s0 tcontext=u:r:hht_ota_mgr:s0 tclass=udp_socket permissive=0
06-07 15:48:29.431 2711 2711 I auditd : type=1400 audit(0.0:6842694): avc: denied { read } for comm="event_loop" lport=13400 scontext=u:r:hht_ota_mgr:s0 tcontext=u:r:hht_ota_mgr:s0 tclass=udp_socket permissive=0
06-07 15:48:29.431 2711 2711 I auditd : type=1400 audit(0.0:6842695): avc: denied { read } for comm="event_loop" lport=13400 scontext=u:r:hht_ota_mgr:s0 tcontext=u:r:hht_ota_mgr:s0 tclass=udp_socket permissive=0
06-07 15:48:29.431 2711 2711 I auditd : type=1400 audit(0.0:6842696): avc: denied { read } for comm="event_loop" lport=13400 scontext=u:r:hht_ota_mgr:s0 tcontext=u:r:hht_ota_mgr:s0 tclass=udp_socket permissive=0
06-07 15:48:29.431 2711 2711 I auditd : type=1400 audit(0.0:6842697): avc: denied { read } for comm="event_loop" lport=13400 scontext=u:r:hht_ota_mgr:s0 tcontext=u:r:hht_ota_mgr:s0 tclass=udp_socket permissive=0
06-07 15:48:29.438 0 0 W [ 1628.104256] audit: audit_lost=6841424 audit_rate_limit=5 audit_backlog_limit=64
06-07 15:48:29.438 0 0 E [ 1628.104263] audit: rate limit exceeded
06-07 15:48:29.906 0 0 I : [ 1628.572375] read descriptors
06-07 15:48:29.906 0 0 I : [ 1628.572465] read strings
06-07 15:48:30.435 2711 2711 I auditd : type=1400 audit(0.0:6885155): avc: denied { read } for comm="event_loop" lport=13400 scontext=u:r:hht_ota_mgr:s0 tcontext=u:r:hht_ota_mgr:s0 tclass=udp_socket permissive=0
06-07 15:48:30.435 2711 2711 I auditd : type=1400 audit(0.0:6885156): avc: denied { read } for comm="event_loop" lport=13400 scontext=u:r:hht_ota_mgr:s0 tcontext=u:r:hht_ota_mgr:s0 tclass=udp_socket permissive=0
06-07 15:48:30.435 2711 2711 I auditd : type=1400 audit(0.0:6885157): avc: denied { read } for comm="event_loop" lport=13400 scontext=u:r:hht_ota_mgr:s0 tcontext=u:r:hht_ota_mgr:s0 tclass=udp_socket permissive=0
06-07 15:48:30.435 2711 2711 I auditd : type=1400 audit(0.0:6885158): avc: denied { read } for comm="event_loop" lport=13400 scontext=u:r:hht_ota_mgr:s0 tcontext=u:r:hht_ota_mgr:s0 tclass=udp_socket permissive=0
06-07 15:48:30.435 2711 2711 I auditd : type=1400 audit(0.0:6885159): avc: denied { read } for comm="event_loop" lport=13400 scontext=u:r:hht_ota_mgr:s0 tcontext=u:r:hht_ota_mgr:s0 tclass=udp_socket permissive=0
06-07 15:48:30.442 0 0 W [ 1629.108262] audit: audit_lost=6883881 audit_rate_limit=5 audit_backlog_limit=64
06-07 15:48:30.442 0 0 E [ 1629.108289] audit: rate limit exceeded
06-07 15:48:30.928 0 0 I : [ 1629.596377] read descriptors
06-07 15:48:30.928 0 0 I : [ 1629.596467] read strings
06-07 15:48:31.435 2711 2711 I auditd : type=1400 audit(0.0:6927682): avc: denied { read } for comm="event_loop" lport=13400 scontext=u:r:hht_ota_mgr:s0 tcontext=u:r:hht_ota_mgr:s0 tclass=udp_socket permissive=0
06-07 15:48:31.439 2711 2711 I auditd : type=1400 audit(0.0:6927683): avc: denied { read } for comm="event_loop" lport=13400 scontext=u:r:hht_ota_mgr:s0 tcontext=u:r:hht_ota_mgr:s0 tclass=udp_socket permissive=0
06-07 15:48:31.439 2711 2711 I auditd : type=1400 audit(0.0:6927684): avc: denied { read } for comm="event_loop" lport=13400 scontext=u:r:hht_ota_mgr:s0 tcontext=u:r:hht_ota_mgr:s0 tclass=udp_socket permissive=0
06-07 15:48:31.439 2711 2711 I auditd : type=1400 audit(0.0:6927685): avc: denied { read } for comm="event_loop" lport=13400 scontext=u:r:hht_ota_mgr:s0 tcontext=u:r:hht_ota_mgr:s0 tclass=udp_socket permissive=0
06-07 15:48:31.439 2711 2711 I auditd : type=1400 audit(0.0:6927686): avc: denied { read } for comm="event_loop" lport=13400 scontext=u:r:hht_ota_mgr:s0 tcontext=u:r:hht_ota_mgr:s0 tclass=udp_socket permissive=0
06-07 15:48:31.446 0 0 W [ 1630.112196] audit: audit_lost=6926403 audit_rate_limit=5 audit_backlog_limit=64
06-07 15:48:31.446 0 0 E [ 1630.112199] audit: rate limit exceeded
06-07 15:48:31.970 0 0 I : [ 1630.636425] read descriptors
06-07 15:48:31.970 0 0 I : [ 1630.636504] read strings
06-07 15:48:32.439 2711 2711 I auditd : type=1400 audit(0.0:6970121): avc: denied { read } for comm="event_loop" lport=13400 scontext=u:r:hht_ota_mgr:s0 tcontext=u:r:hht_ota_mgr:s0 tclass=udp_socket permissive=0
06-07 15:48:32.443 2711 2711 I auditd : type=1400 audit(0.0:6970122): avc: denied { read } for comm="event_loop" lport=13400 scontext=u:r:hht_ota_mgr:s0 tcontext=u:r:hht_ota_mgr:s0 tclass=udp_socket permissive=0
06-07 15:48:32.443 2711 2711 I auditd : type=1400 audit(0.0:6970123): avc: denied { read } for comm="event_loop" lport=13400 scontext=u:r:hht_ota_mgr:s0 tcontext=u:r:hht_ota_mgr:s0 tclass=udp_socket permissive=0
06-07 15:48:32.446 0 0 W [ 1631.116204] audit: audit_lost=6968837 audit_rate_limit=5 audit_backlog_limit=64
06-07 15:48:32.446 0 0 E [ 1631.116211] audit: rate limit exceeded
06-07 15:48:32.443 2711 2711 I auditd : type=1400 audit(0.0:6970124): avc: denied { read } for comm="event_loop" lport=13400 scontext=u:r:hht_ota_mgr:s0 tcontext=u:r:hht_ota_mgr:s0 tclass=udp_socket permissive=0
06-07 15:48:32.443 2711 2711 I auditd : type=1400 audit(0.0:6970125): avc: denied { read } for comm="event_loop" lport=13400 scontext=u:r:hht_ota_mgr:s0 tcontext=u:r:hht_ota_mgr:s0 tclass=udp_socket permissive=0
06-07 15:48:33.010 0 0 I : [ 1631.676359] read descriptors
06-07 15:48:33.010 0 0 I : [ 1631.676441] read strings
06-07 15:48:33.447 2711 2711 I auditd : type=1400 audit(0.0:7012626): avc: denied { read } for comm="event_loop" lport=13400 scontext=u:r:hht_ota_mgr:s0 tcontext=u:r:hht_ota_mgr:s0 tclass=udp_socket permissive=0
06-07 15:48:33.447 2711 2711 I auditd : type=1400 audit(0.0:7012627): avc: denied { read } for comm="event_loop" lport=13400 scontext=u:r:hht_ota_mgr:s0 tcontext=u:r:hht_ota_mgr:s0 tclass=udp_socket permissive=0
06-07 15:48:33.447 2711 2711 I auditd : type=1400 audit(0.0:7012628): avc: denied { read } for comm="event_loop" lport=13400 scontext=u:r:hht_ota_mgr:s0 tcontext=u:r:hht_ota_mgr:s0 tclass=udp_socket permissive=0
