06-07 15:34:41.243 0 0 I : [ 798.676884] read strings
06-07 15:34:42.270 0 0 I : [ 799.705240] read descriptors
06-07 15:34:42.270 0 0 I : [ 799.705377] read strings
06-07 15:34:43.294 0 0 I : [ 800.728928] read descriptors
06-07 15:34:43.294 0 0 I : [ 800.729021] read strings
06-07 15:34:44.314 0 0 I : [ 801.749160] read descriptors
06-07 15:34:44.314 0 0 I : [ 801.749329] read strings
06-07 15:34:45.334 0 0 I : [ 802.769006] read descriptors
06-07 15:34:45.334 0 0 I : [ 802.769139] read strings
06-07 15:34:46.358 0 0 I : [ 803.792612] read descriptors
06-07 15:34:46.358 0 0 I : [ 803.792696] read strings
06-07 15:34:46.749 0 0 I : [ 804.184384] IRQ 5: no longer affine to CPU4
06-07 15:34:47.378 0 0 I : [ 804.812893] read descriptors
06-07 15:34:47.378 0 0 I : [ 804.813023] read strings
06-07 15:34:48.402 0 0 I : [ 805.837225] read descriptors
06-07 15:34:48.402 0 0 I : [ 805.837360] read strings
06-07 15:34:49.442 0 0 I : [ 806.876713] read descriptors
06-07 15:34:49.442 0 0 I : [ 806.876793] read strings
06-07 15:34:50.462 0 0 I : [ 807.896803] read descriptors
06-07 15:34:50.462 0 0 I : [ 807.896942] read strings
06-07 15:34:51.490 0 0 I : [ 808.924844] read descriptors
06-07 15:34:51.490 0 0 I : [ 808.925044] read strings
06-07 15:34:51.686 0 0 I [ 809.122288] msm_vidc: err : ffffffff: .....: DBLP Set: status 0
06-07 15:34:51.868 0 0 I : [ 809.304189] IRQ 5: no longer affine to CPU4
06-07 15:34:52.522 0 0 I : [ 809.956610] read descriptors
06-07 15:34:52.522 0 0 I : [ 809.956691] read strings
06-07 15:34:53.003 2140 17838 W ContextImpl: Calling a method in the system process without a qualified user: android.app.ContextImpl.sendBroadcast:1173 android.content.ContextWrapper.sendBroadcast:479 com.thundercomm.microsettings.action.SetTimeAction.timeUpdated:191 com.thundercomm.microsettings.action.SetTimeAction.update24HourFormat:173 com.thundercomm.microsettings.action.SetTimeAction.doActualAction:133
06-07 15:34:53.028 1539 1539 D DevicePolicyManager: updateSystemUpdateFreezePeriodsRecord
06-07 15:34:53.028 1539 1539 D ConditionProviders.SCP: onReceive android.intent.action.TIME_SET
06-07 15:34:53.028 1539 1539 D ConditionProviders.SCP: evaluateSubscriptionLocked cal=ScheduleCalendar[mDays={1, 2, 3, 4, 5, 6, 7}, mSchedule=ScheduleInfo{days=[1, 2, 3, 4, 5, 6, 7], startHour=22, startMinute=0, endHour=7, endMinute=0, exitAtAlarm=true, nextAlarm=Thu Jan 01 08:00:00 GMT+08:00 1970 (0)}], now=Wed Jun 07 15:34:53 GMT+08:00 2023 (1686123293028), nextUserAlarmTime=Thu Jan 01 08:00:00 GMT+08:00 1970 (0)
06-07 15:34:53.029 1539 1539 D ConditionProviders.SCP: notifyCondition condition://android/schedule?days=1.2.3.4.5.6.7&start=22.0&end=7.0&exitAtAlarm=true STATE_FALSE reason=!meetsSchedule
06-07 15:34:53.029 1539 1539 D ConditionProviders.SCP: Scheduling evaluate for Wed Jun 07 22:00:00 GMT+08:00 2023 (1686146400000), in +6h25m6s972ms, now=Wed Jun 07 15:34:53 GMT+08:00 2023 (1686123293028)
06-07 15:34:53.538 0 0 I : [ 810.977168] read descriptors
06-07 15:34:53.538 0 0 I : [ 810.977569] read strings
06-07 15:34:54.570 0 0 I : [ 812.009045] read descriptors
06-07 15:34:54.570 0 0 I : [ 812.009135] read strings
06-07 15:34:55.586 0 0 I : [ 813.024436] read descriptors
06-07 15:34:55.586 0 0 I : [ 813.024562] read strings
06-07 15:34:56.602 0 0 I : [ 814.041207] read descriptors
06-07 15:34:56.602 0 0 I : [ 814.041402] read strings
06-07 15:34:57.626 0 0 I : [ 815.064968] read descriptors
06-07 15:34:57.626 0 0 I : [ 815.065175] read strings
06-07 15:34:58.442 0 0 I : [ 815.881228] IRQ 5: no longer affine to CPU6
06-07 15:34:58.646 0 0 I : [ 816.085466] read descriptors
06-07 15:34:58.646 0 0 I : [ 816.085618] read strings
06-07 15:34:58.782 0 0 I [ 816.223302] init: processing action (sys.tlog.tlogdshc.active=1) from (/system/etc/init/tlogd.rc:195)
06-07 15:34:58.786 0 0 I [ 816.224399] init: starting service 'tlogdshc'...
06-07 15:34:58.926 0 0 I [ 816.366937] init: Service 'tlogdshc' (pid 17856) exited with status 0 oneshot service took 0.137000 seconds in background
06-07 15:34:58.926 0 0 I [ 816.366966] init: Sending signal 9 to service 'tlogdshc' (pid 17856) process group...
06-07 15:34:58.926 0 0 I [ 816.367196] libprocessgroup: Successfully killed process cgroup uid 0 pid 17856 in 0ms
06-07 15:34:59.666 0 0 I : [ 817.104946] read descriptors
06-07 15:34:59.666 0 0 I : [ 817.105095] read strings
06-07 15:35:00.686 0 0 I : [ 818.125201] read descriptors
06-07 15:35:00.686 0 0 I : [ 818.125388] read strings
06-07 15:35:01.702 0 0 I : [ 819.141214] read descriptors
06-07 15:35:01.702 0 0 I : [ 819.141424] read strings
06-07 15:35:02.722 0 0 I : [ 820.161367] read descriptors
06-07 15:35:02.722 0 0 I : [ 820.161575] read strings
06-07 15:35:03.070 0 0 I : [ 820.510156] qcom_rpmh DRV:apps_rsc TCS Busy, retrying RPMH message send: addr=0x50000
06-07 15:35:03.746 0 0 I : [ 821.185373] read descriptors
06-07 15:35:03.746 0 0 I : [ 821.185582] read strings
06-07 15:35:03.802 0 0 I [ 821.241081] afe_close: port_id = 0x9000
06-07 15:35:04.766 0 0 I : [ 822.205316] read descriptors
06-07 15:35:04.766 0 0 I : [ 822.205534] read strings
06-07 15:35:05.610 0 0 I [ 823.051810] msm_vidc: high: 00000003: h264d: Closed video instance: 0000000000000000
06-07 15:35:05.786 0 0 I : [ 823.225344] read descriptors
06-07 15:35:05.786 0 0 I : [ 823.225480] read strings
06-07 15:35:06.802 0 0 I : [ 824.240886] read descriptors
06-07 15:35:06.802 0 0 I : [ 824.241098] read strings
06-07 15:35:07.138 0 0 I [ 824.578381] msm_vidc: err : ffffffff: .....: DBLP Set: status 0
06-07 15:35:07.822 0 0 I : [ 825.260942] read descriptors
06-07 15:35:07.822 0 0 I : [ 825.261156] read strings
06-07 15:35:08.842 0 0 I : [ 826.281157] read descriptors
06-07 15:35:08.842 0 0 I : [ 826.281366] read strings
06-07 15:35:09.862 0 0 I : [ 827.300650] read descriptors
06-07 15:35:09.862 0 0 I : [ 827.300755] read strings
06-07 15:35:10.882 0 0 I : [ 828.321224] read descriptors
06-07 15:35:10.882 0 0 I : [ 828.321436] read strings
06-07 15:35:11.902 0 0 I : [ 829.341307] read descriptors
06-07 15:35:11.902 0 0 I : [ 829.341519] read strings
06-07 15:35:12.922 0 0 I : [ 830.361101] read descriptors
06-07 15:35:12.922 0 0 I : [ 830.361347] read strings
06-07 15:35:13.210 0 0 I : [ 830.649783] qcom_rpmh DRV:apps_rsc TCS Busy, retrying RPMH message send: addr=0x50000
06-07 15:35:13.950 0 0 I : [ 831.388638] read descriptors
06-07 15:35:13.950 0 0 I : [ 831.388748] read strings
06-07 15:35:14.966 0 0 I : [ 832.405514] read descriptors
06-07 15:35:14.966 0 0 I : [ 832.405733] read strings
06-07 15:35:15.986 0 0 I : [ 833.424821] read descriptors
06-07 15:35:15.986 0 0 I : [ 833.425044] read strings
06-07 15:35:17.014 0 0 I : [ 834.452549] read descriptors
06-07 15:35:17.014 0 0 I : [ 834.452641] read strings
06-07 15:35:18.042 0 0 I : [ 835.481239] read descriptors
06-07 15:35:18.042 0 0 I : [ 835.481320] read strings
06-07 15:35:19.058 0 0 I : [ 836.497283] read descriptors
06-07 15:35:19.058 0 0 I : [ 836.497489] read strings
06-07 15:35:20.078 0 0 I : [ 837.516982] read descriptors
06-07 15:35:20.078 0 0 I : [ 837.517112] read strings
06-07 15:35:21.098 0 0 I : [ 838.536920] read descriptors
06-07 15:35:21.098 0 0 I : [ 838.537130] read strings
06-07 15:35:22.118 0 0 I : [ 839.557265] read descriptors
06-07 15:35:22.118 0 0 I : [ 839.557493] read strings
06-07 15:35:23.142 0 0 I : [ 840.581115] read descriptors
06-07 15:35:23.142 0 0 I : [ 840.581293] read strings
06-07 15:35:23.798 0 0 I : [ 841.236914] qcom_rpmh DRV:apps_rsc TCS Busy, retrying RPMH message send: addr=0x50000
06-07 15:35:23.798 0 0 I : [ 841.236937] qcom_rpmh DRV:apps_rsc TCS Busy, retrying RPMH message send: addr=0x50000
06-07 15:35:23.798 0 0 I : [ 841.236955] qcom_rpmh DRV:apps_rsc TCS Busy, retrying RPMH message send: addr=0x50000
06-07 15:35:24.158 0 0 I : [ 841.596905] read descriptors
06-07 15:35:24.158 0 0 I : [ 841.597120] read strings
06-07 15:35:25.182 0 0 I : [ 842.620896] read descriptors
06-07 15:35:25.182 0 0 I : [ 842.621116] read strings
06-07 15:35:26.202 0 0 I : [ 843.640872] read descriptors
06-07 15:35:26.202 0 0 I : [ 843.641316] read strings
06-07 15:35:27.242 0 0 I : [ 844.681204] read descriptors
06-07 15:35:27.242 0 0 I : [ 844.681407] read strings
06-07 15:35:28.262 0 0 I : [ 845.701063] read descriptors
06-07 15:35:28.262 0 0 I : [ 845.701275] read strings
06-07 15:35:28.786 0 0 I [ 846.224549] init: processing action (sys.tlog.tlogdshc.active=1) from (/system/etc/init/tlogd.rc:195)
06-07 15:35:28.786 0 0 I [ 846.224951] init: starting service 'tlogdshc'...
06-07 15:35:28.889 0 0 I [ 846.329758] init: Service 'tlogdshc' (pid 18200) exited with status 0 oneshot service took 0.101000 seconds in background
06-07 15:35:28.890 0 0 I [ 846.329794] init: Sending signal 9 to service 'tlogdshc' (pid 18200) process group...
06-07 15:35:28.890 0 0 I [ 846.330022] libprocessgroup: Successfully killed process cgroup uid 0 pid 18200 in 0ms
06-07 15:35:29.282 0 0 I : [ 846.721036] read descriptors
06-07 15:35:29.282 0 0 I : [ 846.721266] read strings
06-07 15:35:30.305 0 0 I : [ 847.740964] read descriptors
06-07 15:35:30.306 0 0 I : [ 847.741169] read strings
06-07 15:35:31.334 0 0 I : [ 848.773326] read descriptors
06-07 15:35:31.334 0 0 I : [ 848.773405] read strings
06-07 15:35:32.350 0 0 I : [ 849.789229] read descriptors
06-07 15:35:32.350 0 0 I : [ 849.789447] read strings
06-07 15:35:33.370 0 0 I : [ 850.809181] read descriptors
06-07 15:35:33.370 0 0 I : [ 850.809385] read strings
06-07 15:35:34.390 0 0 I : [ 851.829263] read descriptors
06-07 15:35:34.390 0 0 I : [ 851.829475] read strings
06-07 15:35:35.406 0 0 I : [ 852.845190] read descriptors
06-07 15:35:35.406 0 0 I : [ 852.845408] read strings
06-07 15:35:36.422 0 0 I : [ 853.861402] read descriptors
06-07 15:35:36.422 0 0 I : [ 853.861618] read strings
06-07 15:35:37.446 0 0 I : [ 854.884679] read descriptors
06-07 15:35:37.446 0 0 I : [ 854.884812] read strings
06-07 15:35:38.470 0 0 I : [ 855.908802] read descriptors
06-07 15:35:38.470 0 0 I : [ 855.908973] read strings
06-07 15:35:39.143 1539 1539 I GameModeConfig: isGameModeOn = false
06-07 15:35:39.490 0 0 I : [ 856.929185] read descriptors
06-07 15:35:39.490 0 0 I : [ 856.929401] read strings
06-07 15:35:40.510 0 0 I : [ 857.948891] read descriptors
06-07 15:35:40.510 0 0 I : [ 857.949100] read strings
06-07 15:35:41.526 0 0 I : [ 858.965333] read descriptors
06-07 15:35:41.526 0 0 I : [ 858.965554] read strings
06-07 15:35:42.546 0 0 I : [ 859.985465] read descriptors
06-07 15:35:42.546 0 0 I : [ 859.985674] read strings
06-07 15:35:43.566 0 0 I : [ 861.004923] read descriptors
06-07 15:35:43.566 0 0 I : [ 861.005136] read strings
06-07 15:35:44.582 0 0 I : [ 862.021467] read descriptors
06-07 15:35:44.582 0 0 I : [ 862.021681] read strings
06-07 15:35:45.598 0 0 I : [ 863.036815] read descriptors
06-07 15:35:45.598 0 0 I : [ 863.037023] read strings
06-07 15:35:46.618 0 0 I : [ 864.057274] read descriptors
06-07 15:35:46.618 0 0 I : [ 864.057485] read strings
06-07 15:35:47.642 0 0 I : [ 865.080606] read descriptors
06-07 15:35:47.642 0 0 I : [ 865.080766] read strings
06-07 15:35:48.658 0 0 I : [ 866.097178] read descriptors
06-07 15:35:48.658 0 0 I : [ 866.097391] read strings
06-07 15:35:49.474 0 0 I : [ 866.914905] qcom_rpmh DRV:apps_rsc TCS Busy, retrying RPMH message send: addr=0x50000
06-07 15:35:49.474 0 0 I : [ 866.914928] qcom_rpmh DRV:apps_rsc TCS Busy, retrying RPMH message send: addr=0x50000
06-07 15:35:49.674 0 0 I : [ 867.112922] read descriptors
06-07 15:35:49.674 0 0 I : [ 867.113134] read strings
06-07 15:35:50.602 1539 1703 I PowerManagerService: Napping display group (groupId=0, uid=1000)...
06-07 15:35:50.602 1539 1703 I PowerManagerService: Nap time (uid 1000)...
06-07 15:35:50.607 1539 1703 V DisplayPowerController[0]: Brightness [0.05] reason changing to: 'manual [ dim ]', previous reason: 'manual'.
06-07 15:35:50.608 1539 1703 I DreamManagerService: Entering dreamland.
06-07 15:35:50.609 1539 1703 I PowerManagerService: Dreaming...
06-07 15:35:50.612 1539 1655 I DreamController: Starting dream: name=ComponentInfo{com.thundercomm.screensaver/com.thundercomm.screensaver.service.SystemDream}, isTest=false, canDoze=false, userId=0
06-07 15:35:50.621 1539 1890 E DisplayDeviceConfig: requesting nits when no mapping exists.
06-07 15:35:50.621 1539 1890 E DisplayDeviceConfig: requesting nits when no mapping exists.
06-07 15:35:50.628 1539 1675 I DropBoxManagerService: add tag=system_server_wtf isTagEnabled=true flags=0x2
06-07 15:35:50.636 1539 1890 E DisplayDeviceConfig: requesting nits when no mapping exists.
06-07 15:35:50.636 1539 1890 E DisplayDeviceConfig: requesting nits when no mapping exists.
06-07 15:35:50.641 1539 1675 I DropBoxManagerService: add tag=system_server_wtf isTagEnabled=true flags=0x2
06-07 15:35:50.643 1539 1675 I DropBoxManagerService: add tag=system_server_wtf isTagEnabled=true flags=0x2
06-07 15:35:50.643 1539 1591 I ActivityTaskManager: START u0 {flg=0x10000000 pkg=com.thundercomm.screensaver cmp=com.thundercomm.screensaver/android.service.dreams.DreamActivity (has extras)} from uid 1000
06-07 15:35:50.644 1539 1675 I DropBoxManagerService: add tag=system_server_wtf isTagEnabled=true flags=0x2
06-07 15:35:50.648 1539 1591 D ActivityTaskManager: TaskLaunchParamsModifier:task=null activity=ActivityRecord{ce9b4b u0 com.thundercomm.screensaver/android.service.dreams.DreamActivity taskAffinity=1000:android:com.thundercomm.screensaver/dream display-id=0 display-windowing-mode=1 suggested-display-area=DefaultTaskDisplayArea@11319769
06-07 15:35:50.648 1539 1591 D ActivityTaskManager: TaskLaunchParamsModifier:task=null activity=ActivityRecord{ce9b4b u0 com.thundercomm.screensaver/android.service.dreams.DreamActivity taskAffinity=1000:android:com.thundercomm.screensaver/dream t-1} display-id=0 display-windowing-mode=1 suggested-display-area=DefaultTaskDisplayArea@11319769 non-freeform-display display-area=DefaultTaskDisplayArea@11319769
06-07 15:35:50.649 1539 1591 W ActivityTaskManager: Can't find TaskDisplayArea to determine support for multi window. Task id=121 attached=false
06-07 15:35:50.652 1539 1890 E DisplayDeviceConfig: requesting nits when no mapping exists.
06-07 15:35:50.652 1539 1890 E DisplayDeviceConfig: requesting nits when no mapping exists.
06-07 15:35:50.653 1539 1675 I DropBoxManagerService: add tag=system_server_wtf isTagEnabled=true flags=0x2
06-07 15:35:50.653 1539 1591 D ActivityTaskManager: TaskLaunchParamsModifier:task=Task{e9a127 #121 type=dream A=1000:android:com.thundercomm.screensaver/dream U=0 visible=false mode=fullscreen translucent=true sz=0 visible freeform task=true rootAffinity=1000:android:com.thundercomm.screensaver/dream isMini=false} activity=ActivityRecord{ce9b4b u0 com.thundercomm.screensaver/android.service.dreams.DreamActivity taskAffinity=1000:android:com.thundercomm.screensaver/dream t-1} display-from-task=0 display-id=0 display-windowing-mode=1 suggested-display-area=DefaultTaskDisplayArea@11319769 non-freeform-display display-area=DefaultTaskDisplayArea@11319769
06-07 15:35:50.661 1539 1591 I ActivityTaskManager: FOREGROUND_APPLICATION_CHANGED to android.service.dreams.DreamActivity
06-07 15:35:50.662 1539 1591 I ActivityTaskManager: The Process com.thundercomm.screensaver Already Exists in BG. So sending its PID: 6880
06-07 15:35:50.662 1539 1591 W ActivityTaskManager: Tried to set launchTime (0) < mLastActivityLaunchTime (380635)
06-07 15:35:50.669 1539 1890 E DisplayDeviceConfig: requesting nits when no mapping exists.
06-07 15:35:50.669 1539 1890 E DisplayDeviceConfig: requesting nits when no mapping exists.
06-07 15:35:50.684 1539 1890 E DisplayDeviceConfig: requesting nits when no mapping exists.
06-07 15:35:50.684 1539 1890 E DisplayDeviceConfig: requesting nits when no mapping exists.
06-07 15:35:50.695 0 0 I : [ 868.136235] read descriptors
06-07 15:35:50.695 0 0 I : [ 868.136255] read strings
06-07 15:35:50.700 1539 1890 E DisplayDeviceConfig: requesting nits when no mapping exists.
06-07 15:35:50.700 1539 1890 E DisplayDeviceConfig: requesting nits when no mapping exists.
06-07 15:35:50.710 1539 1703 V DisplayPowerController[0]: Brightness [0.64646465] reason changing to: 'manual', previous reason: 'manual [ dim ]'.
06-07 15:35:50.721 1539 1890 E DisplayDeviceConfig: requesting nits when no mapping exists.
06-07 15:35:50.722 1539 1890 E DisplayDeviceConfig: requesting nits when no mapping exists.
06-07 15:35:50.736 1539 1890 E DisplayDeviceConfig: requesting nits when no mapping exists.
06-07 15:35:50.736 1539 1890 E DisplayDeviceConfig: requesting nits when no mapping exists.
06-07 15:35:50.752 1539 1890 E DisplayDeviceConfig: requesting nits when no mapping exists.
06-07 15:35:50.753 1539 1890 E DisplayDeviceConfig: requesting nits when no mapping exists.
06-07 15:35:50.769 1539 1890 E DisplayDeviceConfig: requesting nits when no mapping exists.
06-07 15:35:50.769 1539 1890 E DisplayDeviceConfig: requesting nits when no mapping exists.
06-07 15:35:50.786 1539 1890 E DisplayDeviceConfig: requesting nits when no mapping exists.
06-07 15:35:50.786 1539 1890 E DisplayDeviceConfig: requesting nits when no mapping exists.
06-07 15:35:50.802 1539 1890 E DisplayDeviceConfig: requesting nits when no mapping exists.
06-07 15:35:50.802 1539 1890 E DisplayDeviceConfig: requesting nits when no mapping exists.
06-07 15:35:51.710 0 0 I : [ 869.152132] read descriptors
06-07 15:35:51.710 0 0 I : [ 869.152165] read strings
06-07 15:35:52.260 1539 1655 D CompanionDeviceManagerService: onPackageModified(packageName = com.qiyi.video)
06-07 15:35:52.264 1539 1539 I Telecom : DefaultDialerCache: Refreshing default dialer for user 0: now null: DDC.oR@AB8
06-07 15:35:52.313 1539 1671 W VoiceInteractionManager: no available voice recognition services found for user 0
06-07 15:35:52.414 0 0 I : [ 869.852152] qcom_rpmh DRV:apps_rsc TCS Busy, retrying RPMH message send: addr=0x30010
06-07 15:35:52.732 0 0 I : [ 870.173619] read descriptors
06-07 15:35:52.733 0 0 I : [ 870.173816] read strings
06-07 15:35:53.757 0 0 I : [ 871.197995] read descriptors
06-07 15:35:53.757 0 0 I : [ 871.198188] read strings
06-07 15:35:54.208 6880 6880 V DreamService[SystemDream]: mActionDownY = 922.0
06-07 15:35:54.208 6880 6880 V DreamService[SystemDream]: mActionUpY = 643.0
06-07 15:35:54.218 1539 2115 I DreamManagerService: Gently waking up from dream.
06-07 15:35:54.219 1539 1655 I DreamManagerService: Performing gentle wake from dream.
06-07 15:35:54.220 1539 11567 I ActivityTaskManager: FOREGROUND_APPLICATION_CHANGED to com.iqiyi.webcontainer.commonwebview.CommonWebView
06-07 15:35:54.276 1539 1703 I PowerManagerService: Powering on display group fromDreaming (groupId=0, uid=1000, reason=WAKE_REASON_UNKNOWN, details=android.server.power:DREAM_FINISHED)...
06-07 15:35:54.276 1539 1703 I PowerManagerService: Waking up from Dreaming (uid=1000, reason=WAKE_REASON_UNKNOWN, details=android.server.power:DREAM_FINISHED)...
06-07 15:35:54.786 0 0 I : [ 872.224708] read descriptors
06-07 15:35:54.786 0 0 I : [ 872.224836] read strings
06-07 15:35:54.816 1539 3012 I DreamManagerService: Leaving dreamland.
06-07 15:35:54.816 1539 1655 I DreamManagerService: Performing gentle wake from dream.
06-07 15:35:54.816 1539 1655 I DreamController: Stopping dream: name=ComponentInfo{com.thundercomm.screensaver/com.thundercomm.screensaver.service.SystemDream}, isTest=false, canDoze=false, userId=0, reason='finished self'(from 'finished self')
06-07 15:35:54.832 1539 1659 W ActivityTaskManager: Can't find TaskDisplayArea to determine support for multi window. Task id=121 attached=false
06-07 15:35:55.810 0 0 I : [ 873.249083] read descriptors
06-07 15:35:55.810 0 0 I : [ 873.249244] read strings
06-07 15:35:56.830 0 0 I : [ 874.268567] read descriptors
06-07 15:35:56.830 0 0 I : [ 874.268704] read strings
06-07 15:35:57.846 0 0 I : [ 875.285004] read descriptors
06-07 15:35:57.846 0 0 I : [ 875.285258] read strings
06-07 15:35:58.082 1539 2115 D ActivityTaskManager: Skipping, freeform mode : Task{538f12e #118 type=standard A=10095:com.ss.android.ugc.aweme U=0 visible=false mode=freeform translucent=true sz=0 visible freeform task=true rootAffinity=10095:com.ss.android.ugc.aweme isMini=false}
06-07 15:35:58.082 1539 2115 D ActivityTaskManager: Skipping, freeform mode : Task{e672263 #117 type=standard A=10100:android.task.kugou U=0 visible=false mode=freeform translucent=true sz=0 visible freeform task=true rootAffinity=10100:android.task.kugou isMini=false}
06-07 15:35:58.786 0 0 I [ 876.226524] init: processing action (sys.tlog.tlogdshc.active=1) from (/system/etc/init/tlogd.rc:195)
06-07 15:35:58.786 0 0 I [ 876.227196] init: starting service 'tlogdshc'...
06-07 15:35:58.858 1539 1853 I ActivityTaskManager: FOREGROUND_APPLICATION_CHANGED to com.android.launcher3.uioverrides.QuickstepLauncher
06-07 15:35:58.910 0 0 I : [ 876.348556] read descriptors
06-07 15:35:58.910 0 0 I : [ 876.348632] read strings
06-07 15:35:58.926 0 0 I [ 876.368307] init: Service 'tlogdshc' (pid 18534) exited with status 0 oneshot service took 0.136000 seconds in background
06-07 15:35:58.926 0 0 I [ 876.368329] init: Sending signal 9 to service 'tlogdshc' (pid 18534) process group...
06-07 15:35:58.926 0 0 I [ 876.368483] libprocessgroup: Successfully killed process cgroup uid 0 pid 18534 in 0ms
06-07 15:35:58.967 1539 12892 D ActivityTaskManager: Skipping, freeform mode : Task{538f12e #118 type=standard A=10095:com.ss.android.ugc.aweme U=0 visible=false mode=freeform translucent=true sz=0 visible freeform task=true rootAffinity=10095:com.ss.android.ugc.aweme isMini=false}
06-07 15:35:58.967 1539 12892 D ActivityTaskManager: Skipping, freeform mode : Task{e672263 #117 type=standard A=10100:android.task.kugou U=0 visible=false mode=freeform translucent=true sz=0 visible freeform task=true rootAffinity=10100:android.task.kugou isMini=false}
06-07 15:35:59.934 0 0 I : [ 877.372561] read descriptors
06-07 15:35:59.934 0 0 I : [ 877.372689] read strings
06-07 15:36:00.954 0 0 I : [ 878.393196] read descriptors
06-07 15:36:00.954 0 0 I : [ 878.393402] read strings
06-07 15:36:01.974 0 0 I : [ 879.413030] read descriptors
06-07 15:36:01.974 0 0 I : [ 879.413231] read strings
06-07 15:36:02.994 0 0 I : [ 880.432949] read descriptors
06-07 15:36:02.994 0 0 I : [ 880.433028] read strings
06-07 15:36:03.126 1539 11594 I thunderperf: PlatormCompat.setOverrides: Uid1=10077 Pid1=2594 Uid2=10077 Pid2=2594
06-07 15:36:03.126 1539 11594 I thunderperf: PlatormCompat.setOverrides: needCheck:false
06-07 15:36:03.126 1539 11594 I thunderperf: CompatConfig.addOverrideUnsafe: bef-state=1
06-07 15:36:03.127 1539 11594 E thunderperf: CompatConfig.addOverrideUnsafe: exception:java.lang.SecurityException: Cannot override a change on a non-debuggable app and user build.
06-07 15:36:03.127 1539 11594 I thunderperf: CompatConfig.addOverrideUnsafe: aft-state=1
06-07 15:36:03.127 1539 11594 I thunderperf: CompatConfig.addOverrideUnsafe: bef-state=1
06-07 15:36:03.127 1539 11594 E thunderperf: CompatConfig.addOverrideUnsafe: exception:java.lang.SecurityException: Cannot override a change on a non-debuggable app and user build.
06-07 15:36:03.127 1539 11594 I thunderperf: CompatConfig.addOverrideUnsafe: aft-state=1
06-07 15:36:03.128 1539 11594 I thunderperf: CompatConfig.addOverrideUnsafe: bef-state=1
06-07 15:36:03.128 1539 11594 E thunderperf: CompatConfig.addOverrideUnsafe: exception:java.lang.SecurityException: Cannot override a change on a non-debuggable app and user build.
06-07 15:36:03.128 1539 11594 I thunderperf: CompatConfig.addOverrideUnsafe: aft-state=1
06-07 15:36:03.128 1539 11594 I thunderperf: CompatConfig.addOverrideUnsafe: bef-state=1
06-07 15:36:03.128 1539 11594 E thunderperf: CompatConfig.addOverrideUnsafe: exception:java.lang.SecurityException: Cannot override a change on a non-debuggable app and user build.
06-07 15:36:03.128 1539 11594 I thunderperf: CompatConfig.addOverrideUnsafe: aft-state=1
06-07 15:36:03.129 1539 11594 I thunderperf: CompatConfig.addOverrideUnsafe: bef-state=1
06-07 15:36:03.129 1539 11594 E thunderperf: CompatConfig.addOverrideUnsafe: exception:java.lang.SecurityException: Cannot override a change on a non-debuggable app and user build.
06-07 15:36:03.129 1539 11594 I thunderperf: CompatConfig.addOverrideUnsafe: aft-state=1
06-07 15:36:03.129 1539 11594 I thunderperf: CompatConfig.addOverrideUnsafe: bef-state=1
06-07 15:36:03.129 1539 11594 E thunderperf: CompatConfig.addOverrideUnsafe: exception:java.lang.SecurityException: Cannot override a change on a non-debuggable app and user build.
06-07 15:36:03.130 1539 11594 I thunderperf: CompatConfig.addOverrideUnsafe: aft-state=1
06-07 15:36:03.130 1539 11594 I thunderperf: CompatConfig.addOverrideUnsafe: bef-state=1
06-07 15:36:03.130 1539 11594 E thunderperf: CompatConfig.addOverrideUnsafe: exception:java.lang.SecurityException: Cannot override a change on a non-debuggable app and user build.
06-07 15:36:03.130 1539 11594 I thunderperf: CompatConfig.addOverrideUnsafe: aft-state=1
06-07 15:36:03.130 1539 11594 I thunderperf: CompatConfig.addOverrideUnsafe: bef-state=1
06-07 15:36:03.131 1539 11594 E thunderperf: CompatConfig.addOverrideUnsafe: exception:java.lang.SecurityException: Cannot override a change on a non-debuggable app and user build.
06-07 15:36:03.131 1539 11594 I thunderperf: CompatConfig.addOverrideUnsafe: aft-state=1
06-07 15:36:03.131 1539 11594 I thunderperf: CompatConfig.addOverrideUnsafe: bef-state=1
06-07 15:36:03.131 1539 11594 E thunderperf: CompatConfig.addOverrideUnsafe: exception:java.lang.SecurityException: Cannot override a change on a non-debuggable app and user build.
06-07 15:36:03.131 1539 11594 I thunderperf: CompatConfig.addOverrideUnsafe: aft-state=1
06-07 15:36:03.132 1539 11594 I thunderperf: CompatConfig.addOverrideUnsafe: bef-state=1
06-07 15:36:03.132 1539 11594 E thunderperf: CompatConfig.addOverrideUnsafe: exception:java.lang.SecurityException: Cannot override a change on a non-debuggable app and user build.
06-07 15:36:03.132 1539 11594 I thunderperf: CompatConfig.addOverrideUnsafe: aft-state=1
06-07 15:36:03.132 1539 11594 I thunderperf: CompatConfig.addOverrideUnsafe: bef-state=1
06-07 15:36:03.132 1539 11594 E thunderperf: CompatConfig.addOverrideUnsafe: exception:java.lang.SecurityException: Cannot override a change on a non-debuggable app and user build.
06-07 15:36:03.132 1539 11594 I thunderperf: CompatConfig.addOverrideUnsafe: aft-state=1
06-07 15:36:03.133 1539 11594 I thunderperf: CompatConfig.addOverrideUnsafe: bef-state=1
06-07 15:36:03.133 1539 11594 E thunderperf: CompatConfig.addOverrideUnsafe: exception:java.lang.SecurityException: Cannot override a change on a non-debuggable app and user build.
06-07 15:36:03.133 1539 11594 I thunderperf: CompatConfig.addOverrideUnsafe: aft-state=1
06-07 15:36:03.133 1539 11594 I thunderperf: CompatConfig.addOverrideUnsafe: bef-state=1
06-07 15:36:03.133 1539 11594 E thunderperf: CompatConfig.addOverrideUnsafe: exception:java.lang.SecurityException: Cannot override a change on a non-debuggable app and user build.
06-07 15:36:03.133 1539 11594 I thunderperf: CompatConfig.addOverrideUnsafe: aft-state=1
06-07 15:36:03.134 1539 11594 I thunderperf: CompatConfig.addOverrideUnsafe: bef-state=1
06-07 15:36:03.134 1539 11594 E thunderperf: CompatConfig.addOverrideUnsafe: exception:java.lang.SecurityException: Cannot override a change on a non-debuggable app and user build.
06-07 15:36:03.134 1539 11594 I thunderperf: CompatConfig.addOverrideUnsafe: aft-state=1
06-07 15:36:03.140 1539 11594 I ActivityTaskManager: START u0 {act=android.intent.action.MAIN cat=[android.intent.category.LAUNCHER] flg=0x10200000 cmp=com.tencent.tmgp.sgame/.SGameActivity bnds=[126,394][426,692]} from uid 10077
06-07 15:36:03.145 1539 11594 D ActivityTaskManager: TaskLaunchParamsModifier:task=null activity=ActivityRecord{ba76e07 u0 com.tencent.tmgp.sgame/.SGameActivity taskAffinity=10096:com.tencent.tmgp.sgame display-area-from-source=DefaultTaskDisplayArea@11319769 display-id=0 display-windowing-mode=1 suggested-display-area=DefaultTaskDisplayArea@11319769
06-07 15:36:03.148 1539 11594 D ActivityTaskManager: TaskLaunchParamsModifier:task=null activity=ActivityRecord{ba76e07 u0 com.tencent.tmgp.sgame/.SGameActivity taskAffinity=10096:com.tencent.tmgp.sgame t-1} display-area-from-source=DefaultTaskDisplayArea@11319769 display-id=0 display-windowing-mode=1 suggested-display-area=DefaultTaskDisplayArea@11319769 inherit-from-source=fullscreen activity-options-fullscreen=Rect(0, 0 - 0, 0) non-freeform-display display-area=DefaultTaskDisplayArea@11319769
06-07 15:36:03.148 1539 11594 W ActivityTaskManager: Can't find TaskDisplayArea to determine support for multi window. Task id=122 attached=false
06-07 15:36:03.149 1539 11594 D ActivityTaskManager: TaskLaunchParamsModifier:task=Task{2266d5d #122 type=standard A=10096:com.tencent.tmgp.sgame U=0 visible=false mode=fullscreen translucent=true sz=0 visible freeform task=true rootAffinity=10096:com.tencent.tmgp.sgame isMini=false} activity=ActivityRecord{ba76e07 u0 com.tencent.tmgp.sgame/.SGameActivity taskAffinity=10096:com.tencent.tmgp.sgame t-1} display-area-from-source=DefaultTaskDisplayArea@11319769 display-id=0 display-windowing-mode=1 suggested-display-area=DefaultTaskDisplayArea@11319769 inherit-from-source=fullscreen activity-options-fullscreen=Rect(0, 0 - 0, 0) non-freeform-display display-area=DefaultTaskDisplayArea@11319769
06-07 15:36:03.149 1539 11594 D CompatibilityChangeReporter: Compat change id reported: 174042980; UID 10096; state: DISABLED
06-07 15:36:03.150 1539 11594 D CompatibilityChangeReporter: Compat change id reported: 184838306; UID 10096; state: DISABLED
06-07 15:36:03.150 1539 11594 D CompatibilityChangeReporter: Compat change id reported: 185004937; UID 10096; state: DISABLED
06-07 15:36:03.150 1539 11594 D CompatibilityChangeReporter: Compat change id reported: 181136395; UID 10096; state: DISABLED
06-07 15:36:03.150 1539 11594 D CompatibilityChangeReporter: Compat change id reported: 174042936; UID 10096; state: DISABLED
06-07 15:36:03.152 1539 11594 D CompatibilityChangeReporter: Compat change id reported: 168419799; UID 10096; state: DISABLED
06-07 15:36:03.158 1539 2929 I ActivityTaskManager: FOREGROUND_APPLICATION_CHANGED to com.tencent.tmgp.sgame.SGameActivity
06-07 15:36:03.160 1539 1658 D CompatibilityChangeReporter: Compat change id reported: 135634846; UID 10096; state: DISABLED
06-07 15:36:03.160 1539 1658 D CompatibilityChangeReporter: Compat change id reported: 177438394; UID 10096; state: DISABLED
06-07 15:36:03.160 1539 1658 D CompatibilityChangeReporter: Compat change id reported: 135772972; UID 10096; state: DISABLED
06-07 15:36:03.160 1539 1658 D CompatibilityChangeReporter: Compat change id reported: 135754954; UID 10096; state: DISABLED
06-07 15:36:03.160 1539 1676 D CompatibilityChangeReporter: Compat change id reported: 143937733; UID 10096; state: DISABLED
06-07 15:36:03.167 1539 1676 I ActivityManager: Start proc 18572:com.tencent.tmgp.sgame/u0a96 for pre-top-activity {com.tencent.tmgp.sgame/com.tencent.tmgp.sgame.SGameActivity}
06-07 15:36:03.167 1539 18573 W ContextImpl: Calling a method in the system process without a qualified user: android.app.ContextImpl.sendBroadcast:1173 com.qualcomm.qti.Performance$SendGameLaunchBroadcast.run:217 java.lang.Thread.run:920
06-07 15:36:03.170 0 0 W [ 880.610990] perfetto: enabled ftrace
06-07 15:36:03.177 0 0 I [ 880.619037] binder: 18572:18572 ioctl 40046210 7ff2b03764 returned -22
06-07 15:36:03.196 2057 4268 W ContextImpl: Calling a method in the system process without a qualified user: android.app.ContextImpl.startService:1816 android.content.ContextWrapper.startService:774 com.thundercomm.gamemode.ingame.services.GameModeActionUtils.startGameModeService:118 com.thundercomm.gamemode.ingame.services.GameModeActionUtils.startGameModeEntry:29 com.thundercomm.gamemode.ingame.services.ActivityMonitoringService$1.onActivityLaunch:140
06-07 15:36:03.199 1539 1539 I GameModeConfig: Current uri is uri = content://com.thundercomm.gamemode.api/gamemode_settings/gamemode_isgaming
06-07 15:36:03.200 1539 1539 I GameModeConfig: isGameModeOn = false
06-07 15:36:03.200 1539 1539 I GameModeConfig: isGameModeOn = false
06-07 15:36:03.200 1539 1539 I GameModeConfig: isDisableVoice = true
06-07 15:36:03.226 18572 18595 D ActivityThread: Loading provider com.tencent.tmgp.sgame.XG_SETTINGS_PROVIDER: com.tencent.tpns.baseapi.base.SettingsContentProvider
06-07 15:36:03.234 1539 11594 D CompatibilityChangeReporter: Compat change id reported: 135634846; UID 10096; state: DISABLED
06-07 15:36:03.234 1539 11594 D CompatibilityChangeReporter: Compat change id reported: 177438394; UID 10096; state: DISABLED
06-07 15:36:03.234 1539 11594 D CompatibilityChangeReporter: Compat change id reported: 135772972; UID 10096; state: DISABLED
06-07 15:36:03.234 1539 11594 D CompatibilityChangeReporter: Compat change id reported: 135754954; UID 10096; state: DISABLED
06-07 15:36:03.234 1539 1676 D CompatibilityChangeReporter: Compat change id reported: 143937733; UID 10096; state: DISABLED
06-07 15:36:03.241 1539 1676 I ActivityManager: Start proc 18608:com.tencent.tmgp.sgame:xg_vip_service/u0a96 for service {com.tencent.tmgp.sgame/com.tencent.android.tpush.service.XGVipPushService}
06-07 15:36:03.249 0 0 I [ 880.691724] binder: 18608:18608 ioctl 40046210 7ff2b03764 returned -22
06-07 15:36:03.262 1539 2929 D ActivityTaskManager: Skipping, freeform mode : Task{538f12e #118 type=standard A=10095:com.ss.android.ugc.aweme U=0 visible=false mode=freeform translucent=true sz=0 visible freeform task=true rootAffinity=10095:com.ss.android.ugc.aweme isMini=false}
06-07 15:36:03.262 1539 2929 D ActivityTaskManager: Skipping, freeform mode : Task{e672263 #117 type=standard A=10100:android.task.kugou U=0 visible=false mode=freeform translucent=true sz=0 visible freeform task=true rootAffinity=10100:android.task.kugou isMini=false}
06-07 15:36:03.611 1539 1853 W WindowManager: Failed looking up window session=Session{d4dd189 18572:u0a10096} callers=com.android.server.wm.WindowManagerService.windowForClientLocked:5628 com.android.server.wm.Session.insetsModified:629 android.view.IWindowSession$Stub.onTransact:1151
06-07 15:36:03.636 0 0 I [ 881.077862] binder: 18572:18609 ioctl 40046210 76f99fa1f4 returned -22
06-07 15:36:03.675 0 0 I [ 881.116335] msm_vidc: high: 00000003: ....d: Opening video instance: 0000000000000000, 1
06-07 15:36:03.676 0 0 I [ 881.116369] msm_vidc: err : 00000003: ....d: Failed to create debugfs for msm_vidc
06-07 15:36:03.726 0 0 I [ 881.167304] afe_find_cal_topo_id_by_port: port id: 0x9000, dev_acdb_id: 15
06-07 15:36:03.726 0 0 I [ 881.167306] afe_find_cal_topo_id_by_port: top_id:112fc acdb_id:15 afe_port_id:0x9000
06-07 15:36:03.726 0 0 I [ 881.167308] afe_get_cal_topology_id: port_id = 0x9000 acdb_id = 15 topology_id = 0x112fc cal_type_index=8 ret=0
06-07 15:36:03.726 0 0 I [ 881.167518] afe_send_port_topology_id: AFE set topology id 0x112fc enable for port 0x9000 ret 0
06-07 15:36:03.726 0 0 I [ 881.167520] send_afe_cal_type: cal_index is 0
06-07 15:36:03.726 0 0 I [ 881.167521] send_afe_cal_type: dev_acdb_id[55] is 15
06-07 15:36:03.726 0 0 I [ 881.167522] afe_find_cal: cal_index 0 port_id 0x9000 port_index 55
06-07 15:36:03.726 0 0 I [ 881.167524] afe_find_cal: acdb_id 15 dev_acdb_id 15 sample_rate 48000 afe_sample_rates 48000
06-07 15:36:03.726 0 0 I [ 881.167524] afe_find_cal: cal block is a match, size is 0
06-07 15:36:03.726 0 0 I [ 881.167525] send_afe_cal_type: Sending cal_index cal 0
06-07 15:36:03.726 0 0 E [ 881.167526] send_afe_cal_type: No cal sent for cal_index 0, port_id = 0x9000! ret -22
06-07 15:36:03.726 0 0 I [ 881.167728] afe_send_hw_delay: port_id 0x9000 rate 48000 delay_usec 474 status 0
06-07 15:36:04.029 0 0 I : [ 881.468214] read descriptors
06-07 15:36:04.030 0 0 I : [ 881.468252] read strings
06-07 15:36:05.046 0 0 I : [ 882.488375] read descriptors
06-07 15:36:05.046 0 0 I : [ 882.488399] read strings
06-07 15:36:06.063 0 0 I : [ 883.504610] read descriptors
06-07 15:36:06.063 0 0 I : [ 883.504719] read strings
06-07 15:36:07.082 0 0 I : [ 884.520965] read descriptors
06-07 15:36:07.082 0 0 I : [ 884.521082] read strings
06-07 15:36:08.118 0 0 I : [ 885.556955] read descriptors
06-07 15:36:08.118 0 0 I : [ 885.557078] read strings
06-07 15:36:08.214 0 0 W [ 885.655813] perfetto: disabled ftrace
06-07 15:36:08.370 1171 18568 I iorapd : Perfetto TraceBuffer saved to file: /data/misc/iorapd/com.tencent.tmgp.sgame/803010908/com.tencent.tmgp.sgame.SGameActivity/raw_traces/1686123368365355492.perfetto_trace.pb
06-07 15:36:09.139 0 0 I : [ 886.580693] read descriptors
06-07 15:36:09.139 0 0 I : [ 886.580828] read strings
06-07 15:36:10.162 0 0 I : [ 887.601032] read descriptors
06-07 15:36:10.162 0 0 I : [ 887.601221] read strings
06-07 15:36:10.950 0 0 I [ 888.389253] msm_vidc: high: 00000003: h264d: Closed video instance: 0000000000000000
06-07 15:36:11.182 0 0 I : [ 888.620743] read descriptors
06-07 15:36:11.182 0 0 I : [ 888.620878] read strings
06-07 15:36:11.415 1539 2661 D CompatibilityChangeReporter: Compat change id reported: 149924527; UID 10096; state: ENABLED
06-07 15:36:11.416 1539 2661 D CompatibilityChangeReporter: Compat change id reported: 132649864; UID 10096; state: DISABLED
06-07 15:36:12.202 0 0 I : [ 889.641131] read descriptors
06-07 15:36:12.202 0 0 I : [ 889.641273] read strings
06-07 15:36:12.922 0 0 W [ 890.361092] audit: audit_lost=1790 audit_rate_limit=5 audit_backlog_limit=64
06-07 15:36:12.922 0 0 E [ 890.361099] audit: rate limit exceeded
06-07 15:36:13.222 0 0 I : [ 890.660540] read descriptors
06-07 15:36:13.222 0 0 I : [ 890.660624] read strings
06-07 15:36:13.910 0 0 I [ 891.351350] afe_close: port_id = 0x9000
06-07 15:36:14.250 0 0 I : [ 891.689300] read descriptors
06-07 15:36:14.250 0 0 I : [ 891.689434] read strings
06-07 15:36:15.268 0 0 I : [ 892.708905] read descriptors
06-07 15:36:15.268 0 0 I : [ 892.709040] read strings
06-07 15:36:16.298 0 0 I : [ 893.737361] read descriptors
06-07 15:36:16.298 0 0 I : [ 893.737468] read strings
06-07 15:36:17.316 0 0 I : [ 894.757289] read descriptors
06-07 15:36:17.316 0 0 I : [ 894.757425] read strings
06-07 15:36:18.335 0 0 I : [ 895.776953] read descriptors
06-07 15:36:18.335 0 0 I : [ 895.777272] read strings
06-07 15:36:18.646 0 0 I : [ 896.088685] IRQ 5: no longer affine to CPU4
06-07 15:36:19.360 0 0 I : [ 896.802008] read descriptors
06-07 15:36:19.360 0 0 I : [ 896.802090] read strings
06-07 15:36:20.379 0 0 I : [ 897.820680] read descriptors
06-07 15:36:20.379 0 0 I : [ 897.820866] read strings
06-07 15:36:21.405 0 0 I : [ 898.845152] read descriptors
06-07 15:36:21.405 0 0 I : [ 898.845298] read strings
06-07 15:36:21.674 0 0 I : [ 899.113021] IRQ 5: no longer affine to CPU4
06-07 15:36:22.426 0 0 I : [ 899.868614] read descriptors
06-07 15:36:22.426 0 0 I : [ 899.868693] read strings
06-07 15:36:23.098 0 0 I : [ 900.536314] IRQ 5: no longer affine to CPU5
06-07 15:36:23.446 0 0 I : [ 900.886198] read descriptors
06-07 15:36:23.446 0 0 I : [ 900.886338] read strings
06-07 15:36:24.466 0 0 I : [ 901.904587] read descriptors
06-07 15:36:24.466 0 0 I : [ 901.904724] read strings
06-07 15:36:25.488 0 0 I : [ 902.928725] read descriptors
06-07 15:36:25.488 0 0 I : [ 902.928833] read strings
06-07 15:36:26.520 0 0 I : [ 903.961277] read descriptors
06-07 15:36:26.520 0 0 I : [ 903.961412] read strings
06-07 15:36:27.545 0 0 I : [ 904.986983] read descriptors
06-07 15:36:27.545 0 0 I : [ 904.987279] read strings
06-07 15:36:28.571 0 0 I : [ 906.013244] read descriptors
06-07 15:36:28.572 0 0 I : [ 906.013374] read strings
06-07 15:36:28.789 0 0 I [ 906.228337] init: processing action (sys.tlog.tlogdshc.active=1) from (/system/etc/init/tlogd.rc:195)
06-07 15:36:28.789 0 0 I [ 906.229190] init: starting service 'tlogdshc'...
06-07 15:36:28.929 0 0 I [ 906.370913] init: Service 'tlogdshc' (pid 19090) exited with status 0 oneshot service took 0.136000 seconds in background
06-07 15:36:28.929 0 0 I [ 906.370938] init: Sending signal 9 to service 'tlogdshc' (pid 19090) process group...
06-07 15:36:28.929 0 0 I [ 906.371091] libprocessgroup: Successfully killed process cgroup uid 0 pid 19090 in 0ms
06-07 15:36:29.599 0 0 I : [ 907.041585] read descriptors
06-07 15:36:29.603 0 0 I : [ 907.042228] read strings
06-07 15:36:30.010 0 0 I : [ 907.448481] IRQ 5: no longer affine to CPU6
06-07 15:36:30.638 0 0 I : [ 908.077611] read descriptors
06-07 15:36:30.640 0 0 I : [ 908.077815] read strings
06-07 15:36:31.665 0 0 I : [ 909.105748] read descriptors
06-07 15:36:31.665 0 0 I : [ 909.106012] read strings
06-07 15:36:32.686 0 0 I : [ 910.124730] read descriptors
06-07 15:36:32.686 0 0 I : [ 910.124870] read strings
06-07 15:36:33.710 0 0 I : [ 911.151141] read descriptors
06-07 15:36:33.710 0 0 I : [ 911.151229] read strings
06-07 15:36:34.734 0 0 I : [ 912.172868] read descriptors
06-07 15:36:34.734 0 0 I : [ 912.173024] read strings
06-07 15:36:35.754 0 0 I : [ 913.193288] read descriptors
06-07 15:36:35.754 0 0 I : [ 913.193439] read strings
06-07 15:36:36.774 0 0 I : [ 914.212784] read descriptors
06-07 15:36:36.774 0 0 I : [ 914.212913] read strings
06-07 15:36:37.798 0 0 I : [ 915.237669] read descriptors
06-07 15:36:37.798 0 0 I : [ 915.237798] read strings
06-07 15:36:38.818 0 0 I : [ 916.258001] read descriptors
06-07 15:36:38.818 0 0 I : [ 916.258248] read strings
06-07 15:36:39.718 1539 12892 D ActivityTaskManager: Skipping, freeform mode : Task{538f12e #118 type=standard A=10095:com.ss.android.ugc.aweme U=0 visible=false mode=freeform translucent=true sz=0 visible freeform task=true rootAffinity=10095:com.ss.android.ugc.aweme isMini=false}
06-07 15:36:39.718 1539 12892 D ActivityTaskManager: Skipping, freeform mode : Task{e672263 #117 type=standard A=10100:android.task.kugou U=0 visible=false mode=freeform translucent=true sz=0 visible freeform task=true rootAffinity=10100:android.task.kugou isMini=false}
06-07 15:36:39.847 0 0 I : [ 917.285076] read descriptors
06-07 15:36:39.847 0 0 I : [ 917.285175] read strings
06-07 15:36:40.477 1539 12892 I ActivityTaskManager: FOREGROUND_APPLICATION_CHANGED to com.android.launcher3.uioverrides.QuickstepLauncher
06-07 15:36:40.598 1539 3012 D ActivityTaskManager: Skipping, freeform mode : Task{538f12e #118 type=standard A=10095:com.ss.android.ugc.aweme U=0 visible=false mode=freeform translucent=true sz=0 visible freeform task=true rootAffinity=10095:com.ss.android.ugc.aweme isMini=false}
06-07 15:36:40.598 1539 3012 D ActivityTaskManager: Skipping, freeform mode : Task{e672263 #117 type=standard A=10100:android.task.kugou U=0 visible=false mode=freeform translucent=true sz=0 visible freeform task=true rootAffinity=10100:android.task.kugou isMini=false}
06-07 15:36:40.640 1539 1539 I GameModeConfig: isGameModeOn = false
06-07 15:36:40.866 0 0 I : [ 918.304559] read descriptors
06-07 15:36:40.866 0 0 I : [ 918.304637] read strings
06-07 15:36:41.887 0 0 I : [ 919.328719] read descriptors
06-07 15:36:41.889 0 0 I : [ 919.328916] read strings
06-07 15:36:42.030 1539 3012 I thunderperf: PlatormCompat.setOverrides: Uid1=10077 Pid1=2594 Uid2=10077 Pid2=2594
06-07 15:36:42.030 1539 3012 I thunderperf: PlatormCompat.setOverrides: needCheck:false
06-07 15:36:42.030 1539 3012 I thunderperf: CompatConfig.addOverrideUnsafe: bef-state=1
06-07 15:36:42.030 1539 3012 E thunderperf: CompatConfig.addOverrideUnsafe: exception:java.lang.SecurityException: Cannot override a change on a non-debuggable app and user build.
06-07 15:36:42.030 1539 3012 I thunderperf: CompatConfig.addOverrideUnsafe: aft-state=1
06-07 15:36:42.031 1539 3012 I thunderperf: CompatConfig.addOverrideUnsafe: bef-state=1
06-07 15:36:42.032 1539 3012 E thunderperf: CompatConfig.addOverrideUnsafe: exception:java.lang.SecurityException: Cannot override a change on a non-debuggable app and user build.
06-07 15:36:42.032 1539 3012 I thunderperf: CompatConfig.addOverrideUnsafe: aft-state=1
06-07 15:36:42.032 1539 3012 I thunderperf: CompatConfig.addOverrideUnsafe: bef-state=1
06-07 15:36:42.032 1539 3012 E thunderperf: CompatConfig.addOverrideUnsafe: exception:java.lang.SecurityException: Cannot override a change on a non-debuggable app and user build.
06-07 15:36:42.032 1539 3012 I thunderperf: CompatConfig.addOverrideUnsafe: aft-state=1
06-07 15:36:42.033 1539 3012 I thunderperf: CompatConfig.addOverrideUnsafe: bef-state=1
06-07 15:36:42.033 1539 3012 E thunderperf: CompatConfig.addOverrideUnsafe: exception:java.lang.SecurityException: Cannot override a change on a non-debuggable app and user build.
06-07 15:36:42.033 1539 3012 I thunderperf: CompatConfig.addOverrideUnsafe: aft-state=1
06-07 15:36:42.034 1539 3012 I thunderperf: CompatConfig.addOverrideUnsafe: bef-state=1
06-07 15:36:42.034 1539 3012 E thunderperf: CompatConfig.addOverrideUnsafe: exception:java.lang.SecurityException: Cannot override a change on a non-debuggable app and user build.
06-07 15:36:42.034 1539 3012 I thunderperf: CompatConfig.addOverrideUnsafe: aft-state=1
06-07 15:36:42.035 1539 3012 I thunderperf: CompatConfig.addOverrideUnsafe: bef-state=1
06-07 15:36:42.035 1539 3012 E thunderperf: CompatConfig.addOverrideUnsafe: exception:java.lang.SecurityException: Cannot override a change on a non-debuggable app and user build.
06-07 15:36:42.035 1539 3012 I thunderperf: CompatConfig.addOverrideUnsafe: aft-state=1
06-07 15:36:42.035 1539 3012 I thunderperf: CompatConfig.addOverrideUnsafe: bef-state=1
06-07 15:36:42.036 1539 3012 E thunderperf: CompatConfig.addOverrideUnsafe: exception:java.lang.SecurityException: Cannot override a change on a non-debuggable app and user build.
06-07 15:36:42.036 1539 3012 I thunderperf: CompatConfig.addOverrideUnsafe: aft-state=1
06-07 15:36:42.036 1539 3012 I thunderperf: CompatConfig.addOverrideUnsafe: bef-state=1
06-07 15:36:42.036 1539 3012 E thunderperf: CompatConfig.addOverrideUnsafe: exception:java.lang.SecurityException: Cannot override a change on a non-debuggable app and user build.
06-07 15:36:42.036 1539 3012 I thunderperf: CompatConfig.addOverrideUnsafe: aft-state=1
06-07 15:36:42.037 1539 3012 I thunderperf: CompatConfig.addOverrideUnsafe: bef-state=1
06-07 15:36:42.037 1539 3012 E thunderperf: CompatConfig.addOverrideUnsafe: exception:java.lang.SecurityException: Cannot override a change on a non-debuggable app and user build.
06-07 15:36:42.037 1539 3012 I thunderperf: CompatConfig.addOverrideUnsafe: aft-state=1
06-07 15:36:42.038 1539 3012 I thunderperf: CompatConfig.addOverrideUnsafe: bef-state=1
06-07 15:36:42.043 1539 3012 E thunderperf: CompatConfig.addOverrideUnsafe: exception:java.lang.SecurityException: Cannot override a change on a non-debuggable app and user build.
06-07 15:36:42.043 1539 3012 I thunderperf: CompatConfig.addOverrideUnsafe: aft-state=1
06-07 15:36:42.043 1539 3012 I thunderperf: CompatConfig.addOverrideUnsafe: bef-state=1
06-07 15:36:42.043 1539 3012 E thunderperf: CompatConfig.addOverrideUnsafe: exception:java.lang.SecurityException: Cannot override a change on a non-debuggable app and user build.
06-07 15:36:42.043 1539 3012 I thunderperf: CompatConfig.addOverrideUnsafe: aft-state=1
06-07 15:36:42.043 1539 3012 I thunderperf: CompatConfig.addOverrideUnsafe: bef-state=1
06-07 15:36:42.044 1539 3012 E thunderperf: CompatConfig.addOverrideUnsafe: exception:java.lang.SecurityException: Cannot override a change on a non-debuggable app and user build.
06-07 15:36:42.044 1539 3012 I thunderperf: CompatConfig.addOverrideUnsafe: aft-state=1
06-07 15:36:42.046 1539 3012 I thunderperf: CompatConfig.addOverrideUnsafe: bef-state=1
06-07 15:36:42.046 1539 3012 E thunderperf: CompatConfig.addOverrideUnsafe: exception:java.lang.SecurityException: Cannot override a change on a non-debuggable app and user build.
06-07 15:36:42.046 1539 3012 I thunderperf: CompatConfig.addOverrideUnsafe: aft-state=1
06-07 15:36:42.046 1539 3012 I thunderperf: CompatConfig.addOverrideUnsafe: bef-state=1
06-07 15:36:42.047 1539 3012 E thunderperf: CompatConfig.addOverrideUnsafe: exception:java.lang.SecurityException: Cannot override a change on a non-debuggable app and user build.
06-07 15:36:42.047 1539 3012 I thunderperf: CompatConfig.addOverrideUnsafe: aft-state=1
06-07 15:36:42.053 1539 3012 I ActivityTaskManager: START u0 {act=android.intent.action.MAIN cat=[android.intent.category.LAUNCHER] flg=0x10200000 cmp=com.ss.android.ugc.aweme/.splash.SplashActivity} from uid 10077
06-07 15:36:42.106 1539 3012 D ActivityTaskManager: TaskLaunchParamsModifier:task=null activity=ActivityRecord{6900c64 u0 com.ss.android.ugc.aweme/.splash.SplashActivity taskAffinity=10095:com.ss.android.ugc.aweme display-area-from-source=DefaultTaskDisplayArea@11319769 display-id=0 display-windowing-mode=1 suggested-display-area=DefaultTaskDisplayArea@11319769
06-07 15:36:42.108 1539 3012 D ActivityTaskManager: TaskLaunchParamsModifier:task=null activity=ActivityRecord{6900c64 u0 com.ss.android.ugc.aweme/.splash.SplashActivity taskAffinity=10095:com.ss.android.ugc.aweme t-1} display-area-from-source=DefaultTaskDisplayArea@11319769 display-id=0 display-windowing-mode=1 suggested-display-area=DefaultTaskDisplayArea@11319769 activity-options-bounds=Rect(12, 12 - 652, 986) non-freeform-display display-area=DefaultTaskDisplayArea@11319769
06-07 15:36:42.108 1539 3012 W ActivityTaskManager: Can't find TaskDisplayArea to determine support for multi window. Task id=123 attached=false
