06-07 15:40:49.409 1539 2929 I MicroServiceManager: requestResult(requestAudioFocus) parameters is{"functionInfo":{"IDCM_AudioFocus":"AudioFocus_Media"}}.
06-07 15:40:49.413 1539 5969 D ActivityTaskManager: Skipping, freeform mode : Task{bad5382 #123 type=standard A=10095:com.ss.android.ugc.aweme U=0 visible=false mode=freeform translucent=true sz=0 visible freeform task=true rootAffinity=10095:com.ss.android.ugc.aweme isMini=false}
06-07 15:40:49.413 1539 5969 D ActivityTaskManager: Skipping, freeform mode : Task{e672263 #117 type=standard A=10100:android.task.kugou U=0 visible=false mode=freeform translucent=true sz=0 visible freeform task=true rootAffinity=10100:android.task.kugou isMini=false}
06-07 15:40:49.419 1539 2506 I wm_task_moved: [1,0,0]
06-07 15:40:49.419 1539 2506 I wm_task_moved: [1,0,8]
06-07 15:40:49.420 9851 9851 I view_enqueue_input_event: [Motion - Cancel,com.android.gallery3d/com.android.gallery3d.app.MovieActivity]
06-07 15:40:49.426 1539 1811 I input_interaction: Interaction with: edge-swipe (server), swipe-up (server), PointerEventDispatcher0 (server),
06-07 15:40:49.432 1539 1659 I input_focus: [Focus request recents_animation_input_consumer,reason=UpdateInputWindows]
06-07 15:40:49.435 2594 2594 I wm_on_restart_called: [106440759,com.android.launcher3.uioverrides.QuickstepLauncher,performRestartActivity]
06-07 15:40:49.451 1539 1811 I input_focus: [Focus leaving 20ae5ad com.android.gallery3d/com.android.gallery3d.app.MovieActivity (server),reason=NOT_FOCUSABLE]
06-07 15:40:49.451 1539 1811 I input_focus: [Focus entering recents_animation_input_consumer (server),reason=setFocusedWindow]
06-07 15:40:49.487 0 0 I [ 1166.968506] afe_find_cal_topo_id_by_port: port id: 0x9000, dev_acdb_id: 15
06-07 15:40:49.487 0 0 I [ 1166.968511] afe_find_cal_topo_id_by_port: top_id:112fc acdb_id:15 afe_port_id:0x9000
06-07 15:40:49.487 0 0 I [ 1166.968515] afe_get_cal_topology_id: port_id = 0x9000 acdb_id = 15 topology_id = 0x112fc cal_type_index=8 ret=0
06-07 15:40:49.487 0 0 I [ 1166.968710] afe_send_port_topology_id: AFE set topology id 0x112fc enable for port 0x9000 ret 0
06-07 15:40:49.487 0 0 I [ 1166.968712] send_afe_cal_type: cal_index is 0
06-07 15:40:49.487 0 0 I [ 1166.968714] send_afe_cal_type: dev_acdb_id[55] is 15
06-07 15:40:49.487 0 0 I [ 1166.968716] afe_find_cal: cal_index 0 port_id 0x9000 port_index 55
06-07 15:40:49.487 0 0 I [ 1166.968718] afe_find_cal: acdb_id 15 dev_acdb_id 15 sample_rate 48000 afe_sample_rates 48000
06-07 15:40:49.487 0 0 I [ 1166.968719] afe_find_cal: cal block is a match, size is 0
06-07 15:40:49.487 0 0 I [ 1166.968721] send_afe_cal_type: Sending cal_index cal 0
06-07 15:40:49.487 0 0 E [ 1166.968722] send_afe_cal_type: No cal sent for cal_index 0, port_id = 0x9000! ret -22
06-07 15:40:49.487 0 0 I [ 1166.968911] afe_send_hw_delay: port_id 0x9000 rate 48000 delay_usec 474 status 0
06-07 15:40:49.503 2594 2594 I wm_on_start_called: [106440759,com.android.launcher3.uioverrides.QuickstepLauncher,handleStartActivity]
06-07 15:40:49.521 2594 2594 I sysui_latency: [1,135]
06-07 15:40:49.548 1539 1655 I sysui_multi_action: [319,9,322,116,325,1166,757,761,758,9,759,5,806,com.android.launcher3,871,com.android.launcher3.uioverrides.QuickstepLauncher,905,0,1320,4,1321,1]
06-07 15:40:49.705 1539 1800 I commit_sys_config_file: [settings-1-0,4]
06-07 15:40:49.775 0 0 I : [ 1167.257364] read descriptors
06-07 15:40:49.775 0 0 I : [ 1167.257445] read strings
06-07 15:40:49.835 1539 1671 I sysui_latency: [8,133]
06-07 15:40:50.191 1539 11567 I wm_task_moved: [1,1,9]
06-07 15:40:50.192 1539 11567 I wm_task_moved: [112,1,2147483647]
06-07 15:40:50.192 1539 11567 I wm_task_to_front: [0,112]
06-07 15:40:50.192 1539 11567 I wm_focused_root_task: [0,0,1,115,RecentsAnimation.onAnimationFinished()]
06-07 15:40:50.192 1539 11567 I wm_set_resumed_activity: [0,com.android.launcher3/.uioverrides.QuickstepLauncher,RecentsAnimation.onAnimationFinished()]
06-07 15:40:50.192 9851 9851 I wm_on_top_resumed_lost_called: [216118077,com.android.gallery3d.app.MovieActivity,topStateChangedWhenResumed]
06-07 15:40:50.193 1539 11567 I wm_pause_activity: [0,216118077,com.android.gallery3d/.app.MovieActivity,userLeaving=true,pauseBackTasks]
06-07 15:40:50.193 1539 11567 I wm_add_to_stopping: [0,216118077,com.android.gallery3d/.app.MovieActivity,makeInvisible]
06-07 15:40:50.193 1539 11567 I ActivityTaskManager: FOREGROUND_APPLICATION_CHANGED to com.android.launcher3.uioverrides.QuickstepLauncher
06-07 15:40:50.193 1539 11567 I wm_set_resumed_activity: [0,com.android.launcher3/.uioverrides.QuickstepLauncher,resumeTopActivityInnerLocked]
06-07 15:40:50.196 1539 11567 I wm_resume_activity: [0,106440759,112,com.android.launcher3/.uioverrides.QuickstepLauncher]
06-07 15:40:50.197 2594 2594 I wm_on_resume_called: [106440759,com.android.launcher3.uioverrides.QuickstepLauncher,RESUME_ACTIVITY]
06-07 15:40:50.203 1539 1659 I input_focus: [Focus request a4dbaed com.android.launcher3/com.android.launcher3.uioverrides.QuickstepLauncher,reason=UpdateInputWindows]
06-07 15:40:50.215 2594 2594 I wm_on_top_resumed_gained_called: [106440759,com.android.launcher3.uioverrides.QuickstepLauncher,topStateChangedWhenResumed]
06-07 15:40:50.225 1539 1811 I input_focus: [Focus leaving recents_animation_input_consumer (server),reason=NOT_VISIBLE]
06-07 15:40:50.225 1539 1811 I input_focus: [Focus entering a4dbaed com.android.launcher3/com.android.launcher3.uioverrides.QuickstepLauncher (server),reason=setFocusedWindow]
06-07 15:40:50.228 1539 1658 I wm_stop_activity: [0,216118077,com.android.gallery3d/.app.MovieActivity]
06-07 15:40:50.229 1539 1658 I sysui_multi_action: [757,803,799,window_time_0,802,112]
06-07 15:40:50.232 1539 1658 I sysui_multi_action: [757,803,799,window_time_0,802,0]
06-07 15:40:50.250 1539 1671 I am_pss : [3332,10018,android.process.media,7631872,593920,6269952,51191808,0,19,4]
06-07 15:40:50.271 0 0 I [ 1167.754078] msm_vidc: high: 00000003: h264d: Closed video instance: 0000000000000000
06-07 15:40:50.280 9851 9851 I wm_on_paused_called: [216118077,com.android.gallery3d.app.MovieActivity,performPause]
06-07 15:40:50.293 9851 9851 I wm_on_stop_called: [216118077,com.android.gallery3d.app.MovieActivity,STOP_ACTIVITY_ITEM]
06-07 15:40:50.305 1539 11594 D ActivityTaskManager: Skipping, freeform mode : Task{bad5382 #123 type=standard A=10095:com.ss.android.ugc.aweme U=0 visible=false mode=freeform translucent=true sz=0 visible freeform task=true rootAffinity=10095:com.ss.android.ugc.aweme isMini=false}
06-07 15:40:50.305 1539 11594 D ActivityTaskManager: Skipping, freeform mode : Task{e672263 #117 type=standard A=10100:android.task.kugou U=0 visible=false mode=freeform translucent=true sz=0 visible freeform task=true rootAffinity=10100:android.task.kugou isMini=false}
06-07 15:40:50.308 1539 3012 I am_uid_active: 10062
06-07 15:40:50.650 1539 1829 I netstats_mobile_sample: [0,0,0,0,0,0,0,0,0,0,0,0,1686123650649]
06-07 15:40:50.650 1539 1829 I netstats_wifi_sample: [28366774,22652,1716038,6954,28366774,22652,1716038,6954,29018043,27634,1614173,6412,1686123650649]
06-07 15:40:50.795 0 0 I : [ 1168.276864] read descriptors
06-07 15:40:50.795 0 0 I : [ 1168.276991] read strings
06-07 15:40:51.799 0 0 I [ 1169.282076] msm_vidc: err : ffffffff: .....: DBLP Set: status 0
06-07 15:40:51.817 0 0 I : [ 1169.300817] read descriptors
06-07 15:40:51.817 0 0 I : [ 1169.300954] read strings
06-07 15:40:51.996 1539 1829 I netstats_mobile_sample: [0,0,0,0,0,0,0,0,0,0,0,0,1686123651996]
06-07 15:40:51.996 1539 1829 I netstats_wifi_sample: [28366923,22653,1716336,6956,28366923,22653,1716336,6956,29018192,27635,1614322,6413,1686123651996]
06-07 15:40:52.837 0 0 I : [ 1170.320782] read descriptors
06-07 15:40:52.838 0 0 I : [ 1170.321268] read strings
06-07 15:40:53.003 2140 21150 W ContextImpl: Calling a method in the system process without a qualified user: android.app.ContextImpl.sendBroadcast:1173 android.content.ContextWrapper.sendBroadcast:479 com.thundercomm.microsettings.action.SetTimeAction.timeUpdated:191 com.thundercomm.microsettings.action.SetTimeAction.update24HourFormat:173 com.thundercomm.microsettings.action.SetTimeAction.doActualAction:133
06-07 15:40:53.015 1539 1539 D DevicePolicyManager: updateSystemUpdateFreezePeriodsRecord
06-07 15:40:53.015 1539 1539 D ConditionProviders.SCP: onReceive android.intent.action.TIME_SET
06-07 15:40:53.016 1539 1539 D ConditionProviders.SCP: evaluateSubscriptionLocked cal=ScheduleCalendar[mDays={1, 2, 3, 4, 5, 6, 7}, mSchedule=ScheduleInfo{days=[1, 2, 3, 4, 5, 6, 7], startHour=22, startMinute=0, endHour=7, endMinute=0, exitAtAlarm=true, nextAlarm=Thu Jan 01 08:00:00 GMT+08:00 1970 (0)}], now=Wed Jun 07 15:40:53 GMT+08:00 2023 (1686123653015), nextUserAlarmTime=Thu Jan 01 08:00:00 GMT+08:00 1970 (0)
06-07 15:40:53.017 1539 1539 D ConditionProviders.SCP: notifyCondition condition://android/schedule?days=1.2.3.4.5.6.7&start=22.0&end=7.0&exitAtAlarm=true STATE_FALSE reason=!meetsSchedule
06-07 15:40:53.017 1539 1539 D ConditionProviders.SCP: Scheduling evaluate for Wed Jun 07 22:00:00 GMT+08:00 2023 (1686146400000), in +6h19m6s985ms, now=Wed Jun 07 15:40:53 GMT+08:00 2023 (1686123653015)
06-07 15:40:53.024 1539 1845 I am_uid_active: 10028
06-07 15:40:53.359 0 0 I [ 1170.871454] afe_close: port_id = 0x9000
06-07 15:40:53.490 1539 1829 I netstats_mobile_sample: [0,0,0,0,0,0,0,0,0,0,0,0,1686123653490]
06-07 15:40:53.491 1539 1829 I netstats_wifi_sample: [28366923,22653,1716336,6956,28366923,22653,1716336,6956,29018192,27635,1614322,6413,1686123653490]
06-07 15:40:53.838 0 0 I : [ 1171.349753] read descriptors
06-07 15:40:53.838 0 0 I : [ 1171.349957] read strings
06-07 15:40:54.861 0 0 I : [ 1172.373469] read descriptors
06-07 15:40:54.861 0 0 I : [ 1172.373998] read strings
06-07 15:40:54.868 1539 1829 I netstats_mobile_sample: [0,0,0,0,0,0,0,0,0,0,0,0,1686123654868]
06-07 15:40:54.869 1539 1829 I netstats_wifi_sample: [28366923,22653,1716336,6956,28366923,22653,1716336,6956,29018192,27635,1614322,6413,1686123654868]
06-07 15:40:55.881 0 0 I : [ 1173.393264] read descriptors
06-07 15:40:55.881 0 0 I : [ 1173.393442] read strings
06-07 15:40:56.204 1539 1829 I netstats_mobile_sample: [0,0,0,0,0,0,0,0,0,0,0,0,1686123656204]
06-07 15:40:56.205 1539 1829 I netstats_wifi_sample: [28366923,22653,1716336,6956,28366923,22653,1716336,6956,29018192,27635,1614322,6413,1686123656204]
06-07 15:40:56.903 0 0 I : [ 1174.412554] read descriptors
06-07 15:40:56.903 0 0 I : [ 1174.412681] read strings
06-07 15:40:57.739 1539 1829 I netstats_mobile_sample: [0,0,0,0,0,0,0,0,0,0,0,0,1686123657739]
06-07 15:40:57.740 1539 1829 I netstats_wifi_sample: [28367072,22654,1716634,6958,28367072,22654,1716634,6958,29018341,27636,1614471,6414,1686123657739]
06-07 15:40:57.935 0 0 I : [ 1175.445160] read descriptors
06-07 15:40:57.936 0 0 I : [ 1175.445278] read strings
06-07 15:40:58.767 0 0 I [ 1176.279059] init: processing action (sys.tlog.tlogdshc.active=1) from (/system/etc/init/tlogd.rc:195)
06-07 15:40:58.767 0 0 I [ 1176.279898] init: starting service 'tlogdshc'...
06-07 15:40:58.915 0 0 I [ 1176.425168] init: Service 'tlogdshc' (pid 21172) exited with status 0 oneshot service took 0.140000 seconds in background
06-07 15:40:58.915 0 0 I [ 1176.425194] init: Sending signal 9 to service 'tlogdshc' (pid 21172) process group...
06-07 15:40:58.915 0 0 I [ 1176.425345] libprocessgroup: Successfully killed process cgroup uid 0 pid 21172 in 0ms
06-07 15:40:58.958 0 0 I : [ 1176.470352] read descriptors
06-07 15:40:58.960 0 0 I : [ 1176.470811] read strings
06-07 15:40:59.094 1539 1829 I netstats_mobile_sample: [0,0,0,0,0,0,0,0,0,0,0,0,1686123659094]
06-07 15:40:59.094 1539 1829 I netstats_wifi_sample: [28367072,22654,1716634,6958,28367072,22654,1716634,6958,29018341,27636,1614471,6414,1686123659094]
06-07 15:40:59.209 1539 1898 I sync : [com.tencent.android.qqdownloader.YYBLiveAccountProvider,0,3,24220937]
06-07 15:40:59.237 1539 1898 I sync : [com.tencent.android.qqdownloader.YYBLiveAccountProvider,1,3,24220937]
06-07 15:40:59.240 1539 1898 I commit_sys_config_file: [sync-status,1161336]
06-07 15:40:59.246 1539 1898 I sync : [com.tencent.android.qqdownloader.YYBLiveAccountProvider,0,3,24220937]
06-07 15:40:59.275 1539 1898 I sync : [com.tencent.android.qqdownloader.YYBLiveAccountProvider,1,3,24220937]
06-07 15:40:59.278 1539 1898 I commit_sys_config_file: [sync-status,1161374]
06-07 15:40:59.995 0 0 I : [ 1177.500747] read descriptors
06-07 15:40:59.995 0 0 I : [ 1177.500866] read strings
06-07 15:41:00.544 1539 1829 I netstats_mobile_sample: [0,0,0,0,0,0,0,0,0,0,0,0,1686123660544]
06-07 15:41:00.544 1539 1829 I netstats_wifi_sample: [28367275,22655,1716634,6958,28367275,22655,1716634,6958,29018544,27637,1614471,6414,1686123660544]
06-07 15:41:01.019 0 0 I : [ 1178.528678] read descriptors
06-07 15:41:01.019 0 0 I : [ 1178.528800] read strings
06-07 15:41:01.248 1539 1657 I commit_sys_config_file: [jobs,9]
06-07 15:41:01.904 1539 1829 I netstats_mobile_sample: [0,0,0,0,0,0,0,0,0,0,0,0,1686123661904]
06-07 15:41:01.904 1539 1829 I netstats_wifi_sample: [28367830,22658,1716932,6960,28367830,22658,1716932,6960,29019099,27640,1614620,6415,1686123661904]
06-07 15:41:01.909 1539 1830 I service_manager_stats: [100,60,28173]
06-07 15:41:02.047 0 0 I : [ 1179.556616] read descriptors
06-07 15:41:02.047 0 0 I : [ 1179.556734] read strings
06-07 15:41:02.167 1539 1811 I input_interaction: Interaction with: a4dbaed com.android.launcher3/com.android.launcher3.uioverrides.QuickstepLauncher (server), dea3df3 com.android.systemui.ImageWallpaper (server), edge-swipe (server), swipe-up (server), PointerEventDispatcher0 (server),
06-07 15:41:02.265 1539 2661 I thunderperf: PlatormCompat.setOverrides: Uid1=10077 Pid1=2594 Uid2=10077 Pid2=2594
06-07 15:41:02.265 1539 2661 I thunderperf: PlatormCompat.setOverrides: needCheck:false
06-07 15:41:02.266 1539 2661 I thunderperf: CompatConfig.addOverrideUnsafe: bef-state=1
06-07 15:41:02.266 1539 2661 E thunderperf: CompatConfig.addOverrideUnsafe: exception:java.lang.SecurityException: Cannot override a change on a non-debuggable app and user build.
06-07 15:41:02.266 1539 2661 I thunderperf: CompatConfig.addOverrideUnsafe: aft-state=1
06-07 15:41:02.268 1539 2661 I thunderperf: CompatConfig.addOverrideUnsafe: bef-state=1
06-07 15:41:02.268 1539 2661 E thunderperf: CompatConfig.addOverrideUnsafe: exception:java.lang.SecurityException: Cannot override a change on a non-debuggable app and user build.
06-07 15:41:02.268 1539 2661 I thunderperf: CompatConfig.addOverrideUnsafe: aft-state=1
06-07 15:41:02.269 1539 2661 I thunderperf: CompatConfig.addOverrideUnsafe: bef-state=1
06-07 15:41:02.269 1539 2661 E thunderperf: CompatConfig.addOverrideUnsafe: exception:java.lang.SecurityException: Cannot override a change on a non-debuggable app and user build.
06-07 15:41:02.269 1539 2661 I thunderperf: CompatConfig.addOverrideUnsafe: aft-state=1
06-07 15:41:02.270 1539 2661 I thunderperf: CompatConfig.addOverrideUnsafe: bef-state=1
06-07 15:41:02.270 1539 2661 E thunderperf: CompatConfig.addOverrideUnsafe: exception:java.lang.SecurityException: Cannot override a change on a non-debuggable app and user build.
06-07 15:41:02.270 1539 2661 I thunderperf: CompatConfig.addOverrideUnsafe: aft-state=1
06-07 15:41:02.271 1539 2661 I thunderperf: CompatConfig.addOverrideUnsafe: bef-state=1
06-07 15:41:02.271 1539 2661 E thunderperf: CompatConfig.addOverrideUnsafe: exception:java.lang.SecurityException: Cannot override a change on a non-debuggable app and user build.
06-07 15:41:02.271 1539 2661 I thunderperf: CompatConfig.addOverrideUnsafe: aft-state=1
06-07 15:41:02.272 1539 2661 I thunderperf: CompatConfig.addOverrideUnsafe: bef-state=1
06-07 15:41:02.272 1539 2661 E thunderperf: CompatConfig.addOverrideUnsafe: exception:java.lang.SecurityException: Cannot override a change on a non-debuggable app and user build.
06-07 15:41:02.272 1539 2661 I thunderperf: CompatConfig.addOverrideUnsafe: aft-state=1
06-07 15:41:02.272 1539 2661 I thunderperf: CompatConfig.addOverrideUnsafe: bef-state=1
06-07 15:41:02.273 1539 2661 E thunderperf: CompatConfig.addOverrideUnsafe: exception:java.lang.SecurityException: Cannot override a change on a non-debuggable app and user build.
06-07 15:41:02.273 1539 2661 I thunderperf: CompatConfig.addOverrideUnsafe: aft-state=1
06-07 15:41:02.273 1539 2661 I thunderperf: CompatConfig.addOverrideUnsafe: bef-state=1
06-07 15:41:02.273 1539 2661 E thunderperf: CompatConfig.addOverrideUnsafe: exception:java.lang.SecurityException: Cannot override a change on a non-debuggable app and user build.
06-07 15:41:02.273 1539 2661 I thunderperf: CompatConfig.addOverrideUnsafe: aft-state=1
06-07 15:41:02.274 1539 2661 I thunderperf: CompatConfig.addOverrideUnsafe: bef-state=1
06-07 15:41:02.274 1539 2661 E thunderperf: CompatConfig.addOverrideUnsafe: exception:java.lang.SecurityException: Cannot override a change on a non-debuggable app and user build.
06-07 15:41:02.274 1539 2661 I thunderperf: CompatConfig.addOverrideUnsafe: aft-state=1
06-07 15:41:02.274 1539 2661 I thunderperf: CompatConfig.addOverrideUnsafe: bef-state=1
06-07 15:41:02.274 1539 2661 E thunderperf: CompatConfig.addOverrideUnsafe: exception:java.lang.SecurityException: Cannot override a change on a non-debuggable app and user build.
06-07 15:41:02.274 1539 2661 I thunderperf: CompatConfig.addOverrideUnsafe: aft-state=1
06-07 15:41:02.275 1539 2661 I thunderperf: CompatConfig.addOverrideUnsafe: bef-state=1
06-07 15:41:02.275 1539 2661 E thunderperf: CompatConfig.addOverrideUnsafe: exception:java.lang.SecurityException: Cannot override a change on a non-debuggable app and user build.
06-07 15:41:02.275 1539 2661 I thunderperf: CompatConfig.addOverrideUnsafe: aft-state=1
06-07 15:41:02.275 1539 2661 I thunderperf: CompatConfig.addOverrideUnsafe: bef-state=1
06-07 15:41:02.276 1539 2661 E thunderperf: CompatConfig.addOverrideUnsafe: exception:java.lang.SecurityException: Cannot override a change on a non-debuggable app and user build.
06-07 15:41:02.276 1539 2661 I thunderperf: CompatConfig.addOverrideUnsafe: aft-state=1
06-07 15:41:02.276 1539 2661 I thunderperf: CompatConfig.addOverrideUnsafe: bef-state=1
06-07 15:41:02.276 1539 2661 E thunderperf: CompatConfig.addOverrideUnsafe: exception:java.lang.SecurityException: Cannot override a change on a non-debuggable app and user build.
06-07 15:41:02.276 1539 2661 I thunderperf: CompatConfig.addOverrideUnsafe: aft-state=1
06-07 15:41:02.277 1539 2661 I thunderperf: CompatConfig.addOverrideUnsafe: bef-state=1
06-07 15:41:02.277 1539 2661 E thunderperf: CompatConfig.addOverrideUnsafe: exception:java.lang.SecurityException: Cannot override a change on a non-debuggable app and user build.
06-07 15:41:02.277 1539 2661 I thunderperf: CompatConfig.addOverrideUnsafe: aft-state=1
06-07 15:41:02.282 1539 2661 I ActivityTaskManager: START u0 {act=android.intent.action.MAIN cat=[android.intent.category.LAUNCHER] flg=0x10200000 cmp=com.kugou.android/.app.splash.SplashActivity} from uid 10077
06-07 15:41:02.323 1539 2661 D ActivityTaskManager: TaskLaunchParamsModifier:task=null activity=ActivityRecord{eba6eca u0 com.kugou.android/.app.splash.SplashActivity taskAffinity=10100:android.task.kugou display-area-from-source=DefaultTaskDisplayArea@11319769 display-id=0 display-windowing-mode=1 suggested-display-area=DefaultTaskDisplayArea@11319769
06-07 15:41:02.324 1539 2661 D ActivityTaskManager: TaskLaunchParamsModifier:task=null activity=ActivityRecord{eba6eca u0 com.kugou.android/.app.splash.SplashActivity taskAffinity=10100:android.task.kugou t-1} display-area-from-source=DefaultTaskDisplayArea@11319769 display-id=0 display-windowing-mode=1 suggested-display-area=DefaultTaskDisplayArea@11319769 activity-options-bounds=Rect(12, 12 - 652, 986) non-freeform-display display-area=DefaultTaskDisplayArea@11319769
06-07 15:41:02.325 1539 2661 I wm_task_created: [126,-1]
06-07 15:41:02.325 1539 2661 W ActivityTaskManager: Can't find TaskDisplayArea to determine support for multi window. Task id=126 attached=false
06-07 15:41:02.326 1539 2661 D ActivityTaskManager: TaskLaunchParamsModifier:task=Task{d5ee83b #126 type=standard A=10100:android.task.kugou U=0 visible=false mode=freeform translucent=true sz=0 visible freeform task=true rootAffinity=10100:android.task.kugou isMini=false} activity=ActivityRecord{eba6eca u0 com.kugou.android/.app.splash.SplashActivity taskAffinity=10100:android.task.kugou t-1} display-area-from-source=DefaultTaskDisplayArea@11319769 display-id=0 display-windowing-mode=1 suggested-display-area=DefaultTaskDisplayArea@11319769 activity-options-bounds=Rect(12, 12 - 652, 986) non-freeform-display display-area=DefaultTaskDisplayArea@11319769
06-07 15:41:02.327 1539 2661 D CompatibilityChangeReporter: Compat change id reported: 174042980; UID 10100; state: DISABLED
06-07 15:41:02.327 1539 2661 D CompatibilityChangeReporter: Compat change id reported: 184838306; UID 10100; state: DISABLED
06-07 15:41:02.327 1539 2661 D CompatibilityChangeReporter: Compat change id reported: 185004937; UID 10100; state: DISABLED
06-07 15:41:02.327 1539 2661 D CompatibilityChangeReporter: Compat change id reported: 181136395; UID 10100; state: DISABLED
06-07 15:41:02.327 1539 2661 D CompatibilityChangeReporter: Compat change id reported: 174042936; UID 10100; state: DISABLED
06-07 15:41:02.328 1539 2661 I wm_task_moved: [126,1,10]
06-07 15:41:02.328 1539 2661 I wm_task_to_front: [0,126]
06-07 15:41:02.328 1539 2661 I wm_create_task: [0,126]
06-07 15:41:02.328 1539 2661 I wm_create_activity: [0,247099082,126,com.kugou.android/.app.splash.SplashActivity,android.intent.action.MAIN,NULL,NULL,270532608]
06-07 15:41:02.328 1539 2661 I wm_task_moved: [126,1,10]
06-07 15:41:02.329 1539 2661 D CompatibilityChangeReporter: Compat change id reported: 168419799; UID 10100; state: DISABLED
06-07 15:41:02.329 1539 2661 I ActivityTaskManager: FOREGROUND_APPLICATION_CHANGED to com.kugou.android.app.splash.SplashActivity
06-07 15:41:02.329 1539 2661 I ActivityTaskManager: The Process com.kugou.android Already Exists in BG. So sending its PID: 11611
06-07 15:41:02.330 1539 2661 I wm_restart_activity: [0,247099082,126,com.kugou.android/.app.splash.SplashActivity]
06-07 15:41:02.330 1539 2661 I wm_set_resumed_activity: [0,com.kugou.android/.app.splash.SplashActivity,minimalResumeActivityLocked]
06-07 15:41:02.332 1539 1658 I am_uid_active: 10100
06-07 15:41:02.333 2594 2594 I wm_on_top_resumed_lost_called: [106440759,com.android.launcher3.uioverrides.QuickstepLauncher,topStateChangedWhenResumed]
06-07 15:41:02.536 11611 11611 I wm_on_create_called: [247099082,com.kugou.android.app.splash.SplashActivity,performCreate]
06-07 15:41:02.565 11611 11611 I wm_on_start_called: [247099082,com.kugou.android.app.splash.SplashActivity,handleStartActivity]
06-07 15:41:02.566 11611 11611 I wm_on_resume_called: [247099082,com.kugou.android.app.splash.SplashActivity,RESUME_ACTIVITY]
06-07 15:41:02.569 1539 3012 W WindowManager: Failed looking up window session=Session{40a0d22 11611:u0a10100} callers=com.android.server.wm.WindowManagerService.windowForClientLocked:5628 com.android.server.wm.Session.insetsModified:629 android.view.IWindowSession$Stub.onTransact:1151
06-07 15:41:02.570 11611 11611 I wm_on_top_resumed_gained_called: [247099082,com.kugou.android.app.splash.SplashActivity,topStateChangedWhenResumed]
06-07 15:41:02.580 1539 1659 I input_focus: [Focus request d5e68e9 com.kugou.android/com.kugou.android.app.splash.SplashActivity,reason=UpdateInputWindows]
06-07 15:41:02.606 1539 1811 I input_focus: [Focus leaving a4dbaed com.android.launcher3/com.android.launcher3.uioverrides.QuickstepLauncher (server),reason=Waiting for window because NOT_VISIBLE]
06-07 15:41:02.607 0 0 I [ 1180.119498] binder: 11611:21202 ioctl 40046210 7769e121f4 returned -22
06-07 15:41:02.624 1539 1675 V ActivityManager: Attempted to start a foreground service (com.kugou.android/com.kugou.framework.service.ipc.peripheral.connect.EmptyService) with a broken notification (no icon: Notification(channel=kg_normal shortcut=null contentView=null vibrate=null sound=null defaults=0x0 flags=0x40 color=0x00000000 vis=PRIVATE))
06-07 15:41:02.625 1539 1675 I ActivityManager: Deferring FGS notification in legacy app com.kugou.android/u0a100 : Notification(channel=kg_normal shortcut=null contentView=null vibrate=null sound=null defaults=0x0 flags=0x40 color=0x00000000 vis=PRIVATE)
06-07 15:41:02.635 1539 1655 I sysui_multi_action: [319,341,322,341,325,1179,757,761,758,8,759,2,806,com.kugou.android,871,com.kugou.android.app.splash.SplashActivity,904,com.android.launcher3,905,0,1320,4,1321,4]
06-07 15:41:02.636 1539 1655 I wm_activity_launch_time: [0,247099082,com.kugou.android/.app.splash.SplashActivity,341]
06-07 15:41:02.640 1539 1811 I input_focus: [Focus entering d5e68e9 com.kugou.android/com.kugou.android.app.splash.SplashActivity (server),reason=Window became focusable. Previous reason: NOT_VISIBLE]
06-07 15:41:02.669 1539 3012 I netstats_mobile_sample: [0,0,0,0,0,0,0,0,0,0,0,0,1686123662669]
06-07 15:41:02.670 1539 3012 I netstats_wifi_sample: [28368033,22659,1716932,6960,28368033,22659,1716932,6960,29019302,27641,1614620,6415,1686123662669]
06-07 15:41:02.763 11611 11611 I auditd : type=1400 audit(0.0:2205): avc: granted { execute } for comm="AMS-loadSubDexA" path="/data/user/0/com.kugou.android/app_e_qq_com_plugin_new_69cdb90e184b6179c4f50a78f8e8a42e/libhippy.so" dev="dm-15" ino=66164 scontext=u:r:untrusted_app_27:s0:c100,c256,c512,c768 tcontext=u:object_r:app_data_file:s0:c100,c256,c512,c768 tclass=file app=com.kugou.android
06-07 15:41:02.823 11611 11611 I auditd : type=1400 audit(0.0:2206): avc: granted { execute } for comm="AMS-loadSubDexA" path="/data/user/0/com.kugou.android/app_e_qq_com_plugin_new_69cdb90e184b6179c4f50a78f8e8a42e/libflexbox.so" dev="dm-15" ino=66172 scontext=u:r:untrusted_app_27:s0:c100,c256,c512,c768 tcontext=u:object_r:app_data_file:s0:c100,c256,c512,c768 tclass=file app=com.kugou.android
06-07 15:41:02.920 1539 2105 D CompatibilityChangeReporter: Compat change id reported: 135634846; UID 10100; state: DISABLED
06-07 15:41:02.920 1539 2105 D CompatibilityChangeReporter: Compat change id reported: 177438394; UID 10100; state: DISABLED
06-07 15:41:02.920 1539 2105 D CompatibilityChangeReporter: Compat change id reported: 135772972; UID 10100; state: DISABLED
06-07 15:41:02.920 1539 2105 D CompatibilityChangeReporter: Compat change id reported: 135754954; UID 10100; state: DISABLED
06-07 15:41:02.921 1539 1676 D CompatibilityChangeReporter: Compat change id reported: 143937733; UID 10100; state: DISABLED
06-07 15:41:02.932 1539 1676 I am_proc_start: [0,21324,10100,com.kugou.android.support,service,{com.kugou.android/com.kugou.framework.service.ipc.peripheral.connect.SupportService}]
06-07 15:41:02.932 1539 1676 I ActivityManager: Start proc 21324:com.kugou.android.support/u0a100 for service {com.kugou.android/com.kugou.framework.service.ipc.peripheral.connect.SupportService}
06-07 15:41:02.952 0 0 I [ 1180.461470] binder: 21324:21324 ioctl 40046210 7ff2b03764 returned -22
06-07 15:41:02.953 1539 3014 I am_proc_bound: [0,21324,com.kugou.android.support]
06-07 15:41:03.050 1539 11594 W ActivityManager: Receiver with filter android.content.IntentFilter@b451a71 already registered for pid 11611, callerPackage is com.kugou.android
06-07 15:41:03.068 0 0 I : [ 1180.580472] read descriptors
06-07 15:41:03.068 0 0 I : [ 1180.580496] read strings
06-07 15:41:03.482 1539 2105 E PackageDexUsage: Unsupported context?
06-07 15:41:03.780 1539 1829 I netstats_mobile_sample: [0,0,0,0,0,0,0,0,0,0,0,0,1686123663780]
06-07 15:41:03.780 1539 1829 I netstats_wifi_sample: [28368033,22659,1716932,6960,28368033,22659,1716932,6960,29019302,27641,1614620,6415,1686123663780]
06-07 15:41:03.888 1539 2661 I thunderperf: PlatormCompat.setOverrides: Uid1=10100 Pid1=11611 Uid2=10100 Pid2=11611
06-07 15:41:03.888 1539 2661 I thunderperf: PlatormCompat.setOverrides: needCheck:false
06-07 15:41:03.888 1539 2661 W PackageManager: MATCH_ANY_USER flag requires INTERACT_ACROSS_USERS permission: UID 10100 requires android.permission.INTERACT_ACROSS_USERS_FULL or android.permission.INTERACT_ACROSS_USERS to access user 0.
06-07 15:41:03.889 1539 2661 I ActivityTaskManager: START u0 {act=android.intent.action.MAIN cat=[android.intent.category.LAUNCHER] flg=0x10200000 cmp=com.kugou.android/.app.MediaActivity} from uid 10100
06-07 15:41:03.889 1539 2661 D ActivityTaskManager: TaskLaunchParamsModifier:task=null activity=ActivityRecord{be71bcf u0 com.kugou.android/.app.MediaActivity taskAffinity=10100:android.task.kugou display-area-from-source=DefaultTaskDisplayArea@11319769 display-id=0 display-windowing-mode=1 suggested-display-area=DefaultTaskDisplayArea@11319769
06-07 15:41:03.891 1539 2661 D ActivityTaskManager: TaskLaunchParamsModifier:task=Task{d5ee83b #126 type=standard A=10100:android.task.kugou U=0 visible=true mode=freeform translucent=false sz=1 visible freeform task=true rootAffinity=10100:android.task.kugou isMini=false} activity=ActivityRecord{be71bcf u0 com.kugou.android/.app.MediaActivity taskAffinity=10100:android.task.kugou t-1} display-area-from-source=DefaultTaskDisplayArea@11319769 display-id=0 display-windowing-mode=1 suggested-display-area=DefaultTaskDisplayArea@11319769 non-freeform-display display-area=DefaultTaskDisplayArea@11319769
06-07 15:41:03.893 1539 2661 I wm_task_moved: [126,1,10]
06-07 15:41:03.893 1539 2661 I wm_set_resumed_activity: [0,com.kugou.android/.app.splash.SplashActivity,positionChildAt]
06-07 15:41:03.893 1539 2661 I wm_create_activity: [0,199695311,126,com.kugou.android/.app.MediaActivity,android.intent.action.MAIN,NULL,NULL,270532608]
06-07 15:41:03.894 1539 2661 I wm_pause_activity: [0,247099082,com.kugou.android/.app.splash.SplashActivity,userLeaving=true,resumeTopActivityInnerLocked]
06-07 15:41:03.899 1539 2661 I wm_finish_activity: [0,247099082,126,com.kugou.android/.app.splash.SplashActivity,app-request]
06-07 15:41:03.925 11611 11611 I wm_on_top_resumed_lost_called: [247099082,com.kugou.android.app.splash.SplashActivity,topStateChangedWhenResumed]
06-07 15:41:03.929 11611 11611 I wm_on_paused_called: [247099082,com.kugou.android.app.splash.SplashActivity,performPause]
06-07 15:41:03.929 1539 11594 I wm_add_to_stopping: [0,247099082,com.kugou.android/.app.splash.SplashActivity,completeFinishing]
06-07 15:41:03.929 1539 11594 I ActivityTaskManager: FOREGROUND_APPLICATION_CHANGED to com.kugou.android.app.MediaActivity
06-07 15:41:03.930 1539 11594 I ActivityTaskManager: The Process com.kugou.android Already Exists in BG. So sending its PID: 11611
06-07 15:41:03.930 1539 11594 W ActivityTaskManager: Tried to set launchTime (0) < mLastActivityLaunchTime (1179842)
06-07 15:41:03.930 1539 11594 I wm_restart_activity: [0,199695311,126,com.kugou.android/.app.MediaActivity]
06-07 15:41:03.932 1539 11594 I wm_set_resumed_activity: [0,com.kugou.android/.app.MediaActivity,minimalResumeActivityLocked]
06-07 15:41:03.936 1539 1658 I sysui_multi_action: [757,803,799,window_time_0,802,14]
06-07 15:41:03.956 1539 1811 I input_focus: [Focus leaving d5e68e9 com.kugou.android/com.kugou.android.app.splash.SplashActivity (server),reason=NO_WINDOW]
06-07 15:41:03.987 0 0 I [ 1181.499926] afe_find_cal_topo_id_by_port: port id: 0x9000, dev_acdb_id: 15
06-07 15:41:03.987 0 0 I [ 1181.499932] afe_find_cal_topo_id_by_port: top_id:112fc acdb_id:15 afe_port_id:0x9000
06-07 15:41:03.987 0 0 I [ 1181.499936] afe_get_cal_topology_id: port_id = 0x9000 acdb_id = 15 topology_id = 0x112fc cal_type_index=8 ret=0
06-07 15:41:03.987 0 0 I [ 1181.500147] afe_send_port_topology_id: AFE set topology id 0x112fc enable for port 0x9000 ret 0
06-07 15:41:03.987 0 0 I [ 1181.500150] send_afe_cal_type: cal_index is 0
06-07 15:41:03.987 0 0 I [ 1181.500152] send_afe_cal_type: dev_acdb_id[55] is 15
06-07 15:41:03.987 0 0 I [ 1181.500154] afe_find_cal: cal_index 0 port_id 0x9000 port_index 55
06-07 15:41:03.988 0 0 I [ 1181.500157] afe_find_cal: acdb_id 15 dev_acdb_id 15 sample_rate 48000 afe_sample_rates 48000
06-07 15:41:03.988 0 0 I [ 1181.500159] afe_find_cal: cal block is a match, size is 0
06-07 15:41:03.988 0 0 I [ 1181.500162] send_afe_cal_type: Sending cal_index cal 0
06-07 15:41:03.988 0 0 E [ 1181.500164] send_afe_cal_type: No cal sent for cal_index 0, port_id = 0x9000! ret -22
06-07 15:41:03.988 0 0 I [ 1181.500379] afe_send_hw_delay: port_id 0x9000 rate 48000 delay_usec 474 status 0
06-07 15:41:04.035 1539 2661 D ActivityTaskManager: Skipping, freeform mode : Task{d5ee83b #126 type=standard A=10100:android.task.kugou U=0 visible=true mode=freeform translucent=false sz=2 visible freeform task=true rootAffinity=10100:android.task.kugou isMini=false}
06-07 15:41:04.035 1539 2661 D ActivityTaskManager: Skipping, freeform mode : Task{bad5382 #123 type=standard A=10095:com.ss.android.ugc.aweme U=0 visible=false mode=freeform translucent=true sz=0 visible freeform task=true rootAffinity=10095:com.ss.android.ugc.aweme isMini=false}
06-07 15:41:04.108 0 0 I : [ 1181.620544] read descriptors
06-07 15:41:04.108 0 0 I : [ 1181.620582] read strings
06-07 15:41:04.121 1539 12892 W ActivityManager: Receiver with filter android.content.IntentFilter@7625b1d already registered for pid 11611, callerPackage is com.kugou.android
06-07 15:41:04.144 1539 12892 W ActivityManager: Receiver with filter android.content.IntentFilter@85ce763 already registered for pid 11611, callerPackage is com.kugou.android
06-07 15:41:04.312 1539 11594 I thunderperf: PlatormCompat.setOverrides: Uid1=10100 Pid1=11611 Uid2=10100 Pid2=11611
06-07 15:41:04.312 1539 11594 I thunderperf: PlatormCompat.setOverrides: needCheck:false
06-07 15:41:04.312 1539 11594 W PackageManager: MATCH_ANY_USER flag requires INTERACT_ACROSS_USERS permission: UID 10100 requires android.permission.INTERACT_ACROSS_USERS_FULL or android.permission.INTERACT_ACROSS_USERS to access user 0.
06-07 15:41:04.312 1539 11594 I ActivityTaskManager: START u0 {cmp=com.kugou.android/com.kugou.common.useraccount.app.KgUserLoginAndRegActivity (has extras)} from uid 10100
06-07 15:41:04.313 1539 11594 D ActivityTaskManager: TaskLaunchParamsModifier:task=null activity=ActivityRecord{89275cb u0 com.kugou.android/com.kugou.common.useraccount.app.KgUserLoginAndRegActivity taskAffinity=10100:android.task.kugou display-area-from-source=DefaultTaskDisplayArea@11319769 display-id=0 display-windowing-mode=1 suggested-display-area=DefaultTaskDisplayArea@11319769
06-07 15:41:04.314 1539 11594 D ActivityTaskManager: TaskLaunchParamsModifier:task=Task{d5ee83b #126 type=standard A=10100:android.task.kugou U=0 visible=true mode=freeform translucent=false sz=2 visible freeform task=true rootAffinity=10100:android.task.kugou isMini=false} activity=ActivityRecord{89275cb u0 com.kugou.android/com.kugou.common.useraccount.app.KgUserLoginAndRegActivity taskAffinity=10100:android.task.kugou t-1} display-area-from-source=DefaultTaskDisplayArea@11319769 display-id=0 display-windowing-mode=1 suggested-display-area=DefaultTaskDisplayArea@11319769 non-freeform-display display-area=DefaultTaskDisplayArea@11319769
06-07 15:41:04.316 1539 11594 I wm_task_moved: [126,1,10]
06-07 15:41:04.316 1539 11594 I wm_set_resumed_activity: [0,com.kugou.android/.app.MediaActivity,positionChildAt]
06-07 15:41:04.316 1539 11594 I wm_create_activity: [0,143816139,126,com.kugou.android/com.kugou.common.useraccount.app.KgUserLoginAndRegActivity,NULL,NULL,NULL,268435456]
06-07 15:41:04.317 1539 11594 I wm_pause_activity: [0,199695311,com.kugou.android/.app.MediaActivity,userLeaving=true,resumeTopActivityInnerLocked]
06-07 15:41:04.359 1539 11594 W ActivityManager: Unable to start service Intent { act=com.hihonor.handoff.service.HandoffService cmp=com.hihonor.handoff/.service.HandoffService } U=0: not found
06-07 15:41:04.359 11611 11611 I wm_on_create_called: [199695311,com.kugou.android.app.MediaActivity,performCreate]
06-07 15:41:04.433 11611 11611 I wm_on_start_called: [199695311,com.kugou.android.app.MediaActivity,handleStartActivity]
06-07 15:41:04.477 11611 11611 I wm_on_resume_called: [199695311,com.kugou.android.app.MediaActivity,RESUME_ACTIVITY]
06-07 15:41:04.480 11611 11611 I wm_on_top_resumed_gained_called: [199695311,com.kugou.android.app.MediaActivity,topStateChangedWhenResumed]
06-07 15:41:04.530 11611 11611 I wm_on_top_resumed_lost_called: [199695311,com.kugou.android.app.MediaActivity,topStateChangedWhenResumed]
06-07 15:41:04.548 11611 11611 I wm_on_paused_called: [199695311,com.kugou.android.app.MediaActivity,performPause]
06-07 15:41:04.549 1539 2929 I ActivityTaskManager: FOREGROUND_APPLICATION_CHANGED to com.kugou.common.useraccount.app.KgUserLoginAndRegActivity
06-07 15:41:04.549 1539 2929 I ActivityTaskManager: The Process com.kugou.android Already Exists in BG. So sending its PID: 11611
06-07 15:41:04.549 1539 2929 W ActivityTaskManager: Tried to set launchTime (0) < mLastActivityLaunchTime (1181443)
06-07 15:41:04.550 1539 2929 I wm_restart_activity: [0,143816139,126,com.kugou.android/com.kugou.common.useraccount.app.KgUserLoginAndRegActivity]
06-07 15:41:04.550 1539 2929 I wm_set_resumed_activity: [0,com.kugou.android/com.kugou.common.useraccount.app.KgUserLoginAndRegActivity,minimalResumeActivityLocked]
06-07 15:41:04.561 1539 1658 I sysui_multi_action: [757,803,799,window_time_2,802,1]
06-07 15:41:04.654 1539 3012 D ActivityTaskManager: Skipping, freeform mode : Task{d5ee83b #126 type=standard A=10100:android.task.kugou U=0 visible=true mode=freeform translucent=false sz=3 visible freeform task=true rootAffinity=10100:android.task.kugou isMini=false}
06-07 15:41:04.654 1539 3012 D ActivityTaskManager: Skipping, freeform mode : Task{bad5382 #123 type=standard A=10095:com.ss.android.ugc.aweme U=0 visible=false mode=freeform translucent=true sz=0 visible freeform task=true rootAffinity=10095:com.ss.android.ugc.aweme isMini=false}
06-07 15:41:04.769 1539 1800 I commit_sys_config_file: [settings-2-0,10]
06-07 15:41:04.876 1539 2058 D CompatibilityChangeReporter: Compat change id reported: 157233955; UID 10100; state: DISABLED
06-07 15:41:04.887 11611 11611 I auditd : type=1400 audit(0.0:2207): avc: granted { nlmsg_readpriv } for comm="pool-13-thread-" scontext=u:r:untrusted_app_27:s0:c100,c256,c512,c768 tcontext=u:r:untrusted_app_27:s0:c100,c256,c512,c768 tclass=netlink_route_socket app=com.kugou.android
06-07 15:41:05.100 1539 1539 I notification_enqueue: [10100,21324,com.kugou.android,99,NULL,0,Notification(channel=kg_play shortcut=null contentView=null vibrate=null sound=null defaults=0x0 flags=0x42 color=0x00000000 vis=PRIVATE),0]
06-07 15:41:05.105 1539 1853 W ActivityManager: Receiver with filter android.content.IntentFilter@43b9998 already registered for pid 21324, callerPackage is com.kugou.android
06-07 15:41:05.136 1539 1829 I netstats_mobile_sample: [0,0,0,0,0,0,0,0,0,0,0,0,1686123665136]
06-07 15:41:05.136 1539 1829 I netstats_wifi_sample: [28368033,22659,1716932,6960,28368033,22659,1716932,6960,29019302,27641,1614620,6415,1686123665136]
06-07 15:41:05.147 1539 1539 I notification_enqueue: [10100,21324,com.kugou.android,99,NULL,0,Notification(channel=kg_play shortcut=null contentView=null vibrate=null sound=null defaults=0x0 flags=0x42 color=0x00000000 vis=PRIVATE),0]
06-07 15:41:05.152 0 0 I : [ 1182.664284] read descriptors
06-07 15:41:05.152 0 0 I : [ 1182.664309] read strings
06-07 15:41:05.301 1539 1539 I sysui_multi_action: [757,1501,758,1,793,202,794,0,795,202,796,99,806,com.kugou.android,857,kg_play,858,2,947,0,1500,0,1688,1]
06-07 15:41:05.301 1539 1539 I sysui_multi_action: [757,804,799,note_interruptive,801,0,802,1]
06-07 15:41:05.301 1539 1539 I GameModeConfig: isGameModeOn = false
06-07 15:41:05.302 1539 1539 W NotificationHistory: Attempted to add notif for locked/gone/disabled user 0
06-07 15:41:05.347 1539 1539 I GameModeConfig: isGameModeOn = false
06-07 15:41:05.403 11611 11611 I wm_on_create_called: [143816139,com.kugou.common.useraccount.app.KgUserLoginAndRegActivity,performCreate]
06-07 15:41:05.505 11611 11611 I wm_on_start_called: [143816139,com.kugou.common.useraccount.app.KgUserLoginAndRegActivity,handleStartActivity]
06-07 15:41:05.509 11611 21238 D SubscriptionManager: [getSubId]- fail
06-07 15:41:05.515 11611 11611 I wm_on_resume_called: [143816139,com.kugou.common.useraccount.app.KgUserLoginAndRegActivity,RESUME_ACTIVITY]
06-07 15:41:05.523 11611 11611 I wm_on_top_resumed_gained_called: [143816139,com.kugou.common.useraccount.app.KgUserLoginAndRegActivity,topStateChangedWhenResumed]
06-07 15:41:05.526 11611 21238 D SubscriptionManager: [getSubId]- fail
06-07 15:41:05.576 1539 1659 I input_focus: [Focus request 4533e9d com.kugou.android/com.kugou.common.useraccount.app.KgUserLoginAndRegActivity,reason=UpdateInputWindows]
06-07 15:41:05.638 1539 1655 I wm_activity_launch_time: [0,143816139,com.kugou.android/com.kugou.common.useraccount.app.KgUserLoginAndRegActivity,1745]
06-07 15:41:05.640 1539 1811 I input_focus: [Focus entering 4533e9d com.kugou.android/com.kugou.common.useraccount.app.KgUserLoginAndRegActivity (server),reason=Window became focusable. Previous reason: NOT_VISIBLE]
06-07 15:41:05.653 1539 1539 I notification_enqueue: [10100,21324,com.kugou.android,99,NULL,0,Notification(channel=kg_play shortcut=null contentView=null vibrate=null sound=null defaults=0x0 flags=0x42 color=0x00000000 category=transport actions=5 vis=PUBLIC),1]
06-07 15:41:05.711 1539 1774 W ActivityManager: Receiver with filter android.content.IntentFilter@85d552f already registered for pid 21324, callerPackage is com.kugou.android
06-07 15:41:05.740 1539 1675 W BroadcastQueue: Permission Denial: broadcasting Intent { act=android.net.conn.CONNECTIVITY_CHANGE flg=0x4200010 (has extras) } from null (pid=-1, uid=-1) requires android.permission.INTERNET due to registered receiver BroadcastFilter{36c1b28 10100/u0 ReceiverList{2f4154b 11611 com.kugou.android/10100/u0 remote:382e61a}}
06-07 15:41:05.815 21324 21324 I auditd : type=1400 audit(0.0:2208): avc: granted { nlmsg_readpriv } for comm="pool-3-thread-7" scontext=u:r:untrusted_app_27:s0:c100,c256,c512,c768 tcontext=u:r:untrusted_app_27:s0:c100,c256,c512,c768 tclass=netlink_route_socket app=com.kugou.android
06-07 15:41:05.854 1539 1539 I GameModeConfig: isGameModeOn = false
06-07 15:41:05.959 1539 1658 I wm_destroy_activity: [0,247099082,126,com.kugou.android/.app.splash.SplashActivity,finish-imm:transit]
06-07 15:41:06.177 0 0 I : [ 1183.689556] read descriptors
06-07 15:41:06.177 0 0 I : [ 1183.689598] read strings
06-07 15:41:06.473 1539 1829 I netstats_mobile_sample: [0,0,0,0,0,0,0,0,0,0,0,0,1686123666473]
06-07 15:41:06.473 1539 1829 I netstats_wifi_sample: [28368182,22660,1717230,6962,28368182,22660,1717230,6962,29019451,27642,1614769,6416,1686123666473]
06-07 15:41:06.487 11611 11611 I auditd : type=1400 audit(0.0:2209): avc: denied { read } for comm="m.kugou.android" name="u:object_r:qemu_hw_prop:s0" dev="tmpfs" ino=15607 scontext=u:r:untrusted_app_27:s0:c100,c256,c512,c768 tcontext=u:object_r:qemu_hw_prop:s0 tclass=file permissive=0 app=com.kugou.android
06-07 15:41:06.560 11611 22159 I service_manager_stats: [200,135,1184072]
06-07 15:41:06.568 11611 11611 I wm_on_stop_called: [247099082,com.kugou.android.app.splash.SplashActivity,LIFECYCLER_STOP_ACTIVITY]
06-07 15:41:06.575 11611 11611 I wm_on_destroy_called: [247099082,com.kugou.android.app.splash.SplashActivity,performDestroy]
06-07 15:41:06.623 11611 22172 I liblog : 59
06-07 15:41:06.635 1539 1539 I notification_enqueue: [10100,21324,com.kugou.android,99,NULL,0,Notification(channel=kg_play shortcut=null contentView=null vibrate=null sound=null defaults=0x0 flags=0x42 color=0x00000000 category=transport actions=5 vis=PUBLIC),1]
06-07 15:41:06.835 1539 1539 I GameModeConfig: isGameModeOn = false
06-07 15:41:07.203 0 0 I : [ 1184.712491] read descriptors
06-07 15:41:07.203 0 0 I : [ 1184.712616] read strings
06-07 15:41:07.751 1539 1829 I netstats_mobile_sample: [0,0,0,0,0,0,0,0,0,0,0,0,1686123667751]
06-07 15:41:07.751 1539 1829 I netstats_wifi_sample: [28368182,22660,1717230,6962,28368182,22660,1717230,6962,29019451,27642,1614769,6416,1686123667751]
06-07 15:41:08.222 0 0 I : [ 1185.733337] read descriptors
06-07 15:41:08.222 0 0 I : [ 1185.733463] read strings
06-07 15:41:08.774 11611 22238 I snet_event_log: [190188264,-1,]
06-07 15:41:08.774 11611 22238 I snet_event_log: [190188264,-1,]
06-07 15:41:08.931 0 0 I [ 1186.440252] afe_close: port_id = 0x9000
06-07 15:41:09.109 1539 1829 I netstats_mobile_sample: [0,0,0,0,0,0,0,0,0,0,0,0,1686123669109]
06-07 15:41:09.109 1539 1829 I netstats_wifi_sample: [28368182,22660,1717230,6962,28368182,22660,1717230,6962,29019451,27642,1614769,6416,1686123669109]
06-07 15:41:09.136 11611 22240 I snet_event_log: [190188264,-1,]
06-07 15:41:09.136 11611 22240 I snet_event_log: [190188264,-1,]
06-07 15:41:09.243 0 0 I : [ 1186.752774] read descriptors
06-07 15:41:09.243 0 0 I : [ 1186.752866] read strings
06-07 15:41:10.263 0 0 I : [ 1187.773402] read descriptors
06-07 15:41:10.263 0 0 I : [ 1187.773524] read strings
06-07 15:41:10.396 11611 22222 I snet_event_log: [190188264,-1,]
06-07 15:41:10.396 11611 22222 I snet_event_log: [190188264,-1,]
06-07 15:41:10.498 1539 1829 I netstats_mobile_sample: [0,0,0,0,0,0,0,0,0,0,0,0,1686123670497]
06-07 15:41:10.498 1539 1829 I netstats_wifi_sample: [28368182,22660,1717230,6962,28368182,22660,1717230,6962,29019451,27642,1614769,6416,1686123670497]
06-07 15:41:10.803 11611 11611 I auditd : type=1400 audit(0.0:2210): avc: granted { nlmsg_readpriv } for comm="halley_0_TempTa" scontext=u:r:untrusted_app_27:s0:c100,c256,c512,c768 tcontext=u:r:untrusted_app_27:s0:c100,c256,c512,c768 tclass=netlink_route_socket app=com.kugou.android
06-07 15:41:10.819 11611 11611 I auditd : type=1400 audit(0.0:2211): avc: granted { nlmsg_readpriv } for comm="halley_0_TempTa" scontext=u:r:untrusted_app_27:s0:c100,c256,c512,c768 tcontext=u:r:untrusted_app_27:s0:c100,c256,c512,c768 tclass=netlink_route_socket app=com.kugou.android
06-07 15:41:11.285 0 0 I : [ 1188.797732] read descriptors
06-07 15:41:11.285 0 0 I : [ 1188.797917] read strings
06-07 15:41:11.791 1539 1829 I netstats_mobile_sample: [0,0,0,0,0,0,0,0,0,0,0,0,1686123671791]
06-07 15:41:11.792 1539 1829 I netstats_wifi_sample: [28368331,22661,1717528,6964,28368331,22661,1717528,6964,29019600,27643,1614918,6417,1686123671791]
06-07 15:41:12.311 0 0 I : [ 1189.821146] read descriptors
06-07 15:41:12.311 0 0 I : [ 1189.821295] read strings
06-07 15:41:12.835 11611 11611 I auditd : type=1400 audit(0.0:2212): avc: granted { nlmsg_readpriv } for comm="halley_0_TempTa" scontext=u:r:untrusted_app_27:s0:c100,c256,c512,c768 tcontext=u:r:untrusted_app_27:s0:c100,c256,c512,c768 tclass=netlink_route_socket app=com.kugou.android
06-07 15:41:13.209 1539 1671 I am_pss : [11611,10100,com.kugou.android,412141568,338653184,6747136,588247040,0,2,26]
06-07 15:41:13.337 0 0 I : [ 1190.846136] read descriptors
06-07 15:41:13.337 0 0 I : [ 1190.846229] read strings
06-07 15:41:13.493 1539 1829 I netstats_mobile_sample: [0,0,0,0,0,0,0,0,0,0,0,0,1686123673493]
06-07 15:41:13.493 1539 1829 I netstats_wifi_sample: [28368331,22661,1717528,6964,28368331,22661,1717528,6964,29019600,27643,1614918,6417,1686123673493]
06-07 15:41:14.355 0 0 I : [ 1191.864563] read descriptors
06-07 15:41:14.355 0 0 I : [ 1191.864687] read strings
06-07 15:41:14.883 1539 1829 I netstats_mobile_sample: [0,0,0,0,0,0,0,0,0,0,0,0,1686123674882]
06-07 15:41:14.883 1539 1829 I netstats_wifi_sample: [28368331,22661,1717528,6964,28368331,22661,1717528,6964,29019600,27643,1614918,6417,1686123674882]
06-07 15:41:15.375 0 0 I : [ 1192.884929] read descriptors
06-07 15:41:15.375 0 0 I : [ 1192.885094] read strings
06-07 15:41:16.165 1539 1829 I netstats_mobile_sample: [0,0,0,0,0,0,0,0,0,0,0,0,1686123676165]
06-07 15:41:16.165 1539 1829 I netstats_wifi_sample: [28368331,22661,1717528,6964,28368331,22661,1717528,6964,29019600,27643,1614918,6417,1686123676165]
06-07 15:41:16.412 0 0 I : [ 1193.923016] read descriptors
06-07 15:41:16.412 0 0 I : [ 1193.923127] read strings
06-07 15:41:17.435 0 0 I : [ 1194.945479] read descriptors
06-07 15:41:17.435 0 0 I : [ 1194.945747] read strings
06-07 15:41:17.660 1539 1829 I netstats_mobile_sample: [0,0,0,0,0,0,0,0,0,0,0,0,1686123677660]
06-07 15:41:17.660 1539 1829 I netstats_wifi_sample: [28368480,22662,1717826,6966,28368480,22662,1717826,6966,29019749,27644,1615067,6418,1686123677660]
06-07 15:41:18.455 0 0 I : [ 1195.965224] read descriptors
06-07 15:41:18.455 0 0 I : [ 1195.965310] read strings
06-07 15:41:19.007 1539 1829 I netstats_mobile_sample: [0,0,0,0,0,0,0,0,0,0,0,0,1686123679007]
06-07 15:41:19.007 1539 1829 I netstats_wifi_sample: [28368480,22662,1717826,6966,28368480,22662,1717826,6966,29019749,27644,1615067,6418,1686123679007]
06-07 15:41:19.479 0 0 I : [ 1196.988980] read descriptors
06-07 15:41:19.479 0 0 I : [ 1196.989075] read strings
06-07 15:41:20.373 1539 1829 I netstats_mobile_sample: [0,0,0,0,0,0,0,0,0,0,0,0,1686123680373]
06-07 15:41:20.373 1539 1829 I netstats_wifi_sample: [28368480,22662,1717826,6966,28368480,22662,1717826,6966,29019749,27644,1615067,6418,1686123680373]
06-07 15:41:20.509 0 0 I : [ 1198.017967] read descriptors
06-07 15:41:20.509 0 0 I : [ 1198.018061] read strings
06-07 15:41:21.531 0 0 I : [ 1199.042064] read descriptors
06-07 15:41:21.531 0 0 I : [ 1199.043406] read strings
06-07 15:41:21.742 1539 1829 I netstats_mobile_sample: [0,0,0,0,0,0,0,0,0,0,0,0,1686123681742]
06-07 15:41:21.742 1539 1829 I netstats_wifi_sample: [28368629,22663,1718124,6968,28368629,22663,1718124,6968,29019898,27645,1615216,6419,1686123681742]
06-07 15:41:22.564 0 0 I : [ 1200.075427] read descriptors
06-07 15:41:22.565 0 0 I : [ 1200.075536] read strings
06-07 15:41:23.109 1539 1829 I netstats_mobile_sample: [0,0,0,0,0,0,0,0,0,0,0,0,1686123683108]
