06-12 13:55:25.464 1936 1936 D ViewTouchDebug: mView : DecorView@9e986eb[BrightnessDialog]Receive event : MotionEvent { action=ACTION_MOVE, actionButton=0, id[0]=0, x[0]=1742.553, y[0]=62.25402, toolType[0]=TOOL_TYPE_FINGER, buttonState=0, classification=NONE, metaState=0, flags=0x0, edgeFlags=0x0, pointerCount=1, historySize=1, eventTime=583781, downTime=583606, deviceId=3, source=0x5002, displayId=0, eventId=738622012 }
06-12 13:55:25.465 1548 1911 E DisplayDeviceConfig: requesting nits when no mapping exists.
06-12 13:55:25.465 1548 1638 I am_wtf : [0,1548,system_server,-1,DisplayDeviceConfig,requesting nits when no mapping exists.]
06-12 13:55:25.465 1548 1911 E DisplayDeviceConfig: requesting nits when no mapping exists.
06-12 13:55:25.465 1548 1638 I am_wtf : [0,1548,system_server,-1,DisplayDeviceConfig,requesting nits when no mapping exists.]
06-12 13:55:25.481 1936 1936 D ViewTouchDebug: mView : DecorView@9e986eb[BrightnessDialog]Receive event : MotionEvent { action=ACTION_MOVE, actionButton=0, id[0]=0, x[0]=1632.5256, y[0]=54.024307, toolType[0]=TOOL_TYPE_FINGER, buttonState=0, classification=NONE, metaState=0, flags=0x0, edgeFlags=0x0, pointerCount=1, historySize=2, eventTime=583798, downTime=583606, deviceId=3, source=0x5002, displayId=0, eventId=894332825 }
06-12 13:55:25.482 1548 1911 E DisplayDeviceConfig: requesting nits when no mapping exists.
06-12 13:55:25.482 1548 1911 E DisplayDeviceConfig: requesting nits when no mapping exists.
06-12 13:55:25.482 1548 1638 I am_wtf : [0,1548,system_server,-1,DisplayDeviceConfig,requesting nits when no mapping exists.]
06-12 13:55:25.482 1548 1638 I am_wtf : [0,1548,system_server,-1,DisplayDeviceConfig,requesting nits when no mapping exists.]
06-12 13:55:25.498 1936 1936 D ViewTouchDebug: mView : DecorView@9e986eb[BrightnessDialog]Receive event : MotionEvent { action=ACTION_MOVE, actionButton=0, id[0]=0, x[0]=1523.7266, y[0]=53.934258, toolType[0]=TOOL_TYPE_FINGER, buttonState=0, classification=NONE, metaState=0, flags=0x0, edgeFlags=0x0, pointerCount=1, historySize=2, eventTime=583814, downTime=583606, deviceId=3, source=0x5002, displayId=0, eventId=411860847 }
06-12 13:55:25.498 1548 1911 E DisplayDeviceConfig: requesting nits when no mapping exists.
06-12 13:55:25.498 1548 1638 I am_wtf : [0,1548,system_server,-1,DisplayDeviceConfig,requesting nits when no mapping exists.]
06-12 13:55:25.498 1548 1911 E DisplayDeviceConfig: requesting nits when no mapping exists.
06-12 13:55:25.499 1548 1638 I am_wtf : [0,1548,system_server,-1,DisplayDeviceConfig,requesting nits when no mapping exists.]
06-12 13:55:25.514 1936 1936 D ViewTouchDebug: mView : DecorView@9e986eb[BrightnessDialog]Receive event : MotionEvent { action=ACTION_MOVE, actionButton=0, id[0]=0, x[0]=1425.3319, y[0]=54.0, toolType[0]=TOOL_TYPE_FINGER, buttonState=0, classification=NONE, metaState=0, flags=0x0, edgeFlags=0x0, pointerCount=1, historySize=1, eventTime=583831, downTime=583606, deviceId=3, source=0x5002, displayId=0, eventId=993164647 }
06-12 13:55:25.515 1548 1911 E DisplayDeviceConfig: requesting nits when no mapping exists.
06-12 13:55:25.515 1548 1911 E DisplayDeviceConfig: requesting nits when no mapping exists.
06-12 13:55:25.515 1548 1638 I am_wtf : [0,1548,system_server,-1,DisplayDeviceConfig,requesting nits when no mapping exists.]
06-12 13:55:25.515 1548 1638 I am_wtf : [0,1548,system_server,-1,DisplayDeviceConfig,requesting nits when no mapping exists.]
06-12 13:55:25.531 1936 1936 D ViewTouchDebug: mView : DecorView@9e986eb[BrightnessDialog]Receive event : MotionEvent { action=ACTION_MOVE, actionButton=0, id[0]=0, x[0]=1336.4326, y[0]=58.10759, toolType[0]=TOOL_TYPE_FINGER, buttonState=0, classification=NONE, metaState=0, flags=0x0, edgeFlags=0x0, pointerCount=1, historySize=2, eventTime=583848, downTime=583606, deviceId=3, source=0x5002, displayId=0, eventId=689593528 }
06-12 13:55:25.532 1548 1911 E DisplayDeviceConfig: requesting nits when no mapping exists.
06-12 13:55:25.532 1548 1911 E DisplayDeviceConfig: requesting nits when no mapping exists.
06-12 13:55:25.532 1548 1638 I am_wtf : [0,1548,system_server,-1,DisplayDeviceConfig,requesting nits when no mapping exists.]
06-12 13:55:25.533 1548 1638 I am_wtf : [0,1548,system_server,-1,DisplayDeviceConfig,requesting nits when no mapping exists.]
06-12 13:55:25.548 1936 1936 D ViewTouchDebug: mView : DecorView@9e986eb[BrightnessDialog]Receive event : MotionEvent { action=ACTION_MOVE, actionButton=0, id[0]=0, x[0]=1260.8103, y[0]=57.0, toolType[0]=TOOL_TYPE_FINGER, buttonState=0, classification=NONE, metaState=0, flags=0x0, edgeFlags=0x0, pointerCount=1, historySize=2, eventTime=583864, downTime=583606, deviceId=3, source=0x5002, displayId=0, eventId=125519606 }
06-12 13:55:25.548 1548 1911 E DisplayDeviceConfig: requesting nits when no mapping exists.
06-12 13:55:25.548 1548 1911 E DisplayDeviceConfig: requesting nits when no mapping exists.
06-12 13:55:25.548 1548 1638 I am_wtf : [0,1548,system_server,-1,DisplayDeviceConfig,requesting nits when no mapping exists.]
06-12 13:55:25.549 1548 1638 I am_wtf : [0,1548,system_server,-1,DisplayDeviceConfig,requesting nits when no mapping exists.]
06-12 13:55:25.564 1936 1936 D ViewTouchDebug: mView : DecorView@9e986eb[BrightnessDialog]Receive event : MotionEvent { action=ACTION_MOVE, actionButton=0, id[0]=0, x[0]=1173.4838, y[0]=52.0082, toolType[0]=TOOL_TYPE_FINGER, buttonState=0, classification=NONE, metaState=0, flags=0x0, edgeFlags=0x0, pointerCount=1, historySize=1, eventTime=583881, downTime=583606, deviceId=3, source=0x5002, displayId=0, eventId=187460157 }
06-12 13:55:25.565 1548 1911 E DisplayDeviceConfig: requesting nits when no mapping exists.
06-12 13:55:25.565 1548 1638 I am_wtf : [0,1548,system_server,-1,DisplayDeviceConfig,requesting nits when no mapping exists.]
06-12 13:55:25.565 1548 1911 E DisplayDeviceConfig: requesting nits when no mapping exists.
06-12 13:55:25.565 1548 1638 I am_wtf : [0,1548,system_server,-1,DisplayDeviceConfig,requesting nits when no mapping exists.]
06-12 13:55:25.581 1936 1936 D ViewTouchDebug: mView : DecorView@9e986eb[BrightnessDialog]Receive event : MotionEvent { action=ACTION_MOVE, actionButton=0, id[0]=0, x[0]=1078.6973, y[0]=45.73774, toolType[0]=TOOL_TYPE_FINGER, buttonState=0, classification=NONE, metaState=0, flags=0x0, edgeFlags=0x0, pointerCount=1, historySize=2, eventTime=583898, downTime=583606, deviceId=3, source=0x5002, displayId=0, eventId=670433972 }
06-12 13:55:25.582 1548 1911 E DisplayDeviceConfig: requesting nits when no mapping exists.
06-12 13:55:25.582 1548 1638 I am_wtf : [0,1548,system_server,-1,DisplayDeviceConfig,requesting nits when no mapping exists.]
06-12 13:55:25.582 1548 1911 E DisplayDeviceConfig: requesting nits when no mapping exists.
06-12 13:55:25.582 1548 1638 I am_wtf : [0,1548,system_server,-1,DisplayDeviceConfig,requesting nits when no mapping exists.]
06-12 13:55:25.598 1936 1936 D ViewTouchDebug: mView : DecorView@9e986eb[BrightnessDialog]Receive event : MotionEvent { action=ACTION_MOVE, actionButton=0, id[0]=0, x[0]=974.81177, y[0]=43.026184, toolType[0]=TOOL_TYPE_FINGER, buttonState=0, classification=NONE, metaState=0, flags=0x0, edgeFlags=0x0, pointerCount=1, historySize=1, eventTime=583914, downTime=583606, deviceId=3, source=0x5002, displayId=0, eventId=280140413 }
06-12 13:55:25.598 1548 1911 E DisplayDeviceConfig: requesting nits when no mapping exists.
06-12 13:55:25.598 1548 1638 I am_wtf : [0,1548,system_server,-1,DisplayDeviceConfig,requesting nits when no mapping exists.]
06-12 13:55:25.598 1548 1911 E DisplayDeviceConfig: requesting nits when no mapping exists.
06-12 13:55:25.599 1548 1638 I am_wtf : [0,1548,system_server,-1,DisplayDeviceConfig,requesting nits when no mapping exists.]
06-12 13:55:25.614 1936 1936 D ViewTouchDebug: mView : DecorView@9e986eb[BrightnessDialog]Receive event : MotionEvent { action=ACTION_MOVE, actionButton=0, id[0]=0, x[0]=873.5463, y[0]=43.0, toolType[0]=TOOL_TYPE_FINGER, buttonState=0, classification=NONE, metaState=0, flags=0x0, edgeFlags=0x0, pointerCount=1, historySize=2, eventTime=583931, downTime=583606, deviceId=3, source=0x5002, displayId=0, eventId=1050016344 }
06-12 13:55:25.615 1548 1911 E DisplayDeviceConfig: requesting nits when no mapping exists.
06-12 13:55:25.615 1548 1911 E DisplayDeviceConfig: requesting nits when no mapping exists.
06-12 13:55:25.615 1548 1638 I am_wtf : [0,1548,system_server,-1,DisplayDeviceConfig,requesting nits when no mapping exists.]
06-12 13:55:25.615 1548 1638 I am_wtf : [0,1548,system_server,-1,DisplayDeviceConfig,requesting nits when no mapping exists.]
06-12 13:55:25.631 1936 1936 D ViewTouchDebug: mView : DecorView@9e986eb[BrightnessDialog]Receive event : MotionEvent { action=ACTION_MOVE, actionButton=0, id[0]=0, x[0]=779.8346, y[0]=48.15467, toolType[0]=TOOL_TYPE_FINGER, buttonState=0, classification=NONE, metaState=0, flags=0x0, edgeFlags=0x0, pointerCount=1, historySize=2, eventTime=583948, downTime=583606, deviceId=3, source=0x5002, displayId=0, eventId=553057314 }
06-12 13:55:25.632 1548 1911 E DisplayDeviceConfig: requesting nits when no mapping exists.
06-12 13:55:25.632 1548 1911 E DisplayDeviceConfig: requesting nits when no mapping exists.
06-12 13:55:25.632 1548 1638 I am_wtf : [0,1548,system_server,-1,DisplayDeviceConfig,requesting nits when no mapping exists.]
06-12 13:55:25.632 1548 1638 I am_wtf : [0,1548,system_server,-1,DisplayDeviceConfig,requesting nits when no mapping exists.]
06-12 13:55:25.648 1936 1936 D ViewTouchDebug: mView : DecorView@9e986eb[BrightnessDialog]Receive event : MotionEvent { action=ACTION_MOVE, actionButton=0, id[0]=0, x[0]=709.14233, y[0]=55.768394, toolType[0]=TOOL_TYPE_FINGER, buttonState=0, classification=NONE, metaState=0, flags=0x0, edgeFlags=0x0, pointerCount=1, historySize=1, eventTime=583964, downTime=583606, deviceId=3, source=0x5002, displayId=0, eventId=405942104 }
06-12 13:55:25.648 1548 1911 E DisplayDeviceConfig: requesting nits when no mapping exists.
06-12 13:55:25.648 1548 1911 E DisplayDeviceConfig: requesting nits when no mapping exists.
06-12 13:55:25.648 1548 1638 I am_wtf : [0,1548,system_server,-1,DisplayDeviceConfig,requesting nits when no mapping exists.]
06-12 13:55:25.649 1548 1638 I am_wtf : [0,1548,system_server,-1,DisplayDeviceConfig,requesting nits when no mapping exists.]
06-12 13:55:25.664 1936 1936 D ViewTouchDebug: mView : DecorView@9e986eb[BrightnessDialog]Receive event : MotionEvent { action=ACTION_MOVE, actionButton=0, id[0]=0, x[0]=663.3312, y[0]=62.41059, toolType[0]=TOOL_TYPE_FINGER, buttonState=0, classification=NONE, metaState=0, flags=0x0, edgeFlags=0x0, pointerCount=1, historySize=2, eventTime=583981, downTime=583606, deviceId=3, source=0x5002, displayId=0, eventId=906102610 }
06-12 13:55:25.665 1548 1911 E DisplayDeviceConfig: requesting nits when no mapping exists.
06-12 13:55:25.665 1548 1638 I am_wtf : [0,1548,system_server,-1,DisplayDeviceConfig,requesting nits when no mapping exists.]
06-12 13:55:25.665 1548 1911 E DisplayDeviceConfig: requesting nits when no mapping exists.
06-12 13:55:25.665 1548 1638 I am_wtf : [0,1548,system_server,-1,DisplayDeviceConfig,requesting nits when no mapping exists.]
06-12 13:55:25.681 1936 1936 D ViewTouchDebug: mView : DecorView@9e986eb[BrightnessDialog]Receive event : MotionEvent { action=ACTION_MOVE, actionButton=0, id[0]=0, x[0]=624.66, y[0]=67.696526, toolType[0]=TOOL_TYPE_FINGER, buttonState=0, classification=NONE, metaState=0, flags=0x0, edgeFlags=0x0, pointerCount=1, historySize=2, eventTime=583998, downTime=583606, deviceId=3, source=0x5002, displayId=0, eventId=776117411 }
06-12 13:55:25.682 1548 1911 E DisplayDeviceConfig: requesting nits when no mapping exists.
06-12 13:55:25.682 1548 1911 E DisplayDeviceConfig: requesting nits when no mapping exists.
06-12 13:55:25.682 1548 1638 I am_wtf : [0,1548,system_server,-1,DisplayDeviceConfig,requesting nits when no mapping exists.]
06-12 13:55:25.682 1548 1638 I am_wtf : [0,1548,system_server,-1,DisplayDeviceConfig,requesting nits when no mapping exists.]
06-12 13:55:25.698 1936 1936 D ViewTouchDebug: mView : DecorView@9e986eb[BrightnessDialog]Receive event : MotionEvent { action=ACTION_MOVE, actionButton=0, id[0]=0, x[0]=587.8951, y[0]=72.82772, toolType[0]=TOOL_TYPE_FINGER, buttonState=0, classification=NONE, metaState=0, flags=0x0, edgeFlags=0x0, pointerCount=1, historySize=1, eventTime=584014, downTime=583606, deviceId=3, source=0x5002, displayId=0, eventId=871657358 }
06-12 13:55:25.698 1548 1911 E DisplayDeviceConfig: requesting nits when no mapping exists.
06-12 13:55:25.698 1548 1638 I am_wtf : [0,1548,system_server,-1,DisplayDeviceConfig,requesting nits when no mapping exists.]
06-12 13:55:25.698 1548 1911 E DisplayDeviceConfig: requesting nits when no mapping exists.
06-12 13:55:25.699 1548 1638 I am_wtf : [0,1548,system_server,-1,DisplayDeviceConfig,requesting nits when no mapping exists.]
06-12 13:55:25.714 1936 1936 D ViewTouchDebug: mView : DecorView@9e986eb[BrightnessDialog]Receive event : MotionEvent { action=ACTION_MOVE, actionButton=0, id[0]=0, x[0]=545.37115, y[0]=75.558174, toolType[0]=TOOL_TYPE_FINGER, buttonState=0, classification=NONE, metaState=0, flags=0x0, edgeFlags=0x0, pointerCount=1, historySize=2, eventTime=584031, downTime=583606, deviceId=3, source=0x5002, displayId=0, eventId=183729969 }
06-12 13:55:25.715 1548 1911 E DisplayDeviceConfig: requesting nits when no mapping exists.
06-12 13:55:25.715 1548 1911 E DisplayDeviceConfig: requesting nits when no mapping exists.
06-12 13:55:25.715 1548 1638 I am_wtf : [0,1548,system_server,-1,DisplayDeviceConfig,requesting nits when no mapping exists.]
06-12 13:55:25.716 1548 1638 I am_wtf : [0,1548,system_server,-1,DisplayDeviceConfig,requesting nits when no mapping exists.]
06-12 13:55:25.731 1936 1936 D ViewTouchDebug: mView : DecorView@9e986eb[BrightnessDialog]Receive event : MotionEvent { action=ACTION_MOVE, actionButton=0, id[0]=0, x[0]=500.12064, y[0]=77.21775, toolType[0]=TOOL_TYPE_FINGER, buttonState=0, classification=NONE, metaState=0, flags=0x0, edgeFlags=0x0, pointerCount=1, historySize=2, eventTime=584048, downTime=583606, deviceId=3, source=0x5002, displayId=0, eventId=502411782 }
06-12 13:55:25.732 1548 1911 E DisplayDeviceConfig: requesting nits when no mapping exists.
06-12 13:55:25.732 1548 1911 E DisplayDeviceConfig: requesting nits when no mapping exists.
06-12 13:55:25.732 1548 1638 I am_wtf : [0,1548,system_server,-1,DisplayDeviceConfig,requesting nits when no mapping exists.]
06-12 13:55:25.732 1548 1638 I am_wtf : [0,1548,system_server,-1,DisplayDeviceConfig,requesting nits when no mapping exists.]
06-12 13:55:25.748 1936 1936 D ViewTouchDebug: mView : DecorView@9e986eb[BrightnessDialog]Receive event : MotionEvent { action=ACTION_MOVE, actionButton=0, id[0]=0, x[0]=459.04776, y[0]=77.0, toolType[0]=TOOL_TYPE_FINGER, buttonState=0, classification=NONE, metaState=0, flags=0x0, edgeFlags=0x0, pointerCount=1, historySize=1, eventTime=584064, downTime=583606, deviceId=3, source=0x5002, displayId=0, eventId=253681974 }
06-12 13:55:25.748 1548 1911 E DisplayDeviceConfig: requesting nits when no mapping exists.
06-12 13:55:25.748 1548 1911 E DisplayDeviceConfig: requesting nits when no mapping exists.
06-12 13:55:25.749 1548 1638 I am_wtf : [0,1548,system_server,-1,DisplayDeviceConfig,requesting nits when no mapping exists.]
06-12 13:55:25.749 1548 1638 I am_wtf : [0,1548,system_server,-1,DisplayDeviceConfig,requesting nits when no mapping exists.]
06-12 13:55:25.749 1548 1638 I service_manager_stats: [100,30,8547]
06-12 13:55:25.764 1936 1936 D ViewTouchDebug: mView : DecorView@9e986eb[BrightnessDialog]Receive event : MotionEvent { action=ACTION_MOVE, actionButton=0, id[0]=0, x[0]=418.98206, y[0]=77.0, toolType[0]=TOOL_TYPE_FINGER, buttonState=0, classification=NONE, metaState=0, flags=0x0, edgeFlags=0x0, pointerCount=1, historySize=2, eventTime=584081, downTime=583606, deviceId=3, source=0x5002, displayId=0, eventId=278642485 }
06-12 13:55:25.765 1548 1911 E DisplayDeviceConfig: requesting nits when no mapping exists.
06-12 13:55:25.765 1548 1638 I am_wtf : [0,1548,system_server,-1,DisplayDeviceConfig,requesting nits when no mapping exists.]
06-12 13:55:25.765 1548 1911 E DisplayDeviceConfig: requesting nits when no mapping exists.
06-12 13:55:25.765 1548 1638 I am_wtf : [0,1548,system_server,-1,DisplayDeviceConfig,requesting nits when no mapping exists.]
06-12 13:55:25.781 1936 1936 D ViewTouchDebug: mView : DecorView@9e986eb[BrightnessDialog]Receive event : MotionEvent { action=ACTION_MOVE, actionButton=0, id[0]=0, x[0]=378.85022, y[0]=77.0, toolType[0]=TOOL_TYPE_FINGER, buttonState=0, classification=NONE, metaState=0, flags=0x0, edgeFlags=0x0, pointerCount=1, historySize=2, eventTime=584098, downTime=583606, deviceId=3, source=0x5002, displayId=0, eventId=167262965 }
06-12 13:55:25.782 1548 1911 E DisplayDeviceConfig: requesting nits when no mapping exists.
06-12 13:55:25.782 1548 1911 E DisplayDeviceConfig: requesting nits when no mapping exists.
06-12 13:55:25.782 1548 1638 I am_wtf : [0,1548,system_server,-1,DisplayDeviceConfig,requesting nits when no mapping exists.]
06-12 13:55:25.782 1548 1638 I am_wtf : [0,1548,system_server,-1,DisplayDeviceConfig,requesting nits when no mapping exists.]
06-12 13:55:25.798 1936 1936 D ViewTouchDebug: mView : DecorView@9e986eb[BrightnessDialog]Receive event : MotionEvent { action=ACTION_MOVE, actionButton=0, id[0]=0, x[0]=338.0865, y[0]=74.0, toolType[0]=TOOL_TYPE_FINGER, buttonState=0, classification=NONE, metaState=0, flags=0x0, edgeFlags=0x0, pointerCount=1, historySize=1, eventTime=584114, downTime=583606, deviceId=3, source=0x5002, displayId=0, eventId=57841253 }
06-12 13:55:25.798 1548 1911 E DisplayDeviceConfig: requesting nits when no mapping exists.
06-12 13:55:25.798 1548 1911 E DisplayDeviceConfig: requesting nits when no mapping exists.
06-12 13:55:25.798 1548 1638 I am_wtf : [0,1548,system_server,-1,DisplayDeviceConfig,requesting nits when no mapping exists.]
06-12 13:55:25.799 1548 1638 I am_wtf : [0,1548,system_server,-1,DisplayDeviceConfig,requesting nits when no mapping exists.]
06-12 13:55:25.814 1936 1936 D ViewTouchDebug: mView : DecorView@9e986eb[BrightnessDialog]Receive event : MotionEvent { action=ACTION_MOVE, actionButton=0, id[0]=0, x[0]=296.7662, y[0]=74.0, toolType[0]=TOOL_TYPE_FINGER, buttonState=0, classification=NONE, metaState=0, flags=0x0, edgeFlags=0x0, pointerCount=1, historySize=2, eventTime=584131, downTime=583606, deviceId=3, source=0x5002, displayId=0, eventId=797109509 }
06-12 13:55:25.815 1548 1911 E DisplayDeviceConfig: requesting nits when no mapping exists.
06-12 13:55:25.815 1548 1911 E DisplayDeviceConfig: requesting nits when no mapping exists.
06-12 13:55:25.815 1548 1638 I am_wtf : [0,1548,system_server,-1,DisplayDeviceConfig,requesting nits when no mapping exists.]
06-12 13:55:25.815 1548 1638 I am_wtf : [0,1548,system_server,-1,DisplayDeviceConfig,requesting nits when no mapping exists.]
06-12 13:55:25.831 1936 1936 D ViewTouchDebug: mView : DecorView@9e986eb[BrightnessDialog]Receive event : MotionEvent { action=ACTION_MOVE, actionButton=0, id[0]=0, x[0]=253.09306, y[0]=77.434105, toolType[0]=TOOL_TYPE_FINGER, buttonState=0, classification=NONE, metaState=0, flags=0x0, edgeFlags=0x0, pointerCount=1, historySize=2, eventTime=584148, downTime=583606, deviceId=3, source=0x5002, displayId=0, eventId=657842944 }
06-12 13:55:25.832 1548 1911 E DisplayDeviceConfig: requesting nits when no mapping exists.
06-12 13:55:25.832 1548 1638 I am_wtf : [0,1548,system_server,-1,DisplayDeviceConfig,requesting nits when no mapping exists.]
06-12 13:55:25.832 1548 1911 E DisplayDeviceConfig: requesting nits when no mapping exists.
06-12 13:55:25.832 1548 1638 I am_wtf : [0,1548,system_server,-1,DisplayDeviceConfig,requesting nits when no mapping exists.]
06-12 13:55:25.848 1936 1936 D ViewTouchDebug: mView : DecorView@9e986eb[BrightnessDialog]Receive event : MotionEvent { action=ACTION_MOVE, actionButton=0, id[0]=0, x[0]=208.77559, y[0]=82.144356, toolType[0]=TOOL_TYPE_FINGER, buttonState=0, classification=NONE, metaState=0, flags=0x0, edgeFlags=0x0, pointerCount=1, historySize=1, eventTime=584164, downTime=583606, deviceId=3, source=0x5002, displayId=0, eventId=922199936 }
06-12 13:55:25.848 1548 1911 E DisplayDeviceConfig: requesting nits when no mapping exists.
06-12 13:55:25.848 1548 1638 I am_wtf : [0,1548,system_server,-1,DisplayDeviceConfig,requesting nits when no mapping exists.]
06-12 13:55:25.848 1548 1911 E DisplayDeviceConfig: requesting nits when no mapping exists.
06-12 13:55:25.849 1548 1638 I am_wtf : [0,1548,system_server,-1,DisplayDeviceConfig,requesting nits when no mapping exists.]
06-12 13:55:25.864 1936 1936 D ViewTouchDebug: mView : DecorView@9e986eb[BrightnessDialog]Receive event : MotionEvent { action=ACTION_MOVE, actionButton=0, id[0]=0, x[0]=156.97772, y[0]=90.19098, toolType[0]=TOOL_TYPE_FINGER, buttonState=0, classification=NONE, metaState=0, flags=0x0, edgeFlags=0x0, pointerCount=1, historySize=2, eventTime=584181, downTime=583606, deviceId=3, source=0x5002, displayId=0, eventId=585999307 }
06-12 13:55:25.866 1548 1911 E DisplayDeviceConfig: requesting nits when no mapping exists.
06-12 13:55:25.866 1548 1911 E DisplayDeviceConfig: requesting nits when no mapping exists.
06-12 13:55:25.866 1548 1638 I am_wtf : [0,1548,system_server,-1,DisplayDeviceConfig,requesting nits when no mapping exists.]
06-12 13:55:25.866 1548 1638 I am_wtf : [0,1548,system_server,-1,DisplayDeviceConfig,requesting nits when no mapping exists.]
06-12 13:55:25.881 1936 1936 D ViewTouchDebug: mView : DecorView@9e986eb[BrightnessDialog]Receive event : MotionEvent { action=ACTION_MOVE, actionButton=0, id[0]=0, x[0]=100.4735, y[0]=103.61249, toolType[0]=TOOL_TYPE_FINGER, buttonState=0, classification=NONE, metaState=0, flags=0x0, edgeFlags=0x0, pointerCount=1, historySize=2, eventTime=584198, downTime=583606, deviceId=3, source=0x5002, displayId=0, eventId=666757229 }
06-12 13:55:25.882 1548 1911 E DisplayDeviceConfig: requesting nits when no mapping exists.
06-12 13:55:25.882 1548 1911 E DisplayDeviceConfig: requesting nits when no mapping exists.
06-12 13:55:25.882 1548 1638 I am_wtf : [0,1548,system_server,-1,DisplayDeviceConfig,requesting nits when no mapping exists.]
06-12 13:55:25.882 1548 1638 I am_wtf : [0,1548,system_server,-1,DisplayDeviceConfig,requesting nits when no mapping exists.]
06-12 13:55:25.898 1936 1936 D ViewTouchDebug: mView : DecorView@9e986eb[BrightnessDialog]Receive event : MotionEvent { action=ACTION_MOVE, actionButton=0, id[0]=0, x[0]=47.716797, y[0]=115.191635, toolType[0]=TOOL_TYPE_FINGER, buttonState=0, classification=NONE, metaState=0, flags=0x0, edgeFlags=0x0, pointerCount=1, historySize=1, eventTime=584214, downTime=583606, deviceId=3, source=0x5002, displayId=0, eventId=319892635 }
06-12 13:55:25.898 1548 1911 E DisplayDeviceConfig: requesting nits when no mapping exists.
06-12 13:55:25.898 1548 1911 E DisplayDeviceConfig: requesting nits when no mapping exists.
06-12 13:55:25.898 1548 1638 I am_wtf : [0,1548,system_server,-1,DisplayDeviceConfig,requesting nits when no mapping exists.]
06-12 13:55:25.899 1548 1638 I am_wtf : [0,1548,system_server,-1,DisplayDeviceConfig,requesting nits when no mapping exists.]
06-12 13:55:25.914 2134 6667 D MicroService: handleHeartBeat:292
06-12 13:55:25.914 1936 1936 D ViewTouchDebug: mView : DecorView@9e986eb[BrightnessDialog]Receive event : MotionEvent { action=ACTION_MOVE, actionButton=0, id[0]=0, x[0]=28.0, y[0]=120.5, toolType[0]=TOOL_TYPE_FINGER, buttonState=0, classification=NONE, metaState=0, flags=0x0, edgeFlags=0x0, pointerCount=1, historySize=1, eventTime=584222, downTime=583606, deviceId=3, source=0x5002, displayId=0, eventId=975298454 }
06-12 13:55:25.915 1548 1911 E DisplayDeviceConfig: requesting nits when no mapping exists.
06-12 13:55:25.915 1548 1911 E DisplayDeviceConfig: requesting nits when no mapping exists.
06-12 13:55:25.915 1548 1638 I am_wtf : [0,1548,system_server,-1,DisplayDeviceConfig,requesting nits when no mapping exists.]
06-12 13:55:25.915 1548 1638 I am_wtf : [0,1548,system_server,-1,DisplayDeviceConfig,requesting nits when no mapping exists.]
06-12 13:55:25.931 1936 1936 D ViewTouchDebug: mView : DecorView@9e986eb[BrightnessDialog]Receive event : MotionEvent { action=ACTION_UP, actionButton=0, id[0]=0, x[0]=41.0, y[0]=117.0, toolType[0]=TOOL_TYPE_FINGER, buttonState=0, classification=NONE, metaState=0, flags=0x0, edgeFlags=0x0, pointerCount=1, historySize=0, eventTime=584253, downTime=583606, deviceId=3, source=0x5002, displayId=0, eventId=1029727636 }
06-12 13:55:25.931 1936 1936 I sysui_multi_action: [757,218,758,4,759,1]
06-12 13:55:25.933 1548 2074 I commit_sys_config_file: [display-state,565405]
06-12 13:55:25.935 1548 1671 V DisplayPowerController[0]: Brightness [0.0] reason changing to: 'manual', previous reason: 'temporary'.
06-12 13:55:26.080 2134 2134 D MicroService: onHeartBeatDetected
06-12 13:55:26.080 2134 2134 D MicroService: sendHeartbeatMessage
06-12 13:55:26.121 657 672 I mpu_uart: [MSG-P:RECV]:No message received in 1000 ms
06-12 13:55:26.133 657 671 I mpu_uart: [MSG-P:R]:recv sync frame timeout
06-12 13:55:26.138 1548 1813 I commit_sys_config_file: [settings-1-0,2]
06-12 13:55:27.122 657 672 I mpu_uart: [MSG-P:RECV]:No message received in 1000 ms
06-12 13:55:27.930 2134 6672 D MicroService: handleHeartBeat:293
06-12 13:55:28.084 2134 2134 D MicroService: onHeartBeatDetected
06-12 13:55:28.084 2134 2134 D MicroService: sendHeartbeatMessage
06-12 13:55:28.123 657 672 I mpu_uart: [MSG-P:RECV]:No message received in 1000 ms
06-12 13:55:28.578 1936 1936 D ViewTouchDebug: mView : com.android.systemui.navigationbar.NavigationBarFrame{b436c0b V.E...... ......I. 0,0-2560,46 #7f0b03f2 app:id/navigation_bar_frame}Receive event : MotionEvent { action=ACTION_OUTSIDE, actionButton=0, id[0]=0, x[0]=109.0, y[0]=-909.0, toolType[0]=TOOL_TYPE_FINGER, buttonState=0, classification=NONE, metaState=0, flags=0x0, edgeFlags=0x0, pointerCount=1, historySize=0, eventTime=586898, downTime=586898, deviceId=3, source=0x5002, displayId=0, eventId=1582333352 }
06-12 13:55:28.578 1936 1936 D ViewTouchDebug: mView : DecorView@9e986eb[BrightnessDialog]Receive event : MotionEvent { action=ACTION_DOWN, actionButton=0, id[0]=0, x[0]=109.0, y[0]=89.0, toolType[0]=TOOL_TYPE_FINGER, buttonState=0, classification=NONE, metaState=0, flags=0x0, edgeFlags=0x0, pointerCount=1, historySize=0, eventTime=586898, downTime=586898, deviceId=3, source=0x5002, displayId=0, eventId=735181815 }
06-12 13:55:28.581 1548 1671 V DisplayPowerController[0]: Brightness [0.0] reason changing to: 'temporary', previous reason: 'manual'.
06-12 13:55:28.583 1548 1911 E DisplayDeviceConfig: requesting nits when no mapping exists.
06-12 13:55:28.583 1548 1911 E DisplayDeviceConfig: requesting nits when no mapping exists.
06-12 13:55:28.583 1548 1638 I am_wtf : [0,1548,system_server,-1,DisplayDeviceConfig,requesting nits when no mapping exists.]
06-12 13:55:28.586 1548 1638 I am_wtf : [0,1548,system_server,-1,DisplayDeviceConfig,requesting nits when no mapping exists.]
06-12 13:55:28.634 1936 1936 D ViewTouchDebug: mView : DecorView@9e986eb[BrightnessDialog]Receive event : MotionEvent { action=ACTION_MOVE, actionButton=0, id[0]=0, x[0]=98.0, y[0]=83.0, toolType[0]=TOOL_TYPE_FINGER, buttonState=0, classification=NONE, metaState=0, flags=0x0, edgeFlags=0x0, pointerCount=1, historySize=0, eventTime=586954, downTime=586898, deviceId=3, source=0x5002, displayId=0, eventId=747317974 }
06-12 13:55:28.664 1936 1936 D ViewTouchDebug: mView : DecorView@9e986eb[BrightnessDialog]Receive event : MotionEvent { action=ACTION_MOVE, actionButton=0, id[0]=0, x[0]=95.35875, y[0]=80.35875, toolType[0]=TOOL_TYPE_FINGER, buttonState=0, classification=NONE, metaState=0, flags=0x0, edgeFlags=0x0, pointerCount=1, historySize=2, eventTime=586981, downTime=586898, deviceId=3, source=0x5002, displayId=0, eventId=145990071 }
06-12 13:55:28.681 1936 1936 D ViewTouchDebug: mView : DecorView@9e986eb[BrightnessDialog]Receive event : MotionEvent { action=ACTION_MOVE, actionButton=0, id[0]=0, x[0]=94.5, y[0]=79.5, toolType[0]=TOOL_TYPE_FINGER, buttonState=0, classification=NONE, metaState=0, flags=0x0, edgeFlags=0x0, pointerCount=1, historySize=1, eventTime=586990, downTime=586898, deviceId=3, source=0x5002, displayId=0, eventId=924184290 }
06-12 13:55:28.714 1936 1936 D ViewTouchDebug: mView : DecorView@9e986eb[BrightnessDialog]Receive event : MotionEvent { action=ACTION_MOVE, actionButton=0, id[0]=0, x[0]=107.59921, y[0]=86.79961, toolType[0]=TOOL_TYPE_FINGER, buttonState=0, classification=NONE, metaState=0, flags=0x0, edgeFlags=0x0, pointerCount=1, historySize=2, eventTime=587031, downTime=586898, deviceId=3, source=0x5002, displayId=0, eventId=963346489 }
06-12 13:55:28.731 1936 1936 D ViewTouchDebug: mView : DecorView@9e986eb[BrightnessDialog]Receive event : MotionEvent { action=ACTION_MOVE, actionButton=0, id[0]=0, x[0]=121.276184, y[0]=93.01164, toolType[0]=TOOL_TYPE_FINGER, buttonState=0, classification=NONE, metaState=0, flags=0x0, edgeFlags=0x0, pointerCount=1, historySize=2, eventTime=587048, downTime=586898, deviceId=3, source=0x5002, displayId=0, eventId=879546580 }
06-12 13:55:28.733 1548 1911 E DisplayDeviceConfig: requesting nits when no mapping exists.
06-12 13:55:28.733 1548 1911 E DisplayDeviceConfig: requesting nits when no mapping exists.
06-12 13:55:28.734 1548 1638 I am_wtf : [0,1548,system_server,-1,DisplayDeviceConfig,requesting nits when no mapping exists.]
06-12 13:55:28.734 1548 1638 I am_wtf : [0,1548,system_server,-1,DisplayDeviceConfig,requesting nits when no mapping exists.]
06-12 13:55:28.748 1936 1936 D ViewTouchDebug: mView : DecorView@9e986eb[BrightnessDialog]Receive event : MotionEvent { action=ACTION_MOVE, actionButton=0, id[0]=0, x[0]=145.8008, y[0]=101.68021, toolType[0]=TOOL_TYPE_FINGER, buttonState=0, classification=NONE, metaState=0, flags=0x0, edgeFlags=0x0, pointerCount=1, historySize=1, eventTime=587064, downTime=586898, deviceId=3, source=0x5002, displayId=0, eventId=24386699 }
06-12 13:55:28.754 1548 1911 E DisplayDeviceConfig: requesting nits when no mapping exists.
06-12 13:55:28.754 1548 1911 E DisplayDeviceConfig: requesting nits when no mapping exists.
06-12 13:55:28.754 1548 1638 I am_wtf : [0,1548,system_server,-1,DisplayDeviceConfig,requesting nits when no mapping exists.]
06-12 13:55:28.755 1548 1638 I am_wtf : [0,1548,system_server,-1,DisplayDeviceConfig,requesting nits when no mapping exists.]
06-12 13:55:28.765 1936 1936 D ViewTouchDebug: mView : DecorView@9e986eb[BrightnessDialog]Receive event : MotionEvent { action=ACTION_MOVE, actionButton=0, id[0]=0, x[0]=180.81381, y[0]=105.0, toolType[0]=TOOL_TYPE_FINGER, buttonState=0, classification=NONE, metaState=0, flags=0x0, edgeFlags=0x0, pointerCount=1, historySize=2, eventTime=587081, downTime=586898, deviceId=3, source=0x5002, displayId=0, eventId=846808957 }
06-12 13:55:28.766 1548 1911 E DisplayDeviceConfig: requesting nits when no mapping exists.
06-12 13:55:28.767 1548 1911 E DisplayDeviceConfig: requesting nits when no mapping exists.
06-12 13:55:28.767 1548 1638 I am_wtf : [0,1548,system_server,-1,DisplayDeviceConfig,requesting nits when no mapping exists.]
06-12 13:55:28.768 1548 1638 I am_wtf : [0,1548,system_server,-1,DisplayDeviceConfig,requesting nits when no mapping exists.]
06-12 13:55:28.781 1936 1936 D ViewTouchDebug: mView : DecorView@9e986eb[BrightnessDialog]Receive event : MotionEvent { action=ACTION_MOVE, actionButton=0, id[0]=0, x[0]=233.04129, y[0]=105.0, toolType[0]=TOOL_TYPE_FINGER, buttonState=0, classification=NONE, metaState=0, flags=0x0, edgeFlags=0x0, pointerCount=1, historySize=2, eventTime=587098, downTime=586898, deviceId=3, source=0x5002, displayId=0, eventId=418236580 }
06-12 13:55:28.783 1548 1911 E DisplayDeviceConfig: requesting nits when no mapping exists.
06-12 13:55:28.784 1548 1911 E DisplayDeviceConfig: requesting nits when no mapping exists.
06-12 13:55:28.784 1548 1638 I am_wtf : [0,1548,system_server,-1,DisplayDeviceConfig,requesting nits when no mapping exists.]
06-12 13:55:28.784 1548 1638 I am_wtf : [0,1548,system_server,-1,DisplayDeviceConfig,requesting nits when no mapping exists.]
06-12 13:55:28.798 1936 1936 D ViewTouchDebug: mView : DecorView@9e986eb[BrightnessDialog]Receive event : MotionEvent { action=ACTION_MOVE, actionButton=0, id[0]=0, x[0]=286.83905, y[0]=98.48952, toolType[0]=TOOL_TYPE_FINGER, buttonState=0, classification=NONE, metaState=0, flags=0x0, edgeFlags=0x0, pointerCount=1, historySize=1, eventTime=587114, downTime=586898, deviceId=3, source=0x5002, displayId=0, eventId=723404168 }
06-12 13:55:28.800 1548 1911 E DisplayDeviceConfig: requesting nits when no mapping exists.
06-12 13:55:28.800 1548 1911 E DisplayDeviceConfig: requesting nits when no mapping exists.
06-12 13:55:28.800 1548 1638 I am_wtf : [0,1548,system_server,-1,DisplayDeviceConfig,requesting nits when no mapping exists.]
06-12 13:55:28.801 1548 1638 I am_wtf : [0,1548,system_server,-1,DisplayDeviceConfig,requesting nits when no mapping exists.]
06-12 13:55:28.815 1936 1936 D ViewTouchDebug: mView : DecorView@9e986eb[BrightnessDialog]Receive event : MotionEvent { action=ACTION_MOVE, actionButton=0, id[0]=0, x[0]=354.49234, y[0]=91.38461, toolType[0]=TOOL_TYPE_FINGER, buttonState=0, classification=NONE, metaState=0, flags=0x0, edgeFlags=0x0, pointerCount=1, historySize=2, eventTime=587131, downTime=586898, deviceId=3, source=0x5002, displayId=0, eventId=920351879 }
06-12 13:55:28.816 1548 1911 E DisplayDeviceConfig: requesting nits when no mapping exists.
06-12 13:55:28.817 1548 1911 E DisplayDeviceConfig: requesting nits when no mapping exists.
06-12 13:55:28.817 1548 1638 I am_wtf : [0,1548,system_server,-1,DisplayDeviceConfig,requesting nits when no mapping exists.]
06-12 13:55:28.817 1548 1638 I am_wtf : [0,1548,system_server,-1,DisplayDeviceConfig,requesting nits when no mapping exists.]
06-12 13:55:28.831 1936 1936 D ViewTouchDebug: mView : DecorView@9e986eb[BrightnessDialog]Receive event : MotionEvent { action=ACTION_MOVE, actionButton=0, id[0]=0, x[0]=433.77966, y[0]=82.87712, toolType[0]=TOOL_TYPE_FINGER, buttonState=0, classification=NONE, metaState=0, flags=0x0, edgeFlags=0x0, pointerCount=1, historySize=2, eventTime=587148, downTime=586898, deviceId=3, source=0x5002, displayId=0, eventId=186991954 }
06-12 13:55:28.833 1548 1911 E DisplayDeviceConfig: requesting nits when no mapping exists.
06-12 13:55:28.833 1548 1911 E DisplayDeviceConfig: requesting nits when no mapping exists.
06-12 13:55:28.833 1548 1638 I am_wtf : [0,1548,system_server,-1,DisplayDeviceConfig,requesting nits when no mapping exists.]
06-12 13:55:28.835 1548 1638 I am_wtf : [0,1548,system_server,-1,DisplayDeviceConfig,requesting nits when no mapping exists.]
06-12 13:55:28.848 1936 1936 D ViewTouchDebug: mView : DecorView@9e986eb[BrightnessDialog]Receive event : MotionEvent { action=ACTION_MOVE, actionButton=0, id[0]=0, x[0]=509.03064, y[0]=79.438774, toolType[0]=TOOL_TYPE_FINGER, buttonState=0, classification=NONE, metaState=0, flags=0x0, edgeFlags=0x0, pointerCount=1, historySize=1, eventTime=587164, downTime=586898, deviceId=3, source=0x5002, displayId=0, eventId=618064744 }
06-12 13:55:28.850 1548 1911 E DisplayDeviceConfig: requesting nits when no mapping exists.
06-12 13:55:28.850 1548 1911 E DisplayDeviceConfig: requesting nits when no mapping exists.
06-12 13:55:28.850 1548 1638 I am_wtf : [0,1548,system_server,-1,DisplayDeviceConfig,requesting nits when no mapping exists.]
06-12 13:55:28.852 1548 1638 I am_wtf : [0,1548,system_server,-1,DisplayDeviceConfig,requesting nits when no mapping exists.]
06-12 13:55:28.865 1936 1936 D ViewTouchDebug: mView : DecorView@9e986eb[BrightnessDialog]Receive event : MotionEvent { action=ACTION_MOVE, actionButton=0, id[0]=0, x[0]=616.5468, y[0]=75.88633, toolType[0]=TOOL_TYPE_FINGER, buttonState=0, classification=NONE, metaState=0, flags=0x0, edgeFlags=0x0, pointerCount=1, historySize=3, eventTime=587181, downTime=586898, deviceId=3, source=0x5002, displayId=0, eventId=693729018 }
06-12 13:55:28.870 1548 1911 E DisplayDeviceConfig: requesting nits when no mapping exists.
06-12 13:55:28.871 1548 1911 E DisplayDeviceConfig: requesting nits when no mapping exists.
06-12 13:55:28.871 1548 1638 I am_wtf : [0,1548,system_server,-1,DisplayDeviceConfig,requesting nits when no mapping exists.]
06-12 13:55:28.871 1548 1638 I am_wtf : [0,1548,system_server,-1,DisplayDeviceConfig,requesting nits when no mapping exists.]
06-12 13:55:28.881 1936 1936 D ViewTouchDebug: mView : DecorView@9e986eb[BrightnessDialog]Receive event : MotionEvent { action=ACTION_MOVE, actionButton=0, id[0]=0, x[0]=689.82623, y[0]=74.54514, toolType[0]=TOOL_TYPE_FINGER, buttonState=0, classification=NONE, metaState=0, flags=0x0, edgeFlags=0x0, pointerCount=1, historySize=1, eventTime=587198, downTime=586898, deviceId=3, source=0x5002, displayId=0, eventId=89579450 }
06-12 13:55:28.884 1548 1911 E DisplayDeviceConfig: requesting nits when no mapping exists.
06-12 13:55:28.885 1548 1911 E DisplayDeviceConfig: requesting nits when no mapping exists.
06-12 13:55:28.885 1548 1638 I am_wtf : [0,1548,system_server,-1,DisplayDeviceConfig,requesting nits when no mapping exists.]
06-12 13:55:28.887 1548 1638 I am_wtf : [0,1548,system_server,-1,DisplayDeviceConfig,requesting nits when no mapping exists.]
06-12 13:55:28.898 1936 1936 D ViewTouchDebug: mView : DecorView@9e986eb[BrightnessDialog]Receive event : MotionEvent { action=ACTION_MOVE, actionButton=0, id[0]=0, x[0]=780.0563, y[0]=74.0, toolType[0]=TOOL_TYPE_FINGER, buttonState=0, classification=NONE, metaState=0, flags=0x0, edgeFlags=0x0, pointerCount=1, historySize=2, eventTime=587214, downTime=586898, deviceId=3, source=0x5002, displayId=0, eventId=387840257 }
06-12 13:55:28.900 1548 1911 E DisplayDeviceConfig: requesting nits when no mapping exists.
06-12 13:55:28.901 1548 1638 I am_wtf : [0,1548,system_server,-1,DisplayDeviceConfig,requesting nits when no mapping exists.]
06-12 13:55:28.901 1548 1911 E DisplayDeviceConfig: requesting nits when no mapping exists.
06-12 13:55:28.901 1548 1638 I am_wtf : [0,1548,system_server,-1,DisplayDeviceConfig,requesting nits when no mapping exists.]
06-12 13:55:28.915 1936 1936 D ViewTouchDebug: mView : DecorView@9e986eb[BrightnessDialog]Receive event : MotionEvent { action=ACTION_MOVE, actionButton=0, id[0]=0, x[0]=880.3528, y[0]=71.94412, toolType[0]=TOOL_TYPE_FINGER, buttonState=0, classification=NONE, metaState=0, flags=0x0, edgeFlags=0x0, pointerCount=1, historySize=2, eventTime=587231, downTime=586898, deviceId=3, source=0x5002, displayId=0, eventId=363592988 }
06-12 13:55:28.923 1548 1911 E DisplayDeviceConfig: requesting nits when no mapping exists.
06-12 13:55:28.924 1548 1911 E DisplayDeviceConfig: requesting nits when no mapping exists.
06-12 13:55:28.924 1548 1638 I am_wtf : [0,1548,system_server,-1,DisplayDeviceConfig,requesting nits when no mapping exists.]
06-12 13:55:28.925 1548 1638 I am_wtf : [0,1548,system_server,-1,DisplayDeviceConfig,requesting nits when no mapping exists.]
06-12 13:55:28.931 1936 1936 D ViewTouchDebug: mView : DecorView@9e986eb[BrightnessDialog]Receive event : MotionEvent { action=ACTION_MOVE, actionButton=0, id[0]=0, x[0]=982.4024, y[0]=70.33227, toolType[0]=TOOL_TYPE_FINGER, buttonState=0, classification=NONE, metaState=0, flags=0x0, edgeFlags=0x0, pointerCount=1, historySize=1, eventTime=587248, downTime=586898, deviceId=3, source=0x5002, displayId=0, eventId=1011097881 }
06-12 13:55:28.933 1548 1911 E DisplayDeviceConfig: requesting nits when no mapping exists.
06-12 13:55:28.933 1548 1911 E DisplayDeviceConfig: requesting nits when no mapping exists.
06-12 13:55:28.933 1548 1638 I am_wtf : [0,1548,system_server,-1,DisplayDeviceConfig,requesting nits when no mapping exists.]
06-12 13:55:28.936 1548 1638 I am_wtf : [0,1548,system_server,-1,DisplayDeviceConfig,requesting nits when no mapping exists.]
06-12 13:55:28.948 1936 1936 D ViewTouchDebug: mView : DecorView@9e986eb[BrightnessDialog]Receive event : MotionEvent { action=ACTION_MOVE, actionButton=0, id[0]=0, x[0]=1093.8013, y[0]=70.0, toolType[0]=TOOL_TYPE_FINGER, buttonState=0, classification=NONE, metaState=0, flags=0x0, edgeFlags=0x0, pointerCount=1, historySize=2, eventTime=587264, downTime=586898, deviceId=3, source=0x5002, displayId=0, eventId=1039286309 }
06-12 13:55:28.950 1548 1911 E DisplayDeviceConfig: requesting nits when no mapping exists.
06-12 13:55:28.950 1548 1911 E DisplayDeviceConfig: requesting nits when no mapping exists.
06-12 13:55:28.950 1548 1638 I am_wtf : [0,1548,system_server,-1,DisplayDeviceConfig,requesting nits when no mapping exists.]
06-12 13:55:28.951 1548 1638 I am_wtf : [0,1548,system_server,-1,DisplayDeviceConfig,requesting nits when no mapping exists.]
06-12 13:55:28.965 1936 1936 D ViewTouchDebug: mView : DecorView@9e986eb[BrightnessDialog]Receive event : MotionEvent { action=ACTION_MOVE, actionButton=0, id[0]=0, x[0]=1209.7886, y[0]=77.16165, toolType[0]=TOOL_TYPE_FINGER, buttonState=0, classification=NONE, metaState=0, flags=0x0, edgeFlags=0x0, pointerCount=1, historySize=2, eventTime=587281, downTime=586898, deviceId=3, source=0x5002, displayId=0, eventId=797886236 }
06-12 13:55:28.966 1548 1911 E DisplayDeviceConfig: requesting nits when no mapping exists.
06-12 13:55:28.967 1548 1911 E DisplayDeviceConfig: requesting nits when no mapping exists.
06-12 13:55:28.967 1548 1638 I am_wtf : [0,1548,system_server,-1,DisplayDeviceConfig,requesting nits when no mapping exists.]
06-12 13:55:28.967 1548 1638 I am_wtf : [0,1548,system_server,-1,DisplayDeviceConfig,requesting nits when no mapping exists.]
06-12 13:55:28.981 1936 1936 D ViewTouchDebug: mView : DecorView@9e986eb[BrightnessDialog]Receive event : MotionEvent { action=ACTION_MOVE, actionButton=0, id[0]=0, x[0]=1320.3132, y[0]=86.53133, toolType[0]=TOOL_TYPE_FINGER, buttonState=0, classification=NONE, metaState=0, flags=0x0, edgeFlags=0x0, pointerCount=1, historySize=1, eventTime=587298, downTime=586898, deviceId=3, source=0x5002, displayId=0, eventId=969145177 }
06-12 13:55:28.986 1548 1911 E DisplayDeviceConfig: requesting nits when no mapping exists.
06-12 13:55:28.987 1548 1911 E DisplayDeviceConfig: requesting nits when no mapping exists.
06-12 13:55:28.987 1548 1638 I am_wtf : [0,1548,system_server,-1,DisplayDeviceConfig,requesting nits when no mapping exists.]
06-12 13:55:28.987 1548 1638 I am_wtf : [0,1548,system_server,-1,DisplayDeviceConfig,requesting nits when no mapping exists.]
06-12 13:55:28.998 1936 1936 D ViewTouchDebug: mView : DecorView@9e986eb[BrightnessDialog]Receive event : MotionEvent { action=ACTION_MOVE, actionButton=0, id[0]=0, x[0]=1425.2972, y[0]=98.176834, toolType[0]=TOOL_TYPE_FINGER, buttonState=0, classification=NONE, metaState=0, flags=0x0, edgeFlags=0x0, pointerCount=1, historySize=2, eventTime=587314, downTime=586898, deviceId=3, source=0x5002, displayId=0, eventId=381071314 }
06-12 13:55:28.999 1548 1911 E DisplayDeviceConfig: requesting nits when no mapping exists.
06-12 13:55:29.000 1548 1911 E DisplayDeviceConfig: requesting nits when no mapping exists.
06-12 13:55:29.000 1548 1638 I am_wtf : [0,1548,system_server,-1,DisplayDeviceConfig,requesting nits when no mapping exists.]
06-12 13:55:29.000 1548 1638 I am_wtf : [0,1548,system_server,-1,DisplayDeviceConfig,requesting nits when no mapping exists.]
06-12 13:55:29.015 1936 1936 D ViewTouchDebug: mView : DecorView@9e986eb[BrightnessDialog]Receive event : MotionEvent { action=ACTION_MOVE, actionButton=0, id[0]=0, x[0]=1581.9735, y[0]=116.56598, toolType[0]=TOOL_TYPE_FINGER, buttonState=0, classification=NONE, metaState=0, flags=0x0, edgeFlags=0x0, pointerCount=1, historySize=2, eventTime=587331, downTime=586898, deviceId=3, source=0x5002, displayId=0, eventId=539934637 }
06-12 13:55:29.020 1548 1911 E DisplayDeviceConfig: requesting nits when no mapping exists.
06-12 13:55:29.021 1548 1911 E DisplayDeviceConfig: requesting nits when no mapping exists.
06-12 13:55:29.021 1548 1638 I am_wtf : [0,1548,system_server,-1,DisplayDeviceConfig,requesting nits when no mapping exists.]
06-12 13:55:29.022 1548 1638 I am_wtf : [0,1548,system_server,-1,DisplayDeviceConfig,requesting nits when no mapping exists.]
06-12 13:55:29.031 1936 1936 D ViewTouchDebug: mView : DecorView@9e986eb[BrightnessDialog]Receive event : MotionEvent { action=ACTION_MOVE, actionButton=0, id[0]=0, x[0]=1674.0253, y[0]=124.00241, toolType[0]=TOOL_TYPE_FINGER, buttonState=0, classification=NONE, metaState=0, flags=0x0, edgeFlags=0x0, pointerCount=1, historySize=2, eventTime=587348, downTime=586898, deviceId=3, source=0x5002, displayId=0, eventId=619038291 }
06-12 13:55:29.034 1548 1911 E DisplayDeviceConfig: requesting nits when no mapping exists.
06-12 13:55:29.034 1548 1911 E DisplayDeviceConfig: requesting nits when no mapping exists.
06-12 13:55:29.034 1548 1638 I am_wtf : [0,1548,system_server,-1,DisplayDeviceConfig,requesting nits when no mapping exists.]
06-12 13:55:29.035 1548 1638 I am_wtf : [0,1548,system_server,-1,DisplayDeviceConfig,requesting nits when no mapping exists.]
06-12 13:55:29.048 1936 1936 D ViewTouchDebug: mView : DecorView@9e986eb[BrightnessDialog]Receive event : MotionEvent { action=ACTION_MOVE, actionButton=0, id[0]=0, x[0]=1784.1857, y[0]=134.24895, toolType[0]=TOOL_TYPE_FINGER, buttonState=0, classification=NONE, metaState=0, flags=0x0, edgeFlags=0x0, pointerCount=1, historySize=1, eventTime=587364, downTime=586898, deviceId=3, source=0x5002, displayId=0, eventId=726149647 }
06-12 13:55:29.050 2336 2488 D RemoteControlService: getEvent: clientSocket = Socket[address=/192.168.4.4,port=40949,localPort=12600]
06-12 13:55:29.050 2336 2488 D RemoteControlService: run: called
06-12 13:55:29.050 2336 2488 D RemoteControlService: getEvent: start waiting...
06-12 13:55:29.050 2336 6675 E RemoteControlService: Enter ListenSocketRunnable
06-12 13:55:29.051 2336 6675 D RemoteControlService: After desEncrypt json is [{"source":0,"token":"iFeTn78wa3zYKzy"}]
06-12 13:55:29.051 1548 1911 E DisplayDeviceConfig: requesting nits when no mapping exists.
06-12 13:55:29.051 2336 6675 D RemoteControlService: buildRemoteCommand:type=7
06-12 13:55:29.051 2336 6675 D RemoteControlService: Request params: BaseRequestCommandBean{source=0, token='iFeTn78wa3zYKzy', type='null', value='null'}
06-12 13:55:29.051 1548 1911 E DisplayDeviceConfig: requesting nits when no mapping exists.
06-12 13:55:29.052 2336 2445 D RemoteControlService: handleMessage called
06-12 13:55:29.052 2336 2445 D RemoteControlService: Client-192.168.4.4 handleHeartBeat:54
06-12 13:55:29.052 2336 2445 D RemoteControlService: Client have control
06-12 13:55:29.052 2336 2445 D RemoteControlService: Digest: 2DF3A513AA87ED10AD11FD6C152E47EE9678CAA0693F239B9C8FFBBBD3064578
06-12 13:55:29.053 2336 2445 D RemoteControlService: Send data length: 117
06-12 13:55:29.053 2336 2445 D RemoteControlService: Send message finished. direction: 16, messageType: 7, json: {"source":0,"token":"iFeTn78wa3zYKzy","type":"heart_beat","value":1}
06-12 13:55:29.053 1548 1638 I am_wtf : [0,1548,system_server,-1,DisplayDeviceConfig,requesting nits when no mapping exists.]
06-12 13:55:29.053 2336 2445 D RemoteControlService: HeartBeatCommand ResponseSpeedTest - use time: 3
06-12 13:55:29.054 1548 1638 I am_wtf : [0,1548,system_server,-1,DisplayDeviceConfig,requesting nits when no mapping exists.]
06-12 13:55:29.065 1936 1936 D ViewTouchDebug: mView : DecorView@9e986eb[BrightnessDialog]Receive event : MotionEvent { action=ACTION_MOVE, actionButton=0, id[0]=0, x[0]=1894.841, y[0]=143.77681, toolType[0]=TOOL_TYPE_FINGER, buttonState=0, classification=NONE, metaState=0, flags=0x0, edgeFlags=0x0, pointerCount=1, historySize=2, eventTime=587381, downTime=586898, deviceId=3, source=0x5002, displayId=0, eventId=185932870 }
06-12 13:55:29.069 1548 1911 E DisplayDeviceConfig: requesting nits when no mapping exists.
06-12 13:55:29.070 1548 1911 E DisplayDeviceConfig: requesting nits when no mapping exists.
06-12 13:55:29.070 1548 1638 I am_wtf : [0,1548,system_server,-1,DisplayDeviceConfig,requesting nits when no mapping exists.]
06-12 13:55:29.071 1548 1638 I am_wtf : [0,1548,system_server,-1,DisplayDeviceConfig,requesting nits when no mapping exists.]
06-12 13:55:29.081 1936 1936 D ViewTouchDebug: mView : DecorView@9e986eb[BrightnessDialog]Receive event : MotionEvent { action=ACTION_MOVE, actionButton=0, id[0]=0, x[0]=2002.5807, y[0]=149.81099, toolType[0]=TOOL_TYPE_FINGER, buttonState=0, classification=NONE, metaState=0, flags=0x0, edgeFlags=0x0, pointerCount=1, historySize=1, eventTime=587398, downTime=586898, deviceId=3, source=0x5002, displayId=0, eventId=194373018 }
06-12 13:55:29.083 1548 1911 E DisplayDeviceConfig: requesting nits when no mapping exists.
06-12 13:55:29.083 1548 1638 I am_wtf : [0,1548,system_server,-1,DisplayDeviceConfig,requesting nits when no mapping exists.]
06-12 13:55:29.083 1548 1911 E DisplayDeviceConfig: requesting nits when no mapping exists.
06-12 13:55:29.086 1548 1638 I am_wtf : [0,1548,system_server,-1,DisplayDeviceConfig,requesting nits when no mapping exists.]
06-12 13:55:29.098 1936 1936 D ViewTouchDebug: mView : DecorView@9e986eb[BrightnessDialog]Receive event : MotionEvent { action=ACTION_MOVE, actionButton=0, id[0]=0, x[0]=2107.5781, y[0]=152.83705, toolType[0]=TOOL_TYPE_FINGER, buttonState=0, classification=NONE, metaState=0, flags=0x0, edgeFlags=0x0, pointerCount=1, historySize=2, eventTime=587414, downTime=586898, deviceId=3, source=0x5002, displayId=0, eventId=742053094 }
06-12 13:55:29.100 1548 1911 E DisplayDeviceConfig: requesting nits when no mapping exists.
06-12 13:55:29.100 1548 1911 E DisplayDeviceConfig: requesting nits when no mapping exists.
