06-12 13:55:29.100 1548 1638 I am_wtf : [0,1548,system_server,-1,DisplayDeviceConfig,requesting nits when no mapping exists.]
06-12 13:55:29.102 1548 1638 I am_wtf : [0,1548,system_server,-1,DisplayDeviceConfig,requesting nits when no mapping exists.]
06-12 13:55:29.115 1936 1936 D ViewTouchDebug: mView : DecorView@9e986eb[BrightnessDialog]Receive event : MotionEvent { action=ACTION_MOVE, actionButton=0, id[0]=0, x[0]=2212.672, y[0]=155.2605, toolType[0]=TOOL_TYPE_FINGER, buttonState=0, classification=NONE, metaState=0, flags=0x0, edgeFlags=0x0, pointerCount=1, historySize=2, eventTime=587431, downTime=586898, deviceId=3, source=0x5002, displayId=0, eventId=241005733 }
06-12 13:55:29.116 1548 1911 E DisplayDeviceConfig: requesting nits when no mapping exists.
06-12 13:55:29.116 1548 1911 E DisplayDeviceConfig: requesting nits when no mapping exists.
06-12 13:55:29.116 1548 1638 I am_wtf : [0,1548,system_server,-1,DisplayDeviceConfig,requesting nits when no mapping exists.]
06-12 13:55:29.117 1548 1638 I am_wtf : [0,1548,system_server,-1,DisplayDeviceConfig,requesting nits when no mapping exists.]
06-12 13:55:29.123 657 672 I mpu_uart: [MSG-P:RECV]:No message received in 1000 ms
06-12 13:55:29.131 1936 1936 D ViewTouchDebug: mView : DecorView@9e986eb[BrightnessDialog]Receive event : MotionEvent { action=ACTION_MOVE, actionButton=0, id[0]=0, x[0]=2316.1614, y[0]=154.36491, toolType[0]=TOOL_TYPE_FINGER, buttonState=0, classification=NONE, metaState=0, flags=0x0, edgeFlags=0x0, pointerCount=1, historySize=1, eventTime=587448, downTime=586898, deviceId=3, source=0x5002, displayId=0, eventId=148482058 }
06-12 13:55:29.133 1548 1911 E DisplayDeviceConfig: requesting nits when no mapping exists.
06-12 13:55:29.133 1548 1911 E DisplayDeviceConfig: requesting nits when no mapping exists.
06-12 13:55:29.133 1548 1638 I am_wtf : [0,1548,system_server,-1,DisplayDeviceConfig,requesting nits when no mapping exists.]
06-12 13:55:29.135 1548 1638 I am_wtf : [0,1548,system_server,-1,DisplayDeviceConfig,requesting nits when no mapping exists.]
06-12 13:55:29.136 657 671 I mpu_uart: [MSG-P:R]:recv sync frame timeout
06-12 13:55:29.148 1936 1936 D ViewTouchDebug: mView : DecorView@9e986eb[BrightnessDialog]Receive event : MotionEvent { action=ACTION_MOVE, actionButton=0, id[0]=0, x[0]=2418.853, y[0]=150.45543, toolType[0]=TOOL_TYPE_FINGER, buttonState=0, classification=NONE, metaState=0, flags=0x0, edgeFlags=0x0, pointerCount=1, historySize=2, eventTime=587464, downTime=586898, deviceId=3, source=0x5002, displayId=0, eventId=279799199 }
06-12 13:55:29.150 1548 1911 E DisplayDeviceConfig: requesting nits when no mapping exists.
06-12 13:55:29.150 1548 1911 E DisplayDeviceConfig: requesting nits when no mapping exists.
06-12 13:55:29.150 1548 1638 I am_wtf : [0,1548,system_server,-1,DisplayDeviceConfig,requesting nits when no mapping exists.]
06-12 13:55:29.153 1548 1638 I am_wtf : [0,1548,system_server,-1,DisplayDeviceConfig,requesting nits when no mapping exists.]
06-12 13:55:29.165 1936 1936 D ViewTouchDebug: mView : DecorView@9e986eb[BrightnessDialog]Receive event : MotionEvent { action=ACTION_MOVE, actionButton=0, id[0]=0, x[0]=2524.3555, y[0]=141.37923, toolType[0]=TOOL_TYPE_FINGER, buttonState=0, classification=NONE, metaState=0, flags=0x0, edgeFlags=0x0, pointerCount=1, historySize=2, eventTime=587481, downTime=586898, deviceId=3, source=0x5002, displayId=0, eventId=142359978 }
06-12 13:55:29.166 1548 1911 E DisplayDeviceConfig: requesting nits when no mapping exists.
06-12 13:55:29.167 1548 1911 E DisplayDeviceConfig: requesting nits when no mapping exists.
06-12 13:55:29.167 1548 1638 I am_wtf : [0,1548,system_server,-1,DisplayDeviceConfig,requesting nits when no mapping exists.]
06-12 13:55:29.167 1548 1638 I am_wtf : [0,1548,system_server,-1,DisplayDeviceConfig,requesting nits when no mapping exists.]
06-12 13:55:29.198 1936 1936 D ViewTouchDebug: mView : DecorView@9e986eb[BrightnessDialog]Receive event : MotionEvent { action=ACTION_UP, actionButton=0, id[0]=0, x[0]=2510.0, y[0]=143.0, toolType[0]=TOOL_TYPE_FINGER, buttonState=0, classification=NONE, metaState=0, flags=0x0, edgeFlags=0x0, pointerCount=1, historySize=0, eventTime=587519, downTime=586898, deviceId=3, source=0x5002, displayId=0, eventId=545577924 }
06-12 13:55:29.198 1936 1936 I sysui_multi_action: [757,218,758,4,759,100]
06-12 13:55:29.203 1548 4464 I commit_sys_config_file: [display-state,568675]
06-12 13:55:29.207 1548 1671 V DisplayPowerController[0]: Brightness [1.0] reason changing to: 'manual', previous reason: 'temporary'.
06-12 13:55:29.243 2423 2512 I OpenGLRenderer: Davey! duration=9223371449318ms; Flags=0, FrameTimelineVsyncId=13954, IntendedVsync=587536610998, Vsync=587536610998, InputEventId=0, HandleInputStart=587537001126, AnimationStart=587537004198, PerformTraversalsStart=587537006282, DrawStart=587547749719, FrameDeadline=587553277664, FrameInterval=587536991178, FrameStartTime=16666666, SyncQueued=587548762115, SyncStart=587548823678, IssueDrawCommandsStart=587549740969, SwapBuffers=587552519980, FrameCompleted=9223372036854775807, DequeueBufferDuration=31875, QueueBufferDuration=1648645, GpuCompleted=9223372036854775807, SwapBuffersCompleted=587554608209, DisplayPresentTime=0,
06-12 13:55:29.415 1548 1813 I commit_sys_config_file: [settings-1-0,6]
06-12 13:55:29.917 2134 6679 D MicroService: handleHeartBeat:294
06-12 13:55:30.086 2134 2134 D MicroService: onHeartBeatDetected
06-12 13:55:30.086 2134 2134 D MicroService: sendHeartbeatMessage
06-12 13:55:30.123 657 672 I mpu_uart: [MSG-P:RECV]:No message received in 1000 ms
06-12 13:55:30.797 1936 1936 D ViewTouchDebug: mView : com.android.systemui.navigationbar.NavigationBarFrame{b436c0b V.E...... ......I. 0,0-2560,46 #7f0b03f2 app:id/navigation_bar_frame}Receive event : MotionEvent { action=ACTION_OUTSIDE, actionButton=0, id[0]=0, x[0]=2513.0, y[0]=-871.0, toolType[0]=TOOL_TYPE_FINGER, buttonState=0, classification=NONE, metaState=0, flags=0x0, edgeFlags=0x0, pointerCount=1, historySize=0, eventTime=589117, downTime=589117, deviceId=3, source=0x5002, displayId=0, eventId=2064626003 }
06-12 13:55:30.797 1936 1936 D ViewTouchDebug: mView : DecorView@9e986eb[BrightnessDialog]Receive event : MotionEvent { action=ACTION_DOWN, actionButton=0, id[0]=0, x[0]=2513.0, y[0]=127.0, toolType[0]=TOOL_TYPE_FINGER, buttonState=0, classification=NONE, metaState=0, flags=0x0, edgeFlags=0x0, pointerCount=1, historySize=0, eventTime=589117, downTime=589117, deviceId=3, source=0x5002, displayId=0, eventId=870133238 }
06-12 13:55:30.799 1548 1671 V DisplayPowerController[0]: Brightness [1.0] reason changing to: 'temporary', previous reason: 'manual'.
06-12 13:55:30.801 1548 1911 E DisplayDeviceConfig: requesting nits when no mapping exists.
06-12 13:55:30.801 1548 1911 E DisplayDeviceConfig: requesting nits when no mapping exists.
06-12 13:55:30.801 1548 1638 I am_wtf : [0,1548,system_server,-1,DisplayDeviceConfig,requesting nits when no mapping exists.]
06-12 13:55:30.803 1548 1638 I am_wtf : [0,1548,system_server,-1,DisplayDeviceConfig,requesting nits when no mapping exists.]
06-12 13:55:30.822 1936 1936 D ViewTouchDebug: mView : DecorView@9e986eb[BrightnessDialog]Receive event : MotionEvent { action=ACTION_MOVE, actionButton=0, id[0]=0, x[0]=2503.0, y[0]=123.0, toolType[0]=TOOL_TYPE_FINGER, buttonState=0, classification=NONE, metaState=0, flags=0x0, edgeFlags=0x0, pointerCount=1, historySize=0, eventTime=589143, downTime=589117, deviceId=3, source=0x5002, displayId=0, eventId=1013962560 }
06-12 13:55:30.848 1936 1936 D ViewTouchDebug: mView : DecorView@9e986eb[BrightnessDialog]Receive event : MotionEvent { action=ACTION_MOVE, actionButton=0, id[0]=0, x[0]=2487.7437, y[0]=121.84297, toolType[0]=TOOL_TYPE_FINGER, buttonState=0, classification=NONE, metaState=0, flags=0x0, edgeFlags=0x0, pointerCount=1, historySize=2, eventTime=589164, downTime=589117, deviceId=3, source=0x5002, displayId=0, eventId=801307909 }
06-12 13:55:30.852 1548 1911 E DisplayDeviceConfig: requesting nits when no mapping exists.
06-12 13:55:30.853 1548 1911 E DisplayDeviceConfig: requesting nits when no mapping exists.
06-12 13:55:30.855 1548 1638 I am_wtf : [0,1548,system_server,-1,DisplayDeviceConfig,requesting nits when no mapping exists.]
06-12 13:55:30.855 1548 1638 I am_wtf : [0,1548,system_server,-1,DisplayDeviceConfig,requesting nits when no mapping exists.]
06-12 13:55:30.865 1936 1936 D ViewTouchDebug: mView : DecorView@9e986eb[BrightnessDialog]Receive event : MotionEvent { action=ACTION_MOVE, actionButton=0, id[0]=0, x[0]=2463.6873, y[0]=120.0, toolType[0]=TOOL_TYPE_FINGER, buttonState=0, classification=NONE, metaState=0, flags=0x0, edgeFlags=0x0, pointerCount=1, historySize=1, eventTime=589181, downTime=589117, deviceId=3, source=0x5002, displayId=0, eventId=754975514 }
06-12 13:55:30.867 1548 1911 E DisplayDeviceConfig: requesting nits when no mapping exists.
06-12 13:55:30.867 1548 1911 E DisplayDeviceConfig: requesting nits when no mapping exists.
06-12 13:55:30.867 1548 1638 I am_wtf : [0,1548,system_server,-1,DisplayDeviceConfig,requesting nits when no mapping exists.]
06-12 13:55:30.868 1548 1638 I am_wtf : [0,1548,system_server,-1,DisplayDeviceConfig,requesting nits when no mapping exists.]
06-12 13:55:30.882 1936 1936 D ViewTouchDebug: mView : DecorView@9e986eb[BrightnessDialog]Receive event : MotionEvent { action=ACTION_MOVE, actionButton=0, id[0]=0, x[0]=2432.438, y[0]=120.0, toolType[0]=TOOL_TYPE_FINGER, buttonState=0, classification=NONE, metaState=0, flags=0x0, edgeFlags=0x0, pointerCount=1, historySize=2, eventTime=589198, downTime=589117, deviceId=3, source=0x5002, displayId=0, eventId=766534533 }
06-12 13:55:30.884 1548 1911 E DisplayDeviceConfig: requesting nits when no mapping exists.
06-12 13:55:30.885 1548 1638 I am_wtf : [0,1548,system_server,-1,DisplayDeviceConfig,requesting nits when no mapping exists.]
06-12 13:55:30.885 1548 1911 E DisplayDeviceConfig: requesting nits when no mapping exists.
06-12 13:55:30.888 1548 1638 I am_wtf : [0,1548,system_server,-1,DisplayDeviceConfig,requesting nits when no mapping exists.]
06-12 13:55:30.898 1936 1936 D ViewTouchDebug: mView : DecorView@9e986eb[BrightnessDialog]Receive event : MotionEvent { action=ACTION_MOVE, actionButton=0, id[0]=0, x[0]=2393.0784, y[0]=118.0, toolType[0]=TOOL_TYPE_FINGER, buttonState=0, classification=NONE, metaState=0, flags=0x0, edgeFlags=0x0, pointerCount=1, historySize=2, eventTime=589214, downTime=589117, deviceId=3, source=0x5002, displayId=0, eventId=202023637 }
06-12 13:55:30.900 1548 1911 E DisplayDeviceConfig: requesting nits when no mapping exists.
06-12 13:55:30.900 1548 1911 E DisplayDeviceConfig: requesting nits when no mapping exists.
06-12 13:55:30.900 1548 1638 I am_wtf : [0,1548,system_server,-1,DisplayDeviceConfig,requesting nits when no mapping exists.]
06-12 13:55:30.901 1548 1638 I am_wtf : [0,1548,system_server,-1,DisplayDeviceConfig,requesting nits when no mapping exists.]
06-12 13:55:30.915 1936 1936 D ViewTouchDebug: mView : DecorView@9e986eb[BrightnessDialog]Receive event : MotionEvent { action=ACTION_MOVE, actionButton=0, id[0]=0, x[0]=2362.0562, y[0]=121.0, toolType[0]=TOOL_TYPE_FINGER, buttonState=0, classification=NONE, metaState=0, flags=0x0, edgeFlags=0x0, pointerCount=1, historySize=1, eventTime=589231, downTime=589117, deviceId=3, source=0x5002, displayId=0, eventId=192320614 }
06-12 13:55:30.917 1548 1911 E DisplayDeviceConfig: requesting nits when no mapping exists.
06-12 13:55:30.917 1548 1911 E DisplayDeviceConfig: requesting nits when no mapping exists.
06-12 13:55:30.917 1548 1638 I am_wtf : [0,1548,system_server,-1,DisplayDeviceConfig,requesting nits when no mapping exists.]
06-12 13:55:30.918 1548 1638 I am_wtf : [0,1548,system_server,-1,DisplayDeviceConfig,requesting nits when no mapping exists.]
06-12 13:55:30.932 1936 1936 D ViewTouchDebug: mView : DecorView@9e986eb[BrightnessDialog]Receive event : MotionEvent { action=ACTION_MOVE, actionButton=0, id[0]=0, x[0]=2327.9841, y[0]=121.0, toolType[0]=TOOL_TYPE_FINGER, buttonState=0, classification=NONE, metaState=0, flags=0x0, edgeFlags=0x0, pointerCount=1, historySize=2, eventTime=589248, downTime=589117, deviceId=3, source=0x5002, displayId=0, eventId=278213936 }
06-12 13:55:30.934 1548 1911 E DisplayDeviceConfig: requesting nits when no mapping exists.
06-12 13:55:30.934 1548 1638 I am_wtf : [0,1548,system_server,-1,DisplayDeviceConfig,requesting nits when no mapping exists.]
06-12 13:55:30.934 1548 1911 E DisplayDeviceConfig: requesting nits when no mapping exists.
06-12 13:55:30.935 1548 1638 I am_wtf : [0,1548,system_server,-1,DisplayDeviceConfig,requesting nits when no mapping exists.]
06-12 13:55:30.936 1548 1638 I service_manager_stats: [100,51,5187]
06-12 13:55:30.948 1936 1936 D ViewTouchDebug: mView : DecorView@9e986eb[BrightnessDialog]Receive event : MotionEvent { action=ACTION_MOVE, actionButton=0, id[0]=0, x[0]=2271.1858, y[0]=123.15634, toolType[0]=TOOL_TYPE_FINGER, buttonState=0, classification=NONE, metaState=0, flags=0x0, edgeFlags=0x0, pointerCount=1, historySize=2, eventTime=589265, downTime=589117, deviceId=3, source=0x5002, displayId=0, eventId=853793734 }
06-12 13:55:30.955 1548 1911 E DisplayDeviceConfig: requesting nits when no mapping exists.
06-12 13:55:30.956 1548 1911 E DisplayDeviceConfig: requesting nits when no mapping exists.
06-12 13:55:30.956 1548 1638 I am_wtf : [0,1548,system_server,-1,DisplayDeviceConfig,requesting nits when no mapping exists.]
06-12 13:55:30.957 1548 1638 I am_wtf : [0,1548,system_server,-1,DisplayDeviceConfig,requesting nits when no mapping exists.]
06-12 13:55:30.965 1936 1936 D ViewTouchDebug: mView : DecorView@9e986eb[BrightnessDialog]Receive event : MotionEvent { action=ACTION_MOVE, actionButton=0, id[0]=0, x[0]=2217.258, y[0]=123.0, toolType[0]=TOOL_TYPE_FINGER, buttonState=0, classification=NONE, metaState=0, flags=0x0, edgeFlags=0x0, pointerCount=1, historySize=1, eventTime=589281, downTime=589117, deviceId=3, source=0x5002, displayId=0, eventId=821679977 }
06-12 13:55:30.967 1548 1911 E DisplayDeviceConfig: requesting nits when no mapping exists.
06-12 13:55:30.967 1548 1911 E DisplayDeviceConfig: requesting nits when no mapping exists.
06-12 13:55:30.967 1548 1638 I am_wtf : [0,1548,system_server,-1,DisplayDeviceConfig,requesting nits when no mapping exists.]
06-12 13:55:30.968 1548 1638 I am_wtf : [0,1548,system_server,-1,DisplayDeviceConfig,requesting nits when no mapping exists.]
06-12 13:55:30.981 1936 1936 D ViewTouchDebug: mView : DecorView@9e986eb[BrightnessDialog]Receive event : MotionEvent { action=ACTION_MOVE, actionButton=0, id[0]=0, x[0]=2140.3835, y[0]=124.37479, toolType[0]=TOOL_TYPE_FINGER, buttonState=0, classification=NONE, metaState=0, flags=0x0, edgeFlags=0x0, pointerCount=1, historySize=2, eventTime=589298, downTime=589117, deviceId=3, source=0x5002, displayId=0, eventId=304195131 }
06-12 13:55:30.988 1548 1911 E DisplayDeviceConfig: requesting nits when no mapping exists.
06-12 13:55:30.989 1548 1911 E DisplayDeviceConfig: requesting nits when no mapping exists.
06-12 13:55:30.989 1548 1638 I am_wtf : [0,1548,system_server,-1,DisplayDeviceConfig,requesting nits when no mapping exists.]
06-12 13:55:30.990 1548 1638 I am_wtf : [0,1548,system_server,-1,DisplayDeviceConfig,requesting nits when no mapping exists.]
06-12 13:55:30.998 1936 1936 D ViewTouchDebug: mView : DecorView@9e986eb[BrightnessDialog]Receive event : MotionEvent { action=ACTION_MOVE, actionButton=0, id[0]=0, x[0]=2069.84, y[0]=130.14728, toolType[0]=TOOL_TYPE_FINGER, buttonState=0, classification=NONE, metaState=0, flags=0x0, edgeFlags=0x0, pointerCount=1, historySize=2, eventTime=589315, downTime=589117, deviceId=3, source=0x5002, displayId=0, eventId=797015969 }
06-12 13:55:31.000 1548 1911 E DisplayDeviceConfig: requesting nits when no mapping exists.
06-12 13:55:31.001 1548 1638 I am_wtf : [0,1548,system_server,-1,DisplayDeviceConfig,requesting nits when no mapping exists.]
06-12 13:55:31.001 1548 1911 E DisplayDeviceConfig: requesting nits when no mapping exists.
06-12 13:55:31.002 1548 1638 I am_wtf : [0,1548,system_server,-1,DisplayDeviceConfig,requesting nits when no mapping exists.]
06-12 13:55:31.015 1936 1936 D ViewTouchDebug: mView : DecorView@9e986eb[BrightnessDialog]Receive event : MotionEvent { action=ACTION_MOVE, actionButton=0, id[0]=0, x[0]=2004.4462, y[0]=136.50572, toolType[0]=TOOL_TYPE_FINGER, buttonState=0, classification=NONE, metaState=0, flags=0x0, edgeFlags=0x0, pointerCount=1, historySize=1, eventTime=589331, downTime=589117, deviceId=3, source=0x5002, displayId=0, eventId=964743256 }
06-12 13:55:31.017 1548 1911 E DisplayDeviceConfig: requesting nits when no mapping exists.
06-12 13:55:31.018 1548 1911 E DisplayDeviceConfig: requesting nits when no mapping exists.
06-12 13:55:31.018 1548 1638 I am_wtf : [0,1548,system_server,-1,DisplayDeviceConfig,requesting nits when no mapping exists.]
06-12 13:55:31.020 1548 1638 I am_wtf : [0,1548,system_server,-1,DisplayDeviceConfig,requesting nits when no mapping exists.]
06-12 13:55:31.021 1936 1951 W System : A resource failed to call release.
06-12 13:55:31.031 1936 1936 D ViewTouchDebug: mView : DecorView@9e986eb[BrightnessDialog]Receive event : MotionEvent { action=ACTION_MOVE, actionButton=0, id[0]=0, x[0]=1914.0264, y[0]=147.84557, toolType[0]=TOOL_TYPE_FINGER, buttonState=0, classification=NONE, metaState=0, flags=0x0, edgeFlags=0x0, pointerCount=1, historySize=2, eventTime=589348, downTime=589117, deviceId=3, source=0x5002, displayId=0, eventId=457734294 }
06-12 13:55:31.033 1548 1911 E DisplayDeviceConfig: requesting nits when no mapping exists.
06-12 13:55:31.033 1548 1911 E DisplayDeviceConfig: requesting nits when no mapping exists.
06-12 13:55:31.034 1548 1638 I am_wtf : [0,1548,system_server,-1,DisplayDeviceConfig,requesting nits when no mapping exists.]
06-12 13:55:31.035 1548 1638 I am_wtf : [0,1548,system_server,-1,DisplayDeviceConfig,requesting nits when no mapping exists.]
06-12 13:55:31.048 1936 1936 D ViewTouchDebug: mView : DecorView@9e986eb[BrightnessDialog]Receive event : MotionEvent { action=ACTION_MOVE, actionButton=0, id[0]=0, x[0]=1829.6575, y[0]=156.54338, toolType[0]=TOOL_TYPE_FINGER, buttonState=0, classification=NONE, metaState=0, flags=0x0, edgeFlags=0x0, pointerCount=1, historySize=1, eventTime=589365, downTime=589117, deviceId=3, source=0x5002, displayId=0, eventId=844352603 }
06-12 13:55:31.048 1936 1951 W System : A resource failed to call close.
06-12 13:55:31.051 1548 1911 E DisplayDeviceConfig: requesting nits when no mapping exists.
06-12 13:55:31.052 1548 1911 E DisplayDeviceConfig: requesting nits when no mapping exists.
06-12 13:55:31.052 1548 1638 I am_wtf : [0,1548,system_server,-1,DisplayDeviceConfig,requesting nits when no mapping exists.]
06-12 13:55:31.053 1548 1638 I am_wtf : [0,1548,system_server,-1,DisplayDeviceConfig,requesting nits when no mapping exists.]
06-12 13:55:31.065 1936 1936 D ViewTouchDebug: mView : DecorView@9e986eb[BrightnessDialog]Receive event : MotionEvent { action=ACTION_MOVE, actionButton=0, id[0]=0, x[0]=1742.0355, y[0]=162.6961, toolType[0]=TOOL_TYPE_FINGER, buttonState=0, classification=NONE, metaState=0, flags=0x0, edgeFlags=0x0, pointerCount=1, historySize=2, eventTime=589381, downTime=589117, deviceId=3, source=0x5002, displayId=0, eventId=829634976 }
06-12 13:55:31.067 1548 1911 E DisplayDeviceConfig: requesting nits when no mapping exists.
06-12 13:55:31.068 1548 1911 E DisplayDeviceConfig: requesting nits when no mapping exists.
06-12 13:55:31.068 1548 1638 I am_wtf : [0,1548,system_server,-1,DisplayDeviceConfig,requesting nits when no mapping exists.]
06-12 13:55:31.070 1548 1638 I am_wtf : [0,1548,system_server,-1,DisplayDeviceConfig,requesting nits when no mapping exists.]
06-12 13:55:31.082 1936 1936 D ViewTouchDebug: mView : DecorView@9e986eb[BrightnessDialog]Receive event : MotionEvent { action=ACTION_MOVE, actionButton=0, id[0]=0, x[0]=1659.4847, y[0]=167.64378, toolType[0]=TOOL_TYPE_FINGER, buttonState=0, classification=NONE, metaState=0, flags=0x0, edgeFlags=0x0, pointerCount=1, historySize=2, eventTime=589398, downTime=589117, deviceId=3, source=0x5002, displayId=0, eventId=203927047 }
06-12 13:55:31.085 1548 1911 E DisplayDeviceConfig: requesting nits when no mapping exists.
06-12 13:55:31.086 1548 1911 E DisplayDeviceConfig: requesting nits when no mapping exists.
06-12 13:55:31.086 1548 1638 I am_wtf : [0,1548,system_server,-1,DisplayDeviceConfig,requesting nits when no mapping exists.]
06-12 13:55:31.087 1548 1638 I am_wtf : [0,1548,system_server,-1,DisplayDeviceConfig,requesting nits when no mapping exists.]
06-12 13:55:31.093 1194 1293 I selfinstaller: create socket failed: Connection refused 111
06-12 13:55:31.098 1936 1936 D ViewTouchDebug: mView : DecorView@9e986eb[BrightnessDialog]Receive event : MotionEvent { action=ACTION_MOVE, actionButton=0, id[0]=0, x[0]=1596.1322, y[0]=169.71114, toolType[0]=TOOL_TYPE_FINGER, buttonState=0, classification=NONE, metaState=0, flags=0x0, edgeFlags=0x0, pointerCount=1, historySize=1, eventTime=589415, downTime=589117, deviceId=3, source=0x5002, displayId=0, eventId=561223430 }
06-12 13:55:31.100 1548 1911 E DisplayDeviceConfig: requesting nits when no mapping exists.
06-12 13:55:31.102 1548 1911 E DisplayDeviceConfig: requesting nits when no mapping exists.
06-12 13:55:31.102 1548 1638 I am_wtf : [0,1548,system_server,-1,DisplayDeviceConfig,requesting nits when no mapping exists.]
06-12 13:55:31.103 1548 1638 I am_wtf : [0,1548,system_server,-1,DisplayDeviceConfig,requesting nits when no mapping exists.]
06-12 13:55:31.115 1936 1936 D ViewTouchDebug: mView : DecorView@9e986eb[BrightnessDialog]Receive event : MotionEvent { action=ACTION_MOVE, actionButton=0, id[0]=0, x[0]=1524.0, y[0]=170.0, toolType[0]=TOOL_TYPE_FINGER, buttonState=0, classification=NONE, metaState=0, flags=0x0, edgeFlags=0x0, pointerCount=1, historySize=2, eventTime=589431, downTime=589117, deviceId=3, source=0x5002, displayId=0, eventId=678990091 }
06-12 13:55:31.119 1548 1911 E DisplayDeviceConfig: requesting nits when no mapping exists.
06-12 13:55:31.119 1548 1911 E DisplayDeviceConfig: requesting nits when no mapping exists.
06-12 13:55:31.119 1548 1638 I am_wtf : [0,1548,system_server,-1,DisplayDeviceConfig,requesting nits when no mapping exists.]
06-12 13:55:31.120 1548 1638 I am_wtf : [0,1548,system_server,-1,DisplayDeviceConfig,requesting nits when no mapping exists.]
06-12 13:55:31.124 657 672 I mpu_uart: [MSG-P:RECV]:No message received in 1000 ms
06-12 13:55:31.131 1936 1936 D ViewTouchDebug: mView : DecorView@9e986eb[BrightnessDialog]Receive event : MotionEvent { action=ACTION_MOVE, actionButton=0, id[0]=0, x[0]=1452.6028, y[0]=170.0, toolType[0]=TOOL_TYPE_FINGER, buttonState=0, classification=NONE, metaState=0, flags=0x0, edgeFlags=0x0, pointerCount=1, historySize=2, eventTime=589448, downTime=589117, deviceId=3, source=0x5002, displayId=0, eventId=1010582354 }
06-12 13:55:31.133 1548 1911 E DisplayDeviceConfig: requesting nits when no mapping exists.
06-12 13:55:31.133 1548 1911 E DisplayDeviceConfig: requesting nits when no mapping exists.
06-12 13:55:31.133 1548 1638 I am_wtf : [0,1548,system_server,-1,DisplayDeviceConfig,requesting nits when no mapping exists.]
06-12 13:55:31.134 1548 1638 I am_wtf : [0,1548,system_server,-1,DisplayDeviceConfig,requesting nits when no mapping exists.]
06-12 13:55:31.148 1936 1936 D ViewTouchDebug: mView : DecorView@9e986eb[BrightnessDialog]Receive event : MotionEvent { action=ACTION_MOVE, actionButton=0, id[0]=0, x[0]=1375.7687, y[0]=170.0, toolType[0]=TOOL_TYPE_FINGER, buttonState=0, classification=NONE, metaState=0, flags=0x0, edgeFlags=0x0, pointerCount=1, historySize=1, eventTime=589465, downTime=589117, deviceId=3, source=0x5002, displayId=0, eventId=401184782 }
06-12 13:55:31.149 1548 1911 E DisplayDeviceConfig: requesting nits when no mapping exists.
06-12 13:55:31.150 1548 1911 E DisplayDeviceConfig: requesting nits when no mapping exists.
06-12 13:55:31.150 1548 1638 I am_wtf : [0,1548,system_server,-1,DisplayDeviceConfig,requesting nits when no mapping exists.]
06-12 13:55:31.153 1548 1638 I am_wtf : [0,1548,system_server,-1,DisplayDeviceConfig,requesting nits when no mapping exists.]
06-12 13:55:31.165 1936 1936 D ViewTouchDebug: mView : DecorView@9e986eb[BrightnessDialog]Receive event : MotionEvent { action=ACTION_MOVE, actionButton=0, id[0]=0, x[0]=1294.7968, y[0]=170.0, toolType[0]=TOOL_TYPE_FINGER, buttonState=0, classification=NONE, metaState=0, flags=0x0, edgeFlags=0x0, pointerCount=1, historySize=2, eventTime=589481, downTime=589117, deviceId=3, source=0x5002, displayId=0, eventId=422161636 }
06-12 13:55:31.167 1548 1911 E DisplayDeviceConfig: requesting nits when no mapping exists.
06-12 13:55:31.167 1548 1911 E DisplayDeviceConfig: requesting nits when no mapping exists.
06-12 13:55:31.167 1548 1638 I am_wtf : [0,1548,system_server,-1,DisplayDeviceConfig,requesting nits when no mapping exists.]
06-12 13:55:31.168 1548 1638 I am_wtf : [0,1548,system_server,-1,DisplayDeviceConfig,requesting nits when no mapping exists.]
06-12 13:55:31.181 1936 1936 D ViewTouchDebug: mView : DecorView@9e986eb[BrightnessDialog]Receive event : MotionEvent { action=ACTION_MOVE, actionButton=0, id[0]=0, x[0]=1211.651, y[0]=171.1245, toolType[0]=TOOL_TYPE_FINGER, buttonState=0, classification=NONE, metaState=0, flags=0x0, edgeFlags=0x0, pointerCount=1, historySize=2, eventTime=589498, downTime=589117, deviceId=3, source=0x5002, displayId=0, eventId=382092861 }
06-12 13:55:31.186 1548 1911 E DisplayDeviceConfig: requesting nits when no mapping exists.
06-12 13:55:31.187 1548 1911 E DisplayDeviceConfig: requesting nits when no mapping exists.
06-12 13:55:31.187 1548 1638 I am_wtf : [0,1548,system_server,-1,DisplayDeviceConfig,requesting nits when no mapping exists.]
06-12 13:55:31.187 1548 1638 I am_wtf : [0,1548,system_server,-1,DisplayDeviceConfig,requesting nits when no mapping exists.]
06-12 13:55:31.198 1936 1936 D ViewTouchDebug: mView : DecorView@9e986eb[BrightnessDialog]Receive event : MotionEvent { action=ACTION_MOVE, actionButton=0, id[0]=0, x[0]=1123.5198, y[0]=173.56529, toolType[0]=TOOL_TYPE_FINGER, buttonState=0, classification=NONE, metaState=0, flags=0x0, edgeFlags=0x0, pointerCount=1, historySize=1, eventTime=589515, downTime=589117, deviceId=3, source=0x5002, displayId=0, eventId=460269981 }
06-12 13:55:31.200 1548 1911 E DisplayDeviceConfig: requesting nits when no mapping exists.
06-12 13:55:31.200 1548 1638 I am_wtf : [0,1548,system_server,-1,DisplayDeviceConfig,requesting nits when no mapping exists.]
06-12 13:55:31.200 1548 1911 E DisplayDeviceConfig: requesting nits when no mapping exists.
06-12 13:55:31.201 1548 1638 I am_wtf : [0,1548,system_server,-1,DisplayDeviceConfig,requesting nits when no mapping exists.]
06-12 13:55:31.215 1936 1936 D ViewTouchDebug: mView : DecorView@9e986eb[BrightnessDialog]Receive event : MotionEvent { action=ACTION_MOVE, actionButton=0, id[0]=0, x[0]=1034.8661, y[0]=178.28522, toolType[0]=TOOL_TYPE_FINGER, buttonState=0, classification=NONE, metaState=0, flags=0x0, edgeFlags=0x0, pointerCount=1, historySize=2, eventTime=589531, downTime=589117, deviceId=3, source=0x5002, displayId=0, eventId=595737818 }
06-12 13:55:31.220 1548 1911 E DisplayDeviceConfig: requesting nits when no mapping exists.
06-12 13:55:31.220 1548 1911 E DisplayDeviceConfig: requesting nits when no mapping exists.
06-12 13:55:31.220 1548 1638 I am_wtf : [0,1548,system_server,-1,DisplayDeviceConfig,requesting nits when no mapping exists.]
06-12 13:55:31.221 1548 1638 I am_wtf : [0,1548,system_server,-1,DisplayDeviceConfig,requesting nits when no mapping exists.]
06-12 13:55:31.231 1936 1936 D ViewTouchDebug: mView : DecorView@9e986eb[BrightnessDialog]Receive event : MotionEvent { action=ACTION_MOVE, actionButton=0, id[0]=0, x[0]=943.96014, y[0]=185.37332, toolType[0]=TOOL_TYPE_FINGER, buttonState=0, classification=NONE, metaState=0, flags=0x0, edgeFlags=0x0, pointerCount=1, historySize=2, eventTime=589548, downTime=589117, deviceId=3, source=0x5002, displayId=0, eventId=1029833585 }
06-12 13:55:31.233 1548 1911 E DisplayDeviceConfig: requesting nits when no mapping exists.
06-12 13:55:31.233 1548 1911 E DisplayDeviceConfig: requesting nits when no mapping exists.
06-12 13:55:31.233 1548 1638 I am_wtf : [0,1548,system_server,-1,DisplayDeviceConfig,requesting nits when no mapping exists.]
06-12 13:55:31.234 1548 1638 I am_wtf : [0,1548,system_server,-1,DisplayDeviceConfig,requesting nits when no mapping exists.]
06-12 13:55:31.248 1936 1936 D ViewTouchDebug: mView : DecorView@9e986eb[BrightnessDialog]Receive event : MotionEvent { action=ACTION_MOVE, actionButton=0, id[0]=0, x[0]=858.71765, y[0]=187.69774, toolType[0]=TOOL_TYPE_FINGER, buttonState=0, classification=NONE, metaState=0, flags=0x0, edgeFlags=0x0, pointerCount=1, historySize=1, eventTime=589564, downTime=589117, deviceId=3, source=0x5002, displayId=0, eventId=309633401 }
06-12 13:55:31.249 1548 1911 E DisplayDeviceConfig: requesting nits when no mapping exists.
06-12 13:55:31.250 1548 1638 I am_wtf : [0,1548,system_server,-1,DisplayDeviceConfig,requesting nits when no mapping exists.]
06-12 13:55:31.250 1548 1911 E DisplayDeviceConfig: requesting nits when no mapping exists.
06-12 13:55:31.252 1548 1638 I am_wtf : [0,1548,system_server,-1,DisplayDeviceConfig,requesting nits when no mapping exists.]
06-12 13:55:31.265 1936 1936 D ViewTouchDebug: mView : DecorView@9e986eb[BrightnessDialog]Receive event : MotionEvent { action=ACTION_MOVE, actionButton=0, id[0]=0, x[0]=772.0366, y[0]=188.0, toolType[0]=TOOL_TYPE_FINGER, buttonState=0, classification=NONE, metaState=0, flags=0x0, edgeFlags=0x0, pointerCount=1, historySize=2, eventTime=589581, downTime=589117, deviceId=3, source=0x5002, displayId=0, eventId=280347626 }
06-12 13:55:31.266 1548 1911 E DisplayDeviceConfig: requesting nits when no mapping exists.
06-12 13:55:31.267 1548 1911 E DisplayDeviceConfig: requesting nits when no mapping exists.
06-12 13:55:31.267 1548 1638 I am_wtf : [0,1548,system_server,-1,DisplayDeviceConfig,requesting nits when no mapping exists.]
06-12 13:55:31.267 1548 1638 I am_wtf : [0,1548,system_server,-1,DisplayDeviceConfig,requesting nits when no mapping exists.]
06-12 13:55:31.281 1936 1936 D ViewTouchDebug: mView : DecorView@9e986eb[BrightnessDialog]Receive event : MotionEvent { action=ACTION_MOVE, actionButton=0, id[0]=0, x[0]=702.48566, y[0]=181.71721, toolType[0]=TOOL_TYPE_FINGER, buttonState=0, classification=NONE, metaState=0, flags=0x0, edgeFlags=0x0, pointerCount=1, historySize=2, eventTime=589598, downTime=589117, deviceId=3, source=0x5002, displayId=0, eventId=505857626 }
06-12 13:55:31.283 1548 1911 E DisplayDeviceConfig: requesting nits when no mapping exists.
06-12 13:55:31.283 1548 1911 E DisplayDeviceConfig: requesting nits when no mapping exists.
06-12 13:55:31.283 1548 1638 I am_wtf : [0,1548,system_server,-1,DisplayDeviceConfig,requesting nits when no mapping exists.]
06-12 13:55:31.286 1548 1638 I am_wtf : [0,1548,system_server,-1,DisplayDeviceConfig,requesting nits when no mapping exists.]
06-12 13:55:31.298 1936 1936 D ViewTouchDebug: mView : DecorView@9e986eb[BrightnessDialog]Receive event : MotionEvent { action=ACTION_MOVE, actionButton=0, id[0]=0, x[0]=624.5744, y[0]=180.2158, toolType[0]=TOOL_TYPE_FINGER, buttonState=0, classification=NONE, metaState=0, flags=0x0, edgeFlags=0x0, pointerCount=1, historySize=1, eventTime=589614, downTime=589117, deviceId=3, source=0x5002, displayId=0, eventId=920240486 }
06-12 13:55:31.299 1548 1911 E DisplayDeviceConfig: requesting nits when no mapping exists.
06-12 13:55:31.300 1548 1911 E DisplayDeviceConfig: requesting nits when no mapping exists.
06-12 13:55:31.300 1548 1638 I am_wtf : [0,1548,system_server,-1,DisplayDeviceConfig,requesting nits when no mapping exists.]
06-12 13:55:31.302 1548 1638 I am_wtf : [0,1548,system_server,-1,DisplayDeviceConfig,requesting nits when no mapping exists.]
06-12 13:55:31.315 1936 1936 D ViewTouchDebug: mView : DecorView@9e986eb[BrightnessDialog]Receive event : MotionEvent { action=ACTION_MOVE, actionButton=0, id[0]=0, x[0]=541.205, y[0]=180.0, toolType[0]=TOOL_TYPE_FINGER, buttonState=0, classification=NONE, metaState=0, flags=0x0, edgeFlags=0x0, pointerCount=1, historySize=2, eventTime=589631, downTime=589117, deviceId=3, source=0x5002, displayId=0, eventId=236074886 }
06-12 13:55:31.316 1548 1911 E DisplayDeviceConfig: requesting nits when no mapping exists.
06-12 13:55:31.317 1548 1911 E DisplayDeviceConfig: requesting nits when no mapping exists.
06-12 13:55:31.317 1548 1638 I am_wtf : [0,1548,system_server,-1,DisplayDeviceConfig,requesting nits when no mapping exists.]
06-12 13:55:31.317 1548 1638 I am_wtf : [0,1548,system_server,-1,DisplayDeviceConfig,requesting nits when no mapping exists.]
06-12 13:55:31.331 1936 1936 D ViewTouchDebug: mView : DecorView@9e986eb[BrightnessDialog]Receive event : MotionEvent { action=ACTION_MOVE, actionButton=0, id[0]=0, x[0]=461.6214, y[0]=191.64543, toolType[0]=TOOL_TYPE_FINGER, buttonState=0, classification=NONE, metaState=0, flags=0x0, edgeFlags=0x0, pointerCount=1, historySize=2, eventTime=589648, downTime=589117, deviceId=3, source=0x5002, displayId=0, eventId=475888648 }
06-12 13:55:31.333 1548 1911 E DisplayDeviceConfig: requesting nits when no mapping exists.
06-12 13:55:31.333 1548 1911 E DisplayDeviceConfig: requesting nits when no mapping exists.
06-12 13:55:31.333 1548 1638 I am_wtf : [0,1548,system_server,-1,DisplayDeviceConfig,requesting nits when no mapping exists.]
06-12 13:55:31.336 1548 1638 I am_wtf : [0,1548,system_server,-1,DisplayDeviceConfig,requesting nits when no mapping exists.]
06-12 13:55:31.348 1936 1936 D ViewTouchDebug: mView : DecorView@9e986eb[BrightnessDialog]Receive event : MotionEvent { action=ACTION_MOVE, actionButton=0, id[0]=0, x[0]=378.458, y[0]=203.80153, toolType[0]=TOOL_TYPE_FINGER, buttonState=0, classification=NONE, metaState=0, flags=0x0, edgeFlags=0x0, pointerCount=1, historySize=1, eventTime=589664, downTime=589117, deviceId=3, source=0x5002, displayId=0, eventId=136784423 }
06-12 13:55:31.350 1548 1911 E DisplayDeviceConfig: requesting nits when no mapping exists.
06-12 13:55:31.350 1548 1911 E DisplayDeviceConfig: requesting nits when no mapping exists.
06-12 13:55:31.350 1548 1638 I am_wtf : [0,1548,system_server,-1,DisplayDeviceConfig,requesting nits when no mapping exists.]
06-12 13:55:31.352 1548 1638 I am_wtf : [0,1548,system_server,-1,DisplayDeviceConfig,requesting nits when no mapping exists.]
06-12 13:55:31.365 1936 1936 D ViewTouchDebug: mView : DecorView@9e986eb[BrightnessDialog]Receive event : MotionEvent { action=ACTION_MOVE, actionButton=0, id[0]=0, x[0]=295.3806, y[0]=217.2991, toolType[0]=TOOL_TYPE_FINGER, buttonState=0, classification=NONE, metaState=0, flags=0x0, edgeFlags=0x0, pointerCount=1, historySize=2, eventTime=589681, downTime=589117, deviceId=3, source=0x5002, displayId=0, eventId=98855840 }
06-12 13:55:31.369 1548 1911 E DisplayDeviceConfig: requesting nits when no mapping exists.
06-12 13:55:31.369 1548 1911 E DisplayDeviceConfig: requesting nits when no mapping exists.
06-12 13:55:31.369 1548 1638 I am_wtf : [0,1548,system_server,-1,DisplayDeviceConfig,requesting nits when no mapping exists.]
06-12 13:55:31.370 1548 1638 I am_wtf : [0,1548,system_server,-1,DisplayDeviceConfig,requesting nits when no mapping exists.]
06-12 13:55:31.381 1936 1936 D ViewTouchDebug: mView : DecorView@9e986eb[BrightnessDialog]Receive event : MotionEvent { action=ACTION_MOVE, actionButton=0, id[0]=0, x[0]=226.07483, y[0]=231.5119, toolType[0]=TOOL_TYPE_FINGER, buttonState=0, classification=NONE, metaState=0, flags=0x0, edgeFlags=0x0, pointerCount=1, historySize=2, eventTime=589698, downTime=589117, deviceId=3, source=0x5002, displayId=0, eventId=22769143 }
06-12 13:55:31.384 1548 1911 E DisplayDeviceConfig: requesting nits when no mapping exists.
06-12 13:55:31.385 1548 1911 E DisplayDeviceConfig: requesting nits when no mapping exists.
06-12 13:55:31.385 1548 1638 I am_wtf : [0,1548,system_server,-1,DisplayDeviceConfig,requesting nits when no mapping exists.]
06-12 13:55:31.385 1548 1638 I am_wtf : [0,1548,system_server,-1,DisplayDeviceConfig,requesting nits when no mapping exists.]
06-12 13:55:31.398 1936 1936 D ViewTouchDebug: mView : DecorView@9e986eb[BrightnessDialog]Receive event : MotionEvent { action=ACTION_MOVE, actionButton=0, id[0]=0, x[0]=170.96356, y[0]=238.09421, toolType[0]=TOOL_TYPE_FINGER, buttonState=0, classification=NONE, metaState=0, flags=0x0, edgeFlags=0x0, pointerCount=1, historySize=1, eventTime=589714, downTime=589117, deviceId=3, source=0x5002, displayId=0, eventId=988328319 }
06-12 13:55:31.400 1548 1911 E DisplayDeviceConfig: requesting nits when no mapping exists.
06-12 13:55:31.400 1548 1638 I am_wtf : [0,1548,system_server,-1,DisplayDeviceConfig,requesting nits when no mapping exists.]
06-12 13:55:31.400 1548 1911 E DisplayDeviceConfig: requesting nits when no mapping exists.
06-12 13:55:31.401 1548 1638 I am_wtf : [0,1548,system_server,-1,DisplayDeviceConfig,requesting nits when no mapping exists.]
06-12 13:55:31.415 1936 1936 D ViewTouchDebug: mView : DecorView@9e986eb[BrightnessDialog]Receive event : MotionEvent { action=ACTION_MOVE, actionButton=0, id[0]=0, x[0]=126.94144, y[0]=241.52286, toolType[0]=TOOL_TYPE_FINGER, buttonState=0, classification=NONE, metaState=0, flags=0x0, edgeFlags=0x0, pointerCount=1, historySize=2, eventTime=589731, downTime=589117, deviceId=3, source=0x5002, displayId=0, eventId=79711456 }
06-12 13:55:31.417 1548 1911 E DisplayDeviceConfig: requesting nits when no mapping exists.
06-12 13:55:31.417 1548 1911 E DisplayDeviceConfig: requesting nits when no mapping exists.
06-12 13:55:31.417 1548 1638 I am_wtf : [0,1548,system_server,-1,DisplayDeviceConfig,requesting nits when no mapping exists.]
06-12 13:55:31.418 1548 1638 I am_wtf : [0,1548,system_server,-1,DisplayDeviceConfig,requesting nits when no mapping exists.]
06-12 13:55:31.431 1936 1936 D ViewTouchDebug: mView : DecorView@9e986eb[BrightnessDialog]Receive event : MotionEvent { action=ACTION_MOVE, actionButton=0, id[0]=0, x[0]=86.64282, y[0]=243.01553, toolType[0]=TOOL_TYPE_FINGER, buttonState=0, classification=NONE, metaState=0, flags=0x0, edgeFlags=0x0, pointerCount=1, historySize=2, eventTime=589748, downTime=589117, deviceId=3, source=0x5002, displayId=0, eventId=424954545 }
06-12 13:55:31.433 1548 1911 E DisplayDeviceConfig: requesting nits when no mapping exists.
06-12 13:55:31.434 1548 1911 E DisplayDeviceConfig: requesting nits when no mapping exists.
06-12 13:55:31.434 1548 1638 I am_wtf : [0,1548,system_server,-1,DisplayDeviceConfig,requesting nits when no mapping exists.]
06-12 13:55:31.435 1548 1638 I am_wtf : [0,1548,system_server,-1,DisplayDeviceConfig,requesting nits when no mapping exists.]
06-12 13:55:31.448 1936 1936 D ViewTouchDebug: mView : DecorView@9e986eb[BrightnessDialog]Receive event : MotionEvent { action=ACTION_MOVE, actionButton=0, id[0]=0, x[0]=55.13202, y[0]=244.0, toolType[0]=TOOL_TYPE_FINGER, buttonState=0, classification=NONE, metaState=0, flags=0x0, edgeFlags=0x0, pointerCount=1, historySize=1, eventTime=589764, downTime=589117, deviceId=3, source=0x5002, displayId=0, eventId=956639802 }
06-12 13:55:31.450 1548 1911 E DisplayDeviceConfig: requesting nits when no mapping exists.
06-12 13:55:31.450 1548 1911 E DisplayDeviceConfig: requesting nits when no mapping exists.
06-12 13:55:31.451 1548 1638 I am_wtf : [0,1548,system_server,-1,DisplayDeviceConfig,requesting nits when no mapping exists.]
06-12 13:55:31.451 1548 1638 I am_wtf : [0,1548,system_server,-1,DisplayDeviceConfig,requesting nits when no mapping exists.]
06-12 13:55:31.465 1936 1936 D ViewTouchDebug: mView : DecorView@9e986eb[BrightnessDialog]Receive event : MotionEvent { action=ACTION_MOVE, actionButton=0, id[0]=0, x[0]=32.547295, y[0]=246.68503, toolType[0]=TOOL_TYPE_FINGER, buttonState=0, classification=NONE, metaState=0, flags=0x0, edgeFlags=0x0, pointerCount=1, historySize=2, eventTime=589781, downTime=589117, deviceId=3, source=0x5002, displayId=0, eventId=439576875 }
06-12 13:55:31.467 1548 1911 E DisplayDeviceConfig: requesting nits when no mapping exists.
06-12 13:55:31.467 1548 1911 E DisplayDeviceConfig: requesting nits when no mapping exists.
06-12 13:55:31.467 1548 1638 I am_wtf : [0,1548,system_server,-1,DisplayDeviceConfig,requesting nits when no mapping exists.]
06-12 13:55:31.468 1548 1638 I am_wtf : [0,1548,system_server,-1,DisplayDeviceConfig,requesting nits when no mapping exists.]
06-12 13:55:31.493 1936 1936 D ViewTouchDebug: mView : DecorView@9e986eb[BrightnessDialog]Receive event : MotionEvent { action=ACTION_UP, actionButton=0, id[0]=0, x[0]=37.0, y[0]=246.0, toolType[0]=TOOL_TYPE_FINGER, buttonState=0, classification=NONE, metaState=0, flags=0x0, edgeFlags=0x0, pointerCount=1, historySize=0, eventTime=589814, downTime=589117, deviceId=3, source=0x5002, displayId=0, eventId=28715300 }
06-12 13:55:31.493 1936 1936 I sysui_multi_action: [757,218,758,4,759,1]
06-12 13:55:31.497 1548 4464 I commit_sys_config_file: [display-state,570969]
06-12 13:55:31.501 1548 1671 V DisplayPowerController[0]: Brightness [0.0] reason changing to: 'manual', previous reason: 'temporary'.
06-12 13:55:31.503 1548 1576 W System : A resource failed to call release.
06-12 13:55:31.710 1548 1813 I commit_sys_config_file: [settings-1-0,5]
06-12 13:55:31.920 2134 6685 D MicroService: handleHeartBeat:295
06-12 13:55:32.083 2336 4980 D RemoteControlService: heart beat timer called
06-12 13:55:32.089 2134 2134 D MicroService: onHeartBeatDetected
06-12 13:55:32.089 2134 2134 D MicroService: sendHeartbeatMessage
06-12 13:55:32.124 657 672 I mpu_uart: [MSG-P:RECV]:No message received in 1000 ms
06-12 13:55:32.140 657 671 I mpu_uart: [MSG-P:R]:recv sync frame timeout
06-12 13:55:32.498 1936 1936 D ViewTouchDebug: mView : com.android.systemui.navigationbar.NavigationBarFrame{b436c0b V.E...... ......I. 0,0-2560,46 #7f0b03f2 app:id/navigation_bar_frame}Receive event : MotionEvent { action=ACTION_OUTSIDE, actionButton=0, id[0]=0, x[0]=246.0, y[0]=-918.0, toolType[0]=TOOL_TYPE_FINGER, buttonState=0, classification=NONE, metaState=0, flags=0x0, edgeFlags=0x0, pointerCount=1, historySize=0, eventTime=590817, downTime=590817, deviceId=3, source=0x5002, displayId=0, eventId=1629845517 }
06-12 13:55:32.498 1936 1936 D ViewTouchDebug: mView : DecorView@9e986eb[BrightnessDialog]Receive event : MotionEvent { action=ACTION_DOWN, actionButton=0, id[0]=0, x[0]=246.0, y[0]=80.0, toolType[0]=TOOL_TYPE_FINGER, buttonState=0, classification=NONE, metaState=0, flags=0x0, edgeFlags=0x0, pointerCount=1, historySize=0, eventTime=590817, downTime=590817, deviceId=3, source=0x5002, displayId=0, eventId=850215192 }
06-12 13:55:32.499 1548 1671 V DisplayPowerController[0]: Brightness [0.0] reason changing to: 'temporary', previous reason: 'manual'.
06-12 13:55:32.502 1548 1911 E DisplayDeviceConfig: requesting nits when no mapping exists.
06-12 13:55:32.502 1548 1911 E DisplayDeviceConfig: requesting nits when no mapping exists.
06-12 13:55:32.502 1548 1638 I am_wtf : [0,1548,system_server,-1,DisplayDeviceConfig,requesting nits when no mapping exists.]
06-12 13:55:32.503 1548 1638 I am_wtf : [0,1548,system_server,-1,DisplayDeviceConfig,requesting nits when no mapping exists.]
06-12 13:55:32.593 1936 1936 D ViewTouchDebug: mView : DecorView@9e986eb[BrightnessDialog]Receive event : MotionEvent { action=ACTION_MOVE, actionButton=0, id[0]=0, x[0]=264.0, y[0]=75.0, toolType[0]=TOOL_TYPE_FINGER, buttonState=0, classification=NONE, metaState=0, flags=0x0, edgeFlags=0x0, pointerCount=1, historySize=0, eventTime=590914, downTime=590817, deviceId=3, source=0x5002, displayId=0, eventId=85851641 }
06-12 13:55:32.615 1936 1936 D ViewTouchDebug: mView : DecorView@9e986eb[BrightnessDialog]Receive event : MotionEvent { action=ACTION_MOVE, actionButton=0, id[0]=0, x[0]=291.00378, y[0]=69.11027, toolType[0]=TOOL_TYPE_FINGER, buttonState=0, classification=NONE, metaState=0, flags=0x0, edgeFlags=0x0, pointerCount=1, historySize=1, eventTime=590931, downTime=590817, deviceId=3, source=0x5002, displayId=0, eventId=442556361 }
06-12 13:55:32.616 1548 1911 E DisplayDeviceConfig: requesting nits when no mapping exists.
06-12 13:55:32.617 1548 1911 E DisplayDeviceConfig: requesting nits when no mapping exists.
06-12 13:55:32.617 1548 1638 I am_wtf : [0,1548,system_server,-1,DisplayDeviceConfig,requesting nits when no mapping exists.]
06-12 13:55:32.617 1548 1638 I am_wtf : [0,1548,system_server,-1,DisplayDeviceConfig,requesting nits when no mapping exists.]
06-12 13:55:32.631 1936 1936 D ViewTouchDebug: mView : DecorView@9e986eb[BrightnessDialog]Receive event : MotionEvent { action=ACTION_MOVE, actionButton=0, id[0]=0, x[0]=327.55432, y[0]=63.884216, toolType[0]=TOOL_TYPE_FINGER, buttonState=0, classification=NONE, metaState=0, flags=0x0, edgeFlags=0x0, pointerCount=1, historySize=2, eventTime=590948, downTime=590817, deviceId=3, source=0x5002, displayId=0, eventId=774369607 }
06-12 13:55:32.634 1548 1911 E DisplayDeviceConfig: requesting nits when no mapping exists.
06-12 13:55:32.634 1548 1638 I am_wtf : [0,1548,system_server,-1,DisplayDeviceConfig,requesting nits when no mapping exists.]
06-12 13:55:32.634 1548 1911 E DisplayDeviceConfig: requesting nits when no mapping exists.
06-12 13:55:32.638 1548 1638 I am_wtf : [0,1548,system_server,-1,DisplayDeviceConfig,requesting nits when no mapping exists.]
06-12 13:55:32.648 1936 1936 D ViewTouchDebug: mView : DecorView@9e986eb[BrightnessDialog]Receive event : MotionEvent { action=ACTION_MOVE, actionButton=0, id[0]=0, x[0]=373.0253, y[0]=61.76729, toolType[0]=TOOL_TYPE_FINGER, buttonState=0, classification=NONE, metaState=0, flags=0x0, edgeFlags=0x0, pointerCount=1, historySize=2, eventTime=590964, downTime=590817, deviceId=3, source=0x5002, displayId=0, eventId=128905271 }
06-12 13:55:32.650 1548 1911 E DisplayDeviceConfig: requesting nits when no mapping exists.
06-12 13:55:32.650 1548 1911 E DisplayDeviceConfig: requesting nits when no mapping exists.
06-12 13:55:32.650 1548 1638 I am_wtf : [0,1548,system_server,-1,DisplayDeviceConfig,requesting nits when no mapping exists.]
06-12 13:55:32.651 1548 1638 I am_wtf : [0,1548,system_server,-1,DisplayDeviceConfig,requesting nits when no mapping exists.]
06-12 13:55:32.665 1936 1936 D ViewTouchDebug: mView : DecorView@9e986eb[BrightnessDialog]Receive event : MotionEvent { action=ACTION_MOVE, actionButton=0, id[0]=0, x[0]=422.78848, y[0]=60.0, toolType[0]=TOOL_TYPE_FINGER, buttonState=0, classification=NONE, metaState=0, flags=0x0, edgeFlags=0x0, pointerCount=1, historySize=1, eventTime=590981, downTime=590817, deviceId=3, source=0x5002, displayId=0, eventId=888497365 }
06-12 13:55:32.666 1548 1911 E DisplayDeviceConfig: requesting nits when no mapping exists.
06-12 13:55:32.666 1548 1911 E DisplayDeviceConfig: requesting nits when no mapping exists.
06-12 13:55:32.666 1548 1638 I am_wtf : [0,1548,system_server,-1,DisplayDeviceConfig,requesting nits when no mapping exists.]
06-12 13:55:32.667 1548 1638 I am_wtf : [0,1548,system_server,-1,DisplayDeviceConfig,requesting nits when no mapping exists.]
06-12 13:55:32.681 1936 1936 D ViewTouchDebug: mView : DecorView@9e986eb[BrightnessDialog]Receive event : MotionEvent { action=ACTION_MOVE, actionButton=0, id[0]=0, x[0]=479.73886, y[0]=60.0, toolType[0]=TOOL_TYPE_FINGER, buttonState=0, classification=NONE, metaState=0, flags=0x0, edgeFlags=0x0, pointerCount=1, historySize=2, eventTime=590998, downTime=590817, deviceId=3, source=0x5002, displayId=0, eventId=1062255716 }
06-12 13:55:32.683 1548 1911 E DisplayDeviceConfig: requesting nits when no mapping exists.
06-12 13:55:32.684 1548 1911 E DisplayDeviceConfig: requesting nits when no mapping exists.
06-12 13:55:32.684 1548 1638 I am_wtf : [0,1548,system_server,-1,DisplayDeviceConfig,requesting nits when no mapping exists.]
06-12 13:55:32.686 1548 1638 I am_wtf : [0,1548,system_server,-1,DisplayDeviceConfig,requesting nits when no mapping exists.]
06-12 13:55:32.698 1936 1936 D ViewTouchDebug: mView : DecorView@9e986eb[BrightnessDialog]Receive event : MotionEvent { action=ACTION_MOVE, actionButton=0, id[0]=0, x[0]=543.03656, y[0]=65.027275, toolType[0]=TOOL_TYPE_FINGER, buttonState=0, classification=NONE, metaState=0, flags=0x0, edgeFlags=0x0, pointerCount=1, historySize=2, eventTime=591015, downTime=590817, deviceId=3, source=0x5002, displayId=0, eventId=119805494 }
06-12 13:55:32.699 1548 1911 E DisplayDeviceConfig: requesting nits when no mapping exists.
06-12 13:55:32.700 1548 1911 E DisplayDeviceConfig: requesting nits when no mapping exists.
06-12 13:55:32.700 1548 1638 I am_wtf : [0,1548,system_server,-1,DisplayDeviceConfig,requesting nits when no mapping exists.]
06-12 13:55:32.700 1548 1638 I am_wtf : [0,1548,system_server,-1,DisplayDeviceConfig,requesting nits when no mapping exists.]
06-12 13:55:32.715 1936 1936 D ViewTouchDebug: mView : DecorView@9e986eb[BrightnessDialog]Receive event : MotionEvent { action=ACTION_MOVE, actionButton=0, id[0]=0, x[0]=612.6302, y[0]=68.04501, toolType[0]=TOOL_TYPE_FINGER, buttonState=0, classification=NONE, metaState=0, flags=0x0, edgeFlags=0x0, pointerCount=1, historySize=1, eventTime=591031, downTime=590817, deviceId=3, source=0x5002, displayId=0, eventId=110136777 }
06-12 13:55:32.716 1548 1911 E DisplayDeviceConfig: requesting nits when no mapping exists.
06-12 13:55:32.716 1548 1911 E DisplayDeviceConfig: requesting nits when no mapping exists.
06-12 13:55:32.716 1548 1638 I am_wtf : [0,1548,system_server,-1,DisplayDeviceConfig,requesting nits when no mapping exists.]
06-12 13:55:32.719 1548 1638 I am_wtf : [0,1548,system_server,-1,DisplayDeviceConfig,requesting nits when no mapping exists.]
