06-12 13:45:58.833 1936 1936 I sysui_multi_action: [757,491,758,1,759,491,927,4,928,0,1311,-1,1593,0]
06-12 13:45:58.833 1936 1936 I sysui_multi_action: [757,0,758,1,759,0,927,5,928,0,1593,0]
06-12 13:45:58.835 1936 1936 I sysui_multi_action: [757,111,758,1]
06-12 13:45:58.835 1936 1936 I sysui_multi_action: [757,126,758,1,759,126,927,0,928,1,1593,0]
06-12 13:45:58.835 1936 1936 I sysui_multi_action: [757,113,758,1,759,113,927,1,928,1,1593,0]
06-12 13:45:58.835 1936 1936 I sysui_multi_action: [757,0,758,1,759,0,927,2,928,0,1593,0]
06-12 13:45:58.835 1936 1936 I sysui_multi_action: [757,0,758,1,759,0,927,3,928,0,1593,0]
06-12 13:45:59.140 1548 1777 W PackageManager: /data/system/packages.xml fsync begin
06-12 13:45:59.142 1548 1777 W PackageManager: /data/system/packages.xml fsync end
06-12 13:45:59.159 0 0 I [ 17.734467] logd: start watching /data/system/packages.list ...
06-12 13:45:59.160 1548 1777 I commit_sys_config_file: [package-user-0,3]
06-12 13:45:59.160 1548 1777 I commit_sys_config_file: [package,32]
06-12 13:45:59.163 0 0 I [ 17.736235] logd: ReadPackageList, total packages: 100
06-12 13:45:59.721 0 0 I [ 18.297802] init: Sending signal 9 to service 'idmap2d' (pid 1168) process group...
06-12 13:45:59.723 1548 2990 W OverlayManager: service 'idmap' died
06-12 13:45:59.727 0 0 I [ 18.303485] libprocessgroup: Successfully killed process cgroup uid 1000 pid 1168 in 5ms
06-12 13:45:59.731 0 0 I [ 18.304435] init: Control message: Processed ctl.stop for 'idmap2d' from pid: 1548 (system_server)
06-12 13:45:59.731 0 0 I [ 18.305107] init: Service 'idmap2d' (pid 1168) received signal 9
06-12 13:45:59.761 1548 1829 I input_interaction: Interaction with: 40d8d8d NotificationShade (server), edge-swipe (server), swipe-up (server), PointerEventDispatcher0 (server),
06-12 13:45:59.866 1548 1671 V DisplayPowerController[0]: Brightness [0.0] reason changing to: 'temporary', previous reason: 'manual'.
06-12 13:45:59.868 1548 1911 E DisplayDeviceConfig: requesting nits when no mapping exists.
06-12 13:45:59.868 1548 1911 E DisplayDeviceConfig: requesting nits when no mapping exists.
06-12 13:45:59.868 1548 1638 I am_wtf : [0,1548,system_server,-1,DisplayDeviceConfig,requesting nits when no mapping exists.]
06-12 13:45:59.869 1548 1638 I DropBoxManagerService: add tag=system_server_wtf isTagEnabled=true flags=0x2
06-12 13:45:59.871 1548 1638 I am_wtf : [0,1548,system_server,-1,DisplayDeviceConfig,requesting nits when no mapping exists.]
06-12 13:45:59.883 1548 1911 E DisplayDeviceConfig: requesting nits when no mapping exists.
06-12 13:45:59.883 1548 1911 E DisplayDeviceConfig: requesting nits when no mapping exists.
06-12 13:45:59.883 1548 1638 I am_wtf : [0,1548,system_server,-1,DisplayDeviceConfig,requesting nits when no mapping exists.]
06-12 13:45:59.884 1548 1638 I am_wtf : [0,1548,system_server,-1,DisplayDeviceConfig,requesting nits when no mapping exists.]
06-12 13:45:59.900 1548 1911 E DisplayDeviceConfig: requesting nits when no mapping exists.
06-12 13:45:59.900 1548 1911 E DisplayDeviceConfig: requesting nits when no mapping exists.
06-12 13:45:59.900 1548 1638 I am_wtf : [0,1548,system_server,-1,DisplayDeviceConfig,requesting nits when no mapping exists.]
06-12 13:45:59.900 1548 1638 I am_wtf : [0,1548,system_server,-1,DisplayDeviceConfig,requesting nits when no mapping exists.]
06-12 13:45:59.916 1548 1911 E DisplayDeviceConfig: requesting nits when no mapping exists.
06-12 13:45:59.917 1548 1911 E DisplayDeviceConfig: requesting nits when no mapping exists.
06-12 13:45:59.917 1548 1638 I am_wtf : [0,1548,system_server,-1,DisplayDeviceConfig,requesting nits when no mapping exists.]
06-12 13:45:59.918 1548 1638 I am_wtf : [0,1548,system_server,-1,DisplayDeviceConfig,requesting nits when no mapping exists.]
06-12 13:45:59.933 1548 1911 E DisplayDeviceConfig: requesting nits when no mapping exists.
06-12 13:45:59.934 1548 1638 I am_wtf : [0,1548,system_server,-1,DisplayDeviceConfig,requesting nits when no mapping exists.]
06-12 13:45:59.934 1548 1911 E DisplayDeviceConfig: requesting nits when no mapping exists.
06-12 13:45:59.936 1548 1638 I am_wtf : [0,1548,system_server,-1,DisplayDeviceConfig,requesting nits when no mapping exists.]
06-12 13:45:59.950 1548 1911 E DisplayDeviceConfig: requesting nits when no mapping exists.
06-12 13:45:59.951 1548 1911 E DisplayDeviceConfig: requesting nits when no mapping exists.
06-12 13:45:59.951 1548 1638 I am_wtf : [0,1548,system_server,-1,DisplayDeviceConfig,requesting nits when no mapping exists.]
06-12 13:45:59.952 1548 1638 I am_wtf : [0,1548,system_server,-1,DisplayDeviceConfig,requesting nits when no mapping exists.]
06-12 13:45:59.967 1548 1911 E DisplayDeviceConfig: requesting nits when no mapping exists.
06-12 13:45:59.967 1548 1638 I am_wtf : [0,1548,system_server,-1,DisplayDeviceConfig,requesting nits when no mapping exists.]
06-12 13:45:59.967 1548 1911 E DisplayDeviceConfig: requesting nits when no mapping exists.
06-12 13:45:59.968 1548 1638 I am_wtf : [0,1548,system_server,-1,DisplayDeviceConfig,requesting nits when no mapping exists.]
06-12 13:45:59.984 1548 1911 E DisplayDeviceConfig: requesting nits when no mapping exists.
06-12 13:45:59.985 1548 1911 E DisplayDeviceConfig: requesting nits when no mapping exists.
06-12 13:45:59.985 1548 1638 I am_wtf : [0,1548,system_server,-1,DisplayDeviceConfig,requesting nits when no mapping exists.]
06-12 13:45:59.986 1548 1638 I am_wtf : [0,1548,system_server,-1,DisplayDeviceConfig,requesting nits when no mapping exists.]
06-12 13:46:00.003 1548 1911 E DisplayDeviceConfig: requesting nits when no mapping exists.
06-12 13:46:00.004 1548 1911 E DisplayDeviceConfig: requesting nits when no mapping exists.
06-12 13:46:00.004 1548 1638 I am_wtf : [0,1548,system_server,-1,DisplayDeviceConfig,requesting nits when no mapping exists.]
06-12 13:46:00.006 1548 1638 I am_wtf : [0,1548,system_server,-1,DisplayDeviceConfig,requesting nits when no mapping exists.]
06-12 13:46:00.016 1548 1911 E DisplayDeviceConfig: requesting nits when no mapping exists.
06-12 13:46:00.017 1548 1911 E DisplayDeviceConfig: requesting nits when no mapping exists.
06-12 13:46:00.017 1548 1638 I am_wtf : [0,1548,system_server,-1,DisplayDeviceConfig,requesting nits when no mapping exists.]
06-12 13:46:00.018 1548 1638 I am_wtf : [0,1548,system_server,-1,DisplayDeviceConfig,requesting nits when no mapping exists.]
06-12 13:46:00.033 1548 1911 E DisplayDeviceConfig: requesting nits when no mapping exists.
06-12 13:46:00.034 1548 1911 E DisplayDeviceConfig: requesting nits when no mapping exists.
06-12 13:46:00.034 1548 1638 I am_wtf : [0,1548,system_server,-1,DisplayDeviceConfig,requesting nits when no mapping exists.]
06-12 13:46:00.035 1548 1638 I am_wtf : [0,1548,system_server,-1,DisplayDeviceConfig,requesting nits when no mapping exists.]
06-12 13:46:00.050 1548 1911 E DisplayDeviceConfig: requesting nits when no mapping exists.
06-12 13:46:00.050 1548 1911 E DisplayDeviceConfig: requesting nits when no mapping exists.
06-12 13:46:00.050 1548 1638 I am_wtf : [0,1548,system_server,-1,DisplayDeviceConfig,requesting nits when no mapping exists.]
06-12 13:46:00.051 1548 1638 I am_wtf : [0,1548,system_server,-1,DisplayDeviceConfig,requesting nits when no mapping exists.]
06-12 13:46:00.067 1548 1911 E DisplayDeviceConfig: requesting nits when no mapping exists.
06-12 13:46:00.067 1548 1638 I am_wtf : [0,1548,system_server,-1,DisplayDeviceConfig,requesting nits when no mapping exists.]
06-12 13:46:00.067 1548 1911 E DisplayDeviceConfig: requesting nits when no mapping exists.
06-12 13:46:00.068 1548 1638 I am_wtf : [0,1548,system_server,-1,DisplayDeviceConfig,requesting nits when no mapping exists.]
06-12 13:46:00.085 1548 1911 E DisplayDeviceConfig: requesting nits when no mapping exists.
06-12 13:46:00.085 1548 1911 E DisplayDeviceConfig: requesting nits when no mapping exists.
06-12 13:46:00.085 1548 1638 I am_wtf : [0,1548,system_server,-1,DisplayDeviceConfig,requesting nits when no mapping exists.]
06-12 13:46:00.087 1548 1638 I am_wtf : [0,1548,system_server,-1,DisplayDeviceConfig,requesting nits when no mapping exists.]
06-12 13:46:00.100 1548 1911 E DisplayDeviceConfig: requesting nits when no mapping exists.
06-12 13:46:00.100 1548 1911 E DisplayDeviceConfig: requesting nits when no mapping exists.
06-12 13:46:00.100 1548 1638 I am_wtf : [0,1548,system_server,-1,DisplayDeviceConfig,requesting nits when no mapping exists.]
06-12 13:46:00.101 1548 1638 I am_wtf : [0,1548,system_server,-1,DisplayDeviceConfig,requesting nits when no mapping exists.]
06-12 13:46:00.118 1548 1911 E DisplayDeviceConfig: requesting nits when no mapping exists.
06-12 13:46:00.118 1548 1638 I am_wtf : [0,1548,system_server,-1,DisplayDeviceConfig,requesting nits when no mapping exists.]
06-12 13:46:00.118 1548 1911 E DisplayDeviceConfig: requesting nits when no mapping exists.
06-12 13:46:00.120 1548 1638 I am_wtf : [0,1548,system_server,-1,DisplayDeviceConfig,requesting nits when no mapping exists.]
06-12 13:46:00.136 1548 1911 E DisplayDeviceConfig: requesting nits when no mapping exists.
06-12 13:46:00.136 1548 1911 E DisplayDeviceConfig: requesting nits when no mapping exists.
06-12 13:46:00.136 1548 1638 I am_wtf : [0,1548,system_server,-1,DisplayDeviceConfig,requesting nits when no mapping exists.]
06-12 13:46:00.137 1548 1638 I am_wtf : [0,1548,system_server,-1,DisplayDeviceConfig,requesting nits when no mapping exists.]
06-12 13:46:00.150 1548 1911 E DisplayDeviceConfig: requesting nits when no mapping exists.
06-12 13:46:00.151 1548 1911 E DisplayDeviceConfig: requesting nits when no mapping exists.
06-12 13:46:00.151 1548 1638 I am_wtf : [0,1548,system_server,-1,DisplayDeviceConfig,requesting nits when no mapping exists.]
06-12 13:46:00.152 1548 1638 I am_wtf : [0,1548,system_server,-1,DisplayDeviceConfig,requesting nits when no mapping exists.]
06-12 13:46:00.166 1548 1911 E DisplayDeviceConfig: requesting nits when no mapping exists.
06-12 13:46:00.167 1548 1911 E DisplayDeviceConfig: requesting nits when no mapping exists.
06-12 13:46:00.167 1548 1638 I am_wtf : [0,1548,system_server,-1,DisplayDeviceConfig,requesting nits when no mapping exists.]
06-12 13:46:00.168 1548 1638 I am_wtf : [0,1548,system_server,-1,DisplayDeviceConfig,requesting nits when no mapping exists.]
06-12 13:46:00.185 1548 1911 E DisplayDeviceConfig: requesting nits when no mapping exists.
06-12 13:46:00.186 1548 1638 I am_wtf : [0,1548,system_server,-1,DisplayDeviceConfig,requesting nits when no mapping exists.]
06-12 13:46:00.187 1548 1911 E DisplayDeviceConfig: requesting nits when no mapping exists.
06-12 13:46:00.187 1548 1638 I am_wtf : [0,1548,system_server,-1,DisplayDeviceConfig,requesting nits when no mapping exists.]
06-12 13:46:00.202 1548 1911 E DisplayDeviceConfig: requesting nits when no mapping exists.
06-12 13:46:00.202 1548 1911 E DisplayDeviceConfig: requesting nits when no mapping exists.
06-12 13:46:00.202 1548 1638 I am_wtf : [0,1548,system_server,-1,DisplayDeviceConfig,requesting nits when no mapping exists.]
06-12 13:46:00.203 1548 1638 I am_wtf : [0,1548,system_server,-1,DisplayDeviceConfig,requesting nits when no mapping exists.]
06-12 13:46:00.217 1548 1911 E DisplayDeviceConfig: requesting nits when no mapping exists.
06-12 13:46:00.217 1548 1638 I am_wtf : [0,1548,system_server,-1,DisplayDeviceConfig,requesting nits when no mapping exists.]
06-12 13:46:00.217 1548 1911 E DisplayDeviceConfig: requesting nits when no mapping exists.
06-12 13:46:00.218 1548 1638 I am_wtf : [0,1548,system_server,-1,DisplayDeviceConfig,requesting nits when no mapping exists.]
06-12 13:46:00.234 1548 1911 E DisplayDeviceConfig: requesting nits when no mapping exists.
06-12 13:46:00.234 1548 1638 I am_wtf : [0,1548,system_server,-1,DisplayDeviceConfig,requesting nits when no mapping exists.]
06-12 13:46:00.234 1548 1911 E DisplayDeviceConfig: requesting nits when no mapping exists.
06-12 13:46:00.235 1548 1638 I am_wtf : [0,1548,system_server,-1,DisplayDeviceConfig,requesting nits when no mapping exists.]
06-12 13:46:00.250 1548 1911 E DisplayDeviceConfig: requesting nits when no mapping exists.
06-12 13:46:00.251 1548 1911 E DisplayDeviceConfig: requesting nits when no mapping exists.
06-12 13:46:00.251 1548 1638 I am_wtf : [0,1548,system_server,-1,DisplayDeviceConfig,requesting nits when no mapping exists.]
06-12 13:46:00.252 1548 1638 I am_wtf : [0,1548,system_server,-1,DisplayDeviceConfig,requesting nits when no mapping exists.]
06-12 13:46:00.272 1936 1936 I sysui_multi_action: [757,218,758,4,759,100]
06-12 13:46:00.275 1548 1792 I commit_sys_config_file: [display-state,2]
06-12 13:46:00.278 1548 1671 V DisplayPowerController[0]: Brightness [1.0] reason changing to: 'manual', previous reason: 'temporary'.
06-12 13:46:00.408 1548 1969 I commit_sys_config_file: [appops,7]
06-12 13:46:00.472 1548 1638 D CompatibilityChangeReporter: Compat change id reported: 168419799; UID 10027; state: DISABLED
06-12 13:46:00.485 1548 1813 I commit_sys_config_file: [settings-1-0,4]
06-12 13:46:00.769 1548 1671 V DisplayPowerController[0]: Brightness [1.0] reason changing to: 'temporary', previous reason: 'manual'.
06-12 13:46:00.771 1548 1911 E DisplayDeviceConfig: requesting nits when no mapping exists.
06-12 13:46:00.771 1548 1911 E DisplayDeviceConfig: requesting nits when no mapping exists.
06-12 13:46:00.772 1548 1638 I am_wtf : [0,1548,system_server,-1,DisplayDeviceConfig,requesting nits when no mapping exists.]
06-12 13:46:00.772 1548 1638 I am_wtf : [0,1548,system_server,-1,DisplayDeviceConfig,requesting nits when no mapping exists.]
06-12 13:46:00.801 1548 1911 E DisplayDeviceConfig: requesting nits when no mapping exists.
06-12 13:46:00.801 1548 1911 E DisplayDeviceConfig: requesting nits when no mapping exists.
06-12 13:46:00.801 1548 1638 I am_wtf : [0,1548,system_server,-1,DisplayDeviceConfig,requesting nits when no mapping exists.]
06-12 13:46:00.802 1548 1638 I am_wtf : [0,1548,system_server,-1,DisplayDeviceConfig,requesting nits when no mapping exists.]
06-12 13:46:00.817 1548 1911 E DisplayDeviceConfig: requesting nits when no mapping exists.
06-12 13:46:00.817 1548 1638 I am_wtf : [0,1548,system_server,-1,DisplayDeviceConfig,requesting nits when no mapping exists.]
06-12 13:46:00.817 1548 1911 E DisplayDeviceConfig: requesting nits when no mapping exists.
06-12 13:46:00.818 1548 1638 I am_wtf : [0,1548,system_server,-1,DisplayDeviceConfig,requesting nits when no mapping exists.]
06-12 13:46:00.833 1548 1911 E DisplayDeviceConfig: requesting nits when no mapping exists.
06-12 13:46:00.833 1548 1911 E DisplayDeviceConfig: requesting nits when no mapping exists.
06-12 13:46:00.833 1548 1638 I am_wtf : [0,1548,system_server,-1,DisplayDeviceConfig,requesting nits when no mapping exists.]
06-12 13:46:00.834 1548 1638 I am_wtf : [0,1548,system_server,-1,DisplayDeviceConfig,requesting nits when no mapping exists.]
06-12 13:46:00.850 1548 1911 E DisplayDeviceConfig: requesting nits when no mapping exists.
06-12 13:46:00.850 1548 1638 I am_wtf : [0,1548,system_server,-1,DisplayDeviceConfig,requesting nits when no mapping exists.]
06-12 13:46:00.850 1548 1911 E DisplayDeviceConfig: requesting nits when no mapping exists.
06-12 13:46:00.851 1548 1638 I am_wtf : [0,1548,system_server,-1,DisplayDeviceConfig,requesting nits when no mapping exists.]
06-12 13:46:00.866 1548 1911 E DisplayDeviceConfig: requesting nits when no mapping exists.
06-12 13:46:00.867 1548 1911 E DisplayDeviceConfig: requesting nits when no mapping exists.
06-12 13:46:00.867 1548 1638 I am_wtf : [0,1548,system_server,-1,DisplayDeviceConfig,requesting nits when no mapping exists.]
06-12 13:46:00.867 1548 1638 I am_wtf : [0,1548,system_server,-1,DisplayDeviceConfig,requesting nits when no mapping exists.]
06-12 13:46:00.884 1548 1911 E DisplayDeviceConfig: requesting nits when no mapping exists.
06-12 13:46:00.884 1548 1911 E DisplayDeviceConfig: requesting nits when no mapping exists.
06-12 13:46:00.884 1548 1638 I am_wtf : [0,1548,system_server,-1,DisplayDeviceConfig,requesting nits when no mapping exists.]
06-12 13:46:00.885 1548 1638 I am_wtf : [0,1548,system_server,-1,DisplayDeviceConfig,requesting nits when no mapping exists.]
06-12 13:46:00.892 1548 1638 I am_uid_running: 10074
06-12 13:46:00.892 1548 1638 D CompatibilityChangeReporter: Compat change id reported: 135634846; UID 10074; state: DISABLED
06-12 13:46:00.892 1548 1638 D CompatibilityChangeReporter: Compat change id reported: 177438394; UID 10074; state: DISABLED
06-12 13:46:00.892 1548 1638 D CompatibilityChangeReporter: Compat change id reported: 135772972; UID 10074; state: DISABLED
06-12 13:46:00.893 1548 1638 D CompatibilityChangeReporter: Compat change id reported: 135754954; UID 10074; state: ENABLED
06-12 13:46:00.893 1548 1639 D CompatibilityChangeReporter: Compat change id reported: 143937733; UID 10074; state: ENABLED
06-12 13:46:00.902 1548 1639 I am_proc_start: [0,3957,10074,com.qti.ltebc,broadcast,{com.qti.ltebc/com.qualcomm.ltebc.LTEBroadcastAlarmReceiver}]
06-12 13:46:00.903 1548 1639 I ActivityManager: Start proc 3957:com.qti.ltebc/u0a74 for broadcast {com.qti.ltebc/com.qualcomm.ltebc.LTEBroadcastAlarmReceiver}
06-12 13:46:00.903 1548 1911 E DisplayDeviceConfig: requesting nits when no mapping exists.
06-12 13:46:00.904 1548 1911 E DisplayDeviceConfig: requesting nits when no mapping exists.
06-12 13:46:00.905 1548 1638 I am_wtf : [0,1548,system_server,-1,DisplayDeviceConfig,requesting nits when no mapping exists.]
06-12 13:46:00.906 1548 1638 I am_wtf : [0,1548,system_server,-1,DisplayDeviceConfig,requesting nits when no mapping exists.]
06-12 13:46:00.917 1548 1911 E DisplayDeviceConfig: requesting nits when no mapping exists.
06-12 13:46:00.918 1548 1911 E DisplayDeviceConfig: requesting nits when no mapping exists.
06-12 13:46:00.918 1548 1638 I am_wtf : [0,1548,system_server,-1,DisplayDeviceConfig,requesting nits when no mapping exists.]
06-12 13:46:00.919 0 0 I [ 19.496125] binder: 3957:3957 ioctl 40046210 7fda4f17a4 returned -22
06-12 13:46:00.919 1548 1638 I am_wtf : [0,1548,system_server,-1,DisplayDeviceConfig,requesting nits when no mapping exists.]
06-12 13:46:00.922 1548 3458 I am_proc_bound: [0,3957,com.qti.ltebc]
06-12 13:46:00.923 1548 3458 D CompatibilityChangeReporter: Compat change id reported: 168419799; UID 10074; state: DISABLED
06-12 13:46:00.926 1548 3458 I am_uid_active: 10074
06-12 13:46:00.933 1548 1911 E DisplayDeviceConfig: requesting nits when no mapping exists.
06-12 13:46:00.934 1548 1911 E DisplayDeviceConfig: requesting nits when no mapping exists.
06-12 13:46:00.934 1548 1638 I am_wtf : [0,1548,system_server,-1,DisplayDeviceConfig,requesting nits when no mapping exists.]
06-12 13:46:00.935 1548 1638 I am_wtf : [0,1548,system_server,-1,DisplayDeviceConfig,requesting nits when no mapping exists.]
06-12 13:46:00.950 1548 1911 E DisplayDeviceConfig: requesting nits when no mapping exists.
06-12 13:46:00.951 1548 1911 E DisplayDeviceConfig: requesting nits when no mapping exists.
06-12 13:46:00.951 1548 1638 I am_wtf : [0,1548,system_server,-1,DisplayDeviceConfig,requesting nits when no mapping exists.]
06-12 13:46:00.954 0 0 I [ 19.530784] binder: 2212:3972 ioctl 40046210 6d5e417ef4 returned -22
06-12 13:46:00.954 1548 1638 I am_wtf : [0,1548,system_server,-1,DisplayDeviceConfig,requesting nits when no mapping exists.]
06-12 13:46:00.970 1548 1911 E DisplayDeviceConfig: requesting nits when no mapping exists.
06-12 13:46:00.971 1548 1911 E DisplayDeviceConfig: requesting nits when no mapping exists.
06-12 13:46:00.971 1548 1638 I am_wtf : [0,1548,system_server,-1,DisplayDeviceConfig,requesting nits when no mapping exists.]
06-12 13:46:00.971 1548 1638 I am_wtf : [0,1548,system_server,-1,DisplayDeviceConfig,requesting nits when no mapping exists.]
06-12 13:46:00.987 1548 1911 E DisplayDeviceConfig: requesting nits when no mapping exists.
06-12 13:46:00.988 1548 1911 E DisplayDeviceConfig: requesting nits when no mapping exists.
06-12 13:46:00.988 1548 1638 I am_wtf : [0,1548,system_server,-1,DisplayDeviceConfig,requesting nits when no mapping exists.]
06-12 13:46:00.989 1548 1638 I am_wtf : [0,1548,system_server,-1,DisplayDeviceConfig,requesting nits when no mapping exists.]
06-12 13:46:01.001 1548 1911 E DisplayDeviceConfig: requesting nits when no mapping exists.
06-12 13:46:01.002 1548 1638 I am_wtf : [0,1548,system_server,-1,DisplayDeviceConfig,requesting nits when no mapping exists.]
06-12 13:46:01.002 1548 1911 E DisplayDeviceConfig: requesting nits when no mapping exists.
06-12 13:46:01.003 1548 1638 I am_wtf : [0,1548,system_server,-1,DisplayDeviceConfig,requesting nits when no mapping exists.]
06-12 13:46:01.007 0 0 I [ 19.581322] init: processing action (sys.tlog.pstore.active=1) from (/system/etc/init/tlogd.rc:134)
06-12 13:46:01.007 0 0 I [ 19.582483] init: starting service 'pstore_save'...
06-12 13:46:01.016 1548 1911 E DisplayDeviceConfig: requesting nits when no mapping exists.
06-12 13:46:01.017 1548 1911 E DisplayDeviceConfig: requesting nits when no mapping exists.
06-12 13:46:01.017 1548 1638 I am_wtf : [0,1548,system_server,-1,DisplayDeviceConfig,requesting nits when no mapping exists.]
06-12 13:46:01.019 1548 1638 I am_wtf : [0,1548,system_server,-1,DisplayDeviceConfig,requesting nits when no mapping exists.]
06-12 13:46:01.027 0 0 I [ 19.603846] init: Service 'pstore_save' (pid 3982) exited with status 1 oneshot service took 0.018000 seconds in background
06-12 13:46:01.027 0 0 I [ 19.603874] init: Sending signal 9 to service 'pstore_save' (pid 3982) process group...
06-12 13:46:01.027 0 0 I [ 19.604096] libprocessgroup: Successfully killed process cgroup uid 1000 pid 3982 in 0ms
06-12 13:46:01.033 1548 1911 E DisplayDeviceConfig: requesting nits when no mapping exists.
06-12 13:46:01.034 1548 1911 E DisplayDeviceConfig: requesting nits when no mapping exists.
06-12 13:46:01.034 1548 1638 I am_wtf : [0,1548,system_server,-1,DisplayDeviceConfig,requesting nits when no mapping exists.]
06-12 13:46:01.035 1548 1638 I am_wtf : [0,1548,system_server,-1,DisplayDeviceConfig,requesting nits when no mapping exists.]
06-12 13:46:01.054 1548 1911 E DisplayDeviceConfig: requesting nits when no mapping exists.
06-12 13:46:01.054 1548 1911 E DisplayDeviceConfig: requesting nits when no mapping exists.
06-12 13:46:01.054 1548 1638 I am_wtf : [0,1548,system_server,-1,DisplayDeviceConfig,requesting nits when no mapping exists.]
06-12 13:46:01.055 1548 1638 I am_wtf : [0,1548,system_server,-1,DisplayDeviceConfig,requesting nits when no mapping exists.]
06-12 13:46:01.114 1936 1936 I sysui_multi_action: [757,218,758,4,759,1]
06-12 13:46:01.117 1548 3338 I commit_sys_config_file: [display-state,844]
06-12 13:46:01.121 1548 1671 V DisplayPowerController[0]: Brightness [0.0] reason changing to: 'manual', previous reason: 'temporary'.
06-12 13:46:01.275 1548 2998 I am_uid_running: 10053
06-12 13:46:01.276 1548 2998 D CompatibilityChangeReporter: Compat change id reported: 135634846; UID 10053; state: DISABLED
06-12 13:46:01.276 1548 2998 D CompatibilityChangeReporter: Compat change id reported: 177438394; UID 10053; state: DISABLED
06-12 13:46:01.276 1548 2998 D CompatibilityChangeReporter: Compat change id reported: 135772972; UID 10053; state: DISABLED
06-12 13:46:01.276 1548 2998 D CompatibilityChangeReporter: Compat change id reported: 135754954; UID 10053; state: DISABLED
06-12 13:46:01.276 1548 1639 D CompatibilityChangeReporter: Compat change id reported: 143937733; UID 10053; state: DISABLED
06-12 13:46:01.297 1548 1639 I am_proc_start: [0,3993,10053,com.qualcomm.qti.qms.service.trustzoneaccess,service,{com.qualcomm.qti.qms.service.trustzoneaccess/com.qualcomm.qti.qms.service.trustzoneaccess.TZAccessService}]
06-12 13:46:01.297 1548 1639 I ActivityManager: Start proc 3993:com.qualcomm.qti.qms.service.trustzoneaccess/u0a53 for service {com.qualcomm.qti.qms.service.trustzoneaccess/com.qualcomm.qti.qms.service.trustzoneaccess.TZAccessService}
06-12 13:46:01.323 0 0 I [ 19.896179] binder: 3993:3993 ioctl 40046210 7fda4f17a4 returned -22
06-12 13:46:01.324 1548 2998 I am_proc_bound: [0,3993,com.qualcomm.qti.qms.service.trustzoneaccess]
06-12 13:46:01.326 1548 2998 D CompatibilityChangeReporter: Compat change id reported: 168419799; UID 10053; state: DISABLED
06-12 13:46:01.326 1548 1813 I commit_sys_config_file: [settings-1-0,3]
06-12 13:46:01.425 1548 2998 I ActivityManager: Process com.qti.ltebc (pid 3957) has died: cch+5 CEM
06-12 13:46:01.426 1548 2998 I am_proc_died: [0,3957,com.qti.ltebc,905,19]
06-12 13:46:01.426 1548 2998 I am_uid_stopped: 10074
06-12 13:46:01.579 1548 1866 I GameModeConfig: isGameModeOn = false
06-12 13:46:01.733 1548 1671 V DisplayPowerController[0]: Brightness [0.0] reason changing to: 'temporary', previous reason: 'manual'.
06-12 13:46:01.735 1548 1911 E DisplayDeviceConfig: requesting nits when no mapping exists.
06-12 13:46:01.735 1548 1911 E DisplayDeviceConfig: requesting nits when no mapping exists.
06-12 13:46:01.735 1548 1638 I am_wtf : [0,1548,system_server,-1,DisplayDeviceConfig,requesting nits when no mapping exists.]
06-12 13:46:01.736 1548 1638 I am_wtf : [0,1548,system_server,-1,DisplayDeviceConfig,requesting nits when no mapping exists.]
06-12 13:46:01.750 1548 1911 E DisplayDeviceConfig: requesting nits when no mapping exists.
06-12 13:46:01.751 1548 1911 E DisplayDeviceConfig: requesting nits when no mapping exists.
06-12 13:46:01.751 1548 1638 I am_wtf : [0,1548,system_server,-1,DisplayDeviceConfig,requesting nits when no mapping exists.]
06-12 13:46:01.756 1548 1638 I am_wtf : [0,1548,system_server,-1,DisplayDeviceConfig,requesting nits when no mapping exists.]
06-12 13:46:01.767 1548 1911 E DisplayDeviceConfig: requesting nits when no mapping exists.
06-12 13:46:01.768 1548 1911 E DisplayDeviceConfig: requesting nits when no mapping exists.
06-12 13:46:01.768 1548 1638 I am_wtf : [0,1548,system_server,-1,DisplayDeviceConfig,requesting nits when no mapping exists.]
06-12 13:46:01.768 1548 1638 I am_wtf : [0,1548,system_server,-1,DisplayDeviceConfig,requesting nits when no mapping exists.]
06-12 13:46:01.784 1548 1911 E DisplayDeviceConfig: requesting nits when no mapping exists.
06-12 13:46:01.784 1548 1911 E DisplayDeviceConfig: requesting nits when no mapping exists.
06-12 13:46:01.784 1548 1638 I am_wtf : [0,1548,system_server,-1,DisplayDeviceConfig,requesting nits when no mapping exists.]
06-12 13:46:01.785 1548 1638 I am_wtf : [0,1548,system_server,-1,DisplayDeviceConfig,requesting nits when no mapping exists.]
06-12 13:46:01.788 1548 1998 I ntp_failure: [time.android.com/216.239.35.4,java.net.SocketTimeoutException: Poll timed out]
06-12 13:46:01.805 1548 1911 E DisplayDeviceConfig: requesting nits when no mapping exists.
06-12 13:46:01.806 1548 1911 E DisplayDeviceConfig: requesting nits when no mapping exists.
06-12 13:46:01.806 1548 1638 I am_wtf : [0,1548,system_server,-1,DisplayDeviceConfig,requesting nits when no mapping exists.]
06-12 13:46:01.807 1548 1638 I am_wtf : [0,1548,system_server,-1,DisplayDeviceConfig,requesting nits when no mapping exists.]
06-12 13:46:01.820 1548 1911 E DisplayDeviceConfig: requesting nits when no mapping exists.
06-12 13:46:01.820 1548 1911 E DisplayDeviceConfig: requesting nits when no mapping exists.
06-12 13:46:01.821 1548 1638 I am_wtf : [0,1548,system_server,-1,DisplayDeviceConfig,requesting nits when no mapping exists.]
06-12 13:46:01.822 1548 1638 I am_wtf : [0,1548,system_server,-1,DisplayDeviceConfig,requesting nits when no mapping exists.]
06-12 13:46:01.833 1548 1911 E DisplayDeviceConfig: requesting nits when no mapping exists.
06-12 13:46:01.833 1548 1638 I am_wtf : [0,1548,system_server,-1,DisplayDeviceConfig,requesting nits when no mapping exists.]
06-12 13:46:01.833 1548 1911 E DisplayDeviceConfig: requesting nits when no mapping exists.
06-12 13:46:01.834 1548 1638 I am_wtf : [0,1548,system_server,-1,DisplayDeviceConfig,requesting nits when no mapping exists.]
06-12 13:46:01.854 1548 1911 E DisplayDeviceConfig: requesting nits when no mapping exists.
06-12 13:46:01.854 1548 1911 E DisplayDeviceConfig: requesting nits when no mapping exists.
06-12 13:46:01.854 1548 1638 I am_wtf : [0,1548,system_server,-1,DisplayDeviceConfig,requesting nits when no mapping exists.]
06-12 13:46:01.855 1548 1638 I am_wtf : [0,1548,system_server,-1,DisplayDeviceConfig,requesting nits when no mapping exists.]
06-12 13:46:01.867 1548 1911 E DisplayDeviceConfig: requesting nits when no mapping exists.
06-12 13:46:01.868 1548 1911 E DisplayDeviceConfig: requesting nits when no mapping exists.
06-12 13:46:01.868 1548 1638 I am_wtf : [0,1548,system_server,-1,DisplayDeviceConfig,requesting nits when no mapping exists.]
06-12 13:46:01.869 1548 1638 I am_wtf : [0,1548,system_server,-1,DisplayDeviceConfig,requesting nits when no mapping exists.]
06-12 13:46:01.883 1548 1911 E DisplayDeviceConfig: requesting nits when no mapping exists.
06-12 13:46:01.884 1548 1911 E DisplayDeviceConfig: requesting nits when no mapping exists.
06-12 13:46:01.884 1548 1638 I am_wtf : [0,1548,system_server,-1,DisplayDeviceConfig,requesting nits when no mapping exists.]
06-12 13:46:01.885 1548 1638 I am_wtf : [0,1548,system_server,-1,DisplayDeviceConfig,requesting nits when no mapping exists.]
06-12 13:46:01.901 1548 1911 E DisplayDeviceConfig: requesting nits when no mapping exists.
06-12 13:46:01.901 1548 1911 E DisplayDeviceConfig: requesting nits when no mapping exists.
06-12 13:46:01.901 1548 1638 I am_wtf : [0,1548,system_server,-1,DisplayDeviceConfig,requesting nits when no mapping exists.]
06-12 13:46:01.903 1548 1638 I am_wtf : [0,1548,system_server,-1,DisplayDeviceConfig,requesting nits when no mapping exists.]
06-12 13:46:01.918 1548 1911 E DisplayDeviceConfig: requesting nits when no mapping exists.
06-12 13:46:01.918 1548 1638 I am_wtf : [0,1548,system_server,-1,DisplayDeviceConfig,requesting nits when no mapping exists.]
06-12 13:46:01.918 1548 1911 E DisplayDeviceConfig: requesting nits when no mapping exists.
06-12 13:46:01.919 1548 1638 I am_wtf : [0,1548,system_server,-1,DisplayDeviceConfig,requesting nits when no mapping exists.]
06-12 13:46:01.933 1548 1911 E DisplayDeviceConfig: requesting nits when no mapping exists.
06-12 13:46:01.934 1548 1911 E DisplayDeviceConfig: requesting nits when no mapping exists.
06-12 13:46:01.934 1548 1638 I am_wtf : [0,1548,system_server,-1,DisplayDeviceConfig,requesting nits when no mapping exists.]
06-12 13:46:01.934 1548 1638 I am_wtf : [0,1548,system_server,-1,DisplayDeviceConfig,requesting nits when no mapping exists.]
06-12 13:46:01.951 1548 1911 E DisplayDeviceConfig: requesting nits when no mapping exists.
06-12 13:46:01.952 1548 1911 E DisplayDeviceConfig: requesting nits when no mapping exists.
06-12 13:46:01.952 1548 1638 I am_wtf : [0,1548,system_server,-1,DisplayDeviceConfig,requesting nits when no mapping exists.]
06-12 13:46:01.954 1548 1638 I DropBoxManagerService: add tag=system_server_wtf isTagEnabled=true flags=0x2
06-12 13:46:01.956 1548 1638 I am_wtf : [0,1548,system_server,-1,DisplayDeviceConfig,requesting nits when no mapping exists.]
06-12 13:46:01.956 1548 1638 I DropBoxManagerService: add tag=system_server_wtf isTagEnabled=true flags=0x2
06-12 13:46:01.967 1548 1911 E DisplayDeviceConfig: requesting nits when no mapping exists.
06-12 13:46:01.968 1548 1911 E DisplayDeviceConfig: requesting nits when no mapping exists.
06-12 13:46:01.968 1548 1638 I am_wtf : [0,1548,system_server,-1,DisplayDeviceConfig,requesting nits when no mapping exists.]
06-12 13:46:01.969 1548 1638 I DropBoxManagerService: add tag=system_server_wtf isTagEnabled=true flags=0x2
06-12 13:46:01.970 1548 1638 I am_wtf : [0,1548,system_server,-1,DisplayDeviceConfig,requesting nits when no mapping exists.]
06-12 13:46:01.970 1548 1638 I DropBoxManagerService: add tag=system_server_wtf isTagEnabled=true flags=0x2
06-12 13:46:01.984 1548 1911 E DisplayDeviceConfig: requesting nits when no mapping exists.
06-12 13:46:01.984 1548 1911 E DisplayDeviceConfig: requesting nits when no mapping exists.
06-12 13:46:01.984 1548 1638 I am_wtf : [0,1548,system_server,-1,DisplayDeviceConfig,requesting nits when no mapping exists.]
06-12 13:46:01.987 1548 1638 I DropBoxManagerService: add tag=system_server_wtf isTagEnabled=true flags=0x2
06-12 13:46:01.987 1548 1638 I am_wtf : [0,1548,system_server,-1,DisplayDeviceConfig,requesting nits when no mapping exists.]
06-12 13:46:02.000 1548 1911 E DisplayDeviceConfig: requesting nits when no mapping exists.
06-12 13:46:02.001 1548 1911 E DisplayDeviceConfig: requesting nits when no mapping exists.
06-12 13:46:02.001 1548 1638 I am_wtf : [0,1548,system_server,-1,DisplayDeviceConfig,requesting nits when no mapping exists.]
06-12 13:46:02.004 1548 1638 I am_wtf : [0,1548,system_server,-1,DisplayDeviceConfig,requesting nits when no mapping exists.]
06-12 13:46:02.018 1548 1911 E DisplayDeviceConfig: requesting nits when no mapping exists.
06-12 13:46:02.018 1548 1911 E DisplayDeviceConfig: requesting nits when no mapping exists.
06-12 13:46:02.019 1548 1638 I am_wtf : [0,1548,system_server,-1,DisplayDeviceConfig,requesting nits when no mapping exists.]
06-12 13:46:02.021 1548 1638 I am_wtf : [0,1548,system_server,-1,DisplayDeviceConfig,requesting nits when no mapping exists.]
06-12 13:46:02.027 0 0 I [ 20.601504] init: processing action (sys.tlog.tlogdsho.active=1) from (/system/etc/init/tlogd.rc:167)
06-12 13:46:02.027 0 0 I [ 20.601989] init: starting service 'tlogdsho'...
06-12 13:46:02.035 0 0 I [ 20.609137] init: processing action (sys.tlog.bluetooth.active=1) from (/system/etc/init/tlogd.rc:163)
06-12 13:46:02.035 0 0 I [ 20.610210] init: starting service 'tlogdBluetooth'...
06-12 13:46:02.038 1548 1911 E DisplayDeviceConfig: requesting nits when no mapping exists.
06-12 13:46:02.038 1548 1911 E DisplayDeviceConfig: requesting nits when no mapping exists.
06-12 13:46:02.038 1548 1638 I am_wtf : [0,1548,system_server,-1,DisplayDeviceConfig,requesting nits when no mapping exists.]
06-12 13:46:02.039 1548 1638 I am_wtf : [0,1548,system_server,-1,DisplayDeviceConfig,requesting nits when no mapping exists.]
06-12 13:46:02.043 0 0 I [ 20.616689] init: processing action (sys.tlog.fatal.active=1) from (/system/etc/init/tlogd.rc:130)
06-12 13:46:02.039 4041 4041 I auditd : type=1400 audit(0.0:175): avc: denied { dac_read_search } for comm="tlogd.sh" capability=2 scontext=u:r:np_thundercomm_tlogdsh:s0 tcontext=u:r:np_thundercomm_tlogdsh:s0 tclass=capability permissive=0
06-12 13:46:02.039 4041 4041 I auditd : type=1400 audit(0.0:176): avc: denied { dac_override } for comm="tlogd.sh" capability=1 scontext=u:r:np_thundercomm_tlogdsh:s0 tcontext=u:r:np_thundercomm_tlogdsh:s0 tclass=capability permissive=0
06-12 13:46:02.054 1548 1911 E DisplayDeviceConfig: requesting nits when no mapping exists.
06-12 13:46:02.054 1548 1911 E DisplayDeviceConfig: requesting nits when no mapping exists.
06-12 13:46:02.055 1548 1638 I am_wtf : [0,1548,system_server,-1,DisplayDeviceConfig,requesting nits when no mapping exists.]
06-12 13:46:02.056 1548 1638 I am_wtf : [0,1548,system_server,-1,DisplayDeviceConfig,requesting nits when no mapping exists.]
06-12 13:46:02.065 1936 1936 I sysui_multi_action: [757,218,758,4,759,71]
06-12 13:46:02.071 1548 3458 I commit_sys_config_file: [display-state,1798]
06-12 13:46:02.074 1548 1671 V DisplayPowerController[0]: Brightness [0.7070707] reason changing to: 'manual', previous reason: 'temporary'.
06-12 13:46:02.282 1548 1813 I commit_sys_config_file: [settings-1-0,6]
06-12 13:46:02.315 1548 1866 I GameModeConfig: isGameModeOn = false
06-12 13:46:02.666 1548 1866 I GameModeConfig: isGameModeOn = false
06-12 13:46:02.666 1548 1866 I GameModeConfig: isGameModeOn = false
06-12 13:46:02.669 1548 1866 I GameModeConfig: isGameModeOn = false
06-12 13:46:02.669 1548 1866 I GameModeConfig: isGameModeOn = false
06-12 13:46:02.800 1548 1866 I GameModeConfig: isGameModeOn = false
06-12 13:46:02.800 1548 1866 I GameModeConfig: isGameModeOn = false
06-12 13:46:02.855 1548 1866 I GameModeConfig: isGameModeOn = false
06-12 13:46:02.855 1548 1866 I GameModeConfig: isGameModeOn = false
06-12 13:46:02.895 0 0 E [ 21.472208] link_delay_work_func: DTC_ETH: SQI=0, link=0
06-12 13:46:02.961 1548 1866 I GameModeConfig: isGameModeOn = false
06-12 13:46:02.961 1548 1866 I GameModeConfig: isGameModeOn = false
06-12 13:46:02.961 1548 1866 I GameModeConfig: isGameModeOn = false
06-12 13:46:02.961 1548 1866 I GameModeConfig: isGameModeOn = false
06-12 13:46:03.006 1548 1866 I GameModeConfig: isGameModeOn = false
06-12 13:46:03.006 1548 1866 I GameModeConfig: isGameModeOn = false
06-12 13:46:03.006 1548 1866 I GameModeConfig: isGameModeOn = false
06-12 13:46:03.007 1548 1866 I GameModeConfig: isGameModeOn = false
06-12 13:46:03.340 1548 2990 I MicroServiceManager: requestResult(setVolume) parameters is{"functionInfo":{"IDCM_VolumeValue_Media":"12"}}.
06-12 13:46:03.914 1548 1548 I service_manager_stats: [145,77,5176]
06-12 13:46:03.951 1548 2990 I volume_changed: [3,0,12,39,com.android.systemui]
06-12 13:46:03.957 1548 2990 I volume_changed: [3,12,0,39,com.android.systemui]
06-12 13:46:04.117 1936 1936 I sysui_multi_action: [757,111,758,2]
06-12 13:46:04.118 1936 1936 I sysui_multi_action: [757,111,758,2]
06-12 13:46:04.150 1936 1936 I sysui_heads_up_status: [-1|android|26|null|1000,0]
06-12 13:46:04.159 1548 1623 I input_focus: [Focus request 7afd6aa com.android.launcher3/com.android.launcher3.uioverrides.QuickstepLauncher,reason=UpdateInputWindows]
06-12 13:46:04.162 1548 2990 I sysui_multi_action: [757,128,758,2,793,12209,794,8712,795,12209,796,26,798,0,806,android,857,DEVELOPER_IMPORTANT,858,4,947,0,1395,2,1500,11851,1688,1]
06-12 13:46:04.162 1548 2990 I notification_visibility: [-1|android|26|null|1000,0,12209,12209,0,0]
06-12 13:46:04.163 1548 2990 I sysui_multi_action: [757,128,758,2,793,12888,794,5397,795,12888,796,32,798,1,806,android,857,USB,858,1,947,0,1395,2,1500,12607,1688,1]
06-12 13:46:04.163 1548 2990 I notification_visibility: [-1|android|32|null|1000,0,12888,12888,0,1]
06-12 13:46:04.163 1548 2990 I sysui_multi_action: [757,127,758,2]
06-12 13:46:04.163 1548 2990 I notification_panel_hidden:
06-12 13:46:04.184 1548 1829 I input_focus: [Focus leaving 40d8d8d NotificationShade (server),reason=NO_WINDOW]
06-12 13:46:04.185 1548 1829 I input_focus: [Focus entering 7afd6aa com.android.launcher3/com.android.launcher3.uioverrides.QuickstepLauncher (server),reason=setFocusedWindow]
06-12 13:46:04.668 1548 1813 I commit_sys_config_file: [settings-1-0,4]
06-12 13:46:04.852 1548 1866 I GameModeConfig: isGameModeOn = false
06-12 13:46:04.852 1548 1866 I GameModeConfig: isGameModeOn = false
06-12 13:46:04.975 1548 1866 I GameModeConfig: isGameModeOn = false
06-12 13:46:04.975 1548 1866 I GameModeConfig: isGameModeOn = false
06-12 13:46:05.911 0 0 I [ 24.486893] [soft_i][0x1f14ccb3][13: 46:05.909931] wlan: [0:I:DP] dp_addba_requestprocess_wifi3 restore BA win 64 based on addba req
06-12 13:46:05.968 1548 1866 I GameModeConfig: isGameModeOn = false
06-12 13:46:05.969 1548 1866 I GameModeConfig: isGameModeOn = false
06-12 13:46:06.275 0 0 W [ 24.848128] usb_extcon_detect_cable@108: vbus=0
06-12 13:46:06.275 0 0 E : [ 24.848168] msm-dwc3 a600000.ssusb: Could not get usb psy
06-12 13:46:06.275 0 0 I [ 24.850048] android_work: sent uevent USB_STATE=DISCONNECTED
06-12 13:46:06.275 0 0 I : [ 24.850501] msm-dwc3 a600000.ssusb: DWC3 in low power mode
06-12 13:46:06.275 0 0 E : [ 24.850562] msm-dwc3 a600000.ssusb: Could not get usb psy
06-12 13:46:06.275 0 0 I : [ 24.850920] msm-dwc3 a800000.ssusb: DWC3 in low power mode
06-12 13:46:06.335 0 0 I : [ 24.912285] msm-dwc3 a800000.ssusb: DWC3 exited from low power mode
06-12 13:46:06.339 0 0 I : [ 24.912935] msm-dwc3 a600000.ssusb: DWC3 exited from low power mode
06-12 13:46:06.339 0 0 I : [ 24.913686] xhci-hcd xhci-hcd.1.auto: xHCI Host Controller
06-12 13:46:06.339 0 0 I : [ 24.913689] xhci-hcd xhci-hcd.0.auto: xHCI Host Controller
06-12 13:46:06.339 0 0 I : [ 24.913722] xhci-hcd xhci-hcd.0.auto: new USB bus registered, assigned bus number 1
06-12 13:46:06.339 0 0 I : [ 24.913724] xhci-hcd xhci-hcd.1.auto: new USB bus registered, assigned bus number 2
06-12 13:46:06.339 0 0 I : [ 24.914051] xhci-hcd xhci-hcd.1.auto: hcc params 0x0230ffe5 hci version 0x110 quirks 0x0000000000010010
06-12 13:46:06.339 0 0 I : [ 24.914055] xhci-hcd xhci-hcd.0.auto: hcc params 0x0230ffe5 hci version 0x110 quirks 0x0000000000010810
06-12 13:46:06.339 0 0 I : [ 24.914079] xhci-hcd xhci-hcd.1.auto: irq 347, io mem 0x0a600000
06-12 13:46:06.339 0 0 I : [ 24.914082] xhci-hcd xhci-hcd.0.auto: irq 349, io mem 0x0a800000
06-12 13:46:06.339 0 0 I : [ 24.914289] usb usb1: New USB device found, idVendor=1d6b, idProduct=0002, bcdDevice= 4.19
06-12 13:46:06.339 0 0 I : [ 24.914294] usb usb1: New USB device strings: Mfr=3, Product=2, SerialNumber=1
06-12 13:46:06.339 0 0 I : [ 24.914298] usb usb1: Product: xHCI Host Controller
06-12 13:46:06.339 0 0 I : [ 24.914302] usb usb1: Manufacturer: Linux 4.19.157-perf+ xhci-hcd
06-12 13:46:06.339 0 0 I : [ 24.914304] usb usb1: SerialNumber: xhci-hcd.0.auto
06-12 13:46:06.339 0 0 I : [ 24.915206] hub 1-0:1.0: USB hub found
06-12 13:46:06.339 0 0 I : [ 24.915258] hub 1-0:1.0: 1 port detected
06-12 13:46:06.343 0 0 E [ 24.916107] register_client_adhoc: find path.src 1 dest 589
06-12 13:46:06.343 0 0 E [ 24.916267] register_client_adhoc: Failed to find path.src 1 dest 589
06-12 13:46:06.343 0 0 E [ 24.917726] [drm: dp_display_init_aux_switch][msm-dp-err][84 ]failed to register notifier (-22)
06-12 13:46:06.343 0 0 I : [ 24.917884] xhci-hcd xhci-hcd.0.auto: xHCI Host Controller
06-12 13:46:06.343 0 0 E [ 24.917894] register_client_adhoc: find path.src 1 dest 589
06-12 13:46:06.343 0 0 E [ 24.917961] register_client_adhoc: Failed to find path.src 1 dest 589
06-12 13:46:06.343 0 0 I : [ 24.918055] usb usb2: New USB device found, idVendor=1d6b, idProduct=0002, bcdDevice= 4.19
06-12 13:46:06.343 0 0 I : [ 24.918065] usb usb2: New USB device strings: Mfr=3, Product=2, SerialNumber=1
06-12 13:46:06.343 0 0 I : [ 24.918069] usb usb2: Product: xHCI Host Controller
06-12 13:46:06.343 0 0 I : [ 24.918072] usb usb2: Manufacturer: Linux 4.19.157-perf+ xhci-hcd
06-12 13:46:06.343 0 0 I : [ 24.918075] usb usb2: SerialNumber: xhci-hcd.1.auto
06-12 13:46:06.343 0 0 I : [ 24.918902] hub 2-0:1.0: USB hub found
06-12 13:46:06.343 0 0 I : [ 24.918943] hub 2-0:1.0: 1 port detected
06-12 13:46:06.343 0 0 E [ 24.919377] [drm: dp_display_init_aux_switch][msm-dp-err][18 ]failed to register notifier (-22)
06-12 13:46:06.343 0 0 E [ 24.919522] register_client_adhoc: find path.src 1 dest 589
06-12 13:46:06.348 0 0 E [ 24.919582] register_client_adhoc: Failed to find path.src 1 dest 589
06-12 13:46:06.348 0 0 E [ 24.920871] [drm: dp_display_init_aux_switch][msm-dp-err][18 ]failed to register notifier (-22)
06-12 13:46:06.348 0 0 E [ 24.921000] register_client_adhoc: find path.src 1 dest 589
06-12 13:46:06.348 0 0 E [ 24.921052] register_client_adhoc: Failed to find path.src 1 dest 589
06-12 13:46:06.348 0 0 I : [ 24.921710] xhci-hcd xhci-hcd.1.auto: xHCI Host Controller
06-12 13:46:06.348 0 0 I : [ 24.921718] xhci-hcd xhci-hcd.0.auto: new USB bus registered, assigned bus number 3
06-12 13:46:06.348 0 0 I : [ 24.921727] xhci-hcd xhci-hcd.1.auto: new USB bus registered, assigned bus number 4
06-12 13:46:06.348 0 0 I : [ 24.921730] xhci-hcd xhci-hcd.0.auto: Host supports USB 3.1 Enhanced SuperSpeed
06-12 13:46:06.348 0 0 I : [ 24.921737] xhci-hcd xhci-hcd.1.auto: Host supports USB 3.1 Enhanced SuperSpeed
06-12 13:46:06.348 0 0 I : [ 24.922041] usb usb3: New USB device found, idVendor=1d6b, idProduct=0003, bcdDevice= 4.19
06-12 13:46:06.348 0 0 I : [ 24.922046] usb usb3: New USB device strings: Mfr=3, Product=2, SerialNumber=1
06-12 13:46:06.348 0 0 I : [ 24.922049] usb usb3: Product: xHCI Host Controller
06-12 13:46:06.348 0 0 I : [ 24.922053] usb usb3: Manufacturer: Linux 4.19.157-perf+ xhci-hcd
06-12 13:46:06.348 0 0 I : [ 24.922056] usb usb3: SerialNumber: xhci-hcd.0.auto
06-12 13:46:06.348 0 0 I : [ 24.922740] hub 3-0:1.0: USB hub found
06-12 13:46:06.348 0 0 I : [ 24.922849] hub 3-0:1.0: 1 port detected
06-12 13:46:06.348 0 0 E [ 24.923332] [drm: dp_display_init_aux_switch][msm-dp-err][22 ]failed to register notifier (-22)
06-12 13:46:06.348 0 0 E [ 24.923458] register_client_adhoc: find path.src 1 dest 589
06-12 13:46:06.348 0 0 E [ 24.923507] register_client_adhoc: Failed to find path.src 1 dest 589
06-12 13:46:06.348 0 0 I : [ 24.924328] usb usb4: We don't know the algorithms for LPM for this host, disabling LPM.
06-12 13:46:06.348 0 0 I : [ 24.924452] usb usb4: New USB device found, idVendor=1d6b, idProduct=0003, bcdDevice= 4.19
06-12 13:46:06.348 0 0 I : [ 24.924455] usb usb4: New USB device strings: Mfr=3, Product=2, SerialNumber=1
06-12 13:46:06.348 0 0 I : [ 24.924458] usb usb4: Product: xHCI Host Controller
06-12 13:46:06.348 0 0 I : [ 24.924461] usb usb4: Manufacturer: Linux 4.19.157-perf+ xhci-hcd
06-12 13:46:06.348 0 0 I : [ 24.924464] usb usb4: SerialNumber: xhci-hcd.1.auto
06-12 13:46:06.348 0 0 E [ 24.924845] [drm: dp_display_init_aux_switch][msm-dp-err][22 ]failed to register notifier (-22)
06-12 13:46:06.348 0 0 E [ 24.924956] register_client_adhoc: find path.src 1 dest 589
06-12 13:46:06.348 0 0 E [ 24.925001] register_client_adhoc: Failed to find path.src 1 dest 589
06-12 13:46:06.348 0 0 I : [ 24.925178] hub 4-0:1.0: USB hub found
06-12 13:46:06.348 0 0 I : [ 24.925214] hub 4-0:1.0: 1 port detected
06-12 13:46:06.351 0 0 E [ 24.925554] [drm: dp_display_init_aux_switch][msm-dp-err][18 ]failed to register notifier (-22)
06-12 13:46:06.351 0 0 E [ 24.925676] register_client_adhoc: find path.src 1 dest 589
06-12 13:46:06.351 0 0 E [ 24.925717] register_client_adhoc: Failed to find path.src 1 dest 589
06-12 13:46:06.351 0 0 E [ 24.926589] [drm: dp_display_init_aux_switch][msm-dp-err][18 ]failed to register notifier (-22)
06-12 13:46:06.351 0 0 E [ 24.926698] register_client_adhoc: find path.src 1 dest 589
06-12 13:46:06.351 0 0 E [ 24.926737] register_client_adhoc: Failed to find path.src 1 dest 589
06-12 13:46:06.351 0 0 E [ 24.927513] [drm: dp_display_init_aux_switch][msm-dp-err][18 ]failed to register notifier (-22)
06-12 13:46:06.351 0 0 E [ 24.927618] register_client_adhoc: find path.src 1 dest 589
06-12 13:46:06.395 0 0 E [ 24.927657] register_client_adhoc: Failed to find path.src 1 dest 589
06-12 13:46:06.395 0 0 I : [ 24.968764] read descriptors
06-12 13:46:06.395 0 0 I : [ 24.968850] read strings
06-12 13:46:06.395 0 0 I [ 24.969923] init: processing action (sys.usb.config=adb && sys.usb.configfs=1 && sys.usb.ffs.ready=1) from (/system/etc/init/hw/init.usb.configfs.rc:20)
06-12 13:46:06.395 0 0 I [ 24.971486] init: Command 'symlink /config/usb_gadget/g1/functions/ffs.adb /config/usb_gadget/g1/configs/b.1/f1' action=sys.usb.config=adb && sys.usb.configfs=1 && sys.usb.ffs.ready=1 (/system/etc/init/hw/init.usb.configfs.rc:22) took 0ms and failed: symlink() failed: File exists
06-12 13:46:06.399 0 0 I [ 24.972251] android_work: did not send uevent (0 0 0000000000000000)
06-12 13:46:06.796 1548 1998 I ntp_failure: [time.android.com/216.239.35.0,java.net.SocketTimeoutException: Poll timed out]
06-12 13:46:07.319 0 0 I [ 25.892647] init: Untracked pid 4083 exited with status 0
06-12 13:46:07.447 0 0 I : [ 26.021087] msm-dwc3 a800000.ssusb: DWC3 in low power mode
06-12 13:46:07.451 0 0 I : [ 26.025091] msm-dwc3 a600000.ssusb: DWC3 in low power mode
06-12 13:46:08.019 0 0 E [ 26.592208] link_delay_work_func: DTC_ETH: SQI=0, link=0
06-12 13:46:08.093 1548 1638 I ActivityManager: Waited long enough for: ServiceRecord{63d43d3 u0 com.qti.diagservices/.QTIDiagServices}
06-12 13:46:08.631 0 0 I : [ 27.205010] qcom_rpmh DRV:apps_rsc TCS Busy, retrying RPMH message send: addr=0x50000
06-12 13:46:08.631 0 0 I : [ 27.205033] qcom_rpmh DRV:apps_rsc TCS Busy, retrying RPMH message send: addr=0x50000
06-12 13:46:08.631 0 0 I : [ 27.205050] qcom_rpmh DRV:apps_rsc TCS Busy, retrying RPMH message send: addr=0x50000
06-12 13:46:09.040 0 0 I [ 27.616449] mv2112_setup_work_handler: Try to setup link again!
06-12 13:46:09.041 0 0 I : [ 27.616459] mv2112_setup_forced
06-12 13:46:09.277 1548 1619 D UsbDeviceManager: Clear notification
06-12 13:46:09.280 1548 1548 I sysui_multi_action: [757,128,758,5,759,8,793,18005,794,10514,795,18005,796,32,806,android,857,USB,858,1,947,0,1500,17724,1688,1]
06-12 13:46:09.281 1548 1548 I notification_canceled: [-1|android|32|null|1000,8,18005,18005,10514,-1,-1,NULL]
06-12 13:46:09.285 1548 1548 I sysui_multi_action: [757,128,758,5,759,8,793,17332,794,13835,795,17332,796,26,806,android,857,DEVELOPER_IMPORTANT,858,4,947,0,1500,16974,1688,1]
06-12 13:46:09.285 1548 1548 I notification_canceled: [-1|android|26|null|1000,8,17332,17332,13835,-1,-1,NULL]
06-12 13:46:09.288 1548 1548 D CompatibilityChangeReporter: Compat change id reported: 175319604; UID 10077; state: ENABLED
06-12 13:46:09.289 1548 1548 D CompatibilityChangeReporter: Compat change id reported: 175319604; UID 1000; state: ENABLED
06-12 13:46:09.290 1548 1548 D CompatibilityChangeReporter: Compat change id reported: 175319604; UID 1000; state: DISABLED
06-12 13:46:09.291 1548 1548 D CompatibilityChangeReporter: Compat change id reported: 175319604; UID 10091; state: DISABLED
06-12 13:46:09.302 1548 1635 I am_pss : [2555,10072,com.android.launcher3,108421120,89759744,0,249122816,0,2,12]
06-12 13:46:09.941 3854 3918 E ActivityThread: Failed to find provider info for telephony
06-12 13:46:11.804 1548 1998 I ntp_failure: [time.android.com/216.239.35.12,java.net.SocketTimeoutException: Poll timed out]
06-12 13:46:12.858 1548 1635 I am_pss : [3096,10085,com.qualcomm.qtil.aptxui,7274496,5705728,0,91734016,0,19,12]
