06-12 13:55:13.164 1936 1936 D ViewTouchDebug: mView : com.android.systemui.statusbar.phone.NotificationShadeWindowView{ab63b67 V.E...... ........ 0,0-2560,1080}Receive event : MotionEvent { action=ACTION_MOVE, actionButton=0, id[0]=0, x[0]=1640.5576, y[0]=192.1106, toolType[0]=TOOL_TYPE_FINGER, buttonState=0, classification=NONE, metaState=0, flags=0x0, edgeFlags=0x0, pointerCount=1, historySize=2, eventTime=571481, downTime=571092, deviceId=3, source=0x5002, displayId=0, eventId=204281316 }
06-12 13:55:13.181 1936 1936 D ViewTouchDebug: mView : com.android.systemui.statusbar.phone.NotificationShadeWindowView{ab63b67 V.E...... ........ 0,0-2560,1080}Receive event : MotionEvent { action=ACTION_MOVE, actionButton=0, id[0]=0, x[0]=1621.3689, y[0]=197.08122, toolType[0]=TOOL_TYPE_FINGER, buttonState=0, classification=NONE, metaState=0, flags=0x0, edgeFlags=0x0, pointerCount=1, historySize=1, eventTime=571497, downTime=571092, deviceId=3, source=0x5002, displayId=0, eventId=273704261 }
06-12 13:55:13.198 1936 1936 D ViewTouchDebug: mView : com.android.systemui.statusbar.phone.NotificationShadeWindowView{ab63b67 V.E...... ........ 0,0-2560,1080}Receive event : MotionEvent { action=ACTION_MOVE, actionButton=0, id[0]=0, x[0]=1604.4042, y[0]=202.07875, toolType[0]=TOOL_TYPE_FINGER, buttonState=0, classification=NONE, metaState=0, flags=0x0, edgeFlags=0x0, pointerCount=1, historySize=2, eventTime=571514, downTime=571092, deviceId=3, source=0x5002, displayId=0, eventId=732962132 }
06-12 13:55:13.214 1936 1936 D ViewTouchDebug: mView : com.android.systemui.statusbar.phone.NotificationShadeWindowView{ab63b67 V.E...... ........ 0,0-2560,1080}Receive event : MotionEvent { action=ACTION_MOVE, actionButton=0, id[0]=0, x[0]=1590.912, y[0]=207.033, toolType[0]=TOOL_TYPE_FINGER, buttonState=0, classification=NONE, metaState=0, flags=0x0, edgeFlags=0x0, pointerCount=1, historySize=2, eventTime=571531, downTime=571092, deviceId=3, source=0x5002, displayId=0, eventId=128096747 }
06-12 13:55:13.231 1936 1936 D ViewTouchDebug: mView : com.android.systemui.statusbar.phone.NotificationShadeWindowView{ab63b67 V.E...... ........ 0,0-2560,1080}Receive event : MotionEvent { action=ACTION_MOVE, actionButton=0, id[0]=0, x[0]=1577.4117, y[0]=214.27736, toolType[0]=TOOL_TYPE_FINGER, buttonState=0, classification=NONE, metaState=0, flags=0x0, edgeFlags=0x0, pointerCount=1, historySize=1, eventTime=571548, downTime=571092, deviceId=3, source=0x5002, displayId=0, eventId=423918751 }
06-12 13:55:13.248 1936 1936 D ViewTouchDebug: mView : com.android.systemui.statusbar.phone.NotificationShadeWindowView{ab63b67 V.E...... ........ 0,0-2560,1080}Receive event : MotionEvent { action=ACTION_MOVE, actionButton=0, id[0]=0, x[0]=1565.7544, y[0]=222.60403, toolType[0]=TOOL_TYPE_FINGER, buttonState=0, classification=NONE, metaState=0, flags=0x0, edgeFlags=0x0, pointerCount=1, historySize=2, eventTime=571564, downTime=571092, deviceId=3, source=0x5002, displayId=0, eventId=1023929443 }
06-12 13:55:13.264 1936 1936 D ViewTouchDebug: mView : com.android.systemui.statusbar.phone.NotificationShadeWindowView{ab63b67 V.E...... ........ 0,0-2560,1080}Receive event : MotionEvent { action=ACTION_MOVE, actionButton=0, id[0]=0, x[0]=1554.1416, y[0]=230.87859, toolType[0]=TOOL_TYPE_FINGER, buttonState=0, classification=NONE, metaState=0, flags=0x0, edgeFlags=0x0, pointerCount=1, historySize=1, eventTime=571581, downTime=571092, deviceId=3, source=0x5002, displayId=0, eventId=704391529 }
06-12 13:55:13.270 1936 1936 D ViewTouchDebug: mView : com.android.systemui.statusbar.phone.NotificationShadeWindowView{ab63b67 V.E...... ........ 0,0-2560,1080}Receive event : MotionEvent { action=ACTION_MOVE, actionButton=0, id[0]=0, x[0]=1554.0, y[0]=231.0, toolType[0]=TOOL_TYPE_FINGER, buttonState=0, classification=NONE, metaState=0, flags=0x0, edgeFlags=0x0, pointerCount=1, historySize=0, eventTime=571581, downTime=571092, deviceId=3, source=0x5002, displayId=0, eventId=55649981 }
06-12 13:55:13.270 1936 1936 D ViewTouchDebug: mView : com.android.systemui.statusbar.phone.NotificationShadeWindowView{ab63b67 V.E...... ........ 0,0-2560,1080}Receive event : MotionEvent { action=ACTION_UP, actionButton=0, id[0]=0, x[0]=1554.0, y[0]=231.0, toolType[0]=TOOL_TYPE_FINGER, buttonState=0, classification=NONE, metaState=0, flags=0x0, edgeFlags=0x0, pointerCount=1, historySize=0, eventTime=571591, downTime=571092, deviceId=3, source=0x5002, displayId=0, eventId=300269011 }
06-12 13:55:13.270 1936 1936 I sysui_multi_action: [757,218,758,4,759,1]
06-12 13:55:13.275 1548 4463 I commit_sys_config_file: [display-state,552747]
06-12 13:55:13.279 1548 1671 V DisplayPowerController[0]: Brightness [0.0] reason changing to: 'manual', previous reason: 'temporary'.
06-12 13:55:13.488 1548 1813 I commit_sys_config_file: [settings-1-0,7]
06-12 13:55:13.899 2134 6619 D MicroService: handleHeartBeat:286
06-12 13:55:14.063 2134 2134 D MicroService: onHeartBeatDetected
06-12 13:55:14.063 2134 2134 D MicroService: sendHeartbeatMessage
06-12 13:55:14.118 657 672 I mpu_uart: [MSG-P:RECV]:No message received in 1000 ms
06-12 13:55:14.120 657 671 I mpu_uart: [MSG-P:R]:recv sync frame timeout
06-12 13:55:14.969 1936 1936 D ViewTouchDebug: mView : com.android.systemui.navigationbar.NavigationBarFrame{b436c0b V.E...... ......I. 0,0-2560,46 #7f0b03f2 app:id/navigation_bar_frame}Receive event : MotionEvent { action=ACTION_OUTSIDE, actionButton=0, id[0]=0, x[0]=2369.0, y[0]=-751.0, toolType[0]=TOOL_TYPE_FINGER, buttonState=0, classification=NONE, metaState=0, flags=0x0, edgeFlags=0x0, pointerCount=1, historySize=0, eventTime=573289, downTime=573289, deviceId=3, source=0x5002, displayId=0, eventId=1214363078 }
06-12 13:55:14.970 1936 1936 D ViewTouchDebug: mView : com.android.systemui.statusbar.phone.NotificationShadeWindowView{ab63b67 V.E...... ........ 0,0-2560,1080}Receive event : MotionEvent { action=ACTION_DOWN, actionButton=0, id[0]=0, x[0]=2369.0, y[0]=283.0, toolType[0]=TOOL_TYPE_FINGER, buttonState=0, classification=NONE, metaState=0, flags=0x0, edgeFlags=0x0, pointerCount=1, historySize=0, eventTime=573289, downTime=573289, deviceId=3, source=0x5002, displayId=0, eventId=312627813 }
06-12 13:55:15.113 1936 1936 D ViewTouchDebug: mView : com.android.systemui.statusbar.phone.NotificationShadeWindowView{ab63b67 V.E...... ........ 0,0-2560,1080}Receive event : MotionEvent { action=ACTION_UP, actionButton=0, id[0]=0, x[0]=2369.0, y[0]=283.0, toolType[0]=TOOL_TYPE_FINGER, buttonState=0, classification=NONE, metaState=0, flags=0x0, edgeFlags=0x0, pointerCount=1, historySize=0, eventTime=573433, downTime=573289, deviceId=3, source=0x5002, displayId=0, eventId=929326983 }
06-12 13:55:15.118 1548 1671 E SensorManager: sensor or listener is null
06-12 13:55:15.119 657 672 I mpu_uart: [MSG-P:RECV]:No message received in 1000 ms
06-12 13:55:15.125 1548 1548 I commit_sys_config_file: [display-state,554597]
06-12 13:55:15.134 1548 1671 V DisplayPowerController[0]: Brightness [0.1919192] manual adjustment.
06-12 13:55:15.149 1548 1911 E DisplayDeviceConfig: requesting nits when no mapping exists.
06-12 13:55:15.149 1548 1911 E DisplayDeviceConfig: requesting nits when no mapping exists.
06-12 13:55:15.149 1548 1638 I am_wtf : [0,1548,system_server,-1,DisplayDeviceConfig,requesting nits when no mapping exists.]
06-12 13:55:15.150 1548 1638 I am_wtf : [0,1548,system_server,-1,DisplayDeviceConfig,requesting nits when no mapping exists.]
06-12 13:55:15.165 1548 1911 E DisplayDeviceConfig: requesting nits when no mapping exists.
06-12 13:55:15.166 1548 1638 I am_wtf : [0,1548,system_server,-1,DisplayDeviceConfig,requesting nits when no mapping exists.]
06-12 13:55:15.166 1548 1911 E DisplayDeviceConfig: requesting nits when no mapping exists.
06-12 13:55:15.167 1548 1638 I am_wtf : [0,1548,system_server,-1,DisplayDeviceConfig,requesting nits when no mapping exists.]
06-12 13:55:15.182 1548 1911 E DisplayDeviceConfig: requesting nits when no mapping exists.
06-12 13:55:15.182 1548 1911 E DisplayDeviceConfig: requesting nits when no mapping exists.
06-12 13:55:15.182 1548 1638 I am_wtf : [0,1548,system_server,-1,DisplayDeviceConfig,requesting nits when no mapping exists.]
06-12 13:55:15.183 1548 1638 I am_wtf : [0,1548,system_server,-1,DisplayDeviceConfig,requesting nits when no mapping exists.]
06-12 13:55:15.198 1548 1911 E DisplayDeviceConfig: requesting nits when no mapping exists.
06-12 13:55:15.199 1548 1911 E DisplayDeviceConfig: requesting nits when no mapping exists.
06-12 13:55:15.199 1548 1638 I am_wtf : [0,1548,system_server,-1,DisplayDeviceConfig,requesting nits when no mapping exists.]
06-12 13:55:15.199 1548 1638 I am_wtf : [0,1548,system_server,-1,DisplayDeviceConfig,requesting nits when no mapping exists.]
06-12 13:55:15.215 1548 1911 E DisplayDeviceConfig: requesting nits when no mapping exists.
06-12 13:55:15.215 1548 1911 E DisplayDeviceConfig: requesting nits when no mapping exists.
06-12 13:55:15.216 1548 1638 I am_wtf : [0,1548,system_server,-1,DisplayDeviceConfig,requesting nits when no mapping exists.]
06-12 13:55:15.217 1548 1638 I am_wtf : [0,1548,system_server,-1,DisplayDeviceConfig,requesting nits when no mapping exists.]
06-12 13:55:15.232 1548 1911 E DisplayDeviceConfig: requesting nits when no mapping exists.
06-12 13:55:15.232 1548 1638 I am_wtf : [0,1548,system_server,-1,DisplayDeviceConfig,requesting nits when no mapping exists.]
06-12 13:55:15.232 1548 1911 E DisplayDeviceConfig: requesting nits when no mapping exists.
06-12 13:55:15.233 1548 1638 I am_wtf : [0,1548,system_server,-1,DisplayDeviceConfig,requesting nits when no mapping exists.]
06-12 13:55:15.248 1548 1911 E DisplayDeviceConfig: requesting nits when no mapping exists.
06-12 13:55:15.249 1548 1911 E DisplayDeviceConfig: requesting nits when no mapping exists.
06-12 13:55:15.249 1548 1638 I am_wtf : [0,1548,system_server,-1,DisplayDeviceConfig,requesting nits when no mapping exists.]
06-12 13:55:15.249 1548 1638 I am_wtf : [0,1548,system_server,-1,DisplayDeviceConfig,requesting nits when no mapping exists.]
06-12 13:55:15.265 1548 1911 E DisplayDeviceConfig: requesting nits when no mapping exists.
06-12 13:55:15.265 1548 1911 E DisplayDeviceConfig: requesting nits when no mapping exists.
06-12 13:55:15.266 1548 1638 I am_wtf : [0,1548,system_server,-1,DisplayDeviceConfig,requesting nits when no mapping exists.]
06-12 13:55:15.266 1548 1638 I am_wtf : [0,1548,system_server,-1,DisplayDeviceConfig,requesting nits when no mapping exists.]
06-12 13:55:15.282 1548 1911 E DisplayDeviceConfig: requesting nits when no mapping exists.
06-12 13:55:15.282 1548 1911 E DisplayDeviceConfig: requesting nits when no mapping exists.
06-12 13:55:15.282 1548 1638 I am_wtf : [0,1548,system_server,-1,DisplayDeviceConfig,requesting nits when no mapping exists.]
06-12 13:55:15.283 1548 1638 I am_wtf : [0,1548,system_server,-1,DisplayDeviceConfig,requesting nits when no mapping exists.]
06-12 13:55:15.298 1548 1911 E DisplayDeviceConfig: requesting nits when no mapping exists.
06-12 13:55:15.299 1548 1911 E DisplayDeviceConfig: requesting nits when no mapping exists.
06-12 13:55:15.299 1548 1638 I am_wtf : [0,1548,system_server,-1,DisplayDeviceConfig,requesting nits when no mapping exists.]
06-12 13:55:15.300 1548 1638 I am_wtf : [0,1548,system_server,-1,DisplayDeviceConfig,requesting nits when no mapping exists.]
06-12 13:55:15.315 1548 1911 E DisplayDeviceConfig: requesting nits when no mapping exists.
06-12 13:55:15.316 1548 1638 I am_wtf : [0,1548,system_server,-1,DisplayDeviceConfig,requesting nits when no mapping exists.]
06-12 13:55:15.316 1548 1911 E DisplayDeviceConfig: requesting nits when no mapping exists.
06-12 13:55:15.317 1548 1638 I am_wtf : [0,1548,system_server,-1,DisplayDeviceConfig,requesting nits when no mapping exists.]
06-12 13:55:15.322 1548 1813 I commit_sys_config_file: [settings-1-0,5]
06-12 13:55:15.337 1548 1911 E DisplayDeviceConfig: requesting nits when no mapping exists.
06-12 13:55:15.337 1548 1911 E DisplayDeviceConfig: requesting nits when no mapping exists.
06-12 13:55:15.337 1548 1638 I am_wtf : [0,1548,system_server,-1,DisplayDeviceConfig,requesting nits when no mapping exists.]
06-12 13:55:15.339 1548 1638 I am_wtf : [0,1548,system_server,-1,DisplayDeviceConfig,requesting nits when no mapping exists.]
06-12 13:55:15.904 2134 6623 D MicroService: handleHeartBeat:287
06-12 13:55:16.066 2134 2134 D MicroService: onHeartBeatDetected
06-12 13:55:16.066 2134 2134 D MicroService: sendHeartbeatMessage
06-12 13:55:16.119 657 672 I mpu_uart: [MSG-P:RECV]:No message received in 1000 ms
06-12 13:55:16.986 1936 1936 D ViewTouchDebug: mView : com.android.systemui.navigationbar.NavigationBarFrame{b436c0b V.E...... ......I. 0,0-2560,46 #7f0b03f2 app:id/navigation_bar_frame}Receive event : MotionEvent { action=ACTION_OUTSIDE, actionButton=0, id[0]=0, x[0]=1948.0, y[0]=-853.0, toolType[0]=TOOL_TYPE_FINGER, buttonState=0, classification=NONE, metaState=0, flags=0x0, edgeFlags=0x0, pointerCount=1, historySize=0, eventTime=575306, downTime=575306, deviceId=3, source=0x5002, displayId=0, eventId=1467565882 }
06-12 13:55:16.986 1936 1936 D ViewTouchDebug: mView : com.android.systemui.statusbar.phone.NotificationShadeWindowView{ab63b67 V.E...... ........ 0,0-2560,1080}Receive event : MotionEvent { action=ACTION_DOWN, actionButton=0, id[0]=0, x[0]=1948.0, y[0]=181.0, toolType[0]=TOOL_TYPE_FINGER, buttonState=0, classification=NONE, metaState=0, flags=0x0, edgeFlags=0x0, pointerCount=1, historySize=0, eventTime=575306, downTime=575306, deviceId=3, source=0x5002, displayId=0, eventId=240150880 }
06-12 13:55:17.033 1936 1936 D ViewTouchDebug: mView : com.android.systemui.statusbar.phone.NotificationShadeWindowView{ab63b67 V.E...... ........ 0,0-2560,1080}Receive event : MotionEvent { action=ACTION_MOVE, actionButton=0, id[0]=0, x[0]=1961.0, y[0]=186.0, toolType[0]=TOOL_TYPE_FINGER, buttonState=0, classification=NONE, metaState=0, flags=0x0, edgeFlags=0x0, pointerCount=1, historySize=0, eventTime=575355, downTime=575306, deviceId=3, source=0x5002, displayId=0, eventId=512486690 }
06-12 13:55:17.037 1548 1671 V DisplayPowerController[0]: Brightness [0.1919192] reason changing to: 'temporary', previous reason: 'manual'.
06-12 13:55:17.040 1548 1911 E DisplayDeviceConfig: requesting nits when no mapping exists.
06-12 13:55:17.040 1548 1911 E DisplayDeviceConfig: requesting nits when no mapping exists.
06-12 13:55:17.040 1548 1638 I am_wtf : [0,1548,system_server,-1,DisplayDeviceConfig,requesting nits when no mapping exists.]
06-12 13:55:17.041 1548 1638 I am_wtf : [0,1548,system_server,-1,DisplayDeviceConfig,requesting nits when no mapping exists.]
06-12 13:55:17.064 1936 1936 D ViewTouchDebug: mView : com.android.systemui.statusbar.phone.NotificationShadeWindowView{ab63b67 V.E...... ........ 0,0-2560,1080}Receive event : MotionEvent { action=ACTION_MOVE, actionButton=0, id[0]=0, x[0]=1987.6301, y[0]=191.22234, toolType[0]=TOOL_TYPE_FINGER, buttonState=0, classification=NONE, metaState=0, flags=0x0, edgeFlags=0x0, pointerCount=1, historySize=2, eventTime=575381, downTime=575306, deviceId=3, source=0x5002, displayId=0, eventId=347143126 }
06-12 13:55:17.067 1548 1911 E DisplayDeviceConfig: requesting nits when no mapping exists.
06-12 13:55:17.067 1548 1911 E DisplayDeviceConfig: requesting nits when no mapping exists.
06-12 13:55:17.067 1548 1638 I am_wtf : [0,1548,system_server,-1,DisplayDeviceConfig,requesting nits when no mapping exists.]
06-12 13:55:17.068 1548 1638 I am_wtf : [0,1548,system_server,-1,DisplayDeviceConfig,requesting nits when no mapping exists.]
06-12 13:55:17.081 1936 1936 D ViewTouchDebug: mView : com.android.systemui.statusbar.phone.NotificationShadeWindowView{ab63b67 V.E...... ........ 0,0-2560,1080}Receive event : MotionEvent { action=ACTION_MOVE, actionButton=0, id[0]=0, x[0]=2015.6685, y[0]=195.45856, toolType[0]=TOOL_TYPE_FINGER, buttonState=0, classification=NONE, metaState=0, flags=0x0, edgeFlags=0x0, pointerCount=1, historySize=2, eventTime=575398, downTime=575306, deviceId=3, source=0x5002, displayId=0, eventId=793935677 }
06-12 13:55:17.082 1548 1911 E DisplayDeviceConfig: requesting nits when no mapping exists.
06-12 13:55:17.083 1548 1911 E DisplayDeviceConfig: requesting nits when no mapping exists.
06-12 13:55:17.083 1548 1638 I am_wtf : [0,1548,system_server,-1,DisplayDeviceConfig,requesting nits when no mapping exists.]
06-12 13:55:17.083 1548 1638 I am_wtf : [0,1548,system_server,-1,DisplayDeviceConfig,requesting nits when no mapping exists.]
06-12 13:55:17.098 1936 1936 D ViewTouchDebug: mView : com.android.systemui.statusbar.phone.NotificationShadeWindowView{ab63b67 V.E...... ........ 0,0-2560,1080}Receive event : MotionEvent { action=ACTION_MOVE, actionButton=0, id[0]=0, x[0]=2054.3828, y[0]=197.8922, toolType[0]=TOOL_TYPE_FINGER, buttonState=0, classification=NONE, metaState=0, flags=0x0, edgeFlags=0x0, pointerCount=1, historySize=2, eventTime=575414, downTime=575306, deviceId=3, source=0x5002, displayId=0, eventId=548951481 }
06-12 13:55:17.099 1548 1911 E DisplayDeviceConfig: requesting nits when no mapping exists.
06-12 13:55:17.100 1548 1911 E DisplayDeviceConfig: requesting nits when no mapping exists.
06-12 13:55:17.100 1548 1638 I am_wtf : [0,1548,system_server,-1,DisplayDeviceConfig,requesting nits when no mapping exists.]
06-12 13:55:17.100 1548 1638 I am_wtf : [0,1548,system_server,-1,DisplayDeviceConfig,requesting nits when no mapping exists.]
06-12 13:55:17.114 1936 1936 D ViewTouchDebug: mView : com.android.systemui.statusbar.phone.NotificationShadeWindowView{ab63b67 V.E...... ........ 0,0-2560,1080}Receive event : MotionEvent { action=ACTION_MOVE, actionButton=0, id[0]=0, x[0]=2104.6765, y[0]=199.0, toolType[0]=TOOL_TYPE_FINGER, buttonState=0, classification=NONE, metaState=0, flags=0x0, edgeFlags=0x0, pointerCount=1, historySize=2, eventTime=575431, downTime=575306, deviceId=3, source=0x5002, displayId=0, eventId=605435433 }
06-12 13:55:17.116 1548 1911 E DisplayDeviceConfig: requesting nits when no mapping exists.
06-12 13:55:17.117 1548 1911 E DisplayDeviceConfig: requesting nits when no mapping exists.
06-12 13:55:17.117 1548 1638 I am_wtf : [0,1548,system_server,-1,DisplayDeviceConfig,requesting nits when no mapping exists.]
06-12 13:55:17.118 1548 1638 I am_wtf : [0,1548,system_server,-1,DisplayDeviceConfig,requesting nits when no mapping exists.]
06-12 13:55:17.119 657 672 I mpu_uart: [MSG-P:RECV]:No message received in 1000 ms
06-12 13:55:17.124 657 671 I mpu_uart: [MSG-P:R]:recv sync frame timeout
06-12 13:55:17.131 1936 1936 D ViewTouchDebug: mView : com.android.systemui.statusbar.phone.NotificationShadeWindowView{ab63b67 V.E...... ........ 0,0-2560,1080}Receive event : MotionEvent { action=ACTION_MOVE, actionButton=0, id[0]=0, x[0]=2156.7236, y[0]=199.0, toolType[0]=TOOL_TYPE_FINGER, buttonState=0, classification=NONE, metaState=0, flags=0x0, edgeFlags=0x0, pointerCount=1, historySize=1, eventTime=575448, downTime=575306, deviceId=3, source=0x5002, displayId=0, eventId=562111384 }
06-12 13:55:17.133 1548 1911 E DisplayDeviceConfig: requesting nits when no mapping exists.
06-12 13:55:17.133 1548 1638 I am_wtf : [0,1548,system_server,-1,DisplayDeviceConfig,requesting nits when no mapping exists.]
06-12 13:55:17.133 1548 1911 E DisplayDeviceConfig: requesting nits when no mapping exists.
06-12 13:55:17.134 1548 1638 I am_wtf : [0,1548,system_server,-1,DisplayDeviceConfig,requesting nits when no mapping exists.]
06-12 13:55:17.148 1936 1936 D ViewTouchDebug: mView : com.android.systemui.statusbar.phone.NotificationShadeWindowView{ab63b67 V.E...... ........ 0,0-2560,1080}Receive event : MotionEvent { action=ACTION_MOVE, actionButton=0, id[0]=0, x[0]=2210.8667, y[0]=199.0, toolType[0]=TOOL_TYPE_FINGER, buttonState=0, classification=NONE, metaState=0, flags=0x0, edgeFlags=0x0, pointerCount=1, historySize=2, eventTime=575464, downTime=575306, deviceId=3, source=0x5002, displayId=0, eventId=708320119 }
06-12 13:55:17.153 1548 1911 E DisplayDeviceConfig: requesting nits when no mapping exists.
06-12 13:55:17.154 1548 1911 E DisplayDeviceConfig: requesting nits when no mapping exists.
06-12 13:55:17.154 1548 1638 I am_wtf : [0,1548,system_server,-1,DisplayDeviceConfig,requesting nits when no mapping exists.]
06-12 13:55:17.155 1548 1638 I am_wtf : [0,1548,system_server,-1,DisplayDeviceConfig,requesting nits when no mapping exists.]
06-12 13:55:17.164 1936 1936 D ViewTouchDebug: mView : com.android.systemui.statusbar.phone.NotificationShadeWindowView{ab63b67 V.E...... ........ 0,0-2560,1080}Receive event : MotionEvent { action=ACTION_MOVE, actionButton=0, id[0]=0, x[0]=2258.0898, y[0]=199.0, toolType[0]=TOOL_TYPE_FINGER, buttonState=0, classification=NONE, metaState=0, flags=0x0, edgeFlags=0x0, pointerCount=1, historySize=2, eventTime=575481, downTime=575306, deviceId=3, source=0x5002, displayId=0, eventId=451198104 }
06-12 13:55:17.166 1548 1911 E DisplayDeviceConfig: requesting nits when no mapping exists.
06-12 13:55:17.166 1548 1638 I am_wtf : [0,1548,system_server,-1,DisplayDeviceConfig,requesting nits when no mapping exists.]
06-12 13:55:17.166 1548 1911 E DisplayDeviceConfig: requesting nits when no mapping exists.
06-12 13:55:17.167 1548 1638 I am_wtf : [0,1548,system_server,-1,DisplayDeviceConfig,requesting nits when no mapping exists.]
06-12 13:55:17.181 1936 1936 D ViewTouchDebug: mView : com.android.systemui.statusbar.phone.NotificationShadeWindowView{ab63b67 V.E...... ........ 0,0-2560,1080}Receive event : MotionEvent { action=ACTION_MOVE, actionButton=0, id[0]=0, x[0]=2305.6648, y[0]=200.54749, toolType[0]=TOOL_TYPE_FINGER, buttonState=0, classification=NONE, metaState=0, flags=0x0, edgeFlags=0x0, pointerCount=1, historySize=1, eventTime=575498, downTime=575306, deviceId=3, source=0x5002, displayId=0, eventId=93772466 }
06-12 13:55:17.184 1548 1911 E DisplayDeviceConfig: requesting nits when no mapping exists.
06-12 13:55:17.184 1548 1911 E DisplayDeviceConfig: requesting nits when no mapping exists.
06-12 13:55:17.184 1548 1638 I am_wtf : [0,1548,system_server,-1,DisplayDeviceConfig,requesting nits when no mapping exists.]
06-12 13:55:17.185 1548 1638 I am_wtf : [0,1548,system_server,-1,DisplayDeviceConfig,requesting nits when no mapping exists.]
06-12 13:55:17.199 1936 1936 D ViewTouchDebug: mView : com.android.systemui.statusbar.phone.NotificationShadeWindowView{ab63b67 V.E...... ........ 0,0-2560,1080}Receive event : MotionEvent { action=ACTION_MOVE, actionButton=0, id[0]=0, x[0]=2357.123, y[0]=201.0, toolType[0]=TOOL_TYPE_FINGER, buttonState=0, classification=NONE, metaState=0, flags=0x0, edgeFlags=0x0, pointerCount=1, historySize=2, eventTime=575514, downTime=575306, deviceId=3, source=0x5002, displayId=0, eventId=384446545 }
06-12 13:55:17.200 1548 1911 E DisplayDeviceConfig: requesting nits when no mapping exists.
06-12 13:55:17.201 1548 1911 E DisplayDeviceConfig: requesting nits when no mapping exists.
06-12 13:55:17.201 1548 1638 I am_wtf : [0,1548,system_server,-1,DisplayDeviceConfig,requesting nits when no mapping exists.]
06-12 13:55:17.201 1548 1638 I am_wtf : [0,1548,system_server,-1,DisplayDeviceConfig,requesting nits when no mapping exists.]
06-12 13:55:17.202 1548 1638 I service_manager_stats: [100,49,6118]
06-12 13:55:17.215 1936 1936 D ViewTouchDebug: mView : com.android.systemui.statusbar.phone.NotificationShadeWindowView{ab63b67 V.E...... ........ 0,0-2560,1080}Receive event : MotionEvent { action=ACTION_MOVE, actionButton=0, id[0]=0, x[0]=2413.1782, y[0]=201.0, toolType[0]=TOOL_TYPE_FINGER, buttonState=0, classification=NONE, metaState=0, flags=0x0, edgeFlags=0x0, pointerCount=1, historySize=2, eventTime=575531, downTime=575306, deviceId=3, source=0x5002, displayId=0, eventId=241487003 }
06-12 13:55:17.216 1548 1911 E DisplayDeviceConfig: requesting nits when no mapping exists.
06-12 13:55:17.217 1548 1638 I am_wtf : [0,1548,system_server,-1,DisplayDeviceConfig,requesting nits when no mapping exists.]
06-12 13:55:17.217 1548 1911 E DisplayDeviceConfig: requesting nits when no mapping exists.
06-12 13:55:17.217 1548 1638 I am_wtf : [0,1548,system_server,-1,DisplayDeviceConfig,requesting nits when no mapping exists.]
06-12 13:55:17.231 1936 1936 D ViewTouchDebug: mView : com.android.systemui.statusbar.phone.NotificationShadeWindowView{ab63b67 V.E...... ........ 0,0-2560,1080}Receive event : MotionEvent { action=ACTION_MOVE, actionButton=0, id[0]=0, x[0]=2459.881, y[0]=202.50905, toolType[0]=TOOL_TYPE_FINGER, buttonState=0, classification=NONE, metaState=0, flags=0x0, edgeFlags=0x0, pointerCount=1, historySize=1, eventTime=575548, downTime=575306, deviceId=3, source=0x5002, displayId=0, eventId=612094389 }
06-12 13:55:17.236 1548 1911 E DisplayDeviceConfig: requesting nits when no mapping exists.
06-12 13:55:17.237 1548 1911 E DisplayDeviceConfig: requesting nits when no mapping exists.
06-12 13:55:17.237 1548 1638 I am_wtf : [0,1548,system_server,-1,DisplayDeviceConfig,requesting nits when no mapping exists.]
06-12 13:55:17.238 1548 1638 I am_wtf : [0,1548,system_server,-1,DisplayDeviceConfig,requesting nits when no mapping exists.]
06-12 13:55:17.242 1548 1813 I commit_sys_config_file: [settings-1-0,5]
06-12 13:55:17.248 1936 1936 D ViewTouchDebug: mView : com.android.systemui.statusbar.phone.NotificationShadeWindowView{ab63b67 V.E...... ........ 0,0-2560,1080}Receive event : MotionEvent { action=ACTION_MOVE, actionButton=0, id[0]=0, x[0]=2506.8696, y[0]=204.329, toolType[0]=TOOL_TYPE_FINGER, buttonState=0, classification=NONE, metaState=0, flags=0x0, edgeFlags=0x0, pointerCount=1, historySize=2, eventTime=575564, downTime=575306, deviceId=3, source=0x5002, displayId=0, eventId=957899783 }
06-12 13:55:17.251 1548 1911 E DisplayDeviceConfig: requesting nits when no mapping exists.
06-12 13:55:17.252 1548 1638 I am_wtf : [0,1548,system_server,-1,DisplayDeviceConfig,requesting nits when no mapping exists.]
06-12 13:55:17.252 1548 1911 E DisplayDeviceConfig: requesting nits when no mapping exists.
06-12 13:55:17.252 1548 1638 I am_wtf : [0,1548,system_server,-1,DisplayDeviceConfig,requesting nits when no mapping exists.]
06-12 13:55:17.265 1936 1936 D ViewTouchDebug: mView : com.android.systemui.statusbar.phone.NotificationShadeWindowView{ab63b67 V.E...... ........ 0,0-2560,1080}Receive event : MotionEvent { action=ACTION_MOVE, actionButton=0, id[0]=0, x[0]=2522.366, y[0]=204.0, toolType[0]=TOOL_TYPE_FINGER, buttonState=0, classification=NONE, metaState=0, flags=0x0, edgeFlags=0x0, pointerCount=1, historySize=2, eventTime=575581, downTime=575306, deviceId=3, source=0x5002, displayId=0, eventId=594943141 }
06-12 13:55:17.297 1936 1936 D ViewTouchDebug: mView : com.android.systemui.statusbar.phone.NotificationShadeWindowView{ab63b67 V.E...... ........ 0,0-2560,1080}Receive event : MotionEvent { action=ACTION_UP, actionButton=0, id[0]=0, x[0]=2522.0, y[0]=204.0, toolType[0]=TOOL_TYPE_FINGER, buttonState=0, classification=NONE, metaState=0, flags=0x0, edgeFlags=0x0, pointerCount=1, historySize=0, eventTime=575618, downTime=575306, deviceId=3, source=0x5002, displayId=0, eventId=91757095 }
06-12 13:55:17.297 1936 1936 I sysui_multi_action: [757,218,758,4,759,100]
06-12 13:55:17.304 1548 4463 I commit_sys_config_file: [display-state,556776]
06-12 13:55:17.308 1548 1671 V DisplayPowerController[0]: Brightness [1.0] reason changing to: 'manual', previous reason: 'temporary'.
06-12 13:55:17.516 1548 1813 I commit_sys_config_file: [settings-1-0,6]
06-12 13:55:17.548 1548 1866 I GameModeConfig: isGameModeOn = false
06-12 13:55:17.553 1936 1936 D InterruptionStateProvider: No bubble up: not allowed to bubble: -1|android|26|null|1000
06-12 13:55:17.553 1936 1936 D InterruptionStateProvider: No alerting: filtered notification: 0|com.android.systemui|1|empty_media|10077
06-12 13:55:17.553 1936 1936 D InterruptionStateProvider: No bubble up: not allowed to bubble: 0|com.tc.logclient|0|null|1000
06-12 13:55:17.553 1936 1936 D InterruptionStateProvider: No bubble up: not allowed to bubble: -1|android|32|null|1000
06-12 13:55:17.821 0 0 I [ 576.134214] init: processing action (sys.tlog.tlogdshc.active=1) from (/system/etc/init/tlogd.rc:195)
06-12 13:55:17.821 0 0 I [ 576.134959] init: starting service 'tlogdshc'...
06-12 13:55:17.909 2134 6639 D MicroService: handleHeartBeat:288
06-12 13:55:17.922 0 0 I [ 576.242642] init: Service 'tlogdshc' (pid 6630) exited with status 0 oneshot service took 0.102000 seconds in background
06-12 13:55:17.922 0 0 I [ 576.242670] init: Sending signal 9 to service 'tlogdshc' (pid 6630) process group...
06-12 13:55:17.922 0 0 I [ 576.242858] libprocessgroup: Successfully killed process cgroup uid 0 pid 6630 in 0ms
06-12 13:55:18.069 2134 2134 D MicroService: onHeartBeatDetected
06-12 13:55:18.069 2134 2134 D MicroService: sendHeartbeatMessage
06-12 13:55:18.119 657 672 I mpu_uart: [MSG-P:RECV]:No message received in 1000 ms
06-12 13:55:18.522 1936 1936 D ViewTouchDebug: mView : com.android.systemui.navigationbar.NavigationBarFrame{b436c0b V.E...... ......I. 0,0-2560,46 #7f0b03f2 app:id/navigation_bar_frame}Receive event : MotionEvent { action=ACTION_OUTSIDE, actionButton=0, id[0]=0, x[0]=1298.0, y[0]=-51.0, toolType[0]=TOOL_TYPE_FINGER, buttonState=0, classification=NONE, metaState=0, flags=0x0, edgeFlags=0x0, pointerCount=1, historySize=0, eventTime=576842, downTime=576842, deviceId=3, source=0x5002, displayId=0, eventId=1380583384 }
06-12 13:55:18.522 1936 1936 D ViewTouchDebug: mView : com.android.systemui.statusbar.phone.NotificationShadeWindowView{ab63b67 V.E...... ........ 0,0-2560,1080}Receive event : MotionEvent { action=ACTION_DOWN, actionButton=0, id[0]=0, x[0]=1298.0, y[0]=983.0, toolType[0]=TOOL_TYPE_FINGER, buttonState=0, classification=NONE, metaState=0, flags=0x0, edgeFlags=0x0, pointerCount=1, historySize=0, eventTime=576842, downTime=576842, deviceId=3, source=0x5002, displayId=0, eventId=846680866 }
06-12 13:55:18.598 1936 1936 D ViewTouchDebug: mView : com.android.systemui.statusbar.phone.NotificationShadeWindowView{ab63b67 V.E...... ........ 0,0-2560,1080}Receive event : MotionEvent { action=ACTION_MOVE, actionButton=0, id[0]=0, x[0]=1292.0, y[0]=973.0, toolType[0]=TOOL_TYPE_FINGER, buttonState=0, classification=NONE, metaState=0, flags=0x0, edgeFlags=0x0, pointerCount=1, historySize=0, eventTime=576919, downTime=576842, deviceId=3, source=0x5002, displayId=0, eventId=1041932952 }
06-12 13:55:18.614 1936 1936 D ViewTouchDebug: mView : com.android.systemui.statusbar.phone.NotificationShadeWindowView{ab63b67 V.E...... ........ 0,0-2560,1080}Receive event : MotionEvent { action=ACTION_MOVE, actionButton=0, id[0]=0, x[0]=1292.0, y[0]=966.893, toolType[0]=TOOL_TYPE_FINGER, buttonState=0, classification=NONE, metaState=0, flags=0x0, edgeFlags=0x0, pointerCount=1, historySize=1, eventTime=576931, downTime=576842, deviceId=3, source=0x5002, displayId=0, eventId=791117078 }
06-12 13:55:18.615 1936 1936 V PanelView: com.android.systemui:id/notification_panel: setExpandedHeight(1080.0)
06-12 13:55:18.616 1936 1936 V PanelBar: go state: 2 -> 2
06-12 13:55:18.616 1936 1936 V PanelBar: onPanelFullyOpened
06-12 13:55:18.631 1936 1936 D ViewTouchDebug: mView : com.android.systemui.statusbar.phone.NotificationShadeWindowView{ab63b67 V.E...... ........ 0,0-2560,1080}Receive event : MotionEvent { action=ACTION_MOVE, actionButton=0, id[0]=0, x[0]=1296.5654, y[0]=953.7381, toolType[0]=TOOL_TYPE_FINGER, buttonState=0, classification=NONE, metaState=0, flags=0x0, edgeFlags=0x0, pointerCount=1, historySize=2, eventTime=576947, downTime=576842, deviceId=3, source=0x5002, displayId=0, eventId=430248311 }
06-12 13:55:18.648 1936 1936 D ViewTouchDebug: mView : com.android.systemui.statusbar.phone.NotificationShadeWindowView{ab63b67 V.E...... .......D 0,0-2560,1080}Receive event : MotionEvent { action=ACTION_MOVE, actionButton=0, id[0]=0, x[0]=1302.1888, y[0]=933.33887, toolType[0]=TOOL_TYPE_FINGER, buttonState=0, classification=NONE, metaState=0, flags=0x0, edgeFlags=0x0, pointerCount=1, historySize=2, eventTime=576964, downTime=576842, deviceId=3, source=0x5002, displayId=0, eventId=47513305 }
06-12 13:55:18.664 1936 1936 D ViewTouchDebug: mView : com.android.systemui.statusbar.phone.NotificationShadeWindowView{ab63b67 V.E...... ........ 0,0-2560,1080}Receive event : MotionEvent { action=ACTION_MOVE, actionButton=0, id[0]=0, x[0]=1325.7954, y[0]=828.43787, toolType[0]=TOOL_TYPE_FINGER, buttonState=0, classification=NONE, metaState=0, flags=0x0, edgeFlags=0x0, pointerCount=1, historySize=2, eventTime=576981, downTime=576842, deviceId=3, source=0x5002, displayId=0, eventId=727045383 }
06-12 13:55:18.681 1936 1936 D ViewTouchDebug: mView : com.android.systemui.statusbar.phone.NotificationShadeWindowView{ab63b67 V.E...... .......D 0,0-2560,1080}Receive event : MotionEvent { action=ACTION_MOVE, actionButton=0, id[0]=0, x[0]=1358.6991, y[0]=684.2896, toolType[0]=TOOL_TYPE_FINGER, buttonState=0, classification=NONE, metaState=0, flags=0x0, edgeFlags=0x0, pointerCount=1, historySize=2, eventTime=576998, downTime=576842, deviceId=3, source=0x5002, displayId=0, eventId=744220123 }
06-12 13:55:18.698 1936 1936 D ViewTouchDebug: mView : com.android.systemui.statusbar.phone.NotificationShadeWindowView{ab63b67 V.E...... .......D 0,0-2560,1080}Receive event : MotionEvent { action=ACTION_MOVE, actionButton=0, id[0]=0, x[0]=1411.7756, y[0]=516.40485, toolType[0]=TOOL_TYPE_FINGER, buttonState=0, classification=NONE, metaState=0, flags=0x0, edgeFlags=0x0, pointerCount=1, historySize=3, eventTime=577014, downTime=576842, deviceId=3, source=0x5002, displayId=0, eventId=619112375 }
06-12 13:55:18.714 1936 1936 D ViewTouchDebug: mView : com.android.systemui.statusbar.phone.NotificationShadeWindowView{ab63b67 V.E...... .......D 0,0-2560,1080}Receive event : MotionEvent { action=ACTION_MOVE, actionButton=0, id[0]=0, x[0]=1484.8519, y[0]=352.98822, toolType[0]=TOOL_TYPE_FINGER, buttonState=0, classification=NONE, metaState=0, flags=0x0, edgeFlags=0x0, pointerCount=1, historySize=2, eventTime=577031, downTime=576842, deviceId=3, source=0x5002, displayId=0, eventId=287990864 }
06-12 13:55:18.731 1936 1936 D ViewTouchDebug: mView : com.android.systemui.statusbar.phone.NotificationShadeWindowView{ab63b67 V.E...... .......D 0,0-2560,1080}Receive event : MotionEvent { action=ACTION_MOVE, actionButton=0, id[0]=0, x[0]=1596.1646, y[0]=170.79381, toolType[0]=TOOL_TYPE_FINGER, buttonState=0, classification=NONE, metaState=0, flags=0x0, edgeFlags=0x0, pointerCount=1, historySize=2, eventTime=577048, downTime=576842, deviceId=3, source=0x5002, displayId=0, eventId=1046202448 }
06-12 13:55:18.748 1936 1936 D ViewTouchDebug: mView : com.android.systemui.statusbar.phone.NotificationShadeWindowView{ab63b67 V.E...... .......D 0,0-2560,1080}Receive event : MotionEvent { action=ACTION_MOVE, actionButton=0, id[0]=0, x[0]=1714.5, y[0]=35.0, toolType[0]=TOOL_TYPE_FINGER, buttonState=0, classification=NONE, metaState=0, flags=0x0, edgeFlags=0x0, pointerCount=1, historySize=1, eventTime=577061, downTime=576842, deviceId=3, source=0x5002, displayId=0, eventId=871097181 }
06-12 13:55:18.769 1936 1936 D ViewTouchDebug: mView : com.android.systemui.statusbar.phone.NotificationShadeWindowView{ab63b67 V.E...... ........ 0,0-2560,1080}Receive event : MotionEvent { action=ACTION_UP, actionButton=0, id[0]=0, x[0]=1667.0, y[0]=93.0, toolType[0]=TOOL_TYPE_FINGER, buttonState=0, classification=NONE, metaState=0, flags=0x0, edgeFlags=0x0, pointerCount=1, historySize=0, eventTime=577091, downTime=576842, deviceId=3, source=0x5002, displayId=0, eventId=94747364 }
06-12 13:55:18.799 1936 1936 I sysui_multi_action: [757,111,758,2]
06-12 13:55:18.800 1936 1936 I sysui_multi_action: [757,111,758,2]
06-12 13:55:18.824 1936 1936 V PanelBar: onExpandingFinished
06-12 13:55:18.825 1936 1936 V PanelBar: go state: 2 -> 0
06-12 13:55:18.826 1936 1936 V PanelBar: onPanelCollapsed
06-12 13:55:18.829 1548 1623 I input_focus: [Focus request 7afd6aa com.android.launcher3/com.android.launcher3.uioverrides.QuickstepLauncher,reason=UpdateInputWindows]
06-12 13:55:18.832 1936 1936 V PanelView: com.android.systemui:id/notification_panel: setExpandedHeight(0.0)
06-12 13:55:18.832 1936 1936 V PanelBar: collapsePanel: animate=false waiting=false
06-12 13:55:18.833 1548 4464 I sysui_multi_action: [757,128,758,2,793,11523,794,8716,795,11523,796,0,798,2,806,com.tc.logclient,857,LogClient,858,3,947,0,1395,3,1500,11320,1688,1]
06-12 13:55:18.833 1548 4464 I notification_visibility: [0|com.tc.logclient|0|null|1000,0,11523,11523,0,2]
06-12 13:55:18.833 1548 4464 I sysui_multi_action: [757,128,758,2,793,47070,794,8716,795,47070,796,26,798,0,806,android,857,DEVELOPER_IMPORTANT,858,4,947,0,1395,3,1500,46864,1688,1]
06-12 13:55:18.834 1548 4464 I notification_visibility: [-1|android|26|null|1000,0,47070,47070,0,0]
06-12 13:55:18.834 1548 4464 I sysui_multi_action: [757,128,758,2,793,47074,794,8716,795,47074,796,32,798,1,806,android,857,USB,858,1,947,0,1395,3,1500,46869,1688,1]
06-12 13:55:18.834 1548 4464 I notification_visibility: [-1|android|32|null|1000,0,47074,47074,0,1]
06-12 13:55:18.834 1936 1936 D StatusBar: disable disable2
06-12 13:55:18.834 1548 4463 I sysui_multi_action: [757,127,758,2]
06-12 13:55:18.834 1548 4463 I notification_panel_hidden:
06-12 13:55:18.850 1936 1936 V KeyguardUpdateMonitor: *** unregister callback for com.android.keyguard.CarrierTextManager$2@1ebba4a
06-12 13:55:18.850 1548 1829 I input_focus: [Focus leaving 40d8d8d NotificationShade (server),reason=NO_WINDOW]
06-12 13:55:18.850 1548 1829 I input_focus: [Focus entering 7afd6aa com.android.launcher3/com.android.launcher3.uioverrides.QuickstepLauncher (server),reason=setFocusedWindow]
06-12 13:55:18.857 3854 3854 D ImeService: onUnbindInput
06-12 13:55:18.858 3854 3854 D ImeService: onBindInput
06-12 13:55:18.858 3854 3854 D ImeService: onFinishInput
06-12 13:55:18.859 3854 3854 D ImeService: current version:10.6.1003.12
06-12 13:55:18.859 3854 3854 D ImeService: onStartInput:packageName:com.android.launcher3 inputType:0 restarting:false,fieldId:-1,imeOptions:0
06-12 13:55:18.860 3854 4070 E CarAuth : check ok
06-12 13:55:18.861 3854 3854 I ColorPicker: invalidatePickedColors: oldFloatColor=fff5f7fa
06-12 13:55:19.120 657 672 I mpu_uart: [MSG-P:RECV]:No message received in 1000 ms
06-12 13:55:19.561 1548 1829 I input_interaction: Interaction with: 7afd6aa com.android.launcher3/com.android.launcher3.uioverrides.QuickstepLauncher (server), 5cbc327 com.android.systemui.ImageWallpaper (server), edge-swipe (server), swipe-up (server), PointerEventDispatcher0 (server),
06-12 13:55:19.562 2555 2555 D ViewTouchDebug: mView : DecorView@826c143[QuickstepLauncher]Receive event : MotionEvent { action=ACTION_DOWN, actionButton=0, id[0]=0, x[0]=2411.0, y[0]=867.0, toolType[0]=TOOL_TYPE_FINGER, buttonState=0, classification=NONE, metaState=0, flags=0x0, edgeFlags=0x0, pointerCount=1, historySize=0, eventTime=577883, downTime=577883, deviceId=3, source=0x5002, displayId=0, eventId=655542355 }
06-12 13:55:19.562 1936 1936 D ViewTouchDebug: mView : com.android.systemui.navigationbar.NavigationBarFrame{b436c0b V.E...... ......I. 0,0-2560,46 #7f0b03f2 app:id/navigation_bar_frame}Receive event : MotionEvent { action=ACTION_OUTSIDE, actionButton=0, id[0]=0, x[0]=0.0, y[0]=-1034.0, toolType[0]=TOOL_TYPE_FINGER, buttonState=0, classification=NONE, metaState=0, flags=0x0, edgeFlags=0x0, pointerCount=1, historySize=0, eventTime=577883, downTime=577883, deviceId=3, source=0x5002, displayId=0, eventId=1486918146 }
06-12 13:55:19.635 5963 5963 D CompatibilityChangeReporter: Compat change id reported: 150939131; UID 10059; state: DISABLED
06-12 13:55:19.635 2555 2555 D ViewTouchDebug: mView : DecorView@826c143[QuickstepLauncher]Receive event : MotionEvent { action=ACTION_UP, actionButton=0, id[0]=0, x[0]=2411.0, y[0]=867.0, toolType[0]=TOOL_TYPE_FINGER, buttonState=0, classification=NONE, metaState=0, flags=0x0, edgeFlags=0x0, pointerCount=1, historySize=0, eventTime=577956, downTime=577883, deviceId=3, source=0x5002, displayId=0, eventId=349254181 }
06-12 13:55:19.637 2555 2555 D StateManager: goToState: Normal
06-12 13:55:19.639 1548 3338 I thunderperf: Maybe need boostperf for current app!
06-12 13:55:19.639 2087 2102 D FgBoostPerfService: [FgBoostPerfService.perfBoostAcq]start: stat=true pkgName=com.android.settings
06-12 13:55:19.639 2087 2102 I FgBoostPerfService: [FgBoostPerfService.perfBoostAcq] not game-mode or game app!
06-12 13:55:19.639 1548 3338 I ThunderPerfManager: PerfAcq error : state=true pkgName=com.android.settings
06-12 13:55:19.640 2087 2102 I FgBoostPerfService: [GetGpuMode] isMode=0 isGame=false mGpuMode=0
06-12 13:55:19.640 2087 2102 I FgBoostPerfService: [GetGpuDpiType] isMode=0 isGame=false mGpuDpiType=0
06-12 13:55:19.641 2087 2102 I FgBoostPerfService: [GetGpuDpiType] isMode=0 isGame=false mGpuStandardValue=0
06-12 13:55:19.641 1548 3338 I thunderperf: Current app pkgName=com.android.settings bm:com.thundercomm.perf.BoostPerfManager@78ec3ea gpuMode=-1 gpuType=-1 gpuStandardVal=-1
06-12 13:55:19.641 1548 3338 I ThunderBoostPerfService: Resolution: Uid=10072 Pid=2555 gMode=-1 dType=-1 gpuStandardVal=-1
06-12 13:55:19.642 1548 3338 I thunderperf: PlatormCompat.setOverrides: Uid1=10072 Pid1=2555 Uid2=10072 Pid2=2555
06-12 13:55:19.642 1548 3338 I thunderperf: PlatormCompat.setOverrides: needCheck:false
06-12 13:55:19.642 1548 3338 I thunderperf: CompatConfig.addOverrideUnsafe: bef-state=1
06-12 13:55:19.642 1548 3338 E thunderperf: CompatConfig.addOverrideUnsafe: exception:java.lang.SecurityException: Cannot override a change on a non-debuggable app and user build.
06-12 13:55:19.642 1548 3338 I thunderperf: CompatConfig.addOverrideUnsafe: aft-state=1
06-12 13:55:19.643 1548 3338 I thunderperf: CompatConfig.addOverrideUnsafe: bef-state=1
06-12 13:55:19.643 1548 3338 E thunderperf: CompatConfig.addOverrideUnsafe: exception:java.lang.SecurityException: Cannot override a change on a non-debuggable app and user build.
06-12 13:55:19.643 1548 3338 I thunderperf: CompatConfig.addOverrideUnsafe: aft-state=1
06-12 13:55:19.644 1548 3338 I thunderperf: CompatConfig.addOverrideUnsafe: bef-state=1
06-12 13:55:19.644 1548 3338 E thunderperf: CompatConfig.addOverrideUnsafe: exception:java.lang.SecurityException: Cannot override a change on a non-debuggable app and user build.
06-12 13:55:19.644 1548 3338 I thunderperf: CompatConfig.addOverrideUnsafe: aft-state=1
06-12 13:55:19.645 1548 3338 I thunderperf: CompatConfig.addOverrideUnsafe: bef-state=1
06-12 13:55:19.645 1548 3338 E thunderperf: CompatConfig.addOverrideUnsafe: exception:java.lang.SecurityException: Cannot override a change on a non-debuggable app and user build.
06-12 13:55:19.645 1548 3338 I thunderperf: CompatConfig.addOverrideUnsafe: aft-state=1
06-12 13:55:19.645 1548 3338 I thunderperf: CompatConfig.addOverrideUnsafe: bef-state=1
06-12 13:55:19.645 1548 3338 E thunderperf: CompatConfig.addOverrideUnsafe: exception:java.lang.SecurityException: Cannot override a change on a non-debuggable app and user build.
06-12 13:55:19.645 1548 3338 I thunderperf: CompatConfig.addOverrideUnsafe: aft-state=1
06-12 13:55:19.646 1548 3338 I thunderperf: CompatConfig.addOverrideUnsafe: bef-state=1
06-12 13:55:19.646 1548 3338 E thunderperf: CompatConfig.addOverrideUnsafe: exception:java.lang.SecurityException: Cannot override a change on a non-debuggable app and user build.
06-12 13:55:19.646 1548 3338 I thunderperf: CompatConfig.addOverrideUnsafe: aft-state=1
06-12 13:55:19.647 1548 3338 I thunderperf: CompatConfig.addOverrideUnsafe: bef-state=1
06-12 13:55:19.647 1548 3338 E thunderperf: CompatConfig.addOverrideUnsafe: exception:java.lang.SecurityException: Cannot override a change on a non-debuggable app and user build.
06-12 13:55:19.647 1548 3338 I thunderperf: CompatConfig.addOverrideUnsafe: aft-state=1
06-12 13:55:19.647 1548 3338 I thunderperf: CompatConfig.addOverrideUnsafe: bef-state=1
06-12 13:55:19.647 1548 3338 E thunderperf: CompatConfig.addOverrideUnsafe: exception:java.lang.SecurityException: Cannot override a change on a non-debuggable app and user build.
06-12 13:55:19.647 1548 3338 I thunderperf: CompatConfig.addOverrideUnsafe: aft-state=1
06-12 13:55:19.648 1548 3338 I thunderperf: CompatConfig.addOverrideUnsafe: bef-state=1
06-12 13:55:19.648 1548 3338 E thunderperf: CompatConfig.addOverrideUnsafe: exception:java.lang.SecurityException: Cannot override a change on a non-debuggable app and user build.
06-12 13:55:19.648 1548 3338 I thunderperf: CompatConfig.addOverrideUnsafe: aft-state=1
06-12 13:55:19.649 1548 3338 I thunderperf: CompatConfig.addOverrideUnsafe: bef-state=1
06-12 13:55:19.649 1548 3338 E thunderperf: CompatConfig.addOverrideUnsafe: exception:java.lang.SecurityException: Cannot override a change on a non-debuggable app and user build.
06-12 13:55:19.649 1548 3338 I thunderperf: CompatConfig.addOverrideUnsafe: aft-state=1
06-12 13:55:19.649 1548 3338 I thunderperf: CompatConfig.addOverrideUnsafe: bef-state=1
06-12 13:55:19.649 1548 3338 E thunderperf: CompatConfig.addOverrideUnsafe: exception:java.lang.SecurityException: Cannot override a change on a non-debuggable app and user build.
06-12 13:55:19.649 1548 3338 I thunderperf: CompatConfig.addOverrideUnsafe: aft-state=1
06-12 13:55:19.650 1548 3338 I thunderperf: CompatConfig.addOverrideUnsafe: bef-state=1
06-12 13:55:19.650 1548 3338 E thunderperf: CompatConfig.addOverrideUnsafe: exception:java.lang.SecurityException: Cannot override a change on a non-debuggable app and user build.
06-12 13:55:19.650 1548 3338 I thunderperf: CompatConfig.addOverrideUnsafe: aft-state=1
06-12 13:55:19.650 1548 3338 I thunderperf: CompatConfig.addOverrideUnsafe: bef-state=1
06-12 13:55:19.651 1548 3338 E thunderperf: CompatConfig.addOverrideUnsafe: exception:java.lang.SecurityException: Cannot override a change on a non-debuggable app and user build.
06-12 13:55:19.651 1548 3338 I thunderperf: CompatConfig.addOverrideUnsafe: aft-state=1
06-12 13:55:19.651 1548 3338 I thunderperf: CompatConfig.addOverrideUnsafe: bef-state=1
06-12 13:55:19.651 1548 3338 E thunderperf: CompatConfig.addOverrideUnsafe: exception:java.lang.SecurityException: Cannot override a change on a non-debuggable app and user build.
06-12 13:55:19.651 1548 3338 I thunderperf: CompatConfig.addOverrideUnsafe: aft-state=1
06-12 13:55:19.655 1548 3338 I ThunderBoostPerfService: Disable downscaling com.android.settings to 2380x1020
06-12 13:55:19.655 1548 3338 I ActivityTaskManager: START u0 {act=android.intent.action.MAIN cat=[android.intent.category.LAUNCHER] flg=0x10200000 cmp=com.android.settings/.Settings bnds=[2306,740][2508,940]} from uid 10072
06-12 13:55:19.656 1548 1622 I EventSequenceValidator: Transition from ACTIVITY_FINISHED to INTENT_STARTED
06-12 13:55:19.656 1548 3338 D ActivityTaskManager: TaskLaunchParamsModifier:task=null activity=ActivityRecord{9988e21 u0 com.android.settings/.Settings taskAffinity=1000:com.android.settings.root display-area-from-source=DefaultTaskDisplayArea@262119703 display-id=0 display-windowing-mode=1 suggested-display-area=DefaultTaskDisplayArea@262119703
06-12 13:55:19.657 1548 3338 D ActivityTaskManager: TaskLaunchParamsModifier:task=Task{ff456f8 #72 type=standard A=1000:com.android.settings.root U=0 visible=false mode=fullscreen translucent=true sz=2 visible freeform task=true rootAffinity=1000:com.android.settings.root isMini=false} activity=ActivityRecord{9988e21 u0 com.android.settings/.Settings taskAffinity=1000:com.android.settings.root t-1} display-area-from-source=DefaultTaskDisplayArea@262119703 display-id=0 display-windowing-mode=1 suggested-display-area=DefaultTaskDisplayArea@262119703 non-freeform-display display-area=DefaultTaskDisplayArea@262119703
06-12 13:55:19.657 1548 3338 I wm_task_moved: [72,1,7]
06-12 13:55:19.657 1548 3338 I wm_task_to_front: [0,72]
06-12 13:55:19.658 1548 3338 I wm_focused_root_task: [0,0,72,70,bringingFoundTaskToFront]
06-12 13:55:19.659 1548 3338 I wm_set_resumed_activity: [0,com.android.settings.intelligence/.search.SearchActivity,bringingFoundTaskToFront]
06-12 13:55:19.659 1548 3338 I wm_finish_activity: [0,233538836,72,com.android.settings.intelligence/.search.SearchActivity,clear-task-stack]
06-12 13:55:19.659 1548 3338 I wm_destroy_activity: [0,233538836,72,com.android.settings.intelligence/.search.SearchActivity,finish-imm:finishIfPossible]
06-12 13:55:19.660 1548 3338 I wm_new_intent: [0,91867989,72,com.android.settings/.Settings,android.intent.action.MAIN,NULL,NULL,270532608]
06-12 13:55:19.660 1548 3338 D CompatibilityInfo: mCompatibilityFlags - 4
06-12 13:55:19.660 1548 3338 D CompatibilityInfo: applicationDensity - 240
06-12 13:55:19.660 1548 3338 D CompatibilityInfo: applicationScale - 1.0
06-12 13:55:19.661 1548 3338 D ActivityTrigger: ActivityTrigger activityPauseTrigger
06-12 13:55:19.663 1548 3338 I wm_pause_activity: [0,52570311,com.android.launcher3/.uioverrides.QuickstepLauncher,userLeaving=true,pauseBackTasks]
06-12 13:55:19.663 5963 5963 I wm_on_destroy_called: [233538836,com.android.settings.intelligence.search.SearchActivity,performDestroy]
06-12 13:55:19.668 2555 2555 I wm_on_top_resumed_lost_called: [52570311,com.android.launcher3.uioverrides.QuickstepLauncher,topStateChangedWhenResumed]
06-12 13:55:19.669 2555 2555 I wm_on_paused_called: [52570311,com.android.launcher3.uioverrides.QuickstepLauncher,performPause]
06-12 13:55:19.669 1548 4463 I ActivityTaskManager: FOREGROUND_APPLICATION_CHANGED to com.android.settings.homepage.SettingsHomepageActivity
06-12 13:55:19.676 1548 4463 I wm_set_resumed_activity: [0,com.android.settings/.Settings,resumeTopActivityInnerLocked]
06-12 13:55:19.676 1548 4463 I wm_add_to_stopping: [0,52570311,com.android.launcher3/.uioverrides.QuickstepLauncher,makeInvisible]
06-12 13:55:19.680 1548 4463 I wm_resume_activity: [0,91867989,72,com.android.settings/.Settings]
