06-12 13:45:52.319 0 0 D [ 10.886728] qbt: qbt_release: exit : fd_available=1
06-12 13:45:52.319 0 0 D [ 10.886730] qbt: qbt_release: entry minor_no=1 fd_available=1
06-12 13:45:52.319 0 0 D [ 10.886731] qbt: qbt_release: exit : fd_available=1
06-12 13:45:52.319 0 0 D [ 10.890271] qbt: qbt_open: entry minor_no=0 fd_available=1
06-12 13:45:52.319 0 0 D [ 10.890273] qbt: qbt_open: exit : 0 fd_available=0
06-12 13:45:52.319 0 0 D [ 10.890287] qbt: qbt_open: entry minor_no=1 fd_available=0
06-12 13:45:52.319 0 0 D [ 10.890288] qbt: qbt_open: exit : 0 fd_available=0
06-12 13:45:52.319 0 0 D [ 10.890298] qbt: qbt_ioctl: cmd received 107
06-12 13:45:52.319 0 0 D [ 10.890299] qbt: qbt_ioctl: Acquiring wakelock
06-12 13:45:52.310 1548 1548 W Looper : Slow dispatch took 333ms main h=android.os.Handler c=com.android.server.biometrics.sensors.fingerprint.hidl.Fingerprint21$$ExternalSyntheticLambda2@bb4fbdd m=0
06-12 13:45:52.310 1548 1548 D BiometricScheduler/Fingerprint21: [Added] {[1] FingerprintUpdateActiveUserClient, proto=1, owner=android, cookie=0, requestId=-1, userId=0}, new queue size: 1
06-12 13:45:52.310 1548 1548 V BiometricScheduler/Fingerprint21: Not idle, current operation: {[0] FingerprintUpdateActiveUserClient, proto=1, owner=android, cookie=0, requestId=-1, userId=0}, State: 2
06-12 13:45:52.310 1548 1548 D BiometricScheduler/Fingerprint21: [Added] {[2] FingerprintInternalCleanupClient, proto=7, owner=android, cookie=0, requestId=-1, userId=0}, new queue size: 2
06-12 13:45:52.310 1548 1548 V BiometricScheduler/Fingerprint21: Not idle, current operation: {[0] FingerprintUpdateActiveUserClient, proto=1, owner=android, cookie=0, requestId=-1, userId=0}, State: 2
06-12 13:45:52.310 1548 1548 W Looper : Slow delivery took 334ms main h=android.os.Handler c=com.android.server.biometrics.sensors.fingerprint.hidl.Fingerprint21$$ExternalSyntheticLambda12@c745623 m=0
06-12 13:45:52.311 1548 1548 I sysui_multi_action: [757,1501,758,1,793,358,794,0,795,358,796,26,806,android,857,DEVELOPER_IMPORTANT,858,4,947,0,1500,0]
06-12 13:45:52.311 1548 1548 I sysui_multi_action: [757,804,799,note_interruptive,801,0,802,1]
06-12 13:45:52.311 1548 1548 I GameModeConfig: isGameModeOn = false
06-12 13:45:52.312 1548 1548 W NotificationHistory: Attempted to add notif for locked/gone/disabled user 0
06-12 13:45:52.312 1548 1548 D BiometricScheduler/Fingerprint21: [Finishing] {[0] FingerprintUpdateActiveUserClient, proto=1, owner=android, cookie=0, requestId=-1, userId=0}, success: true
06-12 13:45:52.312 1548 1548 D BiometricScheduler/Fingerprint21: [Polled] {[1] FingerprintUpdateActiveUserClient, proto=1, owner=android, cookie=0, requestId=-1, userId=0}, State: 0
06-12 13:45:52.312 1548 1548 D BiometricScheduler/Fingerprint21: [Starting] {[1] FingerprintUpdateActiveUserClient, proto=1, owner=android, cookie=0, requestId=-1, userId=0}, State: 0
06-12 13:45:52.312 1548 1548 D BiometricScheduler/Fingerprint21: [Started] {[1] FingerprintUpdateActiveUserClient, proto=1, owner=android, cookie=0, requestId=-1, userId=0}
06-12 13:45:52.327 0 0 I [ 10.901187] android_work: sent uevent USB_STATE=DISCONNECTED
06-12 13:45:52.340 0 0 W [ 10.912660] QSEECOM: qseecom_load_app: App (fingerpr) does'nt exist, loading apps for first time
06-12 13:45:52.356 0 0 I [ 10.931196] zram0: detected capacity change from 0 to 4294967296
06-12 13:45:52.362 1548 1619 V PackageManager: reconcileAppsData finished 136 packages
06-12 13:45:52.362 1548 1619 I ActivityManager: User 0 state changed from RUNNING_LOCKED to RUNNING_UNLOCKING
06-12 13:45:52.362 1548 1619 I am_user_state_changed: [0,2]
06-12 13:45:52.363 0 0 I : [ 10.939652] devfreq-qcom-fw 18590000.qcom,devfreq-l3:qcom,cdsp-cdsp-l3-lat: Successfully started CDSP L3 governor
06-12 13:45:52.363 1548 1619 D ActivityManager: Unlocking user 0 progress 20
06-12 13:45:52.363 1548 1638 I ssm_user_unlocking: 0
06-12 13:45:52.363 1548 1619 W Looper : Slow dispatch took 235ms android.fg h=android.os.Handler c=com.android.server.am.UserController$$ExternalSyntheticLambda3@b916a11 m=0
06-12 13:45:52.363 1548 1619 W Looper : Slow delivery took 235ms android.fg h=android.os.Handler c=com.android.server.am.UserController$$ExternalSyntheticLambda1@d10d177 m=0
06-12 13:45:52.363 1548 1638 I SystemServerTimingAsync: ssm.UnlockingUser-0
06-12 13:45:52.363 1548 1638 I SystemServiceManager: Calling onUnlockingUser 0
06-12 13:45:52.363 1548 1638 I SystemServerTimingAsync: ssm.onUnlockingUser-0_com.android.server.security.FileIntegrityService
06-12 13:45:52.363 1548 1638 I SystemServerTimingAsync: ssm.onUnlockingUser-0_com.android.server.pm.Installer
06-12 13:45:52.363 1548 1638 I SystemServerTimingAsync: ssm.onUnlockingUser-0_com.android.server.os.DeviceIdentifiersPolicyService
06-12 13:45:52.363 1548 1638 I SystemServerTimingAsync: ssm.onUnlockingUser-0_com.android.server.uri.UriGrantsManagerService$Lifecycle
06-12 13:45:52.363 1548 1638 I SystemServerTimingAsync: ssm.onUnlockingUser-0_com.android.server.powerstats.PowerStatsService
06-12 13:45:52.363 1548 1638 I SystemServerTimingAsync: ssm.onUnlockingUser-0_com.android.server.wm.ActivityTaskManagerService$Lifecycle
06-12 13:45:52.363 1548 1638 I SystemServerTimingAsync: ssm.onUnlockingUser-0_com.android.server.am.ActivityManagerService$Lifecycle
06-12 13:45:52.364 1548 1638 I SystemServerTimingAsync: ssm.onUnlockingUser-0_com.android.server.pm.DataLoaderManagerService
06-12 13:45:52.364 1548 1638 I SystemServerTimingAsync: ssm.onUnlockingUser-0_com.android.server.power.PowerManagerService
06-12 13:45:52.364 1548 1638 I SystemServerTimingAsync: ssm.onUnlockingUser-0_com.android.server.power.ThermalManagerService
06-12 13:45:52.364 1548 1638 I SystemServerTimingAsync: ssm.onUnlockingUser-0_com.android.server.power.hint.HintManagerService
06-12 13:45:52.364 1548 1638 I SystemServerTimingAsync: ssm.onUnlockingUser-0_com.android.server.recoverysystem.RecoverySystemService$Lifecycle
06-12 13:45:52.364 1548 1638 I SystemServerTimingAsync: ssm.onUnlockingUser-0_com.android.server.lights.LightsService
06-12 13:45:52.364 1548 1638 I SystemServerTimingAsync: ssm.onUnlockingUser-0_com.android.server.display.DisplayManagerService
06-12 13:45:52.364 1548 1638 I SystemServerTimingAsync: ssm.onUnlockingUser-0_com.android.server.pm.verify.domain.DomainVerificationService
06-12 13:45:52.364 1548 1638 I SystemServerTimingAsync: ssm.onUnlockingUser-0_com.android.server.pm.PackageInstallerService$Lifecycle
06-12 13:45:52.364 1548 1638 I SystemServerTimingAsync: ssm.onUnlockingUser-0_com.android.server.pm.UserManagerService$LifeCycle
06-12 13:45:52.364 1548 1638 I SystemServerTimingAsync: ssm.onUnlockingUser-0_com.android.server.om.OverlayManagerService
06-12 13:45:52.364 1548 1638 I SystemServerTimingAsync: ssm.onUnlockingUser-0_com.android.server.SensorPrivacyService
06-12 13:45:52.364 1548 1638 I SystemServerTimingAsync: ssm.onUnlockingUser-0_com.android.server.thunderperf.ThunderBoostPerfService
06-12 13:45:52.364 1548 1638 I SystemServerTimingAsync: ssm.onUnlockingUser-0_com.android.server.sensors.SensorService
06-12 13:45:52.364 1548 1638 I SystemServerTimingAsync: ssm.onUnlockingUser-0_com.android.server.SystemConfigService
06-12 13:45:52.364 1548 1638 I SystemServerTimingAsync: ssm.onUnlockingUser-0_com.android.server.BatteryService
06-12 13:45:52.364 1548 1638 I SystemServerTimingAsync: ssm.onUnlockingUser-0_com.android.server.usage.UsageStatsService
06-12 13:45:52.364 1548 1638 I SystemServerTimingAsync: ssm.onUnlockingUser-0_com.android.server.webkit.WebViewUpdateService
06-12 13:45:52.364 1548 1638 I SystemServerTimingAsync: ssm.onUnlockingUser-0_com.android.server.CachedDeviceStateService
06-12 13:45:52.364 1548 1638 I SystemServerTimingAsync: ssm.onUnlockingUser-0_com.android.server.BinderCallsStatsService$LifeCycle
06-12 13:45:52.364 1548 1638 I SystemServerTimingAsync: ssm.onUnlockingUser-0_com.android.server.LooperStatsService$Lifecycle
06-12 13:45:52.364 1548 1638 I SystemServerTimingAsync: ssm.onUnlockingUser-0_com.android.server.rollback.RollbackManagerService
06-12 13:45:52.364 1548 1638 I SystemServerTimingAsync: ssm.onUnlockingUser-0_com.android.server.os.NativeTombstoneManagerService
06-12 13:45:52.364 1548 1638 I SystemServerTimingAsync: ssm.onUnlockingUser-0_com.android.server.os.BugreportManagerService
06-12 13:45:52.364 1548 1638 I SystemServerTimingAsync: ssm.onUnlockingUser-0_com.android.server.gpu.GpuService
06-12 13:45:52.364 1548 1638 I SystemServerTimingAsync: ssm.onUnlockingUser-0_com.android.server.security.KeyChainSystemService
06-12 13:45:52.364 1548 1638 I SystemServerTimingAsync: ssm.onUnlockingUser-0_com.android.server.telecom.TelecomLoaderService
06-12 13:45:52.364 1548 1638 I SystemServerTimingAsync: ssm.onUnlockingUser-0_com.android.server.accounts.AccountManagerService$Lifecycle
06-12 13:45:52.364 1548 1638 I SystemServerTimingAsync: ssm.onUnlockingUser-0_com.android.server.content.ContentService$Lifecycle
06-12 13:45:52.365 1548 1638 I SystemServerTimingAsync: ssm.onUnlockingUser-0_com.android.server.DropBoxManagerService
06-12 13:45:52.365 1548 1638 I SystemServerTimingAsync: ssm.onUnlockingUser-0_com.android.role.RoleService
06-12 13:45:52.365 1548 1638 I SystemServerTimingAsync: ssm.onUnlockingUser-0_com.android.server.vibrator.VibratorManagerService$Lifecycle
06-12 13:45:52.365 1548 1638 I SystemServerTimingAsync: ssm.onUnlockingUser-0_com.android.server.alarm.AlarmManagerService
06-12 13:45:52.365 1548 1638 I SystemServerTimingAsync: ssm.onUnlockingUser-0_com.android.server.devicestate.DeviceStateManagerService
06-12 13:45:52.365 1548 1638 I SystemServerTimingAsync: ssm.onUnlockingUser-0_com.android.server.camera.CameraServiceProxy
06-12 13:45:52.365 1548 1638 I SystemServerTimingAsync: ssm.onUnlockingUser-0_com.android.server.BluetoothService
06-12 13:45:52.365 1548 1638 D BluetoothManagerService: User 0 unlocked
06-12 13:45:52.365 1548 1619 W Looper : Drained
06-12 13:45:52.365 1548 1638 I SystemServerTimingAsync: ssm.onUnlockingUser-0_com.android.server.connectivity.IpConnectivityMetrics
06-12 13:45:52.365 1548 1621 D BluetoothManagerService: MESSAGE_USER_UNLOCKED
06-12 13:45:52.365 1548 1638 I SystemServerTimingAsync: ssm.onUnlockingUser-0_com.android.server.net.watchlist.NetworkWatchlistService$Lifecycle
06-12 13:45:52.365 1548 1638 I SystemServerTimingAsync: ssm.onUnlockingUser-0_com.android.server.PinnerService
06-12 13:45:52.365 1548 1638 I SystemServerTimingAsync: ssm.onUnlockingUser-0_com.google.android.startop.iorap.IorapForwardingService
06-12 13:45:52.365 1548 1638 I SystemServerTimingAsync: ssm.onUnlockingUser-0_com.android.server.ActivityTriggerService
06-12 13:45:52.365 1548 1638 I SystemServerTimingAsync: ssm.onUnlockingUser-0_com.android.server.integrity.AppIntegrityManagerService
06-12 13:45:52.365 1548 1638 I SystemServerTimingAsync: ssm.onUnlockingUser-0_com.android.server.inputmethod.InputMethodManagerService$Lifecycle
06-12 13:45:52.365 1548 1638 I SystemServerTimingAsync: ssm.onUnlockingUser-0_com.android.server.accessibility.AccessibilityManagerService$Lifecycle
06-12 13:45:52.365 1548 1638 I SystemServerTimingAsync: ssm.onUnlockingUser-0_com.android.server.StorageManagerService$Lifecycle
06-12 13:45:52.365 1548 1638 D StorageManagerService: onUnlockUser 0
06-12 13:45:52.365 1548 1638 I StorageSessionController: On user unlock 0
06-12 13:45:52.365 1548 1638 I StorageSessionController: Initialialising...
06-12 13:45:52.366 531 531 I vold : onUserStarted: 0
06-12 13:45:52.368 1548 2072 V StorageManagerService: Found primary storage at VolumeInfo{emulated;0}:
06-12 13:45:52.368 1548 2072 V StorageManagerService: type=EMULATED diskId=null partGuid= mountFlags=0 mountUserId=0
06-12 13:45:52.368 1548 2072 V StorageManagerService: state=UNMOUNTED
06-12 13:45:52.368 1548 2072 V StorageManagerService: fsType=null fsUuid=null fsLabel=null
06-12 13:45:52.368 1548 2072 V StorageManagerService: path=null internalPath=null
06-12 13:45:52.371 1548 1842 I StorageManagerService: Mounting volume VolumeInfo{emulated;0}:
06-12 13:45:52.371 1548 1842 I StorageManagerService: type=EMULATED diskId=null partGuid= mountFlags=PRIMARY|VISIBLE
06-12 13:45:52.371 1548 1842 I StorageManagerService: mountUserId=0 state=UNMOUNTED
06-12 13:45:52.371 1548 1842 I StorageManagerService: fsType=null fsUuid=null fsLabel=null
06-12 13:45:52.371 1548 1842 I StorageManagerService: path=null internalPath=null
06-12 13:45:52.371 531 531 I vold : Executing sdcardfs
06-12 13:45:52.372 531 531 D vold : Waiting for sdcardfs to spin up...
06-12 13:45:52.379 0 0 I : [ 10.955561] Adding 4194300k swap on /dev/block/zram0. Priority:32758 extents:1 across:4194300k SS
06-12 13:45:52.387 2831 2831 W sdcard : Device explicitly enabled sdcardfs
06-12 13:45:52.389 1548 2072 D CompatibilityChangeReporter: Compat change id reported: 168419799; UID 10079; state: DISABLED
06-12 13:45:52.390 0 0 I : [ 10.964400] sdcardfs version 2.0
06-12 13:45:52.390 0 0 I [ 10.964405] sdcardfs: dev_name -> /data/media
06-12 13:45:52.390 0 0 I [ 10.964407] sdcardfs: options -> fsuid=1023,fsgid=1023,multiuser,derive_gid,default_normal,unshared_obb,mask=6,userid=0,gid=1015
06-12 13:45:52.390 0 0 I [ 10.964410] sdcardfs: mnt -> 0000000056c51f7f
06-12 13:45:52.390 0 0 I [ 10.964557] sdcardfs: mounted on top of /data/media type f2fs
06-12 13:45:52.390 0 0 I : [ 10.965037] Remount options were mask=23,gid=9997 for vfsmnt 0000000091dd144a.
06-12 13:45:52.390 0 0 I [ 10.965043] sdcardfs: options - debug:1
06-12 13:45:52.390 0 0 I [ 10.965044] sdcardfs: options - gid:9997
06-12 13:45:52.390 0 0 I [ 10.965046] sdcardfs: options - mask:23
06-12 13:45:52.390 0 0 I : [ 10.965244] Remount options were mask=7,gid=9997 for vfsmnt 0000000074c026cb.
06-12 13:45:52.390 0 0 I [ 10.965249] sdcardfs: options - debug:1
06-12 13:45:52.390 0 0 I [ 10.965250] sdcardfs: options - gid:9997
06-12 13:45:52.390 0 0 I [ 10.965252] sdcardfs: options - mask:7
06-12 13:45:52.390 0 0 I : [ 10.965467] Remount options were mask=7,gid=9997 for vfsmnt 0000000051ffddb4.
06-12 13:45:52.390 0 0 I [ 10.965472] sdcardfs: options - debug:1
06-12 13:45:52.390 0 0 I [ 10.965473] sdcardfs: options - gid:9997
06-12 13:45:52.390 0 0 I [ 10.965474] sdcardfs: options - mask:7
06-12 13:45:52.392 1548 2072 D CompatibilityChangeReporter: Compat change id reported: 168419799; UID 1000; state: DISABLED
06-12 13:45:52.403 0 0 I [ 10.978699] binder: 2772:2837 ioctl 40046210 6d59898934 returned -22
06-12 13:45:52.422 531 531 I vold : Mounting emulated fuse volume
06-12 13:45:52.431 1548 2056 D TelephonyRegistry: listen oscl: mHasNotifySubscriptionInfoChangedOccurred==false no callback
06-12 13:45:52.443 0 0 E : [ 11.014068] msm-dwc3 a600000.ssusb: Could not get usb psy
06-12 13:45:52.457 0 0 W [ 11.030790] QSEECOM: qseecom_load_app: App with id 8 (fingerpr) now loaded
06-12 13:45:52.484 531 531 I vold : Bind mounting /mnt/runtime/full/emulated to /mnt/pass_through/0/emulated
06-12 13:45:52.485 1548 1842 I StorageSessionController: On volume mount VolumeInfo{emulated;0}:
06-12 13:45:52.485 1548 1842 I StorageSessionController: type=EMULATED diskId=null partGuid= mountFlags=PRIMARY|VISIBLE
06-12 13:45:52.485 1548 1842 I StorageSessionController: mountUserId=0 state=CHECKING
06-12 13:45:52.485 1548 1842 I StorageSessionController: fsType=null fsUuid=null fsLabel=null
06-12 13:45:52.485 1548 1842 I StorageSessionController: path=/storage/emulated internalPath=/data/media
06-12 13:45:52.486 1548 1842 I StorageSessionController: Creating connection for user: 0
06-12 13:45:52.486 1548 1842 I StorageSessionController: Creating and starting session with id: emulated;0
06-12 13:45:52.487 1548 1842 I StorageUserConnection: Binding to the ExternalStorageService for user 0
06-12 13:45:52.489 1548 1842 I am_uid_running: 10090
06-12 13:45:52.489 1548 1842 D CompatibilityChangeReporter: Compat change id reported: 135634846; UID 10090; state: DISABLED
06-12 13:45:52.489 1548 1842 D CompatibilityChangeReporter: Compat change id reported: 177438394; UID 10090; state: DISABLED
06-12 13:45:52.489 1548 1842 D CompatibilityChangeReporter: Compat change id reported: 135772972; UID 10090; state: DISABLED
06-12 13:45:52.489 1548 1842 D CompatibilityChangeReporter: Compat change id reported: 135754954; UID 10090; state: ENABLED
06-12 13:45:52.489 1548 1842 I StorageUserConnection: Bound to the ExternalStorageService for user 0
06-12 13:45:52.489 1548 1639 D CompatibilityChangeReporter: Compat change id reported: 143937733; UID 10090; state: ENABLED
06-12 13:45:52.495 1548 1639 I am_proc_start: [0,2916,10090,com.android.providers.media.module,service,{com.android.providers.media.module/com.android.providers.media.fuse.ExternalStorageServiceImpl}]
06-12 13:45:52.495 1548 1638 W SystemServiceManager: Service com.android.server.StorageManagerService$Lifecycle took 130 ms in onUnlockingUser-0
06-12 13:45:52.495 1548 1639 I Watchdog: Interesting Java process com.android.providers.media.module started. Pid 2916
06-12 13:45:52.496 1548 1638 I SystemServerTimingAsync: ssm.onUnlockingUser-0_com.android.server.usage.StorageStatsService$Lifecycle
06-12 13:45:52.496 1548 1639 I ActivityManager: Start proc 2916:com.android.providers.media.module/u0a90 for service {com.android.providers.media.module/com.android.providers.media.fuse.ExternalStorageServiceImpl}
06-12 13:45:52.496 1548 1638 I SystemServerTimingAsync: ssm.onUnlockingUser-0_com.android.server.UiModeManagerService
06-12 13:45:52.496 1548 1638 I SystemServerTimingAsync: ssm.onUnlockingUser-0_com.android.server.locksettings.LockSettingsService$Lifecycle
06-12 13:45:52.496 1548 1638 I SystemServerTimingAsync: ssm.onUnlockingUser-0_com.android.server.PersistentDataBlockService
06-12 13:45:52.496 1548 1638 I SystemServerTimingAsync: ssm.onUnlockingUser-0_com.android.server.testharness.TestHarnessModeService
06-12 13:45:52.496 1548 1638 I SystemServerTimingAsync: ssm.onUnlockingUser-0_com.android.server.oemlock.OemLockService
06-12 13:45:52.496 1548 1638 I SystemServerTimingAsync: ssm.onUnlockingUser-0_com.android.server.DeviceIdleController
06-12 13:45:52.496 1548 1638 I SystemServerTimingAsync: ssm.onUnlockingUser-0_com.android.server.devicepolicy.DevicePolicyManagerService$Lifecycle
06-12 13:45:52.496 1548 1638 I SystemServerTimingAsync: ssm.onUnlockingUser-0_com.android.server.texttospeech.TextToSpeechManagerService
06-12 13:45:52.497 1548 1638 I SystemServerTimingAsync: ssm.onUnlockingUser-0_com.android.server.speech.SpeechRecognitionManagerService
06-12 13:45:52.507 0 0 I [ 11.082685] binder: 2916:2916 ioctl 40046210 7fda4f17a4 returned -22
06-12 13:45:52.497 1548 1638 I SystemServerTimingAsync: ssm.onUnlockingUser-0_com.android.server.searchui.SearchUiManagerService
06-12 13:45:52.497 1548 1638 I SystemServerTimingAsync: ssm.onUnlockingUser-0_com.android.server.smartspace.SmartspaceManagerService
06-12 13:45:52.497 1548 1638 I SystemServerTimingAsync: ssm.onUnlockingUser-0_com.android.server.graphics.fonts.FontManagerService$Lifecycle
06-12 13:45:52.497 1548 1638 I SystemServerTimingAsync: ssm.onUnlockingUser-0_com.android.server.textservices.TextServicesManagerService$Lifecycle
06-12 13:45:52.502 1548 1638 I SystemServerTimingAsync: ssm.onUnlockingUser-0_com.android.server.textclassifier.TextClassificationManagerService$Lifecycle
06-12 13:45:52.503 1548 1638 I SystemServerTimingAsync: ssm.onUnlockingUser-0_com.android.server.NetworkScoreService$Lifecycle
06-12 13:45:52.503 1548 1638 I SystemServerTimingAsync: ssm.onUnlockingUser-0_com.android.server.wifi.WifiService
06-12 13:45:52.503 1548 1638 I SystemServerTimingAsync: ssm.onUnlockingUser-0_com.android.server.wifi.scanner.WifiScanningService
06-12 13:45:52.503 1548 1638 I SystemServerTimingAsync: ssm.onUnlockingUser-0_com.android.server.wifi.rtt.RttService
06-12 13:45:52.503 1548 1638 I SystemServerTimingAsync: ssm.onUnlockingUser-0_com.android.server.wifi.aware.WifiAwareService
06-12 13:45:52.503 1548 1638 I SystemServerTimingAsync: ssm.onUnlockingUser-0_com.android.server.wifi.p2p.WifiP2pService
06-12 13:45:52.503 1548 1638 I SystemServerTimingAsync: ssm.onUnlockingUser-0_com.android.server.ethernet.EthernetService
06-12 13:45:52.503 1548 1638 I SystemServerTimingAsync: ssm.onUnlockingUser-0_com.android.server.ConnectivityServiceInitializer
06-12 13:45:52.503 1548 1638 I SystemServerTimingAsync: ssm.onUnlockingUser-0_com.android.server.notification.NotificationManagerService
06-12 13:45:52.504 1548 1638 I SystemServerTimingAsync: ssm.onUnlockingUser-0_com.android.server.storage.DeviceStorageMonitorService
06-12 13:45:52.504 1548 1638 I SystemServerTimingAsync: ssm.onUnlockingUser-0_com.android.server.location.LocationManagerService$Lifecycle
06-12 13:45:52.504 1548 1638 I SystemServerTimingAsync: ssm.onUnlockingUser-0_com.android.server.timedetector.TimeDetectorService$Lifecycle
06-12 13:45:52.504 1548 1638 I SystemServerTimingAsync: ssm.onUnlockingUser-0_com.android.server.timezonedetector.TimeZoneDetectorService$Lifecycle
06-12 13:45:52.504 1548 1638 I SystemServerTimingAsync: ssm.onUnlockingUser-0_com.android.server.timezonedetector.location.LocationTimeZoneManagerService$Lifecycle
06-12 13:45:52.504 1548 1638 I SystemServerTimingAsync: ssm.onUnlockingUser-0_com.android.server.search.SearchManagerService$Lifecycle
06-12 13:45:52.504 1548 1638 I SystemServerTimingAsync: ssm.onUnlockingUser-0_com.android.server.wallpaper.WallpaperManagerService$Lifecycle
06-12 13:45:52.504 1548 1638 I WallpaperManagerService: on-unlock-user-0
06-12 13:45:52.504 1548 1638 I SystemServerTimingAsync: ssm.onUnlockingUser-0_com.android.server.audio.AudioService$Lifecycle
06-12 13:45:52.504 1548 1638 I SystemServerTimingAsync: ssm.onUnlockingUser-0_com.android.server.soundtrigger_middleware.SoundTriggerMiddlewareService$Lifecycle
06-12 13:45:52.504 1548 1638 I SystemServerTimingAsync: ssm.onUnlockingUser-0_com.android.server.DockObserver
06-12 13:45:52.504 1548 1638 I SystemServerTimingAsync: ssm.onUnlockingUser-0_com.android.server.midi.MidiService$Lifecycle
06-12 13:45:52.505 1548 1638 I SystemServerTimingAsync: ssm.onUnlockingUser-0_com.android.server.adb.AdbService$Lifecycle
06-12 13:45:52.505 1548 1638 I SystemServerTimingAsync: ssm.onUnlockingUser-0_com.android.server.usb.UsbService$Lifecycle
06-12 13:45:52.505 1548 1638 I SystemServerTimingAsync: ssm.onUnlockingUser-0_com.android.server.twilight.TwilightService
06-12 13:45:52.505 1548 1638 I SystemServerTimingAsync: ssm.onUnlockingUser-0_com.android.server.display.color.ColorDisplayService
06-12 13:45:52.505 1548 1638 I SystemServerTimingAsync: ssm.onUnlockingUser-0_com.android.server.job.JobSchedulerService
06-12 13:45:52.505 1548 1638 I SystemServerTimingAsync: ssm.onUnlockingUser-0_com.android.server.soundtrigger.SoundTriggerService
06-12 13:45:52.505 1548 1638 I SystemServerTimingAsync: ssm.onUnlockingUser-0_com.android.server.trust.TrustManagerService
06-12 13:45:52.505 1548 1638 I SystemServerTimingAsync: ssm.onUnlockingUser-0_com.android.server.backup.BackupManagerService$Lifecycle
06-12 13:45:52.505 1548 1638 I SystemServerTimingAsync: ssm.onUnlockingUser-0_com.android.server.appwidget.AppWidgetService
06-12 13:45:52.505 1548 1638 I SystemServerTimingAsync: ssm.onUnlockingUser-0_com.android.server.voiceinteraction.VoiceInteractionManagerService
06-12 13:45:52.505 1548 1638 W VoiceInteractionManager: no available voice recognition services found for user 0
06-12 13:45:52.506 1548 1638 I SystemServerTimingAsync: ssm.onUnlockingUser-0_com.android.server.apphibernation.AppHibernationService
06-12 13:45:52.506 1548 1638 I SystemServerTimingAsync: ssm.onUnlockingUser-0_com.android.server.SensorNotificationService
06-12 13:45:52.506 1548 1638 I SystemServerTimingAsync: ssm.onUnlockingUser-0_com.android.server.emergency.EmergencyAffordanceService
06-12 13:45:52.506 1548 1638 I SystemServerTimingAsync: ssm.onUnlockingUser-0_com.android.server.blob.BlobStoreManagerService
06-12 13:45:52.506 1548 1638 I SystemServerTimingAsync: ssm.onUnlockingUser-0_com.android.server.dreams.DreamManagerService
06-12 13:45:52.506 1548 1638 I SystemServerTimingAsync: ssm.onUnlockingUser-0_com.android.server.companion.CompanionDeviceManagerService
06-12 13:45:52.506 1548 2717 I HibernationStateDiskStore: No hibernation file on disk for file /data/system_ce/0/hibernation/states
06-12 13:45:52.506 1548 1638 I CompanionDeviceManagerService: Read associations from disk: {0=[]}
06-12 13:45:52.506 1548 1638 I SystemServerTimingAsync: ssm.onUnlockingUser-0_com.android.server.restrictions.RestrictionsManagerService
06-12 13:45:52.506 1548 1638 I SystemServerTimingAsync: ssm.onUnlockingUser-0_com.android.server.media.MediaSessionService
06-12 13:45:52.506 1548 1638 I SystemServerTimingAsync: ssm.onUnlockingUser-0_com.android.server.media.MediaResourceMonitorService
06-12 13:45:52.506 1548 1638 I SystemServerTimingAsync: ssm.onUnlockingUser-0_com.android.server.biometrics.sensors.fingerprint.FingerprintService
06-12 13:45:52.506 1548 1638 I SystemServerTimingAsync: ssm.onUnlockingUser-0_com.android.server.biometrics.BiometricService
06-12 13:45:52.507 1548 1638 I SystemServerTimingAsync: ssm.onUnlockingUser-0_com.android.server.biometrics.AuthService
06-12 13:45:52.507 1548 1638 I SystemServerTimingAsync: ssm.onUnlockingUser-0_com.android.server.pm.ShortcutService$Lifecycle
06-12 13:45:52.507 1548 1638 I SystemServerTimingAsync: ssm.onUnlockingUser-0_com.android.server.pm.LauncherAppsService
06-12 13:45:52.507 1548 1638 I SystemServerTimingAsync: ssm.onUnlockingUser-0_com.android.server.pm.CrossProfileAppsService
06-12 13:45:52.507 1548 1638 I SystemServerTimingAsync: ssm.onUnlockingUser-0_com.android.server.people.PeopleService
06-12 13:45:52.507 1548 1638 I SystemServerTimingAsync: ssm.onUnlockingUser-0_com.android.server.media.metrics.MediaMetricsManagerService
06-12 13:45:52.507 1548 1638 I SystemServerTimingAsync: ssm.onUnlockingUser-0_com.android.server.media.projection.MediaProjectionManagerService
06-12 13:45:52.507 1548 1638 I SystemServerTimingAsync: ssm.onUnlockingUser-0_com.android.server.slice.SliceManagerService$Lifecycle
06-12 13:45:52.507 1548 1638 I SystemServerTimingAsync: ssm.onUnlockingUser-0_com.android.server.stats.StatsCompanion$Lifecycle
06-12 13:45:52.507 1548 1638 I SystemServerTimingAsync: ssm.onUnlockingUser-0_com.android.server.scheduling.RebootReadinessManagerService$Lifecycle
06-12 13:45:52.507 1548 1638 I SystemServerTimingAsync: ssm.onUnlockingUser-0_com.android.server.stats.pull.StatsPullAtomService
06-12 13:45:52.507 1548 1638 I SystemServerTimingAsync: ssm.onUnlockingUser-0_com.android.server.incident.IncidentCompanionService
06-12 13:45:52.507 1548 1638 I SystemServerTimingAsync: ssm.onUnlockingUser-0_com.android.server.MmsServiceBroker
06-12 13:45:52.507 1548 1886 I BackupManagerService: Starting service for user: 0
06-12 13:45:52.507 1548 1638 I SystemServerTimingAsync: ssm.onUnlockingUser-0_com.android.server.autofill.AutofillManagerService
06-12 13:45:52.508 1548 1638 I SystemServerTimingAsync: ssm.onUnlockingUser-0_com.android.server.clipboard.ClipboardService
06-12 13:45:52.508 1548 1638 I SystemServerTimingAsync: ssm.onUnlockingUser-0_com.android.server.appbinding.AppBindingService$Lifecycle
06-12 13:45:52.508 1548 1638 W AppBindingService: [Default SMS app] u0 Target package not found
06-12 13:45:52.508 1548 1638 I SystemServerTimingAsync: ssm.onUnlockingUser-0_com.android.server.tracing.TracingServiceProxy
06-12 13:45:52.508 1548 1638 I SystemServerTimingAsync: ssm.onUnlockingUser-0_com.android.server.policy.PermissionPolicyService
06-12 13:45:52.508 1548 1638 I SystemServerTimingAsync: ssm.onUnlockingUser-0_com.android.server.pm.StagingManager$Lifecycle
06-12 13:45:52.508 1548 1638 I SystemServerTimingAsync: ssm.onUnlockingUser-0_com.android.server.app.GameManagerService$Lifecycle
06-12 13:45:52.508 1548 1638 I SystemServerTimingAsync: ssm.onUnlockingUser-0_com.android.server.appsearch.AppSearchManagerService
06-12 13:45:52.508 1548 2924 I am_proc_bound: [0,2916,com.android.providers.media.module]
06-12 13:45:52.508 1548 1638 I SystemServerTimingAsync: ssm.onUnlockingUser-0_com.android.server.media.MediaCommunicationService
06-12 13:45:52.508 1548 1638 W ActivityManager: UserLifecycleEvent 5 received without an active userJourneySession.
06-12 13:45:52.508 1548 1638 W ActivityManager: UserLifecycleEvent 6 received without an active userJourneySession.
06-12 13:45:52.508 1548 1638 I uc_finish_user_unlocked: 0
06-12 13:45:52.508 1548 1638 I ActivityManager: User 0 state changed from RUNNING_UNLOCKING to RUNNING_UNLOCKED
06-12 13:45:52.508 1548 1638 I am_user_state_changed: [0,3]
06-12 13:45:52.509 1548 1638 D SystemServerTiming: SystemUserUnlock took to complete: 382ms
06-12 13:45:52.510 1548 2924 D CompatibilityChangeReporter: Compat change id reported: 168419799; UID 10090; state: DISABLED
06-12 13:45:52.510 2399 2399 W ContextImpl: Calling a method in the system process without a qualified user: android.app.ContextImpl.startService:1816 android.content.ContextWrapper.startService:774 android.content.ContextWrapper.startService:774 com.qualcomm.qti.qdma.app.BootReceiver.onBootReceived:115 com.qualcomm.qti.innodme.InnoBootReceiver.onReceive:22
06-12 13:45:52.510 1548 1619 I ActivityTaskManager: Loading recents for user 0 into memory.
06-12 13:45:52.511 1548 1886 V BackupManagerService: [UserID:0] Starting with transport com.android.localtransport/.LocalTransport
06-12 13:45:52.511 1548 1886 D BackupManagerService: [UserID:0] Started thread backup-0
06-12 13:45:52.512 1548 1619 I wm_task_created: [58,-1]
06-12 13:45:52.513 1548 1619 I wm_task_created: [63,-1]
06-12 13:45:52.513 1548 1619 I wm_task_created: [69,-1]
06-12 13:45:52.513 1548 1619 V PackageConfigPersister: loadPackages: empty list files from /data/system_ce/0/package_configs
06-12 13:45:52.514 1548 2924 I am_uid_active: 10090
06-12 13:45:52.518 1548 1635 I UsageStatsService: User[0] Rollover scheduled @ 2023-06-13 11:36:32(1686627392674)
06-12 13:45:52.519 1548 1638 I am_uid_running: 10055
06-12 13:45:52.519 1548 1638 D CompatibilityChangeReporter: Compat change id reported: 135634846; UID 10055; state: DISABLED
06-12 13:45:52.519 1548 1638 D CompatibilityChangeReporter: Compat change id reported: 177438394; UID 10055; state: DISABLED
06-12 13:45:52.519 1548 1638 D CompatibilityChangeReporter: Compat change id reported: 135772972; UID 10055; state: DISABLED
06-12 13:45:52.519 1548 1638 D CompatibilityChangeReporter: Compat change id reported: 135754954; UID 10055; state: ENABLED
06-12 13:45:52.519 1548 1639 D CompatibilityChangeReporter: Compat change id reported: 143937733; UID 10055; state: ENABLED
06-12 13:45:52.520 1548 1638 D CompatibilityChangeReporter: Compat change id reported: 135634846; UID 1000; state: DISABLED
06-12 13:45:52.520 1548 1638 D CompatibilityChangeReporter: Compat change id reported: 177438394; UID 1000; state: DISABLED
06-12 13:45:52.520 1548 1638 D CompatibilityChangeReporter: Compat change id reported: 135772972; UID 1000; state: DISABLED
06-12 13:45:52.520 1548 1638 D CompatibilityChangeReporter: Compat change id reported: 135754954; UID 1000; state: ENABLED
06-12 13:45:52.520 1548 1638 I am_uid_running: 10054
06-12 13:45:52.520 1548 1638 D CompatibilityChangeReporter: Compat change id reported: 135634846; UID 10054; state: DISABLED
06-12 13:45:52.520 1548 1638 D CompatibilityChangeReporter: Compat change id reported: 177438394; UID 10054; state: DISABLED
06-12 13:45:52.520 1548 1638 D CompatibilityChangeReporter: Compat change id reported: 135772972; UID 10054; state: DISABLED
06-12 13:45:52.520 1548 1638 D CompatibilityChangeReporter: Compat change id reported: 135754954; UID 10054; state: ENABLED
06-12 13:45:52.520 1548 1638 I am_uid_running: 10076
06-12 13:45:52.521 1548 1638 D CompatibilityChangeReporter: Compat change id reported: 135634846; UID 10076; state: DISABLED
06-12 13:45:52.521 1548 1638 D CompatibilityChangeReporter: Compat change id reported: 177438394; UID 10076; state: DISABLED
06-12 13:45:52.521 1548 1638 D CompatibilityChangeReporter: Compat change id reported: 135772972; UID 10076; state: DISABLED
06-12 13:45:52.521 1548 1638 D CompatibilityChangeReporter: Compat change id reported: 135754954; UID 10076; state: DISABLED
06-12 13:45:52.521 1548 1638 I am_uid_running: 10081
06-12 13:45:52.521 1548 1638 D CompatibilityChangeReporter: Compat change id reported: 135634846; UID 10081; state: DISABLED
06-12 13:45:52.521 1548 1638 D CompatibilityChangeReporter: Compat change id reported: 177438394; UID 10081; state: DISABLED
06-12 13:45:52.521 1548 1638 D CompatibilityChangeReporter: Compat change id reported: 135772972; UID 10081; state: DISABLED
06-12 13:45:52.521 1548 1638 D CompatibilityChangeReporter: Compat change id reported: 135754954; UID 10081; state: ENABLED
06-12 13:45:52.521 1548 1638 I am_uid_running: 10082
06-12 13:45:52.521 1548 1638 D CompatibilityChangeReporter: Compat change id reported: 135634846; UID 10082; state: DISABLED
06-12 13:45:52.522 1548 1638 D CompatibilityChangeReporter: Compat change id reported: 177438394; UID 10082; state: DISABLED
06-12 13:45:52.522 1548 1638 D CompatibilityChangeReporter: Compat change id reported: 135772972; UID 10082; state: DISABLED
06-12 13:45:52.522 1548 1638 D CompatibilityChangeReporter: Compat change id reported: 135754954; UID 10082; state: ENABLED
06-12 13:45:52.522 1548 1638 I am_uid_running: 10080
06-12 13:45:52.522 1548 1638 D CompatibilityChangeReporter: Compat change id reported: 135634846; UID 10080; state: DISABLED
06-12 13:45:52.527 1548 1638 I uc_send_user_broadcast: [0,android.intent.action.USER_UNLOCKED]
06-12 13:45:52.530 1548 1638 I uc_finish_user_unlocked_completed: 0
06-12 13:45:52.530 1548 1639 I am_proc_start: [0,2939,10055,ts.car.uart,added application,ts.car.uart]
06-12 13:45:52.530 1548 1639 I ActivityManager: Start proc 2939:ts.car.uart/u0a55 for added application ts.car.uart
06-12 13:45:52.533 0 0 E : [ 11.108965] msm-dwc3 a600000.ssusb: Could not get usb psy
06-12 13:45:52.533 0 0 I [ 11.108984] android_work: did not send uevent (0 0 0000000000000000)
06-12 13:45:52.535 1548 1638 I ActivityManager: Posting BOOT_COMPLETED user #0
06-12 13:45:52.536 1548 1635 I UsageStatsService: User[0] Flushing usage stats to disk
06-12 13:45:52.539 1548 1638 I ssm_user_unlocked: 0
06-12 13:45:52.539 1548 1638 I SystemServerTimingAsync: ssm.UnlockedUser-0
06-12 13:45:52.539 1548 1638 I SystemServiceManager: Calling onUnlockedUser 0
06-12 13:45:52.539 1548 1638 I SystemServerTimingAsync: ssm.onUnlockedUser-0_com.android.server.security.FileIntegrityService
06-12 13:45:52.539 1548 1638 I SystemServerTimingAsync: ssm.onUnlockedUser-0_com.android.server.pm.Installer
06-12 13:45:52.539 1548 1638 I SystemServerTimingAsync: ssm.onUnlockedUser-0_com.android.server.os.DeviceIdentifiersPolicyService
06-12 13:45:52.539 1548 1638 I SystemServerTimingAsync: ssm.onUnlockedUser-0_com.android.server.uri.UriGrantsManagerService$Lifecycle
06-12 13:45:52.539 1548 1886 E BackupPasswordManager: Unable to read backup pw version
06-12 13:45:52.539 1548 1638 I SystemServerTimingAsync: ssm.onUnlockedUser-0_com.android.server.powerstats.PowerStatsService
06-12 13:45:52.539 1548 1638 I SystemServerTimingAsync: ssm.onUnlockedUser-0_com.android.server.wm.ActivityTaskManagerService$Lifecycle
06-12 13:45:52.539 1548 1638 I LaunchParamsPersister: Didn't find launch param folder for user 0
06-12 13:45:52.539 1548 1638 I SystemServerTimingAsync: ssm.onUnlockedUser-0_com.android.server.am.ActivityManagerService$Lifecycle
06-12 13:45:52.539 1548 1638 I SystemServerTimingAsync: ssm.onUnlockedUser-0_com.android.server.pm.DataLoaderManagerService
06-12 13:45:52.539 1548 1638 I SystemServerTimingAsync: ssm.onUnlockedUser-0_com.android.server.power.PowerManagerService
06-12 13:45:52.540 1548 1638 I SystemServerTimingAsync: ssm.onUnlockedUser-0_com.android.server.power.ThermalManagerService
06-12 13:45:52.540 1548 1638 I SystemServerTimingAsync: ssm.onUnlockedUser-0_com.android.server.power.hint.HintManagerService
06-12 13:45:52.540 1548 1638 I SystemServerTimingAsync: ssm.onUnlockedUser-0_com.android.server.recoverysystem.RecoverySystemService$Lifecycle
06-12 13:45:52.540 1548 1638 I SystemServerTimingAsync: ssm.onUnlockedUser-0_com.android.server.lights.LightsService
06-12 13:45:52.540 1548 1638 I SystemServerTimingAsync: ssm.onUnlockedUser-0_com.android.server.display.DisplayManagerService
06-12 13:45:52.540 1548 1638 I SystemServerTimingAsync: ssm.onUnlockedUser-0_com.android.server.pm.verify.domain.DomainVerificationService
06-12 13:45:52.540 1548 1638 I SystemServerTimingAsync: ssm.onUnlockedUser-0_com.android.server.pm.PackageInstallerService$Lifecycle
06-12 13:45:52.540 1548 1638 I SystemServerTimingAsync: ssm.onUnlockedUser-0_com.android.server.pm.UserManagerService$LifeCycle
06-12 13:45:52.540 1548 1638 I SystemServerTimingAsync: ssm.onUnlockedUser-0_com.android.server.om.OverlayManagerService
06-12 13:45:52.540 1548 1638 I SystemServerTimingAsync: ssm.onUnlockedUser-0_com.android.server.SensorPrivacyService
06-12 13:45:52.540 1548 1638 I SystemServerTimingAsync: ssm.onUnlockedUser-0_com.android.server.thunderperf.ThunderBoostPerfService
06-12 13:45:52.540 1548 1638 I SystemServerTimingAsync: ssm.onUnlockedUser-0_com.android.server.sensors.SensorService
06-12 13:45:52.540 1548 1638 I SystemServerTimingAsync: ssm.onUnlockedUser-0_com.android.server.SystemConfigService
06-12 13:45:52.540 1548 1638 I SystemServerTimingAsync: ssm.onUnlockedUser-0_com.android.server.BatteryService
06-12 13:45:52.540 1548 1638 I SystemServerTimingAsync: ssm.onUnlockedUser-0_com.android.server.usage.UsageStatsService
06-12 13:45:52.540 1548 1638 I SystemServerTimingAsync: ssm.onUnlockedUser-0_com.android.server.webkit.WebViewUpdateService
06-12 13:45:52.540 1548 1638 I SystemServerTimingAsync: ssm.onUnlockedUser-0_com.android.server.CachedDeviceStateService
06-12 13:45:52.540 1548 1638 I SystemServerTimingAsync: ssm.onUnlockedUser-0_com.android.server.BinderCallsStatsService$LifeCycle
06-12 13:45:52.540 1548 1638 I SystemServerTimingAsync: ssm.onUnlockedUser-0_com.android.server.LooperStatsService$Lifecycle
06-12 13:45:52.540 1548 1638 I SystemServerTimingAsync: ssm.onUnlockedUser-0_com.android.server.rollback.RollbackManagerService
06-12 13:45:52.540 1548 1638 I SystemServerTimingAsync: ssm.onUnlockedUser-0_com.android.server.os.NativeTombstoneManagerService
06-12 13:45:52.540 1548 1638 I SystemServerTimingAsync: ssm.onUnlockedUser-0_com.android.server.os.BugreportManagerService
06-12 13:45:52.540 1548 1638 I SystemServerTimingAsync: ssm.onUnlockedUser-0_com.android.server.gpu.GpuService
06-12 13:45:52.540 1548 1638 I SystemServerTimingAsync: ssm.onUnlockedUser-0_com.android.server.security.KeyChainSystemService
06-12 13:45:52.540 1548 1638 I SystemServerTimingAsync: ssm.onUnlockedUser-0_com.android.server.telecom.TelecomLoaderService
06-12 13:45:52.540 1548 1638 I SystemServerTimingAsync: ssm.onUnlockedUser-0_com.android.server.accounts.AccountManagerService$Lifecycle
06-12 13:45:52.540 1548 1638 I SystemServerTimingAsync: ssm.onUnlockedUser-0_com.android.server.content.ContentService$Lifecycle
06-12 13:45:52.540 1548 1638 I SystemServerTimingAsync: ssm.onUnlockedUser-0_com.android.server.DropBoxManagerService
06-12 13:45:52.540 1548 1638 I SystemServerTimingAsync: ssm.onUnlockedUser-0_com.android.role.RoleService
06-12 13:45:52.540 1548 1638 I SystemServerTimingAsync: ssm.onUnlockedUser-0_com.android.server.vibrator.VibratorManagerService$Lifecycle
06-12 13:45:52.540 1548 1638 I SystemServerTimingAsync: ssm.onUnlockedUser-0_com.android.server.alarm.AlarmManagerService
06-12 13:45:52.540 1548 1638 I SystemServerTimingAsync: ssm.onUnlockedUser-0_com.android.server.devicestate.DeviceStateManagerService
06-12 13:45:52.540 1548 1638 I SystemServerTimingAsync: ssm.onUnlockedUser-0_com.android.server.camera.CameraServiceProxy
06-12 13:45:52.540 1548 1638 I SystemServerTimingAsync: ssm.onUnlockedUser-0_com.android.server.BluetoothService
06-12 13:45:52.540 1548 1638 I SystemServerTimingAsync: ssm.onUnlockedUser-0_com.android.server.connectivity.IpConnectivityMetrics
06-12 13:45:52.540 1548 1638 I SystemServerTimingAsync: ssm.onUnlockedUser-0_com.android.server.net.watchlist.NetworkWatchlistService$Lifecycle
06-12 13:45:52.540 1548 1638 I SystemServerTimingAsync: ssm.onUnlockedUser-0_com.android.server.PinnerService
06-12 13:45:52.540 1548 1638 I SystemServerTimingAsync: ssm.onUnlockedUser-0_com.google.android.startop.iorap.IorapForwardingService
06-12 13:45:52.540 1548 1638 I SystemServerTimingAsync: ssm.onUnlockedUser-0_com.android.server.ActivityTriggerService
06-12 13:45:52.540 1548 1638 I SystemServerTimingAsync: ssm.onUnlockedUser-0_com.android.server.integrity.AppIntegrityManagerService
06-12 13:45:52.540 1548 1638 I SystemServerTimingAsync: ssm.onUnlockedUser-0_com.android.server.inputmethod.InputMethodManagerService$Lifecycle
06-12 13:45:52.540 1548 1638 I SystemServerTimingAsync: ssm.onUnlockedUser-0_com.android.server.accessibility.AccessibilityManagerService$Lifecycle
06-12 13:45:52.540 1548 1638 I SystemServerTimingAsync: ssm.onUnlockedUser-0_com.android.server.StorageManagerService$Lifecycle
06-12 13:45:52.540 1548 1638 I SystemServerTimingAsync: ssm.onUnlockedUser-0_com.android.server.usage.StorageStatsService$Lifecycle
06-12 13:45:52.540 1548 1638 I SystemServerTimingAsync: ssm.onUnlockedUser-0_com.android.server.UiModeManagerService
06-12 13:45:52.540 1548 1638 I SystemServerTimingAsync: ssm.onUnlockedUser-0_com.android.server.locksettings.LockSettingsService$Lifecycle
06-12 13:45:52.540 1548 1638 I SystemServerTimingAsync: ssm.onUnlockedUser-0_com.android.server.PersistentDataBlockService
06-12 13:45:52.540 1548 1638 I SystemServerTimingAsync: ssm.onUnlockedUser-0_com.android.server.testharness.TestHarnessModeService
06-12 13:45:52.540 1548 1638 I SystemServerTimingAsync: ssm.onUnlockedUser-0_com.android.server.oemlock.OemLockService
06-12 13:45:52.540 1548 1638 I SystemServerTimingAsync: ssm.onUnlockedUser-0_com.android.server.DeviceIdleController
06-12 13:45:52.540 1548 1638 I SystemServerTimingAsync: ssm.onUnlockedUser-0_com.android.server.devicepolicy.DevicePolicyManagerService$Lifecycle
06-12 13:45:52.540 1548 1638 I SystemServerTimingAsync: ssm.onUnlockedUser-0_com.android.server.texttospeech.TextToSpeechManagerService
06-12 13:45:52.540 1548 1638 I SystemServerTimingAsync: ssm.onUnlockedUser-0_com.android.server.speech.SpeechRecognitionManagerService
06-12 13:45:52.540 1548 1638 I SystemServerTimingAsync: ssm.onUnlockedUser-0_com.android.server.searchui.SearchUiManagerService
06-12 13:45:52.540 1548 1638 I SystemServerTimingAsync: ssm.onUnlockedUser-0_com.android.server.smartspace.SmartspaceManagerService
06-12 13:45:52.540 1548 1638 I SystemServerTimingAsync: ssm.onUnlockedUser-0_com.android.server.graphics.fonts.FontManagerService$Lifecycle
06-12 13:45:52.540 1548 1638 I SystemServerTimingAsync: ssm.onUnlockedUser-0_com.android.server.textservices.TextServicesManagerService$Lifecycle
06-12 13:45:52.540 1548 1638 I SystemServerTimingAsync: ssm.onUnlockedUser-0_com.android.server.textclassifier.TextClassificationManagerService$Lifecycle
06-12 13:45:52.540 1548 1638 I SystemServerTimingAsync: ssm.onUnlockedUser-0_com.android.server.NetworkScoreService$Lifecycle
06-12 13:45:52.540 1548 1638 I SystemServerTimingAsync: ssm.onUnlockedUser-0_com.android.server.wifi.WifiService
06-12 13:45:52.540 1548 1638 I SystemServerTimingAsync: ssm.onUnlockedUser-0_com.android.server.wifi.scanner.WifiScanningService
06-12 13:45:52.540 1548 1638 I SystemServerTimingAsync: ssm.onUnlockedUser-0_com.android.server.wifi.rtt.RttService
06-12 13:45:52.540 1548 1638 I SystemServerTimingAsync: ssm.onUnlockedUser-0_com.android.server.wifi.aware.WifiAwareService
06-12 13:45:52.540 1548 1638 I SystemServerTimingAsync: ssm.onUnlockedUser-0_com.android.server.wifi.p2p.WifiP2pService
06-12 13:45:52.540 1548 1638 I SystemServerTimingAsync: ssm.onUnlockedUser-0_com.android.server.ethernet.EthernetService
06-12 13:45:52.540 1548 1638 I SystemServerTimingAsync: ssm.onUnlockedUser-0_com.android.server.ConnectivityServiceInitializer
06-12 13:45:52.540 1548 1638 I SystemServerTimingAsync: ssm.onUnlockedUser-0_com.android.server.notification.NotificationManagerService
06-12 13:45:52.540 1548 1638 I SystemServerTimingAsync: ssm.onUnlockedUser-0_com.android.server.storage.DeviceStorageMonitorService
06-12 13:45:52.540 1548 1638 I SystemServerTimingAsync: ssm.onUnlockedUser-0_com.android.server.location.LocationManagerService$Lifecycle
06-12 13:45:52.540 1548 1638 I SystemServerTimingAsync: ssm.onUnlockedUser-0_com.android.server.timedetector.TimeDetectorService$Lifecycle
06-12 13:45:52.540 1548 1638 I SystemServerTimingAsync: ssm.onUnlockedUser-0_com.android.server.timezonedetector.TimeZoneDetectorService$Lifecycle
06-12 13:45:52.540 1548 1638 I SystemServerTimingAsync: ssm.onUnlockedUser-0_com.android.server.timezonedetector.location.LocationTimeZoneManagerService$Lifecycle
06-12 13:45:52.540 1548 1638 I SystemServerTimingAsync: ssm.onUnlockedUser-0_com.android.server.search.SearchManagerService$Lifecycle
06-12 13:45:52.540 1548 1638 I SystemServerTimingAsync: ssm.onUnlockedUser-0_com.android.server.wallpaper.WallpaperManagerService$Lifecycle
06-12 13:45:52.540 1548 1638 I SystemServerTimingAsync: ssm.onUnlockedUser-0_com.android.server.audio.AudioService$Lifecycle
06-12 13:45:52.540 1548 1638 I SystemServerTimingAsync: ssm.onUnlockedUser-0_com.android.server.soundtrigger_middleware.SoundTriggerMiddlewareService$Lifecycle
06-12 13:45:52.540 1548 1638 I SystemServerTimingAsync: ssm.onUnlockedUser-0_com.android.server.DockObserver
06-12 13:45:52.540 1548 1638 I SystemServerTimingAsync: ssm.onUnlockedUser-0_com.android.server.midi.MidiService$Lifecycle
06-12 13:45:52.540 1548 1638 I SystemServerTimingAsync: ssm.onUnlockedUser-0_com.android.server.adb.AdbService$Lifecycle
06-12 13:45:52.540 1548 1638 I SystemServerTimingAsync: ssm.onUnlockedUser-0_com.android.server.usb.UsbService$Lifecycle
06-12 13:45:52.540 1548 1638 I SystemServerTimingAsync: ssm.onUnlockedUser-0_com.android.server.twilight.TwilightService
06-12 13:45:52.540 1548 1638 I SystemServerTimingAsync: ssm.onUnlockedUser-0_com.android.server.display.color.ColorDisplayService
06-12 13:45:52.540 1548 1638 I SystemServerTimingAsync: ssm.onUnlockedUser-0_com.android.server.job.JobSchedulerService
06-12 13:45:52.540 1548 1638 I SystemServerTimingAsync: ssm.onUnlockedUser-0_com.android.server.soundtrigger.SoundTriggerService
06-12 13:45:52.540 1548 1638 I SystemServerTimingAsync: ssm.onUnlockedUser-0_com.android.server.trust.TrustManagerService
06-12 13:45:52.540 1548 1638 I SystemServerTimingAsync: ssm.onUnlockedUser-0_com.android.server.backup.BackupManagerService$Lifecycle
06-12 13:45:52.540 1548 1638 I SystemServerTimingAsync: ssm.onUnlockedUser-0_com.android.server.appwidget.AppWidgetService
06-12 13:45:52.540 1548 1638 I SystemServerTimingAsync: ssm.onUnlockedUser-0_com.android.server.voiceinteraction.VoiceInteractionManagerService
06-12 13:45:52.541 1548 1638 I SystemServerTimingAsync: ssm.onUnlockedUser-0_com.android.server.apphibernation.AppHibernationService
06-12 13:45:52.541 1548 1638 I SystemServerTimingAsync: ssm.onUnlockedUser-0_com.android.server.SensorNotificationService
06-12 13:45:52.541 1548 1638 I SystemServerTimingAsync: ssm.onUnlockedUser-0_com.android.server.emergency.EmergencyAffordanceService
06-12 13:45:52.541 1548 1638 I SystemServerTimingAsync: ssm.onUnlockedUser-0_com.android.server.blob.BlobStoreManagerService
06-12 13:45:52.541 1548 1638 I SystemServerTimingAsync: ssm.onUnlockedUser-0_com.android.server.dreams.DreamManagerService
06-12 13:45:52.541 1548 1638 I SystemServerTimingAsync: ssm.onUnlockedUser-0_com.android.server.companion.CompanionDeviceManagerService
06-12 13:45:52.541 1548 1638 I SystemServerTimingAsync: ssm.onUnlockedUser-0_com.android.server.restrictions.RestrictionsManagerService
06-12 13:45:52.541 1548 1638 I SystemServerTimingAsync: ssm.onUnlockedUser-0_com.android.server.media.MediaSessionService
06-12 13:45:52.541 1548 1638 I SystemServerTimingAsync: ssm.onUnlockedUser-0_com.android.server.media.MediaResourceMonitorService
06-12 13:45:52.541 1548 1638 I SystemServerTimingAsync: ssm.onUnlockedUser-0_com.android.server.biometrics.sensors.fingerprint.FingerprintService
06-12 13:45:52.541 1548 1638 I SystemServerTimingAsync: ssm.onUnlockedUser-0_com.android.server.biometrics.BiometricService
06-12 13:45:52.541 1548 1638 I SystemServerTimingAsync: ssm.onUnlockedUser-0_com.android.server.biometrics.AuthService
06-12 13:45:52.541 1548 1638 I SystemServerTimingAsync: ssm.onUnlockedUser-0_com.android.server.pm.ShortcutService$Lifecycle
06-12 13:45:52.541 1548 1638 I SystemServerTimingAsync: ssm.onUnlockedUser-0_com.android.server.pm.LauncherAppsService
06-12 13:45:52.541 1548 1638 I SystemServerTimingAsync: ssm.onUnlockedUser-0_com.android.server.pm.CrossProfileAppsService
06-12 13:45:52.541 1548 1638 I SystemServerTimingAsync: ssm.onUnlockedUser-0_com.android.server.people.PeopleService
06-12 13:45:52.541 1548 1638 I SystemServerTimingAsync: ssm.onUnlockedUser-0_com.android.server.media.metrics.MediaMetricsManagerService
06-12 13:45:52.541 1548 1638 I SystemServerTimingAsync: ssm.onUnlockedUser-0_com.android.server.media.projection.MediaProjectionManagerService
06-12 13:45:52.541 1548 1638 I SystemServerTimingAsync: ssm.onUnlockedUser-0_com.android.server.slice.SliceManagerService$Lifecycle
06-12 13:45:52.541 1548 1638 I SystemServerTimingAsync: ssm.onUnlockedUser-0_com.android.server.stats.StatsCompanion$Lifecycle
06-12 13:45:52.541 1548 1638 I SystemServerTimingAsync: ssm.onUnlockedUser-0_com.android.server.scheduling.RebootReadinessManagerService$Lifecycle
06-12 13:45:52.541 1548 1638 I SystemServerTimingAsync: ssm.onUnlockedUser-0_com.android.server.stats.pull.StatsPullAtomService
