06-12 13:55:19.684 1548 1622 I EventSequenceValidator: Transition from INTENT_STARTED to ACTIVITY_LAUNCHED
06-12 13:55:19.688 1548 4464 W InputManager-JNI: Input channel object 'f9d58fe com.android.settings.intelligence/com.android.settings.intelligence.search.SearchActivity (client)' was disposed without first being removed with the input manager!
06-12 13:55:19.695 2423 2423 I wm_on_activity_result_called: [91867989,com.android.settings.Settings,ACTIVITY_RESULT]
06-12 13:55:19.695 2423 2423 I wm_on_restart_called: [91867989,com.android.settings.Settings,performRestartActivity]
06-12 13:55:19.695 1548 1622 I sysui_multi_action: [757,803,799,window_time_0,802,10]
06-12 13:55:19.696 2087 3757 I GameMode_ActivityMonitoringService: onActivityLaunch: com.android.settings, isGameApp: false
06-12 13:55:19.696 2087 3757 V GameMode_GpuUtils: fps:60
06-12 13:55:19.697 2423 2423 W BatteryBroadcastRcvr: Problem reading the battery meter.
06-12 13:55:19.699 1548 2993 D ConnectivityService: requestNetwork for uid/pid:1000/2423 activeRequest: null callbackRequest: 84 [NetworkRequest [ REQUEST id=85, [ Capabilities: INTERNET&NOT_RESTRICTED&TRUSTED&NOT_VCN_MANAGED Uid: 1000 RequestorUid: 1000 RequestorPkg: com.android.settings] ]] callback flags: 0 priority: 2147483647
06-12 13:55:19.699 1548 1859 D ConnectivityService: NetReassign [no changes]
06-12 13:55:19.700 2423 2423 I wm_on_start_called: [91867989,com.android.settings.Settings,handleStartActivity]
06-12 13:55:19.700 2423 2423 I snet_event_log: [120484087,-1,]
06-12 13:55:19.700 1548 1829 I input_focus: [Focus leaving 7afd6aa com.android.launcher3/com.android.launcher3.uioverrides.QuickstepLauncher (server),reason=NO_WINDOW]
06-12 13:55:19.701 2423 2423 I wm_on_resume_called: [91867989,com.android.settings.Settings,RESUME_ACTIVITY]
06-12 13:55:19.701 2423 2423 I sysui_multi_action: [757,35,758,1,833,103,1089,0]
06-12 13:55:19.703 1548 1635 W UsageStatsService: Unexpected activity event reported! (com.android.settings.intelligence/com.android.settings.intelligence.search.SearchActivity event : 23 instanceId : 16810855)
06-12 13:55:19.703 2423 6645 D UsageGraph: No enabled state changed, skipping updateCategory call
06-12 13:55:19.704 2087 3757 D GameModeIF_GameModeSettings: getUriFor setting_content_uri_root = content://com.thundercomm.gamemode.api/gamemode_settings , name = gamemode_enable
06-12 13:55:19.705 2423 2423 D WifiDetailsPrefCtrl2: Update UI!
06-12 13:55:19.706 2423 2423 D WifiDetailsPrefCtrl2: Wifi Type 4
06-12 13:55:19.707 2423 2423 I sysui_multi_action: [757,849,758,1,833,103,1089,0]
06-12 13:55:19.708 2423 4451 D BatteryTipLoader: BatteryInfoLoader post query: 0ms
06-12 13:55:19.708 2423 4451 D BatteryInfo: time for getBatteryInfo: 0ms
06-12 13:55:19.708 2423 4451 D BatteryTipLoader: BatteryInfoLoader.loadInBackground: 0ms
06-12 13:55:19.711 1548 1859 D ConnectivityService: NetReassign [85 : null → 102]
06-12 13:55:19.712 1548 1859 D ConnectivityService: NetReassign [no changes]
06-12 13:55:19.712 1548 1851 D UntrustedWifiNetworkFactory: got request NetworkRequest [ REQUEST id=85, [ Capabilities: INTERNET&NOT_RESTRICTED&TRUSTED&NOT_VCN_MANAGED Uid: 1000 RequestorUid: 1000 RequestorPkg: com.android.settings] ]
06-12 13:55:19.712 1548 1851 D OemPaidWifiNetworkFactory: got request NetworkRequest [ REQUEST id=85, [ Capabilities: INTERNET&NOT_RESTRICTED&TRUSTED&NOT_VCN_MANAGED Uid: 1000 RequestorUid: 1000 RequestorPkg: com.android.settings] ]
06-12 13:55:19.713 1548 1902 D Ethernet: got request NetworkRequest [ REQUEST id=85, [ Capabilities: INTERNET&NOT_RESTRICTED&TRUSTED&NOT_VCN_MANAGED Uid: 1000 RequestorUid: 1000 RequestorPkg: com.android.settings] ]
06-12 13:55:19.713 1548 1902 D EthernetNetworkFactory: acceptRequest, request: NetworkRequest [ REQUEST id=85, [ Capabilities: INTERNET&NOT_RESTRICTED&TRUSTED&NOT_VCN_MANAGED Uid: 1000 RequestorUid: 1000 RequestorPkg: com.android.settings] ]
06-12 13:55:19.713 2423 2423 D DashboardFragment: Cannot find preference with key add_device_to_network in Controller AddDevicePreferenceController2
06-12 13:55:19.713 1548 1902 I EthernetNetworkFactory: networkForRequest, request: NetworkRequest [ REQUEST id=85, [ Capabilities: INTERNET&NOT_RESTRICTED&TRUSTED&NOT_VCN_MANAGED Uid: 1000 RequestorUid: 1000 RequestorPkg: com.android.settings] ], network: NetworkInterfaceState{ refCount: 0, iface: eth0, up: true, hwAddress: 36:7c:7c:00:00:0f, networkCapabilities: [ Transports: ETHERNET Capabilities: INTERNET&NOT_RESTRICTED&TRUSTED&NOT_VPN&NOT_ROAMING&NOT_CONGESTED&NOT_SUSPENDED&NOT_VCN_MANAGED LinkUpBandwidth>=100000Kbps LinkDnBandwidth>=100000Kbps], networkAgent: com.android.server.ethernet.EthernetNetworkFactory$NetworkInterfaceState$1@2d578a0, score: 70, ipClient: android.net.ip.IIpClient$Stub$Proxy@b654c59,linkProperties: {InterfaceName: eth0 LinkAddresses: [ fe80::c85d:7879:332d:1bfc/64,192.168.50.16/24 ] DnsAddresses: [ /101.226.4.6 ] Domains: null MTU: 0 TcpBufferSizes: 524288,1048576,3145728,524288,1048576,2097152 Routes: [ 192.168.50.0/24 -> 0.0.0.0 eth0 mtu 0,0.0.0.0/0 -> 192.168.50.4 eth0 mtu 0 ]}}
06-12 13:55:19.713 2423 2423 D DashboardFragment: Preference key is null in Controller WifiDetailPreferenceController2
06-12 13:55:19.713 1548 1902 I EthernetNetworkFactory: networkForRequest, request: NetworkRequest [ REQUEST id=85, [ Capabilities: INTERNET&NOT_RESTRICTED&TRUSTED&NOT_VCN_MANAGED Uid: 1000 RequestorUid: 1000 RequestorPkg: com.android.settings] ], network: NetworkInterfaceState{ refCount: 0, iface: eth0, up: true, hwAddress: 36:7c:7c:00:00:0f, networkCapabilities: [ Transports: ETHERNET Capabilities: INTERNET&NOT_RESTRICTED&TRUSTED&NOT_VPN&NOT_ROAMING&NOT_CONGESTED&NOT_SUSPENDED&NOT_VCN_MANAGED LinkUpBandwidth>=100000Kbps LinkDnBandwidth>=100000Kbps], networkAgent: com.android.server.ethernet.EthernetNetworkFactory$NetworkInterfaceState$1@2d578a0, score: 70, ipClient: android.net.ip.IIpClient$Stub$Proxy@b654c59,linkProperties: {InterfaceName: eth0 LinkAddresses: [ fe80::c85d:7879:332d:1bfc/64,192.168.50.16/24 ] DnsAddresses: [ /101.226.4.6 ] Domains: null MTU: 0 TcpBufferSizes: 524288,1048576,3145728,524288,1048576,2097152 Routes: [ 192.168.50.0/24 -> 0.0.0.0 eth0 mtu 0,0.0.0.0/0 -> 192.168.50.4 eth0 mtu 0 ]}}
06-12 13:55:19.713 1548 1902 D EthernetNetworkFactory: IpClient already started
06-12 13:55:19.714 2423 2423 I wm_on_top_resumed_gained_called: [91867989,com.android.settings.Settings,topWhenResuming]
06-12 13:55:19.716 2423 2560 D BatteryInfo: time for getStats: 0ms
06-12 13:55:19.716 2423 2560 D BatteryInfo: time for regular BatteryInfo: 0ms
06-12 13:55:19.716 2423 2560 D BatteryInfo: time for getBatteryInfo: 0ms
06-12 13:55:19.717 1548 2074 I WifiService: startScan uid=1000
06-12 13:55:19.721 2555 2555 D ActivityChangeReceiver: onReceive
06-12 13:55:19.721 2555 4453 D MCUUtil : saveLastActivity activityName=com.android.settings.homepage.SettingsHomepageActivity packageName=com.android.settings
06-12 13:55:19.725 1548 1623 I input_focus: [Focus request 6585a6c com.android.settings/com.android.settings.Settings,reason=UpdateInputWindows]
06-12 13:55:19.725 1456 4704 D LOWI-9.0.0.87.a: [LOWI-Scan] wait_event:Wait done with Cmd 33
06-12 13:55:19.725 1456 4704 D LOWI-9.0.0.87.a: [LOWI-Scan] do_listen_events: Rcvd valid Netlink Cmd 0 Err 0
06-12 13:55:19.737 2423 2423 W BatteryBroadcastRcvr: Problem reading the battery meter.
06-12 13:55:19.740 2423 2423 D WifiDetailsPrefCtrl2: Update UI!
06-12 13:55:19.740 1548 1622 I EventSequenceValidator: Transition from ACTIVITY_LAUNCHED to ACTIVITY_FINISHED
06-12 13:55:19.741 2423 2423 D WifiDetailsPrefCtrl2: Wifi Type 4
06-12 13:55:19.743 2423 2423 D DashboardFragment: Cannot find preference with key add_device_to_network in Controller AddDevicePreferenceController2
06-12 13:55:19.743 2423 2423 D DashboardFragment: Preference key is null in Controller WifiDetailPreferenceController2
06-12 13:55:19.746 1548 1619 I sysui_multi_action: [319,62,321,57,322,84,325,577,757,761,758,9,759,1,806,com.android.settings,871,com.android.settings.Settings,904,com.android.launcher3,905,0,1320,8,1321,5]
06-12 13:55:19.749 1548 1829 I input_focus: [Focus entering 6585a6c com.android.settings/com.android.settings.Settings (server),reason=setFocusedWindow]
06-12 13:55:19.751 2423 2423 D WifiDetailsPrefCtrl2: Update UI!
06-12 13:55:19.752 2423 2423 D WifiDetailsPrefCtrl2: Wifi Type 4
06-12 13:55:19.753 2423 2423 D DashboardFragment: Cannot find preference with key add_device_to_network in Controller AddDevicePreferenceController2
06-12 13:55:19.753 2423 2423 D DashboardFragment: Preference key is null in Controller WifiDetailPreferenceController2
06-12 13:55:19.757 2423 2423 D WifiDetailsPrefCtrl2: Update UI!
06-12 13:55:19.758 0 0 I [ 578.077183] [schedu][0x2989d74a1][13: 55:19.755263] wlan: [3397:I:OSIF] scan start scan id 40988
06-12 13:55:19.758 2423 2423 D WifiDetailsPrefCtrl2: Wifi Type 4
06-12 13:55:19.759 2423 2423 D DashboardFragment: Cannot find preference with key add_device_to_network in Controller AddDevicePreferenceController2
06-12 13:55:19.759 2423 2423 D DashboardFragment: Preference key is null in Controller WifiDetailPreferenceController2
06-12 13:55:19.761 2423 2423 D BatteryInfo: time for callback: 0ms
06-12 13:55:19.762 2423 2423 D WifiDetailsPrefCtrl2: Update UI!
06-12 13:55:19.763 2423 2423 D WifiDetailsPrefCtrl2: Wifi Type 4
06-12 13:55:19.764 2423 2423 D DashboardFragment: Cannot find preference with key add_device_to_network in Controller AddDevicePreferenceController2
06-12 13:55:19.764 2423 2423 D DashboardFragment: Preference key is null in Controller WifiDetailPreferenceController2
06-12 13:55:19.768 2423 2423 D WifiDetailsPrefCtrl2: Update UI!
06-12 13:55:19.769 2423 2423 D WifiDetailsPrefCtrl2: Wifi Type 4
06-12 13:55:19.770 2423 2423 D DashboardFragment: Cannot find preference with key add_device_to_network in Controller AddDevicePreferenceController2
06-12 13:55:19.770 2423 2423 D DashboardFragment: Preference key is null in Controller WifiDetailPreferenceController2
06-12 13:55:19.773 2423 2423 D WifiDetailsPrefCtrl2: Update UI!
06-12 13:55:19.774 2423 2560 D BatteryInfo: time for getStats: 0ms
06-12 13:55:19.774 2423 2423 D WifiDetailsPrefCtrl2: Wifi Type 4
06-12 13:55:19.774 2423 2560 D BatteryInfo: time for regular BatteryInfo: 0ms
06-12 13:55:19.775 2423 2560 D BatteryInfo: time for getBatteryInfo: 1ms
06-12 13:55:19.775 2423 2423 D DashboardFragment: Cannot find preference with key add_device_to_network in Controller AddDevicePreferenceController2
06-12 13:55:19.775 2423 2423 D DashboardFragment: Preference key is null in Controller WifiDetailPreferenceController2
06-12 13:55:19.778 2423 2423 D WifiDetailsPrefCtrl2: Update UI!
06-12 13:55:19.779 2423 2423 D WifiDetailsPrefCtrl2: Wifi Type 4
06-12 13:55:19.780 2423 2423 D DashboardFragment: Cannot find preference with key add_device_to_network in Controller AddDevicePreferenceController2
06-12 13:55:19.780 2423 2423 D DashboardFragment: Preference key is null in Controller WifiDetailPreferenceController2
06-12 13:55:19.782 1548 2993 D ActivityTaskManager: Skipping, freeform mode : Task{abac04d #63 type=undefined A=10092:com.netease.cloudmusic U=0 visible=false mode=freeform translucent=true sz=0 visible freeform task=true rootAffinity=10092:com.netease.cloudmusic isMini=false}
06-12 13:55:19.784 2423 4469 D BatteryTipLoader: BatteryInfoLoader post query: 0ms
06-12 13:55:19.784 2423 2423 D WifiDetailsPrefCtrl2: Update UI!
06-12 13:55:19.784 2423 4469 D BatteryInfo: time for getBatteryInfo: 0ms
06-12 13:55:19.784 2423 4469 D BatteryTipLoader: BatteryInfoLoader.loadInBackground: 0ms
06-12 13:55:19.785 2423 2423 D WifiDetailsPrefCtrl2: Wifi Type 4
06-12 13:55:19.786 2423 2423 D DashboardFragment: Cannot find preference with key add_device_to_network in Controller AddDevicePreferenceController2
06-12 13:55:19.786 2423 2423 D DashboardFragment: Preference key is null in Controller WifiDetailPreferenceController2
06-12 13:55:19.790 2423 2423 D WifiDetailsPrefCtrl2: Update UI!
06-12 13:55:19.790 2423 2423 D WifiDetailsPrefCtrl2: Wifi Type 4
06-12 13:55:19.791 2423 2423 D DashboardFragment: Cannot find preference with key add_device_to_network in Controller AddDevicePreferenceController2
06-12 13:55:19.791 2423 2423 D DashboardFragment: Preference key is null in Controller WifiDetailPreferenceController2
06-12 13:55:19.794 2423 2423 D WifiDetailsPrefCtrl2: Update UI!
06-12 13:55:19.795 2423 2423 D WifiDetailsPrefCtrl2: Wifi Type 4
06-12 13:55:19.796 2423 2423 D DashboardFragment: Cannot find preference with key add_device_to_network in Controller AddDevicePreferenceController2
06-12 13:55:19.796 2423 2423 D DashboardFragment: Preference key is null in Controller WifiDetailPreferenceController2
06-12 13:55:19.803 3854 3854 D ImeService: onUnbindInput
06-12 13:55:19.803 2423 2423 D BatteryInfo: time for callback: 0ms
06-12 13:55:19.806 3854 3854 D ImeService: onBindInput
06-12 13:55:19.807 3854 3854 D ImeService: onFinishInput
06-12 13:55:19.807 3854 3854 D ImeService: current version:10.6.1003.12
06-12 13:55:19.807 3854 3854 D ImeService: onStartInput:packageName:com.android.settings inputType:0 restarting:false,fieldId:2131363262,imeOptions:0
06-12 13:55:19.809 3854 3874 E CarAuth : check ok
06-12 13:55:19.809 3854 3854 I ColorPicker: invalidatePickedColors: oldFloatColor=fff5f7fa
06-12 13:55:19.909 2134 6648 D MicroService: handleHeartBeat:289
06-12 13:55:20.021 1548 3458 W InputManager-JNI: Input channel object 'e5de134 Splash Screen com.android.settings (client)' was disposed without first being removed with the input manager!
06-12 13:55:20.036 1158 1158 I CNSS : cnss_open_log_file: directory /data/vendor/wifi/wlan_logs/ created
06-12 13:55:20.048 2336 2488 D RemoteControlService: getEvent: clientSocket = Socket[address=/192.168.4.4,port=45865,localPort=12600]
06-12 13:55:20.048 2336 2488 D RemoteControlService: run: called
06-12 13:55:20.048 2336 2488 D RemoteControlService: getEvent: start waiting...
06-12 13:55:20.049 2336 6649 E RemoteControlService: Enter ListenSocketRunnable
06-12 13:55:20.049 2336 6649 D RemoteControlService: After desEncrypt json is [{"source":0,"token":"iFeTn78wa3zYKzy"}]
06-12 13:55:20.049 2336 6649 D RemoteControlService: buildRemoteCommand:type=7
06-12 13:55:20.050 2336 6649 D RemoteControlService: Request params: BaseRequestCommandBean{source=0, token='iFeTn78wa3zYKzy', type='null', value='null'}
06-12 13:55:20.050 2336 2445 D RemoteControlService: handleMessage called
06-12 13:55:20.050 2336 2445 D RemoteControlService: Client-192.168.4.4 handleHeartBeat:53
06-12 13:55:20.050 2336 2445 D RemoteControlService: Client have control
06-12 13:55:20.050 2336 2445 D RemoteControlService: Digest: 2DF3A513AA87ED10AD11FD6C152E47EE9678CAA0693F239B9C8FFBBBD3064578
06-12 13:55:20.050 2336 2445 D RemoteControlService: Send data length: 117
06-12 13:55:20.051 2336 2445 D RemoteControlService: Send message finished. direction: 16, messageType: 7, json: {"source":0,"token":"iFeTn78wa3zYKzy","type":"heart_beat","value":1}
06-12 13:55:20.051 2336 2445 D RemoteControlService: HeartBeatCommand ResponseSpeedTest - use time: 3
06-12 13:55:20.072 2134 2134 D MicroService: onHeartBeatDetected
06-12 13:55:20.072 2134 2134 D MicroService: sendHeartbeatMessage
06-12 13:55:20.120 657 672 I mpu_uart: [MSG-P:RECV]:No message received in 1000 ms
06-12 13:55:20.127 657 671 I mpu_uart: [MSG-P:R]:recv sync frame timeout
06-12 13:55:20.253 1548 1622 I wm_stop_activity: [0,52570311,com.android.launcher3/.uioverrides.QuickstepLauncher]
06-12 13:55:20.273 2555 2555 D StateManager: goToState: Normal
06-12 13:55:20.275 2555 2555 I wm_on_stop_called: [52570311,com.android.launcher3.uioverrides.QuickstepLauncher,STOP_ACTIVITY_ITEM]
06-12 13:55:20.314 1548 1623 W Choreographer: Frame time is 0.12511 ms in the future! Check that graphics HAL is generating vsync timestamps using the correct timebase.
06-12 13:55:20.314 2555 2555 W Choreographer: Frame time is 0.038808 ms in the future! Check that graphics HAL is generating vsync timestamps using the correct timebase.
06-12 13:55:21.022 1548 1829 I input_interaction: Interaction with: 6585a6c com.android.settings/com.android.settings.Settings (server), edge-swipe (server), swipe-up (server), PointerEventDispatcher0 (server),
06-12 13:55:21.023 1936 1936 D ViewTouchDebug: mView : com.android.systemui.navigationbar.NavigationBarFrame{b436c0b V.E...... ......I. 0,0-2560,46 #7f0b03f2 app:id/navigation_bar_frame}Receive event : MotionEvent { action=ACTION_OUTSIDE, actionButton=0, id[0]=0, x[0]=0.0, y[0]=-1034.0, toolType[0]=TOOL_TYPE_FINGER, buttonState=0, classification=NONE, metaState=0, flags=0x0, edgeFlags=0x0, pointerCount=1, historySize=0, eventTime=579343, downTime=579343, deviceId=3, source=0x5002, displayId=0, eventId=1778959946 }
06-12 13:55:21.023 2423 2423 D ViewTouchDebug: mView : DecorView@5d5262c[Settings]Receive event : MotionEvent { action=ACTION_DOWN, actionButton=0, id[0]=0, x[0]=553.0, y[0]=922.0, toolType[0]=TOOL_TYPE_FINGER, buttonState=0, classification=NONE, metaState=0, flags=0x0, edgeFlags=0x0, pointerCount=1, historySize=0, eventTime=579343, downTime=579343, deviceId=3, source=0x5002, displayId=0, eventId=608018075 }
06-12 13:55:21.063 1456 4704 D LOWI-9.0.0.87.a: [LOWI-Scan] wait_event:Wait done with Cmd 34
06-12 13:55:21.063 1456 4704 D LOWI-9.0.0.87.a: [LOWI-Scan] do_listen_events: Rcvd valid Netlink Cmd 34 Err 0
06-12 13:55:21.066 0 0 I [ 579.386948] [schedu][0x29a1d2c9a][13: 55:21.065022] wlan: [3397:I:OSIF] vdev 0, scan id 40988 type COMPLETED(1) reason COMPLETED(1) scan found 83 bss
06-12 13:55:21.065 1456 4704 D LOWI-9.0.0.87.a: [LOWI-Scan] -- associated
06-12 13:55:21.065 1456 4704 D LOWI-9.0.0.87.a: [LOWI-Scan]
06-12 13:55:21.065 1456 4704 D LOWI-9.0.0.87.a: [LOWI-Scan] print_bss_handler: Report Probe TSF 578164365 as it greater than Beacon TSF 546207452
06-12 13:55:21.065 1456 4704 D LOWI-9.0.0.87.a: [LOWI-Scan] decode_rsn_wpa_ie: LOWI_ENCRYPTION_TYPE_WPA_PSK
06-12 13:55:21.065 1456 4704 D LOWI-9.0.0.87.a: [LOWI-Scan] is_qcom_ie, bss_age: 0
06-12 13:55:21.065 1456 4704 D LOWI-9.0.0.87.a: [LOWI-Scan] BSS ce:62:2e:85:f7:3d LOWI_PHY_MODE_11AC_VHT40_2G(12), Beacon Interval: 100, LOWI_ENCRYPTION_TYPE_WPA_PSK 11mcRanging: No, ANQP: No, LCI: No, Civic: No, capability(0x1431): ESS Privacy ShortPreamble ShortSlotTime
06-12 13:55:21.065 1456 4704 D LOWI-9.0.0.87.a: [LOWI-Scan] BSS ce:62:2e:85:f7:3d FREQ: 2412, cFreq1[40:80:160] = [2422:0:0] cFreq2 = 0 Country Code = US
06-12 13:55:21.065 1456 4704 D LOWI-9.0.0.87.a: [LOWI-Scan] BSS ce:62:2e:85:f7:3d (wlan0) ASSO: YES AddInfo: 0x0, TSF 0, 00:09:38.164, RSSI: -12, CPL: 127, AGE: 0, SSID HiPhi000382, TSFDelta: 0xcf4333be, TXRate: 0
06-12 13:55:21.065 1548 4464 D WifiNl80211Manager: Scan result ready event
06-12 13:55:21.066 1456 4704 D LOWI-9.0.0.87.a: [LOWI-Scan]
06-12 13:55:21.066 1456 4704 D LOWI-9.0.0.87.a: [LOWI-Scan] print_bss_handler: Report beacon TSF 578657576 as it greater than probe TSF 578657576
06-12 13:55:21.066 1456 4704 D LOWI-9.0.0.87.a: [LOWI-Scan] is_qcom_ie, bss_age: 0
06-12 13:55:21.066 1456 4704 D LOWI-9.0.0.87.a: [LOWI-Scan] BSS 48:73:97:be:7b:f0 LOWI_PHY_MODE_11AC_VHT40(9), Beacon Interval: 100, LOWI_ENCRYPTION_TYPE_OPEN 11mcRanging: No, ANQP: No, LCI: No, Civic: No, capability(0x8001): ESS
06-12 13:55:21.066 1548 4464 D WifiNative: Scan result ready event
06-12 13:55:21.066 1456 4704 D LOWI-9.0.0.87.a: [LOWI-Scan] BSS 48:73:97:be:7b:f0 FREQ: 5260, cFreq1[40:80:160] = [5270:0:0] cFreq2 = 0 Country Code = CN
06-12 13:55:21.066 1456 4704 D LOWI-9.0.0.87.a: [LOWI-Scan] BSS 48:73:97:be:7b:f0 (wlan0) ASSO: NO AddInfo: 0x1, TSF 0, 00:09:38.657, RSSI: -150, CPL: 127, AGE: 728, SSID , TSFDelta: 0xd149f3b6, TXRate: 0
06-12 13:55:21.066 1456 4704 D LOWI-9.0.0.87.a: [LOWI-Scan]
06-12 13:55:21.066 1456 4704 D LOWI-9.0.0.87.a: [LOWI-Scan] print_bss_handler: Report beacon TSF 578657892 as it greater than probe TSF 578657892
06-12 13:55:21.066 1456 4704 D LOWI-9.0.0.87.a: [LOWI-Scan] decode_rsn_wpa_ie: LOWI_ENCRYPTION_TYPE_WPA_PSK
06-12 13:55:21.066 1456 4704 D LOWI-9.0.0.87.a: [LOWI-Scan] is_qcom_ie, bss_age: 0
06-12 13:55:21.066 1456 4704 D LOWI-9.0.0.87.a: [LOWI-Scan] BSS 48:73:97:be:7b:f2 LOWI_PHY_MODE_11AC_VHT40(9), Beacon Interval: 100, LOWI_ENCRYPTION_TYPE_WPA_PSK 11mcRanging: No, ANQP: No, LCI: No, Civic: No, capability(0x8011): ESS Privacy
06-12 13:55:21.066 1456 4704 D LOWI-9.0.0.87.a: [LOWI-Scan] BSS 48:73:97:be:7b:f2 FREQ: 5260, cFreq1[40:80:160] = [5270:0:0] cFreq2 = 0 Country Code = CN
06-12 13:55:21.066 1456 4704 D LOWI-9.0.0.87.a: [LOWI-Scan] BSS 48:73:97:be:7b:f2 (wlan0) ASSO: NO AddInfo: 0x1, TSF 0, 00:09:38.657, RSSI: -148, CPL: 127, AGE: 728, SSID HELLO, TSFDelta: 0xd14ef139, TXRate: 0
06-12 13:55:21.066 1456 4704 D LOWI-9.0.0.87.a: [LOWI-Scan]
06-12 13:55:21.066 1456 4704 D LOWI-9.0.0.87.a: [LOWI-Scan] print_bss_handler: Report beacon TSF 578657949 as it greater than probe TSF 578657949
06-12 13:55:21.066 1456 4704 D LOWI-9.0.0.87.a: [LOWI-Scan] decode_rsn_wpa_ie: LOWI_ENCRYPTION_TYPE_WPA_EAP
06-12 13:55:21.066 1456 4704 D LOWI-9.0.0.87.a: [LOWI-Scan] is_qcom_ie, bss_age: 0
06-12 13:55:21.066 1456 4704 D LOWI-9.0.0.87.a: [LOWI-Scan] BSS 48:73:97:be:7b:f3 LOWI_PHY_MODE_11AC_VHT40(9), Beacon Interval: 100, LOWI_ENCRYPTION_TYPE_WPA_EAP 11mcRanging: No, ANQP: No, LCI: No, Civic: No, capability(0x8011): ESS Privacy
06-12 13:55:21.066 1456 4704 D LOWI-9.0.0.87.a: [LOWI-Scan] BSS 48:73:97:be:7b:f3 FREQ: 5260, cFreq1[40:80:160] = [5270:0:0] cFreq2 = 0 Country Code = CN
06-12 13:55:21.066 1456 4704 D LOWI-9.0.0.87.a: [LOWI-Scan] BSS 48:73:97:be:7b:f3 (wlan0) ASSO: NO AddInfo: 0x1, TSF 0, 00:09:38.657, RSSI: -150, CPL: 127, AGE: 728, SSID HH, TSFDelta: 0xd151ef92, TXRate: 0
06-12 13:55:21.066 1456 4704 D LOWI-9.0.0.87.a: [LOWI-Scan]
06-12 13:55:21.066 1456 4704 D LOWI-9.0.0.87.a: [LOWI-Scan] print_bss_handler: Report beacon TSF 578658117 as it greater than probe TSF 578658117
06-12 13:55:21.066 1456 4704 D LOWI-9.0.0.87.a: [LOWI-Scan] is_qcom_ie, bss_age: 0
06-12 13:55:21.066 1456 4704 D LOWI-9.0.0.87.a: [LOWI-Scan] BSS 48:73:97:be:7b:f4 LOWI_PHY_MODE_11AC_VHT40(9), Beacon Interval: 100, LOWI_ENCRYPTION_TYPE_OPEN 11mcRanging: No, ANQP: No, LCI: No, Civic: No, capability(0x8001): ESS
06-12 13:55:21.066 1456 4704 D LOWI-9.0.0.87.a: [LOWI-Scan] BSS 48:73:97:be:7b:f4 FREQ: 5260, cFreq1[40:80:160] = [5270:0:0] cFreq2 = 0 Country Code = CN
06-12 13:55:21.066 1456 4704 D LOWI-9.0.0.87.a: [LOWI-Scan] BSS 48:73:97:be:7b:f4 (wlan0) ASSO: NO AddInfo: 0x1, TSF 0, 00:09:38.658, RSSI: -150, CPL: 127, AGE: 728, SSID HH-mobile, TSFDelta: 0xd154a2b5, TXRate: 0
06-12 13:55:21.066 1456 4704 D LOWI-9.0.0.87.a: [LOWI-Scan]
06-12 13:55:21.066 1456 4704 D LOWI-9.0.0.87.a: [LOWI-Scan] print_bss_handler: Report beacon TSF 578658305 as it greater than probe TSF 578658305
06-12 13:55:21.066 1456 4704 D LOWI-9.0.0.87.a: [LOWI-Scan] decode_rsn_wpa_ie: LOWI_ENCRYPTION_TYPE_WPA_PSK
06-12 13:55:21.066 1456 4704 D LOWI-9.0.0.87.a: [LOWI-Scan] is_qcom_ie, bss_age: 0
06-12 13:55:21.066 1456 4704 D LOWI-9.0.0.87.a: [LOWI-Scan] BSS 48:73:97:be:7b:f5 LOWI_PHY_MODE_11AC_VHT40(9), Beacon Interval: 100, LOWI_ENCRYPTION_TYPE_WPA_PSK 11mcRanging: No, ANQP: No, LCI: No, Civic: No, capability(0x8011): ESS Privacy
06-12 13:55:21.066 1456 4704 D LOWI-9.0.0.87.a: [LOWI-Scan] BSS 48:73:97:be:7b:f5 FREQ: 5260, cFreq1[40:80:160] = [5270:0:0] cFreq2 = 0 Country Code = CN
06-12 13:55:21.066 1456 4704 D LOWI-9.0.0.87.a: [LOWI-Scan] BSS 48:73:97:be:7b:f5 (wlan0) ASSO: NO AddInfo: 0x1, TSF 0, 00:09:38.658, RSSI: -148, CPL: 127, AGE: 728, SSID , TSFDelta: 0xd1573072, TXRate: 0
06-12 13:55:21.066 1456 4704 D LOWI-9.0.0.87.a: [LOWI-Scan]
06-12 13:55:21.066 1456 4704 D LOWI-9.0.0.87.a: [LOWI-Scan] print_bss_handler: Report beacon TSF 578853122 as it greater than probe TSF 578853122
06-12 13:55:21.066 1456 4704 D LOWI-9.0.0.87.a: [LOWI-Scan] is_qcom_ie, bss_age: 0
06-12 13:55:21.067 1456 4704 D LOWI-9.0.0.87.a: [LOWI-Scan] BSS 48:73:97:be:7d:40 LOWI_PHY_MODE_11AC_VHT40(9), Beacon Interval: 100, LOWI_ENCRYPTION_TYPE_OPEN 11mcRanging: No, ANQP: No, LCI: No, Civic: No, capability(0x8001): ESS
06-12 13:55:21.067 1456 4704 D LOWI-9.0.0.87.a: [LOWI-Scan] BSS 48:73:97:be:7d:40 FREQ: 5300, cFreq1[40:80:160] = [5310:0:0] cFreq2 = 0 Country Code = CN
06-12 13:55:21.067 1456 4704 D LOWI-9.0.0.87.a: [LOWI-Scan] BSS 48:73:97:be:7d:40 (wlan0) ASSO: NO AddInfo: 0x1, TSF 0, 00:09:38.853, RSSI: -146, CPL: 127, AGE: 532, SSID , TSFDelta: 0x23569ca8, TXRate: 0
06-12 13:55:21.067 1456 4704 D LOWI-9.0.0.87.a: [LOWI-Scan]
06-12 13:55:21.067 1456 4704 D LOWI-9.0.0.87.a: [LOWI-Scan] print_bss_handler: Report beacon TSF 578853235 as it greater than probe TSF 578853235
06-12 13:55:21.067 1456 4704 D LOWI-9.0.0.87.a: [LOWI-Scan] is_qcom_ie, bss_age: 0
06-12 13:55:21.067 1456 4704 D LOWI-9.0.0.87.a: [LOWI-Scan] BSS 48:73:97:be:7d:41 LOWI_PHY_MODE_11AC_VHT40(9), Beacon Interval: 100, LOWI_ENCRYPTION_TYPE_OPEN 11mcRanging: No, ANQP: No, LCI: No, Civic: No, capability(0x8001): ESS
06-12 13:55:21.067 1456 4704 D LOWI-9.0.0.87.a: [LOWI-Scan] BSS 48:73:97:be:7d:41 FREQ: 5300, cFreq1[40:80:160] = [5310:0:0] cFreq2 = 0 Country Code = CN
06-12 13:55:21.067 1456 4704 D LOWI-9.0.0.87.a: [LOWI-Scan] BSS 48:73:97:be:7d:41 (wlan0) ASSO: NO AddInfo: 0x1, TSF 0, 00:09:38.853, RSSI: -148, CPL: 127, AGE: 532, SSID GUEST, TSFDelta: 0x235913ef, TXRate: 0
06-12 13:55:21.067 1456 4704 D LOWI-9.0.0.87.a: [LOWI-Scan]
06-12 13:55:21.067 1456 4704 D LOWI-9.0.0.87.a: [LOWI-Scan] print_bss_handler: Report beacon TSF 578853301 as it greater than probe TSF 578853301
06-12 13:55:21.067 1456 4704 D LOWI-9.0.0.87.a: [LOWI-Scan] decode_rsn_wpa_ie: LOWI_ENCRYPTION_TYPE_WPA_PSK
06-12 13:55:21.067 1456 4704 D LOWI-9.0.0.87.a: [LOWI-Scan] is_qcom_ie, bss_age: 0
06-12 13:55:21.067 1456 4704 D LOWI-9.0.0.87.a: [LOWI-Scan] BSS 48:73:97:be:7d:42 LOWI_PHY_MODE_11AC_VHT40(9), Beacon Interval: 100, LOWI_ENCRYPTION_TYPE_WPA_PSK 11mcRanging: No, ANQP: No, LCI: No, Civic: No, capability(0x8011): ESS Privacy
06-12 13:55:21.067 1456 4704 D LOWI-9.0.0.87.a: [LOWI-Scan] BSS 48:73:97:be:7d:42 FREQ: 5300, cFreq1[40:80:160] = [5310:0:0] cFreq2 = 0 Country Code = CN
06-12 13:55:21.067 1456 4704 D LOWI-9.0.0.87.a: [LOWI-Scan] BSS 48:73:97:be:7d:42 (wlan0) ASSO: NO AddInfo: 0x1, TSF 0, 00:09:38.853, RSSI: -148, CPL: 127, AGE: 532, SSID HELLO, TSFDelta: 0x235b9a43, TXRate: 0
06-12 13:55:21.067 1456 4704 D LOWI-9.0.0.87.a: [LOWI-Scan]
06-12 13:55:21.067 1456 4704 D LOWI-9.0.0.87.a: [LOWI-Scan] print_bss_handler: Report beacon TSF 578853358 as it greater than probe TSF 578853358
06-12 13:55:21.067 1456 4704 D LOWI-9.0.0.87.a: [LOWI-Scan] decode_rsn_wpa_ie: LOWI_ENCRYPTION_TYPE_WPA_EAP
06-12 13:55:21.067 1456 4704 D LOWI-9.0.0.87.a: [LOWI-Scan] is_qcom_ie, bss_age: 0
06-12 13:55:21.067 1456 4704 D LOWI-9.0.0.87.a: [LOWI-Scan] BSS 48:73:97:be:7d:43 LOWI_PHY_MODE_11AC_VHT40(9), Beacon Interval: 100, LOWI_ENCRYPTION_TYPE_WPA_EAP 11mcRanging: No, ANQP: No, LCI: No, Civic: No, capability(0x8011): ESS Privacy
06-12 13:55:21.067 1456 4704 D LOWI-9.0.0.87.a: [LOWI-Scan] BSS 48:73:97:be:7d:43 FREQ: 5300, cFreq1[40:80:160] = [5310:0:0] cFreq2 = 0 Country Code = CN
06-12 13:55:21.067 1456 4704 D LOWI-9.0.0.87.a: [LOWI-Scan] BSS 48:73:97:be:7d:43 (wlan0) ASSO: NO AddInfo: 0x1, TSF 0, 00:09:38.853, RSSI: -146, CPL: 127, AGE: 532, SSID HH, TSFDelta: 0x235e9884, TXRate: 0
06-12 13:55:21.067 1456 4704 D LOWI-9.0.0.87.a: [LOWI-Scan]
06-12 13:55:21.067 1456 4704 D LOWI-9.0.0.87.a: [LOWI-Scan] print_bss_handler: Report beacon TSF 578853447 as it greater than probe TSF 578853447
06-12 13:55:21.067 1456 4704 D LOWI-9.0.0.87.a: [LOWI-Scan] is_qcom_ie, bss_age: 0
06-12 13:55:21.067 1456 4704 D LOWI-9.0.0.87.a: [LOWI-Scan] BSS 48:73:97:be:7d:44 LOWI_PHY_MODE_11AC_VHT40(9), Beacon Interval: 100, LOWI_ENCRYPTION_TYPE_OPEN 11mcRanging: No, ANQP: No, LCI: No, Civic: No, capability(0x8001): ESS
06-12 13:55:21.067 1456 4704 D LOWI-9.0.0.87.a: [LOWI-Scan] BSS 48:73:97:be:7d:44 FREQ: 5300, cFreq1[40:80:160] = [5310:0:0] cFreq2 = 0 Country Code = CN
06-12 13:55:21.067 1456 4704 D LOWI-9.0.0.87.a: [LOWI-Scan] BSS 48:73:97:be:7d:44 (wlan0) ASSO: NO AddInfo: 0x1, TSF 0, 00:09:38.853, RSSI: -148, CPL: 127, AGE: 532, SSID HH-mobile, TSFDelta: 0x23614bbf, TXRate: 0
06-12 13:55:21.067 1456 4704 D LOWI-9.0.0.87.a: [LOWI-Scan]
06-12 13:55:21.067 1456 4704 D LOWI-9.0.0.87.a: [LOWI-Scan] print_bss_handler: Report beacon TSF 578853512 as it greater than probe TSF 578853512
06-12 13:55:21.067 1456 4704 D LOWI-9.0.0.87.a: [LOWI-Scan] decode_rsn_wpa_ie: LOWI_ENCRYPTION_TYPE_WPA_PSK
06-12 13:55:21.067 1456 4704 D LOWI-9.0.0.87.a: [LOWI-Scan] is_qcom_ie, bss_age: 0
06-12 13:55:21.067 1456 4704 D LOWI-9.0.0.87.a: [LOWI-Scan] BSS 48:73:97:be:7d:45 LOWI_PHY_MODE_11AC_VHT40(9), Beacon Interval: 100, LOWI_ENCRYPTION_TYPE_WPA_PSK 11mcRanging: No, ANQP: No, LCI: No, Civic: No, capability(0x8011): ESS Privacy
06-12 13:55:21.067 1456 4704 D LOWI-9.0.0.87.a: [LOWI-Scan] BSS 48:73:97:be:7d:45 FREQ: 5300, cFreq1[40:80:160] = [5310:0:0] cFreq2 = 0 Country Code = CN
06-12 13:55:21.067 1456 4704 D LOWI-9.0.0.87.a: [LOWI-Scan] BSS 48:73:97:be:7d:45 (wlan0) ASSO: NO AddInfo: 0x1, TSF 0, 00:09:38.853, RSSI: -148, CPL: 127, AGE: 532, SSID , TSFDelta: 0x2363d97c, TXRate: 0
06-12 13:55:21.067 1456 4704 D LOWI-9.0.0.87.a: [LOWI-Scan]
06-12 13:55:21.067 1456 4704 D LOWI-9.0.0.87.a: [LOWI-Scan] print_bss_handler: Report beacon TSF 578921798 as it greater than probe TSF 578921798
06-12 13:55:21.068 1456 4704 D LOWI-9.0.0.87.a: [LOWI-Scan] is_qcom_ie, bss_age: 0
06-12 13:55:21.068 1456 4704 D LOWI-9.0.0.87.a: [LOWI-Scan] BSS 48:73:97:be:88:80 LOWI_PHY_MODE_11AC_VHT40(9), Beacon Interval: 100, LOWI_ENCRYPTION_TYPE_OPEN 11mcRanging: No, ANQP: No, LCI: No, Civic: No, capability(0x8001): ESS
06-12 13:55:21.068 1456 4704 D LOWI-9.0.0.87.a: [LOWI-Scan] BSS 48:73:97:be:88:80 FREQ: 5300, cFreq1[40:80:160] = [5310:0:0] cFreq2 = 0 Country Code = CN
06-12 13:55:21.068 1456 4704 D LOWI-9.0.0.87.a: [LOWI-Scan] BSS 48:73:97:be:88:80 (wlan0) ASSO: NO AddInfo: 0x1, TSF 0, 00:09:38.921, RSSI: -130, CPL: 127, AGE: 464, SSID , TSFDelta: 0xf998f013, TXRate: 0
06-12 13:55:21.068 1456 4704 D LOWI-9.0.0.87.a: [LOWI-Scan]
06-12 13:55:21.068 1456 4704 D LOWI-9.0.0.87.a: [LOWI-Scan] print_bss_handler: Report beacon TSF 578953775 as it greater than probe TSF 578953775
06-12 13:55:21.068 1456 4704 D LOWI-9.0.0.87.a: [LOWI-Scan] decode_rsn_wpa_ie: LOWI_ENCRYPTION_TYPE_WPA_PSK
06-12 13:55:21.068 1456 4704 D LOWI-9.0.0.87.a: [LOWI-Scan] is_qcom_ie, bss_age: 0
06-12 13:55:21.068 1456 4704 D LOWI-9.0.0.87.a: [LOWI-Scan] BSS 48:73:97:be:88:85 LOWI_PHY_MODE_11AC_VHT40(9), Beacon Interval: 100, LOWI_ENCRYPTION_TYPE_WPA_PSK 11mcRanging: No, ANQP: No, LCI: No, Civic: No, capability(0x8011): ESS Privacy
06-12 13:55:21.068 1456 4704 D LOWI-9.0.0.87.a: [LOWI-Scan] BSS 48:73:97:be:88:85 FREQ: 5300, cFreq1[40:80:160] = [5310:0:0] cFreq2 = 0 Country Code = CN
06-12 13:55:21.068 1456 4704 D LOWI-9.0.0.87.a: [LOWI-Scan] BSS 48:73:97:be:88:85 (wlan0) ASSO: NO AddInfo: 0x1, TSF 0, 00:09:38.953, RSSI: -126, CPL: 127, AGE: 432, SSID , TSFDelta: 0xf9a62d17, TXRate: 0
06-12 13:55:21.068 1456 4704 D LOWI-9.0.0.87.a: [LOWI-Scan]
06-12 13:55:21.068 1456 4704 D LOWI-9.0.0.87.a: [LOWI-Scan] print_bss_handler: Report beacon TSF 578909282 as it greater than probe TSF 578909282
06-12 13:55:21.068 1456 4704 D LOWI-9.0.0.87.a: [LOWI-Scan] is_qcom_ie, bss_age: 0
06-12 13:55:21.068 1456 4704 D LOWI-9.0.0.87.a: [LOWI-Scan] BSS 48:73:97:be:7c:20 LOWI_PHY_MODE_11AC_VHT40(9), Beacon Interval: 100, LOWI_ENCRYPTION_TYPE_OPEN 11mcRanging: No, ANQP: No, LCI: No, Civic: No, capability(0x8001): ESS
06-12 13:55:21.068 1456 4704 D LOWI-9.0.0.87.a: [LOWI-Scan] BSS 48:73:97:be:7c:20 FREQ: 5300, cFreq1[40:80:160] = [5310:0:0] cFreq2 = 0 Country Code = CN
06-12 13:55:21.068 1456 4704 D LOWI-9.0.0.87.a: [LOWI-Scan] BSS 48:73:97:be:7c:20 (wlan0) ASSO: NO AddInfo: 0x1, TSF 0, 00:09:38.909, RSSI: -144, CPL: 127, AGE: 476, SSID , TSFDelta: 0x1348fe26, TXRate: 0
06-12 13:55:21.068 1456 4704 D LOWI-9.0.0.87.a: [LOWI-Scan]
06-12 13:55:21.068 1456 4704 D LOWI-9.0.0.87.a: [LOWI-Scan] print_bss_handler: Report beacon TSF 578909520 as it greater than probe TSF 578909520
06-12 13:55:21.068 1456 4704 D LOWI-9.0.0.87.a: [LOWI-Scan] is_qcom_ie, bss_age: 0
06-12 13:55:21.068 1456 4704 D LOWI-9.0.0.87.a: [LOWI-Scan] BSS 48:73:97:be:7c:21 LOWI_PHY_MODE_11AC_VHT40(9), Beacon Interval: 100, LOWI_ENCRYPTION_TYPE_OPEN 11mcRanging: No, ANQP: No, LCI: No, Civic: No, capability(0x8001): ESS
06-12 13:55:21.068 1456 4704 D LOWI-9.0.0.87.a: [LOWI-Scan] BSS 48:73:97:be:7c:21 FREQ: 5300, cFreq1[40:80:160] = [5310:0:0] cFreq2 = 0 Country Code = CN
06-12 13:55:21.068 1456 4704 D LOWI-9.0.0.87.a: [LOWI-Scan] BSS 48:73:97:be:7c:21 (wlan0) ASSO: NO AddInfo: 0x1, TSF 0, 00:09:38.909, RSSI: -142, CPL: 127, AGE: 476, SSID GUEST, TSFDelta: 0x134a605c, TXRate: 0
06-12 13:55:21.068 1456 4704 D LOWI-9.0.0.87.a: [LOWI-Scan]
06-12 13:55:21.068 1456 4704 D LOWI-9.0.0.87.a: [LOWI-Scan] print_bss_handler: Report beacon TSF 578909701 as it greater than probe TSF 578909701
06-12 13:55:21.068 1456 4704 D LOWI-9.0.0.87.a: [LOWI-Scan] decode_rsn_wpa_ie: LOWI_ENCRYPTION_TYPE_WPA_PSK
06-12 13:55:21.068 1456 4704 D LOWI-9.0.0.87.a: [LOWI-Scan] is_qcom_ie, bss_age: 0
06-12 13:55:21.068 1456 4704 D LOWI-9.0.0.87.a: [LOWI-Scan] BSS 48:73:97:be:7c:22 LOWI_PHY_MODE_11AC_VHT40(9), Beacon Interval: 100, LOWI_ENCRYPTION_TYPE_WPA_PSK 11mcRanging: No, ANQP: No, LCI: No, Civic: No, capability(0x8011): ESS Privacy
06-12 13:55:21.068 1456 4704 D LOWI-9.0.0.87.a: [LOWI-Scan] BSS 48:73:97:be:7c:22 FREQ: 5300, cFreq1[40:80:160] = [5310:0:0] cFreq2 = 0 Country Code = CN
06-12 13:55:21.068 1456 4704 D LOWI-9.0.0.87.a: [LOWI-Scan] BSS 48:73:97:be:7c:22 (wlan0) ASSO: NO AddInfo: 0x1, TSF 0, 00:09:38.909, RSSI: -140, CPL: 127, AGE: 476, SSID HELLO, TSFDelta: 0x134bca54, TXRate: 0
06-12 13:55:21.068 1456 4704 D LOWI-9.0.0.87.a: [LOWI-Scan]
06-12 13:55:21.068 1456 4704 D LOWI-9.0.0.87.a: [LOWI-Scan] print_bss_handler: Report beacon TSF 578909872 as it greater than probe TSF 578909872
06-12 13:55:21.068 1456 4704 D LOWI-9.0.0.87.a: [LOWI-Scan] decode_rsn_wpa_ie: LOWI_ENCRYPTION_TYPE_WPA_EAP
06-12 13:55:21.068 1456 4704 D LOWI-9.0.0.87.a: [LOWI-Scan] is_qcom_ie, bss_age: 0
06-12 13:55:21.068 1456 4704 D LOWI-9.0.0.87.a: [LOWI-Scan] BSS 48:73:97:be:7c:23 LOWI_PHY_MODE_11AC_VHT40(9), Beacon Interval: 100, LOWI_ENCRYPTION_TYPE_WPA_EAP 11mcRanging: No, ANQP: No, LCI: No, Civic: No, capability(0x8011): ESS Privacy
06-12 13:55:21.068 1456 4704 D LOWI-9.0.0.87.a: [LOWI-Scan] BSS 48:73:97:be:7c:23 FREQ: 5300, cFreq1[40:80:160] = [5310:0:0] cFreq2 = 0 Country Code = CN
06-12 13:55:21.068 1456 4704 D LOWI-9.0.0.87.a: [LOWI-Scan] BSS 48:73:97:be:7c:23 (wlan0) ASSO: NO AddInfo: 0x1, TSF 0, 00:09:38.909, RSSI: -138, CPL: 127, AGE: 476, SSID HH, TSFDelta: 0x134d7041, TXRate: 0
06-12 13:55:21.068 1456 4704 D LOWI-9.0.0.87.a: [LOWI-Scan]
06-12 13:55:21.068 1456 4704 D LOWI-9.0.0.87.a: [LOWI-Scan] print_bss_handler: Report beacon TSF 578910045 as it greater than probe TSF 578910045
06-12 13:55:21.068 1456 4704 D LOWI-9.0.0.87.a: [LOWI-Scan] is_qcom_ie, bss_age: 0
06-12 13:55:21.068 1456 4704 D LOWI-9.0.0.87.a: [LOWI-Scan] BSS 48:73:97:be:7c:24 LOWI_PHY_MODE_11AC_VHT40(9), Beacon Interval: 100, LOWI_ENCRYPTION_TYPE_OPEN 11mcRanging: No, ANQP: No, LCI: No, Civic: No, capability(0x8001): ESS
06-12 13:55:21.068 1456 4704 D LOWI-9.0.0.87.a: [LOWI-Scan] BSS 48:73:97:be:7c:24 FREQ: 5300, cFreq1[40:80:160] = [5310:0:0] cFreq2 = 0 Country Code = CN
06-12 13:55:21.068 1456 4704 D LOWI-9.0.0.87.a: [LOWI-Scan] BSS 48:73:97:be:7c:24 (wlan0) ASSO: NO AddInfo: 0x1, TSF 0, 00:09:38.910, RSSI: -138, CPL: 127, AGE: 476, SSID HH-mobile, TSFDelta: 0x134ef0ab, TXRate: 0
06-12 13:55:21.068 1456 4704 D LOWI-9.0.0.87.a: [LOWI-Scan]
06-12 13:55:21.068 1456 4704 D LOWI-9.0.0.87.a: [LOWI-Scan] print_bss_handler: Report beacon TSF 578910331 as it greater than probe TSF 578910331
06-12 13:55:21.068 1456 4704 D LOWI-9.0.0.87.a: [LOWI-Scan] decode_rsn_wpa_ie: LOWI_ENCRYPTION_TYPE_WPA_PSK
06-12 13:55:21.068 1456 4704 D LOWI-9.0.0.87.a: [LOWI-Scan] is_qcom_ie, bss_age: 0
06-12 13:55:21.068 1456 4704 D LOWI-9.0.0.87.a: [LOWI-Scan] BSS 48:73:97:be:7c:25 LOWI_PHY_MODE_11AC_VHT40(9), Beacon Interval: 100, LOWI_ENCRYPTION_TYPE_WPA_PSK 11mcRanging: No, ANQP: No, LCI: No, Civic: No, capability(0x8011): ESS Privacy
06-12 13:55:21.068 1456 4704 D LOWI-9.0.0.87.a: [LOWI-Scan] BSS 48:73:97:be:7c:25 FREQ: 5300, cFreq1[40:80:160] = [5310:0:0] cFreq2 = 0 Country Code = CN
06-12 13:55:21.069 1456 4704 D LOWI-9.0.0.87.a: [LOWI-Scan] BSS 48:73:97:be:7c:25 (wlan0) ASSO: NO AddInfo: 0x1, TSF 0, 00:09:38.910, RSSI: -138, CPL: 127, AGE: 476, SSID , TSFDelta: 0x13505aa7, TXRate: 0
06-12 13:55:21.069 1456 4704 D LOWI-9.0.0.87.a: [LOWI-Scan]
06-12 13:55:21.069 1456 4704 D LOWI-9.0.0.87.a: [LOWI-Scan] print_bss_handler: Report beacon TSF 578701970 as it greater than probe TSF 578701970
06-12 13:55:21.069 1456 4704 D LOWI-9.0.0.87.a: [LOWI-Scan] is_qcom_ie, bss_age: 0
06-12 13:55:21.069 1456 4704 D LOWI-9.0.0.87.a: [LOWI-Scan] BSS 48:73:97:be:7c:80 LOWI_PHY_MODE_11AC_VHT40(9), Beacon Interval: 100, LOWI_ENCRYPTION_TYPE_OPEN 11mcRanging: No, ANQP: No, LCI: No, Civic: No, capability(0x8001): ESS
06-12 13:55:21.069 1456 4704 D LOWI-9.0.0.87.a: [LOWI-Scan] BSS 48:73:97:be:7c:80 FREQ: 5260, cFreq1[40:80:160] = [5270:0:0] cFreq2 = 0 Country Code = CN
06-12 13:55:21.069 1456 4704 D LOWI-9.0.0.87.a: [LOWI-Scan] BSS 48:73:97:be:7c:80 (wlan0) ASSO: NO AddInfo: 0x1, TSF 0, 00:09:38.701, RSSI: -136, CPL: 127, AGE: 684, SSID , TSFDelta: 0x1797e546, TXRate: 0
06-12 13:55:21.069 1456 4704 D LOWI-9.0.0.87.a: [LOWI-Scan]
06-12 13:55:21.069 1456 4704 D LOWI-9.0.0.87.a: [LOWI-Scan] print_bss_handler: Report beacon TSF 578589078 as it greater than probe TSF 578589078
06-12 13:55:21.069 1456 4704 D LOWI-9.0.0.87.a: [LOWI-Scan] is_qcom_ie, bss_age: 0
06-12 13:55:21.069 1456 4704 D LOWI-9.0.0.87.a: [LOWI-Scan] BSS 48:73:97:be:8a:91 LOWI_PHY_MODE_11AC_VHT40(9), Beacon Interval: 100, LOWI_ENCRYPTION_TYPE_OPEN 11mcRanging: No, ANQP: No, LCI: No, Civic: No, capability(0x8001): ESS
06-12 13:55:21.069 1456 4704 D LOWI-9.0.0.87.a: [LOWI-Scan] BSS 48:73:97:be:8a:91 FREQ: 5260, cFreq1[40:80:160] = [5270:0:0] cFreq2 = 0 Country Code = CN
06-12 13:55:21.069 1456 4704 D LOWI-9.0.0.87.a: [LOWI-Scan] BSS 48:73:97:be:8a:91 (wlan0) ASSO: NO AddInfo: 0x1, TSF 0, 00:09:38.589, RSSI: -148, CPL: 127, AGE: 796, SSID GUEST, TSFDelta: 0x94f7e939, TXRate: 0
06-12 13:55:21.069 1456 4704 D LOWI-9.0.0.87.a: [LOWI-Scan]
06-12 13:55:21.069 1456 4704 D LOWI-9.0.0.87.a: [LOWI-Scan] print_bss_handler: Report beacon TSF 578589146 as it greater than probe TSF 578589146
06-12 13:55:21.069 1456 4704 D LOWI-9.0.0.87.a: [LOWI-Scan] decode_rsn_wpa_ie: LOWI_ENCRYPTION_TYPE_WPA_PSK
06-12 13:55:21.069 1456 4704 D LOWI-9.0.0.87.a: [LOWI-Scan] is_qcom_ie, bss_age: 0
06-12 13:55:21.069 1456 4704 D LOWI-9.0.0.87.a: [LOWI-Scan] BSS 48:73:97:be:8a:92 LOWI_PHY_MODE_11AC_VHT40(9), Beacon Interval: 100, LOWI_ENCRYPTION_TYPE_WPA_PSK 11mcRanging: No, ANQP: No, LCI: No, Civic: No, capability(0x8011): ESS Privacy
06-12 13:55:21.069 1456 4704 D LOWI-9.0.0.87.a: [LOWI-Scan] BSS 48:73:97:be:8a:92 FREQ: 5260, cFreq1[40:80:160] = [5270:0:0] cFreq2 = 0 Country Code = CN
06-12 13:55:21.069 1456 4704 D LOWI-9.0.0.87.a: [LOWI-Scan] BSS 48:73:97:be:8a:92 (wlan0) ASSO: NO AddInfo: 0x1, TSF 0, 00:09:38.589, RSSI: -148, CPL: 127, AGE: 796, SSID HELLO, TSFDelta: 0x94f9536d, TXRate: 0
06-12 13:55:21.069 1456 4704 D LOWI-9.0.0.87.a: [LOWI-Scan]
06-12 13:55:21.069 1456 4704 D LOWI-9.0.0.87.a: [LOWI-Scan] print_bss_handler: Report beacon TSF 578589193 as it greater than probe TSF 578589193
06-12 13:55:21.069 1456 4704 D LOWI-9.0.0.87.a: [LOWI-Scan] decode_rsn_wpa_ie: LOWI_ENCRYPTION_TYPE_WPA_EAP
06-12 13:55:21.069 1456 4704 D LOWI-9.0.0.87.a: [LOWI-Scan] is_qcom_ie, bss_age: 0
06-12 13:55:21.069 1456 4704 D LOWI-9.0.0.87.a: [LOWI-Scan] BSS 48:73:97:be:8a:93 LOWI_PHY_MODE_11AC_VHT40(9), Beacon Interval: 100, LOWI_ENCRYPTION_TYPE_WPA_EAP 11mcRanging: No, ANQP: No, LCI: No, Civic: No, capability(0x8011): ESS Privacy
06-12 13:55:21.069 1456 4704 D LOWI-9.0.0.87.a: [LOWI-Scan] BSS 48:73:97:be:8a:93 FREQ: 5260, cFreq1[40:80:160] = [5270:0:0] cFreq2 = 0 Country Code = CN
06-12 13:55:21.069 1456 4704 D LOWI-9.0.0.87.a: [LOWI-Scan] BSS 48:73:97:be:8a:93 (wlan0) ASSO: NO AddInfo: 0x1, TSF 0, 00:09:38.589, RSSI: -148, CPL: 127, AGE: 796, SSID HH, TSFDelta: 0x94faf966, TXRate: 0
06-12 13:55:21.069 1456 4704 D LOWI-9.0.0.87.a: [LOWI-Scan]
06-12 13:55:21.069 1456 4704 D LOWI-9.0.0.87.a: [LOWI-Scan] print_bss_handler: Report beacon TSF 578589231 as it greater than probe TSF 578589231
06-12 13:55:21.069 1456 4704 D LOWI-9.0.0.87.a: [LOWI-Scan] is_qcom_ie, bss_age: 0
06-12 13:55:21.069 1456 4704 D LOWI-9.0.0.87.a: [LOWI-Scan] BSS 48:73:97:be:8a:94 LOWI_PHY_MODE_11AC_VHT40(9), Beacon Interval: 100, LOWI_ENCRYPTION_TYPE_OPEN 11mcRanging: No, ANQP: No, LCI: No, Civic: No, capability(0x8001): ESS
06-12 13:55:21.069 1456 4704 D LOWI-9.0.0.87.a: [LOWI-Scan] BSS 48:73:97:be:8a:94 FREQ: 5260, cFreq1[40:80:160] = [5270:0:0] cFreq2 = 0 Country Code = CN
06-12 13:55:21.069 1456 4704 D LOWI-9.0.0.87.a: [LOWI-Scan] BSS 48:73:97:be:8a:94 (wlan0) ASSO: NO AddInfo: 0x1, TSF 0, 00:09:38.589, RSSI: -148, CPL: 127, AGE: 796, SSID HH-mobile, TSFDelta: 0x94fc79ad, TXRate: 0
06-12 13:55:21.069 1456 4704 D LOWI-9.0.0.87.a: [LOWI-Scan]
06-12 13:55:21.069 1456 4704 D LOWI-9.0.0.87.a: [LOWI-Scan] print_bss_handler: Report beacon TSF 578657816 as it greater than probe TSF 578657816
06-12 13:55:21.069 1456 4704 D LOWI-9.0.0.87.a: [LOWI-Scan] is_qcom_ie, bss_age: 0
06-12 13:55:21.069 1456 4704 D LOWI-9.0.0.87.a: [LOWI-Scan] BSS 48:73:97:be:7b:f1 LOWI_PHY_MODE_11AC_VHT40(9), Beacon Interval: 100, LOWI_ENCRYPTION_TYPE_OPEN 11mcRanging: No, ANQP: No, LCI: No, Civic: No, capability(0x8001): ESS
06-12 13:55:21.069 1456 4704 D LOWI-9.0.0.87.a: [LOWI-Scan] BSS 48:73:97:be:7b:f1 FREQ: 5260, cFreq1[40:80:160] = [5270:0:0] cFreq2 = 0 Country Code = CN
06-12 13:55:21.069 1456 4704 D LOWI-9.0.0.87.a: [LOWI-Scan] BSS 48:73:97:be:7b:f1 (wlan0) ASSO: NO AddInfo: 0x1, TSF 0, 00:09:38.657, RSSI: -150, CPL: 127, AGE: 728, SSID GUEST, TSFDelta: 0xd14c6ae5, TXRate: 0
06-12 13:55:21.069 1456 4704 D LOWI-9.0.0.87.a: [LOWI-Scan]
06-12 13:55:21.069 1456 4704 D LOWI-9.0.0.87.a: [LOWI-Scan] print_bss_handler: Report beacon TSF 578589019 as it greater than probe TSF 578589019
06-12 13:55:21.069 1456 4704 D LOWI-9.0.0.87.a: [LOWI-Scan] is_qcom_ie, bss_age: 0
06-12 13:55:21.069 1456 4704 D LOWI-9.0.0.87.a: [LOWI-Scan] BSS 48:73:97:be:8a:90 LOWI_PHY_MODE_11AC_VHT40(9), Beacon Interval: 100, LOWI_ENCRYPTION_TYPE_OPEN 11mcRanging: No, ANQP: No, LCI: No, Civic: No, capability(0x8001): ESS
06-12 13:55:21.069 1456 4704 D LOWI-9.0.0.87.a: [LOWI-Scan] BSS 48:73:97:be:8a:90 FREQ: 5260, cFreq1[40:80:160] = [5270:0:0] cFreq2 = 0 Country Code = CN
06-12 13:55:21.069 1456 4704 D LOWI-9.0.0.87.a: [LOWI-Scan] BSS 48:73:97:be:8a:90 (wlan0) ASSO: NO AddInfo: 0x1, TSF 0, 00:09:38.589, RSSI: -150, CPL: 127, AGE: 796, SSID , TSFDelta: 0x94f686de, TXRate: 0
06-12 13:55:21.070 1456 4704 D LOWI-9.0.0.87.a: [LOWI-Scan]
06-12 13:55:21.070 1456 4704 D LOWI-9.0.0.87.a: [LOWI-Scan] print_bss_handler: Report Probe TSF 578442868 as it greater than Beacon TSF 0
06-12 13:55:21.070 1456 4704 D LOWI-9.0.0.87.a: [LOWI-Scan] decode_rsn_wpa_ie: LOWI_ENCRYPTION_TYPE_WPA_PSK
06-12 13:55:21.070 1456 4704 D LOWI-9.0.0.87.a: [LOWI-Scan] is_qcom_ie, bss_age: 0
06-12 13:55:21.070 1456 4704 D LOWI-9.0.0.87.a: [LOWI-Scan] BSS fc:ee:e6:4e:e5:cd LOWI_PHY_MODE_11NG_HT20(5), Beacon Interval: 100, LOWI_ENCRYPTION_TYPE_WPA_PSK 11mcRanging: No, ANQP: No, LCI: No, Civic: No, capability(0x0411): ESS Privacy ShortSlotTime
06-12 13:55:21.070 1456 4704 D LOWI-9.0.0.87.a: [LOWI-Scan] BSS fc:ee:e6:4e:e5:cd FREQ: 2427, cFreq1[40:80:160] = [0:0:0] cFreq2 = 0 Country Code =
06-12 13:55:21.070 1456 4704 D LOWI-9.0.0.87.a: [LOWI-Scan] BSS fc:ee:e6:4e:e5:cd (wlan0) ASSO: NO AddInfo: 0x0, TSF 0, 00:09:38.442, RSSI: -90, CPL: 127, AGE: 944, SSID GS560WiFi-madebaka, TSFDelta: 0xd7b3662d, TXRate: 0
06-12 13:55:21.071 1456 4704 D LOWI-9.0.0.87.a: [LOWI-Scan]
06-12 13:55:21.071 1456 4704 D LOWI-9.0.0.87.a: [LOWI-Scan] print_bss_handler: Report beacon TSF 578590532 as it greater than probe TSF 578590532
06-12 13:55:21.071 1456 4704 D LOWI-9.0.0.87.a: [LOWI-Scan] is_qcom_ie, bss_age: 0
06-12 13:55:21.071 1456 4704 D LOWI-9.0.0.87.a: [LOWI-Scan] BSS b8:45:f4:1d:c3:b1 LOWI_PHY_MODE_11AC_VHT40(9), Beacon Interval: 100, LOWI_ENCRYPTION_TYPE_OPEN 11mcRanging: No, ANQP: No, LCI: No, Civic: No, capability(0x8001): ESS
06-12 13:55:21.071 1456 4704 D LOWI-9.0.0.87.a: [LOWI-Scan] BSS b8:45:f4:1d:c3:b1 FREQ: 5260, cFreq1[40:80:160] = [5270:0:0] cFreq2 = 0 Country Code = CN
06-12 13:55:21.071 1456 4704 D LOWI-9.0.0.87.a: [LOWI-Scan] BSS b8:45:f4:1d:c3:b1 (wlan0) ASSO: NO AddInfo: 0x1, TSF 0, 00:09:38.590, RSSI: -136, CPL: 127, AGE: 796, SSID GUEST, TSFDelta: 0x4ea65fd4, TXRate: 0
06-12 13:55:21.071 1456 4704 D LOWI-9.0.0.87.a: [LOWI-Scan]
06-12 13:55:21.071 1456 4704 D LOWI-9.0.0.87.a: [LOWI-Scan] print_bss_handler: Report beacon TSF 578590745 as it greater than probe TSF 578590745
06-12 13:55:21.071 1456 4704 D LOWI-9.0.0.87.a: [LOWI-Scan] decode_rsn_wpa_ie: LOWI_ENCRYPTION_TYPE_WPA_PSK
06-12 13:55:21.071 1456 4704 D LOWI-9.0.0.87.a: [LOWI-Scan] is_qcom_ie, bss_age: 0
06-12 13:55:21.071 1456 4704 D LOWI-9.0.0.87.a: [LOWI-Scan] BSS b8:45:f4:1d:c3:b2 LOWI_PHY_MODE_11AC_VHT40(9), Beacon Interval: 100, LOWI_ENCRYPTION_TYPE_WPA_PSK 11mcRanging: No, ANQP: No, LCI: No, Civic: No, capability(0x8011): ESS Privacy
06-12 13:55:21.071 1456 4704 D LOWI-9.0.0.87.a: [LOWI-Scan] BSS b8:45:f4:1d:c3:b2 FREQ: 5260, cFreq1[40:80:160] = [5270:0:0] cFreq2 = 0 Country Code = CN
06-12 13:55:21.071 1456 4704 D LOWI-9.0.0.87.a: [LOWI-Scan] BSS b8:45:f4:1d:c3:b2 (wlan0) ASSO: NO AddInfo: 0x1, TSF 0, 00:09:38.590, RSSI: -136, CPL: 127, AGE: 796, SSID HELLO, TSFDelta: 0x4ea83b0e, TXRate: 0
06-12 13:55:21.071 1456 4704 D LOWI-9.0.0.87.a: [LOWI-Scan]
06-12 13:55:21.071 1456 4704 D LOWI-9.0.0.87.a: [LOWI-Scan] print_bss_handler: Report beacon TSF 578591054 as it greater than probe TSF 578591054
06-12 13:55:21.071 1456 4704 D LOWI-9.0.0.87.a: [LOWI-Scan] decode_rsn_wpa_ie: LOWI_ENCRYPTION_TYPE_WPA_EAP
06-12 13:55:21.071 1456 4704 D LOWI-9.0.0.87.a: [LOWI-Scan] is_qcom_ie, bss_age: 0
06-12 13:55:21.071 1456 4704 D LOWI-9.0.0.87.a: [LOWI-Scan] BSS b8:45:f4:1d:c3:b3 LOWI_PHY_MODE_11AC_VHT40(9), Beacon Interval: 100, LOWI_ENCRYPTION_TYPE_WPA_EAP 11mcRanging: No, ANQP: No, LCI: No, Civic: No, capability(0x8011): ESS Privacy
06-12 13:55:21.071 1456 4704 D LOWI-9.0.0.87.a: [LOWI-Scan] BSS b8:45:f4:1d:c3:b3 FREQ: 5260, cFreq1[40:80:160] = [5270:0:0] cFreq2 = 0 Country Code = CN
06-12 13:55:21.071 1456 4704 D LOWI-9.0.0.87.a: [LOWI-Scan] BSS b8:45:f4:1d:c3:b3 (wlan0) ASSO: NO AddInfo: 0x1, TSF 0, 00:09:38.591, RSSI: -136, CPL: 127, AGE: 796, SSID HH, TSFDelta: 0x4eaa57ba, TXRate: 0
06-12 13:55:21.071 1456 4704 D LOWI-9.0.0.87.a: [LOWI-Scan]
06-12 13:55:21.071 1456 4704 D LOWI-9.0.0.87.a: [LOWI-Scan] print_bss_handler: Report beacon TSF 578702079 as it greater than probe TSF 578702079
06-12 13:55:21.071 1456 4704 D LOWI-9.0.0.87.a: [LOWI-Scan] is_qcom_ie, bss_age: 0
06-12 13:55:21.071 1456 4704 D LOWI-9.0.0.87.a: [LOWI-Scan] BSS 48:73:97:be:7c:81 LOWI_PHY_MODE_11AC_VHT40(9), Beacon Interval: 100, LOWI_ENCRYPTION_TYPE_OPEN 11mcRanging: No, ANQP: No, LCI: No, Civic: No, capability(0x8001): ESS
06-12 13:55:21.071 1456 4704 D LOWI-9.0.0.87.a: [LOWI-Scan] BSS 48:73:97:be:7c:81 FREQ: 5260, cFreq1[40:80:160] = [5270:0:0] cFreq2 = 0 Country Code = CN
06-12 13:55:21.071 1456 4704 D LOWI-9.0.0.87.a: [LOWI-Scan] BSS 48:73:97:be:7c:81 (wlan0) ASSO: NO AddInfo: 0x1, TSF 0, 00:09:38.702, RSSI: -136, CPL: 127, AGE: 684, SSID GUEST, TSFDelta: 0x179947ac, TXRate: 0
06-12 13:55:21.072 1456 4704 D LOWI-9.0.0.87.a: [LOWI-Scan]
06-12 13:55:21.072 1456 4704 D LOWI-9.0.0.87.a: [LOWI-Scan] print_bss_handler: Report beacon TSF 578590331 as it greater than probe TSF 578590331
06-12 13:55:21.072 1456 4704 D LOWI-9.0.0.87.a: [LOWI-Scan] is_qcom_ie, bss_age: 0
06-12 13:55:21.072 1456 4704 D LOWI-9.0.0.87.a: [LOWI-Scan] BSS b8:45:f4:1d:c3:b0 LOWI_PHY_MODE_11AC_VHT40(9), Beacon Interval: 100, LOWI_ENCRYPTION_TYPE_OPEN 11mcRanging: No, ANQP: No, LCI: No, Civic: No, capability(0x8001): ESS
06-12 13:55:21.072 1456 4704 D LOWI-9.0.0.87.a: [LOWI-Scan] BSS b8:45:f4:1d:c3:b0 FREQ: 5260, cFreq1[40:80:160] = [5270:0:0] cFreq2 = 0 Country Code = CN
06-12 13:55:21.072 1456 4704 D LOWI-9.0.0.87.a: [LOWI-Scan] BSS b8:45:f4:1d:c3:b0 (wlan0) ASSO: NO AddInfo: 0x1, TSF 0, 00:09:38.590, RSSI: -136, CPL: 127, AGE: 796, SSID , TSFDelta: 0x4ea49ce6, TXRate: 0
06-12 13:55:21.072 1456 4704 D LOWI-9.0.0.87.a: [LOWI-Scan]
06-12 13:55:21.072 1456 4704 D LOWI-9.0.0.87.a: [LOWI-Scan] print_bss_handler: Report beacon TSF 578594096 as it greater than probe TSF 578594096
06-12 13:55:21.072 1456 4704 D LOWI-9.0.0.87.a: [LOWI-Scan] is_qcom_ie, bss_age: 0
06-12 13:55:21.072 1456 4704 D LOWI-9.0.0.87.a: [LOWI-Scan] BSS b8:45:f4:1d:c3:80 LOWI_PHY_MODE_11AC_VHT40(9), Beacon Interval: 100, LOWI_ENCRYPTION_TYPE_OPEN 11mcRanging: No, ANQP: No, LCI: No, Civic: No, capability(0x8001): ESS
06-12 13:55:21.072 1456 4704 D LOWI-9.0.0.87.a: [LOWI-Scan] BSS b8:45:f4:1d:c3:80 FREQ: 5260, cFreq1[40:80:160] = [5270:0:0] cFreq2 = 0 Country Code = CN
06-12 13:55:21.072 1456 4704 D LOWI-9.0.0.87.a: [LOWI-Scan] BSS b8:45:f4:1d:c3:80 (wlan0) ASSO: NO AddInfo: 0x1, TSF 0, 00:09:38.594, RSSI: -132, CPL: 127, AGE: 792, SSID , TSFDelta: 0x4f86abf7, TXRate: 0
06-12 13:55:21.072 1456 4704 D LOWI-9.0.0.87.a: [LOWI-Scan]
06-12 13:55:21.072 1456 4704 D LOWI-9.0.0.87.a: [LOWI-Scan] print_bss_handler: Report beacon TSF 578594137 as it greater than probe TSF 578594137
