06-12 13:46:12.868 1548 1635 I am_pss : [3137,10070,com.qualcomm.location.XT,6301696,4526080,0,94363648,0,6,8]
06-12 13:46:12.879 1548 1635 I am_pss : [2423,1000,com.android.settings,28234752,17010688,0,147144704,0,19,9]
06-12 13:46:12.885 1548 1635 I am_pss : [2426,10091,android.ext.services,6939648,5005312,0,96358400,0,5,5]
06-12 13:46:12.992 1548 1635 I am_pss : [3217,10024,com.android.traceur,10027008,8298496,0,97849344,0,19,9]
06-12 13:46:13.139 0 0 I [ 31.712592] display_panel_avdd: disabling
06-12 13:46:13.139 0 0 E [ 31.713013] link_delay_work_func: DTC_ETH: SQI=0, link=0
06-12 13:46:13.139 0 0 I [ 31.713904] vdd_tof: disabling
06-12 13:46:15.038 1548 1635 I am_pss : [3150,1000,com.android.keychain,8164352,6500352,0,94470144,0,19,12]
06-12 13:46:15.046 1548 1635 I am_pss : [3457,1000,com.android.dynsystem:dynsystem,5618688,3829760,0,91844608,0,19,7]
06-12 13:46:15.054 1548 1635 I am_pss : [3431,1000,com.android.dynsystem,5409792,3719168,0,90943488,0,19,6]
06-12 13:46:15.060 1548 1635 I am_pss : [3302,1000,com.qti.diagservices,5829632,3772416,0,95776768,0,10,6]
06-12 13:46:15.112 1548 1635 I am_pss : [3509,10026,com.android.managedprovisioning,8791040,7135232,0,95010816,0,19,11]
06-12 13:46:15.256 1548 1635 I am_pss : [3531,10084,com.android.music,7852032,5677056,0,95318016,0,19,11]
06-12 13:46:15.294 1548 1635 I am_pss : [3549,10058,com.android.onetimeinitializer,5116928,3485696,0,90849280,0,19,11]
06-12 13:46:15.416 1548 1635 I am_pss : [3581,10089,com.android.permissioncontroller,11509760,9740288,0,99643392,0,19,11]
06-12 13:46:15.426 1548 1635 I am_pss : [3566,10033,com.android.packageinstaller,7050240,5480448,0,91582464,0,19,9]
06-12 13:46:15.562 1548 1635 I am_pss : [3620,2000,com.android.shell,5914624,4231168,0,92647424,0,19,10]
06-12 13:46:15.907 1548 1635 I am_pss : [3657,1000,com.android.localtransport,5382144,3731456,0,91656192,0,19,11]
06-12 13:46:15.952 1548 1635 I am_pss : [3735,10057,com.qualcomm.qti.qms.service.connectionsecurity,18804736,4362240,0,77336576,0,19,11]
06-12 13:46:16.813 1548 1998 I ntp_failure: [time.android.com/216.239.35.8,java.net.SocketTimeoutException: Poll timed out]
06-12 13:46:17.519 0 0 I [ 36.086848] init: processing action (sys.tlog.tlogdshc.active=1) from (/system/etc/init/tlogd.rc:195)
06-12 13:46:17.519 0 0 I [ 36.087858] init: starting service 'tlogdshc'...
06-12 13:46:17.627 0 0 I [ 36.203887] init: Service 'tlogdshc' (pid 4154) exited with status 0 oneshot service took 0.110000 seconds in background
06-12 13:46:17.627 0 0 I [ 36.203920] init: Sending signal 9 to service 'tlogdshc' (pid 4154) process group...
06-12 13:46:17.627 0 0 I [ 36.204193] libprocessgroup: Successfully killed process cgroup uid 0 pid 4154 in 0ms
06-12 13:46:18.255 0 0 E [ 36.832139] link_delay_work_func: DTC_ETH: SQI=0, link=0
06-12 13:46:19.998 1548 1635 I am_pss : [2555,10072,com.android.launcher3,108417024,89759744,0,249122816,0,2,19]
06-12 13:46:20.014 1548 1635 I am_pss : [3854,10035,com.baidu.input,107205632,91926528,0,228024320,0,7,14]
06-12 13:46:22.287 0 0 E [ 40.864413] mv2112_update_link: link 0x4
06-12 13:46:22.288 0 0 I : [ 40.864483] lan743x 0001:01:00.0 eth0: Link is Up - 100Mbps/Full - flow control off
06-12 13:46:22.288 0 0 I [ 40.864616] IPv6: ADDRCONF(NETDEV_CHANGE): eth0: link becomes ready
06-12 13:46:22.291 0 0 I [ 40.865965] IPv6: ADDRCONF(NETDEV_CHANGE): vlan0: link becomes ready
06-12 13:46:22.291 0 0 I [ 40.866172] IPv6: ADDRCONF(NETDEV_CHANGE): vlan1: link becomes ready
06-12 13:46:22.291 0 0 I [ 40.866358] IPv6: ADDRCONF(NETDEV_CHANGE): vlan2: link becomes ready
06-12 13:46:22.291 0 0 I [ 40.866602] IPv6: ADDRCONF(NETDEV_CHANGE): vlan4: link becomes ready
06-12 13:46:22.291 0 0 I [ 40.866829] IPv6: ADDRCONF(NETDEV_CHANGE): vlan8: link becomes ready
06-12 13:46:22.291 0 0 I [ 40.867058] IPv6: ADDRCONF(NETDEV_CHANGE): vlan11: link becomes ready
06-12 13:46:22.368 1548 1859 I netstats_mobile_sample: [0,0,0,0,0,0,0,0,0,0,0,0,1686548782368]
06-12 13:46:22.368 1548 1859 I netstats_wifi_sample: [105115,306,146871,479,105115,306,146871,479,189240,820,82193,301,1686548782368]
06-12 13:46:22.374 1548 1859 D CompatibilityChangeReporter: Compat change id reported: 171306433; UID 1000; state: ENABLED
06-12 13:46:22.390 1548 1859 I netstats_mobile_sample: [0,0,0,0,0,0,0,0,0,0,0,0,1686548782390]
06-12 13:46:22.390 1548 1859 I netstats_wifi_sample: [105115,306,146871,479,105115,306,146871,479,189240,820,82193,301,1686548782390]
06-12 13:46:22.394 1548 1859 W ContextImpl: Calling a method in the system process without a qualified user: android.app.ContextImpl.sendStickyBroadcast:1559 com.android.server.ConnectivityService.sendStickyBroadcast:2811 com.android.server.ConnectivityService.sendLegacyNetworkBroadcast:8732 com.android.server.ConnectivityService$LegacyTypeTracker.remove:1007 com.android.server.ConnectivityService.updateLegacyTypeTrackerAndVpnLockdownForRematch:8287
06-12 13:46:22.395 1548 1859 W ContextImpl: Calling a method in the system process without a qualified user: android.app.ContextImpl.sendStickyBroadcast:1559 com.android.server.ConnectivityService.sendStickyBroadcast:2811 com.android.server.ConnectivityService.sendGeneralBroadcast:2786 com.android.server.ConnectivityService.sendConnectedBroadcast:2759 com.android.server.ConnectivityService.sendLegacyNetworkBroadcast:8704
06-12 13:46:22.396 1548 1638 W BroadcastQueue: Target SDK mismatch: receiver ActivityInfo{f0b574a com.xiaomi.push.service.receivers.NetworkStatusReceiver} targets 29 but delivery restricted to [0, 23] broadcasting Intent { act=android.net.conn.CONNECTIVITY_CHANGE flg=0x4200010 (has extras) } from android (pid=1548, uid=1000) to com.netease.cloudmusic/com.xiaomi.push.service.receivers.NetworkStatusReceiver
06-12 13:46:22.396 1548 1638 W BroadcastQueue: Target SDK mismatch: receiver ActivityInfo{9a8e6bb com.netease.nimlib.service.NimReceiver} targets 29 but delivery restricted to [0, 23] broadcasting Intent { act=android.net.conn.CONNECTIVITY_CHANGE flg=0x4200010 (has extras) } from android (pid=1548, uid=1000) to com.netease.cloudmusic/com.netease.nimlib.service.NimReceiver
06-12 13:46:22.396 1548 1638 W BroadcastQueue: Target SDK mismatch: receiver ActivityInfo{2d967d8 com.igexin.sdk.PushReceiver} targets 29 but delivery restricted to [0, 23] broadcasting Intent { act=android.net.conn.CONNECTIVITY_CHANGE flg=0x4200010 (has extras) } from android (pid=1548, uid=1000) to com.netease.cloudmusic/com.igexin.sdk.PushReceiver
06-12 13:46:22.397 1548 1638 W BroadcastQueue: Target SDK mismatch: receiver ActivityInfo{d453731 com.xiaomi.push.service.receivers.NetworkStatusReceiver} targets 29 but delivery restricted to [0, 23] broadcasting Intent { act=android.net.conn.CONNECTIVITY_CHANGE flg=0x4200010 (has extras) } from android (pid=1548, uid=1000) to com.netease.cloudmusic/com.xiaomi.push.service.receivers.NetworkStatusReceiver
06-12 13:46:22.397 1548 1638 W BroadcastQueue: Target SDK mismatch: receiver ActivityInfo{e2f9e16 com.netease.nimlib.service.NimReceiver} targets 29 but delivery restricted to [0, 23] broadcasting Intent { act=android.net.conn.CONNECTIVITY_CHANGE flg=0x4200010 (has extras) } from android (pid=1548, uid=1000) to com.netease.cloudmusic/com.netease.nimlib.service.NimReceiver
06-12 13:46:22.397 1548 1638 W BroadcastQueue: Target SDK mismatch: receiver ActivityInfo{7753397 com.igexin.sdk.PushReceiver} targets 29 but delivery restricted to [0, 23] broadcasting Intent { act=android.net.conn.CONNECTIVITY_CHANGE flg=0x4200010 (has extras) } from android (pid=1548, uid=1000) to com.netease.cloudmusic/com.igexin.sdk.PushReceiver
06-12 13:46:23.082 1548 2998 I MicroServiceManager: requestResult(getVolume) parameters is{"functionInfo":{"IDCM_VolumeValue_Media":"MEDIA"}}.
06-12 13:46:23.084 2145 2359 I MicroServiceManager: requestResult(reportScreenDisplay) parameters is{"ScreenDisplay":1}.
06-12 13:46:23.001 1548 1817 E LazyAlarmStore: Removed TIME_TICK alarm
06-12 13:46:23.002 1548 1638 I am_wtf : [0,1548,system_server,-1,LazyAlarmStore,Removed TIME_TICK alarm]
06-12 13:46:23.003 1548 1638 I DropBoxManagerService: add tag=system_server_wtf isTagEnabled=true flags=0x2
06-12 13:46:23.004 2145 4217 W ContextImpl: Calling a method in the system process without a qualified user: android.app.ContextImpl.sendBroadcast:1173 android.content.ContextWrapper.sendBroadcast:479 com.thundercomm.microsettings.action.SetTimeAction.timeUpdated:191 com.thundercomm.microsettings.action.SetTimeAction.update24HourFormat:173 com.thundercomm.microsettings.action.SetTimeAction.doActualAction:133
06-12 13:46:23.007 1548 1548 D DevicePolicyManager: updateSystemUpdateFreezePeriodsRecord
06-12 13:46:23.007 1548 1548 W SyncManager: Clock is valid now.
06-12 13:46:23.008 1548 1548 D ConditionProviders.SCP: onReceive android.intent.action.TIME_SET
06-12 13:46:23.012 1548 1638 I am_uid_running: 10052
06-12 13:46:23.013 1548 1638 D CompatibilityChangeReporter: Compat change id reported: 135634846; UID 10052; state: DISABLED
06-12 13:46:23.013 1548 1638 D CompatibilityChangeReporter: Compat change id reported: 177438394; UID 10052; state: DISABLED
06-12 13:46:23.013 1548 1638 D CompatibilityChangeReporter: Compat change id reported: 135772972; UID 10052; state: DISABLED
06-12 13:46:23.014 1548 1638 D CompatibilityChangeReporter: Compat change id reported: 135754954; UID 10052; state: ENABLED
06-12 13:46:23.014 1548 1639 D CompatibilityChangeReporter: Compat change id reported: 143937733; UID 10052; state: ENABLED
06-12 13:46:23.018 1936 2553 I sysui_multi_action: [757,210,758,4,759,3]
06-12 13:46:23.026 1548 1548 D ConditionProviders.SCP: evaluateSubscriptionLocked cal=ScheduleCalendar[mDays={1, 2, 3, 4, 5, 6, 7}, mSchedule=ScheduleInfo{days=[1, 2, 3, 4, 5, 6, 7], startHour=22, startMinute=0, endHour=7, endMinute=0, exitAtAlarm=true, nextAlarm=Thu Jan 01 08:00:00 GMT+08:00 1970 (0)}], now=Mon Jun 12 13:46:23 GMT+08:00 2023 (1686548783008), nextUserAlarmTime=Thu Jan 01 08:00:00 GMT+08:00 1970 (0)
06-12 13:46:23.026 1548 1548 D ConditionProviders.SCP: notifyCondition condition://android/schedule?days=1.2.3.4.5.6.7&start=22.0&end=7.0&exitAtAlarm=true STATE_FALSE reason=!meetsSchedule
06-12 13:46:23.026 1548 1548 D ConditionProviders.SCP: Scheduling evaluate for Mon Jun 12 22:00:00 GMT+08:00 2023 (1686578400000), in +8h13m36s992ms, now=Mon Jun 12 13:46:23 GMT+08:00 2023 (1686548783008)
06-12 13:46:23.026 1548 1635 I am_pss : [1920,1002,com.android.bluetooth,35137536,27824128,0,147349504,0,0,9]
06-12 13:46:23.027 1548 1548 D DevicePolicyManager: updateSystemUpdateFreezePeriodsRecord
06-12 13:46:23.027 1548 1548 D ConditionProviders.SCP: onReceive android.intent.action.TIME_SET
06-12 13:46:23.027 1548 1548 D ConditionProviders.SCP: evaluateSubscriptionLocked cal=ScheduleCalendar[mDays={1, 2, 3, 4, 5, 6, 7}, mSchedule=ScheduleInfo{days=[1, 2, 3, 4, 5, 6, 7], startHour=22, startMinute=0, endHour=7, endMinute=0, exitAtAlarm=true, nextAlarm=Thu Jan 01 08:00:00 GMT+08:00 1970 (0)}], now=Mon Jun 12 13:46:23 GMT+08:00 2023 (1686548783027), nextUserAlarmTime=Thu Jan 01 08:00:00 GMT+08:00 1970 (0)
06-12 13:46:23.027 1548 1548 D ConditionProviders.SCP: notifyCondition condition://android/schedule?days=1.2.3.4.5.6.7&start=22.0&end=7.0&exitAtAlarm=true STATE_FALSE reason=!meetsSchedule
06-12 13:46:23.028 1548 1548 D ConditionProviders.SCP: Scheduling evaluate for Mon Jun 12 22:00:00 GMT+08:00 2023 (1686578400000), in +8h13m36s973ms, now=Mon Jun 12 13:46:23 GMT+08:00 2023 (1686548783027)
06-12 13:46:23.033 1548 1635 I am_pss : [3163,10022,android.process.media,11315200,9306112,0,102830080,0,19,6]
06-12 13:46:23.037 1548 1639 I am_proc_start: [0,4221,10052,com.qualcomm.timeservice,broadcast,{com.qualcomm.timeservice/com.qualcomm.timeservice.TimeServiceBroadcastReceiver}]
06-12 13:46:23.037 1548 1639 I ActivityManager: Start proc 4221:com.qualcomm.timeservice/u0a52 for broadcast {com.qualcomm.timeservice/com.qualcomm.timeservice.TimeServiceBroadcastReceiver}
06-12 13:46:23.037 1936 1936 I sysui_multi_action: [757,207,758,1]
06-12 13:46:23.038 1936 1936 I sysui_multi_action: [757,804,799,volume_from_keyguard,801,0,802,1]
06-12 13:46:23.040 1548 1635 I am_pss : [3993,10053,com.qualcomm.qti.qms.service.trustzoneaccess,5496832,3743744,0,92303360,0,19,6]
06-12 13:46:23.048 1548 1635 I am_pss : [2916,10090,com.android.providers.media.module,16221184,12910592,0,118247424,0,0,7]
06-12 13:46:23.055 0 0 I [ 41.740861] init: processing action (sys.network.wifi=0) from (/system/etc/init/dns_ts.rc:7)
06-12 13:46:23.055 0 0 I [ 41.741190] init: starting service 'exec 31 (/system/bin/sh /system/bin/dns_ts.sh del 192.168.4.4 vlan4)'...
06-12 13:46:23.057 1548 1635 I am_pss : [3761,10017,com.android.externalstorage,5621760,3952640,0,92536832,0,19,7]
06-12 13:46:23.060 2145 4227 I MicroServiceManager: requestResult(reportScreenDisplay) parameters is{"ScreenDisplay":1}.
06-12 13:46:23.066 0 0 I [ 41.746434] init: SVC_EXEC service 'exec 31 (/system/bin/sh /system/bin/dns_ts.sh del 192.168.4.4 vlan4)' pid 4228 (uid 0 gid 0+0 context u:r:dns_ts_ip:s0) started; waiting...
06-12 13:46:23.062 1548 1867 D CompatibilityChangeReporter: Compat change id reported: 143231523; UID 1000; state: DISABLED
06-12 13:46:23.064 1548 1635 I am_pss : [2565,10079,com.qualcomm.qti.qccauthmgr,6188032,4300800,0,95961088,0,19,5]
06-12 13:46:23.070 0 0 I [ 41.754451] binder: 4221:4221 ioctl 40046210 7fda4f17a4 returned -22
06-12 13:46:23.070 1548 3458 I am_proc_bound: [0,4221,com.qualcomm.timeservice]
06-12 13:46:23.071 1548 3458 D CompatibilityChangeReporter: Compat change id reported: 168419799; UID 10052; state: DISABLED
06-12 13:46:23.073 1548 1635 I am_pss : [3249,10020,android.process.acore,13556736,9887744,0,117481472,0,19,6]
06-12 13:46:23.074 1548 3458 I am_uid_active: 10052
06-12 13:46:23.081 1548 1635 I am_pss : [3090,10080,com.hryt.lebotp,43229184,23326720,0,121110528,0,0,7]
06-12 13:46:23.086 1548 1635 I am_pss : [3087,10082,com.qualcomm.qti.workloadclassifier,8332288,6709248,0,94261248,0,0,5]
06-12 13:46:23.089 0 0 I [ 41.775872] init: Service 'exec 31 (/system/bin/sh /system/bin/dns_ts.sh del 192.168.4.4 vlan4)' (pid 4228) exited with status 2 waiting took 0.030000 seconds
06-12 13:46:23.089 0 0 I [ 41.775899] init: Sending signal 9 to service 'exec 31 (/system/bin/sh /system/bin/dns_ts.sh del 192.168.4.4 vlan4)' (pid 4228) process group...
06-12 13:46:23.090 0 0 I [ 41.776489] libprocessgroup: Successfully killed process cgroup uid 0 pid 4228 in 0ms
06-12 13:46:23.093 1548 1635 I am_pss : [3036,10081,com.qualcomm.qti.qccnetstat,5913600,4259840,0,92372992,0,0,6]
06-12 13:46:23.099 1936 1936 I sysui_multi_action: [757,207,758,1]
06-12 13:46:23.099 1936 1936 I sysui_multi_action: [757,804,799,volume_from_keyguard,801,0,802,1]
06-12 13:46:23.100 1548 1635 I am_pss : [3006,10076,com.qualcomm.qti.services.systemhelper:systemhelper_service,6151168,4407296,0,94515200,0,0,5]
06-12 13:46:23.100 1936 1936 I sysui_multi_action: [757,207,758,1]
06-12 13:46:23.100 1936 1936 I sysui_multi_action: [757,804,799,volume_from_keyguard,801,0,802,1]
06-12 13:46:23.105 1548 1635 I am_pss : [2983,10054,.pasr,5186560,3616768,0,90046464,0,0,4]
06-12 13:46:23.112 1548 1635 I am_pss : [2939,10055,ts.car.uart,5999616,4431872,0,91070464,0,0,5]
06-12 13:46:23.119 1548 1635 I am_pss : [2956,1000,com.hryt.hiphishowfsecontrol,14248960,12111872,0,107040768,0,0,6]
06-12 13:46:23.125 1548 1635 I am_pss : [2772,10068,com.qualcomm.location,10145792,7688192,0,103555072,0,0,5]
06-12 13:46:23.131 1548 1635 I am_pss : [2399,1000,com.qualcomm.qti.qdma,9627648,6545408,0,106344448,0,0,5]
06-12 13:46:23.136 1548 1635 I am_pss : [3290,10060,com.qualcomm.qti.devicestatisticsservice,5195776,3629056,0,89849856,0,0,4]
06-12 13:46:23.138 1548 1848 I netstats_mobile_sample: [0,0,0,0,0,0,0,0,0,0,0,0,1686548783138]
06-12 13:46:23.138 1548 1848 I netstats_wifi_sample: [111057,320,158755,507,111057,320,158755,507,198222,849,88135,315,1686548783138]
06-12 13:46:23.142 1548 1635 I am_pss : [2360,1000,com.thundercomm.tcservice,10680320,8863744,0,99979264,0,0,4]
06-12 13:46:23.148 1548 1635 I am_pss : [2336,1000,com.thundercomm.remotecontrolservice,9195520,6926336,0,101732352,0,0,6]
06-12 13:46:23.153 1548 1635 I am_pss : [2296,10083,com.qti.qualcomm.mstatssystemservice,5289984,3715072,0,90648576,0,0,4]
06-12 13:46:23.158 1548 1635 I am_pss : [2290,1000,vendor.qti.qesdk.sysservice,5360640,3694592,0,92381184,0,0,4]
06-12 13:46:23.164 1548 1635 I am_pss : [2301,1068,com.android.se,5653504,4014080,0,92393472,0,0,4]
06-12 13:46:23.169 1548 1635 I am_pss : [2238,1000,com.thundercomm.tcsetupwizard,6841344,5263360,0,92295168,0,0,4]
06-12 13:46:23.174 1548 1635 I am_pss : [2203,1000,com.thundercomm.tchttpserver,7684096,5976064,0,94978048,0,0,4]
06-12 13:46:23.179 1548 1635 I am_pss : [2212,1000,com.tc.logclient,7546880,5562368,0,99684352,0,0,5]
06-12 13:46:23.186 1548 1635 I am_pss : [2168,1001,.dataservices,8506368,6701056,0,96190464,0,0,6]
06-12 13:46:23.192 1548 1635 I am_pss : [2173,10051,.qtidataservices,5724160,4112384,0,92000256,0,0,5]
06-12 13:46:23.198 1548 1635 I am_pss : [2134,1000,com.thundercomm.microservice,8693760,6983680,0,95928320,0,0,5]
06-12 13:46:23.205 1548 1635 I am_pss : [2145,1000,com.thundercomm.microsettings,23048192,12271616,0,122953728,0,0,5]
06-12 13:46:23.214 1548 1635 I am_pss : [2087,1000,com.thundercomm.gamemode,37323776,30044160,0,148168704,0,0,7]
06-12 13:46:23.221 1548 1635 I am_pss : [2023,1073,com.android.networkstack.process,15675392,13037568,0,111149056,0,0,6]
06-12 13:46:23.237 1548 1635 I am_pss : [1936,10077,com.android.systemui,242408448,217853952,0,403734528,0,0,15]
06-12 13:46:23.258 1548 1635 I am_pss : [1548,1000,system,234076160,136085504,0,564326400,0,0,19]
06-12 13:46:23.573 1548 2998 I MicroServiceManager: requestResult(isMute) parameters is{"functionInfo":{"IDCM_VolumeMute_Media":"WHOLE_VEHICLE"}}.
06-12 13:46:23.589 0 0 I [ 42.272540] init: processing action (sys.network.tbox=1) from (/system/etc/init/dns_ts.rc:1)
06-12 13:46:23.589 0 0 I [ 42.272680] init: starting service 'exec 32 (/system/bin/sh /system/bin/dns_ts.sh add 192.168.1.1 vlan1)'...
06-12 13:46:23.593 0 0 I [ 42.278032] init: SVC_EXEC service 'exec 32 (/system/bin/sh /system/bin/dns_ts.sh add 192.168.1.1 vlan1)' pid 4253 (uid 0 gid 0+0 context u:r:dns_ts_ip:s0) started; waiting...
06-12 13:46:23.614 0 0 I [ 42.300130] init: Service 'exec 32 (/system/bin/sh /system/bin/dns_ts.sh add 192.168.1.1 vlan1)' (pid 4253) exited with status 0 waiting took 0.024000 seconds
06-12 13:46:23.653 1936 1936 I sysui_multi_action: [757,207,758,1]
06-12 13:46:23.654 1936 1936 I sysui_multi_action: [757,804,799,volume_from_keyguard,801,0,802,1]
06-12 13:46:24.596 1548 1859 I netstats_mobile_sample: [0,0,0,0,0,0,0,0,0,0,0,0,1686548784596]
06-12 13:46:24.597 1548 1859 I netstats_wifi_sample: [112759,326,167917,535,112759,326,167917,535,212719,900,95439,334,1686548784596]
06-12 13:46:24.608 1548 1859 W ContextImpl: Calling a method in the system process without a qualified user: android.app.ContextImpl.sendStickyBroadcast:1559 com.android.server.ConnectivityService.sendStickyBroadcast:2811 com.android.server.ConnectivityService.sendLegacyNetworkBroadcast:8732 com.android.server.ConnectivityService$LegacyTypeTracker.remove:1007 com.android.server.ConnectivityService$LegacyTypeTracker.remove:1024
06-12 13:46:24.610 1548 1638 W BroadcastQueue: Target SDK mismatch: receiver ActivityInfo{c77df76 com.xiaomi.push.service.receivers.NetworkStatusReceiver} targets 29 but delivery restricted to [0, 23] broadcasting Intent { act=android.net.conn.CONNECTIVITY_CHANGE flg=0x4200010 (has extras) } from android (pid=1548, uid=1000) to com.netease.cloudmusic/com.xiaomi.push.service.receivers.NetworkStatusReceiver
06-12 13:46:24.610 1548 1638 W BroadcastQueue: Target SDK mismatch: receiver ActivityInfo{644977 com.netease.nimlib.service.NimReceiver} targets 29 but delivery restricted to [0, 23] broadcasting Intent { act=android.net.conn.CONNECTIVITY_CHANGE flg=0x4200010 (has extras) } from android (pid=1548, uid=1000) to com.netease.cloudmusic/com.netease.nimlib.service.NimReceiver
06-12 13:46:24.610 1548 1638 W BroadcastQueue: Target SDK mismatch: receiver ActivityInfo{21fb9e4 com.igexin.sdk.PushReceiver} targets 29 but delivery restricted to [0, 23] broadcasting Intent { act=android.net.conn.CONNECTIVITY_CHANGE flg=0x4200010 (has extras) } from android (pid=1548, uid=1000) to com.netease.cloudmusic/com.igexin.sdk.PushReceiver
06-12 13:46:24.617 677 743 E NetlinkEvent: NetlinkEvent::FindParam(): Parameter 'INTERFACE' not found
06-12 13:46:24.617 677 743 E NetlinkEvent: NetlinkEvent::FindParam(): Parameter 'STATE' not found
06-12 13:46:24.617 677 743 E NetlinkEvent: NetlinkEvent::FindParam(): Parameter 'TIME_NS' not found
06-12 13:46:24.617 677 743 E NetlinkEvent: NetlinkEvent::FindParam(): Parameter 'UID' not found
06-12 13:46:24.626 1548 1859 I netstats_mobile_sample: [0,0,0,0,0,0,0,0,0,0,0,0,1686548784626]
06-12 13:46:24.626 1548 1859 I netstats_wifi_sample: [112759,326,167993,536,112759,326,167993,536,212719,900,95591,336,1686548784626]
06-12 13:46:24.634 1548 1859 W ContextImpl: Calling a method in the system process without a qualified user: android.app.ContextImpl.sendStickyBroadcast:1559 com.android.server.ConnectivityService.sendStickyBroadcast:2811 com.android.server.ConnectivityService.sendGeneralBroadcast:2786 com.android.server.ConnectivityService.sendConnectedBroadcast:2759 com.android.server.ConnectivityService.sendLegacyNetworkBroadcast:8704
06-12 13:46:24.636 1548 1638 W BroadcastQueue: Target SDK mismatch: receiver ActivityInfo{c7dce4d com.xiaomi.push.service.receivers.NetworkStatusReceiver} targets 29 but delivery restricted to [0, 23] broadcasting Intent { act=android.net.conn.CONNECTIVITY_CHANGE flg=0x4200010 (has extras) } from android (pid=1548, uid=1000) to com.netease.cloudmusic/com.xiaomi.push.service.receivers.NetworkStatusReceiver
06-12 13:46:24.636 1548 1638 W BroadcastQueue: Target SDK mismatch: receiver ActivityInfo{2fa7d02 com.netease.nimlib.service.NimReceiver} targets 29 but delivery restricted to [0, 23] broadcasting Intent { act=android.net.conn.CONNECTIVITY_CHANGE flg=0x4200010 (has extras) } from android (pid=1548, uid=1000) to com.netease.cloudmusic/com.netease.nimlib.service.NimReceiver
06-12 13:46:24.636 1548 1638 W BroadcastQueue: Target SDK mismatch: receiver ActivityInfo{84a0613 com.igexin.sdk.PushReceiver} targets 29 but delivery restricted to [0, 23] broadcasting Intent { act=android.net.conn.CONNECTIVITY_CHANGE flg=0x4200010 (has extras) } from android (pid=1548, uid=1000) to com.netease.cloudmusic/com.igexin.sdk.PushReceiver
06-12 13:46:24.667 1548 1859 I netstats_mobile_sample: [0,0,0,0,0,0,0,0,0,0,0,0,1686548784667]
06-12 13:46:24.668 1548 1859 I netstats_wifi_sample: [112759,326,168069,537,112759,326,168069,537,212719,900,95667,337,1686548784667]
06-12 13:46:24.687 1548 1859 I netstats_mobile_sample: [0,0,0,0,0,0,0,0,0,0,0,0,1686548784687]
06-12 13:46:24.687 1548 1859 I netstats_wifi_sample: [112759,326,168069,537,112759,326,168069,537,212719,900,95667,337,1686548784687]
06-12 13:46:24.691 1548 1859 W ContextImpl: Calling a method in the system process without a qualified user: android.app.ContextImpl.sendStickyBroadcast:1559 com.android.server.ConnectivityService.sendStickyBroadcast:2811 com.android.server.ConnectivityService.sendLegacyNetworkBroadcast:8732 com.android.server.ConnectivityService$LegacyTypeTracker.remove:1007 com.android.server.ConnectivityService.updateLegacyTypeTrackerAndVpnLockdownForRematch:8287
06-12 13:46:24.692 1548 1859 W ContextImpl: Calling a method in the system process without a qualified user: android.app.ContextImpl.sendStickyBroadcast:1559 com.android.server.ConnectivityService.sendStickyBroadcast:2811 com.android.server.ConnectivityService.sendGeneralBroadcast:2786 com.android.server.ConnectivityService.sendConnectedBroadcast:2759 com.android.server.ConnectivityService.sendLegacyNetworkBroadcast:8704
06-12 13:46:24.698 1548 1638 W BroadcastQueue: Target SDK mismatch: receiver ActivityInfo{bf6617c com.xiaomi.push.service.receivers.NetworkStatusReceiver} targets 29 but delivery restricted to [0, 23] broadcasting Intent { act=android.net.conn.CONNECTIVITY_CHANGE flg=0x4200010 (has extras) } from android (pid=1548, uid=1000) to com.netease.cloudmusic/com.xiaomi.push.service.receivers.NetworkStatusReceiver
06-12 13:46:24.700 1548 1638 W BroadcastQueue: Target SDK mismatch: receiver ActivityInfo{b837a05 com.netease.nimlib.service.NimReceiver} targets 29 but delivery restricted to [0, 23] broadcasting Intent { act=android.net.conn.CONNECTIVITY_CHANGE flg=0x4200010 (has extras) } from android (pid=1548, uid=1000) to com.netease.cloudmusic/com.netease.nimlib.service.NimReceiver
06-12 13:46:24.700 1548 1638 W BroadcastQueue: Target SDK mismatch: receiver ActivityInfo{b06aa5a com.igexin.sdk.PushReceiver} targets 29 but delivery restricted to [0, 23] broadcasting Intent { act=android.net.conn.CONNECTIVITY_CHANGE flg=0x4200010 (has extras) } from android (pid=1548, uid=1000) to com.netease.cloudmusic/com.igexin.sdk.PushReceiver
06-12 13:46:24.700 1548 1638 W BroadcastQueue: Target SDK mismatch: receiver ActivityInfo{55a248b com.xiaomi.push.service.receivers.NetworkStatusReceiver} targets 29 but delivery restricted to [0, 23] broadcasting Intent { act=android.net.conn.CONNECTIVITY_CHANGE flg=0x4200010 (has extras) } from android (pid=1548, uid=1000) to com.netease.cloudmusic/com.xiaomi.push.service.receivers.NetworkStatusReceiver
06-12 13:46:24.702 1548 1638 W BroadcastQueue: Target SDK mismatch: receiver ActivityInfo{d061968 com.netease.nimlib.service.NimReceiver} targets 29 but delivery restricted to [0, 23] broadcasting Intent { act=android.net.conn.CONNECTIVITY_CHANGE flg=0x4200010 (has extras) } from android (pid=1548, uid=1000) to com.netease.cloudmusic/com.netease.nimlib.service.NimReceiver
06-12 13:46:24.702 1548 1638 W BroadcastQueue: Target SDK mismatch: receiver ActivityInfo{5c6b181 com.igexin.sdk.PushReceiver} targets 29 but delivery restricted to [0, 23] broadcasting Intent { act=android.net.conn.CONNECTIVITY_CHANGE flg=0x4200010 (has extras) } from android (pid=1548, uid=1000) to com.netease.cloudmusic/com.igexin.sdk.PushReceiver
06-12 13:46:26.653 1936 1936 I sysui_multi_action: [757,207,758,2]
06-12 13:46:26.659 1936 2553 I sysui_multi_action: [757,210,758,4,759,-1]
06-12 13:46:28.376 1548 1859 I netstats_mobile_sample: [0,0,0,0,0,0,0,0,0,0,0,0,1686548788376]
06-12 13:46:28.377 1548 1859 I netstats_wifi_sample: [117573,359,187345,607,117573,359,187345,607,267087,1222,110903,385,1686548788376]
06-12 13:46:32.300 1548 1998 I ntp_failure: [time.android.com,java.net.UnknownHostException: Unable to resolve host "time.android.com": No address associated with hostname]
06-12 13:46:33.005 2145 4343 W ContextImpl: Calling a method in the system process without a qualified user: android.app.ContextImpl.sendBroadcast:1173 android.content.ContextWrapper.sendBroadcast:479 com.thundercomm.microsettings.action.SetTimeAction.timeUpdated:191 com.thundercomm.microsettings.action.SetTimeAction.update24HourFormat:173 com.thundercomm.microsettings.action.SetTimeAction.doActualAction:133
06-12 13:46:33.013 1548 1548 D DevicePolicyManager: updateSystemUpdateFreezePeriodsRecord
06-12 13:46:33.013 1548 1548 D ConditionProviders.SCP: onReceive android.intent.action.TIME_SET
06-12 13:46:33.014 1548 1548 D ConditionProviders.SCP: evaluateSubscriptionLocked cal=ScheduleCalendar[mDays={1, 2, 3, 4, 5, 6, 7}, mSchedule=ScheduleInfo{days=[1, 2, 3, 4, 5, 6, 7], startHour=22, startMinute=0, endHour=7, endMinute=0, exitAtAlarm=true, nextAlarm=Thu Jan 01 08:00:00 GMT+08:00 1970 (0)}], now=Mon Jun 12 13:46:33 GMT+08:00 2023 (1686548793013), nextUserAlarmTime=Thu Jan 01 08:00:00 GMT+08:00 1970 (0)
06-12 13:46:33.014 1548 1548 D ConditionProviders.SCP: notifyCondition condition://android/schedule?days=1.2.3.4.5.6.7&start=22.0&end=7.0&exitAtAlarm=true STATE_FALSE reason=!meetsSchedule
06-12 13:46:33.015 1548 1548 D ConditionProviders.SCP: Scheduling evaluate for Mon Jun 12 22:00:00 GMT+08:00 2023 (1686578400000), in +8h13m26s987ms, now=Mon Jun 12 13:46:33 GMT+08:00 2023 (1686548793013)
06-12 13:46:37.797 1548 1998 I ntp_failure: [time.android.com/216.239.35.0,java.net.SocketTimeoutException: Poll timed out]
06-12 13:46:38.040 1548 1635 I am_pss : [3137,10070,com.qualcomm.location.XT,6273024,4530176,0,94429184,0,6,9]
06-12 13:46:42.807 1548 1998 I ntp_failure: [time.android.com/216.239.35.8,java.net.SocketTimeoutException: Poll timed out]
06-12 13:46:43.549 1548 1635 I am_pss : [4221,10052,com.qualcomm.timeservice,5032960,3448832,0,90066944,0,19,12]
06-12 13:46:43.562 1548 1635 I am_pss : [3163,10022,android.process.media,11289600,9297920,0,102821888,0,19,10]
06-12 13:46:43.571 1548 1635 I am_pss : [3993,10053,com.qualcomm.qti.qms.service.trustzoneaccess,5484544,3743744,0,92303360,0,19,7]
06-12 13:46:43.578 1548 1635 I am_pss : [2433,10062,com.thundercomm.gamemode.provider,7654400,5832704,0,96313344,0,19,6]
06-12 13:46:43.588 1548 1635 I am_pss : [3854,10035,com.baidu.input,107199488,91955200,0,228179968,0,7,9]
06-12 13:46:43.593 1548 1635 I am_pss : [3761,10017,com.android.externalstorage,5611520,3952640,0,92536832,0,19,5]
06-12 13:46:43.598 1548 1635 I am_pss : [3096,10085,com.qualcomm.qtil.aptxui,7257088,5713920,0,91934720,0,19,5]
06-12 13:46:43.605 1548 1635 I am_pss : [3735,10057,com.qualcomm.qti.qms.service.connectionsecurity,18812928,4370432,0,77467648,0,19,6]
06-12 13:46:43.611 1548 1635 I am_pss : [2565,10079,com.qualcomm.qti.qccauthmgr,6177792,4300800,0,95961088,0,19,6]
06-12 13:46:43.617 1548 1635 I am_pss : [3657,1000,com.android.localtransport,5364736,3739648,0,91856896,0,19,5]
06-12 13:46:43.623 1548 1635 I am_pss : [3620,2000,com.android.shell,5896192,4239360,0,92848128,0,19,6]
06-12 13:46:43.631 1548 1635 I am_pss : [2423,1000,com.android.settings,28209152,17018880,0,147214336,0,19,7]
06-12 13:46:43.636 1548 1635 I am_pss : [3581,10089,com.android.permissioncontroller,11486208,9748480,0,99713024,0,19,5]
06-12 13:46:43.642 1548 1635 I am_pss : [3566,10033,com.android.packageinstaller,7032832,5488640,0,91783168,0,19,4]
06-12 13:46:43.647 1548 1635 I am_pss : [3549,10058,com.android.onetimeinitializer,5095424,3493888,0,90984448,0,19,4]
06-12 13:46:43.652 1548 1635 I am_pss : [3531,10084,com.android.music,7829504,5685248,0,95453184,0,19,5]
06-12 13:46:43.656 1548 1635 I am_pss : [3509,10026,com.android.managedprovisioning,8767488,7143424,0,95080448,0,19,4]
06-12 13:46:43.661 1548 1635 I am_pss : [3150,1000,com.android.keychain,8145920,6508544,0,94605312,0,19,4]
06-12 13:46:43.666 1548 1635 I am_pss : [3457,1000,com.android.dynsystem:dynsystem,5600256,3837952,0,92045312,0,19,4]
06-12 13:46:43.674 1548 1635 I am_pss : [3249,10020,android.process.acore,12984320,9322496,0,116916224,0,19,7]
06-12 13:46:43.680 1548 1635 I am_pss : [3431,1000,com.android.dynsystem,5393408,3727360,0,91144192,0,19,5]
06-12 13:46:43.685 1548 1635 I am_pss : [3302,1000,com.qti.diagservices,5810176,3780608,0,95911936,0,10,5]
06-12 13:46:43.691 1548 1635 I am_pss : [3217,10024,com.android.traceur,10007552,8306688,0,97984512,0,19,5]
06-12 13:46:44.810 1548 1829 I input_interaction: Interaction with: 7afd6aa com.android.launcher3/com.android.launcher3.uioverrides.QuickstepLauncher (server), 5cbc327 com.android.systemui.ImageWallpaper (server), edge-swipe (server), swipe-up (server), PointerEventDispatcher0 (server),
06-12 13:46:44.899 1548 3458 I thunderperf: PlatormCompat.setOverrides: Uid1=10072 Pid1=2555 Uid2=10072 Pid2=2555
06-12 13:46:44.899 1548 3458 I thunderperf: PlatormCompat.setOverrides: needCheck:false
06-12 13:46:44.900 1548 3458 I thunderperf: CompatConfig.addOverrideUnsafe: bef-state=1
06-12 13:46:44.900 1548 3458 E thunderperf: CompatConfig.addOverrideUnsafe: exception:java.lang.SecurityException: Cannot override a change on a non-debuggable app and user build.
06-12 13:46:44.900 1548 3458 I thunderperf: CompatConfig.addOverrideUnsafe: aft-state=1
06-12 13:46:44.901 1548 3458 I thunderperf: CompatConfig.addOverrideUnsafe: bef-state=1
06-12 13:46:44.902 1548 3458 E thunderperf: CompatConfig.addOverrideUnsafe: exception:java.lang.SecurityException: Cannot override a change on a non-debuggable app and user build.
06-12 13:46:44.902 1548 3458 I thunderperf: CompatConfig.addOverrideUnsafe: aft-state=1
06-12 13:46:44.902 1548 3458 I thunderperf: CompatConfig.addOverrideUnsafe: bef-state=1
06-12 13:46:44.902 1548 3458 E thunderperf: CompatConfig.addOverrideUnsafe: exception:java.lang.SecurityException: Cannot override a change on a non-debuggable app and user build.
06-12 13:46:44.903 1548 3458 I thunderperf: CompatConfig.addOverrideUnsafe: aft-state=1
06-12 13:46:44.903 1548 3458 I thunderperf: CompatConfig.addOverrideUnsafe: bef-state=1
06-12 13:46:44.903 1548 3458 E thunderperf: CompatConfig.addOverrideUnsafe: exception:java.lang.SecurityException: Cannot override a change on a non-debuggable app and user build.
06-12 13:46:44.903 1548 3458 I thunderperf: CompatConfig.addOverrideUnsafe: aft-state=1
06-12 13:46:44.904 1548 3458 I thunderperf: CompatConfig.addOverrideUnsafe: bef-state=1
06-12 13:46:44.904 1548 3458 E thunderperf: CompatConfig.addOverrideUnsafe: exception:java.lang.SecurityException: Cannot override a change on a non-debuggable app and user build.
06-12 13:46:44.904 1548 3458 I thunderperf: CompatConfig.addOverrideUnsafe: aft-state=1
06-12 13:46:44.904 1548 3458 I thunderperf: CompatConfig.addOverrideUnsafe: bef-state=1
06-12 13:46:44.904 1548 3458 E thunderperf: CompatConfig.addOverrideUnsafe: exception:java.lang.SecurityException: Cannot override a change on a non-debuggable app and user build.
06-12 13:46:44.904 1548 3458 I thunderperf: CompatConfig.addOverrideUnsafe: aft-state=1
06-12 13:46:44.905 1548 3458 I thunderperf: CompatConfig.addOverrideUnsafe: bef-state=1
06-12 13:46:44.905 1548 3458 E thunderperf: CompatConfig.addOverrideUnsafe: exception:java.lang.SecurityException: Cannot override a change on a non-debuggable app and user build.
06-12 13:46:44.905 1548 3458 I thunderperf: CompatConfig.addOverrideUnsafe: aft-state=1
06-12 13:46:44.905 1548 3458 I thunderperf: CompatConfig.addOverrideUnsafe: bef-state=1
06-12 13:46:44.906 1548 3458 E thunderperf: CompatConfig.addOverrideUnsafe: exception:java.lang.SecurityException: Cannot override a change on a non-debuggable app and user build.
06-12 13:46:44.906 1548 3458 I thunderperf: CompatConfig.addOverrideUnsafe: aft-state=1
06-12 13:46:44.906 1548 3458 I thunderperf: CompatConfig.addOverrideUnsafe: bef-state=1
06-12 13:46:44.906 1548 3458 E thunderperf: CompatConfig.addOverrideUnsafe: exception:java.lang.SecurityException: Cannot override a change on a non-debuggable app and user build.
06-12 13:46:44.906 1548 3458 I thunderperf: CompatConfig.addOverrideUnsafe: aft-state=1
06-12 13:46:44.907 1548 3458 I thunderperf: CompatConfig.addOverrideUnsafe: bef-state=1
06-12 13:46:44.907 1548 3458 E thunderperf: CompatConfig.addOverrideUnsafe: exception:java.lang.SecurityException: Cannot override a change on a non-debuggable app and user build.
06-12 13:46:44.907 1548 3458 I thunderperf: CompatConfig.addOverrideUnsafe: aft-state=1
06-12 13:46:44.907 1548 3458 I thunderperf: CompatConfig.addOverrideUnsafe: bef-state=1
06-12 13:46:44.908 1548 3458 E thunderperf: CompatConfig.addOverrideUnsafe: exception:java.lang.SecurityException: Cannot override a change on a non-debuggable app and user build.
06-12 13:46:44.908 1548 3458 I thunderperf: CompatConfig.addOverrideUnsafe: aft-state=1
06-12 13:46:44.908 1548 3458 I thunderperf: CompatConfig.addOverrideUnsafe: bef-state=1
06-12 13:46:44.908 1548 3458 E thunderperf: CompatConfig.addOverrideUnsafe: exception:java.lang.SecurityException: Cannot override a change on a non-debuggable app and user build.
06-12 13:46:44.908 1548 3458 I thunderperf: CompatConfig.addOverrideUnsafe: aft-state=1
06-12 13:46:44.909 1548 3458 I thunderperf: CompatConfig.addOverrideUnsafe: bef-state=1
06-12 13:46:44.909 1548 3458 E thunderperf: CompatConfig.addOverrideUnsafe: exception:java.lang.SecurityException: Cannot override a change on a non-debuggable app and user build.
06-12 13:46:44.909 1548 3458 I thunderperf: CompatConfig.addOverrideUnsafe: aft-state=1
06-12 13:46:44.909 1548 3458 I thunderperf: CompatConfig.addOverrideUnsafe: bef-state=1
06-12 13:46:44.909 1548 3458 E thunderperf: CompatConfig.addOverrideUnsafe: exception:java.lang.SecurityException: Cannot override a change on a non-debuggable app and user build.
06-12 13:46:44.909 1548 3458 I thunderperf: CompatConfig.addOverrideUnsafe: aft-state=1
06-12 13:46:44.915 1548 3458 I ActivityTaskManager: START u0 {act=android.intent.action.MAIN cat=[android.intent.category.LAUNCHER] flg=0x10200000 cmp=com.android.settings/.Settings bnds=[2306,740][2508,940]} from uid 10072
06-12 13:46:44.916 1548 3458 D ActivityTaskManager: TaskLaunchParamsModifier:task=null activity=ActivityRecord{579cb55 u0 com.android.settings/.Settings taskAffinity=1000:com.android.settings.root display-area-from-source=DefaultTaskDisplayArea@262119703 display-id=0 display-windowing-mode=1 suggested-display-area=DefaultTaskDisplayArea@262119703
06-12 13:46:44.921 1548 3458 D ActivityTaskManager: TaskLaunchParamsModifier:task=null activity=ActivityRecord{579cb55 u0 com.android.settings/.Settings taskAffinity=1000:com.android.settings.root t-1} display-area-from-source=DefaultTaskDisplayArea@262119703 display-id=0 display-windowing-mode=1 suggested-display-area=DefaultTaskDisplayArea@262119703 non-freeform-display display-area=DefaultTaskDisplayArea@262119703
06-12 13:46:44.921 1548 3458 I wm_task_created: [72,-1]
06-12 13:46:44.921 1548 3458 W ActivityTaskManager: Can't find TaskDisplayArea to determine support for multi window. Task id=72 attached=false
06-12 13:46:44.922 1548 3458 D ActivityTaskManager: TaskLaunchParamsModifier:task=Task{ff456f8 #72 type=standard A=1000:com.android.settings.root U=0 visible=false mode=fullscreen translucent=true sz=0 visible freeform task=true rootAffinity=1000:com.android.settings.root isMini=false} activity=ActivityRecord{579cb55 u0 com.android.settings/.Settings taskAffinity=1000:com.android.settings.root t-1} display-area-from-source=DefaultTaskDisplayArea@262119703 display-id=0 display-windowing-mode=1 suggested-display-area=DefaultTaskDisplayArea@262119703 non-freeform-display display-area=DefaultTaskDisplayArea@262119703
06-12 13:46:44.923 1548 3458 D CompatibilityChangeReporter: Compat change id reported: 174042980; UID 1000; state: DISABLED
06-12 13:46:44.923 1548 3458 I wm_task_moved: [72,1,6]
06-12 13:46:44.923 1548 3458 I wm_task_to_front: [0,72]
06-12 13:46:44.923 1548 3458 I wm_create_task: [0,72]
06-12 13:46:44.923 1548 3458 I wm_create_activity: [0,91867989,72,com.android.settings/.Settings,android.intent.action.MAIN,NULL,NULL,270532608]
06-12 13:46:44.923 1548 3458 I wm_task_moved: [72,1,6]
06-12 13:46:44.925 1548 3458 I wm_pause_activity: [0,52570311,com.android.launcher3/.uioverrides.QuickstepLauncher,userLeaving=true,pauseBackTasks]
06-12 13:46:44.927 2555 2555 I wm_on_top_resumed_lost_called: [52570311,com.android.launcher3.uioverrides.QuickstepLauncher,topStateChangedWhenResumed]
06-12 13:46:44.928 1936 2138 W StartingSurfaceDrawer: Window background is transparent, fill background with black color
06-12 13:46:44.928 2555 2555 I wm_on_paused_called: [52570311,com.android.launcher3.uioverrides.QuickstepLauncher,performPause]
06-12 13:46:44.929 1548 3338 I ActivityTaskManager: FOREGROUND_APPLICATION_CHANGED to com.android.settings.homepage.SettingsHomepageActivity
06-12 13:46:44.929 1548 3338 I ActivityTaskManager: The Process com.android.settings Already Exists in BG. So sending its PID: 2423
06-12 13:46:44.930 1548 3338 W ActivityTaskManager: Tried to set launchTime (0) < mLastActivityLaunchTime (9763)
06-12 13:46:44.930 1548 3338 I wm_add_to_stopping: [0,52570311,com.android.launcher3/.uioverrides.QuickstepLauncher,makeInvisible]
06-12 13:46:44.930 1548 3338 D CompatibilityChangeReporter: Compat change id reported: 181136395; UID 1000; state: DISABLED
06-12 13:46:44.930 1548 3338 D CompatibilityChangeReporter: Compat change id reported: 174042936; UID 1000; state: DISABLED
06-12 13:46:44.931 1548 3338 I wm_restart_activity: [0,91867989,72,com.android.settings/.Settings]
06-12 13:46:44.931 1548 3338 I wm_set_resumed_activity: [0,com.android.settings/.Settings,minimalResumeActivityLocked]
06-12 13:46:44.934 1548 1622 I sysui_multi_action: [757,803,799,window_time_0,802,47]
06-12 13:46:44.962 1548 1829 I input_focus: [Focus leaving 7afd6aa com.android.launcher3/com.android.launcher3.uioverrides.QuickstepLauncher (server),reason=NO_WINDOW]
06-12 13:46:45.033 1548 2993 D ActivityTaskManager: Skipping, freeform mode : Task{abac04d #63 type=undefined A=10092:com.netease.cloudmusic U=0 visible=false mode=freeform translucent=true sz=0 visible freeform task=true rootAffinity=10092:com.netease.cloudmusic isMini=false}
06-12 13:46:45.042 2423 2423 I wm_on_create_called: [91867989,com.android.settings.Settings,performCreate]
06-12 13:46:45.046 1548 3338 E UserRestrictionsUtils: Unknown restriction queried by uid 1000 (com.thundercomm.microsettings et al): null
06-12 13:46:45.047 1548 3338 E UserRestrictionsUtils: Unknown restriction queried by uid 1000 (com.thundercomm.microsettings et al): null
06-12 13:46:45.047 1548 3458 E UserRestrictionsUtils: Unknown restriction queried by uid 1000 (com.thundercomm.microsettings et al): null
06-12 13:46:45.047 1548 3338 E UserRestrictionsUtils: Unknown restriction queried by uid 1000 (com.thundercomm.microsettings et al): null
06-12 13:46:45.047 1548 3458 E UserRestrictionsUtils: Unknown restriction queried by uid 1000 (com.thundercomm.microsettings et al): null
06-12 13:46:45.047 1548 2993 E UserRestrictionsUtils: Unknown restriction queried by uid 1000 (com.thundercomm.microsettings et al): null
06-12 13:46:45.047 1548 2054 E UserRestrictionsUtils: Unknown restriction queried by uid 1000 (com.thundercomm.microsettings et al): null
06-12 13:46:45.047 1548 2993 E UserRestrictionsUtils: Unknown restriction queried by uid 1000 (com.thundercomm.microsettings et al): null
06-12 13:46:45.047 1548 3458 E UserRestrictionsUtils: Unknown restriction queried by uid 1000 (com.thundercomm.microsettings et al): null
06-12 13:46:45.048 1548 3338 E UserRestrictionsUtils: Unknown restriction queried by uid 1000 (com.thundercomm.microsettings et al): null
06-12 13:46:45.048 1548 2998 E UserRestrictionsUtils: Unknown restriction queried by uid 1000 (com.thundercomm.microsettings et al): null
06-12 13:46:45.048 1548 2074 E UserRestrictionsUtils: Unknown restriction queried by uid 1000 (com.thundercomm.microsettings et al): null
06-12 13:46:45.048 1548 2072 E UserRestrictionsUtils: Unknown restriction queried by uid 1000 (com.thundercomm.microsettings et al): null
06-12 13:46:45.048 1548 2056 E UserRestrictionsUtils: Unknown restriction queried by uid 1000 (com.thundercomm.microsettings et al): null
06-12 13:46:45.048 1548 2990 E UserRestrictionsUtils: Unknown restriction queried by uid 1000 (com.thundercomm.microsettings et al): null
06-12 13:46:45.048 1548 1875 E UserRestrictionsUtils: Unknown restriction queried by uid 1000 (com.thundercomm.microsettings et al): null
06-12 13:46:45.048 1548 2924 E UserRestrictionsUtils: Unknown restriction queried by uid 1000 (com.thundercomm.microsettings et al): null
06-12 13:46:45.049 1548 1918 E UserRestrictionsUtils: Unknown restriction queried by uid 1000 (com.thundercomm.microsettings et al): null
06-12 13:46:45.066 2423 2423 I wm_on_start_called: [91867989,com.android.settings.Settings,handleStartActivity]
06-12 13:46:45.066 2423 2423 I snet_event_log: [120484087,-1,]
06-12 13:46:45.067 2423 2423 I wm_on_resume_called: [91867989,com.android.settings.Settings,RESUME_ACTIVITY]
06-12 13:46:45.068 2423 2423 I sysui_multi_action: [757,35,758,1,833,0,1089,25]
06-12 13:46:45.074 2423 2423 I sysui_multi_action: [757,1729,758,4,854,isParalleledControllers:false,1089,32]
06-12 13:46:45.077 2423 2423 I wm_on_top_resumed_gained_called: [91867989,com.android.settings.Settings,topStateChangedWhenResumed]
06-12 13:46:45.101 1548 1623 I input_focus: [Focus request 6585a6c com.android.settings/com.android.settings.Settings,reason=UpdateInputWindows]
06-12 13:46:45.128 1548 1623 I sysui_multi_action: [324,1,757,1090,758,12,806,com.android.settings,871,com.android.settings.Settings,1091,213]
06-12 13:46:45.131 1548 1619 I sysui_multi_action: [319,41,321,40,322,213,325,63,757,761,758,8,759,1,806,com.android.settings,871,com.android.settings.Settings,904,com.android.launcher3,905,0,1320,8,1321,5]
06-12 13:46:45.131 1548 1619 I wm_activity_launch_time: [0,91867989,com.android.settings/.Settings,213]
06-12 13:46:45.145 1548 1829 I input_focus: [Focus entering 6585a6c com.android.settings/com.android.settings.Settings (server),reason=Window became focusable. Previous reason: NOT_VISIBLE]
06-12 13:46:45.185 2423 2423 W CarrierConfigManager: Error getting config for subId -1 ICarrierConfigLoader is null
06-12 13:46:45.187 1548 2056 E UserRestrictionsUtils: Unknown restriction queried by uid 1000 (com.thundercomm.microsettings et al): null
06-12 13:46:45.208 2423 2423 I sysui_multi_action: [757,746,758,1,833,0,1089,30]
06-12 13:46:45.209 1548 1792 D TelephonyRegistry: listen oscl: mHasNotifySubscriptionInfoChangedOccurred==false no callback
06-12 13:46:45.214 1548 1792 D TelephonyRegistry: listen oscl: mHasNotifySubscriptionInfoChangedOccurred==false no callback
06-12 13:46:45.219 2423 2423 I sysui_multi_action: [757,1729,758,4,854,isParalleledControllers:false,1089,41]
06-12 13:46:45.248 1548 1792 W ActivityTaskManager: Request to remove task ignored for non-existent task 8
06-12 13:46:45.254 0 0 I [ 63.518421] [schedu][0x4bbfd208][13: 46:45.252958] wlan: [3397:I:OSIF] scan start scan id 40962
06-12 13:46:45.479 1548 1622 I wm_stop_activity: [0,52570311,com.android.launcher3/.uioverrides.QuickstepLauncher]
06-12 13:46:45.497 2555 2555 I wm_on_stop_called: [52570311,com.android.launcher3.uioverrides.QuickstepLauncher,STOP_ACTIVITY_ITEM]
06-12 13:46:46.634 0 0 I [ 64.899658] [schedu][0x4d547ada][13: 46:46.634195] wlan: [3397:I:OSIF] vdev 0, scan id 40962 type COMPLETED(1) reason COMPLETED(1) scan found 67 bss
06-12 13:46:46.635 1456 3803 I liblog : 108
06-12 13:46:46.635 1456 3803 I liblog : 3
06-12 13:46:46.635 1456 3803 I liblog : 2
06-12 13:46:46.635 1456 3803 I liblog : 1
06-12 13:46:46.635 1456 3803 I liblog : 1
06-12 13:46:46.636 1456 3803 I liblog : 2
06-12 13:46:46.636 1456 3803 I liblog : 11
06-12 13:46:46.636 1456 3803 I liblog : 1
06-12 13:46:46.636 1456 3803 I liblog : 1
06-12 13:46:46.636 1456 3803 I liblog : 1
06-12 13:46:46.636 1456 3803 I liblog : 2
06-12 13:46:46.636 1456 3803 I liblog : 1
06-12 13:46:46.636 1456 3803 I liblog : 1
06-12 13:46:46.636 1456 3803 I liblog : 1
06-12 13:46:46.636 1456 3803 I liblog : 1
06-12 13:46:46.636 1456 3803 I liblog : 1
06-12 13:46:46.636 1456 3803 I liblog : 1
06-12 13:46:46.636 1456 3803 I liblog : 1
06-12 13:46:46.636 1456 3803 I liblog : 2
06-12 13:46:46.636 1456 3803 I liblog : 1
06-12 13:46:47.034 0 0 I : [ 65.296848] IRQ 5: no longer affine to CPU4
06-12 13:46:47.617 1548 1829 I input_interaction: Interaction with: 6585a6c com.android.settings/com.android.settings.Settings (server), edge-swipe (server), swipe-up (server), PointerEventDispatcher0 (server),
06-12 13:46:47.683 2423 2423 I sysui_multi_action: [757,138,758,4,759,1]
06-12 13:46:47.692 2423 2423 I sysui_multi_action: [757,830,758,4,833,0,854,main_toggle_wifi,1089,0]
06-12 13:46:47.710 837 837 W android.hardware.wifi@1.0-service: No active wlan interfaces in use! Using default
06-12 13:46:47.718 0 0 I [ 65.982496] [wpa_su][0x4e91b6e7][13: 46:47.717023] wlan: [3424:I:HDD] wlan0(vdevid-0): Received Disconnect reason:3 WLAN_REASON_DEAUTH_LEAVING
06-12 13:46:47.718 0 0 I [ 65.983081] [schedu][0x4e91e34d][13: 46:47.717615] wlan: [3397:I:PE] Deauth TX: vdev 0 seq_num 2053 reason 3 waitForAck 1 to ce:62:2e:85:f7:3d from 7e:28:ab:a7:c0:a1
06-12 13:46:47.797 0 0 I [ 66.061214] [schedu][0x4ea8c701][13: 46:47.795744] wlan: [3397:I:HDD] wlan0(vdevid-0): disconnected
06-12 13:46:47.797 0 0 I [ 66.061238] [schedu][0x4ea8c90f][13: 46:47.795771] wlan: [3397:I:DP] dp_tx_flow_pool_unmap_handler: flow_id 0 flow_type 0 flow_pool_id 0
06-12 13:46:47.801 0 0 I [ 66.063090] [wpa_su][0x4ea95161][13: 46:47.797589] wlan: [3424:I:HDD] Disconnect reason: 3 WLAN_REASON_DEAUTH_LEAVING vendor: 0 LG: 1
06-12 13:46:47.814 1548 1998 I ntp_failure: [time.android.com/216.239.35.4,java.net.SocketTimeoutException: Poll timed out]
06-12 13:46:47.819 1210 1210 I wificond: Unsubscribe scan result for interface with index: 17
06-12 13:46:47.826 0 0 I [ 66.089656] init: processing action (sys.tlog.tlogdshc.active=1) from (/system/etc/init/tlogd.rc:195)
06-12 13:46:47.826 0 0 I [ 66.090172] init: starting service 'tlogdshc'...
06-12 13:46:47.894 1548 1813 I commit_sys_config_file: [settings-0-0,5]
06-12 13:46:47.919 0 0 I [ 66.183928] [schedu][0x4eccba6a][13: 46:47.918456] wlan: [3397:I:HIF] Deinitializing Runtime PM wakelock &vdev->vdev_set_key_runtime_wakelock
06-12 13:46:47.923 0 0 I [ 66.185710] [schedu][0x4ecd407e][13: 46:47.920244] wlan: [3397:I:HIF] Initializing Runtime PM wakelock &vdev->vdev_set_key_runtime_wakelock
06-12 13:46:47.926 1210 1210 I wificond: tearDownClientInterface: erasing wiphy_index for iface_name wlan0
06-12 13:46:47.926 1210 1210 I wificond: remove channel type 0 support at wiphy index 0
06-12 13:46:47.926 1210 1210 I wificond: remove channel type 1 support at wiphy index 0
06-12 13:46:47.938 0 0 I [ 66.203421] init: Service 'wpa_supplicant' (pid 3424) exited with status 0 oneshot service took 53.436001 seconds in background
06-12 13:46:47.938 0 0 I [ 66.203446] init: Sending signal 9 to service 'wpa_supplicant' (pid 3424) process group...
