06-12 13:45:49.765 1548 1548 I SystemServiceManager: Starting com.android.server.content.ContentService$Lifecycle
06-12 13:45:49.766 1548 1548 I SystemServerTiming: InstallSystemProviders
06-12 13:45:49.786 1548 1548 I service_manager_slow: [16,network_management]
06-12 13:45:49.829 0 0 I [ 8.406142] binder: 1548:1548 ioctl c00c620f 7fda4f1468 returned -22
06-12 13:45:49.829 1548 1548 W ActivityManager: unable to read freezer info
06-12 13:45:49.829 1548 1638 D ActivityManager: Freezer disabled
06-12 13:45:49.830 1548 1785 I PackageManager: Deferred reconcileAppsData finished 109 packages
06-12 13:45:49.830 1548 1548 I SystemServerTiming: StartDropBoxManager
06-12 13:45:49.830 1548 1548 I SystemServiceManager: Starting com.android.server.DropBoxManagerService
06-12 13:45:49.831 1548 1548 I SystemServerTiming: StartRoleManagerService
06-12 13:45:49.831 1548 1548 I SystemServiceManager: Starting com.android.role.RoleService
06-12 13:45:49.833 1548 1548 I SystemServerTiming: StartVibratorManagerService
06-12 13:45:49.833 1548 1548 I SystemServiceManager: Starting com.android.server.vibrator.VibratorManagerService$Lifecycle
06-12 13:45:49.834 0 0 E [ 8.410490] init: Control message: Could not find 'android.frameworks.sensorservice@1.0::ISensorManager/default' for ctl.interface_start from pid: 517 (/system/bin/hwservicemanager)
06-12 13:45:49.835 1548 1548 I SystemServerTiming: StartDynamicSystemService
06-12 13:45:49.835 1548 1548 I SystemServerTiming: StartConsumerIrService
06-12 13:45:49.836 1548 1548 I SystemServerTiming: StartAlarmManagerService
06-12 13:45:49.836 1548 1548 I SystemServiceManager: Starting com.android.server.alarm.AlarmManagerService
06-12 13:45:49.839 0 0 E [ 8.414791] init: Control message: Could not find 'android.frameworks.sensorservice@1.0::ISensorManager/default' for ctl.interface_start from pid: 517 (/system/bin/hwservicemanager)
06-12 13:45:49.849 1548 1548 I SystemServerTiming: StartInputManagerService
06-12 13:45:49.849 1548 1548 I InputManager: Initializing input manager, mUseDevInputEventForAudioJack=true
06-12 13:45:49.855 1548 1548 I SystemServerTiming: DeviceStateManagerService
06-12 13:45:49.855 1548 1548 I SystemServiceManager: Starting com.android.server.devicestate.DeviceStateManagerService
06-12 13:45:49.857 1548 1548 I SystemServerTiming: StartCameraServiceProxy
06-12 13:45:49.857 1548 1548 I SystemServiceManager: Starting com.android.server.camera.CameraServiceProxy
06-12 13:45:49.860 1548 1548 I SystemServerTiming: StartWindowManagerService
06-12 13:45:49.860 1548 1548 I SystemServiceManager: Starting phase 200
06-12 13:45:49.860 1548 1548 I SystemServerTiming: OnBootPhase_200
06-12 13:45:49.860 1548 1548 I SystemServerTiming: OnBootPhase_200_com.android.server.security.FileIntegrityService
06-12 13:45:49.860 1548 1548 I SystemServerTiming: OnBootPhase_200_com.android.server.pm.Installer
06-12 13:45:49.860 1548 1548 I SystemServerTiming: OnBootPhase_200_com.android.server.os.DeviceIdentifiersPolicyService
06-12 13:45:49.860 1548 1548 I SystemServerTiming: OnBootPhase_200_com.android.server.uri.UriGrantsManagerService$Lifecycle
06-12 13:45:49.860 1548 1548 I SystemServerTiming: OnBootPhase_200_com.android.server.powerstats.PowerStatsService
06-12 13:45:49.860 1548 1548 I SystemServerTiming: OnBootPhase_200_com.android.server.wm.ActivityTaskManagerService$Lifecycle
06-12 13:45:49.860 1548 1548 I SystemServerTiming: OnBootPhase_200_com.android.server.am.ActivityManagerService$Lifecycle
06-12 13:45:49.860 1548 1548 I SystemServerTiming: OnBootPhase_200_com.android.server.pm.DataLoaderManagerService
06-12 13:45:49.860 1548 1548 I SystemServerTiming: OnBootPhase_200_com.android.server.power.PowerManagerService
06-12 13:45:49.860 1548 1548 I SystemServerTiming: OnBootPhase_200_com.android.server.power.ThermalManagerService
06-12 13:45:49.860 1548 1548 I SystemServerTiming: OnBootPhase_200_com.android.server.power.hint.HintManagerService
06-12 13:45:49.860 1548 1548 I SystemServerTiming: OnBootPhase_200_com.android.server.recoverysystem.RecoverySystemService$Lifecycle
06-12 13:45:49.860 1548 1548 I SystemServerTiming: OnBootPhase_200_com.android.server.lights.LightsService
06-12 13:45:49.860 1548 1548 I SystemServerTiming: OnBootPhase_200_com.android.server.display.DisplayManagerService
06-12 13:45:49.860 1548 1548 I SystemServerTiming: OnBootPhase_200_com.android.server.pm.verify.domain.DomainVerificationService
06-12 13:45:49.860 1548 1548 I SystemServerTiming: OnBootPhase_200_com.android.server.pm.PackageInstallerService$Lifecycle
06-12 13:45:49.860 1548 1548 I SystemServerTiming: OnBootPhase_200_com.android.server.pm.UserManagerService$LifeCycle
06-12 13:45:49.860 1548 1548 I SystemServerTiming: OnBootPhase_200_com.android.server.om.OverlayManagerService
06-12 13:45:49.860 1548 1548 I SystemServerTiming: OnBootPhase_200_com.android.server.SensorPrivacyService
06-12 13:45:49.860 1548 1548 I SystemServerTiming: OnBootPhase_200_com.android.server.thunderperf.ThunderBoostPerfService
06-12 13:45:49.860 1548 1548 I SystemServerTiming: OnBootPhase_200_com.android.server.sensors.SensorService
06-12 13:45:49.860 1548 1548 I SystemServerTiming: OnBootPhase_200_com.android.server.SystemConfigService
06-12 13:45:49.860 1548 1548 I SystemServerTiming: OnBootPhase_200_com.android.server.BatteryService
06-12 13:45:49.860 1548 1548 I SystemServerTiming: OnBootPhase_200_com.android.server.usage.UsageStatsService
06-12 13:45:49.860 1548 1548 I SystemServerTiming: OnBootPhase_200_com.android.server.webkit.WebViewUpdateService
06-12 13:45:49.860 1548 1548 I SystemServerTiming: OnBootPhase_200_com.android.server.CachedDeviceStateService
06-12 13:45:49.860 1548 1548 I SystemServerTiming: OnBootPhase_200_com.android.server.BinderCallsStatsService$LifeCycle
06-12 13:45:49.860 1548 1548 I SystemServerTiming: OnBootPhase_200_com.android.server.LooperStatsService$Lifecycle
06-12 13:45:49.860 1548 1548 I SystemServerTiming: OnBootPhase_200_com.android.server.rollback.RollbackManagerService
06-12 13:45:49.860 1548 1548 I SystemServerTiming: OnBootPhase_200_com.android.server.os.NativeTombstoneManagerService
06-12 13:45:49.860 1548 1548 I SystemServerTiming: OnBootPhase_200_com.android.server.os.BugreportManagerService
06-12 13:45:49.860 1548 1548 I SystemServerTiming: OnBootPhase_200_com.android.server.gpu.GpuService
06-12 13:45:49.860 1548 1548 I SystemServerTiming: OnBootPhase_200_com.android.server.security.KeyChainSystemService
06-12 13:45:49.860 1548 1548 I SystemServerTiming: OnBootPhase_200_com.android.server.telecom.TelecomLoaderService
06-12 13:45:49.860 1548 1548 I SystemServerTiming: OnBootPhase_200_com.android.server.accounts.AccountManagerService$Lifecycle
06-12 13:45:49.860 1548 1548 I SystemServerTiming: OnBootPhase_200_com.android.server.content.ContentService$Lifecycle
06-12 13:45:49.860 1548 1548 I SystemServerTiming: OnBootPhase_200_com.android.server.DropBoxManagerService
06-12 13:45:49.860 1548 1548 I SystemServerTiming: OnBootPhase_200_com.android.role.RoleService
06-12 13:45:49.860 1548 1548 I SystemServerTiming: OnBootPhase_200_com.android.server.vibrator.VibratorManagerService$Lifecycle
06-12 13:45:49.860 1548 1548 I SystemServerTiming: OnBootPhase_200_com.android.server.alarm.AlarmManagerService
06-12 13:45:49.860 1548 1548 I SystemServerTiming: OnBootPhase_200_com.android.server.devicestate.DeviceStateManagerService
06-12 13:45:49.860 1548 1548 I SystemServerTiming: OnBootPhase_200_com.android.server.camera.CameraServiceProxy
06-12 13:45:49.861 1548 1548 I WindowManager: No existing display settings, starting empty
06-12 13:45:49.861 1548 1548 I WindowManager: No existing display settings, starting empty
06-12 13:45:49.867 1548 1548 I SystemServerTiming: SetWindowManagerService
06-12 13:45:49.881 1548 1548 I ActivityTaskManager: Loaded persisted task ids for user 0
06-12 13:45:49.881 1548 1548 I wm_task_created: [1,-1]
06-12 13:45:49.882 1548 1548 I SystemServerTiming: WindowManagerServiceOnInitReady
06-12 13:45:49.892 1548 1622 I sysui_multi_action: [757,1594,758,4,759,0,806,NULL]
06-12 13:45:49.887 921 921 I auditd : type=1400 audit(0.0:157): avc: denied { read write } for comm="sensors.qti" name="diag" dev="tmpfs" ino=12425 scontext=u:r:vendor_sensors_qti:s0 tcontext=u:object_r:vendor_diag_device:s0 tclass=chr_file permissive=0
06-12 13:45:49.894 1548 1548 I SystemServerTiming: StartInputManager
06-12 13:45:49.894 1548 1548 I InputManager: Starting input manager
06-12 13:45:49.895 1548 1548 I SystemServerTiming: DisplayManagerWindowManagerAndInputReady
06-12 13:45:49.895 1548 1548 I SystemServerTiming: StartBluetoothService
06-12 13:45:49.895 1548 1548 I SystemServiceManager: Starting com.android.server.BluetoothService
06-12 13:45:49.895 1548 1622 I LogicalDisplayMapper: Requesting Transition to state: 0
06-12 13:45:49.895 1548 1622 I LogicalDisplayMapper: Applying layout: [{addr: {port=129, model=0x40446d97fee5e6}, dispId: 0(ON)}], Previous layout: [{addr: {port=129, model=0x40446d97fee5e6}, dispId: 0(ON)}]
06-12 13:45:49.896 1548 1548 D BluetoothManagerService: Loading stored name and address
06-12 13:45:49.896 1548 1548 D BluetoothManagerService: Stored bluetooth Name=高合娱乐副屏,Address=F0:74:E4:41:13:B5
06-12 13:45:49.896 1548 1548 D BluetoothManagerService: Bluetooth persisted state: 1
06-12 13:45:49.896 1548 1548 D BluetoothManagerService: Startup: Bluetooth persisted state is ON.
06-12 13:45:49.896 1548 1548 D BluetoothManagerService: Detected SystemUiUid: 10077
06-12 13:45:49.896 1548 1548 I SystemServerTiming: IpConnectivityMetrics
06-12 13:45:49.897 1548 1548 I SystemServiceManager: Starting com.android.server.connectivity.IpConnectivityMetrics
06-12 13:45:49.897 1548 1548 I SystemServerTiming: NetworkWatchlistService
06-12 13:45:49.898 1548 1548 I SystemServiceManager: Starting com.android.server.net.watchlist.NetworkWatchlistService$Lifecycle
06-12 13:45:49.898 1548 1828 I SystemServerTimingAsync: InitThreadPoolExec:StartHidlServices
06-12 13:45:49.898 1548 1828 I SystemServerTimingAsync: StartHidlServices
06-12 13:45:49.903 1548 1548 I WatchlistSettings: Reload watchlist settings done
06-12 13:45:49.904 1548 1832 I WatchlistLoggingHandler: No need to aggregate record yet.
06-12 13:45:49.904 1548 1832 I WatchlistLoggingHandler: Milliseconds spent on tryAggregateRecords(): 0
06-12 13:45:49.904 1548 1548 I SystemServerTiming: PinnerService
06-12 13:45:49.904 1548 1548 I SystemServiceManager: Starting com.android.server.PinnerService
06-12 13:45:49.905 1548 1548 V HistoricalRegistry: Interaction before persistence initialized
06-12 13:45:49.905 1548 1548 I SystemServerTiming: IorapForwardingService
06-12 13:45:49.905 1548 1548 I SystemServiceManager: Starting com.google.android.startop.iorap.IorapForwardingService
06-12 13:45:49.906 1548 1635 D PinnerService: pinRangeStream: null
06-12 13:45:49.907 1548 1635 D PinnerService: pinRangeStream: null
06-12 13:45:49.907 1548 1635 D PinnerService: pinRangeStream: null
06-12 13:45:49.908 1548 1635 D PinnerService: pinRangeStream: null
06-12 13:45:49.908 1548 1548 I SystemServiceManager: Starting com.android.server.ActivityTriggerService
06-12 13:45:49.908 1548 1548 I ActivityTriggerService: Starting ActivityTriggerService
06-12 13:45:49.908 1548 1548 I SystemServerTiming: SignedConfigService
06-12 13:45:49.908 1548 1548 I SystemServerTiming: AppIntegrityService
06-12 13:45:49.908 1548 1548 I SystemServiceManager: Starting com.android.server.integrity.AppIntegrityManagerService
06-12 13:45:49.910 1548 1548 E IntegrityFileManager: Error creating staging and rules directory
06-12 13:45:49.919 1548 1635 D PinnerService: pinRangeStream: null
06-12 13:45:49.919 1548 1635 D PinnerService: pinRangeStream: null
06-12 13:45:49.919 1548 1635 D PinnerService: pinRangeStream: null
06-12 13:45:49.922 1548 1548 I WindowManager: SAFE MODE not enabled
06-12 13:45:49.922 1548 1548 I SystemServerTiming: StartInputMethodManagerLifecycle
06-12 13:45:49.922 1548 1548 I SystemServiceManager: Starting com.android.server.inputmethod.InputMethodManagerService$Lifecycle
06-12 13:45:49.924 1548 1635 D PinnerService: pinRangeStream: null
06-12 13:45:49.924 1548 1548 I SystemServerTiming: StartAccessibilityManagerService
06-12 13:45:49.924 1548 1548 I SystemServiceManager: Starting com.android.server.accessibility.AccessibilityManagerService$Lifecycle
06-12 13:45:49.927 1548 1548 I SystemServerTiming: MakeDisplayReady
06-12 13:45:49.928 1548 1548 I configuration_changed: 536894968
06-12 13:45:49.928 1548 1548 I ActivityTaskManager: Config changes=20005df8 {1.0 ?mcc?mnc [zh_CN] ldltr sw720dp w1706dp h665dp 240dpi lrg long land ?uimode ?night -touch -keyb/v/h -nav/h winConfig={ mBounds=Rect(0, 0 - 2560, 1080) mAppBounds=Rect(0, 0 - 2560, 1034) mMaxBounds=Rect(0, 0 - 2560, 1080) mWindowingMode=fullscreen mDisplayWindowingMode=fullscreen mActivityType=undefined mAlwaysOnTop=undefined mRotation=ROTATION_0} s.2 ?fontWeightAdjustment}
06-12 13:45:49.928 1548 1548 I WindowManager: Override config changes=60007dfc {1.0 ?mcc?mnc [zh_CN] ldltr sw720dp w1706dp h665dp 240dpi lrg long land ?uimode ?night -touch -keyb/v/h -nav/h winConfig={ mBounds=Rect(0, 0 - 2560, 1080) mAppBounds=Rect(0, 0 - 2560, 1034) mMaxBounds=Rect(0, 0 - 2560, 1080) mWindowingMode=fullscreen mDisplayWindowingMode=fullscreen mActivityType=undefined mAlwaysOnTop=undefined mRotation=ROTATION_0} s.2 ?fontWeightAdjustment} for displayId=0
06-12 13:45:49.929 1548 1548 I sysui_multi_action: [757,1659,758,4,759,2,1660,0]
06-12 13:45:49.929 1548 1635 D PinnerService: pinRangeStream: null
06-12 13:45:49.930 1548 1635 D PinnerService: pinRangeStream: null
06-12 13:45:49.931 1548 1635 D PinnerService: pinRangeStream: null
06-12 13:45:49.932 1548 1635 D PinnerService: pinRangeStream: null
06-12 13:45:49.932 1548 1635 E PinnerService: Could not pin file /system/lib64/libsurfaceflinger.so
06-12 13:45:49.932 1548 1635 E PinnerService: android.system.ErrnoException: open failed: ENOENT (No such file or directory)
06-12 13:45:49.932 1548 1635 E PinnerService: at libcore.io.Linux.open(Native Method)
06-12 13:45:49.932 1548 1635 E PinnerService: at libcore.io.ForwardingOs.open(ForwardingOs.java:567)
06-12 13:45:49.932 1548 1635 E PinnerService: at libcore.io.BlockGuardOs.open(BlockGuardOs.java:273)
06-12 13:45:49.932 1548 1635 E PinnerService: at android.system.Os.open(Os.java:501)
06-12 13:45:49.932 1548 1635 E PinnerService: at com.android.server.PinnerService.pinFileRanges(PinnerService.java:939)
06-12 13:45:49.932 1548 1635 E PinnerService: at com.android.server.PinnerService.pinFile(PinnerService.java:814)
06-12 13:45:49.932 1548 1635 E PinnerService: at com.android.server.PinnerService.handlePinOnStart(PinnerService.java:273)
06-12 13:45:49.932 1548 1635 E PinnerService: at com.android.server.PinnerService.access$1600(PinnerService.java:91)
06-12 13:45:49.932 1548 1635 E PinnerService: at com.android.server.PinnerService$PinnerHandler.handleMessage(PinnerService.java:1183)
06-12 13:45:49.932 1548 1635 E PinnerService: at android.os.Handler.dispatchMessage(Handler.java:106)
06-12 13:45:49.932 1548 1635 E PinnerService: at android.os.Looper.loopOnce(Looper.java:201)
06-12 13:45:49.932 1548 1635 E PinnerService: at android.os.Looper.loop(Looper.java:288)
06-12 13:45:49.932 1548 1635 E PinnerService: at android.os.HandlerThread.run(HandlerThread.java:67)
06-12 13:45:49.932 1548 1635 E PinnerService: Failed to pin file = /system/lib64/libsurfaceflinger.so
06-12 13:45:49.933 1548 1548 I configuration_changed: 8
06-12 13:45:49.933 1548 1548 I ActivityTaskManager: Config changes=8 {1.0 ?mcc?mnc [zh_CN] ldltr sw720dp w1706dp h665dp 240dpi lrg long land ?uimode ?night finger -keyb/v/h -nav/h winConfig={ mBounds=Rect(0, 0 - 2560, 1080) mAppBounds=Rect(0, 0 - 2560, 1034) mMaxBounds=Rect(0, 0 - 2560, 1080) mWindowingMode=fullscreen mDisplayWindowingMode=fullscreen mActivityType=undefined mAlwaysOnTop=undefined mRotation=ROTATION_0} s.4 ?fontWeightAdjustment}
06-12 13:45:49.934 1548 1548 I WindowManager: Override config changes=8 {1.0 ?mcc?mnc [zh_CN] ldltr sw720dp w1706dp h665dp 240dpi lrg long land ?uimode ?night finger -keyb/v/h -nav/h winConfig={ mBounds=Rect(0, 0 - 2560, 1080) mAppBounds=Rect(0, 0 - 2560, 1034) mMaxBounds=Rect(0, 0 - 2560, 1080) mWindowingMode=fullscreen mDisplayWindowingMode=fullscreen mActivityType=undefined mAlwaysOnTop=undefined mRotation=ROTATION_0} s.4 ?fontWeightAdjustment} for displayId=0
06-12 13:45:49.934 1548 1548 I SystemServerTiming: StartStorageManagerService
06-12 13:45:49.934 1548 1548 I SystemServiceManager: Starting com.android.server.StorageManagerService$Lifecycle
06-12 13:45:49.935 0 0 I [ 8.510047] init: processing action (sys.sysctl.extra_free_kbytes=*) from (/system/etc/init/hw/init.rc:1175)
06-12 13:45:49.941 1548 1842 D StorageManagerService: Thinking about init, mBootCompleted=false, mDaemonConnected=true
06-12 13:45:49.941 1548 1842 D StorageManagerService: Thinking about reset, mBootCompleted=false, mDaemonConnected=true
06-12 13:45:49.941 1548 1842 D StorageManagerService: Thinking about init, mBootCompleted=false, mDaemonConnected=true
06-12 13:45:49.941 1548 1842 D StorageManagerService: Thinking about reset, mBootCompleted=false, mDaemonConnected=true
06-12 13:45:49.941 1548 1548 I SystemServerTiming: StartStorageStatsService
06-12 13:45:49.941 1548 1548 I SystemServiceManager: Starting com.android.server.usage.StorageStatsService$Lifecycle
06-12 13:45:49.943 1548 1548 I SystemServerTiming: StartUiModeManager
06-12 13:45:49.943 1548 1548 I SystemServiceManager: Starting com.android.server.UiModeManagerService
06-12 13:45:49.943 1548 1843 I SystemServerTimingAsync: InitThreadPoolExec:UiModeManager.onStart
06-12 13:45:49.943 1548 1548 I SystemServerTiming: UpdatePackagesIfNeeded
06-12 13:45:49.943 1548 1548 I Watchdog: Pausing HandlerChecker: main thread for reason: dexopt. Pause count: 1
06-12 13:45:49.943 1548 1548 I Watchdog: Resuming HandlerChecker: main thread for reason: dexopt. Pause count: 0
06-12 13:45:49.943 1548 1548 I SystemServerTiming: PerformFstrimIfNeeded
06-12 13:45:49.944 1548 1548 W PackageManager: No disk maintenance in 884106944; running immediately
06-12 13:45:49.944 1548 1548 I SystemServerTiming: StartLockSettingsService
06-12 13:45:49.944 1548 1548 I SystemServiceManager: Starting com.android.server.locksettings.LockSettingsService$Lifecycle
06-12 13:45:49.944 1548 1842 I StorageManagerService: Running fstrim idle maintenance
06-12 13:45:49.945 531 1844 D vold : Starting trim of /persist
06-12 13:45:49.947 531 1844 I vold : Trimmed 27938816 bytes on /persist in 1ms
06-12 13:45:49.947 531 1844 D vold : Starting trim of /metadata
06-12 13:45:49.947 1548 1579 I DropBoxManagerService: add tag=storage_trim isTagEnabled=true flags=0x2
06-12 13:45:49.949 531 1844 I vold : Trimmed 11874304 bytes on /metadata in 2ms
06-12 13:45:49.949 531 1844 D vold : Starting trim of /data
06-12 13:45:49.956 1548 1548 I SystemServerTiming: StartPersistentDataBlock
06-12 13:45:49.956 1548 1548 I SystemServiceManager: Starting com.android.server.PersistentDataBlockService
06-12 13:45:49.956 1548 1548 I SystemServerTiming: StartTestHarnessMode
06-12 13:45:49.956 1548 1548 I SystemServiceManager: Starting com.android.server.testharness.TestHarnessModeService
06-12 13:45:49.956 1548 1548 I SystemServerTiming: StartOemLockService
06-12 13:45:49.956 1548 1548 I SystemServiceManager: Starting com.android.server.oemlock.OemLockService
06-12 13:45:49.957 1548 1548 I OemLock : OemLock HAL not present on device
06-12 13:45:49.957 1548 1548 I OemLock : Using persistent data block based lock
06-12 13:45:49.957 1548 1548 I SystemServerTiming: StartDeviceIdleController
06-12 13:45:49.957 1548 1548 I SystemServiceManager: Starting com.android.server.DeviceIdleController
06-12 13:45:49.958 1548 1548 I SystemServerTiming: StartDevicePolicyManager
06-12 13:45:49.958 1548 1548 I SystemServiceManager: Starting com.android.server.devicepolicy.DevicePolicyManagerService$Lifecycle
06-12 13:45:49.959 1548 1846 I SystemServerTimingAsync: InitThreadPoolExec:PersistentDataBlockService.onStart
06-12 13:45:49.961 1548 1548 I DevicePolicyManager: Set ro.organization_owned property to false
06-12 13:45:49.961 1548 1846 E PersistentDataBlockService: not able to find package com.google.android.gms
06-12 13:45:49.961 1548 1846 E PersistentDataBlockService: android.content.pm.PackageManager$NameNotFoundException: com.google.android.gms
06-12 13:45:49.961 1548 1846 E PersistentDataBlockService: at android.app.ApplicationPackageManager.getPackageUidAsUser(ApplicationPackageManager.java:364)
06-12 13:45:49.961 1548 1846 E PersistentDataBlockService: at com.android.server.PersistentDataBlockService.getAllowedUid(PersistentDataBlockService.java:162)
06-12 13:45:49.961 1548 1846 E PersistentDataBlockService: at com.android.server.PersistentDataBlockService.lambda$onStart$0$PersistentDataBlockService(PersistentDataBlockService.java:176)
06-12 13:45:49.961 1548 1846 E PersistentDataBlockService: at com.android.server.PersistentDataBlockService$$ExternalSyntheticLambda0.run(Unknown Source:2)
06-12 13:45:49.961 1548 1846 E PersistentDataBlockService: at com.android.server.SystemServerInitThreadPool.lambda$submitTask$0$SystemServerInitThreadPool(SystemServerInitThreadPool.java:105)
06-12 13:45:49.961 1548 1846 E PersistentDataBlockService: at com.android.server.SystemServerInitThreadPool$$ExternalSyntheticLambda0.run(Unknown Source:6)
06-12 13:45:49.961 1548 1846 E PersistentDataBlockService: at java.util.concurrent.Executors$RunnableAdapter.call(Executors.java:462)
06-12 13:45:49.961 1548 1846 E PersistentDataBlockService: at java.util.concurrent.FutureTask.run(FutureTask.java:266)
06-12 13:45:49.961 1548 1846 E PersistentDataBlockService: at java.util.concurrent.ThreadPoolExecutor.runWorker(ThreadPoolExecutor.java:1167)
06-12 13:45:49.961 1548 1846 E PersistentDataBlockService: at java.util.concurrent.ThreadPoolExecutor$Worker.run(ThreadPoolExecutor.java:641)
06-12 13:45:49.961 1548 1846 E PersistentDataBlockService: at com.android.internal.util.ConcurrentUtils$1$1.run(ConcurrentUtils.java:65)
06-12 13:45:49.961 1548 1548 I SystemServerTiming: StartStatusBarManagerService
06-12 13:45:49.962 1548 1548 D SystemServer: MusicRecognitionManagerService not defined by OEM or disabled by flag
06-12 13:45:49.962 1548 1548 D SystemServer: ContentCaptureService disabled because resource is not overlaid
06-12 13:45:49.962 1548 1548 D SystemServer: AttentionService is not configured on this device
06-12 13:45:49.962 1548 1548 D SystemServer: RotationResolverService is not configured on this device
06-12 13:45:49.962 1548 1548 D SystemServer: SystemCaptionsManagerService disabled because resource is not overlaid
06-12 13:45:49.962 1548 1548 I SystemServerTiming: StartTextToSpeechManagerService
06-12 13:45:49.962 1548 1548 I SystemServiceManager: Starting com.android.server.texttospeech.TextToSpeechManagerService
06-12 13:45:49.962 1548 1548 I SystemServerTiming: StartSpeechRecognitionManagerService
06-12 13:45:49.963 1548 1548 I SystemServiceManager: Starting com.android.server.speech.SpeechRecognitionManagerService
06-12 13:45:49.963 1548 1548 D SystemServer: AppPredictionService not defined by OEM
06-12 13:45:49.963 1548 1548 D SystemServer: ContentSuggestionsService not defined by OEM
06-12 13:45:49.963 1548 1548 I SystemServerTiming: StartSearchUiService
06-12 13:45:49.963 1548 1548 I SystemServiceManager: Starting com.android.server.searchui.SearchUiManagerService
06-12 13:45:49.964 1548 1548 I SystemServerTiming: StartSmartspaceService
06-12 13:45:49.964 1548 1548 I SystemServiceManager: Starting com.android.server.smartspace.SmartspaceManagerService
06-12 13:45:49.964 1548 1548 I SystemServerTiming: InitConnectivityModuleConnector
06-12 13:45:49.964 1548 1548 D ConnectivityModuleConnector: Network stack init
06-12 13:45:49.964 1548 1548 I SystemServerTiming: InitNetworkStackClient
06-12 13:45:49.965 1548 1548 I SystemServerTiming: StartNetworkManagementService
06-12 13:45:49.968 1548 1548 I SystemServerTiming: StartIpSecService
06-12 13:45:49.969 1548 1548 I SystemServerTiming: StartFontManagerService
06-12 13:45:50.039 1548 1548 I SystemServerTiming: StartTextServicesManager
06-12 13:45:50.039 1548 1548 I SystemServiceManager: Starting com.android.server.textservices.TextServicesManagerService$Lifecycle
06-12 13:45:50.040 1548 1548 I SystemServerTiming: StartTextClassificationManagerService
06-12 13:45:50.040 1548 1548 I SystemServiceManager: Starting com.android.server.textclassifier.TextClassificationManagerService$Lifecycle
06-12 13:45:50.041 1548 1548 I SystemServerTiming: StartNetworkScoreService
06-12 13:45:50.041 1548 1548 I SystemServiceManager: Starting com.android.server.NetworkScoreService$Lifecycle
06-12 13:45:50.041 1548 1548 I SystemServerTiming: StartNetworkStatsService
06-12 13:45:50.045 1548 1548 I SystemServerTiming: StartNetworkPolicyManagerService
06-12 13:45:50.047 1548 1548 I SystemServerTiming: StartWifi
06-12 13:45:50.064 1548 1548 I SystemServiceManager: Starting com.android.server.wifi.WifiService
06-12 13:45:50.087 921 921 I auditd : type=1400 audit(0.0:158): avc: denied { read write } for comm="sensors.qti" name="diag" dev="tmpfs" ino=12425 scontext=u:r:vendor_sensors_qti:s0 tcontext=u:object_r:vendor_diag_device:s0 tclass=chr_file permissive=0 --------- beginning of radio
06-12 13:45:50.105 1548 1548 D TelephonyRegistry: listen oscl: mHasNotifySubscriptionInfoChangedOccurred==false no callback
06-12 13:45:50.116 1210 1210 I wificond: New wificond event callback registered
06-12 13:45:50.118 1548 1548 V HistoricalRegistry: Interaction before persistence initialized
06-12 13:45:50.121 1548 1548 I SystemServerTiming: StartWifiScanning
06-12 13:45:50.121 1548 1548 I SystemServiceManager: Starting com.android.server.wifi.scanner.WifiScanningService
06-12 13:45:50.123 1548 1548 I SystemServerTiming: StartRttService
06-12 13:45:50.123 1548 1548 I SystemServiceManager: Starting com.android.server.wifi.rtt.RttService
06-12 13:45:50.124 1548 1548 I SystemServerTiming: StartWifiAware
06-12 13:45:50.124 1548 1548 I SystemServiceManager: Starting com.android.server.wifi.aware.WifiAwareService
06-12 13:45:50.124 1548 1548 I SystemServerTiming: StartWifiP2P
06-12 13:45:50.124 1548 1548 I SystemServiceManager: Starting com.android.server.wifi.p2p.WifiP2pService
06-12 13:45:50.126 1548 1548 I SystemServerTiming: StartEthernet
06-12 13:45:50.126 1548 1548 I SystemServiceManager: Starting com.android.server.ethernet.EthernetService
06-12 13:45:50.127 1548 1548 I SystemServerTiming: StartPacProxyService
06-12 13:45:50.128 1548 1548 I SystemServerTiming: StartConnectivityService
06-12 13:45:50.134 1548 1548 I SystemServiceManager: Starting com.android.server.ConnectivityServiceInitializer
06-12 13:45:50.151 1548 1548 D CompatibilityChangeReporter: Compat change id reported: 182478738; UID 1000; state: ENABLED
06-12 13:45:50.158 1548 1548 I SystemServerTiming: StartVpnManagerService
06-12 13:45:50.159 1548 1548 I SystemServerTiming: StartVcnManagementService
06-12 13:45:50.160 1548 1548 I SystemServerTiming: StartNsdService
06-12 13:45:50.161 1548 1548 D NsdService: Network service discovery is enabled
06-12 13:45:50.161 1548 1548 I SystemServerTiming: StartSystemUpdateManagerService
06-12 13:45:50.162 1548 1548 I SystemUpdateManagerService: No existing info file /data/system/system-update-info.xml
06-12 13:45:50.162 1548 1548 I SystemServerTiming: StartUpdateLockService
06-12 13:45:50.162 1548 1548 I SystemServerTiming: StartNotificationManager
06-12 13:45:50.162 1548 1548 I SystemServiceManager: Starting com.android.server.notification.NotificationManagerService
06-12 13:45:50.165 1548 1548 D ConditionProviders.SCP: new ScheduleConditionProvider()
06-12 13:45:50.170 1548 1548 I NotificationAssistants: Read notification assistant permissions from xml
06-12 13:45:50.171 1548 1548 I ConditionProviders: Read condition provider permissions from xml
06-12 13:45:50.171 1548 1548 I ConditionProviders: Read condition provider permissions from xml
06-12 13:45:50.171 1548 1548 D NotificationAssistants: Approving default notification assistant for user 0
06-12 13:45:50.171 1548 1548 I ConditionProviders: Allowing condition provider android.ext.services/android.ext.services.notification.Assistant (userSet: true)
06-12 13:45:50.171 1548 1548 I GameModeConfig: isGameModeOn cache is null
06-12 13:45:50.171 1548 1548 I GameModeConfig: isGameModeOn = false
06-12 13:45:50.173 1548 1548 D CompatibilityChangeReporter: Compat change id reported: 157233955; UID 1000; state: ENABLED
06-12 13:45:50.175 531 1844 I vold : Trimmed 0 bytes on /data in 225ms
06-12 13:45:50.175 531 1844 D vold : Starting trim of /mnt/vendor/spunvm
06-12 13:45:50.175 531 1844 W vold : Failed to open /mnt/vendor/spunvm: Permission denied
06-12 13:45:50.175 531 1844 D vold : Starting trim of /mnt/vendor/persist
06-12 13:45:50.175 531 1844 I vold : Trimmed 0 bytes on /mnt/vendor/persist in 0ms
06-12 13:45:50.175 1548 1579 I DropBoxManagerService: add tag=storage_trim isTagEnabled=true flags=0x2
06-12 13:45:50.171 531 531 I auditd : type=1400 audit(0.0:159): avc: denied { read } for comm="Binder:531_2" name="spunvm" dev="tmpfs" ino=12726 scontext=u:r:vold:s0 tcontext=u:object_r:vendor_spunvm_file:s0 tclass=dir permissive=0
06-12 13:45:50.175 1548 1579 I DropBoxManagerService: add tag=storage_trim isTagEnabled=true flags=0x2
06-12 13:45:50.176 1548 1579 I DropBoxManagerService: add tag=storage_trim isTagEnabled=true flags=0x2
06-12 13:45:50.181 1548 1548 I SystemServerTiming: StartDeviceMonitor
06-12 13:45:50.181 1548 1548 I SystemServiceManager: Starting com.android.server.storage.DeviceStorageMonitorService
06-12 13:45:50.182 1548 1548 I SystemServerTiming: StartLocationManagerService
06-12 13:45:50.182 1548 1548 I SystemServiceManager: Starting com.android.server.location.LocationManagerService$Lifecycle
06-12 13:45:50.182 1548 1869 I storage_state: [41217664-9172-527a-b3d5-edabb50a7d69,0,0,114895282176,118610538496]
06-12 13:45:50.183 1548 1548 I SystemServerTiming: StartCountryDetectorService
06-12 13:45:50.184 1548 1548 I SystemServerTiming: StartTimeDetectorService
06-12 13:45:50.184 1548 1548 I SystemServiceManager: Starting com.android.server.timedetector.TimeDetectorService$Lifecycle
06-12 13:45:50.184 1548 1548 I SystemServerTiming: StartTimeZoneDetectorService
06-12 13:45:50.184 1548 1548 I SystemServiceManager: Starting com.android.server.timezonedetector.TimeZoneDetectorService$Lifecycle
06-12 13:45:50.185 1548 1548 I SystemServerTiming: StartLocationTimeZoneManagerService
06-12 13:45:50.185 1548 1548 I SystemServiceManager: Starting com.android.server.timezonedetector.location.LocationTimeZoneManagerService$Lifecycle
06-12 13:45:50.185 1548 1548 I SystemServerTiming: StartSearchManagerService
06-12 13:45:50.185 1548 1548 I SystemServiceManager: Starting com.android.server.search.SearchManagerService$Lifecycle
06-12 13:45:50.186 1548 1548 I SystemServerTiming: StartWallpaperManagerService
06-12 13:45:50.186 1548 1548 I SystemServiceManager: Starting com.android.server.wallpaper.WallpaperManagerService$Lifecycle
06-12 13:45:50.186 1548 1548 I SystemServerTiming: StartAudioService
06-12 13:45:50.186 1548 1548 I SystemServiceManager: Starting com.android.server.audio.AudioService$Lifecycle
06-12 13:45:50.198 1548 1548 D MicroServiceManager: bindMicroService: called already get service
06-12 13:45:50.198 1548 1548 I MicroServiceManager: addCommonCallbackListener add listener
06-12 13:45:50.198 1548 1548 I MicroServiceManager: addConnectChangedListener add listener
06-12 13:45:50.201 1548 1548 I SystemServerTiming: StartSoundTriggerMiddlewareService
06-12 13:45:50.201 1548 1548 I SystemServiceManager: Starting com.android.server.soundtrigger_middleware.SoundTriggerMiddlewareService$Lifecycle
06-12 13:45:50.205 1548 1548 I SystemServerTiming: StartDockObserver
06-12 13:45:50.205 1548 1548 I SystemServiceManager: Starting com.android.server.DockObserver
06-12 13:45:50.205 1548 1548 W DockObserver: This kernel does not have dock station support
06-12 13:45:50.205 1548 1548 I SystemServerTiming: StartWiredAccessoryManager
06-12 13:45:50.205 1548 1548 W WiredAccessoryManager: This kernel does not have usb audio support
06-12 13:45:50.205 1548 1548 W WiredAccessoryManager: This kernel does not have HDMI audio support
06-12 13:45:50.206 1548 1548 E WiredAccessoryManager: file /sys/devices/platform/soc/soc:qcom,msm-ext-disp/extcon/extcon3/name not found
06-12 13:45:50.206 1548 1548 W WiredAccessoryManager: Conn soc:qcom,msm-ext-disp/3/0 does not have DP audio support
06-12 13:45:50.206 1548 1548 E WiredAccessoryManager: file /sys/devices/platform/soc/soc:qcom,msm-ext-disp/extcon/extcon2/name not found
06-12 13:45:50.206 1548 1548 W WiredAccessoryManager: Conn soc:qcom,msm-ext-disp/2/0 does not have DP audio support
06-12 13:45:50.206 1548 1548 E WiredAccessoryManager: set dev_index 1
06-12 13:45:50.206 1548 1548 W WiredAccessoryManager: checkCableIndex set cable 0
06-12 13:45:50.206 1548 1548 E WiredAccessoryManager: set dev_index 0
06-12 13:45:50.206 1548 1548 W WiredAccessoryManager: checkCableIndex set cable 0
06-12 13:45:50.206 1548 1548 I SystemServerTiming: StartMidiManager
06-12 13:45:50.206 1548 1548 I SystemServiceManager: Starting com.android.server.midi.MidiService$Lifecycle
06-12 13:45:50.207 1548 1548 I SystemServerTiming: StartAdbService
06-12 13:45:50.207 1548 1548 I SystemServiceManager: Starting com.android.server.adb.AdbService$Lifecycle
06-12 13:45:50.209 1548 1548 I SystemServerTiming: StartUsbService
06-12 13:45:50.209 1548 1548 I SystemServiceManager: Starting com.android.server.usb.UsbService$Lifecycle
06-12 13:45:50.209 1548 1548 I SystemServerTiming: StartSerialService
06-12 13:45:50.209 1548 1626 I SystemServerTimingAsync: InitThreadPoolExec:UsbService$Lifecycle#onStart
06-12 13:45:50.210 1548 1626 E UsbDeviceManager: failed to write to /sys/class/android_usb/android0/f_rndis/ethaddr
06-12 13:45:50.210 1548 1626 I UsbDeviceManager: USB GADGET HAL not present in the device
06-12 13:45:50.210 1548 1626 I UsbDeviceManager: java.util.NoSuchElementException
06-12 13:45:50.210 1548 1626 I UsbDeviceManager: at android.os.HwBinder.getService(Native Method)
06-12 13:45:50.210 1548 1626 I UsbDeviceManager: at android.hardware.usb.gadget.V1_0.IUsbGadget.getService(IUsbGadget.java:57)
06-12 13:45:50.210 1548 1626 I UsbDeviceManager: at android.hardware.usb.gadget.V1_0.IUsbGadget.getService(IUsbGadget.java:64)
06-12 13:45:50.210 1548 1626 I UsbDeviceManager: at com.android.server.usb.UsbDeviceManager.(UsbDeviceManager.java:293)
06-12 13:45:50.210 1548 1626 I UsbDeviceManager: at com.android.server.usb.UsbService.(UsbService.java:178)
06-12 13:45:50.210 1548 1626 I UsbDeviceManager: at com.android.server.usb.UsbService$Lifecycle.lambda$onStart$0$UsbService$Lifecycle(UsbService.java:92)
06-12 13:45:50.210 1548 1626 I UsbDeviceManager: at com.android.server.usb.UsbService$Lifecycle$$ExternalSyntheticLambda1.run(Unknown Source:2)
06-12 13:45:50.210 1548 1626 I UsbDeviceManager: at com.android.server.SystemServerInitThreadPool.lambda$submitTask$0$SystemServerInitThreadPool(SystemServerInitThreadPool.java:105)
06-12 13:45:50.210 1548 1626 I UsbDeviceManager: at com.android.server.SystemServerInitThreadPool$$ExternalSyntheticLambda0.run(Unknown Source:6)
06-12 13:45:50.210 1548 1626 I UsbDeviceManager: at java.util.concurrent.Executors$RunnableAdapter.call(Executors.java:462)
06-12 13:45:50.210 1548 1626 I UsbDeviceManager: at java.util.concurrent.FutureTask.run(FutureTask.java:266)
06-12 13:45:50.210 1548 1626 I UsbDeviceManager: at java.util.concurrent.ThreadPoolExecutor.runWorker(ThreadPoolExecutor.java:1167)
06-12 13:45:50.210 1548 1626 I UsbDeviceManager: at java.util.concurrent.ThreadPoolExecutor$Worker.run(ThreadPoolExecutor.java:641)
06-12 13:45:50.210 1548 1626 I UsbDeviceManager: at com.android.internal.util.ConcurrentUtils$1$1.run(ConcurrentUtils.java:65)
06-12 13:45:50.210 1548 1626 E UsbDeviceManager: Failed to open control for mtp
06-12 13:45:50.210 1548 1626 E UsbDeviceManager: Failed to open control for ptp
06-12 13:45:50.211 1548 1548 I SystemServerTiming: StartHardwarePropertiesManagerService
06-12 13:45:50.212 1548 1548 I SystemServerTiming: StartTwilightService
06-12 13:45:50.212 1548 1548 I SystemServiceManager: Starting com.android.server.twilight.TwilightService
06-12 13:45:50.212 1548 1548 I SystemServerTiming: StartColorDisplay
06-12 13:45:50.212 1548 1548 I SystemServiceManager: Starting com.android.server.display.color.ColorDisplayService
06-12 13:45:50.212 1548 1548 I SystemServerTiming: StartJobScheduler
06-12 13:45:50.212 1548 1548 I SystemServiceManager: Starting com.android.server.job.JobSchedulerService
06-12 13:45:50.215 0 0 I : [ 8.791760] acc_open
06-12 13:45:50.215 0 0 I : [ 8.791767] acc_release
06-12 13:45:50.214 1548 1626 W StorageManagerService: No primary storage defined yet; hacking together a stub
06-12 13:45:50.215 1548 1548 D JobStore: Start tag: job-info
06-12 13:45:50.216 1548 1633 I UsbPortManager: Usb hal service started android.hardware.usb@1.0::IUsb default
06-12 13:45:50.216 1548 1548 I JobStore: Read 6 jobs
06-12 13:45:50.217 1548 1633 I UsbPortManager: USB HAL version: 12
06-12 13:45:50.221 1548 1548 V HistoricalRegistry: Interaction before persistence initialized
06-12 13:45:50.221 1548 1548 V HistoricalRegistry: Interaction before persistence initialized
06-12 13:45:50.221 1548 1548 I SystemServerTiming: StartSoundTrigger
06-12 13:45:50.221 1548 1548 I SystemServiceManager: Starting com.android.server.soundtrigger.SoundTriggerService
06-12 13:45:50.222 1548 1548 I SystemServerTiming: StartTrustManager
06-12 13:45:50.222 1548 1548 I SystemServiceManager: Starting com.android.server.trust.TrustManagerService
06-12 13:45:50.222 1548 1548 I SystemServerTiming: StartBackupManager
06-12 13:45:50.222 1548 1548 I SystemServiceManager: Starting com.android.server.backup.BackupManagerService$Lifecycle
06-12 13:45:50.223 1548 1548 I SystemServerTiming: StartAppWidgetService
06-12 13:45:50.223 1548 1548 I SystemServiceManager: Starting com.android.server.appwidget.AppWidgetService
06-12 13:45:50.224 1548 1548 I SystemServerTiming: StartVoiceRecognitionManager
06-12 13:45:50.224 1548 1548 I SystemServiceManager: Starting com.android.server.voiceinteraction.VoiceInteractionManagerService
06-12 13:45:50.228 1548 1548 I SystemServerTiming: StartAppHibernationService
06-12 13:45:50.228 1548 1548 I SystemServiceManager: Starting com.android.server.apphibernation.AppHibernationService
06-12 13:45:50.230 1548 1548 I SystemServerTiming: StartSensorNotification
06-12 13:45:50.230 1548 1548 I SystemServiceManager: Starting com.android.server.SensorNotificationService
06-12 13:45:50.230 1548 1548 I SystemServerTiming: StartDiskStatsService
06-12 13:45:50.232 1548 1548 I SystemServerTiming: RuntimeService
06-12 13:45:50.232 1548 1548 I SystemServerTiming: StartNetworkTimeUpdateService
06-12 13:45:50.227 1548 1548 I auditd : type=1400 audit(0.0:160): avc: denied { read } for comm="system_server" name="u:object_r:vendor_default_prop:s0" dev="tmpfs" ino=11800 scontext=u:r:system_server:s0 tcontext=u:object_r:vendor_default_prop:s0 tclass=file permissive=0
06-12 13:45:50.234 1548 1548 I SystemServerTiming: CertBlacklister
06-12 13:45:50.235 1548 1548 I SystemServerTiming: StartEmergencyAffordanceService
06-12 13:45:50.235 1548 1548 I SystemServiceManager: Starting com.android.server.emergency.EmergencyAffordanceService
06-12 13:45:50.235 1548 1548 I SystemServerTiming: startBlobStoreManagerService
06-12 13:45:50.236 1548 1548 I SystemServiceManager: Starting com.android.server.blob.BlobStoreManagerService
06-12 13:45:50.236 1548 1548 I SystemServerTiming: StartDreamManager
06-12 13:45:50.236 1548 1548 I SystemServiceManager: Starting com.android.server.dreams.DreamManagerService
06-12 13:45:50.237 1548 1548 I SystemServerTiming: AddGraphicsStatsService
06-12 13:45:50.239 1548 1548 I SystemServerTiming: StartCompanionDeviceManager
06-12 13:45:50.239 1548 1548 I SystemServiceManager: Starting com.android.server.companion.CompanionDeviceManagerService
06-12 13:45:50.240 1548 1548 I SystemServerTiming: StartRestrictionManager
06-12 13:45:50.240 1548 1548 I SystemServiceManager: Starting com.android.server.restrictions.RestrictionsManagerService
06-12 13:45:50.241 1548 1548 I SystemServerTiming: StartMediaSessionService
06-12 13:45:50.241 1548 1548 I SystemServiceManager: Starting com.android.server.media.MediaSessionService
06-12 13:45:50.242 1548 1548 I SystemServerTiming: StartMediaResourceMonitor
06-12 13:45:50.242 1548 1548 I SystemServiceManager: Starting com.android.server.media.MediaResourceMonitorService
06-12 13:45:50.242 1548 1548 I SystemServerTiming: StartMediaRouterService
06-12 13:45:50.242 1548 1548 V HistoricalRegistry: Interaction before persistence initialized
06-12 13:45:50.243 1548 1548 I SystemServerTiming: StartFingerprintSensor
06-12 13:45:50.243 1548 1548 I SystemServiceManager: Starting com.android.server.biometrics.sensors.fingerprint.FingerprintService
06-12 13:45:50.243 1548 1548 I SystemServerTiming: StartBiometricService
06-12 13:45:50.243 1548 1548 I SystemServiceManager: Starting com.android.server.biometrics.BiometricService
06-12 13:45:50.244 1548 1548 I SystemServerTiming: StartAuthService
06-12 13:45:50.244 1548 1548 I SystemServiceManager: Starting com.android.server.biometrics.AuthService
06-12 13:45:50.244 1548 1548 D AuthService: Registering HIDL ID: 0 Modality: 2 Strength: 15
06-12 13:45:50.245 1548 1548 D AuthService: Registering HIDL ID: 1 Modality: 8 Strength: 15
06-12 13:45:50.246 1548 1548 E AuthService: HIDL face configuration exists, but FaceService is null.
06-12 13:45:50.246 1548 1548 I SystemServerTiming: StartBackgroundDexOptService
06-12 13:45:50.246 1548 1548 W BackgroundDexOptService: SysProp pm.dexopt.downgrade_after_inactive_days not set
06-12 13:45:50.246 1548 1548 I SystemServerTiming: StartDynamicCodeLoggingService
06-12 13:45:50.247 1548 1548 I SystemServerTiming: StartPruneInstantAppsJobService
06-12 13:45:50.247 1548 1548 I SystemServerTiming: StartShortcutServiceLifecycle
06-12 13:45:50.247 1548 1548 I SystemServiceManager: Starting com.android.server.pm.ShortcutService$Lifecycle
06-12 13:45:50.248 1548 1548 V HistoricalRegistry: Interaction before persistence initialized
06-12 13:45:50.249 1548 1548 I SystemServerTiming: StartLauncherAppsService
06-12 13:45:50.249 1548 1548 I SystemServiceManager: Starting com.android.server.pm.LauncherAppsService
06-12 13:45:50.250 1548 1548 I SystemServerTiming: StartCrossProfileAppsService
06-12 13:45:50.250 1548 1548 I SystemServiceManager: Starting com.android.server.pm.CrossProfileAppsService
06-12 13:45:50.251 1548 1548 I SystemServerTiming: StartPeopleService
06-12 13:45:50.251 1548 1548 I SystemServiceManager: Starting com.android.server.people.PeopleService
06-12 13:45:50.251 1548 1892 D BiometricService: Registering ID: 0 Modality: 2 Strength: 15
06-12 13:45:50.251 1548 1548 I SystemServerTiming: StartMediaMetricsManager
06-12 13:45:50.251 1548 1548 I SystemServiceManager: Starting com.android.server.media.metrics.MediaMetricsManagerService
06-12 13:45:50.252 1548 1892 D BiometricStrengthController: updateStrengths: revert sensorId=0 to oemStrength=15
06-12 13:45:50.252 1548 1548 I SystemServerTiming: StartMediaProjectionManager
06-12 13:45:50.252 1548 1892 D BiometricService/Sensor: updateStrength: Before(ID(0), oemStrength: 15, updatedStrength: 15, modality 2, state: 0, cookie: 0, props: ID: 0, Strength: 2, Type: 1) After(ID(0), oemStrength: 15, updatedStrength: 15, modality 2, state: 0, cookie: 0, props: ID: 0, Strength: 2, Type: 1)
06-12 13:45:50.252 1548 1548 I SystemServiceManager: Starting com.android.server.media.projection.MediaProjectionManagerService
06-12 13:45:50.253 1548 1548 I SystemServerTiming: StartSliceManagerService
06-12 13:45:50.253 1548 1548 I SystemServiceManager: Starting com.android.server.slice.SliceManagerService$Lifecycle
06-12 13:45:50.255 1548 1548 I SystemServerTiming: StartStatsCompanion
06-12 13:45:50.259 1548 1548 I SystemServiceManager: Starting com.android.server.stats.StatsCompanion$Lifecycle
06-12 13:45:50.260 1548 1548 I SystemServerTiming: StartRebootReadinessManagerService
06-12 13:45:50.265 1548 1548 I SystemServiceManager: Starting com.android.server.scheduling.RebootReadinessManagerService$Lifecycle
06-12 13:45:50.267 1548 1548 I SystemServerTiming: StartStatsPullAtomService
06-12 13:45:50.267 1548 1548 I SystemServiceManager: Starting com.android.server.stats.pull.StatsPullAtomService
06-12 13:45:50.267 1548 1548 I SystemServerTiming: StartIncidentCompanionService
06-12 13:45:50.267 1548 1548 I SystemServiceManager: Starting com.android.server.incident.IncidentCompanionService
06-12 13:45:50.268 1548 1548 I SystemServerTiming: StartMmsService
06-12 13:45:50.268 1548 1548 I SystemServiceManager: Starting com.android.server.MmsServiceBroker
06-12 13:45:50.268 1548 1548 I SystemServerTiming: StartAutoFillService
06-12 13:45:50.268 1548 1548 I SystemServiceManager: Starting com.android.server.autofill.AutofillManagerService
06-12 13:45:50.270 1548 1548 D SystemServer: TranslationService not defined by OEM
06-12 13:45:50.270 1548 1548 I SystemServerTiming: StartClipboardService
06-12 13:45:50.270 1548 1548 I SystemServiceManager: Starting com.android.server.clipboard.ClipboardService
06-12 13:45:50.272 1548 1548 I SystemServerTiming: AppServiceManager
06-12 13:45:50.272 1548 1548 I SystemServiceManager: Starting com.android.server.appbinding.AppBindingService$Lifecycle
06-12 13:45:50.274 1548 1548 I SystemServerTiming: startTracingServiceProxy
06-12 13:45:50.274 1548 1548 I SystemServiceManager: Starting com.android.server.tracing.TracingServiceProxy
06-12 13:45:50.275 1548 1548 I SystemServerTiming: MakeLockSettingsServiceReady
06-12 13:45:50.278 1548 1548 I SyntheticPasswordManager: Device does not support weaver
06-12 13:45:50.283 1548 1548 I LockSettingsService: Device doesn't implement AuthSecret HAL
06-12 13:45:50.283 1548 1548 I SystemServerTiming: StartBootPhaseLockSettingsReady
06-12 13:45:50.283 1548 1548 I SystemServiceManager: Starting phase 480
06-12 13:45:50.283 1548 1548 I SystemServerTiming: OnBootPhase_480
06-12 13:45:50.283 1548 1548 I SystemServerTiming: OnBootPhase_480_com.android.server.security.FileIntegrityService
06-12 13:45:50.283 1548 1548 I SystemServerTiming: OnBootPhase_480_com.android.server.pm.Installer
06-12 13:45:50.283 1548 1548 I SystemServerTiming: OnBootPhase_480_com.android.server.os.DeviceIdentifiersPolicyService
06-12 13:45:50.283 1548 1548 I SystemServerTiming: OnBootPhase_480_com.android.server.uri.UriGrantsManagerService$Lifecycle
06-12 13:45:50.283 1548 1548 I SystemServerTiming: OnBootPhase_480_com.android.server.powerstats.PowerStatsService
06-12 13:45:50.283 1548 1548 I SystemServerTiming: OnBootPhase_480_com.android.server.wm.ActivityTaskManagerService$Lifecycle
06-12 13:45:50.283 1548 1548 I SystemServerTiming: OnBootPhase_480_com.android.server.am.ActivityManagerService$Lifecycle
06-12 13:45:50.283 1548 1548 I SystemServerTiming: OnBootPhase_480_com.android.server.pm.DataLoaderManagerService
06-12 13:45:50.283 1548 1548 I SystemServerTiming: OnBootPhase_480_com.android.server.power.PowerManagerService
06-12 13:45:50.283 1548 1548 I SystemServerTiming: OnBootPhase_480_com.android.server.power.ThermalManagerService
06-12 13:45:50.283 1548 1548 I SystemServerTiming: OnBootPhase_480_com.android.server.power.hint.HintManagerService
06-12 13:45:50.283 1548 1548 I SystemServerTiming: OnBootPhase_480_com.android.server.recoverysystem.RecoverySystemService$Lifecycle
06-12 13:45:50.283 1548 1548 I SystemServerTiming: OnBootPhase_480_com.android.server.lights.LightsService
06-12 13:45:50.283 1548 1548 I SystemServerTiming: OnBootPhase_480_com.android.server.display.DisplayManagerService
06-12 13:45:50.283 1548 1548 I SystemServerTiming: OnBootPhase_480_com.android.server.pm.verify.domain.DomainVerificationService
06-12 13:45:50.284 1548 1548 I SystemServerTiming: OnBootPhase_480_com.android.server.pm.PackageInstallerService$Lifecycle
06-12 13:45:50.284 1548 1548 I SystemServerTiming: OnBootPhase_480_com.android.server.pm.UserManagerService$LifeCycle
06-12 13:45:50.284 1548 1548 I SystemServerTiming: OnBootPhase_480_com.android.server.om.OverlayManagerService
06-12 13:45:50.284 1548 1548 I SystemServerTiming: OnBootPhase_480_com.android.server.SensorPrivacyService
06-12 13:45:50.284 1548 1548 I SystemServerTiming: OnBootPhase_480_com.android.server.thunderperf.ThunderBoostPerfService
06-12 13:45:50.284 1548 1548 I SystemServerTiming: OnBootPhase_480_com.android.server.sensors.SensorService
06-12 13:45:50.284 1548 1548 I SystemServerTiming: OnBootPhase_480_com.android.server.SystemConfigService
06-12 13:45:50.284 1548 1548 I SystemServerTiming: OnBootPhase_480_com.android.server.BatteryService
06-12 13:45:50.284 1548 1548 I SystemServerTiming: OnBootPhase_480_com.android.server.usage.UsageStatsService
06-12 13:45:50.284 1548 1548 I SystemServerTiming: OnBootPhase_480_com.android.server.webkit.WebViewUpdateService
06-12 13:45:50.284 1548 1548 I SystemServerTiming: OnBootPhase_480_com.android.server.CachedDeviceStateService
06-12 13:45:50.284 1548 1548 I SystemServerTiming: OnBootPhase_480_com.android.server.BinderCallsStatsService$LifeCycle
06-12 13:45:50.284 1548 1548 I SystemServerTiming: OnBootPhase_480_com.android.server.LooperStatsService$Lifecycle
06-12 13:45:50.284 1548 1548 I SystemServerTiming: OnBootPhase_480_com.android.server.rollback.RollbackManagerService
06-12 13:45:50.284 1548 1548 I SystemServerTiming: OnBootPhase_480_com.android.server.os.NativeTombstoneManagerService
06-12 13:45:50.284 1548 1548 I SystemServerTiming: OnBootPhase_480_com.android.server.os.BugreportManagerService
