06-12 13:45:50.284 1548 1548 I SystemServerTiming: OnBootPhase_480_com.android.server.gpu.GpuService
06-12 13:45:50.284 1548 1548 I SystemServerTiming: OnBootPhase_480_com.android.server.security.KeyChainSystemService
06-12 13:45:50.284 1548 1548 I SystemServerTiming: OnBootPhase_480_com.android.server.telecom.TelecomLoaderService
06-12 13:45:50.284 1548 1548 I SystemServerTiming: OnBootPhase_480_com.android.server.accounts.AccountManagerService$Lifecycle
06-12 13:45:50.284 1548 1548 I SystemServerTiming: OnBootPhase_480_com.android.server.content.ContentService$Lifecycle
06-12 13:45:50.284 1548 1548 I SystemServerTiming: OnBootPhase_480_com.android.server.DropBoxManagerService
06-12 13:45:50.284 1548 1548 I SystemServerTiming: OnBootPhase_480_com.android.role.RoleService
06-12 13:45:50.284 1548 1548 I SystemServerTiming: OnBootPhase_480_com.android.server.vibrator.VibratorManagerService$Lifecycle
06-12 13:45:50.284 1548 1548 I SystemServerTiming: OnBootPhase_480_com.android.server.alarm.AlarmManagerService
06-12 13:45:50.284 1548 1548 I SystemServerTiming: OnBootPhase_480_com.android.server.devicestate.DeviceStateManagerService
06-12 13:45:50.284 1548 1548 I SystemServerTiming: OnBootPhase_480_com.android.server.camera.CameraServiceProxy
06-12 13:45:50.284 1548 1548 I SystemServerTiming: OnBootPhase_480_com.android.server.BluetoothService
06-12 13:45:50.284 1548 1548 I SystemServerTiming: OnBootPhase_480_com.android.server.connectivity.IpConnectivityMetrics
06-12 13:45:50.284 1548 1548 I SystemServerTiming: OnBootPhase_480_com.android.server.net.watchlist.NetworkWatchlistService$Lifecycle
06-12 13:45:50.284 1548 1548 I SystemServerTiming: OnBootPhase_480_com.android.server.PinnerService
06-12 13:45:50.284 1548 1548 I SystemServerTiming: OnBootPhase_480_com.google.android.startop.iorap.IorapForwardingService
06-12 13:45:50.284 1548 1548 I SystemServerTiming: OnBootPhase_480_com.android.server.ActivityTriggerService
06-12 13:45:50.284 1548 1548 I SystemServerTiming: OnBootPhase_480_com.android.server.integrity.AppIntegrityManagerService
06-12 13:45:50.284 1548 1548 I SystemServerTiming: OnBootPhase_480_com.android.server.inputmethod.InputMethodManagerService$Lifecycle
06-12 13:45:50.284 1548 1548 I SystemServerTiming: OnBootPhase_480_com.android.server.accessibility.AccessibilityManagerService$Lifecycle
06-12 13:45:50.284 1548 1548 I SystemServerTiming: OnBootPhase_480_com.android.server.StorageManagerService$Lifecycle
06-12 13:45:50.284 1548 1548 I SystemServerTiming: OnBootPhase_480_com.android.server.usage.StorageStatsService$Lifecycle
06-12 13:45:50.284 1548 1548 I SystemServerTiming: OnBootPhase_480_com.android.server.UiModeManagerService
06-12 13:45:50.284 1548 1548 I SystemServerTiming: OnBootPhase_480_com.android.server.locksettings.LockSettingsService$Lifecycle
06-12 13:45:50.284 1548 1548 I SystemServerTiming: OnBootPhase_480_com.android.server.PersistentDataBlockService
06-12 13:45:50.284 1548 1548 I SystemServerTiming: OnBootPhase_480_com.android.server.testharness.TestHarnessModeService
06-12 13:45:50.284 1548 1548 I SystemServerTiming: OnBootPhase_480_com.android.server.oemlock.OemLockService
06-12 13:45:50.284 1548 1548 I SystemServerTiming: OnBootPhase_480_com.android.server.DeviceIdleController
06-12 13:45:50.284 1548 1548 I SystemServerTiming: OnBootPhase_480_com.android.server.devicepolicy.DevicePolicyManagerService$Lifecycle
06-12 13:45:50.285 1548 1548 I DevicePolicyManager: Current version 2, latest version 2, not upgrading.
06-12 13:45:50.287 1548 1548 I SystemServerTiming: OnBootPhase_480_com.android.server.texttospeech.TextToSpeechManagerService
06-12 13:45:50.287 1548 1793 I SystemServerTimingAsync: InitThreadPoolExec:DevicePolicyManager
06-12 13:45:50.287 1548 1548 I SystemServerTiming: OnBootPhase_480_com.android.server.speech.SpeechRecognitionManagerService
06-12 13:45:50.287 1548 1548 I SystemServerTiming: OnBootPhase_480_com.android.server.searchui.SearchUiManagerService
06-12 13:45:50.287 1548 1548 I SystemServerTiming: OnBootPhase_480_com.android.server.smartspace.SmartspaceManagerService
06-12 13:45:50.287 1548 1548 I SystemServerTiming: OnBootPhase_480_com.android.server.graphics.fonts.FontManagerService$Lifecycle
06-12 13:45:50.287 1548 1548 I SystemServerTiming: OnBootPhase_480_com.android.server.textservices.TextServicesManagerService$Lifecycle
06-12 13:45:50.287 1548 1548 I SystemServerTiming: OnBootPhase_480_com.android.server.textclassifier.TextClassificationManagerService$Lifecycle
06-12 13:45:50.287 1548 1548 I SystemServerTiming: OnBootPhase_480_com.android.server.NetworkScoreService$Lifecycle
06-12 13:45:50.287 1548 1548 I SystemServerTiming: OnBootPhase_480_com.android.server.wifi.WifiService
06-12 13:45:50.287 1548 1548 I SystemServerTiming: OnBootPhase_480_com.android.server.wifi.scanner.WifiScanningService
06-12 13:45:50.287 1548 1548 I SystemServerTiming: OnBootPhase_480_com.android.server.wifi.rtt.RttService
06-12 13:45:50.287 1548 1548 I SystemServerTiming: OnBootPhase_480_com.android.server.wifi.aware.WifiAwareService
06-12 13:45:50.287 1548 1548 I SystemServerTiming: OnBootPhase_480_com.android.server.wifi.p2p.WifiP2pService
06-12 13:45:50.287 1548 1548 I SystemServerTiming: OnBootPhase_480_com.android.server.ethernet.EthernetService
06-12 13:45:50.287 1548 1548 I SystemServerTiming: OnBootPhase_480_com.android.server.ConnectivityServiceInitializer
06-12 13:45:50.287 1548 1548 I SystemServerTiming: OnBootPhase_480_com.android.server.notification.NotificationManagerService
06-12 13:45:50.287 1548 1548 I SystemServerTiming: OnBootPhase_480_com.android.server.storage.DeviceStorageMonitorService
06-12 13:45:50.287 1548 1548 I SystemServerTiming: OnBootPhase_480_com.android.server.location.LocationManagerService$Lifecycle
06-12 13:45:50.287 1548 1548 I SystemServerTiming: OnBootPhase_480_com.android.server.timedetector.TimeDetectorService$Lifecycle
06-12 13:45:50.287 1548 1548 I SystemServerTiming: OnBootPhase_480_com.android.server.timezonedetector.TimeZoneDetectorService$Lifecycle
06-12 13:45:50.287 1548 1548 I SystemServerTiming: OnBootPhase_480_com.android.server.timezonedetector.location.LocationTimeZoneManagerService$Lifecycle
06-12 13:45:50.287 1548 1548 I SystemServerTiming: OnBootPhase_480_com.android.server.search.SearchManagerService$Lifecycle
06-12 13:45:50.287 1548 1548 I SystemServerTiming: OnBootPhase_480_com.android.server.wallpaper.WallpaperManagerService$Lifecycle
06-12 13:45:50.287 1548 1548 I SystemServerTiming: OnBootPhase_480_com.android.server.audio.AudioService$Lifecycle
06-12 13:45:50.287 1548 1548 I SystemServerTiming: OnBootPhase_480_com.android.server.soundtrigger_middleware.SoundTriggerMiddlewareService$Lifecycle
06-12 13:45:50.287 1548 1548 I SystemServerTiming: OnBootPhase_480_com.android.server.DockObserver
06-12 13:45:50.287 1548 1548 I SystemServerTiming: OnBootPhase_480_com.android.server.midi.MidiService$Lifecycle
06-12 13:45:50.287 1548 1548 I SystemServerTiming: OnBootPhase_480_com.android.server.adb.AdbService$Lifecycle
06-12 13:45:50.287 1548 1548 I SystemServerTiming: OnBootPhase_480_com.android.server.usb.UsbService$Lifecycle
06-12 13:45:50.287 1548 1548 I SystemServerTiming: OnBootPhase_480_com.android.server.twilight.TwilightService
06-12 13:45:50.287 1548 1548 I SystemServerTiming: OnBootPhase_480_com.android.server.display.color.ColorDisplayService
06-12 13:45:50.287 1548 1548 I SystemServerTiming: OnBootPhase_480_com.android.server.job.JobSchedulerService
06-12 13:45:50.287 1548 1548 I SystemServerTiming: OnBootPhase_480_com.android.server.soundtrigger.SoundTriggerService
06-12 13:45:50.287 1548 1548 D SoundTriggerService: onBootPhase: 480 : false
06-12 13:45:50.287 1548 1548 I SystemServerTiming: OnBootPhase_480_com.android.server.trust.TrustManagerService
06-12 13:45:50.287 1548 1548 I SystemServerTiming: OnBootPhase_480_com.android.server.backup.BackupManagerService$Lifecycle
06-12 13:45:50.287 1548 1548 I SystemServerTiming: OnBootPhase_480_com.android.server.appwidget.AppWidgetService
06-12 13:45:50.287 1548 1548 I SystemServerTiming: OnBootPhase_480_com.android.server.voiceinteraction.VoiceInteractionManagerService
06-12 13:45:50.287 1548 1548 I SystemServerTiming: OnBootPhase_480_com.android.server.apphibernation.AppHibernationService
06-12 13:45:50.287 1548 1548 I SystemServerTiming: OnBootPhase_480_com.android.server.SensorNotificationService
06-12 13:45:50.287 1548 1548 I SystemServerTiming: OnBootPhase_480_com.android.server.emergency.EmergencyAffordanceService
06-12 13:45:50.287 1548 1548 I SystemServerTiming: OnBootPhase_480_com.android.server.blob.BlobStoreManagerService
06-12 13:45:50.287 1548 1548 I SystemServerTiming: OnBootPhase_480_com.android.server.dreams.DreamManagerService
06-12 13:45:50.287 1548 1548 I SystemServerTiming: OnBootPhase_480_com.android.server.companion.CompanionDeviceManagerService
06-12 13:45:50.287 1548 1548 I SystemServerTiming: OnBootPhase_480_com.android.server.restrictions.RestrictionsManagerService
06-12 13:45:50.287 1548 1548 I SystemServerTiming: OnBootPhase_480_com.android.server.media.MediaSessionService
06-12 13:45:50.287 1548 1548 I SystemServerTiming: OnBootPhase_480_com.android.server.media.MediaResourceMonitorService
06-12 13:45:50.288 1548 1548 I SystemServerTiming: OnBootPhase_480_com.android.server.biometrics.sensors.fingerprint.FingerprintService
06-12 13:45:50.288 1548 1548 I SystemServerTiming: OnBootPhase_480_com.android.server.biometrics.BiometricService
06-12 13:45:50.288 1548 1548 I SystemServerTiming: OnBootPhase_480_com.android.server.biometrics.AuthService
06-12 13:45:50.288 1548 1548 I SystemServerTiming: OnBootPhase_480_com.android.server.pm.ShortcutService$Lifecycle
06-12 13:45:50.289 1548 1872 I stream_devices_changed: [3,0,2]
06-12 13:45:50.289 1548 1548 I SystemServerTiming: OnBootPhase_480_com.android.server.pm.LauncherAppsService
06-12 13:45:50.289 1548 1548 I SystemServerTiming: OnBootPhase_480_com.android.server.pm.CrossProfileAppsService
06-12 13:45:50.289 1548 1548 I SystemServerTiming: OnBootPhase_480_com.android.server.people.PeopleService
06-12 13:45:50.289 1548 1548 I SystemServerTiming: OnBootPhase_480_com.android.server.media.metrics.MediaMetricsManagerService
06-12 13:45:50.289 1548 1548 I SystemServerTiming: OnBootPhase_480_com.android.server.media.projection.MediaProjectionManagerService
06-12 13:45:50.289 1548 1548 I SystemServerTiming: OnBootPhase_480_com.android.server.slice.SliceManagerService$Lifecycle
06-12 13:45:50.289 1548 1548 I SystemServerTiming: OnBootPhase_480_com.android.server.stats.StatsCompanion$Lifecycle
06-12 13:45:50.289 1548 1548 I SystemServerTiming: OnBootPhase_480_com.android.server.scheduling.RebootReadinessManagerService$Lifecycle
06-12 13:45:50.289 1548 1548 I SystemServerTiming: OnBootPhase_480_com.android.server.stats.pull.StatsPullAtomService
06-12 13:45:50.289 1548 1548 I SystemServerTiming: OnBootPhase_480_com.android.server.incident.IncidentCompanionService
06-12 13:45:50.289 1548 1548 I SystemServerTiming: OnBootPhase_480_com.android.server.MmsServiceBroker
06-12 13:45:50.289 1548 1548 I SystemServerTiming: OnBootPhase_480_com.android.server.autofill.AutofillManagerService
06-12 13:45:50.289 1548 1548 I SystemServerTiming: OnBootPhase_480_com.android.server.clipboard.ClipboardService
06-12 13:45:50.289 1548 1548 I SystemServerTiming: OnBootPhase_480_com.android.server.appbinding.AppBindingService$Lifecycle
06-12 13:45:50.289 1548 1548 I SystemServerTiming: OnBootPhase_480_com.android.server.tracing.TracingServiceProxy
06-12 13:45:50.289 1548 1548 I SystemServerTiming: StartBootPhaseSystemServicesReady
06-12 13:45:50.289 1548 1548 I SystemServiceManager: Starting phase 500
06-12 13:45:50.289 1548 1548 I SystemServerTiming: OnBootPhase_500
06-12 13:45:50.289 1548 1548 I SystemServerTiming: OnBootPhase_500_com.android.server.security.FileIntegrityService
06-12 13:45:50.289 1548 1548 I SystemServerTiming: OnBootPhase_500_com.android.server.pm.Installer
06-12 13:45:50.289 1548 1548 I SystemServerTiming: OnBootPhase_500_com.android.server.os.DeviceIdentifiersPolicyService
06-12 13:45:50.289 1548 1548 I SystemServerTiming: OnBootPhase_500_com.android.server.uri.UriGrantsManagerService$Lifecycle
06-12 13:45:50.289 1548 1548 I SystemServerTiming: OnBootPhase_500_com.android.server.powerstats.PowerStatsService
06-12 13:45:50.290 1548 1548 E StatsPullAtomCallbackImpl: Failed to start PowerStatsService statsd pullers
06-12 13:45:50.290 1548 1548 I SystemServerTiming: OnBootPhase_500_com.android.server.wm.ActivityTaskManagerService$Lifecycle
06-12 13:45:50.290 1548 1548 I SystemServerTiming: OnBootPhase_500_com.android.server.am.ActivityManagerService$Lifecycle
06-12 13:45:50.291 1548 1548 E BatteryStatsService: Could not register PowerStatsInternal
06-12 13:45:50.292 1548 1548 I SystemServerTiming: OnBootPhase_500_com.android.server.pm.DataLoaderManagerService
06-12 13:45:50.292 1548 1548 I SystemServerTiming: OnBootPhase_500_com.android.server.power.PowerManagerService
06-12 13:45:50.292 1548 1548 I SystemServerTiming: OnBootPhase_500_com.android.server.power.ThermalManagerService
06-12 13:45:50.292 1548 1548 I SystemServerTiming: OnBootPhase_500_com.android.server.power.hint.HintManagerService
06-12 13:45:50.292 1548 1548 V HintManagerService: Initializing HintManager service...
06-12 13:45:50.292 1548 1548 V HistoricalRegistry: Interaction before persistence initialized
06-12 13:45:50.292 1548 1548 I SystemServerTiming: OnBootPhase_500_com.android.server.recoverysystem.RecoverySystemService$Lifecycle
06-12 13:45:50.292 1548 1548 I SystemServerTiming: OnBootPhase_500_com.android.server.lights.LightsService
06-12 13:45:50.292 1548 1548 I SystemServerTiming: OnBootPhase_500_com.android.server.display.DisplayManagerService
06-12 13:45:50.292 1548 1548 I SystemServerTiming: OnBootPhase_500_com.android.server.pm.verify.domain.DomainVerificationService
06-12 13:45:50.292 1548 1548 I SystemServerTiming: OnBootPhase_500_com.android.server.pm.PackageInstallerService$Lifecycle
06-12 13:45:50.292 1548 1548 I SystemServerTiming: OnBootPhase_500_com.android.server.pm.UserManagerService$LifeCycle
06-12 13:45:50.292 1548 1548 I SystemServerTiming: OnBootPhase_500_com.android.server.om.OverlayManagerService
06-12 13:45:50.292 1548 1548 I SystemServerTiming: OnBootPhase_500_com.android.server.SensorPrivacyService
06-12 13:45:50.287 921 921 I auditd : type=1400 audit(0.0:161): avc: denied { read write } for comm="sensors.qti" name="diag" dev="tmpfs" ino=12425 scontext=u:r:vendor_sensors_qti:s0 tcontext=u:object_r:vendor_diag_device:s0 tclass=chr_file permissive=0
06-12 13:45:50.293 1548 1548 I SystemServerTiming: OnBootPhase_500_com.android.server.thunderperf.ThunderBoostPerfService
06-12 13:45:50.293 1548 1548 I SystemServerTiming: OnBootPhase_500_com.android.server.sensors.SensorService
06-12 13:45:50.293 1548 1548 I SystemServerTiming: OnBootPhase_500_com.android.server.SystemConfigService
06-12 13:45:50.293 1548 1548 I SystemServerTiming: OnBootPhase_500_com.android.server.BatteryService
06-12 13:45:50.293 1548 1548 I SystemServerTiming: OnBootPhase_500_com.android.server.usage.UsageStatsService
06-12 13:45:50.293 1548 1548 D AppStandbyController: Setting app idle enabled state
06-12 13:45:50.294 1548 1548 V HistoricalRegistry: Interaction before persistence initialized
06-12 13:45:50.294 1548 1548 I SystemServerTiming: OnBootPhase_500_com.android.server.webkit.WebViewUpdateService
06-12 13:45:50.294 1548 1548 I SystemServerTiming: OnBootPhase_500_com.android.server.CachedDeviceStateService
06-12 13:45:50.295 1548 1548 I SystemServerTiming: OnBootPhase_500_com.android.server.BinderCallsStatsService$LifeCycle
06-12 13:45:50.296 1548 1548 I SystemServerTiming: OnBootPhase_500_com.android.server.LooperStatsService$Lifecycle
06-12 13:45:50.296 1548 1548 I SystemServerTiming: OnBootPhase_500_com.android.server.rollback.RollbackManagerService
06-12 13:45:50.296 1548 1548 I SystemServerTiming: OnBootPhase_500_com.android.server.os.NativeTombstoneManagerService
06-12 13:45:50.296 1548 1548 I SystemServerTiming: OnBootPhase_500_com.android.server.os.BugreportManagerService
06-12 13:45:50.296 1548 1548 I SystemServerTiming: OnBootPhase_500_com.android.server.gpu.GpuService
06-12 13:45:50.296 1548 1548 I SystemServerTiming: OnBootPhase_500_com.android.server.security.KeyChainSystemService
06-12 13:45:50.296 1548 1548 I SystemServerTiming: OnBootPhase_500_com.android.server.telecom.TelecomLoaderService
06-12 13:45:50.296 1548 1548 I SystemServerTiming: OnBootPhase_500_com.android.server.accounts.AccountManagerService$Lifecycle
06-12 13:45:50.296 1548 1548 I SystemServerTiming: OnBootPhase_500_com.android.server.content.ContentService$Lifecycle
06-12 13:45:50.296 1548 1548 I SystemServerTiming: OnBootPhase_500_com.android.server.DropBoxManagerService
06-12 13:45:50.296 1548 1548 I SystemServerTiming: OnBootPhase_500_com.android.role.RoleService
06-12 13:45:50.296 1548 1548 I SystemServerTiming: OnBootPhase_500_com.android.server.vibrator.VibratorManagerService$Lifecycle
06-12 13:45:50.296 1548 1548 V VibratorManagerService: Initializing VibratorManager service...
06-12 13:45:50.296 1548 1548 V HistoricalRegistry: Interaction before persistence initialized
06-12 13:45:50.297 1548 1548 V VibratorManagerService: VibratorManager service initialized
06-12 13:45:50.297 1548 1548 I SystemServerTiming: OnBootPhase_500_com.android.server.alarm.AlarmManagerService
06-12 13:45:50.298 1548 1548 I SystemServerTiming: OnBootPhase_500_com.android.server.devicestate.DeviceStateManagerService
06-12 13:45:50.298 1548 1548 I SystemServerTiming: OnBootPhase_500_com.android.server.camera.CameraServiceProxy
06-12 13:45:50.298 1548 1548 I SystemServerTiming: OnBootPhase_500_com.android.server.BluetoothService
06-12 13:45:50.298 1548 1548 I SystemServerTiming: OnBootPhase_500_com.android.server.connectivity.IpConnectivityMetrics
06-12 13:45:50.300 1548 1548 I SystemServerTiming: OnBootPhase_500_com.android.server.net.watchlist.NetworkWatchlistService$Lifecycle
06-12 13:45:50.300 1548 1548 I SystemServerTiming: OnBootPhase_500_com.android.server.PinnerService
06-12 13:45:50.300 1548 1548 I SystemServerTiming: OnBootPhase_500_com.google.android.startop.iorap.IorapForwardingService
06-12 13:45:50.300 1548 1548 I SystemServerTiming: OnBootPhase_500_com.android.server.ActivityTriggerService
06-12 13:45:50.300 1548 1548 I SystemServerTiming: OnBootPhase_500_com.android.server.integrity.AppIntegrityManagerService
06-12 13:45:50.300 1548 1548 I SystemServerTiming: OnBootPhase_500_com.android.server.inputmethod.InputMethodManagerService$Lifecycle
06-12 13:45:50.300 1548 1548 I SystemServerTiming: OnBootPhase_500_com.android.server.accessibility.AccessibilityManagerService$Lifecycle
06-12 13:45:50.300 1548 1548 I SystemServerTiming: OnBootPhase_500_com.android.server.StorageManagerService$Lifecycle
06-12 13:45:50.300 1548 1872 I stream_devices_changed: [6,0,1]
06-12 13:45:50.301 1548 1548 I SystemServerTiming: OnBootPhase_500_com.android.server.usage.StorageStatsService$Lifecycle
06-12 13:45:50.301 1548 1548 I SystemServerTiming: OnBootPhase_500_com.android.server.UiModeManagerService
06-12 13:45:50.303 1548 1548 I configuration_changed: 512
06-12 13:45:50.303 1548 1548 I ActivityTaskManager: Config changes=200 {1.0 ?mcc?mnc [zh_CN] ldltr sw720dp w1706dp h665dp 240dpi lrg long land finger -keyb/v/h -nav/h winConfig={ mBounds=Rect(0, 0 - 2560, 1080) mAppBounds=Rect(0, 0 - 2560, 1034) mMaxBounds=Rect(0, 0 - 2560, 1080) mWindowingMode=fullscreen mDisplayWindowingMode=fullscreen mActivityType=undefined mAlwaysOnTop=undefined mRotation=ROTATION_0} s.6 ?fontWeightAdjustment}
06-12 13:45:50.303 1548 1548 I WindowManager: Override config changes=200 {1.0 ?mcc?mnc [zh_CN] ldltr sw720dp w1706dp h665dp 240dpi lrg long land finger -keyb/v/h -nav/h winConfig={ mBounds=Rect(0, 0 - 2560, 1080) mAppBounds=Rect(0, 0 - 2560, 1034) mMaxBounds=Rect(0, 0 - 2560, 1080) mWindowingMode=fullscreen mDisplayWindowingMode=fullscreen mActivityType=undefined mAlwaysOnTop=undefined mRotation=ROTATION_0} s.6 ?fontWeightAdjustment} for displayId=0
06-12 13:45:50.304 1548 1548 I SystemServerTiming: OnBootPhase_500_com.android.server.locksettings.LockSettingsService$Lifecycle
06-12 13:45:50.304 1548 1548 I SystemServerTiming: OnBootPhase_500_com.android.server.PersistentDataBlockService
06-12 13:45:50.304 1548 1548 I SystemServerTiming: OnBootPhase_500_com.android.server.testharness.TestHarnessModeService
06-12 13:45:50.304 1548 1548 D TestHarnessModeService: Setting up test harness mode
06-12 13:45:50.304 1548 1548 D TestHarnessModeService: Getting PersistentDataBlockManagerInternal from LocalServices
06-12 13:45:50.304 1548 1875 E ActivityManager: Attempt to launch receivers of broadcast intent Intent { act=android.app.action.STATSD_STARTED flg=0x1000000 } before boot completion
06-12 13:45:50.309 1548 1548 I SystemServerTiming: OnBootPhase_500_com.android.server.oemlock.OemLockService
06-12 13:45:50.309 1548 1548 I SystemServerTiming: OnBootPhase_500_com.android.server.DeviceIdleController
06-12 13:45:50.310 1548 1548 V HistoricalRegistry: Interaction before persistence initialized
06-12 13:45:50.310 1548 1548 I SystemServerTiming: OnBootPhase_500_com.android.server.devicepolicy.DevicePolicyManagerService$Lifecycle
06-12 13:45:50.310 1548 1548 I SystemServerTiming: OnBootPhase_500_com.android.server.texttospeech.TextToSpeechManagerService
06-12 13:45:50.310 1548 1548 I SystemServerTiming: OnBootPhase_500_com.android.server.speech.SpeechRecognitionManagerService
06-12 13:45:50.310 1548 1548 I SystemServerTiming: OnBootPhase_500_com.android.server.searchui.SearchUiManagerService
06-12 13:45:50.310 1548 1548 I SystemServerTiming: OnBootPhase_500_com.android.server.smartspace.SmartspaceManagerService
06-12 13:45:50.310 1548 1548 I SystemServerTiming: OnBootPhase_500_com.android.server.graphics.fonts.FontManagerService$Lifecycle
06-12 13:45:50.310 1548 1548 I SystemServerTiming: OnBootPhase_500_com.android.server.textservices.TextServicesManagerService$Lifecycle
06-12 13:45:50.310 1548 1548 I SystemServerTiming: OnBootPhase_500_com.android.server.textclassifier.TextClassificationManagerService$Lifecycle
06-12 13:45:50.310 1548 1548 I SystemServerTiming: OnBootPhase_500_com.android.server.NetworkScoreService$Lifecycle
06-12 13:45:50.310 1548 1548 I SystemServerTiming: OnBootPhase_500_com.android.server.wifi.WifiService
06-12 13:45:50.311 1548 1548 I SystemServerTiming: OnBootPhase_500_com.android.server.wifi.scanner.WifiScanningService
06-12 13:45:50.311 1548 1548 I SystemServerTiming: OnBootPhase_500_com.android.server.wifi.rtt.RttService
06-12 13:45:50.312 1548 1548 I SystemServerTiming: OnBootPhase_500_com.android.server.wifi.aware.WifiAwareService
06-12 13:45:50.316 1548 1548 I SystemServerTiming: OnBootPhase_500_com.android.server.wifi.p2p.WifiP2pService
06-12 13:45:50.316 1548 1548 I SystemServerTiming: OnBootPhase_500_com.android.server.ethernet.EthernetService
06-12 13:45:50.321 1548 1548 I SystemServerTiming: OnBootPhase_500_com.android.server.ConnectivityServiceInitializer
06-12 13:45:50.321 1548 1548 I SystemServerTiming: OnBootPhase_500_com.android.server.notification.NotificationManagerService
06-12 13:45:50.342 0 0 I : [ 8.916967] Wifi Turning On from UI
06-12 13:45:50.342 1548 1548 I GameModeConfig: isGameModeOn = false
06-12 13:45:50.343 1548 1548 I SystemServerTiming: OnBootPhase_500_com.android.server.storage.DeviceStorageMonitorService
06-12 13:45:50.343 1548 1548 I SystemServerTiming: OnBootPhase_500_com.android.server.location.LocationManagerService$Lifecycle
06-12 13:45:50.343 1548 1548 V HistoricalRegistry: Interaction before persistence initialized
06-12 13:45:50.344 1548 1548 I SystemServerTiming: OnBootPhase_500_com.android.server.timedetector.TimeDetectorService$Lifecycle
06-12 13:45:50.344 1548 1548 I SystemServerTiming: OnBootPhase_500_com.android.server.timezonedetector.TimeZoneDetectorService$Lifecycle
06-12 13:45:50.344 1548 1548 I SystemServerTiming: OnBootPhase_500_com.android.server.timezonedetector.location.LocationTimeZoneManagerService$Lifecycle
06-12 13:45:50.344 1548 1548 I SystemServerTiming: OnBootPhase_500_com.android.server.search.SearchManagerService$Lifecycle
06-12 13:45:50.344 1548 1548 I SystemServerTiming: OnBootPhase_500_com.android.server.wallpaper.WallpaperManagerService$Lifecycle
06-12 13:45:50.344 1548 1548 I SystemServerTiming: OnBootPhase_500_com.android.server.audio.AudioService$Lifecycle
06-12 13:45:50.344 1548 1548 I SystemServerTiming: OnBootPhase_500_com.android.server.soundtrigger_middleware.SoundTriggerMiddlewareService$Lifecycle
06-12 13:45:50.344 1548 1548 I SystemServerTiming: OnBootPhase_500_com.android.server.DockObserver
06-12 13:45:50.344 1548 1548 I SystemServerTiming: OnBootPhase_500_com.android.server.midi.MidiService$Lifecycle
06-12 13:45:50.344 1548 1548 I SystemServerTiming: OnBootPhase_500_com.android.server.adb.AdbService$Lifecycle
06-12 13:45:50.344 1548 1548 I SystemServerTiming: OnBootPhase_500_com.android.server.usb.UsbService$Lifecycle
06-12 13:45:50.344 1548 1548 I SystemServerTiming: OnBootPhase_500_com.android.server.twilight.TwilightService
06-12 13:45:50.344 1548 1548 I SystemServerTiming: OnBootPhase_500_com.android.server.display.color.ColorDisplayService
06-12 13:45:50.344 1548 1548 I SystemServerTiming: OnBootPhase_500_com.android.server.job.JobSchedulerService
06-12 13:45:50.348 1548 1548 V HistoricalRegistry: Interaction before persistence initialized
06-12 13:45:50.349 1548 1548 I SystemServerTiming: OnBootPhase_500_com.android.server.soundtrigger.SoundTriggerService
06-12 13:45:50.349 1548 1548 D SoundTriggerService: onBootPhase: 500 : false
06-12 13:45:50.349 1548 1548 I SystemServerTiming: OnBootPhase_500_com.android.server.trust.TrustManagerService
06-12 13:45:50.349 1548 1548 I SystemServerTiming: OnBootPhase_500_com.android.server.backup.BackupManagerService$Lifecycle
06-12 13:45:50.349 1548 1548 I SystemServerTiming: OnBootPhase_500_com.android.server.appwidget.AppWidgetService
06-12 13:45:50.349 1548 1548 I SystemServerTiming: OnBootPhase_500_com.android.server.voiceinteraction.VoiceInteractionManagerService
06-12 13:45:50.349 1548 1548 I SystemServerTiming: OnBootPhase_500_com.android.server.apphibernation.AppHibernationService
06-12 13:45:50.349 1548 1548 I SystemServerTiming: OnBootPhase_500_com.android.server.SensorNotificationService
06-12 13:45:50.349 1548 1548 I SystemServerTiming: OnBootPhase_500_com.android.server.emergency.EmergencyAffordanceService
06-12 13:45:50.349 1548 1548 I SystemServerTiming: OnBootPhase_500_com.android.server.blob.BlobStoreManagerService
06-12 13:45:50.350 1548 1548 I SystemServerTiming: OnBootPhase_500_com.android.server.dreams.DreamManagerService
06-12 13:45:50.350 1548 1548 I SystemServerTiming: OnBootPhase_500_com.android.server.companion.CompanionDeviceManagerService
06-12 13:45:50.350 1548 1548 I CompanionDeviceManagerService: initBleScanning()
06-12 13:45:50.350 1548 1548 I SystemServerTiming: OnBootPhase_500_com.android.server.restrictions.RestrictionsManagerService
06-12 13:45:50.350 1548 1548 I SystemServerTiming: OnBootPhase_500_com.android.server.media.MediaSessionService
06-12 13:45:50.350 1548 1548 I SystemServerTiming: OnBootPhase_500_com.android.server.media.MediaResourceMonitorService
06-12 13:45:50.350 1548 1548 I SystemServerTiming: OnBootPhase_500_com.android.server.biometrics.sensors.fingerprint.FingerprintService
06-12 13:45:50.350 1548 1548 I SystemServerTiming: OnBootPhase_500_com.android.server.biometrics.BiometricService
06-12 13:45:50.350 1548 1548 I SystemServerTiming: OnBootPhase_500_com.android.server.biometrics.AuthService
06-12 13:45:50.350 1548 1548 I SystemServerTiming: OnBootPhase_500_com.android.server.pm.ShortcutService$Lifecycle
06-12 13:45:50.350 1548 1548 I SystemServerTiming: OnBootPhase_500_com.android.server.pm.LauncherAppsService
06-12 13:45:50.350 1548 1548 I SystemServerTiming: OnBootPhase_500_com.android.server.pm.CrossProfileAppsService
06-12 13:45:50.350 1548 1548 I SystemServerTiming: OnBootPhase_500_com.android.server.people.PeopleService
06-12 13:45:50.351 1548 1548 I SystemServerTiming: OnBootPhase_500_com.android.server.media.metrics.MediaMetricsManagerService
06-12 13:45:50.351 1548 1548 I SystemServerTiming: OnBootPhase_500_com.android.server.media.projection.MediaProjectionManagerService
06-12 13:45:50.351 1548 1548 I SystemServerTiming: OnBootPhase_500_com.android.server.slice.SliceManagerService$Lifecycle
06-12 13:45:50.351 1548 1548 I SystemServerTiming: OnBootPhase_500_com.android.server.stats.StatsCompanion$Lifecycle
06-12 13:45:50.351 1548 1548 I SystemServerTiming: OnBootPhase_500_com.android.server.scheduling.RebootReadinessManagerService$Lifecycle
06-12 13:45:50.351 1548 1548 I SystemServerTiming: OnBootPhase_500_com.android.server.stats.pull.StatsPullAtomService
06-12 13:45:50.351 1548 1548 I SystemServerTiming: OnBootPhase_500_com.android.server.incident.IncidentCompanionService
06-12 13:45:50.351 1548 1548 I SystemServerTiming: OnBootPhase_500_com.android.server.MmsServiceBroker
06-12 13:45:50.351 1548 1548 I SystemServerTiming: OnBootPhase_500_com.android.server.autofill.AutofillManagerService
06-12 13:45:50.351 1548 1548 I SystemServerTiming: OnBootPhase_500_com.android.server.clipboard.ClipboardService
06-12 13:45:50.351 1548 1548 I SystemServerTiming: OnBootPhase_500_com.android.server.appbinding.AppBindingService$Lifecycle
06-12 13:45:50.351 1548 1548 I SystemServerTiming: OnBootPhase_500_com.android.server.tracing.TracingServiceProxy
06-12 13:45:50.351 1548 1548 I SystemServerTiming: MakeWindowManagerServiceReady
06-12 13:45:50.353 1548 1548 I SystemServerTiming: MakePowerManagerServiceReady
06-12 13:45:50.353 1548 1548 I AttentionDetector: readValuesFromDeviceConfig():
06-12 13:45:50.353 1548 1548 I AttentionDetector: mMaximumExtensionMillis=900000
06-12 13:45:50.353 1548 1548 I AttentionDetector: mPreDimCheckDurationMillis=2000
06-12 13:45:50.353 1548 1548 I AttentionDetector: mRequestedPostDimTimeoutMillis=0
06-12 13:45:50.354 1548 1906 I DropBoxManagerService: add tag=system_server_wtf isTagEnabled=true flags=0x2
06-12 13:45:50.355 1548 1907 I DropBoxManagerService: add tag=system_server_wtf isTagEnabled=true flags=0x2
06-12 13:45:50.356 1548 1548 E DisplayPowerController[0]: failed to set up display white-balance: java.lang.IllegalStateException: cannot find light sensor
06-12 13:45:50.356 1548 1548 W DisplayPowerController[0]: Screen brightness nits configuration is unavailable; falling back
06-12 13:45:50.360 1548 1671 W KeyguardServiceDelegate: onScreenTurningOn(): no keyguard service!
06-12 13:45:50.360 1548 1671 V DisplayPowerController[0]: Brightness [1.0] reason changing to: 'override', previous reason: '0'.
06-12 13:45:50.360 1548 1635 I HealthServiceWrapper: health: HealthServiceWrapper listening to instance default
06-12 13:45:50.361 1548 1646 E KernelCpuSpeedReader: Failed to read cpu-freq: /sys/devices/system/cpu/cpu4/cpufreq/stats/time_in_state: open failed: ENOENT (No such file or directory)
06-12 13:45:50.361 1548 1646 E KernelCpuSpeedReader: Failed to read cpu-freq: /sys/devices/system/cpu/cpu0/cpufreq/stats/time_in_state: open failed: ENOENT (No such file or directory)
06-12 13:45:50.363 1548 1548 I FaceDownDetector: readValuesFromDeviceConfig():
06-12 13:45:50.363 1548 1548 I FaceDownDetector: mAccelerationThreshold=0.2
06-12 13:45:50.363 1548 1548 I FaceDownDetector: mZAccelerationThreshold=-9.5
06-12 13:45:50.363 1548 1548 I FaceDownDetector: mTimeThreshold=PT1S
06-12 13:45:50.363 1548 1548 I FaceDownDetector: mIsEnabled=true
06-12 13:45:50.364 1548 1635 D StatsPullAtomService: Registering pullers with statsd
06-12 13:45:50.365 1548 1548 I ScreenUndimDetector: readValuesFromDeviceConfig():
06-12 13:45:50.365 1548 1548 I ScreenUndimDetector: mKeepScreenOnForMillis=600000
06-12 13:45:50.365 1548 1548 I ScreenUndimDetector: mKeepScreenOnNotificationEnabled=false
06-12 13:45:50.365 1548 1548 I ScreenUndimDetector: mUndimsRequired=2
06-12 13:45:50.366 1548 1548 I SystemServerTiming: StartPermissionPolicyService
06-12 13:45:50.366 1548 1548 I SystemServiceManager: Starting com.android.server.policy.PermissionPolicyService
06-12 13:45:50.367 1548 1548 I SystemServerTiming: MakePackageManagerServiceReady
06-12 13:45:50.371 1548 1548 I commit_sys_config_file: [package-session,0]
06-12 13:45:50.372 1548 1548 V UserDataPreparer: Found /data/user_de/0 with serial number 0
06-12 13:45:50.372 1548 1548 V UserDataPreparer: Found /data/user/0 with serial number 0
06-12 13:45:50.372 1548 1548 V UserDataPreparer: Found /data/system_de/0 with serial number 0
06-12 13:45:50.372 1548 1548 W UserDataPreparer: Invalid user directory /data/system_de/usagestats
06-12 13:45:50.372 1548 1548 V UserDataPreparer: Found /data/system_ce/0 with serial number 0
06-12 13:45:50.372 1548 1548 V UserDataPreparer: Found /data/misc_ce/0 with serial number 0
06-12 13:45:50.372 1548 1548 I PackageManager: Permission ownership changed. Updating all permissions.
06-12 13:45:50.386 1548 1635 I StatsPullAtomService: register thermal listener successfully
06-12 13:45:50.388 1548 1548 I SystemServerTiming: MakeDisplayManagerServiceReady
06-12 13:45:50.389 1548 1622 E DisplayModeDirector: Asked about unknown display, returning empty display mode specs!(id=0)
06-12 13:45:50.389 1548 1622 E DisplayModeDirector: Asked about unknown display, returning empty display mode specs!(id=0)
06-12 13:45:50.389 1548 1776 E DefaultPermGrantPolicy: Package not found: com.qualcomm.qti.cne
06-12 13:45:50.390 1548 1548 I SystemServerTiming: StartDeviceSpecificServices
06-12 13:45:50.390 1548 1548 I SystemServerTiming: GameManagerService
06-12 13:45:50.390 1548 1548 I SystemServiceManager: Starting com.android.server.app.GameManagerService$Lifecycle
06-12 13:45:50.383 1548 1548 I auditd : type=1400 audit(0.0:162): avc: denied { read } for comm="android.display" name="u:object_r:vendor_wfd_sys_debug_prop:s0" dev="tmpfs" ino=11868 scontext=u:r:system_server:s0 tcontext=u:object_r:vendor_wfd_sys_debug_prop:s0 tclass=file permissive=0
06-12 13:45:50.383 1548 1548 I auditd : type=1400 audit(0.0:163): avc: denied { read } for comm="android.display" name="u:object_r:vendor_wfd_sys_debug_prop:s0" dev="tmpfs" ino=11868 scontext=u:r:system_server:s0 tcontext=u:object_r:vendor_wfd_sys_debug_prop:s0 tclass=file permissive=0
06-12 13:45:50.392 1548 1548 I SystemServerTiming: StartBootPhaseDeviceSpecificServicesReady
06-12 13:45:50.392 1548 1548 I SystemServiceManager: Starting phase 520
06-12 13:45:50.392 1548 1548 I SystemServerTiming: OnBootPhase_520
06-12 13:45:50.392 1548 1548 I SystemServerTiming: OnBootPhase_520_com.android.server.security.FileIntegrityService
06-12 13:45:50.392 1548 1548 I SystemServerTiming: OnBootPhase_520_com.android.server.pm.Installer
06-12 13:45:50.392 1548 1548 I SystemServerTiming: OnBootPhase_520_com.android.server.os.DeviceIdentifiersPolicyService
06-12 13:45:50.392 1548 1548 I SystemServerTiming: OnBootPhase_520_com.android.server.uri.UriGrantsManagerService$Lifecycle
06-12 13:45:50.392 1548 1548 I SystemServerTiming: OnBootPhase_520_com.android.server.powerstats.PowerStatsService
06-12 13:45:50.392 1548 1548 I SystemServerTiming: OnBootPhase_520_com.android.server.wm.ActivityTaskManagerService$Lifecycle
06-12 13:45:50.392 1548 1548 I SystemServerTiming: OnBootPhase_520_com.android.server.am.ActivityManagerService$Lifecycle
06-12 13:45:50.392 1548 1548 I SystemServerTiming: OnBootPhase_520_com.android.server.pm.DataLoaderManagerService
06-12 13:45:50.392 1548 1548 I SystemServerTiming: OnBootPhase_520_com.android.server.power.PowerManagerService
06-12 13:45:50.393 1548 1548 I SystemServerTiming: OnBootPhase_520_com.android.server.power.ThermalManagerService
06-12 13:45:50.393 1548 1548 I SystemServerTiming: OnBootPhase_520_com.android.server.power.hint.HintManagerService
06-12 13:45:50.393 1548 1548 I SystemServerTiming: OnBootPhase_520_com.android.server.recoverysystem.RecoverySystemService$Lifecycle
06-12 13:45:50.393 1548 1548 I SystemServerTiming: OnBootPhase_520_com.android.server.lights.LightsService
06-12 13:45:50.393 1548 1548 I SystemServerTiming: OnBootPhase_520_com.android.server.display.DisplayManagerService
06-12 13:45:50.393 1548 1548 I SystemServerTiming: OnBootPhase_520_com.android.server.pm.verify.domain.DomainVerificationService
06-12 13:45:50.393 1548 1548 I SystemServerTiming: OnBootPhase_520_com.android.server.pm.PackageInstallerService$Lifecycle
06-12 13:45:50.393 1548 1548 I SystemServerTiming: OnBootPhase_520_com.android.server.pm.UserManagerService$LifeCycle
06-12 13:45:50.393 1548 1548 I SystemServerTiming: OnBootPhase_520_com.android.server.om.OverlayManagerService
06-12 13:45:50.393 1548 1548 I SystemServerTiming: OnBootPhase_520_com.android.server.SensorPrivacyService
06-12 13:45:50.393 1548 1548 I SystemServerTiming: OnBootPhase_520_com.android.server.thunderperf.ThunderBoostPerfService
06-12 13:45:50.393 1548 1548 I SystemServerTiming: OnBootPhase_520_com.android.server.sensors.SensorService
06-12 13:45:50.393 1548 1548 I SystemServerTiming: OnBootPhase_520_com.android.server.SystemConfigService
06-12 13:45:50.393 1548 1548 I SystemServerTiming: OnBootPhase_520_com.android.server.BatteryService
06-12 13:45:50.393 1548 1548 I SystemServerTiming: OnBootPhase_520_com.android.server.usage.UsageStatsService
06-12 13:45:50.393 1548 1548 I SystemServerTiming: OnBootPhase_520_com.android.server.webkit.WebViewUpdateService
06-12 13:45:50.393 1548 1548 I SystemServerTiming: OnBootPhase_520_com.android.server.CachedDeviceStateService
06-12 13:45:50.393 1548 1548 I SystemServerTiming: OnBootPhase_520_com.android.server.BinderCallsStatsService$LifeCycle
06-12 13:45:50.393 1548 1548 I SystemServerTiming: OnBootPhase_520_com.android.server.LooperStatsService$Lifecycle
06-12 13:45:50.393 1548 1548 I SystemServerTiming: OnBootPhase_520_com.android.server.rollback.RollbackManagerService
06-12 13:45:50.393 1548 1548 I SystemServerTiming: OnBootPhase_520_com.android.server.os.NativeTombstoneManagerService
06-12 13:45:50.393 1548 1548 I SystemServerTiming: OnBootPhase_520_com.android.server.os.BugreportManagerService
06-12 13:45:50.393 1548 1548 I SystemServerTiming: OnBootPhase_520_com.android.server.gpu.GpuService
06-12 13:45:50.393 1548 1548 I SystemServerTiming: OnBootPhase_520_com.android.server.security.KeyChainSystemService
06-12 13:45:50.393 1548 1548 I SystemServerTiming: OnBootPhase_520_com.android.server.telecom.TelecomLoaderService
06-12 13:45:50.393 1548 1548 I SystemServerTiming: OnBootPhase_520_com.android.server.accounts.AccountManagerService$Lifecycle
06-12 13:45:50.393 1548 1548 I SystemServerTiming: OnBootPhase_520_com.android.server.content.ContentService$Lifecycle
06-12 13:45:50.393 1548 1548 I SystemServerTiming: OnBootPhase_520_com.android.server.DropBoxManagerService
06-12 13:45:50.393 1548 1548 I SystemServerTiming: OnBootPhase_520_com.android.role.RoleService
06-12 13:45:50.393 1548 1548 I SystemServerTiming: OnBootPhase_520_com.android.server.vibrator.VibratorManagerService$Lifecycle
06-12 13:45:50.393 1548 1548 I SystemServerTiming: OnBootPhase_520_com.android.server.alarm.AlarmManagerService
06-12 13:45:50.393 1548 1548 I SystemServerTiming: OnBootPhase_520_com.android.server.devicestate.DeviceStateManagerService
06-12 13:45:50.393 1548 1548 I SystemServerTiming: OnBootPhase_520_com.android.server.camera.CameraServiceProxy
06-12 13:45:50.393 1548 1548 I SystemServerTiming: OnBootPhase_520_com.android.server.BluetoothService
06-12 13:45:50.393 1548 1548 I SystemServerTiming: OnBootPhase_520_com.android.server.connectivity.IpConnectivityMetrics
06-12 13:45:50.393 1548 1548 I SystemServerTiming: OnBootPhase_520_com.android.server.net.watchlist.NetworkWatchlistService$Lifecycle
06-12 13:45:50.393 1548 1548 I SystemServerTiming: OnBootPhase_520_com.android.server.PinnerService
06-12 13:45:50.393 1548 1548 I SystemServerTiming: OnBootPhase_520_com.google.android.startop.iorap.IorapForwardingService
06-12 13:45:50.393 1548 1548 I SystemServerTiming: OnBootPhase_520_com.android.server.ActivityTriggerService
06-12 13:45:50.393 1548 1548 I SystemServerTiming: OnBootPhase_520_com.android.server.integrity.AppIntegrityManagerService
06-12 13:45:50.393 1548 1548 I SystemServerTiming: OnBootPhase_520_com.android.server.inputmethod.InputMethodManagerService$Lifecycle
06-12 13:45:50.393 1548 1548 I SystemServerTiming: OnBootPhase_520_com.android.server.accessibility.AccessibilityManagerService$Lifecycle
06-12 13:45:50.393 1548 1548 I SystemServerTiming: OnBootPhase_520_com.android.server.StorageManagerService$Lifecycle
06-12 13:45:50.393 1548 1548 I SystemServerTiming: OnBootPhase_520_com.android.server.usage.StorageStatsService$Lifecycle
06-12 13:45:50.393 1548 1548 I SystemServerTiming: OnBootPhase_520_com.android.server.UiModeManagerService
06-12 13:45:50.393 1548 1548 I SystemServerTiming: OnBootPhase_520_com.android.server.locksettings.LockSettingsService$Lifecycle
06-12 13:45:50.393 1548 1548 I SystemServerTiming: OnBootPhase_520_com.android.server.PersistentDataBlockService
06-12 13:45:50.393 1548 1548 I SystemServerTiming: OnBootPhase_520_com.android.server.testharness.TestHarnessModeService
06-12 13:45:50.393 1548 1548 I SystemServerTiming: OnBootPhase_520_com.android.server.oemlock.OemLockService
06-12 13:45:50.393 1548 1548 I SystemServerTiming: OnBootPhase_520_com.android.server.DeviceIdleController
06-12 13:45:50.393 1548 1548 I SystemServerTiming: OnBootPhase_520_com.android.server.devicepolicy.DevicePolicyManagerService$Lifecycle
06-12 13:45:50.393 1548 1548 I SystemServerTiming: OnBootPhase_520_com.android.server.texttospeech.TextToSpeechManagerService
06-12 13:45:50.393 1548 1548 I SystemServerTiming: OnBootPhase_520_com.android.server.speech.SpeechRecognitionManagerService
06-12 13:45:50.393 1548 1548 I SystemServerTiming: OnBootPhase_520_com.android.server.searchui.SearchUiManagerService
06-12 13:45:50.393 1548 1548 I SystemServerTiming: OnBootPhase_520_com.android.server.smartspace.SmartspaceManagerService
06-12 13:45:50.393 1548 1548 I SystemServerTiming: OnBootPhase_520_com.android.server.graphics.fonts.FontManagerService$Lifecycle
06-12 13:45:50.393 1548 1548 I SystemServerTiming: OnBootPhase_520_com.android.server.textservices.TextServicesManagerService$Lifecycle
06-12 13:45:50.393 1548 1548 I SystemServerTiming: OnBootPhase_520_com.android.server.textclassifier.TextClassificationManagerService$Lifecycle
06-12 13:45:50.393 1548 1548 I SystemServerTiming: OnBootPhase_520_com.android.server.NetworkScoreService$Lifecycle
06-12 13:45:50.393 1548 1548 I SystemServerTiming: OnBootPhase_520_com.android.server.wifi.WifiService
06-12 13:45:50.393 1548 1548 I SystemServerTiming: OnBootPhase_520_com.android.server.wifi.scanner.WifiScanningService
06-12 13:45:50.393 1548 1548 I SystemServerTiming: OnBootPhase_520_com.android.server.wifi.rtt.RttService
06-12 13:45:50.393 1548 1548 I SystemServerTiming: OnBootPhase_520_com.android.server.wifi.aware.WifiAwareService
06-12 13:45:50.393 1548 1548 I SystemServerTiming: OnBootPhase_520_com.android.server.wifi.p2p.WifiP2pService
06-12 13:45:50.393 1548 1548 I SystemServerTiming: OnBootPhase_520_com.android.server.ethernet.EthernetService
06-12 13:45:50.393 1548 1548 I SystemServerTiming: OnBootPhase_520_com.android.server.ConnectivityServiceInitializer
06-12 13:45:50.393 1548 1548 I SystemServerTiming: OnBootPhase_520_com.android.server.notification.NotificationManagerService
06-12 13:45:50.393 1548 1548 I SystemServerTiming: OnBootPhase_520_com.android.server.storage.DeviceStorageMonitorService
06-12 13:45:50.393 1548 1548 I SystemServerTiming: OnBootPhase_520_com.android.server.location.LocationManagerService$Lifecycle
06-12 13:45:50.393 1548 1548 I SystemServerTiming: OnBootPhase_520_com.android.server.timedetector.TimeDetectorService$Lifecycle
06-12 13:45:50.393 1548 1548 I SystemServerTiming: OnBootPhase_520_com.android.server.timezonedetector.TimeZoneDetectorService$Lifecycle
06-12 13:45:50.393 1548 1548 I SystemServerTiming: OnBootPhase_520_com.android.server.timezonedetector.location.LocationTimeZoneManagerService$Lifecycle
06-12 13:45:50.393 1548 1548 I SystemServerTiming: OnBootPhase_520_com.android.server.search.SearchManagerService$Lifecycle
06-12 13:45:50.393 1548 1548 I SystemServerTiming: OnBootPhase_520_com.android.server.wallpaper.WallpaperManagerService$Lifecycle
06-12 13:45:50.393 1548 1548 I SystemServerTiming: OnBootPhase_520_com.android.server.audio.AudioService$Lifecycle
06-12 13:45:50.393 1548 1548 I SystemServerTiming: OnBootPhase_520_com.android.server.soundtrigger_middleware.SoundTriggerMiddlewareService$Lifecycle
06-12 13:45:50.393 1548 1548 I SystemServerTiming: OnBootPhase_520_com.android.server.DockObserver
06-12 13:45:50.393 1548 1548 I SystemServerTiming: OnBootPhase_520_com.android.server.midi.MidiService$Lifecycle
06-12 13:45:50.393 1548 1548 I SystemServerTiming: OnBootPhase_520_com.android.server.adb.AdbService$Lifecycle
06-12 13:45:50.393 1548 1548 I SystemServerTiming: OnBootPhase_520_com.android.server.usb.UsbService$Lifecycle
06-12 13:45:50.393 1548 1548 I SystemServerTiming: OnBootPhase_520_com.android.server.twilight.TwilightService
06-12 13:45:50.393 1548 1548 I SystemServerTiming: OnBootPhase_520_com.android.server.display.color.ColorDisplayService
06-12 13:45:50.393 1548 1548 I SystemServerTiming: OnBootPhase_520_com.android.server.job.JobSchedulerService
06-12 13:45:50.393 1548 1548 I SystemServerTiming: OnBootPhase_520_com.android.server.soundtrigger.SoundTriggerService
06-12 13:45:50.393 1548 1548 D SoundTriggerService: onBootPhase: 520 : false
06-12 13:45:50.393 1548 1548 I SystemServerTiming: OnBootPhase_520_com.android.server.trust.TrustManagerService
06-12 13:45:50.393 1548 1548 I SystemServerTiming: OnBootPhase_520_com.android.server.backup.BackupManagerService$Lifecycle
06-12 13:45:50.393 1548 1548 I SystemServerTiming: OnBootPhase_520_com.android.server.appwidget.AppWidgetService
06-12 13:45:50.393 1548 1548 I SystemServerTiming: OnBootPhase_520_com.android.server.voiceinteraction.VoiceInteractionManagerService
06-12 13:45:50.393 1548 1548 I SystemServerTiming: OnBootPhase_520_com.android.server.apphibernation.AppHibernationService
06-12 13:45:50.393 1548 1548 I SystemServerTiming: OnBootPhase_520_com.android.server.SensorNotificationService
06-12 13:45:50.393 1548 1548 I SystemServerTiming: OnBootPhase_520_com.android.server.emergency.EmergencyAffordanceService
06-12 13:45:50.393 1548 1548 I SystemServerTiming: OnBootPhase_520_com.android.server.blob.BlobStoreManagerService
06-12 13:45:50.393 1548 1548 I SystemServerTiming: OnBootPhase_520_com.android.server.dreams.DreamManagerService
06-12 13:45:50.393 1548 1548 I SystemServerTiming: OnBootPhase_520_com.android.server.companion.CompanionDeviceManagerService
06-12 13:45:50.393 1548 1548 I SystemServerTiming: OnBootPhase_520_com.android.server.restrictions.RestrictionsManagerService
06-12 13:45:50.393 1548 1548 I SystemServerTiming: OnBootPhase_520_com.android.server.media.MediaSessionService
06-12 13:45:50.393 1548 1548 I SystemServerTiming: OnBootPhase_520_com.android.server.media.MediaResourceMonitorService
06-12 13:45:50.393 1548 1548 I SystemServerTiming: OnBootPhase_520_com.android.server.biometrics.sensors.fingerprint.FingerprintService
06-12 13:45:50.393 1548 1548 I SystemServerTiming: OnBootPhase_520_com.android.server.biometrics.BiometricService
06-12 13:45:50.393 1548 1548 I SystemServerTiming: OnBootPhase_520_com.android.server.biometrics.AuthService
06-12 13:45:50.393 1548 1548 I SystemServerTiming: OnBootPhase_520_com.android.server.pm.ShortcutService$Lifecycle
06-12 13:45:50.393 1548 1548 I SystemServerTiming: OnBootPhase_520_com.android.server.pm.LauncherAppsService
06-12 13:45:50.393 1548 1548 I SystemServerTiming: OnBootPhase_520_com.android.server.pm.CrossProfileAppsService
06-12 13:45:50.394 1548 1548 I SystemServerTiming: OnBootPhase_520_com.android.server.people.PeopleService
06-12 13:45:50.394 1548 1548 I SystemServerTiming: OnBootPhase_520_com.android.server.media.metrics.MediaMetricsManagerService
06-12 13:45:50.394 1548 1548 I SystemServerTiming: OnBootPhase_520_com.android.server.media.projection.MediaProjectionManagerService
06-12 13:45:50.394 1548 1548 I SystemServerTiming: OnBootPhase_520_com.android.server.slice.SliceManagerService$Lifecycle
06-12 13:45:50.394 1548 1548 I SystemServerTiming: OnBootPhase_520_com.android.server.stats.StatsCompanion$Lifecycle
06-12 13:45:50.394 1548 1548 I SystemServerTiming: OnBootPhase_520_com.android.server.scheduling.RebootReadinessManagerService$Lifecycle
06-12 13:45:50.394 1548 1548 I SystemServerTiming: OnBootPhase_520_com.android.server.stats.pull.StatsPullAtomService
06-12 13:45:50.394 1548 1548 I SystemServerTiming: OnBootPhase_520_com.android.server.incident.IncidentCompanionService
06-12 13:45:50.394 1548 1548 I SystemServerTiming: OnBootPhase_520_com.android.server.MmsServiceBroker
06-12 13:45:50.394 1548 1548 I SystemServerTiming: OnBootPhase_520_com.android.server.autofill.AutofillManagerService
06-12 13:45:50.394 1548 1548 I SystemServerTiming: OnBootPhase_520_com.android.server.clipboard.ClipboardService
06-12 13:45:50.394 1548 1548 I SystemServerTiming: OnBootPhase_520_com.android.server.appbinding.AppBindingService$Lifecycle
06-12 13:45:50.394 1548 1548 I SystemServerTiming: OnBootPhase_520_com.android.server.tracing.TracingServiceProxy
06-12 13:45:50.394 1548 1548 I SystemServerTiming: OnBootPhase_520_com.android.server.policy.PermissionPolicyService
06-12 13:45:50.394 1548 1548 I SystemServerTiming: OnBootPhase_520_com.android.server.pm.StagingManager$Lifecycle
06-12 13:45:50.394 1548 1548 I SystemServerTiming: OnBootPhase_520_com.android.server.app.GameManagerService$Lifecycle
06-12 13:45:50.394 1548 1548 I SystemServerTiming: AppSearchManagerService
