06-12 13:49:58.906 1548 1638 I am_wtf : [0,1548,system_server,-1,DisplayDeviceConfig,requesting nits when no mapping exists.]
06-12 13:49:58.907 1548 1638 I am_wtf : [0,1548,system_server,-1,DisplayDeviceConfig,requesting nits when no mapping exists.]
06-12 13:49:58.922 1548 1911 E DisplayDeviceConfig: requesting nits when no mapping exists.
06-12 13:49:58.923 1548 1638 I am_wtf : [0,1548,system_server,-1,DisplayDeviceConfig,requesting nits when no mapping exists.]
06-12 13:49:58.923 1548 1911 E DisplayDeviceConfig: requesting nits when no mapping exists.
06-12 13:49:58.924 1548 1638 I am_wtf : [0,1548,system_server,-1,DisplayDeviceConfig,requesting nits when no mapping exists.]
06-12 13:49:58.939 1548 1911 E DisplayDeviceConfig: requesting nits when no mapping exists.
06-12 13:49:58.940 1548 1911 E DisplayDeviceConfig: requesting nits when no mapping exists.
06-12 13:49:58.940 1548 1638 I am_wtf : [0,1548,system_server,-1,DisplayDeviceConfig,requesting nits when no mapping exists.]
06-12 13:49:58.941 1548 1638 I am_wtf : [0,1548,system_server,-1,DisplayDeviceConfig,requesting nits when no mapping exists.]
06-12 13:49:58.955 1548 1911 E DisplayDeviceConfig: requesting nits when no mapping exists.
06-12 13:49:58.956 1548 1911 E DisplayDeviceConfig: requesting nits when no mapping exists.
06-12 13:49:58.956 1548 1638 I am_wtf : [0,1548,system_server,-1,DisplayDeviceConfig,requesting nits when no mapping exists.]
06-12 13:49:58.957 1548 1638 I am_wtf : [0,1548,system_server,-1,DisplayDeviceConfig,requesting nits when no mapping exists.]
06-12 13:49:58.972 1548 1911 E DisplayDeviceConfig: requesting nits when no mapping exists.
06-12 13:49:58.973 1548 1911 E DisplayDeviceConfig: requesting nits when no mapping exists.
06-12 13:49:58.973 1548 1638 I am_wtf : [0,1548,system_server,-1,DisplayDeviceConfig,requesting nits when no mapping exists.]
06-12 13:49:58.974 1548 1638 I am_wtf : [0,1548,system_server,-1,DisplayDeviceConfig,requesting nits when no mapping exists.]
06-12 13:49:58.989 1548 1911 E DisplayDeviceConfig: requesting nits when no mapping exists.
06-12 13:49:58.990 1548 1638 I am_wtf : [0,1548,system_server,-1,DisplayDeviceConfig,requesting nits when no mapping exists.]
06-12 13:49:58.990 1548 1911 E DisplayDeviceConfig: requesting nits when no mapping exists.
06-12 13:49:58.991 1548 1638 I am_wtf : [0,1548,system_server,-1,DisplayDeviceConfig,requesting nits when no mapping exists.]
06-12 13:49:59.006 1548 1911 E DisplayDeviceConfig: requesting nits when no mapping exists.
06-12 13:49:59.006 1548 1638 I am_wtf : [0,1548,system_server,-1,DisplayDeviceConfig,requesting nits when no mapping exists.]
06-12 13:49:59.006 1548 1911 E DisplayDeviceConfig: requesting nits when no mapping exists.
06-12 13:49:59.007 1548 1638 I am_wtf : [0,1548,system_server,-1,DisplayDeviceConfig,requesting nits when no mapping exists.]
06-12 13:49:59.022 1548 1911 E DisplayDeviceConfig: requesting nits when no mapping exists.
06-12 13:49:59.023 1548 1638 I am_wtf : [0,1548,system_server,-1,DisplayDeviceConfig,requesting nits when no mapping exists.]
06-12 13:49:59.023 1548 1911 E DisplayDeviceConfig: requesting nits when no mapping exists.
06-12 13:49:59.024 1548 1638 I am_wtf : [0,1548,system_server,-1,DisplayDeviceConfig,requesting nits when no mapping exists.]
06-12 13:49:59.039 1548 1911 E DisplayDeviceConfig: requesting nits when no mapping exists.
06-12 13:49:59.039 1548 1911 E DisplayDeviceConfig: requesting nits when no mapping exists.
06-12 13:49:59.039 1548 1638 I am_wtf : [0,1548,system_server,-1,DisplayDeviceConfig,requesting nits when no mapping exists.]
06-12 13:49:59.041 1548 1638 I am_wtf : [0,1548,system_server,-1,DisplayDeviceConfig,requesting nits when no mapping exists.]
06-12 13:49:59.056 1548 1911 E DisplayDeviceConfig: requesting nits when no mapping exists.
06-12 13:49:59.056 1548 1911 E DisplayDeviceConfig: requesting nits when no mapping exists.
06-12 13:49:59.057 1548 1638 I am_wtf : [0,1548,system_server,-1,DisplayDeviceConfig,requesting nits when no mapping exists.]
06-12 13:49:59.058 1548 1638 I am_wtf : [0,1548,system_server,-1,DisplayDeviceConfig,requesting nits when no mapping exists.]
06-12 13:49:59.072 1548 1911 E DisplayDeviceConfig: requesting nits when no mapping exists.
06-12 13:49:59.073 1548 1638 I am_wtf : [0,1548,system_server,-1,DisplayDeviceConfig,requesting nits when no mapping exists.]
06-12 13:49:59.073 1548 1911 E DisplayDeviceConfig: requesting nits when no mapping exists.
06-12 13:49:59.074 1548 1638 I am_wtf : [0,1548,system_server,-1,DisplayDeviceConfig,requesting nits when no mapping exists.]
06-12 13:50:00.163 1548 1671 V DisplayPowerController[0]: Brightness [0.1919192] reason changing to: 'temporary', previous reason: 'manual'.
06-12 13:50:00.165 1548 1911 E DisplayDeviceConfig: requesting nits when no mapping exists.
06-12 13:50:00.165 1548 1911 E DisplayDeviceConfig: requesting nits when no mapping exists.
06-12 13:50:00.165 1548 1638 I am_wtf : [0,1548,system_server,-1,DisplayDeviceConfig,requesting nits when no mapping exists.]
06-12 13:50:00.166 1548 1638 I am_wtf : [0,1548,system_server,-1,DisplayDeviceConfig,requesting nits when no mapping exists.]
06-12 13:50:00.190 1548 1911 E DisplayDeviceConfig: requesting nits when no mapping exists.
06-12 13:50:00.191 1548 1911 E DisplayDeviceConfig: requesting nits when no mapping exists.
06-12 13:50:00.191 1548 1638 I am_wtf : [0,1548,system_server,-1,DisplayDeviceConfig,requesting nits when no mapping exists.]
06-12 13:50:00.192 1548 1638 I am_wtf : [0,1548,system_server,-1,DisplayDeviceConfig,requesting nits when no mapping exists.]
06-12 13:50:00.207 1548 1911 E DisplayDeviceConfig: requesting nits when no mapping exists.
06-12 13:50:00.208 1548 1638 I am_wtf : [0,1548,system_server,-1,DisplayDeviceConfig,requesting nits when no mapping exists.]
06-12 13:50:00.208 1548 1911 E DisplayDeviceConfig: requesting nits when no mapping exists.
06-12 13:50:00.208 1548 1638 I am_wtf : [0,1548,system_server,-1,DisplayDeviceConfig,requesting nits when no mapping exists.]
06-12 13:50:00.223 1548 1911 E DisplayDeviceConfig: requesting nits when no mapping exists.
06-12 13:50:00.224 1548 1911 E DisplayDeviceConfig: requesting nits when no mapping exists.
06-12 13:50:00.224 1548 1638 I am_wtf : [0,1548,system_server,-1,DisplayDeviceConfig,requesting nits when no mapping exists.]
06-12 13:50:00.224 1548 1638 I am_wtf : [0,1548,system_server,-1,DisplayDeviceConfig,requesting nits when no mapping exists.]
06-12 13:50:00.240 1548 1911 E DisplayDeviceConfig: requesting nits when no mapping exists.
06-12 13:50:00.240 1548 1911 E DisplayDeviceConfig: requesting nits when no mapping exists.
06-12 13:50:00.240 1548 1638 I am_wtf : [0,1548,system_server,-1,DisplayDeviceConfig,requesting nits when no mapping exists.]
06-12 13:50:00.241 1548 1638 I am_wtf : [0,1548,system_server,-1,DisplayDeviceConfig,requesting nits when no mapping exists.]
06-12 13:50:00.242 1548 1638 I service_manager_stats: [100,57,6530]
06-12 13:50:00.258 1548 1911 E DisplayDeviceConfig: requesting nits when no mapping exists.
06-12 13:50:00.259 1548 1911 E DisplayDeviceConfig: requesting nits when no mapping exists.
06-12 13:50:00.259 1548 1638 I am_wtf : [0,1548,system_server,-1,DisplayDeviceConfig,requesting nits when no mapping exists.]
06-12 13:50:00.260 1548 1638 I am_wtf : [0,1548,system_server,-1,DisplayDeviceConfig,requesting nits when no mapping exists.]
06-12 13:50:00.273 1548 1911 E DisplayDeviceConfig: requesting nits when no mapping exists.
06-12 13:50:00.274 1548 1638 I am_wtf : [0,1548,system_server,-1,DisplayDeviceConfig,requesting nits when no mapping exists.]
06-12 13:50:00.274 1548 1911 E DisplayDeviceConfig: requesting nits when no mapping exists.
06-12 13:50:00.274 1548 1638 I am_wtf : [0,1548,system_server,-1,DisplayDeviceConfig,requesting nits when no mapping exists.]
06-12 13:50:00.290 1548 1911 E DisplayDeviceConfig: requesting nits when no mapping exists.
06-12 13:50:00.291 1548 1911 E DisplayDeviceConfig: requesting nits when no mapping exists.
06-12 13:50:00.291 1548 1638 I am_wtf : [0,1548,system_server,-1,DisplayDeviceConfig,requesting nits when no mapping exists.]
06-12 13:50:00.292 1548 1638 I am_wtf : [0,1548,system_server,-1,DisplayDeviceConfig,requesting nits when no mapping exists.]
06-12 13:50:00.308 1548 1911 E DisplayDeviceConfig: requesting nits when no mapping exists.
06-12 13:50:00.308 1548 1638 I am_wtf : [0,1548,system_server,-1,DisplayDeviceConfig,requesting nits when no mapping exists.]
06-12 13:50:00.308 1548 1911 E DisplayDeviceConfig: requesting nits when no mapping exists.
06-12 13:50:00.309 1548 1638 I am_wtf : [0,1548,system_server,-1,DisplayDeviceConfig,requesting nits when no mapping exists.]
06-12 13:50:00.324 1548 1911 E DisplayDeviceConfig: requesting nits when no mapping exists.
06-12 13:50:00.324 1548 1638 I am_wtf : [0,1548,system_server,-1,DisplayDeviceConfig,requesting nits when no mapping exists.]
06-12 13:50:00.324 1548 1911 E DisplayDeviceConfig: requesting nits when no mapping exists.
06-12 13:50:00.325 1548 1638 I am_wtf : [0,1548,system_server,-1,DisplayDeviceConfig,requesting nits when no mapping exists.]
06-12 13:50:00.340 1548 1911 E DisplayDeviceConfig: requesting nits when no mapping exists.
06-12 13:50:00.341 1548 1638 I am_wtf : [0,1548,system_server,-1,DisplayDeviceConfig,requesting nits when no mapping exists.]
06-12 13:50:00.341 1548 1911 E DisplayDeviceConfig: requesting nits when no mapping exists.
06-12 13:50:00.341 1548 1638 I am_wtf : [0,1548,system_server,-1,DisplayDeviceConfig,requesting nits when no mapping exists.]
06-12 13:50:00.357 1548 1911 E DisplayDeviceConfig: requesting nits when no mapping exists.
06-12 13:50:00.358 1548 1638 I am_wtf : [0,1548,system_server,-1,DisplayDeviceConfig,requesting nits when no mapping exists.]
06-12 13:50:00.358 1548 1911 E DisplayDeviceConfig: requesting nits when no mapping exists.
06-12 13:50:00.358 1548 1638 I am_wtf : [0,1548,system_server,-1,DisplayDeviceConfig,requesting nits when no mapping exists.]
06-12 13:50:00.366 1548 1813 I commit_sys_config_file: [settings-1-0,5]
06-12 13:50:00.380 1548 1911 E DisplayDeviceConfig: requesting nits when no mapping exists.
06-12 13:50:00.380 1548 1911 E DisplayDeviceConfig: requesting nits when no mapping exists.
06-12 13:50:00.380 1548 1638 I am_wtf : [0,1548,system_server,-1,DisplayDeviceConfig,requesting nits when no mapping exists.]
06-12 13:50:00.381 1548 1638 I am_wtf : [0,1548,system_server,-1,DisplayDeviceConfig,requesting nits when no mapping exists.]
06-12 13:50:00.390 1548 1911 E DisplayDeviceConfig: requesting nits when no mapping exists.
06-12 13:50:00.390 1548 1911 E DisplayDeviceConfig: requesting nits when no mapping exists.
06-12 13:50:00.390 1548 1638 I am_wtf : [0,1548,system_server,-1,DisplayDeviceConfig,requesting nits when no mapping exists.]
06-12 13:50:00.391 1548 1638 I am_wtf : [0,1548,system_server,-1,DisplayDeviceConfig,requesting nits when no mapping exists.]
06-12 13:50:00.415 1936 1936 I sysui_multi_action: [757,218,758,4,759,69]
06-12 13:50:00.419 1548 4464 I commit_sys_config_file: [display-state,239861]
06-12 13:50:00.422 1548 1671 V DisplayPowerController[0]: Brightness [0.68686867] reason changing to: 'manual', previous reason: 'temporary'.
06-12 13:50:00.630 1548 1813 I commit_sys_config_file: [settings-1-0,6]
06-12 13:50:00.874 1548 1671 V DisplayPowerController[0]: Brightness [0.68686867] reason changing to: 'temporary', previous reason: 'manual'.
06-12 13:50:00.876 1548 1911 E DisplayDeviceConfig: requesting nits when no mapping exists.
06-12 13:50:00.878 1548 1911 E DisplayDeviceConfig: requesting nits when no mapping exists.
06-12 13:50:00.878 1548 1638 I am_wtf : [0,1548,system_server,-1,DisplayDeviceConfig,requesting nits when no mapping exists.]
06-12 13:50:00.879 1548 1638 I am_wtf : [0,1548,system_server,-1,DisplayDeviceConfig,requesting nits when no mapping exists.]
06-12 13:50:00.907 1548 1911 E DisplayDeviceConfig: requesting nits when no mapping exists.
06-12 13:50:00.907 1548 1911 E DisplayDeviceConfig: requesting nits when no mapping exists.
06-12 13:50:00.907 1548 1638 I am_wtf : [0,1548,system_server,-1,DisplayDeviceConfig,requesting nits when no mapping exists.]
06-12 13:50:00.908 1548 1638 I am_wtf : [0,1548,system_server,-1,DisplayDeviceConfig,requesting nits when no mapping exists.]
06-12 13:50:00.927 1548 1911 E DisplayDeviceConfig: requesting nits when no mapping exists.
06-12 13:50:00.927 1548 1911 E DisplayDeviceConfig: requesting nits when no mapping exists.
06-12 13:50:00.927 1548 1638 I am_wtf : [0,1548,system_server,-1,DisplayDeviceConfig,requesting nits when no mapping exists.]
06-12 13:50:00.928 1548 1638 I am_wtf : [0,1548,system_server,-1,DisplayDeviceConfig,requesting nits when no mapping exists.]
06-12 13:50:00.943 1548 1911 E DisplayDeviceConfig: requesting nits when no mapping exists.
06-12 13:50:00.943 1548 1911 E DisplayDeviceConfig: requesting nits when no mapping exists.
06-12 13:50:00.943 1548 1638 I am_wtf : [0,1548,system_server,-1,DisplayDeviceConfig,requesting nits when no mapping exists.]
06-12 13:50:00.944 1548 1638 I am_wtf : [0,1548,system_server,-1,DisplayDeviceConfig,requesting nits when no mapping exists.]
06-12 13:50:00.956 1548 1911 E DisplayDeviceConfig: requesting nits when no mapping exists.
06-12 13:50:00.957 1548 1911 E DisplayDeviceConfig: requesting nits when no mapping exists.
06-12 13:50:00.957 1548 1638 I am_wtf : [0,1548,system_server,-1,DisplayDeviceConfig,requesting nits when no mapping exists.]
06-12 13:50:00.957 1548 1638 I am_wtf : [0,1548,system_server,-1,DisplayDeviceConfig,requesting nits when no mapping exists.]
06-12 13:50:00.977 1548 1911 E DisplayDeviceConfig: requesting nits when no mapping exists.
06-12 13:50:00.978 1548 1911 E DisplayDeviceConfig: requesting nits when no mapping exists.
06-12 13:50:00.978 1548 1638 I am_wtf : [0,1548,system_server,-1,DisplayDeviceConfig,requesting nits when no mapping exists.]
06-12 13:50:00.979 1548 1638 I am_wtf : [0,1548,system_server,-1,DisplayDeviceConfig,requesting nits when no mapping exists.]
06-12 13:50:00.990 1548 1911 E DisplayDeviceConfig: requesting nits when no mapping exists.
06-12 13:50:00.991 1548 1911 E DisplayDeviceConfig: requesting nits when no mapping exists.
06-12 13:50:00.991 1548 1638 I am_wtf : [0,1548,system_server,-1,DisplayDeviceConfig,requesting nits when no mapping exists.]
06-12 13:50:00.991 1548 1638 I am_wtf : [0,1548,system_server,-1,DisplayDeviceConfig,requesting nits when no mapping exists.]
06-12 13:50:01.007 1548 1911 E DisplayDeviceConfig: requesting nits when no mapping exists.
06-12 13:50:01.008 1548 1638 I am_wtf : [0,1548,system_server,-1,DisplayDeviceConfig,requesting nits when no mapping exists.]
06-12 13:50:01.008 1548 1911 E DisplayDeviceConfig: requesting nits when no mapping exists.
06-12 13:50:01.009 1548 1638 I am_wtf : [0,1548,system_server,-1,DisplayDeviceConfig,requesting nits when no mapping exists.]
06-12 13:50:01.024 1548 1911 E DisplayDeviceConfig: requesting nits when no mapping exists.
06-12 13:50:01.025 1548 1638 I am_wtf : [0,1548,system_server,-1,DisplayDeviceConfig,requesting nits when no mapping exists.]
06-12 13:50:01.025 1548 1911 E DisplayDeviceConfig: requesting nits when no mapping exists.
06-12 13:50:01.025 1548 1638 I am_wtf : [0,1548,system_server,-1,DisplayDeviceConfig,requesting nits when no mapping exists.]
06-12 13:50:01.041 1548 1911 E DisplayDeviceConfig: requesting nits when no mapping exists.
06-12 13:50:01.042 1548 1911 E DisplayDeviceConfig: requesting nits when no mapping exists.
06-12 13:50:01.042 1548 1638 I am_wtf : [0,1548,system_server,-1,DisplayDeviceConfig,requesting nits when no mapping exists.]
06-12 13:50:01.043 1548 1638 I am_wtf : [0,1548,system_server,-1,DisplayDeviceConfig,requesting nits when no mapping exists.]
06-12 13:50:01.057 1548 1911 E DisplayDeviceConfig: requesting nits when no mapping exists.
06-12 13:50:01.058 1548 1911 E DisplayDeviceConfig: requesting nits when no mapping exists.
06-12 13:50:01.058 1548 1638 I am_wtf : [0,1548,system_server,-1,DisplayDeviceConfig,requesting nits when no mapping exists.]
06-12 13:50:01.058 1548 1638 I am_wtf : [0,1548,system_server,-1,DisplayDeviceConfig,requesting nits when no mapping exists.]
06-12 13:50:01.074 1548 1911 E DisplayDeviceConfig: requesting nits when no mapping exists.
06-12 13:50:01.074 1548 1911 E DisplayDeviceConfig: requesting nits when no mapping exists.
06-12 13:50:01.074 1548 1638 I am_wtf : [0,1548,system_server,-1,DisplayDeviceConfig,requesting nits when no mapping exists.]
06-12 13:50:01.075 1548 1638 I am_wtf : [0,1548,system_server,-1,DisplayDeviceConfig,requesting nits when no mapping exists.]
06-12 13:50:01.092 1548 1911 E DisplayDeviceConfig: requesting nits when no mapping exists.
06-12 13:50:01.092 1548 1911 E DisplayDeviceConfig: requesting nits when no mapping exists.
06-12 13:50:01.092 1548 1638 I am_wtf : [0,1548,system_server,-1,DisplayDeviceConfig,requesting nits when no mapping exists.]
06-12 13:50:01.094 1548 1638 I am_wtf : [0,1548,system_server,-1,DisplayDeviceConfig,requesting nits when no mapping exists.]
06-12 13:50:01.109 1548 1911 E DisplayDeviceConfig: requesting nits when no mapping exists.
06-12 13:50:01.109 1548 1911 E DisplayDeviceConfig: requesting nits when no mapping exists.
06-12 13:50:01.109 1548 1638 I am_wtf : [0,1548,system_server,-1,DisplayDeviceConfig,requesting nits when no mapping exists.]
06-12 13:50:01.110 1548 1638 I am_wtf : [0,1548,system_server,-1,DisplayDeviceConfig,requesting nits when no mapping exists.]
06-12 13:50:01.123 1548 1911 E DisplayDeviceConfig: requesting nits when no mapping exists.
06-12 13:50:01.124 1548 1638 I am_wtf : [0,1548,system_server,-1,DisplayDeviceConfig,requesting nits when no mapping exists.]
06-12 13:50:01.124 1548 1911 E DisplayDeviceConfig: requesting nits when no mapping exists.
06-12 13:50:01.125 1548 1638 I am_wtf : [0,1548,system_server,-1,DisplayDeviceConfig,requesting nits when no mapping exists.]
06-12 13:50:01.140 1548 1911 E DisplayDeviceConfig: requesting nits when no mapping exists.
06-12 13:50:01.141 1548 1638 I am_wtf : [0,1548,system_server,-1,DisplayDeviceConfig,requesting nits when no mapping exists.]
06-12 13:50:01.141 1548 1911 E DisplayDeviceConfig: requesting nits when no mapping exists.
06-12 13:50:01.141 1548 1638 I am_wtf : [0,1548,system_server,-1,DisplayDeviceConfig,requesting nits when no mapping exists.]
06-12 13:50:01.158 1548 1911 E DisplayDeviceConfig: requesting nits when no mapping exists.
06-12 13:50:01.158 1548 1638 I am_wtf : [0,1548,system_server,-1,DisplayDeviceConfig,requesting nits when no mapping exists.]
06-12 13:50:01.158 1548 1911 E DisplayDeviceConfig: requesting nits when no mapping exists.
06-12 13:50:01.159 1548 1638 I am_wtf : [0,1548,system_server,-1,DisplayDeviceConfig,requesting nits when no mapping exists.]
06-12 13:50:01.213 1936 1936 I sysui_multi_action: [757,218,758,4,759,43]
06-12 13:50:01.218 1548 4463 I commit_sys_config_file: [display-state,240660]
06-12 13:50:01.222 1548 1671 V DisplayPowerController[0]: Brightness [0.42424244] reason changing to: 'manual', previous reason: 'temporary'.
06-12 13:50:01.429 1548 1813 I commit_sys_config_file: [settings-1-0,6]
06-12 13:50:01.940 0 0 I : [ 260.228819] qcom_rpmh DRV:apps_rsc TCS Busy, retrying RPMH message send: addr=0x50000
06-12 13:50:01.940 0 0 I : [ 260.228842] qcom_rpmh DRV:apps_rsc TCS Busy, retrying RPMH message send: addr=0x50000
06-12 13:50:01.940 0 0 I : [ 260.228860] qcom_rpmh DRV:apps_rsc TCS Busy, retrying RPMH message send: addr=0x50000
06-12 13:50:02.057 1548 1671 V DisplayPowerController[0]: Brightness [0.42424244] reason changing to: 'temporary', previous reason: 'manual'.
06-12 13:50:02.060 1548 1911 E DisplayDeviceConfig: requesting nits when no mapping exists.
06-12 13:50:02.060 1548 1911 E DisplayDeviceConfig: requesting nits when no mapping exists.
06-12 13:50:02.060 1548 1638 I am_wtf : [0,1548,system_server,-1,DisplayDeviceConfig,requesting nits when no mapping exists.]
06-12 13:50:02.061 1548 1638 I am_wtf : [0,1548,system_server,-1,DisplayDeviceConfig,requesting nits when no mapping exists.]
06-12 13:50:02.090 1548 1911 E DisplayDeviceConfig: requesting nits when no mapping exists.
06-12 13:50:02.091 1548 1911 E DisplayDeviceConfig: requesting nits when no mapping exists.
06-12 13:50:02.091 1548 1638 I am_wtf : [0,1548,system_server,-1,DisplayDeviceConfig,requesting nits when no mapping exists.]
06-12 13:50:02.091 1548 1638 I am_wtf : [0,1548,system_server,-1,DisplayDeviceConfig,requesting nits when no mapping exists.]
06-12 13:50:02.107 1548 1911 E DisplayDeviceConfig: requesting nits when no mapping exists.
06-12 13:50:02.107 1548 1911 E DisplayDeviceConfig: requesting nits when no mapping exists.
06-12 13:50:02.107 1548 1638 I am_wtf : [0,1548,system_server,-1,DisplayDeviceConfig,requesting nits when no mapping exists.]
06-12 13:50:02.108 1548 1638 I am_wtf : [0,1548,system_server,-1,DisplayDeviceConfig,requesting nits when no mapping exists.]
06-12 13:50:02.124 1548 1911 E DisplayDeviceConfig: requesting nits when no mapping exists.
06-12 13:50:02.125 1548 1638 I am_wtf : [0,1548,system_server,-1,DisplayDeviceConfig,requesting nits when no mapping exists.]
06-12 13:50:02.125 1548 1911 E DisplayDeviceConfig: requesting nits when no mapping exists.
06-12 13:50:02.125 1548 1638 I am_wtf : [0,1548,system_server,-1,DisplayDeviceConfig,requesting nits when no mapping exists.]
06-12 13:50:02.142 1548 1911 E DisplayDeviceConfig: requesting nits when no mapping exists.
06-12 13:50:02.142 1548 1911 E DisplayDeviceConfig: requesting nits when no mapping exists.
06-12 13:50:02.142 1548 1638 I am_wtf : [0,1548,system_server,-1,DisplayDeviceConfig,requesting nits when no mapping exists.]
06-12 13:50:02.143 1548 1638 I am_wtf : [0,1548,system_server,-1,DisplayDeviceConfig,requesting nits when no mapping exists.]
06-12 13:50:02.157 1548 1911 E DisplayDeviceConfig: requesting nits when no mapping exists.
06-12 13:50:02.158 1548 1911 E DisplayDeviceConfig: requesting nits when no mapping exists.
06-12 13:50:02.158 1548 1638 I am_wtf : [0,1548,system_server,-1,DisplayDeviceConfig,requesting nits when no mapping exists.]
06-12 13:50:02.158 1548 1638 I am_wtf : [0,1548,system_server,-1,DisplayDeviceConfig,requesting nits when no mapping exists.]
06-12 13:50:02.175 1548 1911 E DisplayDeviceConfig: requesting nits when no mapping exists.
06-12 13:50:02.175 1548 1911 E DisplayDeviceConfig: requesting nits when no mapping exists.
06-12 13:50:02.175 1548 1638 I am_wtf : [0,1548,system_server,-1,DisplayDeviceConfig,requesting nits when no mapping exists.]
06-12 13:50:02.176 1548 1638 I am_wtf : [0,1548,system_server,-1,DisplayDeviceConfig,requesting nits when no mapping exists.]
06-12 13:50:02.190 1548 1911 E DisplayDeviceConfig: requesting nits when no mapping exists.
06-12 13:50:02.191 1548 1911 E DisplayDeviceConfig: requesting nits when no mapping exists.
06-12 13:50:02.191 1548 1638 I am_wtf : [0,1548,system_server,-1,DisplayDeviceConfig,requesting nits when no mapping exists.]
06-12 13:50:02.192 1548 1638 I am_wtf : [0,1548,system_server,-1,DisplayDeviceConfig,requesting nits when no mapping exists.]
06-12 13:50:02.207 1548 1911 E DisplayDeviceConfig: requesting nits when no mapping exists.
06-12 13:50:02.208 1548 1638 I am_wtf : [0,1548,system_server,-1,DisplayDeviceConfig,requesting nits when no mapping exists.]
06-12 13:50:02.208 1548 1911 E DisplayDeviceConfig: requesting nits when no mapping exists.
06-12 13:50:02.208 1548 1638 I am_wtf : [0,1548,system_server,-1,DisplayDeviceConfig,requesting nits when no mapping exists.]
06-12 13:50:02.224 1548 1911 E DisplayDeviceConfig: requesting nits when no mapping exists.
06-12 13:50:02.224 1548 1638 I am_wtf : [0,1548,system_server,-1,DisplayDeviceConfig,requesting nits when no mapping exists.]
06-12 13:50:02.224 1548 1911 E DisplayDeviceConfig: requesting nits when no mapping exists.
06-12 13:50:02.225 1548 1638 I am_wtf : [0,1548,system_server,-1,DisplayDeviceConfig,requesting nits when no mapping exists.]
06-12 13:50:02.240 1548 1911 E DisplayDeviceConfig: requesting nits when no mapping exists.
06-12 13:50:02.241 1548 1911 E DisplayDeviceConfig: requesting nits when no mapping exists.
06-12 13:50:02.241 1548 1638 I am_wtf : [0,1548,system_server,-1,DisplayDeviceConfig,requesting nits when no mapping exists.]
06-12 13:50:02.241 1548 1638 I am_wtf : [0,1548,system_server,-1,DisplayDeviceConfig,requesting nits when no mapping exists.]
06-12 13:50:02.274 1548 1911 E DisplayDeviceConfig: requesting nits when no mapping exists.
06-12 13:50:02.274 1548 1911 E DisplayDeviceConfig: requesting nits when no mapping exists.
06-12 13:50:02.274 1548 1638 I am_wtf : [0,1548,system_server,-1,DisplayDeviceConfig,requesting nits when no mapping exists.]
06-12 13:50:02.275 1548 1638 I am_wtf : [0,1548,system_server,-1,DisplayDeviceConfig,requesting nits when no mapping exists.]
06-12 13:50:02.340 1548 1911 E DisplayDeviceConfig: requesting nits when no mapping exists.
06-12 13:50:02.341 1548 1911 E DisplayDeviceConfig: requesting nits when no mapping exists.
06-12 13:50:02.341 1548 1638 I am_wtf : [0,1548,system_server,-1,DisplayDeviceConfig,requesting nits when no mapping exists.]
06-12 13:50:02.342 1548 1638 I am_wtf : [0,1548,system_server,-1,DisplayDeviceConfig,requesting nits when no mapping exists.]
06-12 13:50:02.357 1548 1911 E DisplayDeviceConfig: requesting nits when no mapping exists.
06-12 13:50:02.357 1548 1911 E DisplayDeviceConfig: requesting nits when no mapping exists.
06-12 13:50:02.357 1548 1638 I am_wtf : [0,1548,system_server,-1,DisplayDeviceConfig,requesting nits when no mapping exists.]
06-12 13:50:02.358 1548 1638 I am_wtf : [0,1548,system_server,-1,DisplayDeviceConfig,requesting nits when no mapping exists.]
06-12 13:50:02.373 1548 1911 E DisplayDeviceConfig: requesting nits when no mapping exists.
06-12 13:50:02.374 1548 1911 E DisplayDeviceConfig: requesting nits when no mapping exists.
06-12 13:50:02.374 1548 1638 I am_wtf : [0,1548,system_server,-1,DisplayDeviceConfig,requesting nits when no mapping exists.]
06-12 13:50:02.375 1548 1638 I am_wtf : [0,1548,system_server,-1,DisplayDeviceConfig,requesting nits when no mapping exists.]
06-12 13:50:02.391 1548 1911 E DisplayDeviceConfig: requesting nits when no mapping exists.
06-12 13:50:02.391 1548 1911 E DisplayDeviceConfig: requesting nits when no mapping exists.
06-12 13:50:02.391 1548 1638 I am_wtf : [0,1548,system_server,-1,DisplayDeviceConfig,requesting nits when no mapping exists.]
06-12 13:50:02.392 1548 1638 I am_wtf : [0,1548,system_server,-1,DisplayDeviceConfig,requesting nits when no mapping exists.]
06-12 13:50:02.407 1548 1911 E DisplayDeviceConfig: requesting nits when no mapping exists.
06-12 13:50:02.407 1548 1911 E DisplayDeviceConfig: requesting nits when no mapping exists.
06-12 13:50:02.407 1548 1638 I am_wtf : [0,1548,system_server,-1,DisplayDeviceConfig,requesting nits when no mapping exists.]
06-12 13:50:02.408 1548 1638 I am_wtf : [0,1548,system_server,-1,DisplayDeviceConfig,requesting nits when no mapping exists.]
06-12 13:50:02.424 1548 1911 E DisplayDeviceConfig: requesting nits when no mapping exists.
06-12 13:50:02.424 1548 1911 E DisplayDeviceConfig: requesting nits when no mapping exists.
06-12 13:50:02.424 1548 1638 I am_wtf : [0,1548,system_server,-1,DisplayDeviceConfig,requesting nits when no mapping exists.]
06-12 13:50:02.425 1548 1638 I am_wtf : [0,1548,system_server,-1,DisplayDeviceConfig,requesting nits when no mapping exists.]
06-12 13:50:02.440 1548 1911 E DisplayDeviceConfig: requesting nits when no mapping exists.
06-12 13:50:02.440 1548 1638 I am_wtf : [0,1548,system_server,-1,DisplayDeviceConfig,requesting nits when no mapping exists.]
06-12 13:50:02.440 1548 1911 E DisplayDeviceConfig: requesting nits when no mapping exists.
06-12 13:50:02.441 1548 1638 I am_wtf : [0,1548,system_server,-1,DisplayDeviceConfig,requesting nits when no mapping exists.]
06-12 13:50:02.457 1548 1911 E DisplayDeviceConfig: requesting nits when no mapping exists.
06-12 13:50:02.457 1548 1638 I am_wtf : [0,1548,system_server,-1,DisplayDeviceConfig,requesting nits when no mapping exists.]
06-12 13:50:02.457 1548 1911 E DisplayDeviceConfig: requesting nits when no mapping exists.
06-12 13:50:02.458 1548 1638 I am_wtf : [0,1548,system_server,-1,DisplayDeviceConfig,requesting nits when no mapping exists.]
06-12 13:50:02.474 1548 1911 E DisplayDeviceConfig: requesting nits when no mapping exists.
06-12 13:50:02.474 1548 1911 E DisplayDeviceConfig: requesting nits when no mapping exists.
06-12 13:50:02.474 1548 1638 I am_wtf : [0,1548,system_server,-1,DisplayDeviceConfig,requesting nits when no mapping exists.]
06-12 13:50:02.475 1548 1638 I am_wtf : [0,1548,system_server,-1,DisplayDeviceConfig,requesting nits when no mapping exists.]
06-12 13:50:02.491 1548 1911 E DisplayDeviceConfig: requesting nits when no mapping exists.
06-12 13:50:02.491 1548 1911 E DisplayDeviceConfig: requesting nits when no mapping exists.
06-12 13:50:02.491 1548 1638 I am_wtf : [0,1548,system_server,-1,DisplayDeviceConfig,requesting nits when no mapping exists.]
06-12 13:50:02.492 1548 1638 I am_wtf : [0,1548,system_server,-1,DisplayDeviceConfig,requesting nits when no mapping exists.]
06-12 13:50:02.507 1548 1911 E DisplayDeviceConfig: requesting nits when no mapping exists.
06-12 13:50:02.508 1548 1911 E DisplayDeviceConfig: requesting nits when no mapping exists.
06-12 13:50:02.508 1548 1638 I am_wtf : [0,1548,system_server,-1,DisplayDeviceConfig,requesting nits when no mapping exists.]
06-12 13:50:02.508 1548 1638 I am_wtf : [0,1548,system_server,-1,DisplayDeviceConfig,requesting nits when no mapping exists.]
06-12 13:50:02.525 1548 1911 E DisplayDeviceConfig: requesting nits when no mapping exists.
06-12 13:50:02.525 1548 1911 E DisplayDeviceConfig: requesting nits when no mapping exists.
06-12 13:50:02.525 1548 1638 I am_wtf : [0,1548,system_server,-1,DisplayDeviceConfig,requesting nits when no mapping exists.]
06-12 13:50:02.526 1548 1638 I am_wtf : [0,1548,system_server,-1,DisplayDeviceConfig,requesting nits when no mapping exists.]
06-12 13:50:02.540 1548 1911 E DisplayDeviceConfig: requesting nits when no mapping exists.
06-12 13:50:02.541 1548 1911 E DisplayDeviceConfig: requesting nits when no mapping exists.
06-12 13:50:02.541 1548 1638 I am_wtf : [0,1548,system_server,-1,DisplayDeviceConfig,requesting nits when no mapping exists.]
06-12 13:50:02.544 1548 1638 I am_wtf : [0,1548,system_server,-1,DisplayDeviceConfig,requesting nits when no mapping exists.]
06-12 13:50:02.601 1936 1936 I sysui_multi_action: [757,218,758,4,759,46]
06-12 13:50:02.605 1548 3458 I commit_sys_config_file: [display-state,242047]
06-12 13:50:02.609 1548 1671 V DisplayPowerController[0]: Brightness [0.45454547] reason changing to: 'manual', previous reason: 'temporary'.
06-12 13:50:02.818 1548 1813 I commit_sys_config_file: [settings-1-0,6]
06-12 13:50:17.816 0 0 I [ 276.104573] init: processing action (sys.tlog.tlogdshc.active=1) from (/system/etc/init/tlogd.rc:195)
06-12 13:50:17.816 0 0 I [ 276.105221] init: starting service 'tlogdshc'...
06-12 13:50:17.928 0 0 I [ 276.219177] init: Service 'tlogdshc' (pid 5846) exited with status 0 oneshot service took 0.108000 seconds in background
06-12 13:50:17.928 0 0 I [ 276.219208] init: Sending signal 9 to service 'tlogdshc' (pid 5846) process group...
06-12 13:50:17.928 0 0 I [ 276.219416] libprocessgroup: Successfully killed process cgroup uid 0 pid 5846 in 0ms
06-12 13:50:32.636 0 0 I : [ 290.926168] qcom_rpmh DRV:apps_rsc TCS Busy, retrying RPMH message send: addr=0x50000
06-12 13:50:32.636 0 0 I : [ 290.926190] qcom_rpmh DRV:apps_rsc TCS Busy, retrying RPMH message send: addr=0x50000
06-12 13:50:32.636 0 0 I : [ 290.926207] qcom_rpmh DRV:apps_rsc TCS Busy, retrying RPMH message send: addr=0x50000
06-12 13:50:33.005 2145 5872 W ContextImpl: Calling a method in the system process without a qualified user: android.app.ContextImpl.sendBroadcast:1173 android.content.ContextWrapper.sendBroadcast:479 com.thundercomm.microsettings.action.SetTimeAction.timeUpdated:191 com.thundercomm.microsettings.action.SetTimeAction.update24HourFormat:173 com.thundercomm.microsettings.action.SetTimeAction.doActualAction:133
06-12 13:50:33.017 1548 1548 D DevicePolicyManager: updateSystemUpdateFreezePeriodsRecord
06-12 13:50:33.017 1548 1548 D ConditionProviders.SCP: onReceive android.intent.action.TIME_SET
06-12 13:50:33.018 1548 1548 D ConditionProviders.SCP: evaluateSubscriptionLocked cal=ScheduleCalendar[mDays={1, 2, 3, 4, 5, 6, 7}, mSchedule=ScheduleInfo{days=[1, 2, 3, 4, 5, 6, 7], startHour=22, startMinute=0, endHour=7, endMinute=0, exitAtAlarm=true, nextAlarm=Thu Jan 01 08:00:00 GMT+08:00 1970 (0)}], now=Mon Jun 12 13:50:33 GMT+08:00 2023 (1686549033017), nextUserAlarmTime=Thu Jan 01 08:00:00 GMT+08:00 1970 (0)
06-12 13:50:33.019 1548 1548 D ConditionProviders.SCP: notifyCondition condition://android/schedule?days=1.2.3.4.5.6.7&start=22.0&end=7.0&exitAtAlarm=true STATE_FALSE reason=!meetsSchedule
06-12 13:50:33.019 1548 1548 D ConditionProviders.SCP: Scheduling evaluate for Mon Jun 12 22:00:00 GMT+08:00 2023 (1686578400000), in +8h9m26s983ms, now=Mon Jun 12 13:50:33 GMT+08:00 2023 (1686549033017)
06-12 13:50:33.023 1548 1867 I am_uid_active: 10027
06-12 13:50:33.041 1548 1635 I am_pss : [2423,1000,com.android.settings,188085248,171753472,0,336650240,0,2,11]
06-12 13:50:47.812 0 0 I [ 306.106880] init: processing action (sys.tlog.tlogdshc.active=1) from (/system/etc/init/tlogd.rc:195)
06-12 13:50:47.812 0 0 I [ 306.107577] init: starting service 'tlogdshc'...
06-12 13:50:47.924 0 0 I [ 306.222200] init: Service 'tlogdshc' (pid 5892) exited with status 0 oneshot service took 0.108000 seconds in background
06-12 13:50:47.925 0 0 I [ 306.222234] init: Sending signal 9 to service 'tlogdshc' (pid 5892) process group...
06-12 13:50:47.925 0 0 I [ 306.222456] libprocessgroup: Successfully killed process cgroup uid 0 pid 5892 in 0ms
06-12 13:50:58.085 577 577 E spcomlib: [spcom_wait_for_event] event [1] [nvm_ready] EVENT_STATUS_TIMEOUT
06-12 13:50:58.085 577 577 E spdaemon: spcom_wait_for_nvm_ready() failed. ret [-110] [Connection timed out].
06-12 13:50:58.085 577 577 E spdaemon: Initial SP initialization failed. ret [-110].
06-12 13:50:58.085 577 577 D spdaemon: going to sleep for a day.
06-12 13:50:58.088 0 0 E : [ 316.384961] spss_utils [spss_wait_for_event]: wait for event [1] timeout [300] sec expired
06-12 13:50:58.252 0 0 I : [ 316.549161] qcom_rpmh DRV:apps_rsc TCS Busy, retrying RPMH message send: addr=0x50000
06-12 13:50:58.252 0 0 I : [ 316.549182] qcom_rpmh DRV:apps_rsc TCS Busy, retrying RPMH message send: addr=0x50000
06-12 13:50:58.252 0 0 I : [ 316.549200] qcom_rpmh DRV:apps_rsc TCS Busy, retrying RPMH message send: addr=0x50000
06-12 13:50:58.252 0 0 I : [ 316.549217] qcom_rpmh DRV:apps_rsc TCS Busy, retrying RPMH message send: addr=0x50000
06-12 13:51:03.437 1548 1548 I service_manager_stats: [116,46,63204]
06-12 13:51:03.652 1936 1936 I sysui_multi_action: [757,111,758,2]
06-12 13:51:03.652 1936 1936 I sysui_multi_action: [757,111,758,2]
06-12 13:51:03.707 1548 1623 I input_focus: [Focus request 6585a6c com.android.settings/com.android.settings.Settings,reason=UpdateInputWindows]
06-12 13:51:03.710 1548 3458 I sysui_multi_action: [757,127,758,2]
06-12 13:51:03.710 1548 3458 I notification_panel_hidden:
06-12 13:51:03.735 1548 1829 I input_focus: [Focus leaving 40d8d8d NotificationShade (server),reason=NO_WINDOW]
06-12 13:51:03.735 1548 1829 I input_focus: [Focus entering 6585a6c com.android.settings/com.android.settings.Settings (server),reason=setFocusedWindow]
06-12 13:51:04.062 1548 1829 I input_interaction: Interaction with: 6585a6c com.android.settings/com.android.settings.Settings (server), edge-swipe (server), swipe-up (server), PointerEventDispatcher0 (server),
06-12 13:51:09.222 2423 2423 I sysui_multi_action: [757,830,758,4,833,0,854,top_level_privacy,1089,0]
06-12 13:51:09.331 2423 2423 I sysui_multi_action: [757,336,758,2,1089,221851]
06-12 13:51:09.351 1548 2990 E UserRestrictionsUtils: Unknown restriction queried by uid 1000 (com.thundercomm.microsettings et al): null
06-12 13:51:09.352 1548 2990 E UserRestrictionsUtils: Unknown restriction queried by uid 1000 (com.thundercomm.microsettings et al): null
06-12 13:51:09.352 1548 2990 E UserRestrictionsUtils: Unknown restriction queried by uid 1000 (com.thundercomm.microsettings et al): null
06-12 13:51:09.353 1548 2990 E UserRestrictionsUtils: Unknown restriction queried by uid 1000 (com.thundercomm.microsettings et al): null
06-12 13:51:09.354 1548 2990 E UserRestrictionsUtils: Unknown restriction queried by uid 1000 (com.thundercomm.microsettings et al): null
06-12 13:51:09.354 1548 2990 E UserRestrictionsUtils: Unknown restriction queried by uid 1000 (com.thundercomm.microsettings et al): null
06-12 13:51:09.355 1548 2990 E UserRestrictionsUtils: Unknown restriction queried by uid 1000 (com.thundercomm.microsettings et al): null
06-12 13:51:09.356 1548 2990 E UserRestrictionsUtils: Unknown restriction queried by uid 1000 (com.thundercomm.microsettings et al): null
06-12 13:51:09.375 2423 2423 I sysui_multi_action: [757,1587,758,1,833,0,1089,32]
06-12 13:51:09.377 2423 2423 I sysui_multi_action: [757,1729,758,4,854,isParalleledControllers:false,1089,34]
06-12 13:51:10.168 2423 2423 I sysui_multi_action: [757,830,758,4,833,0,854,top_level_system,1089,0]
06-12 13:51:10.273 2423 2423 I sysui_multi_action: [757,1587,758,2,1089,898]
06-12 13:51:10.285 1548 2074 E UserRestrictionsUtils: Unknown restriction queried by uid 1000 (com.thundercomm.microsettings et al): null
06-12 13:51:10.286 1548 2074 E UserRestrictionsUtils: Unknown restriction queried by uid 1000 (com.thundercomm.microsettings et al): null
06-12 13:51:10.287 1548 2074 E UserRestrictionsUtils: Unknown restriction queried by uid 1000 (com.thundercomm.microsettings et al): null
06-12 13:51:10.288 1548 2074 E UserRestrictionsUtils: Unknown restriction queried by uid 1000 (com.thundercomm.microsettings et al): null
06-12 13:51:10.289 1548 2074 E UserRestrictionsUtils: Unknown restriction queried by uid 1000 (com.thundercomm.microsettings et al): null
06-12 13:51:10.290 1548 2074 E UserRestrictionsUtils: Unknown restriction queried by uid 1000 (com.thundercomm.microsettings et al): null
06-12 13:51:10.312 2423 2423 I sysui_multi_action: [757,744,758,1,833,0,1089,31]
06-12 13:51:10.315 2423 2423 I sysui_multi_action: [757,1729,758,4,854,isParalleledControllers:false,1089,34]
06-12 13:51:13.928 2423 2423 I sysui_multi_action: [757,830,758,4,833,0,854,top_level_network,1089,0]
06-12 13:51:14.031 2423 2423 I sysui_multi_action: [757,744,758,2,1089,3719]
06-12 13:51:14.050 2423 2423 I service_manager_stats: [100,63,254355]
06-12 13:51:14.050 2423 2423 W CarrierConfigManager: Error getting config for subId -1 ICarrierConfigLoader is null
06-12 13:51:14.058 1548 2074 E UserRestrictionsUtils: Unknown restriction queried by uid 1000 (com.thundercomm.microsettings et al): null
06-12 13:51:14.106 2423 2423 I sysui_multi_action: [757,746,758,1,833,0,1089,68]
06-12 13:51:14.107 1548 2998 D TelephonyRegistry: listen oscl: mHasNotifySubscriptionInfoChangedOccurred==false no callback
06-12 13:51:14.111 1548 2998 D TelephonyRegistry: listen oscl: mHasNotifySubscriptionInfoChangedOccurred==false no callback
06-12 13:51:14.121 2423 2423 I sysui_multi_action: [757,1729,758,4,854,isParalleledControllers:false,1089,83]
06-12 13:51:14.176 0 0 I [ 332.474696] [schedu][0x17f8b98f1][13: 51:14.174968] wlan: [3397:I:OSIF] scan start scan id 40968
06-12 13:51:15.368 0 0 E [ 333.664201] [wifi@1][0x180e81662][13: 51:15.364481] wlan: [837:E:HDD] wlan_hdd_send_ll_stats_req: 1597: Target response timed out request id 0 request bitmap 0x1
06-12 13:51:15.368 0 0 E [ 333.664373] [wifi@1][0x180e821e2][13: 51:15.364634] wlan: [837:E:HDD] __wlan_hdd_cfg80211_ll_stats_get: 1742: Failed to send LL stats request (id:0)
06-12 13:51:15.474 2423 2423 I sysui_multi_action: [757,830,758,4,833,0,854,homepage_search_bar,1089,0]
06-12 13:51:15.482 1548 2998 I ActivityTaskManager: START u0 {act=android.settings.APP_SEARCH_SETTINGS pkg=com.android.settings.intelligence cmp=com.android.settings.intelligence/.search.SearchActivity (has extras)} from uid 1000
06-12 13:51:15.487 1548 2998 D ActivityTaskManager: TaskLaunchParamsModifier:task=null activity=ActivityRecord{efd6981 u0 com.android.settings.intelligence/.search.SearchActivity taskAffinity=10059:com.android.settings.intelligence display-area-from-source=DefaultTaskDisplayArea@262119703 display-id=0 display-windowing-mode=1 suggested-display-area=DefaultTaskDisplayArea@262119703
06-12 13:51:15.487 1548 2998 D ActivityTaskManager: TaskLaunchParamsModifier:task=Task{ff456f8 #72 type=standard A=1000:com.android.settings.root U=0 visible=true mode=fullscreen translucent=false sz=1 visible freeform task=true rootAffinity=1000:com.android.settings.root isMini=false} activity=ActivityRecord{efd6981 u0 com.android.settings.intelligence/.search.SearchActivity taskAffinity=10059:com.android.settings.intelligence t-1} display-area-from-source=DefaultTaskDisplayArea@262119703 display-id=0 display-windowing-mode=1 suggested-display-area=DefaultTaskDisplayArea@262119703 non-freeform-display display-area=DefaultTaskDisplayArea@262119703
06-12 13:51:15.491 1548 2998 D CompatibilityChangeReporter: Compat change id reported: 174042980; UID 10059; state: DISABLED
06-12 13:51:15.492 1548 2998 D CompatibilityChangeReporter: Compat change id reported: 184838306; UID 10059; state: DISABLED
06-12 13:51:15.492 1548 2998 D CompatibilityChangeReporter: Compat change id reported: 185004937; UID 10059; state: DISABLED
06-12 13:51:15.492 1548 2998 D CompatibilityChangeReporter: Compat change id reported: 181136395; UID 10059; state: DISABLED
06-12 13:51:15.492 1548 2998 D CompatibilityChangeReporter: Compat change id reported: 174042936; UID 10059; state: DISABLED
06-12 13:51:15.493 1548 2998 I wm_task_moved: [72,1,6]
06-12 13:51:15.493 1548 2998 I wm_set_resumed_activity: [0,com.android.settings/.Settings,positionChildAt]
06-12 13:51:15.493 1548 2998 I wm_create_activity: [0,251488641,72,com.android.settings.intelligence/.search.SearchActivity,android.settings.APP_SEARCH_SETTINGS,NULL,NULL,0]
06-12 13:51:15.494 1548 2998 I wm_pause_activity: [0,91867989,com.android.settings/.Settings,userLeaving=true,resumeTopActivityInnerLocked]
06-12 13:51:15.496 1548 1622 I am_uid_running: 10059
06-12 13:51:15.496 1548 1622 D CompatibilityChangeReporter: Compat change id reported: 135634846; UID 10059; state: DISABLED
06-12 13:51:15.496 1548 1622 D CompatibilityChangeReporter: Compat change id reported: 177438394; UID 10059; state: DISABLED
06-12 13:51:15.496 1548 1622 D CompatibilityChangeReporter: Compat change id reported: 135772972; UID 10059; state: DISABLED
06-12 13:51:15.496 1548 1622 D CompatibilityChangeReporter: Compat change id reported: 135754954; UID 10059; state: DISABLED
06-12 13:51:15.497 1548 1639 D CompatibilityChangeReporter: Compat change id reported: 143937733; UID 10059; state: DISABLED
06-12 13:51:15.497 2423 2423 I wm_on_top_resumed_lost_called: [91867989,com.android.settings.Settings,topStateChangedWhenResumed]
06-12 13:51:15.497 2423 2423 I sysui_multi_action: [757,35,758,2,1089,270464]
06-12 13:51:15.499 2423 2423 I sysui_multi_action: [757,746,758,2,1089,1393]
06-12 13:51:15.501 2423 2423 I wm_on_paused_called: [91867989,com.android.settings.Settings,performPause]
06-12 13:51:15.501 1548 4464 I ActivityTaskManager: FOREGROUND_APPLICATION_CHANGED to com.android.settings.intelligence.search.SearchActivity
06-12 13:51:15.501 1548 4464 I wm_add_to_stopping: [0,91867989,com.android.settings/.Settings,makeInvisible]
06-12 13:51:15.502 1548 1639 I am_proc_start: [0,5963,10059,com.android.settings.intelligence,pre-top-activity,{com.android.settings.intelligence/com.android.settings.intelligence.search.SearchActivity}]
06-12 13:51:15.502 1548 1639 I ActivityManager: Start proc 5963:com.android.settings.intelligence/u0a59 for pre-top-activity {com.android.settings.intelligence/com.android.settings.intelligence.search.SearchActivity}
06-12 13:51:15.502 1548 5964 W ContextImpl: Calling a method in the system process without a qualified user: android.app.ContextImpl.sendBroadcast:1173 com.qualcomm.qti.Performance$SendGameLaunchBroadcast.run:217 java.lang.Thread.run:920
06-12 13:51:15.503 1548 1622 I sysui_multi_action: [757,803,799,window_time_0,802,270]
06-12 13:51:15.503 1147 1147 I auditd : type=1400 audit(0.0:182): avc: denied { read } for comm="traced_probes" name="format" dev="tracefs" ino=6416 scontext=u:r:traced_probes:s0 tcontext=u:object_r:debugfs_tracing_debug:s0 tclass=file permissive=0
06-12 13:51:15.503 1147 1147 I auditd : type=1400 audit(0.0:183): avc: denied { read } for comm="traced_probes" name="format" dev="tracefs" ino=6404 scontext=u:r:traced_probes:s0 tcontext=u:object_r:debugfs_tracing_debug:s0 tclass=file permissive=0
06-12 13:51:15.506 0 0 W [ 333.805528] audit: audit_lost=1 audit_rate_limit=5 audit_backlog_limit=64
06-12 13:51:15.506 0 0 E [ 333.805531] audit: rate limit exceeded
06-12 13:51:15.503 1147 1147 I auditd : type=1400 audit(0.0:184): avc: denied { read } for comm="traced_probes" name="format" dev="tracefs" ino=6410 scontext=u:r:traced_probes:s0 tcontext=u:object_r:debugfs_tracing_debug:s0 tclass=file permissive=0
06-12 13:51:15.503 1147 1147 I auditd : type=1400 audit(0.0:185): avc: denied { read } for comm="traced_probes" name="format" dev="tracefs" ino=6422 scontext=u:r:traced_probes:s0 tcontext=u:object_r:debugfs_tracing_debug:s0 tclass=file permissive=0
06-12 13:51:15.503 1147 1147 I auditd : type=1400 audit(0.0:186): avc: denied { read } for comm="traced_probes" name="format" dev="tracefs" ino=6428 scontext=u:r:traced_probes:s0 tcontext=u:object_r:debugfs_tracing_debug:s0 tclass=file permissive=0
06-12 13:51:15.503 1147 1147 I auditd : type=1400 audit(0.0:187): avc: denied { read } for comm="traced_probes" name="format" dev="tracefs" ino=6464 scontext=u:r:traced_probes:s0 tcontext=u:object_r:debugfs_tracing_debug:s0 tclass=file permissive=0
06-12 13:51:15.503 1147 1147 I auditd : type=1400 audit(0.0:188): avc: denied { read } for comm="traced_probes" name="format" dev="tracefs" ino=6374 scontext=u:r:traced_probes:s0 tcontext=u:object_r:debugfs_tracing_debug:s0 tclass=file permissive=0
06-12 13:51:15.503 1147 1147 I auditd : type=1400 audit(0.0:189): avc: denied { read } for comm="traced_probes" name="format" dev="tracefs" ino=6434 scontext=u:r:traced_probes:s0 tcontext=u:object_r:debugfs_tracing_debug:s0 tclass=file permissive=0
06-12 13:51:15.503 1147 1147 I auditd : type=1400 audit(0.0:190): avc: denied { read } for comm="traced_probes" name="format" dev="tracefs" ino=6446 scontext=u:r:traced_probes:s0 tcontext=u:object_r:debugfs_tracing_debug:s0 tclass=file permissive=0
06-12 13:51:15.510 0 0 I [ 333.808453] [schedu][0x181125a81][13: 51:15.508749] wlan: [3397:I:OSIF] vdev 0, scan id 40968 type COMPLETED(1) reason COMPLETED(1) scan found 72 bss
06-12 13:51:15.511 0 0 I [ 333.810886] binder: 5963:5963 ioctl 40046210 7fda4f17a4 returned -22
06-12 13:51:15.513 1548 2998 I am_proc_bound: [0,5963,com.android.settings.intelligence]
06-12 13:51:15.514 1548 2998 D CompatibilityChangeReporter: Compat change id reported: 168419799; UID 10059; state: DISABLED
06-12 13:51:15.516 1548 2998 I wm_restart_activity: [0,251488641,72,com.android.settings.intelligence/.search.SearchActivity]
06-12 13:51:15.520 1548 2998 I wm_set_resumed_activity: [0,com.android.settings.intelligence/.search.SearchActivity,minimalResumeActivityLocked]
06-12 13:51:15.521 1548 1622 I am_uid_active: 10059
06-12 13:51:15.526 1548 4463 I am_uid_active: 10062
06-12 13:51:15.532 1548 1829 I input_focus: [Focus leaving 6585a6c com.android.settings/com.android.settings.Settings (server),reason=NO_WINDOW]
06-12 13:51:15.540 0 0 I [ 333.837432] binder: 1147:1147 ioctl 40046210 7fdf112464 returned -22
06-12 13:51:15.547 5963 5963 I wm_on_create_called: [251488641,com.android.settings.intelligence.search.SearchActivity,performCreate]
06-12 13:51:15.548 0 0 W [ 333.845065] perfetto: enabled ftrace
06-12 13:51:15.607 1548 2074 W ActivityManager: unable to read freezer info
06-12 13:51:15.608 0 0 I [ 333.907108] binder: 1548:2074 ioctl c00c620f 6c5650cef8 returned -22
06-12 13:51:15.621 1548 2074 D CompatibilityChangeReporter: Compat change id reported: 157233955; UID 1000; state: ENABLED
06-12 13:51:15.626 2423 4687 W CarrierConfigManager: Error getting config for subId -1 ICarrierConfigLoader is null
06-12 13:51:15.627 2423 4687 W CarrierConfigManager: Error getting config for subId -1 ICarrierConfigLoader is null
06-12 13:51:15.627 2423 4687 W CarrierConfigManager: Error getting config for subId -1 ICarrierConfigLoader is null
06-12 13:51:15.628 2423 4687 W CarrierConfigManager: Error getting config for subId -1 ICarrierConfigLoader is null
06-12 13:51:15.628 2423 4687 W CarrierConfigManager: Error getting config for subId -1 ICarrierConfigLoader is null
06-12 13:51:15.629 2423 4687 W CarrierConfigManager: Error getting config for subId -1 ICarrierConfigLoader is null
06-12 13:51:15.629 2423 4687 W CarrierConfigManager: Error getting config for subId -1 ICarrierConfigLoader is null
06-12 13:51:15.629 2423 4687 W CarrierConfigManager: Error getting config for subId -1 ICarrierConfigLoader is null
06-12 13:51:15.630 2423 4687 W CarrierConfigManager: Error getting config for subId -1 ICarrierConfigLoader is null
06-12 13:51:15.630 2423 4687 W CarrierConfigManager: Error getting config for subId -1 ICarrierConfigLoader is null
06-12 13:51:15.648 5963 5963 I wm_on_start_called: [251488641,com.android.settings.intelligence.search.SearchActivity,handleStartActivity]
