06-12 13:51:15.650 5963 5963 I wm_on_resume_called: [251488641,com.android.settings.intelligence.search.SearchActivity,RESUME_ACTIVITY]
06-12 13:51:15.655 5963 5963 I wm_on_top_resumed_gained_called: [251488641,com.android.settings.intelligence.search.SearchActivity,topStateChangedWhenResumed]
06-12 13:51:15.670 1548 1623 I input_focus: [Focus request f9503c8 com.android.settings.intelligence/com.android.settings.intelligence.search.SearchActivity,reason=UpdateInputWindows]
06-12 13:51:15.683 1548 1829 I input_focus: [Focus entering 6585a6c com.android.settings/com.android.settings.Settings (server),reason=Window became focusable. Previous reason: NO_WINDOW]
06-12 13:51:15.684 0 0 I [ 333.983162] binder: 5963:5981 ioctl 40046210 6cfa3c41f4 returned -22
06-12 13:51:15.696 1548 2074 D CompatibilityChangeReporter: Compat change id reported: 158482162; UID 1000; state: ENABLED
06-12 13:51:15.696 1548 2074 D CompatibilityChangeReporter: Compat change id reported: 158482162; UID 1000; state: DISABLED
06-12 13:51:15.700 1548 1829 I input_focus: [Focus leaving 6585a6c com.android.settings/com.android.settings.Settings (server),reason=Waiting for window because NOT_VISIBLE]
06-12 13:51:15.737 1548 1619 I sysui_multi_action: [319,252,322,251,325,333,757,761,758,7,759,2,806,com.android.settings.intelligence,871,com.android.settings.intelligence.search.SearchActivity,904,com.android.settings,905,0,945,33,1320,4,1321,1]
06-12 13:51:15.737 1548 1619 I wm_activity_launch_time: [0,251488641,com.android.settings.intelligence/.search.SearchActivity,251]
06-12 13:51:15.750 1548 1829 I input_focus: [Focus entering f9503c8 com.android.settings.intelligence/com.android.settings.intelligence.search.SearchActivity (server),reason=Window became focusable. Previous reason: NOT_VISIBLE]
06-12 13:51:15.840 0 0 I [ 334.139210] binder: 3854:3922 ioctl 40046210 6cd94fc1f4 returned -22
06-12 13:51:15.843 1548 2074 D CompatibilityChangeReporter: Compat change id reported: 168419799; UID 10035; state: DISABLED
06-12 13:51:15.906 1548 1638 W BroadcastQueue: Permission Denial: broadcasting Intent { act=android.net.conn.CONNECTIVITY_CHANGE flg=0x4200010 (has extras) } from null (pid=-1, uid=-1) requires com.baidu.input.permission.REGISTERRECEIVE due to registered receiver BroadcastFilter{4eb726c 10035/u0 ReceiverList{b2d5579 3854 com.baidu.input/10035/u0 remote:5417240}}
06-12 13:51:16.022 1548 2110 I wm_add_to_stopping: [0,91867989,com.android.settings/.Settings,makeInvisible]
06-12 13:51:16.025 1548 1622 I wm_stop_activity: [0,91867989,com.android.settings/.Settings]
06-12 13:51:16.056 2423 2423 I wm_on_stop_called: [91867989,com.android.settings.Settings,STOP_ACTIVITY_ITEM]
06-12 13:51:17.578 1548 1829 I input_interaction: Interaction with: 87e0628 PopupWindow:a4e5950 (server), edge-swipe (server), swipe-up (server), PointerEventDispatcher0 (server),
06-12 13:51:17.820 0 0 I [ 336.116414] init: processing action (sys.tlog.tlogdshc.active=1) from (/system/etc/init/tlogd.rc:195)
06-12 13:51:17.820 0 0 I [ 336.117375] init: starting service 'tlogdshc'...
06-12 13:51:17.932 0 0 I [ 336.231149] init: Service 'tlogdshc' (pid 6015) exited with status 0 oneshot service took 0.108000 seconds in background
06-12 13:51:17.932 0 0 I [ 336.231182] init: Sending signal 9 to service 'tlogdshc' (pid 6015) process group...
06-12 13:51:17.932 0 0 I [ 336.231405] libprocessgroup: Successfully killed process cgroup uid 0 pid 6015 in 0ms
06-12 13:51:18.504 1548 2946 E TaskPersister: File error accessing recents directory (directory doesn't exist?).
06-12 13:51:20.515 0 0 W [ 338.812625] perfetto: disabled ftrace
06-12 13:51:20.522 1146 5958 I iorapd : Perfetto TraceBuffer saved to file: /data/misc/iorapd/com.android.settings.intelligence/31/com.android.settings.intelligence.search.SearchActivity/raw_traces/1686549080518329200.perfetto_trace.pb
06-12 13:51:24.984 5963 5963 I settings_latency: [1,82]
06-12 13:51:25.422 5963 5963 I settings_latency: [1,21]
06-12 13:51:30.760 0 0 I : [ 349.057745] qcom_rpmh DRV:apps_rsc TCS Busy, retrying RPMH message send: addr=0x50000
06-12 13:51:30.760 0 0 I : [ 349.057768] qcom_rpmh DRV:apps_rsc TCS Busy, retrying RPMH message send: addr=0x50000
06-12 13:51:30.760 0 0 I : [ 349.057785] qcom_rpmh DRV:apps_rsc TCS Busy, retrying RPMH message send: addr=0x50000
06-12 13:51:30.760 0 0 I : [ 349.057803] qcom_rpmh DRV:apps_rsc TCS Busy, retrying RPMH message send: addr=0x50000
06-12 13:51:30.760 0 0 I : [ 349.057820] qcom_rpmh DRV:apps_rsc TCS Busy, retrying RPMH message send: addr=0x50000
06-12 13:51:30.902 5963 5963 I settings_latency: [1,18]
06-12 13:51:31.100 5963 5963 I settings_latency: [1,17]
06-12 13:51:37.568 1548 1829 I input_interaction: Interaction with: bb5eb70 PopupWindow:d7cfa15 (server), edge-swipe (server), swipe-up (server), PointerEventDispatcher0 (server),
06-12 13:51:37.711 5963 5963 I settings_latency: [1,25]
06-12 13:51:39.264 1548 1829 I input_interaction: Interaction with: 87e0628 PopupWindow:a4e5950 (server), edge-swipe (server), swipe-up (server), PointerEventDispatcher0 (server),
06-12 13:51:39.469 5963 5963 I settings_latency: [1,35]
06-12 13:51:40.721 5963 5963 I settings_latency: [1,27]
06-12 13:51:43.749 1548 1829 I input_interaction: Interaction with: 757b888 PopupWindow:8dd2e7 (server), edge-swipe (server), swipe-up (server), PointerEventDispatcher0 (server),
06-12 13:51:43.886 1548 1635 I am_pss : [2423,1000,com.android.settings,146230272,131530752,0,297734144,0,15,11]
06-12 13:51:44.080 1548 1813 I commit_sys_config_file: [settings-0-0,5]
06-12 13:51:44.689 1548 1829 I input_interaction: Interaction with: f9503c8 com.android.settings.intelligence/com.android.settings.intelligence.search.SearchActivity (server), edge-swipe (server), swipe-up (server), PointerEventDispatcher0 (server),
06-12 13:51:44.904 0 0 I [ 363.203591] init: starting service 'idmap2d'...
06-12 13:51:44.906 1548 1619 D CompanionDeviceManagerService: onPackageModified(packageName = com.android.settings)
06-12 13:51:44.913 1548 1814 I am_uid_active: 10089
06-12 13:51:44.916 1548 1548 I Telecom : DefaultDialerCache: Refreshing default dialer for user 0: now null: DDC.oR@ACE
06-12 13:51:44.921 0 0 I [ 363.217210] init: Control message: Processed ctl.start for 'idmap2d' from pid: 1548 (system_server)
06-12 13:51:44.923 1548 1635 W VoiceInteractionManager: no available voice recognition services found for user 0
06-12 13:51:44.944 0 0 I [ 363.240431] binder: 6086:6086 ioctl 40046210 7fc769dcd4 returned -22
06-12 13:51:47.820 0 0 I [ 366.117073] init: processing action (sys.tlog.tlogdshc.active=1) from (/system/etc/init/tlogd.rc:195)
06-12 13:51:47.820 0 0 I [ 366.117632] init: starting service 'tlogdshc'...
06-12 13:51:47.930 1548 1635 I sysui_multi_action: [757,1717,758,1,759,0]
06-12 13:51:47.931 1548 1635 I sysui_multi_action: [757,1717,758,2,759,0]
06-12 13:51:47.931 1548 1635 I sysui_multi_action: [757,1717,758,3,759,0]
06-12 13:51:47.932 0 0 I [ 366.231813] init: Service 'tlogdshc' (pid 6101) exited with status 0 oneshot service took 0.110000 seconds in background
06-12 13:51:47.932 0 0 I [ 366.231841] init: Sending signal 9 to service 'tlogdshc' (pid 6101) process group...
06-12 13:51:47.932 0 0 I [ 366.232069] libprocessgroup: Successfully killed process cgroup uid 0 pid 6101 in 0ms
06-12 13:51:48.009 1548 4463 W NotificationService: Toast already killed. pkg=com.android.settings token=android.os.BinderProxy@78efa8
06-12 13:51:48.073 1548 1638 I am_uid_idle: 10027
06-12 13:51:50.163 1548 4463 I wm_finish_activity: [0,251488641,72,com.android.settings.intelligence/.search.SearchActivity,app-request]
06-12 13:51:50.170 1548 4463 I wm_pause_activity: [0,251488641,com.android.settings.intelligence/.search.SearchActivity,userLeaving=false,finish]
06-12 13:51:50.176 5963 5963 I wm_on_top_resumed_lost_called: [251488641,com.android.settings.intelligence.search.SearchActivity,topStateChangedWhenResumed]
06-12 13:51:50.177 5963 5963 I wm_on_paused_called: [251488641,com.android.settings.intelligence.search.SearchActivity,performPause]
06-12 13:51:50.178 1548 4463 I wm_add_to_stopping: [0,251488641,com.android.settings.intelligence/.search.SearchActivity,completeFinishing]
06-12 13:51:50.179 1548 4463 I ActivityTaskManager: FOREGROUND_APPLICATION_CHANGED to com.android.settings.homepage.SettingsHomepageActivity
06-12 13:51:50.183 1548 4463 I wm_set_resumed_activity: [0,com.android.settings/.Settings,resumeTopActivityInnerLocked]
06-12 13:51:50.185 1548 4463 I wm_resume_activity: [0,91867989,72,com.android.settings/.Settings]
06-12 13:51:50.194 1548 1622 I sysui_multi_action: [757,803,799,window_time_0,802,35]
06-12 13:51:50.195 2423 2423 I wm_on_activity_result_called: [91867989,com.android.settings.Settings,ACTIVITY_RESULT]
06-12 13:51:50.195 2423 2423 I wm_on_restart_called: [91867989,com.android.settings.Settings,performRestartActivity]
06-12 13:51:50.201 1548 1829 I input_focus: [Focus leaving f9503c8 com.android.settings.intelligence/com.android.settings.intelligence.search.SearchActivity (server),reason=NO_WINDOW]
06-12 13:51:50.206 2423 2423 I wm_on_start_called: [91867989,com.android.settings.Settings,handleStartActivity]
06-12 13:51:50.207 2423 2423 I snet_event_log: [120484087,-1,]
06-12 13:51:50.207 2423 2423 I wm_on_resume_called: [91867989,com.android.settings.Settings,RESUME_ACTIVITY]
06-12 13:51:50.207 2423 2423 I sysui_multi_action: [757,35,758,1,833,0,1089,0]
06-12 13:51:50.219 1548 1646 W BatteryExternalStatsWorker: error reading modem stats:ERROR_PHONE_NOT_AVAILABLE
06-12 13:51:50.224 2423 2423 I sysui_multi_action: [757,746,758,1,833,0,1089,0]
06-12 13:51:50.224 1548 1579 D TelephonyRegistry: listen oscl: mHasNotifySubscriptionInfoChangedOccurred==false no callback
06-12 13:51:50.225 2423 2423 I service_manager_stats: [117,32,36175]
06-12 13:51:50.226 1548 2924 D TelephonyRegistry: listen oscl: mHasNotifySubscriptionInfoChangedOccurred==false no callback
06-12 13:51:50.250 2423 2423 I wm_on_top_resumed_gained_called: [91867989,com.android.settings.Settings,topWhenResuming]
06-12 13:51:50.257 1548 1646 E KernelCpuSpeedReader: Failed to read cpu-freq: /sys/devices/system/cpu/cpu4/cpufreq/stats/time_in_state: open failed: ENOENT (No such file or directory)
06-12 13:51:50.257 1548 1646 E KernelCpuSpeedReader: Failed to read cpu-freq: /sys/devices/system/cpu/cpu0/cpufreq/stats/time_in_state: open failed: ENOENT (No such file or directory)
06-12 13:51:50.255 578 578 I auditd : type=1400 audit(0.0:395): avc: denied { read } for comm="Binder:578_2" name="wakeup58" dev="sysfs" ino=72406 scontext=u:r:system_suspend:s0 tcontext=u:object_r:sysfs:s0 tclass=dir permissive=0
06-12 13:51:50.259 578 578 I auditd : type=1400 audit(0.0:396): avc: denied { read } for comm="Binder:578_2" name="wakeup48" dev="sysfs" ino=67611 scontext=u:r:system_suspend:s0 tcontext=u:object_r:sysfs:s0 tclass=dir permissive=0
06-12 13:51:50.259 578 578 I auditd : type=1400 audit(0.0:397): avc: denied { read } for comm="Binder:578_2" name="wakeup4" dev="sysfs" ino=46990 scontext=u:r:system_suspend:s0 tcontext=u:object_r:sysfs:s0 tclass=dir permissive=0
06-12 13:51:50.259 578 578 I auditd : type=1400 audit(0.0:398): avc: denied { read } for comm="Binder:578_2" name="wakeup28" dev="sysfs" ino=53195 scontext=u:r:system_suspend:s0 tcontext=u:object_r:sysfs:s0 tclass=dir permissive=0
06-12 13:51:50.259 578 578 I auditd : type=1400 audit(0.0:399): avc: denied { read } for comm="Binder:578_2" name="wakeup56" dev="sysfs" ino=72334 scontext=u:r:system_suspend:s0 tcontext=u:object_r:sysfs:s0 tclass=dir permissive=0
06-12 13:51:50.265 0 0 W [ 368.561387] audit: audit_lost=205 audit_rate_limit=5 audit_backlog_limit=64
06-12 13:51:50.265 0 0 E [ 368.561390] audit: rate limit exceeded
06-12 13:51:50.267 1548 1623 I input_focus: [Focus request 6585a6c com.android.settings/com.android.settings.Settings,reason=UpdateInputWindows]
06-12 13:51:50.283 1548 1646 D KernelCpuUidUserSysTimeReader: Removing uids 1037-1037
06-12 13:51:50.283 1548 1646 D KernelCpuUidUserSysTimeReader: Removing uids 1037-1037
06-12 13:51:50.302 1548 1829 I input_focus: [Focus entering 6585a6c com.android.settings/com.android.settings.Settings (server),reason=setFocusedWindow]
06-12 13:51:50.329 0 0 I [ 368.624964] [schedu][0x1a8ea7ffe][13: 51:50.325249] wlan: [3397:I:OSIF] scan start scan id 40969
06-12 13:51:50.348 1548 1635 I am_pss : [3302,1000,com.qti.diagservices,5760000,3780608,0,95911936,0,10,5]
06-12 13:51:50.706 1548 1622 I wm_destroy_activity: [0,251488641,72,com.android.settings.intelligence/.search.SearchActivity,finish-imm:idle]
06-12 13:51:50.727 5963 5963 I wm_on_stop_called: [251488641,com.android.settings.intelligence.search.SearchActivity,LIFECYCLER_STOP_ACTIVITY]
06-12 13:51:50.736 5963 5963 I wm_on_destroy_called: [251488641,com.android.settings.intelligence.search.SearchActivity,performDestroy]
06-12 13:51:51.088 1548 1829 I input_interaction: Interaction with: 6585a6c com.android.settings/com.android.settings.Settings (server), edge-swipe (server), swipe-up (server), PointerEventDispatcher0 (server),
06-12 13:51:51.660 0 0 I [ 369.957157] [schedu][0x1aa70ca5d][13: 51:51.657440] wlan: [3397:I:OSIF] vdev 0, scan id 40969 type COMPLETED(1) reason COMPLETED(1) scan found 77 bss
06-12 13:51:52.905 2423 2423 I sysui_multi_action: [757,830,758,4,833,0,854,top_level_about_device,1089,0]
06-12 13:51:53.016 2423 2423 I sysui_multi_action: [757,746,758,2,1089,2792]
06-12 13:51:53.040 1548 2072 E UserRestrictionsUtils: Unknown restriction queried by uid 1000 (com.thundercomm.microsettings et al): null
06-12 13:51:53.040 1548 2072 E UserRestrictionsUtils: Unknown restriction queried by uid 1000 (com.thundercomm.microsettings et al): null
06-12 13:51:53.040 1548 2072 E UserRestrictionsUtils: Unknown restriction queried by uid 1000 (com.thundercomm.microsettings et al): null
06-12 13:51:53.041 1548 2072 E UserRestrictionsUtils: Unknown restriction queried by uid 1000 (com.thundercomm.microsettings et al): null
06-12 13:51:53.041 1548 2072 E UserRestrictionsUtils: Unknown restriction queried by uid 1000 (com.thundercomm.microsettings et al): null
06-12 13:51:53.054 1548 1638 W BroadcastQueue: Permission Denial: broadcasting Intent { act=android.net.conn.CONNECTIVITY_CHANGE flg=0x4200010 (has extras) } from null (pid=-1, uid=-1) requires android.permission.CHANGE_NETWORK_STATE due to registered receiver BroadcastFilter{a7056c8 1000/u0 ReceiverList{fb7b6b 2423 com.android.settings/1000/u0 remote:44d90ba}}
06-12 13:51:53.054 1548 1638 W BroadcastQueue: Permission Denial: broadcasting Intent { act=android.net.wifi.STATE_CHANGE flg=0x4000010 (has extras) } from null (pid=-1, uid=-1) requires android.permission.CHANGE_NETWORK_STATE due to registered receiver BroadcastFilter{a7056c8 1000/u0 ReceiverList{fb7b6b 2423 com.android.settings/1000/u0 remote:44d90ba}}
06-12 13:51:53.058 2423 2423 I sysui_multi_action: [757,40,758,1,833,0,1089,26]
06-12 13:51:53.059 2423 2423 W FeatureConnector: [ImsConnector, 0] connect: not supported.
06-12 13:51:53.060 2423 2423 I sysui_multi_action: [757,1729,758,4,854,isParalleledControllers:false,1089,27]
06-12 13:51:53.747 1548 2946 E TaskPersister: File error accessing recents directory (directory doesn't exist?).
06-12 13:51:53.949 1548 1777 I commit_sys_config_file: [package-user-0,6]
06-12 13:51:54.670 2423 2423 I sysui_multi_action: [757,848,758,4]
06-12 13:51:54.671 2423 2423 I sysui_multi_action: [757,830,758,4,833,0,854,build_number,1089,0]
06-12 13:51:54.843 1548 4463 I NotificationService: cancelToast pkg=com.android.settings token=android.os.BinderProxy@25996d1
06-12 13:51:54.850 2423 2423 I sysui_multi_action: [757,848,758,4]
06-12 13:51:54.851 2423 2423 I sysui_multi_action: [757,830,758,4,833,0,854,build_number,1089,0]
06-12 13:51:54.960 0 0 I [ 373.258983] init: Sending signal 9 to service 'idmap2d' (pid 6086) process group...
06-12 13:51:54.965 1548 2072 W OverlayManager: service 'idmap' died
06-12 13:51:54.970 0 0 I [ 373.265358] libprocessgroup: Successfully killed process cgroup uid 1000 pid 6086 in 6ms
06-12 13:51:54.970 0 0 I [ 373.266696] init: Control message: Processed ctl.stop for 'idmap2d' from pid: 1548 (system_server)
06-12 13:51:54.972 0 0 I [ 373.271723] init: Service 'idmap2d' (pid 6086) received signal 9
06-12 13:51:55.110 1548 2072 W NotificationService: Toast already killed. pkg=com.android.settings token=android.os.BinderProxy@25996d1
06-12 13:51:55.174 1548 4464 I NotificationService: cancelToast pkg=com.android.settings token=android.os.BinderProxy@608eb2f
06-12 13:51:55.181 2423 2423 I sysui_multi_action: [757,848,758,4]
06-12 13:51:55.181 2423 2423 I sysui_multi_action: [757,830,758,4,833,0,854,build_number,1089,0]
06-12 13:51:55.338 1548 1548 I service_manager_stats: [100,75,51901]
06-12 13:51:55.443 1548 4463 W NotificationService: Toast already killed. pkg=com.android.settings token=android.os.BinderProxy@608eb2f
06-12 13:51:55.445 1548 4463 I NotificationService: cancelToast pkg=com.android.settings token=android.os.BinderProxy@21cd641
06-12 13:51:55.448 2423 2423 I sysui_multi_action: [757,848,758,4]
06-12 13:51:55.448 2423 2423 I sysui_multi_action: [757,830,758,4,833,0,854,build_number,1089,0]
06-12 13:51:55.448 1548 4464 W WindowManager: Attempted to add a toast window with unknown token android.os.Binder@ecea53c. Aborting.
06-12 13:51:55.541 1548 4463 I NotificationService: cancelToast pkg=com.android.settings token=android.os.BinderProxy@fd798c3
06-12 13:51:55.545 2423 2423 I sysui_multi_action: [757,848,758,4]
06-12 13:51:55.546 2423 2423 I sysui_multi_action: [757,830,758,4,833,0,854,build_number,1089,0]
06-12 13:51:55.700 1548 4463 W NotificationService: Toast already killed. pkg=com.android.settings token=android.os.BinderProxy@21cd641
06-12 13:51:55.710 1548 2072 I NotificationService: cancelToast pkg=com.android.settings token=android.os.BinderProxy@5c997ca
06-12 13:51:55.713 2423 2423 I sysui_multi_action: [757,848,758,4]
06-12 13:51:55.714 2423 2423 I sysui_multi_action: [757,830,758,4,833,0,854,build_number,1089,0]
06-12 13:51:55.979 1548 1918 W NotificationService: Toast already killed. pkg=com.android.settings token=android.os.BinderProxy@5c997ca
06-12 13:51:56.289 2423 2423 I sysui_multi_action: [757,830,758,4,833,0,854,top_level_system,1089,0]
06-12 13:51:56.403 2423 2423 I sysui_multi_action: [757,40,758,2,1089,3344]
06-12 13:51:56.420 1548 1918 E UserRestrictionsUtils: Unknown restriction queried by uid 1000 (com.thundercomm.microsettings et al): null
06-12 13:51:56.421 1548 1918 E UserRestrictionsUtils: Unknown restriction queried by uid 1000 (com.thundercomm.microsettings et al): null
06-12 13:51:56.422 1548 1918 E UserRestrictionsUtils: Unknown restriction queried by uid 1000 (com.thundercomm.microsettings et al): null
06-12 13:51:56.423 1548 1918 E UserRestrictionsUtils: Unknown restriction queried by uid 1000 (com.thundercomm.microsettings et al): null
06-12 13:51:56.424 1548 1918 E UserRestrictionsUtils: Unknown restriction queried by uid 1000 (com.thundercomm.microsettings et al): null
06-12 13:51:56.425 1548 1918 E UserRestrictionsUtils: Unknown restriction queried by uid 1000 (com.thundercomm.microsettings et al): null
06-12 13:51:56.449 2423 2423 I sysui_multi_action: [757,744,758,1,833,0,1089,34]
06-12 13:51:56.452 2423 2423 I sysui_multi_action: [757,1729,758,4,854,isParalleledControllers:false,1089,37]
06-12 13:51:57.973 2423 2423 I sysui_multi_action: [757,830,758,4,833,0,854,dashboard_tile_pref_com.android.settings.Settings$DevelopmentSettingsDashboardActivity,1089,0]
06-12 13:51:58.091 2423 2423 I sysui_multi_action: [757,744,758,2,1089,1640]
06-12 13:51:58.129 1548 1918 E UserRestrictionsUtils: Unknown restriction queried by uid 1000 (com.thundercomm.microsettings et al): null
06-12 13:51:58.130 1548 1918 E UserRestrictionsUtils: Unknown restriction queried by uid 1000 (com.thundercomm.microsettings et al): null
06-12 13:51:58.131 1548 1918 E UserRestrictionsUtils: Unknown restriction queried by uid 1000 (com.thundercomm.microsettings et al): null
06-12 13:51:58.131 1548 1918 E UserRestrictionsUtils: Unknown restriction queried by uid 1000 (com.thundercomm.microsettings et al): null
06-12 13:51:58.133 1548 1918 E UserRestrictionsUtils: Unknown restriction queried by uid 1000 (com.thundercomm.microsettings et al): null
06-12 13:51:58.134 1548 1918 E UserRestrictionsUtils: Unknown restriction queried by uid 1000 (com.thundercomm.microsettings et al): null
06-12 13:51:58.134 1548 1918 E UserRestrictionsUtils: Unknown restriction queried by uid 1000 (com.thundercomm.microsettings et al): null
06-12 13:51:58.134 1548 1918 E UserRestrictionsUtils: Unknown restriction queried by uid 1000 (com.thundercomm.microsettings et al): null
06-12 13:51:58.137 1548 1918 E UserRestrictionsUtils: Unknown restriction queried by uid 1000 (com.thundercomm.microsettings et al): null
06-12 13:51:58.146 1548 1918 W ActivityManager: unable to read freezer info
06-12 13:51:58.148 0 0 I [ 376.446151] binder: 1548:1918 ioctl c00c620f 6c727acef8 returned -22
06-12 13:51:58.164 1548 1918 I ProcessStatsService: Added stats: 2023-06-11-15-27-31, over +16m23s799ms
06-12 13:51:58.170 1548 1918 I ProcessStatsService: Added stats: 1970-01-01-09-04-56, over +22m8s415ms
06-12 13:51:58.178 1548 1918 I ProcessStatsService: Added stats: 1970-01-01-08-00-10, over +48m14s222ms
06-12 13:51:58.179 2423 2423 I auditd : type=1400 audit(0.0:444): avc: denied { read } for comm="ndroid.settings" name="pagetypeinfo" dev="proc" ino=4026531857 scontext=u:r:system_app:s0 tcontext=u:object_r:proc_pagetypeinfo:s0 tclass=file permissive=0
06-12 13:51:58.183 2423 2423 I auditd : type=1400 audit(0.0:445): avc: denied { search } for comm="ndroid.settings" name="zram0" dev="sysfs" ino=56783 scontext=u:r:system_app:s0 tcontext=u:object_r:sysfs_zram:s0 tclass=dir permissive=0
06-12 13:51:58.183 2423 2423 I auditd : type=1400 audit(0.0:446): avc: denied { search } for comm="ndroid.settings" name="zram0" dev="sysfs" ino=56783 scontext=u:r:system_app:s0 tcontext=u:object_r:sysfs_zram:s0 tclass=dir permissive=0
06-12 13:51:58.208 1548 1918 W ActivityManager: unable to read freezer info
06-12 13:51:58.210 2423 2423 I sysui_multi_action: [757,39,758,1,833,0,1089,116]
06-12 13:51:58.210 1548 1918 D TelephonyRegistry: listen oscl: mHasNotifySubscriptionInfoChangedOccurred==false no callback
06-12 13:51:58.212 1548 1918 D TelephonyRegistry: listen oscl: mHasNotifySubscriptionInfoChangedOccurred==false no callback
06-12 13:51:58.212 0 0 I [ 376.508172] binder: 1548:1918 ioctl c00c620f 6c727acef8 returned -22
06-12 13:51:58.215 1548 1918 W ActivityManager: unable to read freezer info
06-12 13:51:58.216 0 0 I [ 376.515230] binder: 1548:1918 ioctl c00c620f 6c727acef8 returned -22
06-12 13:51:58.226 1548 4463 I ProcessStatsService: Added stats: 2023-06-11-15-27-31, over +16m23s799ms
06-12 13:51:58.230 1548 4463 I ProcessStatsService: Added stats: 1970-01-01-09-04-56, over +22m8s415ms
06-12 13:51:58.232 2423 2423 I sysui_multi_action: [757,1729,758,4,854,isParalleledControllers:false,1089,138]
06-12 13:51:58.235 2423 2423 I auditd : type=1400 audit(0.0:447): avc: denied { read } for comm="pool-2-thread-6" name="pagetypeinfo" dev="proc" ino=4026531857 scontext=u:r:system_app:s0 tcontext=u:object_r:proc_pagetypeinfo:s0 tclass=file permissive=0
06-12 13:51:58.235 1548 4463 I ProcessStatsService: Added stats: 1970-01-01-08-00-10, over +48m14s222ms
06-12 13:51:58.243 2423 2423 I auditd : type=1400 audit(0.0:448): avc: denied { search } for comm="pool-2-thread-6" name="zram0" dev="sysfs" ino=56783 scontext=u:r:system_app:s0 tcontext=u:object_r:sysfs_zram:s0 tclass=dir permissive=0
06-12 13:51:58.248 0 0 W [ 376.546461] audit: audit_lost=249 audit_rate_limit=5 audit_backlog_limit=64
06-12 13:51:58.248 0 0 E [ 376.546463] audit: rate limit exceeded
06-12 13:51:58.723 1548 1548 W WindowManager: removeWindowToken: Attempted to remove non-existing token: android.os.Binder@307d0d2
06-12 13:51:59.812 1548 4463 W NotificationService: Toast already killed. pkg=com.android.settings token=android.os.BinderProxy@32e8048
06-12 13:52:01.084 0 0 I [ 379.382318] init: Control message: Processed ctl.start for 'adbd' from pid: 1548 (system_server)
06-12 13:52:01.092 1548 1619 I thunderperf: PlatormCompat.setOverrides: Uid1=1000 Pid1=1548 Uid2=1000 Pid2=1548
06-12 13:52:01.092 1548 1619 I thunderperf: PlatormCompat.setOverrides: needCheck:false
06-12 13:52:01.092 1548 1619 I thunderperf: CompatConfig.addOverrideUnsafe: bef-state=0
06-12 13:52:01.092 1548 1619 I thunderperf: CompatConfig.addOverrideUnsafe: aft-state=0
06-12 13:52:01.094 1548 1619 I thunderperf: CompatConfig.addOverrideUnsafe: bef-state=0
06-12 13:52:01.094 1548 1619 I thunderperf: CompatConfig.addOverrideUnsafe: aft-state=0
06-12 13:52:01.095 1548 1619 I thunderperf: CompatConfig.addOverrideUnsafe: bef-state=0
06-12 13:52:01.095 1548 1619 I thunderperf: CompatConfig.addOverrideUnsafe: aft-state=0
06-12 13:52:01.096 1548 1619 I thunderperf: CompatConfig.addOverrideUnsafe: bef-state=0
06-12 13:52:01.096 1548 1619 I thunderperf: CompatConfig.addOverrideUnsafe: aft-state=0
06-12 13:52:01.096 1548 1619 I thunderperf: CompatConfig.addOverrideUnsafe: bef-state=0
06-12 13:52:01.096 1548 1619 I thunderperf: CompatConfig.addOverrideUnsafe: aft-state=0
06-12 13:52:01.097 1548 1619 I thunderperf: CompatConfig.addOverrideUnsafe: bef-state=0
06-12 13:52:01.097 1548 1619 I thunderperf: CompatConfig.addOverrideUnsafe: aft-state=0
06-12 13:52:01.098 1548 1619 I thunderperf: CompatConfig.addOverrideUnsafe: bef-state=0
06-12 13:52:01.098 1548 1619 I thunderperf: CompatConfig.addOverrideUnsafe: aft-state=0
06-12 13:52:01.099 1548 1619 I thunderperf: CompatConfig.addOverrideUnsafe: bef-state=0
06-12 13:52:01.099 1548 1619 I thunderperf: CompatConfig.addOverrideUnsafe: aft-state=0
06-12 13:52:01.099 1548 1619 I thunderperf: CompatConfig.addOverrideUnsafe: bef-state=0
06-12 13:52:01.099 1548 1619 I thunderperf: CompatConfig.addOverrideUnsafe: aft-state=0
06-12 13:52:01.100 1548 1619 I thunderperf: CompatConfig.addOverrideUnsafe: bef-state=0
06-12 13:52:01.100 1548 1619 I thunderperf: CompatConfig.addOverrideUnsafe: aft-state=0
06-12 13:52:01.101 1548 1619 I thunderperf: CompatConfig.addOverrideUnsafe: bef-state=0
06-12 13:52:01.101 1548 1619 I thunderperf: CompatConfig.addOverrideUnsafe: aft-state=0
06-12 13:52:01.102 1548 1619 I thunderperf: CompatConfig.addOverrideUnsafe: bef-state=0
06-12 13:52:01.102 1548 1619 I thunderperf: CompatConfig.addOverrideUnsafe: aft-state=0
06-12 13:52:01.103 1548 1619 I thunderperf: CompatConfig.addOverrideUnsafe: bef-state=0
06-12 13:52:01.103 1548 1619 I thunderperf: CompatConfig.addOverrideUnsafe: aft-state=0
06-12 13:52:01.103 1548 1619 I thunderperf: CompatConfig.addOverrideUnsafe: bef-state=0
06-12 13:52:01.103 1548 1619 I thunderperf: CompatConfig.addOverrideUnsafe: aft-state=0
06-12 13:52:01.111 1548 1619 I ActivityTaskManager: START u0 {flg=0x10000000 cmp=com.android.systemui/.wifi.WifiDebuggingActivity (has extras)} from uid 1000
06-12 13:52:01.112 1548 1619 D ActivityTaskManager: TaskLaunchParamsModifier:task=null activity=ActivityRecord{fcf58f4 u0 com.android.systemui/.wifi.WifiDebuggingActivity taskAffinity=10077:com.android.systemui display-id=0 display-windowing-mode=1 suggested-display-area=DefaultTaskDisplayArea@262119703
06-12 13:52:01.116 1548 1619 D ActivityTaskManager: TaskLaunchParamsModifier:task=null activity=ActivityRecord{fcf58f4 u0 com.android.systemui/.wifi.WifiDebuggingActivity taskAffinity=10077:com.android.systemui t-1} display-id=0 display-windowing-mode=1 suggested-display-area=DefaultTaskDisplayArea@262119703 non-freeform-display display-area=DefaultTaskDisplayArea@262119703
06-12 13:52:01.116 1548 1619 I wm_task_created: [73,-1]
06-12 13:52:01.116 1548 1619 W ActivityTaskManager: Can't find TaskDisplayArea to determine support for multi window. Task id=73 attached=false
06-12 13:52:01.117 1548 1619 D ActivityTaskManager: TaskLaunchParamsModifier:task=Task{91b681d #73 type=standard A=10077:com.android.systemui U=0 visible=false mode=fullscreen translucent=true sz=0 visible freeform task=true rootAffinity=10077:com.android.systemui isMini=false} activity=ActivityRecord{fcf58f4 u0 com.android.systemui/.wifi.WifiDebuggingActivity taskAffinity=10077:com.android.systemui t-1} display-from-task=0 display-id=0 display-windowing-mode=1 suggested-display-area=DefaultTaskDisplayArea@262119703 non-freeform-display display-area=DefaultTaskDisplayArea@262119703
06-12 13:52:01.119 1548 1619 I wm_task_moved: [73,1,7]
06-12 13:52:01.119 1548 1619 I wm_task_to_front: [0,73]
06-12 13:52:01.120 1548 1619 I wm_create_task: [0,73]
06-12 13:52:01.120 1548 1619 I wm_create_activity: [0,265246964,73,com.android.systemui/.wifi.WifiDebuggingActivity,NULL,NULL,NULL,276824064]
06-12 13:52:01.120 1548 1619 I wm_task_moved: [73,1,7]
06-12 13:52:01.121 1548 1619 I wm_pause_activity: [0,91867989,com.android.settings/.Settings,userLeaving=true,pauseBackTasks]
06-12 13:52:01.133 2423 2423 I wm_on_top_resumed_lost_called: [91867989,com.android.settings.Settings,topStateChangedWhenResumed]
06-12 13:52:01.134 2423 2423 I sysui_multi_action: [757,35,758,2,1089,10926]
06-12 13:52:01.135 2423 2423 I sysui_multi_action: [757,39,758,2,1089,2926]
06-12 13:52:01.135 2423 2423 I wm_on_paused_called: [91867989,com.android.settings.Settings,performPause]
06-12 13:52:01.136 1548 4463 I ActivityTaskManager: FOREGROUND_APPLICATION_CHANGED to com.android.systemui.wifi.WifiDebuggingActivity
06-12 13:52:01.136 1548 4463 I ActivityTaskManager: The Process com.android.systemui Already Exists in BG. So sending its PID: 1936
06-12 13:52:01.136 1548 4463 W ActivityTaskManager: Tried to set launchTime (0) < mLastActivityLaunchTime (10582)
06-12 13:52:01.137 1548 4463 I wm_restart_activity: [0,265246964,73,com.android.systemui/.wifi.WifiDebuggingActivity]
06-12 13:52:01.137 1548 4463 I wm_set_resumed_activity: [0,com.android.systemui/.wifi.WifiDebuggingActivity,minimalResumeActivityLocked]
06-12 13:52:01.140 1548 1622 I sysui_multi_action: [757,803,799,window_time_0,802,11]
06-12 13:52:01.146 1936 1936 I wm_on_create_called: [265246964,com.android.systemui.wifi.WifiDebuggingActivity,performCreate]
06-12 13:52:01.147 1936 1936 I wm_on_start_called: [265246964,com.android.systemui.wifi.WifiDebuggingActivity,handleStartActivity]
06-12 13:52:01.148 1936 1936 I wm_on_resume_called: [265246964,com.android.systemui.wifi.WifiDebuggingActivity,RESUME_ACTIVITY]
06-12 13:52:01.149 1936 1936 I wm_on_top_resumed_gained_called: [265246964,com.android.systemui.wifi.WifiDebuggingActivity,topStateChangedWhenResumed]
06-12 13:52:01.153 1548 1623 I input_focus: [Focus request d607dd5 com.android.systemui/com.android.systemui.wifi.WifiDebuggingActivity,reason=UpdateInputWindows]
06-12 13:52:01.161 1548 1619 I sysui_multi_action: [319,48,322,48,325,379,757,761,758,8,759,2,806,com.android.systemui,871,com.android.systemui.wifi.WifiDebuggingActivity,904,android,905,0,1320,8,1321,5]
06-12 13:52:01.161 1548 1619 I wm_activity_launch_time: [0,265246964,com.android.systemui/.wifi.WifiDebuggingActivity,48]
06-12 13:52:01.167 1548 1829 I input_focus: [Focus leaving 6585a6c com.android.settings/com.android.settings.Settings (server),reason=Waiting for window because NOT_VISIBLE]
06-12 13:52:01.184 1548 1829 I input_focus: [Focus entering d607dd5 com.android.systemui/com.android.systemui.wifi.WifiDebuggingActivity (server),reason=Window became focusable. Previous reason: NOT_VISIBLE]
06-12 13:52:01.281 1548 1813 I commit_sys_config_file: [settings-0-0,2]
06-12 13:52:02.124 1548 1829 I input_interaction: Interaction with: d607dd5 com.android.systemui/com.android.systemui.wifi.WifiDebuggingActivity (server), edge-swipe (server), swipe-up (server), PointerEventDispatcher0 (server),
06-12 13:52:03.148 1548 2072 I wm_finish_activity: [0,265246964,73,com.android.systemui/.wifi.WifiDebuggingActivity,app-request]
06-12 13:52:03.149 1548 2072 I wm_task_moved: [72,1,7]
06-12 13:52:03.149 1548 2072 I wm_task_to_front: [0,72]
06-12 13:52:03.158 1548 2072 I wm_focused_root_task: [0,0,72,73,finish-top adjustFocusToNextFocusableTask]
06-12 13:52:03.164 0 0 I [ 381.463981] init: Control message: Processed ctl.start for 'adbd' from pid: 1548 (system_server)
06-12 13:52:03.165 1548 2072 I wm_pause_activity: [0,265246964,com.android.systemui/.wifi.WifiDebuggingActivity,userLeaving=false,finish]
06-12 13:52:03.170 1548 1623 I input_focus: [Focus request 6585a6c com.android.settings/com.android.settings.Settings,reason=UpdateInputWindows]
06-12 13:52:03.176 1936 1936 I wm_on_top_resumed_lost_called: [265246964,com.android.systemui.wifi.WifiDebuggingActivity,topStateChangedWhenResumed]
06-12 13:52:03.176 1936 1936 I wm_on_paused_called: [265246964,com.android.systemui.wifi.WifiDebuggingActivity,performPause]
06-12 13:52:03.178 1548 4464 I ActivityTaskManager: FOREGROUND_APPLICATION_CHANGED to com.android.settings.homepage.SettingsHomepageActivity
06-12 13:52:03.179 1548 4464 I wm_set_resumed_activity: [0,com.android.settings/.Settings,resumeTopActivityInnerLocked]
06-12 13:52:03.180 1548 4464 I wm_resume_activity: [0,91867989,72,com.android.settings/.Settings]
06-12 13:52:03.181 2423 2423 I wm_on_resume_called: [91867989,com.android.settings.Settings,RESUME_ACTIVITY]
06-12 13:52:03.183 2423 2423 I sysui_multi_action: [757,35,758,1,833,0,1089,0]
06-12 13:52:03.191 1548 1622 I sysui_multi_action: [757,803,799,window_time_0,802,2]
06-12 13:52:03.197 2423 2423 I sysui_multi_action: [757,39,758,1,833,0,1089,0]
06-12 13:52:03.198 1548 2998 D TelephonyRegistry: listen oscl: mHasNotifySubscriptionInfoChangedOccurred==false no callback
06-12 13:52:03.204 0 0 I [ 381.503550] binder: 1548:4464 ioctl c00c620f 6c67343ef8 returned -22
06-12 13:52:03.200 1548 4464 D TelephonyRegistry: listen oscl: mHasNotifySubscriptionInfoChangedOccurred==false no callback
06-12 13:52:03.202 1548 1829 I input_focus: [Focus leaving d607dd5 com.android.systemui/com.android.systemui.wifi.WifiDebuggingActivity (server),reason=NO_WINDOW]
06-12 13:52:03.202 1548 1829 I input_focus: [Focus entering 6585a6c com.android.settings/com.android.settings.Settings (server),reason=setFocusedWindow]
06-12 13:52:03.203 1548 4464 W ActivityManager: unable to read freezer info
06-12 13:52:03.212 1548 2072 I ProcessStatsService: Added stats: 2023-06-11-15-27-31, over +16m23s799ms
06-12 13:52:03.214 1548 2072 I ProcessStatsService: Added stats: 1970-01-01-09-04-56, over +22m8s415ms
06-12 13:52:03.217 2423 2423 I wm_on_top_resumed_gained_called: [91867989,com.android.settings.Settings,topWhenResuming]
06-12 13:52:03.215 2423 2423 I auditd : type=1400 audit(0.0:450): avc: denied { read } for comm="pool-2-thread-8" name="pagetypeinfo" dev="proc" ino=4026531857 scontext=u:r:system_app:s0 tcontext=u:object_r:proc_pagetypeinfo:s0 tclass=file permissive=0
06-12 13:52:03.218 1548 2072 I ProcessStatsService: Added stats: 1970-01-01-08-00-10, over +48m14s222ms
06-12 13:52:03.219 2423 2423 I auditd : type=1400 audit(0.0:451): avc: denied { search } for comm="pool-2-thread-8" name="zram0" dev="sysfs" ino=56783 scontext=u:r:system_app:s0 tcontext=u:object_r:sysfs_zram:s0 tclass=dir permissive=0
06-12 13:52:03.219 2423 2423 I auditd : type=1400 audit(0.0:452): avc: denied { search } for comm="pool-2-thread-8" name="zram0" dev="sysfs" ino=56783 scontext=u:r:system_app:s0 tcontext=u:object_r:sysfs_zram:s0 tclass=dir permissive=0
06-12 13:52:03.360 1548 1813 I commit_sys_config_file: [settings-0-0,9]
06-12 13:52:03.434 1548 1622 I wm_destroy_activity: [0,265246964,73,com.android.systemui/.wifi.WifiDebuggingActivity,finish-transit]
06-12 13:52:03.466 1936 1936 I wm_on_stop_called: [265246964,com.android.systemui.wifi.WifiDebuggingActivity,LIFECYCLER_STOP_ACTIVITY]
06-12 13:52:03.466 1936 1936 I wm_on_destroy_called: [265246964,com.android.systemui.wifi.WifiDebuggingActivity,performDestroy]
06-12 13:52:03.477 1548 4463 I wm_task_removed: [73,removeChild:removeChild last r=ActivityRecord{fcf58f4 u0 com.android.systemui/.wifi.WifiDebuggingActivity taskAffinity=10077:com.android.systemui t-1 f}} in t=Task{91b681d #73 type=standard A=10077:com.android.systemui U=0 visible=false mode=fullscreen translucent=true sz=0 visible freeform task=true rootAffinity=10077:com.android.systemui isMini=false}]
06-12 13:52:03.477 1548 4463 I wm_task_removed: [73,removeChild]
06-12 13:52:03.479 1548 1623 W ActivityTaskManager: Can't find TaskDisplayArea to determine support for multi window. Task id=73 attached=false
06-12 13:52:03.479 1548 1623 W ActivityTaskManager: Can't find TaskDisplayArea to determine support for multi window. Task id=73 attached=false
06-12 13:52:04.227 1548 1829 I input_interaction: Interaction with: 961f98e StatusBar (server), edge-swipe (server), swipe-up (server), PointerEventDispatcher0 (server),
06-12 13:52:04.235 1936 1936 I sysui_multi_action: [757,803,799,panel_open,802,1]
06-12 13:52:04.236 1936 1936 I sysui_multi_action: [757,1328,758,4,1326,97,1327,1,1329,0]
06-12 13:52:04.289 1548 4463 I sysui_multi_action: [757,127,758,1]
06-12 13:52:04.289 1548 4463 I sysui_multi_action: [757,804,799,note_load,801,0,802,1]
06-12 13:52:04.289 1548 4463 I notification_panel_revealed: 0
06-12 13:52:04.303 1548 1623 I input_focus: [Focus request 40d8d8d NotificationShade,reason=UpdateInputWindows]
06-12 13:52:04.319 1548 1829 I input_focus: [Focus leaving 6585a6c com.android.settings/com.android.settings.Settings (server),reason=setFocusedWindow]
06-12 13:52:04.319 1548 1829 I input_focus: [Focus entering 40d8d8d NotificationShade (server),reason=setFocusedWindow]
06-12 13:52:04.343 1936 1936 I sysui_multi_action: [757,111,758,1]
06-12 13:52:04.343 1936 1936 I sysui_multi_action: [757,126,758,1,759,126,927,0,928,1,1593,0]
06-12 13:52:04.343 1936 1936 I sysui_multi_action: [757,113,758,1,759,113,927,1,928,1,1593,0]
06-12 13:52:04.344 1936 1936 I sysui_multi_action: [757,0,758,1,759,0,927,2,928,0,1593,0]
06-12 13:52:04.344 1936 1936 I sysui_multi_action: [757,0,758,1,759,0,927,3,928,0,1593,0]
06-12 13:52:04.344 1936 1936 I sysui_multi_action: [757,491,758,1,759,491,927,4,928,0,1311,-1,1593,0]
06-12 13:52:04.344 1936 1936 I sysui_multi_action: [757,0,758,1,759,0,927,5,928,0,1593,0]
06-12 13:52:04.345 1936 1936 I sysui_multi_action: [757,111,758,1]
06-12 13:52:04.345 1936 1936 I sysui_multi_action: [757,126,758,1,759,126,927,0,928,1,1593,0]
06-12 13:52:04.345 1936 1936 I sysui_multi_action: [757,113,758,1,759,113,927,1,928,1,1593,0]
06-12 13:52:04.345 1936 1936 I sysui_multi_action: [757,0,758,1,759,0,927,2,928,0,1593,0]
06-12 13:52:04.345 1936 1936 I sysui_multi_action: [757,0,758,1,759,0,927,3,928,0,1593,0]
06-12 13:52:05.848 1548 1548 W WindowManager: removeWindowToken: Attempted to remove non-existing token: android.os.Binder@f44743f
06-12 13:52:05.884 1548 1829 I input_interaction: Interaction with: 40d8d8d NotificationShade (server), edge-swipe (server), swipe-up (server), PointerEventDispatcher0 (server),
06-12 13:52:06.179 1548 1548 W WindowManager: removeWindowToken: Attempted to remove non-existing token: android.os.Binder@2bf1536
06-12 13:52:06.189 1548 2946 E TaskPersister: File error accessing recents directory (directory doesn't exist?).
06-12 13:52:06.288 1936 1936 I sysui_multi_action: [757,366,758,4,759,126,927,0,928,1,1592,0,1593,1]
06-12 13:52:06.303 1548 2054 I ActivityTaskManager: START u0 {act=android.settings.WIFI_SETTINGS flg=0x14000000 cmp=com.android.settings/.homepage.SettingsHomepageActivity} from uid 10077
06-12 13:52:06.304 1548 2054 D ActivityTaskManager: TaskLaunchParamsModifier:task=null activity=ActivityRecord{c865467 u0 com.android.settings/.homepage.SettingsHomepageActivity taskAffinity=1000:com.android.settings.root display-from-option=0 display-id=0 display-windowing-mode=1 suggested-display-area=DefaultTaskDisplayArea@262119703
06-12 13:52:06.304 1548 2054 D ActivityTaskManager: TaskLaunchParamsModifier:task=Task{ff456f8 #72 type=standard A=1000:com.android.settings.root U=0 visible=true mode=fullscreen translucent=false sz=1 visible freeform task=true rootAffinity=1000:com.android.settings.root isMini=false} activity=ActivityRecord{c865467 u0 com.android.settings/.homepage.SettingsHomepageActivity taskAffinity=1000:com.android.settings.root t-1} display-from-option=0 display-id=0 display-windowing-mode=1 suggested-display-area=DefaultTaskDisplayArea@262119703 non-freeform-display display-area=DefaultTaskDisplayArea@262119703
06-12 13:52:06.305 1548 2054 I wm_new_intent: [0,91867989,72,com.android.settings/.Settings,android.intent.action.MAIN,NULL,NULL,270532608]
06-12 13:52:06.306 1548 2054 I wm_task_moved: [72,1,6]
06-12 13:52:06.306 2423 2423 I wm_on_top_resumed_lost_called: [91867989,com.android.settings.Settings,pausing]
06-12 13:52:06.306 1548 2054 I wm_set_resumed_activity: [0,com.android.settings/.Settings,positionChildAt]
06-12 13:52:06.307 2423 2423 I sysui_multi_action: [757,35,758,2,1089,3124]
06-12 13:52:06.309 2423 2423 I sysui_multi_action: [757,39,758,2,1089,3112]
06-12 13:52:06.311 2423 2423 I wm_on_paused_called: [91867989,com.android.settings.Settings,performPause]
06-12 13:52:06.311 2423 2423 I wm_on_resume_called: [91867989,com.android.settings.Settings,LIFECYCLER_RESUME_ACTIVITY]
06-12 13:52:06.311 2423 2423 I sysui_multi_action: [757,35,758,1,833,0,1089,0]
06-12 13:52:06.314 1548 4463 I sysui_multi_action: [757,127,758,2]
06-12 13:52:06.315 2423 2423 I sysui_multi_action: [757,39,758,1,833,0,1089,0]
06-12 13:52:06.315 1548 4463 I notification_panel_hidden:
06-12 13:52:06.317 1548 4463 D TelephonyRegistry: listen oscl: mHasNotifySubscriptionInfoChangedOccurred==false no callback
06-12 13:52:06.320 1548 2990 D TelephonyRegistry: listen oscl: mHasNotifySubscriptionInfoChangedOccurred==false no callback
06-12 13:52:06.326 1548 4463 W ActivityManager: unable to read freezer info
06-12 13:52:06.326 1548 1623 I input_focus: [Focus request 6585a6c com.android.settings/com.android.settings.Settings,reason=UpdateInputWindows]
06-12 13:52:06.328 0 0 I [ 384.626132] binder: 1548:4463 ioctl c00c620f 6ce12c8ef8 returned -22
06-12 13:52:06.334 1548 2990 I ProcessStatsService: Added stats: 2023-06-11-15-27-31, over +16m23s799ms
06-12 13:52:06.337 1548 2990 I ProcessStatsService: Added stats: 1970-01-01-09-04-56, over +22m8s415ms
06-12 13:52:06.339 2423 2423 I wm_on_top_resumed_gained_called: [91867989,com.android.settings.Settings,topWhenResuming]
06-12 13:52:06.340 1548 2990 I ProcessStatsService: Added stats: 1970-01-01-08-00-10, over +48m14s222ms
06-12 13:52:06.339 2423 2423 I auditd : type=1400 audit(0.0:453): avc: denied { read } for comm="pool-2-thread-6" name="pagetypeinfo" dev="proc" ino=4026531857 scontext=u:r:system_app:s0 tcontext=u:object_r:proc_pagetypeinfo:s0 tclass=file permissive=0
06-12 13:52:06.343 2423 2423 I auditd : type=1400 audit(0.0:454): avc: denied { search } for comm="pool-2-thread-6" name="zram0" dev="sysfs" ino=56783 scontext=u:r:system_app:s0 tcontext=u:object_r:sysfs_zram:s0 tclass=dir permissive=0
06-12 13:52:06.343 2423 2423 I auditd : type=1400 audit(0.0:455): avc: denied { search } for comm="pool-2-thread-6" name="zram0" dev="sysfs" ino=56783 scontext=u:r:system_app:s0 tcontext=u:object_r:sysfs_zram:s0 tclass=dir permissive=0
06-12 13:52:06.352 1548 1829 I input_focus: [Focus leaving 40d8d8d NotificationShade (server),reason=NOT_FOCUSABLE]
06-12 13:52:06.352 1548 1829 I input_focus: [Focus entering 6585a6c com.android.settings/com.android.settings.Settings (server),reason=setFocusedWindow]
06-12 13:52:06.446 1548 1548 W WindowManager: removeWindowToken: Attempted to remove non-existing token: android.os.Binder@ecea53c
06-12 13:52:06.515 2423 2423 I sysui_multi_action: [757,39,758,2,1089,199]
06-12 13:52:06.540 1548 2990 I netstats_mobile_sample: [0,0,0,0,0,0,0,0,0,0,0,0,1686549126540]
06-12 13:52:06.540 1548 2990 I netstats_wifi_sample: [182563,901,643077,2009,182563,901,643077,2009,897687,5763,527373,1501,1686549126540]
06-12 13:52:06.543 1548 1548 W WindowManager: removeWindowToken: Attempted to remove non-existing token: android.os.Binder@1b51127
06-12 13:52:06.550 1548 3338 I netstats_mobile_sample: [0,0,0,0,0,0,0,0,0,0,0,0,1686549126550]
06-12 13:52:06.550 1548 3338 I netstats_wifi_sample: [182563,901,643077,2009,182563,901,643077,2009,897687,5763,527373,1501,1686549126550]
06-12 13:52:06.571 2423 2423 I sysui_multi_action: [757,103,758,1,833,0,1089,51]
06-12 13:52:06.632 0 0 I [ 384.931987] [schedu][0x1bb93f2f6][13: 52:06.632275] wlan: [3397:I:OSIF] scan start scan id 40970
06-12 13:52:06.711 1548 1548 W WindowManager: removeWindowToken: Attempted to remove non-existing token: android.os.Binder@6950c79
06-12 13:52:06.769 1936 1936 I sysui_multi_action: [757,111,758,2]
06-12 13:52:06.771 1936 1936 I sysui_multi_action: [757,111,758,2]
06-12 13:52:08.045 0 0 I [ 386.344552] [schedu][0x1bd31c47f][13: 52:08.044776] wlan: [3397:I:OSIF] vdev 0, scan id 40970 type COMPLETED(1) reason COMPLETED(1) scan found 54 bss
06-12 13:52:08.069 1456 4704 I liblog : 108
06-12 13:52:08.716 1548 1829 I input_interaction: Interaction with: 961f98e StatusBar (server), edge-swipe (server), swipe-up (server), PointerEventDispatcher0 (server),
06-12 13:52:08.725 1936 1936 I sysui_multi_action: [757,803,799,panel_open,802,1]
06-12 13:52:08.726 1936 1936 I sysui_multi_action: [757,1328,758,4,1326,99,1327,3,1329,0]
06-12 13:52:08.754 1548 2990 I sysui_multi_action: [757,127,758,1]
06-12 13:52:08.754 1548 2990 I sysui_multi_action: [757,804,799,note_load,801,0,802,1]
06-12 13:52:08.755 1548 2990 I notification_panel_revealed: 0
06-12 13:52:08.764 1548 1623 I input_focus: [Focus request 40d8d8d NotificationShade,reason=UpdateInputWindows]
06-12 13:52:08.778 1936 1936 I sysui_multi_action: [757,111,758,1]
06-12 13:52:08.778 1936 1936 I sysui_multi_action: [757,126,758,1,759,126,927,0,928,1,1593,0]
06-12 13:52:08.778 1936 1936 I sysui_multi_action: [757,113,758,1,759,113,927,1,928,1,1593,0]
06-12 13:52:08.778 1936 1936 I sysui_multi_action: [757,0,758,1,759,0,927,2,928,0,1593,0]
06-12 13:52:08.778 1936 1936 I sysui_multi_action: [757,0,758,1,759,0,927,3,928,0,1593,0]
06-12 13:52:08.779 1936 1936 I sysui_multi_action: [757,491,758,1,759,491,927,4,928,0,1311,-1,1593,0]
06-12 13:52:08.779 1936 1936 I sysui_multi_action: [757,0,758,1,759,0,927,5,928,0,1593,0]
06-12 13:52:08.779 1936 1936 I sysui_multi_action: [757,111,758,1]
06-12 13:52:08.780 1936 1936 I sysui_multi_action: [757,126,758,1,759,126,927,0,928,1,1593,0]
06-12 13:52:08.780 1936 1936 I sysui_multi_action: [757,113,758,1,759,113,927,1,928,1,1593,0]
06-12 13:52:08.780 1936 1936 I sysui_multi_action: [757,0,758,1,759,0,927,2,928,0,1593,0]
06-12 13:52:08.780 1936 1936 I sysui_multi_action: [757,0,758,1,759,0,927,3,928,0,1593,0]
06-12 13:52:08.787 1548 1829 I input_focus: [Focus leaving 6585a6c com.android.settings/com.android.settings.Settings (server),reason=setFocusedWindow]
06-12 13:52:08.787 1548 1829 I input_focus: [Focus entering 40d8d8d NotificationShade (server),reason=setFocusedWindow]
06-12 13:52:10.553 1548 1548 W WindowManager: removeWindowToken: Attempted to remove non-existing token: android.os.Binder@aaedc58
06-12 13:52:10.585 1548 1829 I input_interaction: Interaction with: 40d8d8d NotificationShade (server), edge-swipe (server), swipe-up (server), PointerEventDispatcher0 (server),
06-12 13:52:12.324 1936 1936 I sysui_multi_action: [757,366,758,4,759,126,927,0,928,1,1592,0,1593,1]
06-12 13:52:12.337 1548 4463 I ActivityTaskManager: START u0 {act=android.settings.WIFI_SETTINGS flg=0x14000000 cmp=com.android.settings/.homepage.SettingsHomepageActivity} from uid 10077
06-12 13:52:12.338 1548 4463 D ActivityTaskManager: TaskLaunchParamsModifier:task=null activity=ActivityRecord{5048be u0 com.android.settings/.homepage.SettingsHomepageActivity taskAffinity=1000:com.android.settings.root display-from-option=0 display-id=0 display-windowing-mode=1 suggested-display-area=DefaultTaskDisplayArea@262119703
06-12 13:52:12.339 1548 4463 D ActivityTaskManager: TaskLaunchParamsModifier:task=Task{ff456f8 #72 type=standard A=1000:com.android.settings.root U=0 visible=true mode=fullscreen translucent=false sz=1 visible freeform task=true rootAffinity=1000:com.android.settings.root isMini=false} activity=ActivityRecord{5048be u0 com.android.settings/.homepage.SettingsHomepageActivity taskAffinity=1000:com.android.settings.root t-1} display-from-option=0 display-id=0 display-windowing-mode=1 suggested-display-area=DefaultTaskDisplayArea@262119703 non-freeform-display display-area=DefaultTaskDisplayArea@262119703
06-12 13:52:12.339 1548 4463 I wm_new_intent: [0,91867989,72,com.android.settings/.Settings,android.intent.action.MAIN,NULL,NULL,270532608]
06-12 13:52:12.339 1548 4463 I wm_task_moved: [72,1,6]
06-12 13:52:12.340 2423 2423 I wm_on_top_resumed_lost_called: [91867989,com.android.settings.Settings,pausing]
06-12 13:52:12.340 1548 4463 I wm_set_resumed_activity: [0,com.android.settings/.Settings,positionChildAt]
06-12 13:52:12.342 2423 2423 I sysui_multi_action: [757,35,758,2,1089,6031]
06-12 13:52:12.343 2423 2423 I sysui_multi_action: [757,103,758,2,1089,5772]
06-12 13:52:12.344 2423 2423 I wm_on_paused_called: [91867989,com.android.settings.Settings,performPause]
06-12 13:52:12.345 2423 2423 I wm_on_resume_called: [91867989,com.android.settings.Settings,LIFECYCLER_RESUME_ACTIVITY]
06-12 13:52:12.345 2423 2423 I sysui_multi_action: [757,35,758,1,833,0,1089,0]
06-12 13:52:12.349 2423 2423 I sysui_multi_action: [757,103,758,1,833,0,1089,0]
06-12 13:52:12.353 1548 1792 I sysui_multi_action: [757,127,758,2]
06-12 13:52:12.353 1548 1792 I notification_panel_hidden:
06-12 13:52:12.355 2423 2423 I wm_on_top_resumed_gained_called: [91867989,com.android.settings.Settings,topWhenResuming]
06-12 13:52:12.363 1548 1623 I input_focus: [Focus request 6585a6c com.android.settings/com.android.settings.Settings,reason=UpdateInputWindows]
