06-12 13:45:48.396 1548 1548 D CompatConfig: Adding: com.android.server.compat.config.Change@161044b
06-12 13:45:48.396 1548 1548 D CompatConfig: Adding: com.android.server.compat.config.Change@29fde28
06-12 13:45:48.396 1548 1548 D CompatConfig: Adding: com.android.server.compat.config.Change@eb1f741
06-12 13:45:48.397 1548 1548 D CompatConfig: Adding: com.android.server.compat.config.Change@86244e6
06-12 13:45:48.397 1548 1626 I SystemConfig: Reading permissions from /system/etc/permissions/org.apache.http.legacy.xml
06-12 13:45:48.397 1548 1548 D CompatConfig: Adding: com.android.server.compat.config.Change@728b4d4
06-12 13:45:48.397 1548 1548 D CompatConfig: Adding: com.android.server.compat.config.Change@365c67d
06-12 13:45:48.398 1548 1548 D CompatConfig: Adding: com.android.server.compat.config.Change@67dc972
06-12 13:45:48.398 1548 1548 D CompatConfig: Adding: com.android.server.compat.config.Change@71bb1c3
06-12 13:45:48.398 1548 1626 I SystemConfig: Reading permissions from /system/etc/permissions/com.thundercomm.debugtools.xml
06-12 13:45:48.398 1548 1548 D CompatConfig: Adding: com.android.server.compat.config.Change@a8d4d79
06-12 13:45:48.399 1548 1548 D CompatConfig: Adding: com.android.server.compat.config.Change@5b0abe
06-12 13:45:48.399 1548 1626 I SystemConfig: Reading permissions from /system/etc/permissions/javax.obex.xml
06-12 13:45:48.399 1548 1548 D CompatConfig: Adding: com.android.server.compat.config.Change@5e5ca6c
06-12 13:45:48.400 1548 1548 D CompatConfig: Found a config file: /system/etc/compatconfig/services-platform-compat-config.xml
06-12 13:45:48.400 1548 1626 I SystemConfig: Reading permissions from /system/etc/permissions/privapp-permissions-platform.xml
06-12 13:45:48.401 1548 1548 D CompatConfig: Adding: com.android.server.compat.config.Change@9df963b
06-12 13:45:48.401 1548 1548 D CompatConfig: Adding: com.android.server.compat.config.Change@9b2158
06-12 13:45:48.401 1548 1548 D CompatConfig: Adding: com.android.server.compat.config.Change@84632b1
06-12 13:45:48.402 1548 1548 D CompatConfig: Adding: com.android.server.compat.config.Change@f3bb396
06-12 13:45:48.402 1548 1548 D CompatConfig: Adding: com.android.server.compat.config.Change@9275b17
06-12 13:45:48.402 1548 1548 D CompatConfig: Adding: com.android.server.compat.config.Change@e4cfb04
06-12 13:45:48.402 1548 1548 D CompatConfig: Adding: com.android.server.compat.config.Change@45a48ed
06-12 13:45:48.403 1548 1548 D CompatConfig: Adding: com.android.server.compat.config.Change@f77322
06-12 13:45:48.403 1548 1548 D CompatConfig: Adding: com.android.server.compat.config.Change@cbc91b3
06-12 13:45:48.403 1548 1548 D CompatConfig: Adding: com.android.server.compat.config.Change@420c370
06-12 13:45:48.404 1548 1548 D CompatConfig: Adding: com.android.server.compat.config.Change@61f86e9
06-12 13:45:48.404 1548 1548 D CompatConfig: Adding: com.android.server.compat.config.Change@7bd9f6e
06-12 13:45:48.404 1548 1548 D CompatConfig: Adding: com.android.server.compat.config.Change@f64960f
06-12 13:45:48.404 1548 1548 D CompatConfig: Adding: com.android.server.compat.config.Change@226a69c
06-12 13:45:48.405 1548 1548 D CompatConfig: Adding: com.android.server.compat.config.Change@9e0a8a5
06-12 13:45:48.405 1548 1548 D CompatConfig: Adding: com.android.server.compat.config.Change@ca8447a
06-12 13:45:48.405 1548 1548 D CompatConfig: Adding: com.android.server.compat.config.Change@8de842b
06-12 13:45:48.406 1548 1548 D CompatConfig: Adding: com.android.server.compat.config.Change@7459088
06-12 13:45:48.406 1548 1548 D CompatConfig: Adding: com.android.server.compat.config.Change@bd82a21
06-12 13:45:48.406 1548 1548 D CompatConfig: Adding: com.android.server.compat.config.Change@e662e46
06-12 13:45:48.407 1548 1626 I SystemConfig: Reading permissions from /system/etc/permissions/com.android.mediadrm.signer.xml
06-12 13:45:48.407 1548 1548 D CompatConfig: Adding: com.android.server.compat.config.Change@7e72d34
06-12 13:45:48.407 1548 1548 D CompatConfig: Adding: com.android.server.compat.config.Change@76c475d
06-12 13:45:48.407 1548 1548 D CompatConfig: Adding: com.android.server.compat.config.Change@5c6e8d2
06-12 13:45:48.408 1548 1548 D CompatConfig: Adding: com.android.server.compat.config.Change@50d4da3
06-12 13:45:48.408 1548 1626 I SystemConfig: Reading permissions from /system/etc/permissions/android.test.runner.xml
06-12 13:45:48.408 1548 1548 D CompatConfig: Adding: com.android.server.compat.config.Change@e2afc59
06-12 13:45:48.409 1548 1548 D CompatConfig: Adding: com.android.server.compat.config.Change@706c01e
06-12 13:45:48.409 1548 1548 D CompatConfig: Adding: com.android.server.compat.config.Change@19d20ff
06-12 13:45:48.409 1548 1626 I SystemConfig: Reading permissions from /system/etc/permissions/android.software.live_wallpaper.xml
06-12 13:45:48.409 1548 1548 D CompatConfig: Adding: com.android.server.compat.config.Change@2860515
06-12 13:45:48.410 1548 1548 D CompatConfig: Adding: com.android.server.compat.config.Change@bdac02a
06-12 13:45:48.410 1548 1626 I SystemConfig: Reading permissions from /system/etc/permissions/android.test.base.xml
06-12 13:45:48.410 1548 1548 D CompatConfig: Adding: com.android.server.compat.config.Change@6c22bb8
06-12 13:45:48.410 1548 1626 I SystemConfig: Reading permissions from /system/etc/permissions/com.thundercomm.screensaver.xml
06-12 13:45:48.410 1548 1548 D CompatConfig: Adding: com.android.server.compat.config.Change@23cb4f6
06-12 13:45:48.411 1548 1626 I SystemConfig: Reading permissions from /system/etc/permissions/com.android.location.provider.xml
06-12 13:45:48.411 1548 1548 D CompatConfig: Adding: com.android.server.compat.config.Change@34a4b64
06-12 13:45:48.411 1548 1548 D CompatConfig: Adding: com.android.server.compat.config.Change@cf2c1cd
06-12 13:45:48.411 1548 1626 I SystemConfig: Reading permissions from /system/etc/permissions/com.android.networkstack.xml
06-12 13:45:48.411 1548 1548 D CompatConfig: Adding: com.android.server.compat.config.Change@9bce593
06-12 13:45:48.412 1548 1626 I SystemConfig: Reading permissions from /system/etc/permissions/com.android.networkstack.tethering.xml
06-12 13:45:48.412 1548 1548 D CompatConfig: Adding: com.android.server.compat.config.Change@176adc9
06-12 13:45:48.412 1548 1548 D CompatConfig: Adding: com.android.server.compat.config.Change@af16cce
06-12 13:45:48.412 1548 1626 I SystemConfig: Reading permissions from /system/etc/permissions/android.software.freeform_window_management.xml
06-12 13:45:48.413 1548 1548 D CompatConfig: Adding: com.android.server.compat.config.Change@2b1a2fc
06-12 13:45:48.413 1548 1626 I SystemConfig: Reading permissions from /system/etc/permissions/com.android.media.remotedisplay.xml
06-12 13:45:48.413 1548 1548 D CompatConfig: Adding: com.android.server.compat.config.Change@63b87da
06-12 13:45:48.413 1548 1626 I SystemConfig: Reading permissions from /system/etc/permissions/android.software.webview.xml
06-12 13:45:48.414 1548 1626 I SystemConfig: Reading permissions from /system/etc/permissions/com.android.future.usb.accessory.xml
06-12 13:45:48.414 1548 1626 I SystemConfig: Reading permissions from /system/etc/permissions/privapp-permissions-qti.xml
06-12 13:45:48.415 1548 1548 D CompatConfig: Adding: com.android.server.compat.config.Change@3da47a6
06-12 13:45:48.415 1548 1626 I SystemConfig: Reading permissions from /system/etc/permissions/com.android.nfc_extras.xml
06-12 13:45:48.415 1548 1626 I SystemConfig: Reading permissions from /system/etc/permissions/android.test.mock.xml
06-12 13:45:48.415 1548 1548 D CompatConfig: Adding: com.android.server.compat.config.Change@904b83d
06-12 13:45:48.416 1548 1548 D CompatConfig: Adding: com.android.server.compat.config.Change@3533832
06-12 13:45:48.416 1548 1626 I SystemConfig: Reading permissions from /system/etc/permissions/platform.xml
06-12 13:45:48.416 1548 1548 D CompatConfig: Adding: com.android.server.compat.config.Change@4703700
06-12 13:45:48.416 1548 1548 D CompatConfig: Adding: com.android.server.compat.config.Change@e899b39
06-12 13:45:48.417 1548 1548 D CompatConfig: Adding: com.android.server.compat.config.Change@4f8a57e
06-12 13:45:48.417 1548 1548 D CompatConfig: Adding: com.android.server.compat.config.Change@dbf0adf
06-12 13:45:48.417 1548 1548 D CompatConfig: Adding: com.android.server.compat.config.Change@721c32c
06-12 13:45:48.418 1548 1548 D CompatConfig: Adding: com.android.server.compat.config.Change@2dfb1f5
06-12 13:45:48.418 1548 1548 D CompatConfig: Adding: com.android.server.compat.config.Change@9f59b8a
06-12 13:45:48.418 1548 1626 I SystemConfig: Reading permissions from /vendor/etc/permissions/handheld_core_hardware.xml
06-12 13:45:48.418 1548 1548 D CompatConfig: Adding: com.android.server.compat.config.Change@a7de618
06-12 13:45:48.419 1548 1626 I SystemConfig: Reading permissions from /vendor/etc/permissions/vendor.qti.hardware.factory.xml
06-12 13:45:48.419 1548 1548 D CompatConfig: Adding: com.android.server.compat.config.Change@919e656
06-12 13:45:48.420 1548 1548 D CompatConfig: Adding: com.android.server.compat.config.Change@2774bc4
06-12 13:45:48.420 1548 1626 I SystemConfig: Reading permissions from /vendor/etc/permissions/android.hardware.se.omapi.uicc.xml
06-12 13:45:48.420 1548 1548 D CompatConfig: Adding: com.android.server.compat.config.Change@3792aad
06-12 13:45:48.420 1548 1548 D CompatConfig: Found a config file: /system/etc/compatconfig/documents-ui-compat-config.xml
06-12 13:45:48.420 1548 1626 I SystemConfig: Reading permissions from /vendor/etc/permissions/android.hardware.audio.pro.xml
06-12 13:45:48.421 1548 1626 I SystemConfig: Reading permissions from /vendor/etc/permissions/android.hardware.bluetooth_le.xml
06-12 13:45:48.421 1548 1548 D CompatConfig: Adding: com.android.server.compat.config.Change@3aac4a9
06-12 13:45:48.421 1548 1626 I SystemConfig: Reading permissions from /vendor/etc/permissions/android.hardware.location.gps.xml
06-12 13:45:48.421 1548 1548 D CompatConfig: Found a config file: /system/etc/compatconfig/icu4j-platform-compat-config.xml
06-12 13:45:48.422 1548 1626 I SystemConfig: Reading permissions from /vendor/etc/permissions/android.hardware.sensor.barometer.xml
06-12 13:45:48.422 1548 1626 I SystemConfig: Reading permissions from /vendor/etc/permissions/qti_fingerprint_interface.xml
06-12 13:45:48.426 1548 1548 D CompatConfig: Adding: com.android.server.compat.config.Change@5f3fb3a
06-12 13:45:48.427 1548 1626 I SystemConfig: Reading permissions from /vendor/etc/permissions/android.hardware.wifi.xml
06-12 13:45:48.428 1548 1548 D CompatConfig: Found a config file: /system/system_ext/etc/compatconfig/settings-platform-compat-config.xml
06-12 13:45:48.428 1548 1626 I SystemConfig: Reading permissions from /vendor/etc/permissions/android.hardware.wifi.passpoint.xml
06-12 13:45:48.428 1548 1548 D CompatConfig: Adding: com.android.server.compat.config.Change@4969106
06-12 13:45:48.429 1548 1548 D CompatConfig: No directory /apex/com.android.vndk.v30/etc/compatconfig, skipping
06-12 13:45:48.429 1548 1548 D CompatConfig: No directory /apex/com.android.wifi/etc/compatconfig, skipping
06-12 13:45:48.429 1548 1548 D CompatConfig: No directory /apex/com.android.vndk.v31/etc/compatconfig, skipping
06-12 13:45:48.429 1548 1548 D CompatConfig: No directory /apex/com.android.tzdata/etc/compatconfig, skipping
06-12 13:45:48.429 1548 1548 D CompatConfig: No directory /apex/com.android.tethering/etc/compatconfig, skipping
06-12 13:45:48.429 1548 1548 D CompatConfig: No directory /apex/com.android.sdkext/etc/compatconfig, skipping
06-12 13:45:48.429 1548 1548 D CompatConfig: No directory /apex/com.android.scheduling/etc/compatconfig, skipping
06-12 13:45:48.429 1548 1548 D CompatConfig: No directory /apex/com.android.runtime/etc/compatconfig, skipping
06-12 13:45:48.429 1548 1548 D CompatConfig: No directory /apex/com.android.resolv/etc/compatconfig, skipping
06-12 13:45:48.429 1548 1548 D CompatConfig: No directory /apex/com.android.permission/etc/compatconfig, skipping
06-12 13:45:48.429 1548 1548 D CompatConfig: No directory /apex/com.android.os.statsd/etc/compatconfig, skipping
06-12 13:45:48.429 1548 1548 D CompatConfig: No directory /apex/com.android.neuralnetworks/etc/compatconfig, skipping
06-12 13:45:48.430 1548 1626 I SystemConfig: Reading permissions from /vendor/etc/permissions/android.software.verified_boot.xml
06-12 13:45:48.430 1548 1548 D CompatConfig: Found a config file: /apex/com.android.mediaprovider/etc/compatconfig/media-provider-platform-compat-config.xml
06-12 13:45:48.430 1548 1626 I SystemConfig: Reading permissions from /vendor/etc/permissions/android.hardware.wifi.direct.xml
06-12 13:45:48.430 1548 1548 D CompatConfig: Adding: com.android.server.compat.config.Change@7ab792
06-12 13:45:48.431 1548 1548 D CompatConfig: Adding: com.android.server.compat.config.Change@51ad563
06-12 13:45:48.431 1548 1548 D CompatConfig: Adding: com.android.server.compat.config.Change@7033560
06-12 13:45:48.431 1548 1626 I SystemConfig: Reading permissions from /vendor/etc/permissions/android.software.device_id_attestation.xml
06-12 13:45:48.431 1548 1548 D CompatConfig: Adding: com.android.server.compat.config.Change@908bade
06-12 13:45:48.432 1548 1548 D CompatConfig: Adding: com.android.server.compat.config.Change@75b64bf
06-12 13:45:48.432 1548 1548 D CompatConfig: Adding: com.android.server.compat.config.Change@1d14ed5
06-12 13:45:48.432 1548 1626 I SystemConfig: Reading permissions from /vendor/etc/permissions/android.hardware.bluetooth.xml
06-12 13:45:48.432 1548 1548 D CompatConfig: Adding: com.android.server.compat.config.Change@9e1a6ea
06-12 13:45:48.433 1548 1626 I SystemConfig: Reading permissions from /vendor/etc/permissions/android.hardware.vulkan.version-1_1.xml
06-12 13:45:48.433 1548 1548 D CompatConfig: No directory /apex/com.android.media.swcodec/etc/compatconfig, skipping
06-12 13:45:48.433 1548 1626 I SystemConfig: Reading permissions from /vendor/etc/permissions/android.hardware.vulkan.compute-0.xml
06-12 13:45:48.433 1548 1548 D CompatConfig: No directory /apex/com.android.media/etc/compatconfig, skipping
06-12 13:45:48.433 1548 1548 D CompatConfig: No directory /apex/com.android.ipsec/etc/compatconfig, skipping
06-12 13:45:48.433 1548 1548 D CompatConfig: No directory /apex/com.android.i18n/etc/compatconfig, skipping
06-12 13:45:48.433 1548 1548 D CompatConfig: No directory /apex/com.android.extservices/etc/compatconfig, skipping
06-12 13:45:48.434 1548 1548 D CompatConfig: No directory /apex/com.android.conscrypt/etc/compatconfig, skipping
06-12 13:45:48.434 1548 1626 I SystemConfig: Reading permissions from /vendor/etc/permissions/android.hardware.usb.accessory.xml
06-12 13:45:48.434 1548 1548 D CompatConfig: Found a config file: /apex/com.android.art/etc/compatconfig/libcore-platform-compat-config.xml
06-12 13:45:48.434 1548 1626 I SystemConfig: Reading permissions from /vendor/etc/permissions/android.software.ipsec_tunnels.xml
06-12 13:45:48.434 1548 1548 D CompatConfig: Adding: com.android.server.compat.config.Change@d6bfc24
06-12 13:45:48.435 1548 1548 D CompatConfig: Adding: com.android.server.compat.config.Change@5a5838d
06-12 13:45:48.435 1548 1548 D CompatConfig: Adding: com.android.server.compat.config.Change@19c2942
06-12 13:45:48.435 1548 1626 I SystemConfig: Reading permissions from /vendor/etc/permissions/android.hardware.sensor.gyroscope.xml
06-12 13:45:48.436 1548 1548 D CompatConfig: Adding: com.android.server.compat.config.Change@d7eb690
06-12 13:45:48.436 1548 1548 D CompatConfig: Adding: com.android.server.compat.config.Change@df3cb89
06-12 13:45:48.436 1548 1626 I SystemConfig: Reading permissions from /vendor/etc/permissions/android.hardware.touchscreen.multitouch.jazzhand.xml
06-12 13:45:48.436 1548 1548 D CompatConfig: No directory /apex/com.android.appsearch/etc/compatconfig, skipping
06-12 13:45:48.436 1548 1548 D CompatConfig: No directory /apex/com.android.adbd/etc/compatconfig, skipping
06-12 13:45:48.437 1548 1626 I SystemConfig: Reading permissions from /vendor/etc/permissions/android.hardware.wifi.aware.xml
06-12 13:45:48.439 1548 1626 I SystemConfig: Reading permissions from /vendor/etc/permissions/android.hardware.sensor.hifi_sensors.xml
06-12 13:45:48.440 1548 1548 I SystemServerTiming: StartFileIntegrityService
06-12 13:45:48.440 1548 1548 I SystemServiceManager: Starting com.android.server.security.FileIntegrityService
06-12 13:45:48.440 1548 1626 I SystemConfig: Reading permissions from /vendor/etc/permissions/android.hardware.opengles.aep.xml
06-12 13:45:48.444 1548 1626 I SystemConfig: Reading permissions from /vendor/etc/permissions/android.hardware.fingerprint.xml
06-12 13:45:48.444 1548 1548 I SystemServerTiming: StartInstaller
06-12 13:45:48.444 1548 1548 I SystemServiceManager: Starting com.android.server.pm.Installer
06-12 13:45:48.445 1548 1626 I SystemConfig: Reading permissions from /vendor/etc/permissions/android.software.vulkan.deqp.level.xml
06-12 13:45:48.446 1548 1626 I SystemConfig: Reading permissions from /vendor/etc/permissions/android.hardware.wifi.rtt.xml
06-12 13:45:48.446 1548 1548 I SystemServerTiming: DeviceIdentifiersPolicyService
06-12 13:45:48.446 1548 1548 I SystemServiceManager: Starting com.android.server.os.DeviceIdentifiersPolicyService
06-12 13:45:48.446 1548 1548 I SystemServerTiming: UriGrantsManagerService
06-12 13:45:48.446 1548 1548 I SystemServiceManager: Starting com.android.server.uri.UriGrantsManagerService$Lifecycle
06-12 13:45:48.447 1548 1626 I SystemConfig: Reading permissions from /vendor/etc/permissions/android.hardware.sensor.relative_humidity.xml
06-12 13:45:48.447 1548 1548 I SystemServerTiming: StartPowerStatsService
06-12 13:45:48.447 1548 1548 I SystemServiceManager: Starting com.android.server.powerstats.PowerStatsService
06-12 13:45:48.447 1548 1626 I SystemConfig: Reading permissions from /vendor/etc/permissions/android.hardware.sensor.compass.xml
06-12 13:45:48.448 1548 1626 I SystemConfig: Reading permissions from /vendor/etc/permissions/android.hardware.sensor.accelerometer.xml
06-12 13:45:48.448 1548 1626 I SystemConfig: Reading permissions from /vendor/etc/permissions/android.hardware.usb.host.xml
06-12 13:45:48.449 1548 1626 I SystemConfig: Reading permissions from /vendor/etc/permissions/android.hardware.light.xml
06-12 13:45:48.450 1548 1626 I SystemConfig: Reading permissions from /vendor/etc/permissions/android.hardware.sensor.ambient_temperature.xml
06-12 13:45:48.450 0 0 I [ 7.026852] binder: 1548:1548 ioctl 40046210 7fda4f11e4 returned -22
06-12 13:45:48.450 1548 1626 I SystemConfig: Reading permissions from /vendor/etc/permissions/android.hardware.audio.low_latency.xml
06-12 13:45:48.451 1548 1626 I SystemConfig: Reading permissions from /vendor/etc/permissions/android.hardware.se.omapi.ese.xml
06-12 13:45:48.451 1548 1548 I SystemServerTiming: StartIStatsService
06-12 13:45:48.451 1548 1626 I SystemConfig: Reading permissions from /vendor/etc/permissions/android.software.midi.xml
06-12 13:45:48.452 1548 1626 I SystemConfig: Reading permissions from /vendor/etc/permissions/vendor-qti-hardware-sensorscalibrate.xml
06-12 13:45:48.452 1548 1626 I SystemConfig: Reading permissions from /vendor/etc/permissions/android.hardware.vulkan.level-1.xml
06-12 13:45:48.452 1548 1548 I SystemServerTiming: MemtrackProxyService
06-12 13:45:48.454 1548 1626 I SystemConfig: Reading permissions from /product/etc/sysconfig/preinstalled-packages-platform-handheld-product.xml
06-12 13:45:48.454 1548 1548 I SystemServerTiming: StartActivityManager
06-12 13:45:48.454 1548 1548 I SystemServiceManager: Starting com.android.server.wm.ActivityTaskManagerService$Lifecycle
06-12 13:45:48.454 1548 1626 I SystemConfig: Reading permissions from /product/etc/sysconfig/preinstalled-packages-platform-overlays.xml
06-12 13:45:48.456 1548 1626 I SystemConfig: Reading permissions from /product/etc/permissions/com.qti.snapdragon.sdk.display.xml
06-12 13:45:48.456 1548 1626 I SystemConfig: Reading permissions from /product/etc/permissions/vendor.qti.hardware.data.connection-V1.0-java.xml
06-12 13:45:48.457 1548 1626 I SystemConfig: Reading permissions from /product/etc/permissions/UimService.xml
06-12 13:45:48.457 1548 1626 I SystemConfig: Reading permissions from /product/etc/permissions/ims_ext_common.xml
06-12 13:45:48.458 1548 1626 I SystemConfig: Reading permissions from /product/etc/permissions/telephony_product_privapp-permissions-qti.xml
06-12 13:45:48.458 1548 1626 I SystemConfig: Reading permissions from /product/etc/permissions/vendor.qti.hardware.data.connection-V1.1-java.xml
06-12 13:45:48.459 1548 1626 I SystemConfig: Reading permissions from /product/etc/permissions/com.android.settings.intelligence.xml
06-12 13:45:48.460 1548 1548 I SystemServiceManager: Starting com.android.server.am.ActivityManagerService$Lifecycle
06-12 13:45:48.460 1548 1626 I SystemConfig: Reading permissions from /system_ext/etc/sysconfig/qti_whitelist_system_ext.xml
06-12 13:45:48.460 1548 1626 I SystemConfig: Reading permissions from /system_ext/etc/sysconfig/qti_telephony_system_packages_config.xml
06-12 13:45:48.461 1548 1626 I SystemConfig: Reading permissions from /system_ext/etc/permissions/com.qualcomm.qti.imscmservice-V2.2-java.xml
06-12 13:45:48.462 1548 1626 I SystemConfig: Reading permissions from /system_ext/etc/permissions/qti_libpermissions.xml
06-12 13:45:48.462 1548 1626 I SystemConfig: Reading permissions from /system_ext/etc/permissions/com.qualcomm.qti.izattools.xml
06-12 13:45:48.463 1548 1626 I SystemConfig: Reading permissions from /system_ext/etc/permissions/android.software.verified_boot.xml
06-12 13:45:48.463 1548 1626 I SystemConfig: Reading permissions from /system_ext/etc/permissions/izat.xt.srv.xml
06-12 13:45:48.464 1548 1626 I SystemConfig: Reading permissions from /system_ext/etc/permissions/com.android.emergency.xml
06-12 13:45:48.464 1548 1626 I SystemConfig: Reading permissions from /system_ext/etc/permissions/wfd-system-ext-privapp-permissions-qti.xml
06-12 13:45:48.465 1548 1626 I SystemConfig: Reading permissions from /system_ext/etc/permissions/privapp-permissions-aptxals.xml
06-12 13:45:48.465 1548 1626 I SystemConfig: Reading permissions from /system_ext/etc/permissions/com.thundercomm.microsettings.xml
06-12 13:45:48.466 1548 1626 I SystemConfig: Reading permissions from /system_ext/etc/permissions/com.qualcomm.location.xml
06-12 13:45:48.466 1548 1626 I SystemConfig: Reading permissions from /system_ext/etc/permissions/com.qualcomm.qti.imscmservice-V2.1-java.xml
06-12 13:45:48.467 1548 1626 I SystemConfig: Reading permissions from /system_ext/etc/permissions/vendor.qti.ims.rcsservice.xml
06-12 13:45:48.467 1548 1626 I SystemConfig: Reading permissions from /system_ext/etc/permissions/com.qti.media.secureprocessor.xml
06-12 13:45:48.467 1548 1626 I SystemConfig: Reading permissions from /system_ext/etc/permissions/qti_supplicant_interface.xml
06-12 13:45:48.468 1548 1626 I SystemConfig: Reading permissions from /system_ext/etc/permissions/com.qualcomm.qti.imscmservice.xml
06-12 13:45:48.468 1548 1626 I SystemConfig: Reading permissions from /system_ext/etc/permissions/com.android.launcher3.xml
06-12 13:45:48.469 1548 1626 I SystemConfig: Reading permissions from /system_ext/etc/permissions/com.qualcomm.qti.imscmservice-V2.0-java.xml
06-12 13:45:48.469 1548 1626 I SystemConfig: Reading permissions from /system_ext/etc/permissions/com.hryt.lebotp.xml
06-12 13:45:48.470 1548 1626 I SystemConfig: Reading permissions from /system_ext/etc/permissions/embms.xml
06-12 13:45:48.470 1548 1626 I SystemConfig: Reading permissions from /system_ext/etc/permissions/com.qti.location.sdk.xml
06-12 13:45:48.470 1548 1548 I ActivityManager: Memory class: 512
06-12 13:45:48.470 1548 1626 I SystemConfig: Reading permissions from /system_ext/etc/permissions/com.qti.dpmframework.xml
06-12 13:45:48.471 1548 1626 I SystemConfig: Reading permissions from /system_ext/etc/permissions/dpmapi.xml
06-12 13:45:48.471 1548 1626 I SystemConfig: Reading permissions from /system_ext/etc/permissions/com.qualcomm.qmapbridge.xml
06-12 13:45:48.472 1548 1626 I SystemConfig: Reading permissions from /system_ext/etc/permissions/privapp-permissions-com.qualcomm.location.xml
06-12 13:45:48.472 1548 1626 I SystemConfig: Reading permissions from /system_ext/etc/permissions/com.android.systemui.xml
06-12 13:45:48.473 1548 1638 I Binder : Setting heavy hitter watcher config: false, 0, 0.0
06-12 13:45:48.473 1548 1626 I SystemConfig: Reading permissions from /system_ext/etc/permissions/embms-noship_product_privapp_permissions_qti.xml
06-12 13:45:48.474 1548 1626 I SystemConfig: Reading permissions from /system_ext/etc/permissions/qti_permissions.xml
06-12 13:45:48.474 1548 1626 I SystemConfig: Reading permissions from /system_ext/etc/permissions/com.android.provision.xml
06-12 13:45:48.475 1548 1626 I SystemConfig: Reading permissions from /system_ext/etc/permissions/com.android.storagemanager.xml
06-12 13:45:48.475 1548 1626 I SystemConfig: Reading permissions from /system_ext/etc/permissions/privapp-permissions-qti-system-ext.xml
06-12 13:45:48.476 1548 1626 I SystemConfig: Reading permissions from /system_ext/etc/permissions/com.nxp.nfc.nq.xml
06-12 13:45:48.476 1548 1626 I SystemConfig: Reading permissions from /system_ext/etc/permissions/telephony_system-ext_privapp-permissions-qti.xml
06-12 13:45:48.477 1548 1626 I SystemConfig: Reading permissions from /system_ext/etc/permissions/audiosphere.xml
06-12 13:45:48.477 1548 1626 I SystemConfig: Reading permissions from /system_ext/etc/permissions/com.android.settings.xml
06-12 13:45:48.479 1548 1626 I SystemConfig: Reading permissions from /apex/com.android.ipsec/etc/permissions/android.net.ipsec.ike.xml
06-12 13:45:48.490 1548 1548 I PackageWatchdog: Updated health check state for package com.qualcomm.qti.devicestatisticsservice: INACTIVE -> PASSED
06-12 13:45:48.487 921 921 I auditd : type=1400 audit(0.0:101): avc: denied { read write } for comm="sensors.qti" name="diag" dev="tmpfs" ino=12425 scontext=u:r:vendor_sensors_qti:s0 tcontext=u:object_r:vendor_diag_device:s0 tclass=chr_file permissive=0
06-12 13:45:48.495 1548 1548 D BatteryStatsImpl: Reading daily items from /data/system/batterystats-daily.xml
06-12 13:45:48.507 1548 1646 I KernelCpuUidFreqTimeReader: mPerClusterTimesAvailable=false
06-12 13:45:48.509 1548 1646 E KernelCpuSpeedReader: Failed to read cpu-freq: /sys/devices/system/cpu/cpu4/cpufreq/stats/time_in_state: open failed: ENOENT (No such file or directory)
06-12 13:45:48.509 1548 1646 E KernelCpuSpeedReader: Failed to read cpu-freq: /sys/devices/system/cpu/cpu0/cpufreq/stats/time_in_state: open failed: ENOENT (No such file or directory)
06-12 13:45:48.503 578 578 I auditd : type=1400 audit(0.0:102): avc: denied { read } for comm="Binder:578_2" name="wakeup58" dev="sysfs" ino=72406 scontext=u:r:system_suspend:s0 tcontext=u:object_r:sysfs:s0 tclass=dir permissive=0
06-12 13:45:48.507 578 578 I auditd : type=1400 audit(0.0:103): avc: denied { read } for comm="Binder:578_2" name="wakeup48" dev="sysfs" ino=67611 scontext=u:r:system_suspend:s0 tcontext=u:object_r:sysfs:s0 tclass=dir permissive=0
06-12 13:45:48.507 578 578 I auditd : type=1400 audit(0.0:104): avc: denied { read } for comm="Binder:578_2" name="wakeup4" dev="sysfs" ino=46990 scontext=u:r:system_suspend:s0 tcontext=u:object_r:sysfs:s0 tclass=dir permissive=0
06-12 13:45:48.507 578 578 I auditd : type=1400 audit(0.0:105): avc: denied { read } for comm="Binder:578_2" name="wakeup28" dev="sysfs" ino=53195 scontext=u:r:system_suspend:s0 tcontext=u:object_r:sysfs:s0 tclass=dir permissive=0
06-12 13:45:48.507 578 578 I auditd : type=1400 audit(0.0:106): avc: denied { read } for comm="Binder:578_2" name="wakeup56" dev="sysfs" ino=72334 scontext=u:r:system_suspend:s0 tcontext=u:object_r:sysfs:s0 tclass=dir permissive=0
06-12 13:45:48.507 578 578 I auditd : type=1400 audit(0.0:107): avc: denied { read } for comm="Binder:578_2" name="wakeup2" dev="sysfs" ino=46514 scontext=u:r:system_suspend:s0 tcontext=u:object_r:sysfs:s0 tclass=dir permissive=0
06-12 13:45:48.507 578 578 I auditd : type=1400 audit(0.0:108): avc: denied { read } for comm="Binder:578_2" name="wakeup74" dev="sysfs" ino=76830 scontext=u:r:system_suspend:s0 tcontext=u:object_r:sysfs:s0 tclass=dir permissive=0
06-12 13:45:48.507 578 578 I auditd : type=1400 audit(0.0:109): avc: denied { read } for comm="Binder:578_2" name="wakeup36" dev="sysfs" ino=62429 scontext=u:r:system_suspend:s0 tcontext=u:object_r:sysfs:s0 tclass=dir permissive=0
06-12 13:45:48.507 578 578 I auditd : type=1400 audit(0.0:110): avc: denied { read } for comm="Binder:578_2" name="wakeup54" dev="sysfs" ino=72262 scontext=u:r:system_suspend:s0 tcontext=u:object_r:sysfs:s0 tclass=dir permissive=0
06-12 13:45:48.507 578 578 I auditd : type=1400 audit(0.0:111): avc: denied { read } for comm="Binder:578_2" name="wakeup0" dev="sysfs" ino=43722 scontext=u:r:system_suspend:s0 tcontext=u:object_r:sysfs:s0 tclass=dir permissive=0
06-12 13:45:48.507 578 578 I auditd : type=1400 audit(0.0:112): avc: denied { read } for comm="Binder:578_2" name="wakeup62" dev="sysfs" ino=72562 scontext=u:r:system_suspend:s0 tcontext=u:object_r:sysfs:s0 tclass=dir permissive=0
06-12 13:45:48.507 578 578 I auditd : type=1400 audit(0.0:113): avc: denied { read } for comm="Binder:578_2" name="wakeup52" dev="sysfs" ino=72190 scontext=u:r:system_suspend:s0 tcontext=u:object_r:sysfs:s0 tclass=dir permissive=0
06-12 13:45:48.507 578 578 I auditd : type=1400 audit(0.0:114): avc: denied { read } for comm="Binder:578_2" name="wakeup9" dev="sysfs" ino=52179 scontext=u:r:system_suspend:s0 tcontext=u:object_r:sysfs:s0 tclass=dir permissive=0
06-12 13:45:48.507 578 578 I auditd : type=1400 audit(0.0:115): avc: denied { read } for comm="Binder:578_2" name="wakeup42" dev="sysfs" ino=66416 scontext=u:r:system_suspend:s0 tcontext=u:object_r:sysfs:s0 tclass=dir permissive=0
06-12 13:45:48.507 578 578 I auditd : type=1400 audit(0.0:116): avc: denied { read } for comm="Binder:578_2" name="wakeup32" dev="sysfs" ino=53585 scontext=u:r:system_suspend:s0 tcontext=u:object_r:sysfs:s0 tclass=dir permissive=0
06-12 13:45:48.507 578 578 I auditd : type=1400 audit(0.0:117): avc: denied { read } for comm="Binder:578_2" name="wakeup60" dev="sysfs" ino=72490 scontext=u:r:system_suspend:s0 tcontext=u:object_r:sysfs:s0 tclass=dir permissive=0
06-12 13:45:48.517 1548 1646 W KernelMemoryBandwidthStats: No kernel memory bandwidth stats available
06-12 13:45:48.507 578 578 I auditd : type=1400 audit(0.0:118): avc: denied { read } for comm="Binder:578_2" name="wakeup50" dev="sysfs" ino=72118 scontext=u:r:system_suspend:s0 tcontext=u:object_r:sysfs:s0 tclass=dir permissive=0
06-12 13:45:48.507 578 578 I auditd : type=1400 audit(0.0:119): avc: denied { read } for comm="Binder:578_2" name="wakeup7" dev="sysfs" ino=52091 scontext=u:r:system_suspend:s0 tcontext=u:object_r:sysfs:s0 tclass=dir permissive=0
06-12 13:45:48.507 578 578 I auditd : type=1400 audit(0.0:120): avc: denied { read } for comm="Binder:578_2" name="wakeup40" dev="sysfs" ino=63756 scontext=u:r:system_suspend:s0 tcontext=u:object_r:sysfs:s0 tclass=dir permissive=0
06-12 13:45:48.507 578 578 I auditd : type=1400 audit(0.0:121): avc: denied { read } for comm="Binder:578_2" name="wakeup30" dev="sysfs" ino=53406 scontext=u:r:system_suspend:s0 tcontext=u:object_r:sysfs:s0 tclass=dir permissive=0
06-12 13:45:48.507 578 578 I auditd : type=1400 audit(0.0:122): avc: denied { read } for comm="Binder:578_2" name="wakeup59" dev="sysfs" ino=72454 scontext=u:r:system_suspend:s0 tcontext=u:object_r:sysfs:s0 tclass=dir permissive=0
06-12 13:45:48.507 578 578 I auditd : type=1400 audit(0.0:123): avc: denied { read } for comm="Binder:578_2" name="wakeup5" dev="sysfs" ino=47022 scontext=u:r:system_suspend:s0 tcontext=u:object_r:sysfs:s0 tclass=dir permissive=0
06-12 13:45:48.507 578 578 I auditd : type=1400 audit(0.0:124): avc: denied { read } for comm="Binder:578_2" name="wakeup39" dev="sysfs" ino=63654 scontext=u:r:system_suspend:s0 tcontext=u:object_r:sysfs:s0 tclass=dir permissive=0
06-12 13:45:48.507 578 578 I auditd : type=1400 audit(0.0:125): avc: denied { read } for comm="Binder:578_2" name="wakeup29" dev="sysfs" ino=53304 scontext=u:r:system_suspend:s0 tcontext=u:object_r:sysfs:s0 tclass=dir permissive=0
06-12 13:45:48.507 578 578 I auditd : type=1400 audit(0.0:126): avc: denied { read } for comm="Binder:578_2" name="wakeup57" dev="sysfs" ino=72370 scontext=u:r:system_suspend:s0 tcontext=u:object_r:sysfs:s0 tclass=dir permissive=0
06-12 13:45:48.507 578 578 I auditd : type=1400 audit(0.0:127): avc: denied { read } for comm="Binder:578_2" name="wakeup19" dev="sysfs" ino=52624 scontext=u:r:system_suspend:s0 tcontext=u:object_r:sysfs:s0 tclass=dir permissive=0
06-12 13:45:48.507 578 578 I auditd : type=1400 audit(0.0:128): avc: denied { read } for comm="Binder:578_2" name="wakeup75" dev="sysfs" ino=76855 scontext=u:r:system_suspend:s0 tcontext=u:object_r:sysfs:s0 tclass=dir permissive=0
06-12 13:45:48.507 578 578 I auditd : type=1400 audit(0.0:129): avc: denied { read } for comm="Binder:578_2" name="wakeup37" dev="sysfs" ino=62465 scontext=u:r:system_suspend:s0 tcontext=u:object_r:sysfs:s0 tclass=dir permissive=0
06-12 13:45:48.507 578 578 I auditd : type=1400 audit(0.0:130): avc: denied { read } for comm="Binder:578_2" name="wakeup27" dev="sysfs" ino=53161 scontext=u:r:system_suspend:s0 tcontext=u:object_r:sysfs:s0 tclass=dir permissive=0
06-12 13:45:48.507 578 578 I auditd : type=1400 audit(0.0:131): avc: denied { read } for comm="Binder:578_2" name="wakeup55" dev="sysfs" ino=72298 scontext=u:r:system_suspend:s0 tcontext=u:object_r:sysfs:s0 tclass=dir permissive=0
06-12 13:45:48.507 578 578 I auditd : type=1400 audit(0.0:132): avc: denied { read } for comm="Binder:578_2" name="wakeup17" dev="sysfs" ino=52548 scontext=u:r:system_suspend:s0 tcontext=u:object_r:sysfs:s0 tclass=dir permissive=0
06-12 13:45:48.507 578 578 I auditd : type=1400 audit(0.0:133): avc: denied { read } for comm="Binder:578_2" name="wakeup45" dev="sysfs" ino=66850 scontext=u:r:system_suspend:s0 tcontext=u:object_r:sysfs:s0 tclass=dir permissive=0
06-12 13:45:48.507 578 578 I auditd : type=1400 audit(0.0:134): avc: denied { read } for comm="Binder:578_2" name="wakeup1" dev="sysfs" ino=43750 scontext=u:r:system_suspend:s0 tcontext=u:object_r:sysfs:s0 tclass=dir permissive=0
06-12 13:45:48.507 578 578 I auditd : type=1400 audit(0.0:135): avc: denied { read } for comm="Binder:578_2" name="wakeup73" dev="sysfs" ino=76792 scontext=u:r:system_suspend:s0 tcontext=u:object_r:sysfs:s0 tclass=dir permissive=0
06-12 13:45:48.507 578 578 I auditd : type=1400 audit(0.0:136): avc: denied { read } for comm="Binder:578_2" name="wakeup63" dev="sysfs" ino=72598 scontext=u:r:system_suspend:s0 tcontext=u:object_r:sysfs:s0 tclass=dir permissive=0
06-12 13:45:48.507 578 578 I auditd : type=1400 audit(0.0:137): avc: denied { read } for comm="Binder:578_2" name="wakeup25" dev="sysfs" ino=52958 scontext=u:r:system_suspend:s0 tcontext=u:object_r:sysfs:s0 tclass=dir permissive=0
06-12 13:45:48.507 578 578 I auditd : type=1400 audit(0.0:138): avc: denied { read } for comm="Binder:578_2" name="wakeup53" dev="sysfs" ino=72226 scontext=u:r:system_suspend:s0 tcontext=u:object_r:sysfs:s0 tclass=dir permissive=0
06-12 13:45:48.511 578 578 I auditd : type=1400 audit(0.0:139): avc: denied { read } for comm="Binder:578_2" name="wakeup15" dev="sysfs" ino=52448 scontext=u:r:system_suspend:s0 tcontext=u:object_r:sysfs:s0 tclass=dir permissive=0
06-12 13:45:48.511 578 578 I auditd : type=1400 audit(0.0:140): avc: denied { read } for comm="Binder:578_2" name="wakeup43" dev="sysfs" ino=66434 scontext=u:r:system_suspend:s0 tcontext=u:object_r:sysfs:s0 tclass=dir permissive=0
06-12 13:45:48.511 578 578 I auditd : type=1400 audit(0.0:141): avc: denied { read } for comm="Binder:578_2" name="wakeup33" dev="sysfs" ino=57064 scontext=u:r:system_suspend:s0 tcontext=u:object_r:sysfs:s0 tclass=dir permissive=0
06-12 13:45:48.511 578 578 I auditd : type=1400 audit(0.0:142): avc: denied { read } for comm="Binder:578_2" name="wakeup61" dev="sysfs" ino=72526 scontext=u:r:system_suspend:s0 tcontext=u:object_r:sysfs:s0 tclass=dir permissive=0
06-12 13:45:48.511 578 578 I auditd : type=1400 audit(0.0:143): avc: denied { read } for comm="Binder:578_2" name="wakeup23" dev="sysfs" ino=52859 scontext=u:r:system_suspend:s0 tcontext=u:object_r:sysfs:s0 tclass=dir permissive=0
06-12 13:45:48.511 578 578 I auditd : type=1400 audit(0.0:144): avc: denied { read } for comm="Binder:578_2" name="wakeup51" dev="sysfs" ino=72154 scontext=u:r:system_suspend:s0 tcontext=u:object_r:sysfs:s0 tclass=dir permissive=0
06-12 13:45:48.511 578 578 I auditd : type=1400 audit(0.0:145): avc: denied { read } for comm="Binder:578_2" name="wakeup8" dev="sysfs" ino=52117 scontext=u:r:system_suspend:s0 tcontext=u:object_r:sysfs:s0 tclass=dir permissive=0
06-12 13:45:48.511 578 578 I auditd : type=1400 audit(0.0:146): avc: denied { read } for comm="Binder:578_2" name="wakeup13" dev="sysfs" ino=52340 scontext=u:r:system_suspend:s0 tcontext=u:object_r:sysfs:s0 tclass=dir permissive=0
06-12 13:45:48.511 578 578 I auditd : type=1400 audit(0.0:147): avc: denied { read } for comm="Binder:578_2" name="wakeup31" dev="sysfs" ino=53463 scontext=u:r:system_suspend:s0 tcontext=u:object_r:sysfs:s0 tclass=dir permissive=0
06-12 13:45:48.511 578 578 I auditd : type=1400 audit(0.0:148): avc: denied { read } for comm="Binder:578_2" name="wakeup21" dev="sysfs" ino=52699 scontext=u:r:system_suspend:s0 tcontext=u:object_r:sysfs:s0 tclass=dir permissive=0
06-12 13:45:48.511 578 578 I auditd : type=1400 audit(0.0:149): avc: denied { read } for comm="Binder:578_2" name="wakeup6" dev="sysfs" ino=52065 scontext=u:r:system_suspend:s0 tcontext=u:object_r:sysfs:s0 tclass=dir permissive=0
06-12 13:45:48.520 1548 1635 I commit_sys_config_file: [batterystats,0]
06-12 13:45:48.511 578 578 I auditd : type=1400 audit(0.0:150): avc: denied { read } for comm="Binder:578_2" name="wakeup11" dev="sysfs" ino=52255 scontext=u:r:system_suspend:s0 tcontext=u:object_r:sysfs:s0 tclass=dir permissive=0
06-12 13:45:48.526 1548 1635 I commit_sys_config_file: [batterystats,6]
06-12 13:45:48.537 0 0 I [ 7.113712] IPv6: ADDRCONF(NETDEV_UP): vlan4: link is not ready
06-12 13:45:48.553 1548 1548 I service_manager_stats: [100,18,7130]
06-12 13:45:48.564 1548 1548 I IntentFirewall: Read new rules (A:0 B:0 S:0)
06-12 13:45:48.574 1548 1548 D AppOps : AppOpsService published
06-12 13:45:48.574 1548 1548 I SystemServerTiming: StartDataLoaderManagerService
06-12 13:45:48.574 1548 1548 I SystemServiceManager: Starting com.android.server.pm.DataLoaderManagerService
06-12 13:45:48.579 1548 1548 I SystemServerTiming: StartIncrementalService
06-12 13:45:48.580 1548 1548 I SystemServerTiming: StartPowerManager
06-12 13:45:48.580 1548 1548 I SystemServiceManager: Starting com.android.server.power.PowerManagerService
06-12 13:45:48.587 1548 1548 I SystemServerTiming: StartThermalManager
06-12 13:45:48.587 1548 1548 I SystemServiceManager: Starting com.android.server.power.ThermalManagerService
06-12 13:45:48.587 1548 1548 I SystemServerTiming: StartHintManager
06-12 13:45:48.587 1548 1548 I SystemServiceManager: Starting com.android.server.power.hint.HintManagerService
06-12 13:45:48.588 1548 1548 I SystemServerTiming: InitPowerManagement
06-12 13:45:48.589 1548 1548 I SystemServerTiming: StartRecoverySystemService
06-12 13:45:48.589 1548 1548 I SystemServiceManager: Starting com.android.server.recoverysystem.RecoverySystemService$Lifecycle
06-12 13:45:48.590 1548 1548 I rescue_note: [0,1,7167]
06-12 13:45:48.590 1548 1548 I SystemServerTiming: StartLightsService
06-12 13:45:48.590 1548 1548 I SystemServiceManager: Starting com.android.server.lights.LightsService
06-12 13:45:48.593 1548 1548 I SystemServerTiming: StartSidekickService
06-12 13:45:48.593 1548 1548 I SystemServerTiming: StartDisplayManager
06-12 13:45:48.593 1548 1548 I SystemServiceManager: Starting com.android.server.display.DisplayManagerService
06-12 13:45:48.594 0 0 W [ 7.170764] is_dc_online: 18 callbacks suppressed
06-12 13:45:48.594 0 0 E [ 7.170764] HL6111R: is_dc_online: DC psy unavailable
06-12 13:45:48.597 1548 1548 I SystemServerTiming: WaitForDisplay
06-12 13:45:48.597 1548 1548 I SystemServiceManager: Starting phase 100
06-12 13:45:48.597 1548 1548 I SystemServerTiming: OnBootPhase_100
06-12 13:45:48.597 1548 1548 I SystemServerTiming: OnBootPhase_100_com.android.server.security.FileIntegrityService
06-12 13:45:48.597 1548 1548 I SystemServerTiming: OnBootPhase_100_com.android.server.pm.Installer
06-12 13:45:48.597 1548 1548 I SystemServerTiming: OnBootPhase_100_com.android.server.os.DeviceIdentifiersPolicyService
06-12 13:45:48.597 1548 1548 I SystemServerTiming: OnBootPhase_100_com.android.server.uri.UriGrantsManagerService$Lifecycle
06-12 13:45:48.597 1548 1548 I SystemServerTiming: OnBootPhase_100_com.android.server.powerstats.PowerStatsService
06-12 13:45:48.597 1548 1548 I SystemServerTiming: OnBootPhase_100_com.android.server.wm.ActivityTaskManagerService$Lifecycle
06-12 13:45:48.597 1548 1548 I SystemServerTiming: OnBootPhase_100_com.android.server.am.ActivityManagerService$Lifecycle
06-12 13:45:48.597 1548 1548 I SystemServerTiming: OnBootPhase_100_com.android.server.pm.DataLoaderManagerService
06-12 13:45:48.597 1548 1548 I SystemServerTiming: OnBootPhase_100_com.android.server.power.PowerManagerService
06-12 13:45:48.597 1548 1548 I SystemServerTiming: OnBootPhase_100_com.android.server.power.ThermalManagerService
06-12 13:45:48.597 1548 1548 I SystemServerTiming: OnBootPhase_100_com.android.server.power.hint.HintManagerService
06-12 13:45:48.597 1548 1548 I SystemServerTiming: OnBootPhase_100_com.android.server.recoverysystem.RecoverySystemService$Lifecycle
06-12 13:45:48.597 1548 1548 I SystemServerTiming: OnBootPhase_100_com.android.server.lights.LightsService
06-12 13:45:48.597 1548 1548 I SystemServerTiming: OnBootPhase_100_com.android.server.display.DisplayManagerService
06-12 13:45:48.602 1548 1622 I DisplayDeviceRepository: Display device added: DisplayDeviceInfo{"内置屏幕": uniqueId="local:4630946816427681409", 2560 x 1080, modeId 1, defaultModeId 1, supportedModes [{id=1, width=2560, height=1080, fps=60.000004, alternativeRefreshRates=[30.000002, 45.0]}, {id=2, width=2560, height=1080, fps=45.0, alternativeRefreshRates=[30.000002, 60.000004]}, {id=3, width=2560, height=1080, fps=30.000002, alternativeRefreshRates=[45.0, 60.000004]}], colorMode 0, supportedColorModes [0], hdrCapabilities HdrCapabilities{mSupportedHdrTypes=[2, 3, 4], mMaxLuminance=500.0, mMaxAverageLuminance=500.0, mMinLuminance=0.0}, allmSupported false, gameContentTypeSupported false, density 240, 320.315 x 318.976 dpi, appVsyncOff 1000000, presDeadline 16666666, touch INTERNAL, rotation 0, type INTERNAL, address {port=129, model=0x40446d97fee5e6}, deviceProductInfo DeviceProductInfo{name=, manufacturerPnpId=QCM, productId=1, modelYear=null, manufactureDate=ManufactureDate{week=27, year=2006}, connectionToSinkType=0}, state UNKNOWN, frameRateOverride , brightnessMinimum 0.0, brightnessMaximum 1.0, brightnessDefault 1.0, FLAG_DEFAULT_DISPLAY, FLAG_ROTATES_WITH_CONTENT, FLAG_SECURE, FLAG_SUPPORTS_PROTECTED_BUFFERS}
06-12 13:45:48.603 1548 1622 I LogicalDisplayMapper: Applying layout: [{addr: {port=129, model=0x40446d97fee5e6}, dispId: 0(ON)}], Previous layout: null
06-12 13:45:48.605 1548 1622 I LogicalDisplayMapper: Adding new display: 0: DisplayInfo{"内置屏幕", displayId 0", displayGroupId -1, FLAG_SECURE, FLAG_SUPPORTS_PROTECTED_BUFFERS, FLAG_TRUSTED, real 2560 x 1080, largest app 2560 x 1080, smallest app 2560 x 1080, appVsyncOff 1000000, presDeadline 16666666, mode 1, defaultMode 1, modes [{id=1, width=2560, height=1080, fps=60.000004, alternativeRefreshRates=[30.000002, 45.0]}, {id=2, width=2560, height=1080, fps=45.0, alternativeRefreshRates=[30.000002, 60.000004]}, {id=3, width=2560, height=1080, fps=30.000002, alternativeRefreshRates=[45.0, 60.000004]}], hdrCapabilities HdrCapabilities{mSupportedHdrTypes=[2, 3, 4], mMaxLuminance=500.0, mMaxAverageLuminance=500.0, mMinLuminance=0.0}, userDisabledHdrTypes [], minimalPostProcessingSupported false, rotation 0, state UNKNOWN, type INTERNAL, uniqueId "local:4630946816427681409", app 2560 x 1080, density 240 (320.315 x 318.976) dpi, layerStack 0, colorMode 0, supportedColorModes [0], address {port=129, model=0x40446d97fee5e6}, deviceProductInfo DeviceProductInfo{name=, manufacturerPnpId=QCM, productId=1, modelYear=null, manufactureDate=ManufactureDate{week=27, year=2006}, connectionToSinkType=0}, removeMode 0, refreshRateOverride 0.0, brightnessMinimum 0.0, brightnessMaximum 1.0, brightnessDefault 1.0}
06-12 13:45:48.605 1548 1622 I LogicalDisplayMapper: Setting new display group 0 for display 0, from previous group: null
06-12 13:45:48.627 0 0 I [ 7.201790] IPv6: ADDRCONF(NETDEV_UP): vlan8: link is not ready
06-12 13:45:48.635 1548 1663 W ProcessCpuTracker: Failed to stat(/proc/1665): android.system.ErrnoException: stat failed: ENOENT (No such file or directory)
06-12 13:45:48.635 1548 1663 W ProcessCpuTracker: Skipping unknown process pid 1665
06-12 13:45:48.687 0 0 I [ 7.261218] IPv6: ADDRCONF(NETDEV_UP): vlan11: link is not ready
06-12 13:45:48.687 921 921 I auditd : type=1400 audit(0.0:151): avc: denied { read write } for comm="sensors.qti" name="diag" dev="tmpfs" ino=12425 scontext=u:r:vendor_sensors_qti:s0 tcontext=u:object_r:vendor_diag_device:s0 tclass=chr_file permissive=0
06-12 13:45:48.818 0 0 I [ 7.395057] [drm: dsi_display_set_mode] [msm-dsi-info]: mdp_transfer_time_us=0 us
06-12 13:45:48.818 0 0 I [ 7.395060] [drm: dsi_display_set_mode] [msm-dsi-info]: hactive= 2560,vactive= 1080,fps=60
06-12 13:45:48.819 0 0 I [ 7.395198] [drm: dsi_ctrl_hw_cmn_video_engine_en] [msm-dsi-info]: DSI_0: MAX975X: Video engine = 1
06-12 13:45:48.819 0 0 I [ 7.395672] [MAX975X: max96755x_drm_notifier_callback] *INFO* receives BLANK: UNBLANK
06-12 13:45:48.887 921 921 I auditd : type=1400 audit(0.0:152): avc: denied { read write } for comm="sensors.qti" name="diag" dev="tmpfs" ino=12425 scontext=u:r:vendor_sensors_qti:s0 tcontext=u:object_r:vendor_diag_device:s0 tclass=chr_file permissive=0
06-12 13:45:49.021 0 0 I : [ 7.596404] atmel_mxt_ts 0-004a: Enter resume
06-12 13:45:49.021 1548 1622 E DisplayDeviceConfig: requesting nits when no mapping exists.
06-12 13:45:49.025 1548 1622 I am_wtf : [0,1548,system_server,-1,DisplayDeviceConfig,requesting nits when no mapping exists.]
06-12 13:45:49.025 1548 1622 E DisplayDeviceConfig: requesting nits when no mapping exists.
06-12 13:45:49.026 1548 1622 I am_wtf : [0,1548,system_server,-1,DisplayDeviceConfig,requesting nits when no mapping exists.]
06-12 13:45:49.027 1548 1548 W SystemServiceManager: Service com.android.server.display.DisplayManagerService took 430 ms in onBootPhase
06-12 13:45:49.027 1548 1548 I SystemServerTiming: StartDomainVerificationService
06-12 13:45:49.027 1548 1622 I DisplayDeviceRepository: Display device changed state: "内置屏幕", ON
06-12 13:45:49.029 1548 1548 I SystemServerTiming: StartPackageManagerService
06-12 13:45:49.029 1548 1548 I Watchdog: Pausing HandlerChecker: main thread for reason: packagemanagermain. Pause count: 1
06-12 13:45:49.031 1548 1548 I PackageManagerTiming: create package manager
06-12 13:45:49.032 1548 1548 I boot_progress_pms_start: 7609
06-12 13:45:49.032 1548 1548 I PackageManagerTiming: readListOfPackagesToBeDisabled
06-12 13:45:49.032 1548 1548 D PackageManager: Disabling packages for wifi-only device, source: /vendor/etc/telephony_packages.xml
06-12 13:45:49.033 1548 1548 I PackageManagerTiming: createSubComponents
06-12 13:45:49.040 1548 1548 I PackageManagerTiming: addSharedUsers
06-12 13:45:49.041 1548 1548 I PackageManagerTiming: get system config
06-12 13:45:49.042 1548 1548 D PackageManager: Directories scanned as system partitions: [/system:0, /vendor:524288, /odm:4194304, /oem:262144, /product:1048576, /system_ext:2097152, /apex/com.android.vndk.v30:8388608, /apex/com.android.wifi:8388608, /apex/com.android.vndk.v31:8388608, /apex/com.android.tzdata:8388608, /apex/com.android.tethering:8388608, /apex/com.android.sdkext:8388608, /apex/com.android.scheduling:8388608, /apex/com.android.runtime:8388608, /apex/com.android.resolv:8388608, /apex/com.android.permission:8388608, /apex/com.android.os.statsd:8388608, /apex/com.android.neuralnetworks:8388608, /apex/com.android.mediaprovider:8388608, /apex/com.android.media.swcodec:8388608, /apex/com.android.media:8388608, /apex/com.android.ipsec:8388608, /apex/com.android.i18n:8388608, /apex/com.android.extservices:8388608, /apex/com.android.conscrypt:8388608, /apex/com.android.art:8388608, /apex/com.android.appsearch:8388608, /apex/com.android.adbd:8388608]
06-12 13:45:49.042 1548 1548 D SELinuxMMAC: Using policy file /system/etc/selinux/plat_mac_permissions.xml
06-12 13:45:49.044 1548 1548 D SELinuxMMAC: Using policy file /system_ext/etc/selinux/system_ext_mac_permissions.xml
06-12 13:45:49.044 1548 1548 D SELinuxMMAC: Using policy file /product/etc/selinux/product_mac_permissions.xml
06-12 13:45:49.044 1548 1548 D SELinuxMMAC: Using policy file /vendor/etc/selinux/vendor_mac_permissions.xml
06-12 13:45:49.045 1548 1548 D SELinuxMMAC: Using policy file /odm/etc/selinux/odm_mac_permissions.xml
06-12 13:45:49.045 1548 1548 I PackageManagerTiming: loadFallbacks
06-12 13:45:49.050 1548 1548 I PackageManagerTiming: read user settings
06-12 13:45:49.081 1548 1548 W android.permission.PermissionManager: Missing ActivityManager; assuming 1000 holds android.permission.SET_PREFERRED_APPLICATIONS
06-12 13:45:49.081 1548 1548 W android.permission.PermissionManager: Missing ActivityManager; assuming 1000 holds android.permission.SET_PREFERRED_APPLICATIONS
