06-12 13:45:46.317 0 0 E [ 4.892668] [drm: dp_display_init_aux_switch][msm-dp-err][503 ]failed to register notifier (-22)
06-12 13:45:46.317 0 0 E [ 4.893253] register_client_adhoc: find path.src 1 dest 589
06-12 13:45:46.317 0 0 E [ 4.893300] register_client_adhoc: Failed to find path.src 1 dest 589
06-12 13:45:46.317 0 0 E [ 4.893964] [drm: dp_display_init_aux_switch][msm-dp-err][502 ]failed to register notifier (-22)
06-12 13:45:46.317 0 0 W : [ 4.894549] subsys-pil-tz 9800000.qcom,npu: Falling back to syfs fallback for: npu.b02
06-12 13:45:46.317 0 0 W : [ 4.894617] subsys-pil-tz 9800000.qcom,npu: Falling back to syfs fallback for: npu.b03
06-12 13:45:46.317 0 0 W : [ 4.894639] subsys-pil-tz 9800000.qcom,npu: Falling back to syfs fallback for: npu.b05
06-12 13:45:46.317 0 0 W : [ 4.894641] subsys-pil-tz 9800000.qcom,npu: Falling back to syfs fallback for: npu.b04
06-12 13:45:46.317 0 0 W : [ 4.894683] subsys-pil-tz 9800000.qcom,npu: Falling back to syfs fallback for: npu.b06
06-12 13:45:46.339 0 0 I : [ 4.915666] subsys-pil-tz abb0000.qcom,cvpss: cvpss: Brought out of reset
06-12 13:45:46.349 0 0 I : [ 4.925976] subsys-pil-tz 9800000.qcom,npu: npu: Brought out of reset
06-12 13:45:46.353 0 0 E [ 4.929709] register_client_adhoc: find path.src 1 dest 589
06-12 13:45:46.353 0 0 E [ 4.929750] register_client_adhoc: Failed to find path.src 1 dest 589
06-12 13:45:46.353 0 0 E [ 4.929956] [drm: dp_display_init_aux_switch][msm-dp-err][123 ]failed to register notifier (-22)
06-12 13:45:46.367 0 0 I [ 4.944536] msm_cvp: err: Failed to create debugfs for msm_cvp
06-12 13:45:46.367 0 0 I [ 4.944557] msm_cvp: info: Closed cvp instance: 0000000000000000 session_id = 0
06-12 13:45:46.379 678 678 I boot_progress_start: 4956
06-12 13:45:46.380 0 0 I [ 4.957715] NPU_INFO: npu_get_fw_caps: 236 fw caps 0:2007
06-12 13:45:46.380 0 0 W [ 4.957719] NPU_WARN: host_session_msg_hdlr: 1904 handle npu session msg when FW is disabled
06-12 13:45:46.380 0 0 I [ 4.957722] NPU_INFO: npu_get_fw_caps: 236 fw caps 1:80000005
06-12 13:45:46.380 0 0 I [ 4.957726] NPU_INFO: npu_get_fw_caps: 236 fw caps 2:0
06-12 13:45:46.380 0 0 I [ 4.957727] NPU_INFO: npu_get_fw_caps: 236 fw caps 3:0
06-12 13:45:46.380 0 0 I [ 4.957729] NPU_INFO: npu_get_fw_caps: 236 fw caps 4:0
06-12 13:45:46.380 0 0 I [ 4.957730] NPU_INFO: npu_get_fw_caps: 236 fw caps 5:0
06-12 13:45:46.380 0 0 I [ 4.957732] NPU_INFO: npu_get_fw_caps: 236 fw caps 6:0
06-12 13:45:46.380 0 0 I [ 4.957733] NPU_INFO: npu_get_fw_caps: 236 fw caps 7:0
06-12 13:45:46.384 0 0 I [ 4.960730] qcom_smd_qrtr_probe: Entered
06-12 13:45:46.384 0 0 I [ 4.960873] qcom_smd_qrtr_probe: SMD QRTR driver probed
06-12 13:45:46.387 0 0 E [ 4.961937] register_client_adhoc: find path.src 1 dest 589
06-12 13:45:46.387 0 0 E [ 4.962060] register_client_adhoc: Failed to find path.src 1 dest 589
06-12 13:45:46.387 0 0 E [ 4.962985] [drm: dp_display_init_aux_switch][msm-dp-err][502 ]failed to register notifier (-22)
06-12 13:45:46.482 0 0 I [ 5.057489] subsys-restart: __subsystem_get(): Changing subsys fw_name to slpi
06-12 13:45:46.482 0 0 W : [ 5.057617] subsys-pil-tz 5c00000.qcom,ssc: Falling back to syfs fallback for: slpi.mdt
06-12 13:45:46.483 0 0 I : [ 5.059900] subsys-pil-tz 5c00000.qcom,ssc: slpi: loading from 0x0000000088c00000 to 0x000000008a100000
06-12 13:45:46.485 0 0 W : [ 5.062837] subsys-pil-tz 5c00000.qcom,ssc: Falling back to syfs fallback for: slpi.b02
06-12 13:45:46.486 0 0 W : [ 5.062846] subsys-pil-tz 5c00000.qcom,ssc: Falling back to syfs fallback for: slpi.b03
06-12 13:45:46.486 0 0 W : [ 5.062918] subsys-pil-tz 5c00000.qcom,ssc: Falling back to syfs fallback for: slpi.b04
06-12 13:45:46.486 0 0 W : [ 5.062926] subsys-pil-tz 5c00000.qcom,ssc: Falling back to syfs fallback for: slpi.b06
06-12 13:45:46.486 0 0 W : [ 5.062931] subsys-pil-tz 5c00000.qcom,ssc: Falling back to syfs fallback for: slpi.b05
06-12 13:45:46.486 0 0 W : [ 5.062953] subsys-pil-tz 5c00000.qcom,ssc: Falling back to syfs fallback for: slpi.b07
06-12 13:45:46.486 0 0 W : [ 5.062989] subsys-pil-tz 5c00000.qcom,ssc: Falling back to syfs fallback for: slpi.b08
06-12 13:45:46.486 0 0 W : [ 5.062996] subsys-pil-tz 5c00000.qcom,ssc: Falling back to syfs fallback for: slpi.b09
06-12 13:45:46.486 0 0 W : [ 5.063031] subsys-pil-tz 5c00000.qcom,ssc: Falling back to syfs fallback for: slpi.b10
06-12 13:45:46.486 0 0 W : [ 5.063059] subsys-pil-tz 5c00000.qcom,ssc: Falling back to syfs fallback for: slpi.b11
06-12 13:45:46.486 0 0 W : [ 5.063077] subsys-pil-tz 5c00000.qcom,ssc: Falling back to syfs fallback for: slpi.b12
06-12 13:45:46.486 0 0 W : [ 5.063151] subsys-pil-tz 5c00000.qcom,ssc: Falling back to syfs fallback for: slpi.b13
06-12 13:45:46.486 0 0 W : [ 5.063166] subsys-pil-tz 5c00000.qcom,ssc: Falling back to syfs fallback for: slpi.b14
06-12 13:45:46.486 0 0 W : [ 5.063212] subsys-pil-tz 5c00000.qcom,ssc: Falling back to syfs fallback for: slpi.b15
06-12 13:45:46.486 0 0 W : [ 5.063225] subsys-pil-tz 5c00000.qcom,ssc: Falling back to syfs fallback for: slpi.b16
06-12 13:45:46.486 0 0 W : [ 5.063259] subsys-pil-tz 5c00000.qcom,ssc: Falling back to syfs fallback for: slpi.b17
06-12 13:45:46.486 0 0 W : [ 5.063272] subsys-pil-tz 5c00000.qcom,ssc: Falling back to syfs fallback for: slpi.b18
06-12 13:45:46.486 0 0 W : [ 5.063302] subsys-pil-tz 5c00000.qcom,ssc: Falling back to syfs fallback for: slpi.b19
06-12 13:45:46.486 0 0 W : [ 5.063328] subsys-pil-tz 5c00000.qcom,ssc: Falling back to syfs fallback for: slpi.b20
06-12 13:45:46.521 0 0 I [ 5.094131] binder: 811:811 ioctl 40046210 7ff25d01e4 returned -22
06-12 13:45:46.536 0 0 I [ 5.113686] binder: 814:814 ioctl 40046210 7fc0e42974 returned -22
06-12 13:45:46.537 0 0 I [ 5.113885] binder: 814:814 ioctl 40046210 7fc0e42954 returned -22
06-12 13:45:46.562 0 0 I [ 5.131402] binder: 823:823 ioctl 40046210 7fc2e3f544 returned -22
06-12 13:45:46.571 0 0 I [ 5.147970] binder: 832:832 ioctl 40046210 7ff911c544 returned -22
06-12 13:45:46.631 840 840 I auditd : type=1400 audit(0.0:16): avc: denied { read } for comm="vendor.qti.hard" name="u:object_r:vendor_cap_configstore_dbg_prop:s0" dev="tmpfs" ino=11775 scontext=u:r:vendor_hal_capabilityconfigstore_qti_default:s0 tcontext=u:object_r:vendor_cap_configstore_dbg_prop:s0 tclass=file permissive=0
06-12 13:45:46.633 894 894 I irsc_util: Starting irsc tool
06-12 13:45:46.646 894 894 I irsc_util: Num of entries:298
06-12 13:45:46.646 894 894 I irsc_util: Ending irsc tool
06-12 13:45:46.682 0 0 I [ 5.258674] binder: 877:877 ioctl 40046210 7fefb17204 returned -22
06-12 13:45:46.686 0 0 E [ 5.261941] rmt_storage: ERR:main: Mmap Failed for rmts (-1)...pausing execution!
06-12 13:45:46.683 921 921 I auditd : type=1400 audit(0.0:17): avc: denied { read write } for comm="sensors.qti" name="diag" dev="tmpfs" ino=12425 scontext=u:r:vendor_sensors_qti:s0 tcontext=u:object_r:vendor_diag_device:s0 tclass=chr_file permissive=0
06-12 13:45:46.693 0 0 I [ 5.269993] binder: 910:910 ioctl 40046210 7feb5986c4 returned -22
06-12 13:45:46.687 484 484 I auditd : type=1400 audit(0.0:18): avc: denied { create } for comm="init" name="drm" scontext=u:r:vendor_init:s0 tcontext=u:object_r:mnt_product_file:s0 tclass=dir permissive=0
06-12 13:45:46.687 484 484 I auditd : type=1400 audit(0.0:19): avc: denied { create } for comm="init" name="bluetooth" scontext=u:r:vendor_init:s0 tcontext=u:object_r:mnt_product_file:s0 tclass=dir permissive=0
06-12 13:45:46.687 484 484 I auditd : type=1400 audit(0.0:20): avc: denied { create } for comm="init" name="misc" scontext=u:r:vendor_init:s0 tcontext=u:object_r:mnt_product_file:s0 tclass=dir permissive=0
06-12 13:45:46.687 484 484 I auditd : type=1400 audit(0.0:21): avc: denied { create } for comm="init" name="alarm" scontext=u:r:vendor_init:s0 tcontext=u:object_r:mnt_product_file:s0 tclass=dir permissive=0
06-12 13:45:46.695 837 837 I android.hardware.wifi@1.0-service: Wifi Hal is booting up...
06-12 13:45:46.697 837 837 I HidlServiceManagement: Registered android.hardware.wifi@1.4::IWifi/default (start delay of 174ms)
06-12 13:45:46.703 0 0 I [ 5.279989] servloc: service_locator_new_server: Connection established with the Service locator
06-12 13:45:46.704 0 0 I [ 5.280337] sysmon-qmi: ssctl_new_server: Connection established between QMI handle and slpi's SSCTL service
06-12 13:45:46.704 0 0 E [ 5.280717] diag: In diag_send_feature_mask_update, control channel is not open, p: 6, 0000000000000000
06-12 13:45:46.704 0 0 I [ 5.281023] servloc: init_service_locator: Service locator initialized
06-12 13:45:46.699 484 484 I auditd : type=1400 audit(0.0:22): avc: denied { setattr } for comm="init" name="rawdump" dev="tmpfs" ino=1149 scontext=u:r:vendor_init:s0 tcontext=u:object_r:block_device:s0 tclass=lnk_file permissive=0
06-12 13:45:46.699 484 484 I auditd : type=1400 audit(0.0:23): avc: denied { setattr } for comm="init" name="rawdump" dev="tmpfs" ino=1149 scontext=u:r:vendor_init:s0 tcontext=u:object_r:block_device:s0 tclass=lnk_file permissive=0
06-12 13:45:46.705 0 0 I [ 5.281828] sysmon-qmi: ssctl_new_server: Connection established between QMI handle and cdsp's SSCTL service
06-12 13:45:46.705 0 0 E [ 5.282151] diag: In diag_send_peripheral_buffering_mode, buffering flag not set for 6
06-12 13:45:46.705 0 0 E [ 5.282242] diag: In diag_send_feature_mask_update, control channel is not open, p: 5, 0000000000000000
06-12 13:45:46.706 0 0 I [ 5.282911] adsprpc: fastrpc_get_service_location_notify: PDR notifier for adsp registered for msm/adsp/audio_pd (audio_pdr_adsprpc)
06-12 13:45:46.706 0 0 I [ 5.282916] adsprpc: fastrpc_get_service_location_notify: audio_pdr_adsprpc (msm/adsp/audio_pd) PDR service for adsp is uninitialized
06-12 13:45:46.706 0 0 I [ 5.283170] audio_notifer_reg_service: service PDR_ADSP is in use
06-12 13:45:46.706 0 0 E [ 5.283255] diag: In diag_send_peripheral_buffering_mode, buffering flag not set for 5
06-12 13:45:46.709 0 0 I [ 5.286019] service-notifier: service_notifier_new_server: Connection established between QMI handle and 74 service
06-12 13:45:46.709 0 0 I [ 5.286028] sysmon-qmi: ssctl_new_server: Connection established between QMI handle and adsp's SSCTL service
06-12 13:45:46.709 0 0 E [ 5.286164] diag: In diag_send_feature_mask_update, control channel is not open, p: 1, 0000000000000000
06-12 13:45:46.710 0 0 I [ 5.286872] adsprpc: fastrpc_pdr_notifier_cb: msm/adsp/audio_pd (audio_pdr_adsprpc) is up on adsp
06-12 13:45:46.710 0 0 I [ 5.286875] apr_adsp_up: Q6 is Up
06-12 13:45:46.710 0 0 I : [ 5.287336] msm-audio-ion soc:qcom,msm-audio-apr:qcom,msm-audio-ion: Linked as a consumer to 15000000.apps-smmu
06-12 13:45:46.710 0 0 I [ 5.287750] iommu: Adding device soc:qcom,msm-audio-apr:qcom,msm-audio-ion to group 50
06-12 13:45:46.711 0 0 E [ 5.288291] diag: In diag_send_peripheral_buffering_mode, buffering flag not set for 1
06-12 13:45:46.713 0 0 E [ 5.290190] register_client_adhoc: find path.src 1 dest 589
06-12 13:45:46.713 0 0 E [ 5.290234] register_client_adhoc: Failed to find path.src 1 dest 589
06-12 13:45:46.713 0 0 I [ 5.290539] binder: 913:913 ioctl 40046210 7fcf7ec1b4 returned -22
06-12 13:45:46.716 0 0 E [ 5.292831] [drm: dp_display_init_aux_switch][msm-dp-err][89 ]failed to register notifier (-22)
06-12 13:45:46.716 0 0 I : [ 5.292851] Mass Storage Function, version: 2009/09/11
06-12 13:45:46.716 0 0 I [ 5.292854] LUN: removable file: (no medium)
06-12 13:45:46.716 0 0 E [ 5.293088] register_client_adhoc: find path.src 1 dest 589
06-12 13:45:46.716 0 0 E [ 5.293142] register_client_adhoc: Failed to find path.src 1 dest 589
06-12 13:45:46.716 0 0 E [ 5.293375] [drm: dp_display_init_aux_switch][msm-dp-err][89 ]failed to register notifier (-22)
06-12 13:45:46.719 0 0 I : [ 5.296641] file system registered
06-12 13:45:46.718 679 679 I snet_event_log: [200284993,-1,]
06-12 13:45:46.721 678 678 I snet_event_log: [200284993,-1,]
06-12 13:45:46.722 0 0 I [ 5.299544] f_cdev_alloc: port_name:at_usb0 (0000000000000000) portno:(0)
06-12 13:45:46.723 0 0 I [ 5.300110] f_cdev_alloc: port_name:at_usb1 (0000000000000000) portno:(1)
06-12 13:45:46.723 0 0 I [ 5.300361] f_cdev_alloc: port_name:at_usb2 (0000000000000000) portno:(2)
06-12 13:45:46.728 0 0 I [ 5.304424] sps: BAM 0x0000000003a84000 (va:0x0000000000000000) enabled: ver:0x19, number of pipes:25
06-12 13:45:46.729 0 0 I [ 5.304426] sps: BAM 0x0000000003a84000 is registered.
06-12 13:45:46.729 0 0 E [ 5.305585] register_client_adhoc: find path.src 1 dest 589
06-12 13:45:46.729 0 0 E [ 5.305631] register_client_adhoc: Failed to find path.src 1 dest 589
06-12 13:45:46.729 0 0 E [ 5.306006] [drm: dp_display_init_aux_switch][msm-dp-err][738 ]failed to register notifier (-22)
06-12 13:45:46.759 0 0 I : [ 5.336071] subsys-pil-tz 5c00000.qcom,ssc: slpi: Brought out of reset
06-12 13:45:46.759 0 0 E : [ 5.336568] scm_call failed: func id 0x72000103, ret: -12, syscall returns: 0x0, 0x0, 0x0
06-12 13:45:46.763 0 0 E : [ 5.340555] scm_call failed: func id 0x72000103, ret: -12, syscall returns: 0x0, 0x0, 0x0
06-12 13:45:46.807 678 678 D Build : ro.build.display.id=01.00.0106.C104
06-12 13:45:46.815 0 0 W [ 5.387274] QSEECOM: qseecom_load_app: App (soter64) does'nt exist, loading apps for first time
06-12 13:45:46.817 678 678 I boot_progress_preload_start: 5394
06-12 13:45:46.820 679 679 D Build : ro.build.display.id=01.00.0106.C104
06-12 13:45:46.822 0 0 I : [ 5.394929] subsys-pil-tz 5c00000.qcom,ssc: Subsystem error monitoring/handling services are up
06-12 13:45:46.822 0 0 I : [ 5.394937] subsys-pil-tz 5c00000.qcom,ssc: slpi: Power/Clock ready interrupt received
06-12 13:45:46.822 0 0 I : [ 5.394969] qcom_rpmh DRV:apps_rsc TCS Busy, retrying RPMH message send: addr=0x30030
06-12 13:45:46.822 0 0 I : [ 5.394998] qcom_rpmh DRV:apps_rsc TCS Busy, retrying RPMH message send: addr=0x30040
06-12 13:45:46.822 0 0 W : [ 5.397101] kona-asoc-snd soc:qcom,msm-audio-apr:qcom,q6core-audio:sound: msm_init_aux_dev: Max WSA devices is 0 for this target?
06-12 13:45:46.822 0 0 E : [ 5.397453] kona-asoc-snd soc:qcom,msm-audio-apr:qcom,q6core-audio:sound: ASoC: CODEC DAI wsa_macro_vifeedback not registered
06-12 13:45:46.822 0 0 I [ 5.397567] msm_vidc: high: 00000001: ....d: Opening video instance: 0000000000000000, 1
06-12 13:45:46.822 0 0 I : [ 5.397625] msm_vidc_v4l2 aa00000.qcom,vidc: Linked as a consumer to regulator.75
06-12 13:45:46.822 0 0 I : [ 5.397637] msm_vidc_v4l2 aa00000.qcom,vidc: Linked as a consumer to regulator.74
06-12 13:45:46.822 0 0 E : [ 5.397814] qcom-lpi-pinctrl soc:qcom,msm-audio-apr:qcom,q6core-audio:lpi_pinctrl@33c0000: snd_event_notify: No snd dev entry found
06-12 13:45:46.822 0 0 I : [ 5.399191] platform soc:qcom,msm-audio-apr:qcom,voice-mhi-audio: assigned reserved memory node mailbox_region
06-12 13:45:46.822 0 0 W : [ 5.399410] bolero-clk-rsc-mngr bolero-clk-rsc-mngr: DMA mask not set
06-12 13:45:46.822 0 0 W : [ 5.399510] tx_macro tx-macro: DMA mask not set
06-12 13:45:46.822 0 0 E : [ 5.399514] tx_macro tx-macro: tx_macro_probe: va-macro not registered yet, defer
06-12 13:45:46.822 0 0 W : [ 5.399583] rx_macro rx-macro: DMA mask not set
06-12 13:45:46.822 0 0 E : [ 5.399589] rx_macro rx-macro: rx_macro_probe: va-macro not registered yet, defer
06-12 13:45:46.822 0 0 W : [ 5.399651] wsa_macro wsa-macro: DMA mask not set
06-12 13:45:46.822 0 0 E : [ 5.399655] wsa_macro wsa-macro: wsa_macro_probe: va-macro not registered yet, defer
06-12 13:45:46.822 0 0 W : [ 5.399713] va_macro va-macro: DMA mask not set
06-12 13:45:46.822 0 0 E [ 5.399719] msm_cdc_pinctrl_get_gpiodata: device node is null
06-12 13:45:46.822 0 0 I : [ 5.399733] va_macro va-macro: Linked as a consumer to regulator.7
06-12 13:45:46.822 0 0 I : [ 5.399735] va_macro va-macro: bolero_register_macro: register macro successful:3
06-12 13:45:46.832 0 0 W [ 5.402325] QSEECOM: qseecom_load_app: App with id 4 (soter64) now loaded
06-12 13:45:46.832 0 0 E [ 5.406698] register_client_adhoc: find path.src 1 dest 589
06-12 13:45:46.832 0 0 E [ 5.406747] register_client_adhoc: Failed to find path.src 1 dest 589
06-12 13:45:46.832 0 0 I [ 5.407236] adsprpc: fastrpc_restart_notifier_cb: slpi subsystem is up
06-12 13:45:46.832 0 0 E [ 5.407250] [drm: dp_display_init_aux_switch][msm-dp-err][62 ]failed to register notifier (-22)
06-12 13:45:46.832 0 0 W : [ 5.407722] kona-asoc-snd soc:qcom,msm-audio-apr:qcom,q6core-audio:sound: msm_init_aux_dev: Max WSA devices is 0 for this target?
06-12 13:45:46.832 0 0 I [ 5.407989] adsprpc: fastrpc_rpmsg_probe: opened rpmsg channel for slpi
06-12 13:45:46.832 0 0 E : [ 5.408005] kona-asoc-snd soc:qcom,msm-audio-apr:qcom,q6core-audio:sound: ASoC: CODEC DAI wsa_macro_vifeedback not registered
06-12 13:45:46.832 0 0 I : [ 5.408283] tx_macro tx-macro: bolero_register_macro: register macro successful:0
06-12 13:45:46.832 0 0 I : [ 5.408482] rx_macro rx-macro: bolero_register_macro: register macro successful:1
06-12 13:45:46.832 0 0 I : [ 5.408650] wsa_macro wsa-macro: bolero_register_macro: register macro successful:2
06-12 13:45:46.832 0 0 E [ 5.409124] register_client_adhoc: find path.src 1 dest 589
06-12 13:45:46.832 0 0 E [ 5.409167] register_client_adhoc: Failed to find path.src 1 dest 589
06-12 13:45:46.832 0 0 I [ 5.409301] qcom_smd_qrtr_probe: Entered
06-12 13:45:46.832 0 0 I [ 5.409643] qcom_smd_qrtr_probe: SMD QRTR driver probed
06-12 13:45:46.833 0 0 W : [ 5.410672] swr-wcd tx_swr_ctrl: DMA mask not set
06-12 13:45:46.833 0 0 W : [ 5.410772] swr-wcd rx_swr_ctrl: DMA mask not set
06-12 13:45:46.833 0 0 W : [ 5.410851] swr-wcd wsa_swr_ctrl: DMA mask not set
06-12 13:45:46.835 0 0 I [ 5.411041] subsys-restart: __subsystem_get(): Changing subsys fw_name to venus
06-12 13:45:46.835 0 0 E [ 5.411442] [drm: dp_display_init_aux_switch][msm-dp-err][62 ]failed to register notifier (-22)
06-12 13:45:46.838 0 0 I [ 5.415062] sysmon-qmi: ssctl_new_server: Connection established between QMI handle and slpi's SSCTL service
06-12 13:45:46.841 0 0 W : [ 5.418530] kona-asoc-snd soc:qcom,msm-audio-apr:qcom,q6core-audio:sound: msm_init_aux_dev: Max WSA devices is 0 for this target?
06-12 13:45:46.843 0 0 E [ 5.420548] diag: In diag_send_feature_mask_update, control channel is not open, p: 3, 0000000000000000
06-12 13:45:46.846 0 0 E [ 5.420984] diag: In diag_send_peripheral_buffering_mode, buffering flag not set for 3
06-12 13:45:46.851 0 0 I [ 5.426672] binder: 917:917 ioctl 40046210 7fdf447204 returned -22
06-12 13:45:46.851 0 0 E : [ 5.427731] msm-pcm-routing soc:qcom,msm-pcm-routing: ASoC: no source widget found for AUDIO_REF_EC_UL30 MUX
06-12 13:45:46.851 0 0 E : [ 5.427738] msm-pcm-routing soc:qcom,msm-pcm-routing: ASoC: Failed to add route AUDIO_REF_EC_UL30 MUX -> direct -> MM_UL30
06-12 13:45:46.859 0 0 I [ 5.433250] binder: 917:917 ioctl 40046210 7fdf448c34 returned -22
06-12 13:45:46.868 516 516 I auditd : avc: denied { find } for pid=917 uid=1000 name=vendor.qti.hardware.display.config.IDisplayConfig/default scontext=u:r:surfaceflinger:s0 tcontext=u:object_r:default_android_service:s0 tclass=service_manager permissive=0
06-12 13:45:46.870 0 0 I [ 5.447574] binder: 907:907 ioctl 40046210 7fdcfcef14 returned -22
06-12 13:45:46.870 0 0 I [ 5.447630] binder: 907:907 ioctl 40046210 7fdcfcef34 returned -22
06-12 13:45:46.874 516 516 I auditd : avc: denied { find } for pid=917 uid=1000 name=vendor.qti.hardware.display.config.IDisplayConfig/default scontext=u:r:surfaceflinger:s0 tcontext=u:object_r:default_android_service:s0 tclass=service_manager permissive=0
06-12 13:45:46.875 0 0 E : [ 5.450491] msm-pcm-routing soc:qcom,msm-pcm-routing: ASoC: no source widget found for AUX_PCM_TX
06-12 13:45:46.875 0 0 E : [ 5.450499] msm-pcm-routing soc:qcom,msm-pcm-routing: ASoC: Failed to add route AUX_PCM_TX -> AUX_PCM_UL_TX -> VoLTE Stub Tx Mixer
06-12 13:45:46.875 0 0 E : [ 5.451329] msm-pcm-routing soc:qcom,msm-pcm-routing: ASoC: no source widget found for AUX_PCM_RX
06-12 13:45:46.875 0 0 E : [ 5.451332] msm-pcm-routing soc:qcom,msm-pcm-routing: ASoC: Failed to add route AUX_PCM_RX -> direct -> BE_OUT
06-12 13:45:46.879 0 0 W : [ 5.452276] msm-pcm-routing soc:qcom,msm-pcm-routing: ASoC: no dapm match for MM_DL23 --> MultiMedia23 --> QUIN_TDM_RX_1 Audio Mixer
06-12 13:45:46.879 0 0 E : [ 5.452278] msm-pcm-routing soc:qcom,msm-pcm-routing: ASoC: Failed to add route MM_DL23 -> MultiMedia23 -> QUIN_TDM_RX_1 Audio Mixer
06-12 13:45:46.879 0 0 W : [ 5.452282] msm-pcm-routing soc:qcom,msm-pcm-routing: ASoC: no dapm match for MM_DL24 --> MultiMedia24 --> QUIN_TDM_RX_1 Audio Mixer
06-12 13:45:46.879 0 0 E : [ 5.452283] msm-pcm-routing soc:qcom,msm-pcm-routing: ASoC: Failed to add route MM_DL24 -> MultiMedia24 -> QUIN_TDM_RX_1 Audio Mixer
06-12 13:45:46.879 0 0 W : [ 5.452285] msm-pcm-routing soc:qcom,msm-pcm-routing: ASoC: no dapm match for MM_DL25 --> MultiMedia25 --> QUIN_TDM_RX_1 Audio Mixer
06-12 13:45:46.879 0 0 E : [ 5.452286] msm-pcm-routing soc:qcom,msm-pcm-routing: ASoC: Failed to add route MM_DL25 -> MultiMedia25 -> QUIN_TDM_RX_1 Audio Mixer
06-12 13:45:46.887 0 0 D [ 5.461873] cnss: MHI status cb is called with reason MISSION_MODE(6)
06-12 13:45:46.887 0 0 D [ 5.462062] cnss: Notify MHI to use already allocated images
06-12 13:45:46.887 0 0 D [ 5.462066] cnss: PM relax, state: 0x8, count: 0
06-12 13:45:46.887 0 0 E : [ 5.463253] msm-pcm-routing soc:qcom,msm-pcm-routing: ASoC: no source widget found for AUX_PCM_TX
06-12 13:45:46.887 0 0 E : [ 5.463259] msm-pcm-routing soc:qcom,msm-pcm-routing: ASoC: Failed to add route AUX_PCM_TX -> AUX_PCM_UL_TX -> SLIMBUS_0_RX Port Mixer
06-12 13:45:46.887 0 0 E : [ 5.463277] msm-pcm-routing soc:qcom,msm-pcm-routing: ASoC: no source widget found for SEC_AUX_PCM_TX
06-12 13:45:46.887 0 0 E : [ 5.463279] msm-pcm-routing soc:qcom,msm-pcm-routing: ASoC: Failed to add route SEC_AUX_PCM_TX -> SEC_AUX_PCM_UL_TX -> SLIMBUS_0_RX Port Mixer
06-12 13:45:46.887 0 0 E : [ 5.463297] msm-pcm-routing soc:qcom,msm-pcm-routing: ASoC: no source widget found for TERT_AUX_PCM_TX
06-12 13:45:46.887 0 0 E : [ 5.463299] msm-pcm-routing soc:qcom,msm-pcm-routing: ASoC: Failed to add route TERT_AUX_PCM_TX -> TERT_AUXPCM_UL_TX -> SLIMBUS_0_RX Port Mixer
06-12 13:45:46.887 0 0 E : [ 5.463314] msm-pcm-routing soc:qcom,msm-pcm-routing: ASoC: no source widget found for QUAT_AUX_PCM_TX
06-12 13:45:46.887 0 0 E : [ 5.463316] msm-pcm-routing soc:qcom,msm-pcm-routing: ASoC: Failed to add route QUAT_AUX_PCM_TX -> QUAT_AUXPCM_UL_TX -> SLIMBUS_0_RX Port Mixer
06-12 13:45:46.887 0 0 E : [ 5.463332] msm-pcm-routing soc:qcom,msm-pcm-routing: ASoC: no source widget found for QUIN_AUX_PCM_TX
06-12 13:45:46.887 0 0 E : [ 5.463334] msm-pcm-routing soc:qcom,msm-pcm-routing: ASoC: Failed to add route QUIN_AUX_PCM_TX -> QUIN_AUXPCM_UL_TX -> SLIMBUS_0_RX Port Mixer
06-12 13:45:46.887 0 0 E : [ 5.463351] msm-pcm-routing soc:qcom,msm-pcm-routing: ASoC: no source widget found for SEN_AUX_PCM_TX
06-12 13:45:46.887 0 0 E : [ 5.463353] msm-pcm-routing soc:qcom,msm-pcm-routing: ASoC: Failed to add route SEN_AUX_PCM_TX -> SEN_AUXPCM_UL_TX -> SLIMBUS_0_RX Port Mixer
06-12 13:45:46.883 921 921 I auditd : type=1400 audit(0.0:24): avc: denied { read write } for comm="sensors.qti" name="diag" dev="tmpfs" ino=12425 scontext=u:r:vendor_sensors_qti:s0 tcontext=u:object_r:vendor_diag_device:s0 tclass=chr_file permissive=0
06-12 13:45:46.982 0 0 D [ 5.557653] cnss: WLFW server arriving: node 7 port 1
06-12 13:45:46.982 0 0 D [ 5.557657] cnss: Posting event: SERVER_ARRIVE(0), state: 0x8 flags: 0x0
06-12 13:45:46.982 0 0 D [ 5.557659] cnss: PM stay awake, state: 0x8, count: 1
06-12 13:45:46.982 0 0 D [ 5.557678] cnss: PM relax, state: 0x8, count: 0
06-12 13:45:46.982 0 0 D [ 5.557681] cnss: PM stay awake, state: 0x8, count: 1
06-12 13:45:46.982 0 0 D [ 5.557682] cnss: Processing driver event: SERVER_ARRIVE(0), state: 0x8
06-12 13:45:46.982 0 0 I [ 5.557684] cnss: QMI WLFW service connected, state: 0x9
06-12 13:45:46.982 0 0 D [ 5.557685] cnss: Sending indication register message, state: 0x9
06-12 13:45:46.985 0 0 D [ 5.561781] cnss: Sending host capability message, state: 0x9
06-12 13:45:46.985 0 0 D [ 5.561788] cnss: Number of clients is 2
06-12 13:45:46.985 0 0 D [ 5.561795] cnss: Assign MSI to user: WAKE, num_vectors: 1, user_base_data: 813, base_vector: 13
06-12 13:45:46.985 0 0 D [ 5.561799] cnss: WAKE MSI base data is 813
06-12 13:45:46.985 0 0 D [ 5.561803] cnss: Calibration done is 0
06-12 13:45:46.985 0 0 D [ 5.561807] cnss: Sending iova starting 0xa0000000 with size 0x10010000
06-12 13:45:46.991 0 0 D [ 5.564056] cnss: PM relax, state: 0x9, count: 0
06-12 13:45:47.000 0 0 W : [ 5.577126] kgsl kgsl-3d0: Falling back to syfs fallback for: a650_sqe.fw
06-12 13:45:47.024 0 0 I [ 5.601013] binder: 1097:1097 ioctl 40046210 7fea332924 returned -22
06-12 13:45:47.049 0 0 W : [ 5.625646] kgsl kgsl-3d0: Falling back to syfs fallback for: a650_gmu.bin
06-12 13:45:47.075 980 980 I auditd : type=1400 audit(0.0:25): avc: denied { write } for comm="init.qcom.usb.s" name="uvc.0" dev="configfs" ino=18734 scontext=u:r:vendor_qti_init_shell:s0 tcontext=u:object_r:configfs:s0 tclass=dir permissive=0
06-12 13:45:47.075 980 980 I auditd : type=1400 audit(0.0:26): avc: denied { write } for comm="init.qcom.usb.s" name="uvc.0" dev="configfs" ino=18734 scontext=u:r:vendor_qti_init_shell:s0 tcontext=u:object_r:configfs:s0 tclass=dir permissive=0
06-12 13:45:47.083 921 921 I auditd : type=1400 audit(0.0:27): avc: denied { read write } for comm="sensors.qti" name="diag" dev="tmpfs" ino=12425 scontext=u:r:vendor_sensors_qti:s0 tcontext=u:object_r:vendor_diag_device:s0 tclass=chr_file permissive=0
06-12 13:45:47.091 0 0 E : [ 5.667001] msm-dai-fe soc:qcom,msm-dai-fe: ASoC: no sink widget found for AUXPCM_DL_HL
06-12 13:45:47.091 0 0 E : [ 5.667008] msm-dai-fe soc:qcom,msm-dai-fe: ASoC: Failed to add route AUXPCM_HOSTLESS Playback -> direct -> AUXPCM_DL_HL
06-12 13:45:47.091 0 0 E : [ 5.667025] msm-dai-fe soc:qcom,msm-dai-fe: ASoC: no source widget found for AUXPCM_UL_HL
06-12 13:45:47.091 0 0 E : [ 5.667028] msm-dai-fe soc:qcom,msm-dai-fe: ASoC: Failed to add route AUXPCM_UL_HL -> direct -> AUXPCM_HOSTLESS Capture
06-12 13:45:47.095 0 0 E : [ 5.670108] msm-auxpcm-dev soc:qcom,msm-pri-auxpcm: ASoC: no source widget found for AUX_PCM_RX
06-12 13:45:47.095 0 0 E : [ 5.670114] msm-auxpcm-dev soc:qcom,msm-pri-auxpcm: ASoC: Failed to add route AUX_PCM_RX -> direct -> AUX PCM Playback
06-12 13:45:47.095 0 0 E : [ 5.670170] msm-auxpcm-dev soc:qcom,msm-pri-auxpcm: ASoC: no sink widget found for AUX_PCM_TX
06-12 13:45:47.095 0 0 E : [ 5.670172] msm-auxpcm-dev soc:qcom,msm-pri-auxpcm: ASoC: Failed to add route AUX PCM Capture -> direct -> AUX_PCM_TX
06-12 13:45:47.095 0 0 E : [ 5.670240] msm-auxpcm-dev soc:qcom,msm-sec-auxpcm: ASoC: no source widget found for SEC_AUX_PCM_RX
06-12 13:45:47.095 0 0 E : [ 5.670242] msm-auxpcm-dev soc:qcom,msm-sec-auxpcm: ASoC: Failed to add route SEC_AUX_PCM_RX -> direct -> Sec AUX PCM Playback
06-12 13:45:47.095 0 0 E : [ 5.670275] msm-auxpcm-dev soc:qcom,msm-sec-auxpcm: ASoC: no sink widget found for SEC_AUX_PCM_TX
06-12 13:45:47.095 0 0 E : [ 5.670278] msm-auxpcm-dev soc:qcom,msm-sec-auxpcm: ASoC: Failed to add route Sec AUX PCM Capture -> direct -> SEC_AUX_PCM_TX
06-12 13:45:47.095 0 0 E : [ 5.670323] msm-auxpcm-dev soc:qcom,msm-tert-auxpcm: ASoC: no source widget found for TERT_AUX_PCM_RX
06-12 13:45:47.095 0 0 E : [ 5.670325] msm-auxpcm-dev soc:qcom,msm-tert-auxpcm: ASoC: Failed to add route TERT_AUX_PCM_RX -> direct -> Tert AUX PCM Playback
06-12 13:45:47.095 0 0 E : [ 5.670359] msm-auxpcm-dev soc:qcom,msm-tert-auxpcm: ASoC: no sink widget found for TERT_AUX_PCM_TX
06-12 13:45:47.095 0 0 E : [ 5.670361] msm-auxpcm-dev soc:qcom,msm-tert-auxpcm: ASoC: Failed to add route Tert AUX PCM Capture -> direct -> TERT_AUX_PCM_TX
06-12 13:45:47.095 0 0 E : [ 5.670393] msm-auxpcm-dev soc:qcom,msm-quat-auxpcm: ASoC: no source widget found for QUAT_AUX_PCM_RX
06-12 13:45:47.095 0 0 E : [ 5.670395] msm-auxpcm-dev soc:qcom,msm-quat-auxpcm: ASoC: Failed to add route QUAT_AUX_PCM_RX -> direct -> Quat AUX PCM Playback
06-12 13:45:47.095 0 0 E : [ 5.670424] msm-auxpcm-dev soc:qcom,msm-quat-auxpcm: ASoC: no sink widget found for QUAT_AUX_PCM_TX
06-12 13:45:47.095 0 0 E : [ 5.670426] msm-auxpcm-dev soc:qcom,msm-quat-auxpcm: ASoC: Failed to add route Quat AUX PCM Capture -> direct -> QUAT_AUX_PCM_TX
06-12 13:45:47.095 0 0 E : [ 5.670456] msm-auxpcm-dev soc:qcom,msm-quin-auxpcm: ASoC: no source widget found for QUIN_AUX_PCM_RX
06-12 13:45:47.095 0 0 E : [ 5.670458] msm-auxpcm-dev soc:qcom,msm-quin-auxpcm: ASoC: Failed to add route QUIN_AUX_PCM_RX -> direct -> Quin AUX PCM Playback
06-12 13:45:47.095 0 0 E : [ 5.670490] msm-auxpcm-dev soc:qcom,msm-quin-auxpcm: ASoC: no sink widget found for QUIN_AUX_PCM_TX
06-12 13:45:47.095 0 0 E : [ 5.670492] msm-auxpcm-dev soc:qcom,msm-quin-auxpcm: ASoC: Failed to add route Quin AUX PCM Capture -> direct -> QUIN_AUX_PCM_TX
06-12 13:45:47.095 0 0 E : [ 5.670541] msm-auxpcm-dev soc:qcom,msm-sen-auxpcm: ASoC: no source widget found for SEN_AUX_PCM_RX
06-12 13:45:47.095 0 0 E : [ 5.670543] msm-auxpcm-dev soc:qcom,msm-sen-auxpcm: ASoC: Failed to add route SEN_AUX_PCM_RX -> direct -> Sen AUX PCM Playback
06-12 13:45:47.095 0 0 E : [ 5.670581] msm-auxpcm-dev soc:qcom,msm-sen-auxpcm: ASoC: no sink widget found for SEN_AUX_PCM_TX
06-12 13:45:47.095 0 0 E : [ 5.670583] msm-auxpcm-dev soc:qcom,msm-sen-auxpcm: ASoC: Failed to add route Sen AUX PCM Capture -> direct -> SEN_AUX_PCM_TX
06-12 13:45:47.095 0 0 W : [ 5.670616] msm-dai-q6-hdmi soc:qcom,msm-dai-q6-dp: DAI driver id is not set
06-12 13:45:47.095 1112 1112 I auditd : type=1400 audit(0.0:28): avc: denied { write } for comm="mkdir" name="header" dev="configfs" ino=18736 scontext=u:r:vendor_qti_init_shell:s0 tcontext=u:object_r:configfs:s0 tclass=dir permissive=0
06-12 13:45:47.103 1113 1113 I auditd : type=1400 audit(0.0:29): avc: denied { write } for comm="ln" name="fs" dev="configfs" ino=18745 scontext=u:r:vendor_qti_init_shell:s0 tcontext=u:object_r:configfs:s0 tclass=dir permissive=0
06-12 13:45:47.111 1114 1114 I auditd : type=1400 audit(0.0:30): avc: denied { write } for comm="ln" name="ss" dev="configfs" ino=18746 scontext=u:r:vendor_qti_init_shell:s0 tcontext=u:object_r:configfs:s0 tclass=dir permissive=0
06-12 13:45:47.119 1115 1115 I auditd : type=1400 audit(0.0:31): avc: denied { write } for comm="mkdir" name="uncompressed" dev="configfs" ino=18749 scontext=u:r:vendor_qti_init_shell:s0 tcontext=u:object_r:configfs:s0 tclass=dir permissive=0
06-12 13:45:47.123 1116 1116 I auditd : type=1400 audit(0.0:32): avc: denied { write } for comm="mkdir" name="uncompressed" dev="configfs" ino=18749 scontext=u:r:vendor_qti_init_shell:s0 tcontext=u:object_r:configfs:s0 tclass=dir permissive=0
06-12 13:45:47.135 1117 1117 I auditd : type=1400 audit(0.0:33): avc: denied { write } for comm="mkdir" name="mjpeg" dev="configfs" ino=18750 scontext=u:r:vendor_qti_init_shell:s0 tcontext=u:object_r:configfs:s0 tclass=dir permissive=0
06-12 13:45:47.143 1118 1118 I auditd : type=1400 audit(0.0:34): avc: denied { write } for comm="mkdir" name="mjpeg" dev="configfs" ino=18750 scontext=u:r:vendor_qti_init_shell:s0 tcontext=u:object_r:configfs:s0 tclass=dir permissive=0
06-12 13:45:47.151 1119 1119 I auditd : type=1400 audit(0.0:35): avc: denied { write } for comm="mkdir" name="h264" dev="configfs" ino=18751 scontext=u:r:vendor_qti_init_shell:s0 tcontext=u:object_r:configfs:s0 tclass=dir permissive=0
06-12 13:45:47.155 1120 1120 I auditd : type=1400 audit(0.0:36): avc: denied { write } for comm="mkdir" name="h264" dev="configfs" ino=18751 scontext=u:r:vendor_qti_init_shell:s0 tcontext=u:object_r:configfs:s0 tclass=dir permissive=0
06-12 13:45:47.159 1121 1121 I auditd : type=1400 audit(0.0:37): avc: denied { write } for comm="mkdir" name="header" dev="configfs" ino=18748 scontext=u:r:vendor_qti_init_shell:s0 tcontext=u:object_r:configfs:s0 tclass=dir permissive=0
06-12 13:45:47.163 1122 1122 I auditd : type=1400 audit(0.0:38): avc: denied { write } for comm="ln" name="header" dev="configfs" ino=18748 scontext=u:r:vendor_qti_init_shell:s0 tcontext=u:object_r:configfs:s0 tclass=dir permissive=0
06-12 13:45:47.171 1123 1123 I auditd : type=1400 audit(0.0:39): avc: denied { write } for comm="ln" name="header" dev="configfs" ino=18748 scontext=u:r:vendor_qti_init_shell:s0 tcontext=u:object_r:configfs:s0 tclass=dir permissive=0
06-12 13:45:47.175 1124 1124 I auditd : type=1400 audit(0.0:40): avc: denied { write } for comm="ln" name="header" dev="configfs" ino=18748 scontext=u:r:vendor_qti_init_shell:s0 tcontext=u:object_r:configfs:s0 tclass=dir permissive=0
06-12 13:45:47.179 1125 1125 I auditd : type=1400 audit(0.0:41): avc: denied { write } for comm="ln" name="fs" dev="configfs" ino=18755 scontext=u:r:vendor_qti_init_shell:s0 tcontext=u:object_r:configfs:s0 tclass=dir permissive=0
06-12 13:45:47.191 0 0 E : [ 5.766539] bolero-codec soc:qcom,msm-audio-apr:qcom,q6core-audio:bolero-cdc: ASoC: unknown pin WSA AIF VI
06-12 13:45:47.187 1126 1126 I auditd : type=1400 audit(0.0:42): avc: denied { write } for comm="ln" name="hs" dev="configfs" ino=18756 scontext=u:r:vendor_qti_init_shell:s0 tcontext=u:object_r:configfs:s0 tclass=dir permissive=0
06-12 13:45:47.194 0 0 E : [ 5.770022] kona-asoc-snd soc:qcom,msm-audio-apr:qcom,q6core-audio:sound: ASoC: no source widget found for MIC BIAS1
06-12 13:45:47.194 0 0 E : [ 5.770029] kona-asoc-snd soc:qcom,msm-audio-apr:qcom,q6core-audio:sound: ASoC: Failed to add route MIC BIAS1 -> direct -> AMIC1
06-12 13:45:47.194 0 0 E : [ 5.770046] kona-asoc-snd soc:qcom,msm-audio-apr:qcom,q6core-audio:sound: ASoC: no sink widget found for MIC BIAS1
06-12 13:45:47.194 0 0 E : [ 5.770049] kona-asoc-snd soc:qcom,msm-audio-apr:qcom,q6core-audio:sound: ASoC: Failed to add route Analog Mic1 -> direct -> MIC BIAS1
06-12 13:45:47.194 0 0 E : [ 5.770065] kona-asoc-snd soc:qcom,msm-audio-apr:qcom,q6core-audio:sound: ASoC: no source widget found for MIC BIAS2
06-12 13:45:47.194 0 0 E : [ 5.770067] kona-asoc-snd soc:qcom,msm-audio-apr:qcom,q6core-audio:sound: ASoC: Failed to add route MIC BIAS2 -> direct -> AMIC2
06-12 13:45:47.194 0 0 E : [ 5.770082] kona-asoc-snd soc:qcom,msm-audio-apr:qcom,q6core-audio:sound: ASoC: no sink widget found for MIC BIAS2
06-12 13:45:47.194 0 0 E : [ 5.770084] kona-asoc-snd soc:qcom,msm-audio-apr:qcom,q6core-audio:sound: ASoC: Failed to add route Analog Mic2 -> direct -> MIC BIAS2
06-12 13:45:47.194 0 0 E : [ 5.770099] kona-asoc-snd soc:qcom,msm-audio-apr:qcom,q6core-audio:sound: ASoC: no source widget found for MIC BIAS3
06-12 13:45:47.194 0 0 E : [ 5.770102] kona-asoc-snd soc:qcom,msm-audio-apr:qcom,q6core-audio:sound: ASoC: Failed to add route MIC BIAS3 -> direct -> AMIC3
06-12 13:45:47.194 0 0 E : [ 5.770117] kona-asoc-snd soc:qcom,msm-audio-apr:qcom,q6core-audio:sound: ASoC: no sink widget found for MIC BIAS3
06-12 13:45:47.194 0 0 E : [ 5.770119] kona-asoc-snd soc:qcom,msm-audio-apr:qcom,q6core-audio:sound: ASoC: Failed to add route Analog Mic3 -> direct -> MIC BIAS3
06-12 13:45:47.194 0 0 E : [ 5.770135] kona-asoc-snd soc:qcom,msm-audio-apr:qcom,q6core-audio:sound: ASoC: no source widget found for MIC BIAS3
06-12 13:45:47.194 0 0 E : [ 5.770137] kona-asoc-snd soc:qcom,msm-audio-apr:qcom,q6core-audio:sound: ASoC: Failed to add route MIC BIAS3 -> direct -> AMIC4
06-12 13:45:47.194 0 0 E : [ 5.770153] kona-asoc-snd soc:qcom,msm-audio-apr:qcom,q6core-audio:sound: ASoC: no sink widget found for MIC BIAS3
06-12 13:45:47.194 0 0 E : [ 5.770155] kona-asoc-snd soc:qcom,msm-audio-apr:qcom,q6core-audio:sound: ASoC: Failed to add route Analog Mic4 -> direct -> MIC BIAS3
06-12 13:45:47.194 0 0 E : [ 5.770170] kona-asoc-snd soc:qcom,msm-audio-apr:qcom,q6core-audio:sound: ASoC: no source widget found for MIC BIAS4
06-12 13:45:47.194 0 0 E : [ 5.770173] kona-asoc-snd soc:qcom,msm-audio-apr:qcom,q6core-audio:sound: ASoC: Failed to add route MIC BIAS4 -> direct -> AMIC5
06-12 13:45:47.194 0 0 E : [ 5.770188] kona-asoc-snd soc:qcom,msm-audio-apr:qcom,q6core-audio:sound: ASoC: no sink widget found for MIC BIAS4
06-12 13:45:47.194 0 0 E : [ 5.770190] kona-asoc-snd soc:qcom,msm-audio-apr:qcom,q6core-audio:sound: ASoC: Failed to add route Analog Mic5 -> direct -> MIC BIAS4
06-12 13:45:47.194 0 0 E : [ 5.770205] kona-asoc-snd soc:qcom,msm-audio-apr:qcom,q6core-audio:sound: ASoC: no source widget found for MIC BIAS3
06-12 13:45:47.194 0 0 E : [ 5.770207] kona-asoc-snd soc:qcom,msm-audio-apr:qcom,q6core-audio:sound: ASoC: Failed to add route MIC BIAS3 -> direct -> TX DMIC0
06-12 13:45:47.194 0 0 E : [ 5.770223] kona-asoc-snd soc:qcom,msm-audio-apr:qcom,q6core-audio:sound: ASoC: no sink widget found for MIC BIAS3
06-12 13:45:47.194 0 0 E : [ 5.770225] kona-asoc-snd soc:qcom,msm-audio-apr:qcom,q6core-audio:sound: ASoC: Failed to add route Digital Mic0 -> direct -> MIC BIAS3
06-12 13:45:47.194 0 0 E : [ 5.770241] kona-asoc-snd soc:qcom,msm-audio-apr:qcom,q6core-audio:sound: ASoC: no source widget found for MIC BIAS3
06-12 13:45:47.194 0 0 E : [ 5.770243] kona-asoc-snd soc:qcom,msm-audio-apr:qcom,q6core-audio:sound: ASoC: Failed to add route MIC BIAS3 -> direct -> TX DMIC1
06-12 13:45:47.194 0 0 E : [ 5.770257] kona-asoc-snd soc:qcom,msm-audio-apr:qcom,q6core-audio:sound: ASoC: no sink widget found for MIC BIAS3
06-12 13:45:47.194 0 0 E : [ 5.770259] kona-asoc-snd soc:qcom,msm-audio-apr:qcom,q6core-audio:sound: ASoC: Failed to add route Digital Mic1 -> direct -> MIC BIAS3
06-12 13:45:47.194 0 0 E : [ 5.770276] kona-asoc-snd soc:qcom,msm-audio-apr:qcom,q6core-audio:sound: ASoC: no source widget found for MIC BIAS1
06-12 13:45:47.194 0 0 E : [ 5.770278] kona-asoc-snd soc:qcom,msm-audio-apr:qcom,q6core-audio:sound: ASoC: Failed to add route MIC BIAS1 -> direct -> TX DMIC2
06-12 13:45:47.194 0 0 E : [ 5.770292] kona-asoc-snd soc:qcom,msm-audio-apr:qcom,q6core-audio:sound: ASoC: no sink widget found for MIC BIAS1
06-12 13:45:47.194 0 0 E : [ 5.770294] kona-asoc-snd soc:qcom,msm-audio-apr:qcom,q6core-audio:sound: ASoC: Failed to add route Digital Mic2 -> direct -> MIC BIAS1
06-12 13:45:47.194 0 0 E : [ 5.770310] kona-asoc-snd soc:qcom,msm-audio-apr:qcom,q6core-audio:sound: ASoC: no source widget found for MIC BIAS1
06-12 13:45:47.194 0 0 E : [ 5.770312] kona-asoc-snd soc:qcom,msm-audio-apr:qcom,q6core-audio:sound: ASoC: Failed to add route MIC BIAS1 -> direct -> TX DMIC3
06-12 13:45:47.194 0 0 E : [ 5.770327] kona-asoc-snd soc:qcom,msm-audio-apr:qcom,q6core-audio:sound: ASoC: no sink widget found for MIC BIAS1
06-12 13:45:47.194 0 0 E : [ 5.770330] kona-asoc-snd soc:qcom,msm-audio-apr:qcom,q6core-audio:sound: ASoC: Failed to add route Digital Mic3 -> direct -> MIC BIAS1
06-12 13:45:47.194 0 0 E : [ 5.770345] kona-asoc-snd soc:qcom,msm-audio-apr:qcom,q6core-audio:sound: ASoC: no source widget found for MIC BIAS4
06-12 13:45:47.194 0 0 E : [ 5.770347] kona-asoc-snd soc:qcom,msm-audio-apr:qcom,q6core-audio:sound: ASoC: Failed to add route MIC BIAS4 -> direct -> TX DMIC4
06-12 13:45:47.194 0 0 E : [ 5.770362] kona-asoc-snd soc:qcom,msm-audio-apr:qcom,q6core-audio:sound: ASoC: no sink widget found for MIC BIAS4
06-12 13:45:47.194 0 0 E : [ 5.770364] kona-asoc-snd soc:qcom,msm-audio-apr:qcom,q6core-audio:sound: ASoC: Failed to add route Digital Mic4 -> direct -> MIC BIAS4
06-12 13:45:47.194 0 0 E : [ 5.770379] kona-asoc-snd soc:qcom,msm-audio-apr:qcom,q6core-audio:sound: ASoC: no source widget found for MIC BIAS4
06-12 13:45:47.194 0 0 E : [ 5.770381] kona-asoc-snd soc:qcom,msm-audio-apr:qcom,q6core-audio:sound: ASoC: Failed to add route MIC BIAS4 -> direct -> TX DMIC5
06-12 13:45:47.194 0 0 E : [ 5.770395] kona-asoc-snd soc:qcom,msm-audio-apr:qcom,q6core-audio:sound: ASoC: no sink widget found for MIC BIAS4
06-12 13:45:47.194 0 0 E : [ 5.770397] kona-asoc-snd soc:qcom,msm-audio-apr:qcom,q6core-audio:sound: ASoC: Failed to add route Digital Mic5 -> direct -> MIC BIAS4
06-12 13:45:47.194 0 0 E : [ 5.770412] kona-asoc-snd soc:qcom,msm-audio-apr:qcom,q6core-audio:sound: ASoC: no sink widget found for IN1_HPHL
06-12 13:45:47.194 0 0 E : [ 5.770414] kona-asoc-snd soc:qcom,msm-audio-apr:qcom,q6core-audio:sound: ASoC: Failed to add route HPHL_OUT -> direct -> IN1_HPHL
06-12 13:45:47.194 0 0 E : [ 5.770431] kona-asoc-snd soc:qcom,msm-audio-apr:qcom,q6core-audio:sound: ASoC: no sink widget found for IN2_HPHR
06-12 13:45:47.194 0 0 E : [ 5.770433] kona-asoc-snd soc:qcom,msm-audio-apr:qcom,q6core-audio:sound: ASoC: Failed to add route HPHR_OUT -> direct -> IN2_HPHR
06-12 13:45:47.194 0 0 E : [ 5.770449] kona-asoc-snd soc:qcom,msm-audio-apr:qcom,q6core-audio:sound: ASoC: no sink widget found for IN3_AUX
06-12 13:45:47.194 0 0 E : [ 5.770451] kona-asoc-snd soc:qcom,msm-audio-apr:qcom,q6core-audio:sound: ASoC: Failed to add route AUX_OUT -> direct -> IN3_AUX
06-12 13:45:47.194 0 0 E : [ 5.770467] kona-asoc-snd soc:qcom,msm-audio-apr:qcom,q6core-audio:sound: ASoC: no source widget found for ADC1_OUTPUT
06-12 13:45:47.194 0 0 E : [ 5.770469] kona-asoc-snd soc:qcom,msm-audio-apr:qcom,q6core-audio:sound: ASoC: Failed to add route ADC1_OUTPUT -> direct -> TX SWR_ADC0
06-12 13:45:47.194 0 0 E : [ 5.770485] kona-asoc-snd soc:qcom,msm-audio-apr:qcom,q6core-audio:sound: ASoC: no source widget found for ADC2_OUTPUT
06-12 13:45:47.194 0 0 E : [ 5.770487] kona-asoc-snd soc:qcom,msm-audio-apr:qcom,q6core-audio:sound: ASoC: Failed to add route ADC2_OUTPUT -> direct -> TX SWR_ADC1
06-12 13:45:47.194 0 0 E : [ 5.770503] kona-asoc-snd soc:qcom,msm-audio-apr:qcom,q6core-audio:sound: ASoC: no source widget found for ADC3_OUTPUT
06-12 13:45:47.194 0 0 E : [ 5.770506] kona-asoc-snd soc:qcom,msm-audio-apr:qcom,q6core-audio:sound: ASoC: Failed to add route ADC3_OUTPUT -> direct -> TX SWR_ADC2
06-12 13:45:47.194 0 0 E : [ 5.770521] kona-asoc-snd soc:qcom,msm-audio-apr:qcom,q6core-audio:sound: ASoC: no source widget found for ADC4_OUTPUT
06-12 13:45:47.194 0 0 E : [ 5.770523] kona-asoc-snd soc:qcom,msm-audio-apr:qcom,q6core-audio:sound: ASoC: Failed to add route ADC4_OUTPUT -> direct -> TX SWR_ADC3
06-12 13:45:47.194 0 0 E : [ 5.770538] kona-asoc-snd soc:qcom,msm-audio-apr:qcom,q6core-audio:sound: ASoC: no source widget found for DMIC1_OUTPUT
06-12 13:45:47.194 0 0 E : [ 5.770540] kona-asoc-snd soc:qcom,msm-audio-apr:qcom,q6core-audio:sound: ASoC: Failed to add route DMIC1_OUTPUT -> direct -> TX SWR_DMIC0
06-12 13:45:47.194 0 0 E : [ 5.770555] kona-asoc-snd soc:qcom,msm-audio-apr:qcom,q6core-audio:sound: ASoC: no source widget found for DMIC2_OUTPUT
06-12 13:45:47.194 0 0 E : [ 5.770557] kona-asoc-snd soc:qcom,msm-audio-apr:qcom,q6core-audio:sound: ASoC: Failed to add route DMIC2_OUTPUT -> direct -> TX SWR_DMIC1
06-12 13:45:47.194 0 0 E : [ 5.770573] kona-asoc-snd soc:qcom,msm-audio-apr:qcom,q6core-audio:sound: ASoC: no source widget found for DMIC3_OUTPUT
06-12 13:45:47.194 0 0 E : [ 5.770575] kona-asoc-snd soc:qcom,msm-audio-apr:qcom,q6core-audio:sound: ASoC: Failed to add route DMIC3_OUTPUT -> direct -> TX SWR_DMIC2
06-12 13:45:47.194 0 0 E : [ 5.770591] kona-asoc-snd soc:qcom,msm-audio-apr:qcom,q6core-audio:sound: ASoC: no source widget found for DMIC4_OUTPUT
06-12 13:45:47.194 0 0 E : [ 5.770593] kona-asoc-snd soc:qcom,msm-audio-apr:qcom,q6core-audio:sound: ASoC: Failed to add route DMIC4_OUTPUT -> direct -> TX SWR_DMIC3
06-12 13:45:47.194 0 0 E : [ 5.770608] kona-asoc-snd soc:qcom,msm-audio-apr:qcom,q6core-audio:sound: ASoC: no source widget found for DMIC5_OUTPUT
06-12 13:45:47.194 0 0 E : [ 5.770610] kona-asoc-snd soc:qcom,msm-audio-apr:qcom,q6core-audio:sound: ASoC: Failed to add route DMIC5_OUTPUT -> direct -> TX SWR_DMIC4
06-12 13:45:47.194 0 0 E : [ 5.770625] kona-asoc-snd soc:qcom,msm-audio-apr:qcom,q6core-audio:sound: ASoC: no source widget found for DMIC6_OUTPUT
06-12 13:45:47.194 0 0 E : [ 5.770627] kona-asoc-snd soc:qcom,msm-audio-apr:qcom,q6core-audio:sound: ASoC: Failed to add route DMIC6_OUTPUT -> direct -> TX SWR_DMIC5
06-12 13:45:47.194 0 0 E : [ 5.770643] kona-asoc-snd soc:qcom,msm-audio-apr:qcom,q6core-audio:sound: ASoC: no source widget found for DMIC7_OUTPUT
06-12 13:45:47.194 0 0 E : [ 5.770645] kona-asoc-snd soc:qcom,msm-audio-apr:qcom,q6core-audio:sound: ASoC: Failed to add route DMIC7_OUTPUT -> direct -> TX SWR_DMIC6
06-12 13:45:47.194 0 0 E : [ 5.770660] kona-asoc-snd soc:qcom,msm-audio-apr:qcom,q6core-audio:sound: ASoC: no source widget found for DMIC8_OUTPUT
06-12 13:45:47.194 0 0 E : [ 5.770662] kona-asoc-snd soc:qcom,msm-audio-apr:qcom,q6core-audio:sound: ASoC: Failed to add route DMIC8_OUTPUT -> direct -> TX SWR_DMIC7
06-12 13:45:47.194 0 0 E : [ 5.770723] kona-asoc-snd soc:qcom,msm-audio-apr:qcom,q6core-audio:sound: ASoC: no sink widget found for SpkrLeft IN
06-12 13:45:47.194 0 0 E : [ 5.770725] kona-asoc-snd soc:qcom,msm-audio-apr:qcom,q6core-audio:sound: ASoC: Failed to add route WSA_SPK1 OUT -> direct -> SpkrLeft IN
06-12 13:45:47.194 0 0 E : [ 5.770742] kona-asoc-snd soc:qcom,msm-audio-apr:qcom,q6core-audio:sound: ASoC: no sink widget found for SpkrRight IN
06-12 13:45:47.194 0 0 E : [ 5.770744] kona-asoc-snd soc:qcom,msm-audio-apr:qcom,q6core-audio:sound: ASoC: Failed to add route WSA_SPK2 OUT -> direct -> SpkrRight IN
06-12 13:45:47.194 0 0 E : [ 5.770775] kona-asoc-snd soc:qcom,msm-audio-apr:qcom,q6core-audio:sound: ASoC: no sink widget found for VA MIC BIAS3
06-12 13:45:47.194 0 0 E : [ 5.770777] kona-asoc-snd soc:qcom,msm-audio-apr:qcom,q6core-audio:sound: ASoC: Failed to add route Digital Mic0 -> direct -> VA MIC BIAS3
06-12 13:45:47.194 0 0 E : [ 5.770792] kona-asoc-snd soc:qcom,msm-audio-apr:qcom,q6core-audio:sound: ASoC: no sink widget found for VA MIC BIAS3
06-12 13:45:47.194 0 0 E : [ 5.770794] kona-asoc-snd soc:qcom,msm-audio-apr:qcom,q6core-audio:sound: ASoC: Failed to add route Digital Mic1 -> direct -> VA MIC BIAS3
06-12 13:45:47.194 0 0 E : [ 5.770823] kona-asoc-snd soc:qcom,msm-audio-apr:qcom,q6core-audio:sound: ASoC: no sink widget found for VA MIC BIAS4
06-12 13:45:47.194 0 0 E : [ 5.770825] kona-asoc-snd soc:qcom,msm-audio-apr:qcom,q6core-audio:sound: ASoC: Failed to add route Digital Mic4 -> direct -> VA MIC BIAS4
06-12 13:45:47.194 0 0 E : [ 5.770841] kona-asoc-snd soc:qcom,msm-audio-apr:qcom,q6core-audio:sound: ASoC: no sink widget found for VA MIC BIAS4
06-12 13:45:47.194 0 0 E : [ 5.770843] kona-asoc-snd soc:qcom,msm-audio-apr:qcom,q6core-audio:sound: ASoC: Failed to add route Digital Mic5 -> direct -> VA MIC BIAS4
06-12 13:45:47.194 0 0 E : [ 5.770856] kona-asoc-snd soc:qcom,msm-audio-apr:qcom,q6core-audio:sound: ASoC: no source widget found for VA MIC BIAS3
06-12 13:45:47.194 0 0 E : [ 5.770859] kona-asoc-snd soc:qcom,msm-audio-apr:qcom,q6core-audio:sound: ASoC: Failed to add route VA MIC BIAS3 -> direct -> VA DMIC0
06-12 13:45:47.194 0 0 E : [ 5.770874] kona-asoc-snd soc:qcom,msm-audio-apr:qcom,q6core-audio:sound: ASoC: no source widget found for VA MIC BIAS3
06-12 13:45:47.194 0 0 E : [ 5.770876] kona-asoc-snd soc:qcom,msm-audio-apr:qcom,q6core-audio:sound: ASoC: Failed to add route VA MIC BIAS3 -> direct -> VA DMIC1
06-12 13:45:47.194 0 0 E : [ 5.770907] kona-asoc-snd soc:qcom,msm-audio-apr:qcom,q6core-audio:sound: ASoC: no source widget found for VA MIC BIAS4
06-12 13:45:47.194 0 0 E : [ 5.770909] kona-asoc-snd soc:qcom,msm-audio-apr:qcom,q6core-audio:sound: ASoC: Failed to add route VA MIC BIAS4 -> direct -> VA DMIC4
06-12 13:45:47.194 0 0 E : [ 5.770925] kona-asoc-snd soc:qcom,msm-audio-apr:qcom,q6core-audio:sound: ASoC: no source widget found for VA MIC BIAS4
06-12 13:45:47.194 0 0 E : [ 5.770927] kona-asoc-snd soc:qcom,msm-audio-apr:qcom,q6core-audio:sound: ASoC: Failed to add route VA MIC BIAS4 -> direct -> VA DMIC5
06-12 13:45:47.194 0 0 E : [ 5.770963] kona-asoc-snd soc:qcom,msm-audio-apr:qcom,q6core-audio:sound: ASoC: no source widget found for ADC1_OUTPUT
06-12 13:45:47.194 0 0 E : [ 5.770965] kona-asoc-snd soc:qcom,msm-audio-apr:qcom,q6core-audio:sound: ASoC: Failed to add route ADC1_OUTPUT -> direct -> VA SWR_ADC0
06-12 13:45:47.194 0 0 E : [ 5.770981] kona-asoc-snd soc:qcom,msm-audio-apr:qcom,q6core-audio:sound: ASoC: no source widget found for ADC2_OUTPUT
06-12 13:45:47.194 0 0 E : [ 5.770983] kona-asoc-snd soc:qcom,msm-audio-apr:qcom,q6core-audio:sound: ASoC: Failed to add route ADC2_OUTPUT -> direct -> VA SWR_ADC1
06-12 13:45:47.194 0 0 E : [ 5.770998] kona-asoc-snd soc:qcom,msm-audio-apr:qcom,q6core-audio:sound: ASoC: no source widget found for ADC3_OUTPUT
06-12 13:45:47.194 0 0 E : [ 5.771001] kona-asoc-snd soc:qcom,msm-audio-apr:qcom,q6core-audio:sound: ASoC: Failed to add route ADC3_OUTPUT -> direct -> VA SWR_ADC2
06-12 13:45:47.194 0 0 E : [ 5.771017] kona-asoc-snd soc:qcom,msm-audio-apr:qcom,q6core-audio:sound: ASoC: no source widget found for ADC4_OUTPUT
06-12 13:45:47.194 0 0 E : [ 5.771019] kona-asoc-snd soc:qcom,msm-audio-apr:qcom,q6core-audio:sound: ASoC: Failed to add route ADC4_OUTPUT -> direct -> VA SWR_ADC3
06-12 13:45:47.194 0 0 E : [ 5.771035] kona-asoc-snd soc:qcom,msm-audio-apr:qcom,q6core-audio:sound: ASoC: no source widget found for DMIC1_OUTPUT
06-12 13:45:47.194 0 0 E : [ 5.771037] kona-asoc-snd soc:qcom,msm-audio-apr:qcom,q6core-audio:sound: ASoC: Failed to add route DMIC1_OUTPUT -> direct -> VA SWR_MIC0
06-12 13:45:47.194 0 0 E : [ 5.771053] kona-asoc-snd soc:qcom,msm-audio-apr:qcom,q6core-audio:sound: ASoC: no source widget found for DMIC2_OUTPUT
06-12 13:45:47.194 0 0 E : [ 5.771055] kona-asoc-snd soc:qcom,msm-audio-apr:qcom,q6core-audio:sound: ASoC: Failed to add route DMIC2_OUTPUT -> direct -> VA SWR_MIC1
06-12 13:45:47.194 0 0 E : [ 5.771071] kona-asoc-snd soc:qcom,msm-audio-apr:qcom,q6core-audio:sound: ASoC: no source widget found for DMIC3_OUTPUT
06-12 13:45:47.194 0 0 E : [ 5.771073] kona-asoc-snd soc:qcom,msm-audio-apr:qcom,q6core-audio:sound: ASoC: Failed to add route DMIC3_OUTPUT -> direct -> VA SWR_MIC2
06-12 13:45:47.194 0 0 E : [ 5.771088] kona-asoc-snd soc:qcom,msm-audio-apr:qcom,q6core-audio:sound: ASoC: no source widget found for DMIC4_OUTPUT
