06-12 13:45:51.363 1548 2054 I ExplicitHealthCheckController: No more health check requests, unbinding...
06-12 13:45:51.364 1548 2054 I ExplicitHealthCheckController: Explicit health check service is unbound
06-12 13:45:51.366 1936 2553 I sysui_multi_action: [757,213,758,4,759,-1]
06-12 13:45:51.381 1548 1622 I ActivityManagerTiming: FinishBooting
06-12 13:45:51.381 1548 1622 I boot_progress_enable_screen: 9958
06-12 13:45:51.384 1548 1622 I screen_toggled: 1
06-12 13:45:51.384 1548 1622 W KeyguardServiceDelegate: onScreenTurningOn(): no keyguard service!
06-12 13:45:51.391 1936 1936 W CarrierConfigManager: Error getting config for subId -1 ICarrierConfigLoader is null
06-12 13:45:51.400 1548 2074 D TelephonyRegistry: listen oscl: mHasNotifySubscriptionInfoChangedOccurred==false no callback
06-12 13:45:51.403 0 0 I [ 9.980075] bt_configure_gpios: BTON:Turn Bt Off bt-reset-gpio(1121) value(0)
06-12 13:45:51.403 0 0 I [ 9.980077] bt_configure_gpios: BTON:Turn Bt Off
06-12 13:45:51.403 0 0 I [ 9.980078] bt_configure_gpios: bt-sw-ctrl-gpio(1224) value(1)
06-12 13:45:51.403 0 0 I [ 9.980079] bt_enable_bt_reset_gpios_safely: bt_enable_bt_reset_gpios_safely: BTON:Turn Bt On
06-12 13:45:51.403 0 0 I [ 9.980080] bt_enable_bt_reset_gpios_safely: bt_enable_bt_reset_gpios_safely: wl-reset-gpio(1120) value(1)
06-12 13:45:51.403 0 0 I [ 9.980082] bt_enable_bt_reset_gpios_safely: bt_enable_bt_reset_gpios_safely: BTON: Asserting BT_EN
06-12 13:45:51.427 1548 2054 I StatusBarManagerService: registerStatusBar bar=com.android.internal.statusbar.IStatusBar$Stub$Proxy@ea07aa0
06-12 13:45:51.463 0 0 I [ 10.040069] bt_configure_gpios: BTON:Turn Bt On bt-reset-gpio(1121) value(1)
06-12 13:45:51.463 0 0 I : [ 10.040069]
06-12 13:45:51.463 0 0 I [ 10.040071] bt_configure_gpios: BTON:Turn Bt On
06-12 13:45:51.463 0 0 I [ 10.040072] bt_configure_gpios: bt-sw-ctrl-gpio(1224) value(1)
06-12 13:45:51.463 0 0 I [ 10.040073] bt_configure_gpios: bt_gpio= 1121 on: 1 is successful
06-12 13:45:51.486 0 0 I [ 10.062999] binder: 1936:2549 ioctl 40046210 6ce7da2124 returned -22
06-12 13:45:51.491 0 0 E [ 10.068552] bt_ioctl: unified Current SOC Version : 400a0200
06-12 13:45:51.487 921 921 I auditd : type=1400 audit(0.0:169): avc: denied { read write } for comm="sensors.qti" name="diag" dev="tmpfs" ino=12425 scontext=u:r:vendor_sensors_qti:s0 tcontext=u:object_r:vendor_diag_device:s0 tclass=chr_file permissive=0
06-12 13:45:51.498 0 0 D [ 10.074895] cnss: Received QMI WLFW pin connect result indication
06-12 13:45:51.498 0 0 D [ 10.074992] cnss: Pin connect Result: pwr_pin: 0x0 phy_io_pin: 0x0 rf_io_pin: 0x2b
06-12 13:45:51.498 0 0 D [ 10.074996] cnss: Received QMI WLFW calibration done indication
06-12 13:45:51.498 0 0 D [ 10.074998] cnss: Posting event: COLD_BOOT_CAL_DONE(6), state: 0xf flags: 0x0
06-12 13:45:51.498 0 0 D [ 10.075001] cnss: PM stay awake, state: 0xf, count: 1
06-12 13:45:51.498 0 0 D [ 10.075004] cnss: PM relax, state: 0xf, count: 0
06-12 13:45:51.498 0 0 D [ 10.075006] cnss: Received QMI WLFW FW ready indication
06-12 13:45:51.498 0 0 D [ 10.075008] cnss: Posting event: COLD_BOOT_CAL_DONE(6), state: 0xf flags: 0x0
06-12 13:45:51.498 0 0 D [ 10.075010] cnss: PM stay awake, state: 0xf, count: 1
06-12 13:45:51.498 0 0 D [ 10.075011] cnss: PM relax, state: 0xf, count: 0
06-12 13:45:51.498 0 0 D [ 10.075014] cnss: PM stay awake, state: 0xf, count: 1
06-12 13:45:51.498 0 0 D [ 10.075015] cnss: Processing driver event: COLD_BOOT_CAL_DONE(6), state: 0xf
06-12 13:45:51.498 0 0 D [ 10.075017] cnss: Calibration completed successfully
06-12 13:45:51.498 0 0 D [ 10.075020] cnss: Sending mode message, mode: OFF(4), state: 0xf
06-12 13:45:51.504 0 0 D [ 10.080834] cnss: WLFW server exiting
06-12 13:45:51.504 0 0 D [ 10.080847] cnss: Posting event: SERVER_EXIT(1), state: 0x2000f flags: 0x0
06-12 13:45:51.504 0 0 D [ 10.080851] cnss: Skip driver remove
06-12 13:45:51.504 0 0 D [ 10.080897] cnss: Read register offset 0x1f8031c, val = 0x2
06-12 13:45:51.504 0 0 D [ 10.080912] cnss: Write val 0x3 to register offset 0x1f8031c
06-12 13:45:51.506 0 0 D [ 10.083038] cnss: Setting MHI state: POWER_OFF(4)
06-12 13:45:51.523 0 0 D [ 10.100136] cnss: Suspending PCI link
06-12 13:45:51.531 0 0 I [ 10.108075] msm_pcie_disable: PCIe: Assert the reset of endpoint of RC0.
06-12 13:45:51.532 0 0 D [ 10.108371] cnss: Setting MHI state: DEINIT(1)
06-12 13:45:51.532 0 0 D [ 10.108508] cnss: De-assert WLAN_EN GPIO successfully
06-12 13:45:51.532 0 0 D [ 10.108510] cnss: Regulator vdd-wlan-rfa2 is being disabled
06-12 13:45:51.532 0 0 D [ 10.108513] cnss: Regulator vdd-wlan-rfa1 is being disabled
06-12 13:45:51.532 0 0 D [ 10.108515] cnss: Regulator vdd-wlan-dig is being disabled
06-12 13:45:51.532 0 0 D [ 10.108517] cnss: Regulator vdd-wlan-aon is being disabled
06-12 13:45:51.532 0 0 D [ 10.108519] cnss: Regulator wlan-ant-switch is being disabled
06-12 13:45:51.532 0 0 D [ 10.108536] cnss: Regulator vdd-wlan-io is being disabled
06-12 13:45:51.553 1548 1548 I sysui_multi_action: [757,1501,758,1,793,318,794,0,795,318,796,1,797,empty_media,806,com.android.systemui,857,empty_media_style_id,858,4,946,empty_media,947,0,1500,0,1641,transport,1688,1,1745,1043716538]
06-12 13:45:51.554 1548 1548 I sysui_multi_action: [757,804,799,note_interruptive,801,0,802,1]
06-12 13:45:51.554 1548 1548 I GameModeConfig: isGameModeOn = false
06-12 13:45:51.556 1548 1548 W NotificationHistory: Attempted to add notif for locked/gone/disabled user 0
06-12 13:45:51.556 1548 1548 I sysui_multi_action: [757,1501,758,1,793,281,794,0,795,281,796,32,806,android,857,USB,858,1,947,0,1500,0]
06-12 13:45:51.556 1548 1548 I sysui_multi_action: [757,804,799,note_interruptive,801,0,802,1]
06-12 13:45:51.556 1548 1548 I GameModeConfig: isGameModeOn = false
06-12 13:45:51.557 1548 1548 W NotificationHistory: Attempted to add notif for locked/gone/disabled user 0
06-12 13:45:51.587 0 0 D [ 10.164079] cnss: Processing driver event: COLD_BOOT_CAL_DONE(6), state: 0x20001
06-12 13:45:51.587 0 0 D [ 10.164083] cnss: Posting event: REGISTER_DRIVER(7)-sync, state: 0x20001 flags: 0x5
06-12 13:45:51.587 0 0 D [ 10.164083] cnss: Processing driver event: SERVER_EXIT(1), state: 0x20001
06-12 13:45:51.587 0 0 I [ 10.164085] cnss: QMI WLFW service disconnected, state: 0x20000
06-12 13:45:51.587 0 0 D [ 10.164151] cnss: Processing driver event: REGISTER_DRIVER-sync(7), state: 0x0
06-12 13:45:51.587 0 0 D [ 10.164155] cnss: Regulator vdd-wlan-io is being enabled
06-12 13:45:51.587 0 0 D [ 10.164157] cnss: Regulator wlan-ant-switch is being enabled
06-12 13:45:51.588 0 0 D [ 10.164707] cnss: Regulator vdd-wlan-aon is being enabled
06-12 13:45:51.588 0 0 D [ 10.164711] cnss: Regulator vdd-wlan-dig is being enabled
06-12 13:45:51.588 0 0 D [ 10.164713] cnss: Regulator vdd-wlan-rfa1 is being enabled
06-12 13:45:51.588 0 0 D [ 10.164716] cnss: Regulator vdd-wlan-rfa2 is being enabled
06-12 13:45:51.588 0 0 D [ 10.164723] cnss: BT_EN_GPIO State: On
06-12 13:45:51.588 0 0 D [ 10.165734] cnss: Assert WLAN_EN GPIO successfully
06-12 13:45:51.588 0 0 D [ 10.165736] cnss: Resuming PCI link
06-12 13:45:51.588 0 0 I [ 10.165756] msm_pcie_enable: PCIe: Assert the reset of endpoint of RC0.
06-12 13:45:51.592 0 0 I [ 10.169252] msm_pcie_enable: PCIe: RC0: PCIE20_PARF_INT_ALL_MASK: 0x7f80d202
06-12 13:45:51.594 0 0 I [ 10.171444] pcie_phy_init: PCIe RC0 PHY is ready!
06-12 13:45:51.604 0 0 I [ 10.181489] msm_pcie_enable: PCIe: Release the reset of endpoint of RC0.
06-12 13:45:51.607 1548 1918 D CompatibilityChangeReporter: Compat change id reported: 168419799; UID 10077; state: DISABLED
06-12 13:45:51.621 0 0 I [ 10.198024] msm_pcie_link_train: PCIe RC0 link initialized
06-12 13:45:51.635 0 0 I : [ 10.212068] cnss_pci 0000:01:00.0: enabling device (0000 -> 0002)
06-12 13:45:51.635 0 0 D [ 10.212256] cnss: Config PCIe remap window register to 0x4000003f
06-12 13:45:51.635 0 0 D [ 10.212272] cnss: Read register offset 0x1f8031c, val = 0x6
06-12 13:45:51.635 0 0 D [ 10.212276] cnss: Write val 0x2 to register offset 0x1f8031c
06-12 13:45:51.635 0 0 D [ 10.212278] cnss: Setting MHI state: INIT(0)
06-12 13:45:51.635 0 0 D [ 10.212420] cnss: Setting MHI state: POWER_ON(2)
06-12 13:45:51.635 0 0 W : [ 10.212594] cnss_pci 0000:01:00.0: Falling back to syfs fallback for: qca6390/amss20.bin
06-12 13:45:51.637 0 0 I [ 10.213980] ueventd: firmware: loading 'qca6390/amss20.bin' for '/devices/platform/soc/1c00000.qcom,pcie/pci0000:00/0000:00:00.0/0000:01:00.0/firmware/qca6390!amss20.bin'
06-12 13:45:51.641 1936 2546 W ActivityThread: Failed to find provider info for com.android.contacts (user not unlocked)
06-12 13:45:51.643 0 0 I [ 10.220339] ueventd: loading /devices/platform/soc/1c00000.qcom,pcie/pci0000:00/0000:00:00.0/0000:01:00.0/firmware/qca6390!amss20.bin took 6ms
06-12 13:45:51.714 1936 2537 W ActivityThread: Failed to find provider info for com.android.contacts (user not unlocked)
06-12 13:45:51.728 1936 2537 W ActivityThread: Failed to find provider info for com.android.contacts (user not unlocked)
06-12 13:45:51.734 1936 2537 W ActivityThread: Failed to find provider info for com.android.contacts (user not unlocked)
06-12 13:45:51.800 1146 1146 I iorapd : iorapd (the prefetchening) readied up
06-12 13:45:51.795 820 820 I auditd : type=1400 audit(0.0:170): avc: denied { read } for comm="Loc_hal_worker" name="u:object_r:vendor_pd_locater_dbg_prop:s0" dev="tmpfs" ino=11831 scontext=u:r:vendor_hal_gnss_qti:s0 tcontext=u:object_r:vendor_pd_locater_dbg_prop:s0 tclass=file permissive=0
06-12 13:45:51.923 1548 1622 I wm_boot_animation_done: 10500
06-12 13:45:51.923 1548 1622 I ActivityManagerTiming: FinishBooting
06-12 13:45:51.925 1548 1622 I ActivityManager: About to commit checkpoint
06-12 13:45:51.926 1548 1622 W ActivityManager: FinishBooting sync begin
06-12 13:45:51.929 1548 1622 W ActivityManager: FinishBooting sync end
06-12 13:45:51.929 1548 1622 I SystemServiceManager: Starting phase 1000
06-12 13:45:51.929 1548 1622 I ActivityManagerTiming: OnBootPhase_1000
06-12 13:45:51.929 1548 1622 I ActivityManagerTiming: OnBootPhase_1000_com.android.server.security.FileIntegrityService
06-12 13:45:51.929 1548 1622 I ActivityManagerTiming: OnBootPhase_1000_com.android.server.pm.Installer
06-12 13:45:51.929 1548 1622 I ActivityManagerTiming: OnBootPhase_1000_com.android.server.os.DeviceIdentifiersPolicyService
06-12 13:45:51.929 1548 1622 I ActivityManagerTiming: OnBootPhase_1000_com.android.server.uri.UriGrantsManagerService$Lifecycle
06-12 13:45:51.929 1548 1622 I ActivityManagerTiming: OnBootPhase_1000_com.android.server.powerstats.PowerStatsService
06-12 13:45:51.929 1548 1622 E PowerStatsService: Failed to start PowerStatsService loggers
06-12 13:45:51.929 1548 1622 I ActivityManagerTiming: OnBootPhase_1000_com.android.server.wm.ActivityTaskManagerService$Lifecycle
06-12 13:45:51.929 1548 1622 I ActivityManagerTiming: OnBootPhase_1000_com.android.server.am.ActivityManagerService$Lifecycle
06-12 13:45:51.929 1548 1622 I ActivityManagerTiming: OnBootPhase_1000_com.android.server.pm.DataLoaderManagerService
06-12 13:45:51.929 1548 1622 I ActivityManagerTiming: OnBootPhase_1000_com.android.server.power.PowerManagerService
06-12 13:45:51.930 1548 1622 I ActivityManagerTiming: OnBootPhase_1000_com.android.server.power.ThermalManagerService
06-12 13:45:51.930 1548 1622 I ActivityManagerTiming: OnBootPhase_1000_com.android.server.power.hint.HintManagerService
06-12 13:45:51.930 1548 1622 I ActivityManagerTiming: OnBootPhase_1000_com.android.server.recoverysystem.RecoverySystemService$Lifecycle
06-12 13:45:51.930 1548 1622 I ActivityManagerTiming: OnBootPhase_1000_com.android.server.lights.LightsService
06-12 13:45:51.930 1548 1622 I ActivityManagerTiming: OnBootPhase_1000_com.android.server.display.DisplayManagerService
06-12 13:45:51.931 1548 1671 V DisplayPowerController[0]: Brightness [0.0] reason changing to: 'manual', previous reason: 'override'.
06-12 13:45:51.932 1548 1911 E DisplayDeviceConfig: requesting nits when no mapping exists.
06-12 13:45:51.932 1548 1911 E DisplayDeviceConfig: requesting nits when no mapping exists.
06-12 13:45:51.932 1548 1638 I am_wtf : [0,1548,system_server,-1,DisplayDeviceConfig,requesting nits when no mapping exists.]
06-12 13:45:51.932 1548 1622 I ActivityManagerTiming: OnBootPhase_1000_com.android.server.pm.verify.domain.DomainVerificationService
06-12 13:45:51.932 1548 1622 I ActivityManagerTiming: OnBootPhase_1000_com.android.server.pm.PackageInstallerService$Lifecycle
06-12 13:45:51.932 1548 1622 I ActivityManagerTiming: OnBootPhase_1000_com.android.server.pm.UserManagerService$LifeCycle
06-12 13:45:51.932 1548 1622 I ActivityManagerTiming: OnBootPhase_1000_com.android.server.om.OverlayManagerService
06-12 13:45:51.932 1548 1622 I ActivityManagerTiming: OnBootPhase_1000_com.android.server.SensorPrivacyService
06-12 13:45:51.932 1548 1622 I ActivityManagerTiming: OnBootPhase_1000_com.android.server.thunderperf.ThunderBoostPerfService
06-12 13:45:51.932 1548 1622 I ActivityManagerTiming: OnBootPhase_1000_com.android.server.sensors.SensorService
06-12 13:45:51.932 1548 1622 I ActivityManagerTiming: OnBootPhase_1000_com.android.server.SystemConfigService
06-12 13:45:51.932 1548 1622 I ActivityManagerTiming: OnBootPhase_1000_com.android.server.BatteryService
06-12 13:45:51.933 1548 1622 I ActivityManagerTiming: OnBootPhase_1000_com.android.server.usage.UsageStatsService
06-12 13:45:51.934 1548 1622 I ActivityManagerTiming: OnBootPhase_1000_com.android.server.webkit.WebViewUpdateService
06-12 13:45:51.934 1548 1622 I ActivityManagerTiming: OnBootPhase_1000_com.android.server.CachedDeviceStateService
06-12 13:45:51.934 1548 1622 I ActivityManagerTiming: OnBootPhase_1000_com.android.server.BinderCallsStatsService$LifeCycle
06-12 13:45:51.934 1548 1622 I ActivityManagerTiming: OnBootPhase_1000_com.android.server.LooperStatsService$Lifecycle
06-12 13:45:51.934 1548 1622 I ActivityManagerTiming: OnBootPhase_1000_com.android.server.rollback.RollbackManagerService
06-12 13:45:51.934 1548 1622 I ActivityManagerTiming: OnBootPhase_1000_com.android.server.os.NativeTombstoneManagerService
06-12 13:45:51.934 1548 1622 I ActivityManagerTiming: OnBootPhase_1000_com.android.server.os.BugreportManagerService
06-12 13:45:51.934 1548 1622 I ActivityManagerTiming: OnBootPhase_1000_com.android.server.gpu.GpuService
06-12 13:45:51.935 1548 1808 D RollbackManager: mRollbackLifetimeDurationInMillis=1209600000
06-12 13:45:51.936 1548 1638 I DropBoxManagerService: add tag=system_server_wtf isTagEnabled=true flags=0x2
06-12 13:45:51.937 1548 1638 I am_wtf : [0,1548,system_server,-1,DisplayDeviceConfig,requesting nits when no mapping exists.]
06-12 13:45:51.938 1548 1638 I DropBoxManagerService: add tag=system_server_wtf isTagEnabled=true flags=0x2
06-12 13:45:51.939 1548 1622 I ActivityManagerTiming: OnBootPhase_1000_com.android.server.security.KeyChainSystemService
06-12 13:45:51.939 1548 1622 I ActivityManagerTiming: OnBootPhase_1000_com.android.server.telecom.TelecomLoaderService
06-12 13:45:51.939 1548 1622 I ActivityManagerTiming: OnBootPhase_1000_com.android.server.accounts.AccountManagerService$Lifecycle
06-12 13:45:51.939 1548 1622 I ActivityManagerTiming: OnBootPhase_1000_com.android.server.content.ContentService$Lifecycle
06-12 13:45:51.939 1548 1622 I ActivityManagerTiming: OnBootPhase_1000_com.android.server.DropBoxManagerService
06-12 13:45:51.939 1548 1622 I ActivityManagerTiming: OnBootPhase_1000_com.android.role.RoleService
06-12 13:45:51.939 1548 1622 I ActivityManagerTiming: OnBootPhase_1000_com.android.server.vibrator.VibratorManagerService$Lifecycle
06-12 13:45:51.939 1548 1622 I ActivityManagerTiming: OnBootPhase_1000_com.android.server.alarm.AlarmManagerService
06-12 13:45:51.939 1548 1622 I ActivityManagerTiming: OnBootPhase_1000_com.android.server.devicestate.DeviceStateManagerService
06-12 13:45:51.939 1548 1622 I ActivityManagerTiming: OnBootPhase_1000_com.android.server.camera.CameraServiceProxy
06-12 13:45:51.939 1548 1803 D AppStandbyController: Loading headless system app cache. appIdleEnabled=false
06-12 13:45:51.940 1548 1622 I ActivityManagerTiming: OnBootPhase_1000_com.android.server.BluetoothService
06-12 13:45:51.940 1548 1622 I ActivityManagerTiming: OnBootPhase_1000_com.android.server.connectivity.IpConnectivityMetrics
06-12 13:45:51.940 1548 1622 I ActivityManagerTiming: OnBootPhase_1000_com.android.server.net.watchlist.NetworkWatchlistService$Lifecycle
06-12 13:45:51.940 1548 1622 I ActivityManagerTiming: OnBootPhase_1000_com.android.server.PinnerService
06-12 13:45:51.940 1548 1622 I ActivityManagerTiming: OnBootPhase_1000_com.google.android.startop.iorap.IorapForwardingService
06-12 13:45:51.940 1548 1622 I ActivityManagerTiming: OnBootPhase_1000_com.android.server.ActivityTriggerService
06-12 13:45:51.940 1548 1622 I ActivityManagerTiming: OnBootPhase_1000_com.android.server.integrity.AppIntegrityManagerService
06-12 13:45:51.940 1548 1622 I ActivityManagerTiming: OnBootPhase_1000_com.android.server.inputmethod.InputMethodManagerService$Lifecycle
06-12 13:45:51.940 1548 1622 I ActivityManagerTiming: OnBootPhase_1000_com.android.server.accessibility.AccessibilityManagerService$Lifecycle
06-12 13:45:51.940 1548 1622 I ActivityManagerTiming: OnBootPhase_1000_com.android.server.StorageManagerService$Lifecycle
06-12 13:45:51.940 1548 1622 I ActivityManagerTiming: OnBootPhase_1000_com.android.server.usage.StorageStatsService$Lifecycle
06-12 13:45:51.940 1548 1622 I ActivityManagerTiming: OnBootPhase_1000_com.android.server.UiModeManagerService
06-12 13:45:51.940 1548 1622 I ActivityManagerTiming: OnBootPhase_1000_com.android.server.locksettings.LockSettingsService$Lifecycle
06-12 13:45:51.940 1548 1842 D StorageManagerService: Thinking about init, mBootCompleted=true, mDaemonConnected=true
06-12 13:45:51.940 1548 1842 D StorageManagerService: Thinking about reset, mBootCompleted=true, mDaemonConnected=true
06-12 13:45:51.940 1548 1842 I StorageSessionController: Started resetting external storage service...
06-12 13:45:51.940 1548 1842 I StorageSessionController: Finished resetting external storage service
06-12 13:45:51.940 1548 1842 I StorageManagerService: Resetting vold...
06-12 13:45:51.940 1548 1622 I ActivityManagerTiming: OnBootPhase_1000_com.android.server.PersistentDataBlockService
06-12 13:45:51.940 1548 1622 I ActivityManagerTiming: OnBootPhase_1000_com.android.server.testharness.TestHarnessModeService
06-12 13:45:51.940 1548 1622 D TestHarnessModeService: Completing Test Harness Mode setup.
06-12 13:45:51.941 1548 1842 I StorageManagerService: Reset vold
06-12 13:45:51.941 531 531 I vold : onUserAdded: 0
06-12 13:45:51.950 1548 1622 I ActivityManagerTiming: OnBootPhase_1000_com.android.server.oemlock.OemLockService
06-12 13:45:51.950 1548 1622 I ActivityManagerTiming: OnBootPhase_1000_com.android.server.DeviceIdleController
06-12 13:45:51.950 1548 1622 I ActivityManagerTiming: OnBootPhase_1000_com.android.server.devicepolicy.DevicePolicyManagerService$Lifecycle
06-12 13:45:51.950 1548 1622 I ActivityManagerTiming: OnBootPhase_1000_com.android.server.texttospeech.TextToSpeechManagerService
06-12 13:45:51.950 1548 1622 I ActivityManagerTiming: OnBootPhase_1000_com.android.server.speech.SpeechRecognitionManagerService
06-12 13:45:51.950 1548 1622 I ActivityManagerTiming: OnBootPhase_1000_com.android.server.searchui.SearchUiManagerService
06-12 13:45:51.950 1548 1622 I ActivityManagerTiming: OnBootPhase_1000_com.android.server.smartspace.SmartspaceManagerService
06-12 13:45:51.950 1548 1622 I ActivityManagerTiming: OnBootPhase_1000_com.android.server.graphics.fonts.FontManagerService$Lifecycle
06-12 13:45:51.950 1548 1622 I ActivityManagerTiming: OnBootPhase_1000_com.android.server.textservices.TextServicesManagerService$Lifecycle
06-12 13:45:51.950 1548 1622 I ActivityManagerTiming: OnBootPhase_1000_com.android.server.textclassifier.TextClassificationManagerService$Lifecycle
06-12 13:45:51.950 1548 1622 I ActivityManagerTiming: OnBootPhase_1000_com.android.server.NetworkScoreService$Lifecycle
06-12 13:45:51.950 1548 1622 I ActivityManagerTiming: OnBootPhase_1000_com.android.server.wifi.WifiService
06-12 13:45:51.950 1548 1622 I ActivityManagerTiming: OnBootPhase_1000_com.android.server.wifi.scanner.WifiScanningService
06-12 13:45:51.950 1548 1622 I ActivityManagerTiming: OnBootPhase_1000_com.android.server.wifi.rtt.RttService
06-12 13:45:51.950 1548 1622 I ActivityManagerTiming: OnBootPhase_1000_com.android.server.wifi.aware.WifiAwareService
06-12 13:45:51.950 1548 1622 I ActivityManagerTiming: OnBootPhase_1000_com.android.server.wifi.p2p.WifiP2pService
06-12 13:45:51.950 1548 1622 I ActivityManagerTiming: OnBootPhase_1000_com.android.server.ethernet.EthernetService
06-12 13:45:51.950 1548 1622 I ActivityManagerTiming: OnBootPhase_1000_com.android.server.ConnectivityServiceInitializer
06-12 13:45:51.950 1548 1622 I ActivityManagerTiming: OnBootPhase_1000_com.android.server.notification.NotificationManagerService
06-12 13:45:51.950 1548 1622 I ActivityManagerTiming: OnBootPhase_1000_com.android.server.storage.DeviceStorageMonitorService
06-12 13:45:51.950 1548 1622 I ActivityManagerTiming: OnBootPhase_1000_com.android.server.location.LocationManagerService$Lifecycle
06-12 13:45:51.950 1548 1622 I ActivityManagerTiming: OnBootPhase_1000_com.android.server.timedetector.TimeDetectorService$Lifecycle
06-12 13:45:51.950 1548 1622 I ActivityManagerTiming: OnBootPhase_1000_com.android.server.timezonedetector.TimeZoneDetectorService$Lifecycle
06-12 13:45:51.950 1548 1622 I ActivityManagerTiming: OnBootPhase_1000_com.android.server.timezonedetector.location.LocationTimeZoneManagerService$Lifecycle
06-12 13:45:51.950 1548 1622 I ActivityManagerTiming: OnBootPhase_1000_com.android.server.search.SearchManagerService$Lifecycle
06-12 13:45:51.950 1548 1622 I ActivityManagerTiming: OnBootPhase_1000_com.android.server.wallpaper.WallpaperManagerService$Lifecycle
06-12 13:45:51.950 1548 1622 I ActivityManagerTiming: OnBootPhase_1000_com.android.server.audio.AudioService$Lifecycle
06-12 13:45:51.950 1548 1622 I ActivityManagerTiming: OnBootPhase_1000_com.android.server.soundtrigger_middleware.SoundTriggerMiddlewareService$Lifecycle
06-12 13:45:51.950 1548 1622 I ActivityManagerTiming: OnBootPhase_1000_com.android.server.DockObserver
06-12 13:45:51.951 1548 1622 I ActivityManagerTiming: OnBootPhase_1000_com.android.server.midi.MidiService$Lifecycle
06-12 13:45:51.951 1548 1622 I ActivityManagerTiming: OnBootPhase_1000_com.android.server.adb.AdbService$Lifecycle
06-12 13:45:51.951 1548 1622 I ActivityManagerTiming: OnBootPhase_1000_com.android.server.usb.UsbService$Lifecycle
06-12 13:45:51.951 1548 1622 I ActivityManagerTiming: OnBootPhase_1000_com.android.server.twilight.TwilightService
06-12 13:45:51.953 1548 1548 I notification_enqueue: [1000,1548,android,26,NULL,-1,Notification(channel=DEVELOPER_IMPORTANT shortcut=null contentView=null vibrate=null sound=null tick defaults=0x0 flags=0x2 color=0x00000000 vis=PUBLIC),0]
06-12 13:45:51.959 1548 1622 I ActivityManagerTiming: OnBootPhase_1000_com.android.server.display.color.ColorDisplayService
06-12 13:45:51.959 1548 1622 I ActivityManagerTiming: OnBootPhase_1000_com.android.server.job.JobSchedulerService
06-12 13:45:51.959 1548 1622 I ActivityManagerTiming: OnBootPhase_1000_com.android.server.soundtrigger.SoundTriggerService
06-12 13:45:51.959 1548 1622 D SoundTriggerService: onBootPhase: 1000 : false
06-12 13:45:51.959 1548 1622 I ActivityManagerTiming: OnBootPhase_1000_com.android.server.trust.TrustManagerService
06-12 13:45:51.959 1548 1622 I ActivityManagerTiming: OnBootPhase_1000_com.android.server.backup.BackupManagerService$Lifecycle
06-12 13:45:51.959 1548 1622 I ActivityManagerTiming: OnBootPhase_1000_com.android.server.appwidget.AppWidgetService
06-12 13:45:51.959 1548 1622 I ActivityManagerTiming: OnBootPhase_1000_com.android.server.voiceinteraction.VoiceInteractionManagerService
06-12 13:45:51.959 1548 2716 D AdbDebuggingManager: Received public key: QAAAAK9Q1y6x+YmeuBGWu5tnb3w/uCVsT62jp1fGUddgnGPuM5V+9snAbG3J/cAeEpCzTYCX7P+n9C7U37uhDp7wCJMGhslkUOxijrsDfeAHpHefSihJNmUToVVh3j/C+KFgzN21IEWcpY6a7BAhcDokP+0rX+32U4+xbef2VYYoUu8mRIt366bDcuCoO11lGwnh4mKWN6mwcXC3xAeVTZv2qlPQbtJqo3ni61H0l6Vo4y0BYVhGMVr69NgHP6HFd63JxYLR7ISWMjLZpMFe3bhn1fzcpSn1sv8rGk5Rs7dknAJuDKHBH0X+q8ZfJFZRH/jE63JNdo1gABrH+P/X5lDxSuOgaI7alfomvLJn6cfINpgHE0pFx70+5PfW/7fmfJwp8XtW4ogD1EuE6SeezHJDsZOdHspydShlxyvRZ4arhiIav8OwAkAb2YiSXgXUdLiiqdZWv38a3dOWQDTAfZe+kbHHCbX2/pv43ZUEfFy4t1fs/911vFnEx/oAfISTeruN4b2lfNAYdo3PRtAoeq69rD7VXrOdUiZ8WCkpuKJR/jSWBFoHeJFBVQcGm6CCR0gwWUYAqI5WGfzZI0k2OJ3wIo06qzSEGMBsTuaib7Z9SX/VVbsDFJeY9rTRXmBmkVwraLtAnMW3O/G9X7gLyeeSWGu88ehKgMZRmnklsc0jDK2OrNrrzgEAAQA= @unknown
06-12 13:45:51.959 1548 1622 I ActivityManagerTiming: OnBootPhase_1000_com.android.server.apphibernation.AppHibernationService
06-12 13:45:51.960 1548 1622 I ActivityManagerTiming: OnBootPhase_1000_com.android.server.SensorNotificationService
06-12 13:45:51.960 1548 1619 D AdbDebuggingManager: Logging key QAAAAK9Q1y6x+YmeuBGWu5tnb3w/uCVsT62jp1fGUddgnGPuM5V+9snAbG3J/cAeEpCzTYCX7P+n9C7U37uhDp7wCJMGhslkUOxijrsDfeAHpHefSihJNmUToVVh3j/C+KFgzN21IEWcpY6a7BAhcDokP+0rX+32U4+xbef2VYYoUu8mRIt366bDcuCoO11lGwnh4mKWN6mwcXC3xAeVTZv2qlPQbtJqo3ni61H0l6Vo4y0BYVhGMVr69NgHP6HFd63JxYLR7ISWMjLZpMFe3bhn1fzcpSn1sv8rGk5Rs7dknAJuDKHBH0X+q8ZfJFZRH/jE63JNdo1gABrH+P/X5lDxSuOgaI7alfomvLJn6cfINpgHE0pFx70+5PfW/7fmfJwp8XtW4ogD1EuE6SeezHJDsZOdHspydShlxyvRZ4arhiIav8OwAkAb2YiSXgXUdLiiqdZWv38a3dOWQDTAfZe+kbHHCbX2/pv43ZUEfFy4t1fs/911vFnEx/oAfISTeruN4b2lfNAYdo3PRtAoeq69rD7VXrOdUiZ8WCkpuKJR/jSWBFoHeJFBVQcGm6CCR0gwWUYAqI5WGfzZI0k2OJ3wIo06qzSEGMBsTuaib7Z9SX/VVbsDFJeY9rTRXmBmkVwraLtAnMW3O/G9X7gLyeeSWGu88ehKgMZRmnklsc0jDK2OrNrrzgEAAQA= @unknown, state = 1, alwaysAllow = false, lastConnectionTime = 0, authWindow = 604800000
06-12 13:45:51.961 1548 2717 I HibernationStateDiskStore: No hibernation file on disk for file /data/system/hibernation/states
06-12 13:45:51.961 1548 1622 D CompatibilityChangeReporter: Compat change id reported: 168936375; UID 1000; state: ENABLED
06-12 13:45:51.962 1548 1622 D CompatibilityChangeReporter: Compat change id reported: 168936375; UID 1000; state: DISABLED
06-12 13:45:51.963 1548 1622 D CompatibilityChangeReporter: Compat change id reported: 73144566; UID 1000; state: ENABLED
06-12 13:45:51.963 1548 1622 D CompatibilityChangeReporter: Compat change id reported: 73144566; UID 1000; state: DISABLED
06-12 13:45:51.963 1548 1622 I ActivityManagerTiming: OnBootPhase_1000_com.android.server.emergency.EmergencyAffordanceService
06-12 13:45:51.963 1548 1622 I ActivityManagerTiming: OnBootPhase_1000_com.android.server.blob.BlobStoreManagerService
06-12 13:45:51.964 1548 1622 I ActivityManagerTiming: OnBootPhase_1000_com.android.server.dreams.DreamManagerService
06-12 13:45:51.964 1548 1622 I ActivityManagerTiming: OnBootPhase_1000_com.android.server.companion.CompanionDeviceManagerService
06-12 13:45:51.964 1548 1622 I ActivityManagerTiming: OnBootPhase_1000_com.android.server.restrictions.RestrictionsManagerService
06-12 13:45:51.964 1548 1622 I ActivityManagerTiming: OnBootPhase_1000_com.android.server.media.MediaSessionService
06-12 13:45:51.965 1548 1622 I ActivityManagerTiming: OnBootPhase_1000_com.android.server.media.MediaResourceMonitorService
06-12 13:45:51.965 1548 1622 I ActivityManagerTiming: OnBootPhase_1000_com.android.server.biometrics.sensors.fingerprint.FingerprintService
06-12 13:45:51.965 1548 1622 I ActivityManagerTiming: OnBootPhase_1000_com.android.server.biometrics.BiometricService
06-12 13:45:51.965 1548 1622 I ActivityManagerTiming: OnBootPhase_1000_com.android.server.biometrics.AuthService
06-12 13:45:51.965 1548 1622 I ActivityManagerTiming: OnBootPhase_1000_com.android.server.pm.ShortcutService$Lifecycle
06-12 13:45:51.965 1548 1622 I ActivityManagerTiming: OnBootPhase_1000_com.android.server.pm.LauncherAppsService
06-12 13:45:51.965 1548 1622 I ActivityManagerTiming: OnBootPhase_1000_com.android.server.pm.CrossProfileAppsService
06-12 13:45:51.965 1548 1622 I ActivityManagerTiming: OnBootPhase_1000_com.android.server.people.PeopleService
06-12 13:45:51.965 1548 1622 I ActivityManagerTiming: OnBootPhase_1000_com.android.server.media.metrics.MediaMetricsManagerService
06-12 13:45:51.965 1548 1622 I ActivityManagerTiming: OnBootPhase_1000_com.android.server.media.projection.MediaProjectionManagerService
06-12 13:45:51.965 1548 1622 I ActivityManagerTiming: OnBootPhase_1000_com.android.server.slice.SliceManagerService$Lifecycle
06-12 13:45:51.966 1548 1622 I ActivityManagerTiming: OnBootPhase_1000_com.android.server.stats.StatsCompanion$Lifecycle
06-12 13:45:51.966 1548 1622 I ActivityManagerTiming: OnBootPhase_1000_com.android.server.scheduling.RebootReadinessManagerService$Lifecycle
06-12 13:45:51.966 1548 1622 I ActivityManagerTiming: OnBootPhase_1000_com.android.server.stats.pull.StatsPullAtomService
06-12 13:45:51.966 1548 1622 I ActivityManagerTiming: OnBootPhase_1000_com.android.server.incident.IncidentCompanionService
06-12 13:45:51.966 1548 1622 I ActivityManagerTiming: OnBootPhase_1000_com.android.server.MmsServiceBroker
06-12 13:45:51.966 1548 1622 I ActivityManagerTiming: OnBootPhase_1000_com.android.server.autofill.AutofillManagerService
06-12 13:45:51.966 1548 1622 I ActivityManagerTiming: OnBootPhase_1000_com.android.server.clipboard.ClipboardService
06-12 13:45:51.966 1548 1622 I ActivityManagerTiming: OnBootPhase_1000_com.android.server.appbinding.AppBindingService$Lifecycle
06-12 13:45:51.966 1548 1622 I ActivityManagerTiming: OnBootPhase_1000_com.android.server.tracing.TracingServiceProxy
06-12 13:45:51.966 1548 1622 I ActivityManagerTiming: OnBootPhase_1000_com.android.server.policy.PermissionPolicyService
06-12 13:45:51.966 1548 1622 I ActivityManagerTiming: OnBootPhase_1000_com.android.server.pm.StagingManager$Lifecycle
06-12 13:45:51.966 1548 1622 I ActivityManagerTiming: OnBootPhase_1000_com.android.server.app.GameManagerService$Lifecycle
06-12 13:45:51.966 1548 1622 D GameManagerService: onBootCompleted
06-12 13:45:51.966 1548 1622 I ActivityManagerTiming: OnBootPhase_1000_com.android.server.appsearch.AppSearchManagerService
06-12 13:45:51.967 1548 1622 I ActivityManagerTiming: OnBootPhase_1000_com.android.server.media.MediaCommunicationService
06-12 13:45:51.967 1548 1622 D ActivityManagerTiming: TotalBootTime took to complete: 3900ms
06-12 13:45:51.967 1548 1622 D SystemServerInitThreadPool: Shutdown requested
06-12 13:45:51.967 1548 1622 I SystemServerTiming: WaitInitThreadPoolShutdown
06-12 13:45:51.969 1548 1622 D SystemServerInitThreadPool: Shutdown successful
06-12 13:45:51.969 1548 1622 I uc_finish_user_boot: 0
06-12 13:45:51.969 1548 1622 I ActivityManager: User 0 state changed from BOOTING to RUNNING_LOCKED
06-12 13:45:51.969 1548 1622 I am_user_state_changed: [0,1]
06-12 13:45:51.969 1548 1622 W ActivityManager: UserLifecycleEvent 4 received without an active userJourneySession.
06-12 13:45:51.971 1548 1622 I uc_send_user_broadcast: [0,android.intent.action.LOCKED_BOOT_COMPLETED]
06-12 13:45:51.972 1548 1622 D StorageManagerService: unlockUserKey: 0 isFileEncryptedNativeOrEmulated: true hasToken: false hasSecret: false
06-12 13:45:51.972 531 531 D vold : fscrypt_unlock_user_key 0 serial=0
06-12 13:45:51.973 1548 1619 I thunderperf: PlatormCompat.setOverrides: Uid1=1000 Pid1=1548 Uid2=1000 Pid2=1548
06-12 13:45:51.973 1548 1619 I thunderperf: PlatormCompat.setOverrides: needCheck:false
06-12 13:45:51.973 1548 1619 I thunderperf: CompatConfig.addOverrideUnsafe: bef-state=0
06-12 13:45:51.973 1548 1619 I thunderperf: CompatConfig.addOverrideUnsafe: aft-state=0
06-12 13:45:51.973 1548 1619 I thunderperf: CompatConfig.addOverrideUnsafe: bef-state=0
06-12 13:45:51.973 1548 1619 I thunderperf: CompatConfig.addOverrideUnsafe: aft-state=0
06-12 13:45:51.974 1548 2072 D Fingerprint21: Daemon was null, reconnecting, current operation: null
06-12 13:45:51.974 1548 1619 I thunderperf: CompatConfig.addOverrideUnsafe: bef-state=0
06-12 13:45:51.974 1548 1619 I thunderperf: CompatConfig.addOverrideUnsafe: aft-state=0
06-12 13:45:51.974 531 531 D vold : Trying user CE key /data/misc/vold/user_keys/ce/0/current
06-12 13:45:51.974 1548 1619 I thunderperf: CompatConfig.addOverrideUnsafe: bef-state=0
06-12 13:45:51.974 1548 1619 I thunderperf: CompatConfig.addOverrideUnsafe: aft-state=0
06-12 13:45:51.974 1548 1619 I thunderperf: CompatConfig.addOverrideUnsafe: bef-state=0
06-12 13:45:51.974 1548 1619 I thunderperf: CompatConfig.addOverrideUnsafe: aft-state=0
06-12 13:45:51.975 1548 1619 I thunderperf: CompatConfig.addOverrideUnsafe: bef-state=0
06-12 13:45:51.975 1548 1619 I thunderperf: CompatConfig.addOverrideUnsafe: aft-state=0
06-12 13:45:51.975 1548 1619 I thunderperf: CompatConfig.addOverrideUnsafe: bef-state=0
06-12 13:45:51.975 1548 1619 I thunderperf: CompatConfig.addOverrideUnsafe: aft-state=0
06-12 13:45:51.976 1548 2072 D Fingerprint21: Fingerprint HAL ready, HAL ID: 5326416
06-12 13:45:51.977 1548 1619 I thunderperf: CompatConfig.addOverrideUnsafe: bef-state=0
06-12 13:45:51.977 1548 1619 I thunderperf: CompatConfig.addOverrideUnsafe: aft-state=0
06-12 13:45:51.977 1548 1548 D BiometricScheduler/Fingerprint21: [Added] {[0] FingerprintUpdateActiveUserClient, proto=1, owner=android, cookie=0, requestId=-1, userId=0}, new queue size: 1
06-12 13:45:51.977 1548 1548 D BiometricScheduler/Fingerprint21: [Polled] {[0] FingerprintUpdateActiveUserClient, proto=1, owner=android, cookie=0, requestId=-1, userId=0}, State: 0
06-12 13:45:51.977 1548 1548 D BiometricScheduler/Fingerprint21: [Starting] {[0] FingerprintUpdateActiveUserClient, proto=1, owner=android, cookie=0, requestId=-1, userId=0}, State: 0
06-12 13:45:51.977 1548 1548 D BiometricScheduler/Fingerprint21: [Started] {[0] FingerprintUpdateActiveUserClient, proto=1, owner=android, cookie=0, requestId=-1, userId=0}
06-12 13:45:51.978 1548 1619 I thunderperf: CompatConfig.addOverrideUnsafe: bef-state=0
06-12 13:45:51.978 1548 1619 I thunderperf: CompatConfig.addOverrideUnsafe: aft-state=0
06-12 13:45:51.978 1548 1619 I thunderperf: CompatConfig.addOverrideUnsafe: bef-state=0
06-12 13:45:51.978 1548 1619 I thunderperf: CompatConfig.addOverrideUnsafe: aft-state=0
06-12 13:45:51.979 1548 1619 I thunderperf: CompatConfig.addOverrideUnsafe: bef-state=0
06-12 13:45:51.979 1548 1619 I thunderperf: CompatConfig.addOverrideUnsafe: aft-state=0
06-12 13:45:51.979 1548 1619 I thunderperf: CompatConfig.addOverrideUnsafe: bef-state=0
06-12 13:45:51.979 1548 1619 I thunderperf: CompatConfig.addOverrideUnsafe: aft-state=0
06-12 13:45:51.979 1548 1619 I thunderperf: CompatConfig.addOverrideUnsafe: bef-state=0
06-12 13:45:51.979 1548 1619 I thunderperf: CompatConfig.addOverrideUnsafe: aft-state=0
06-12 13:45:51.980 1548 1619 I thunderperf: CompatConfig.addOverrideUnsafe: bef-state=0
06-12 13:45:51.980 1548 1619 I thunderperf: CompatConfig.addOverrideUnsafe: aft-state=0
06-12 13:45:51.984 1548 1619 I ActivityTaskManager: START u0 {flg=0x10000000 cmp=com.android.systemui/.usb.UsbDebuggingActivity (has extras)} from uid 1000
06-12 13:45:51.984 1548 1619 D ActivityTaskManager: TaskLaunchParamsModifier:task=null activity=ActivityRecord{d8d34b6 u0 com.android.systemui/.usb.UsbDebuggingActivity taskAffinity=10077:com.android.systemui display-id=0 display-windowing-mode=1 suggested-display-area=DefaultTaskDisplayArea@262119703
06-12 13:45:51.986 0 0 D [ 10.561558] qbt: qbt_open: entry minor_no=0 fd_available=1
06-12 13:45:51.986 0 0 D [ 10.561560] qbt: qbt_open: exit : 0 fd_available=0
06-12 13:45:51.986 0 0 D [ 10.561602] qbt: qbt_open: entry minor_no=1 fd_available=0
06-12 13:45:51.986 0 0 D [ 10.561603] qbt: qbt_open: exit : 0 fd_available=0
06-12 13:45:51.986 0 0 D [ 10.561615] qbt: qbt_ioctl: cmd received 107
06-12 13:45:51.986 0 0 D [ 10.561616] qbt: qbt_ioctl: Acquiring wakelock
06-12 13:45:51.986 1548 1619 D ActivityTaskManager: TaskLaunchParamsModifier:task=null activity=ActivityRecord{d8d34b6 u0 com.android.systemui/.usb.UsbDebuggingActivity taskAffinity=10077:com.android.systemui t-1} display-id=0 display-windowing-mode=1 suggested-display-area=DefaultTaskDisplayArea@262119703 non-freeform-display display-area=DefaultTaskDisplayArea@262119703
06-12 13:45:51.986 1548 1619 I wm_task_created: [8,-1]
06-12 13:45:51.986 1548 1619 W ActivityTaskManager: Can't find TaskDisplayArea to determine support for multi window. Task id=8 attached=false
06-12 13:45:51.987 531 531 D vold : Successfully retrieved key
06-12 13:45:51.988 1548 1619 D ActivityTaskManager: TaskLaunchParamsModifier:task=Task{5f315b7 #8 type=standard A=10077:com.android.systemui U=0 visible=false mode=fullscreen translucent=true sz=0 visible freeform task=true rootAffinity=10077:com.android.systemui isMini=false} activity=ActivityRecord{d8d34b6 u0 com.android.systemui/.usb.UsbDebuggingActivity taskAffinity=10077:com.android.systemui t-1} display-from-task=0 display-id=0 display-windowing-mode=1 suggested-display-area=DefaultTaskDisplayArea@262119703 non-freeform-display display-area=DefaultTaskDisplayArea@262119703
06-12 13:45:51.989 1548 1619 D CompatibilityChangeReporter: Compat change id reported: 174042980; UID 10077; state: DISABLED
06-12 13:45:51.995 0 0 W [ 10.570045] QSEECOM: qseecom_load_app: App (fingerpr) does'nt exist, loading apps for first time
06-12 13:45:51.996 1548 1619 D CompatibilityChangeReporter: Compat change id reported: 184838306; UID 10077; state: DISABLED
06-12 13:45:51.998 1548 1619 D CompatibilityChangeReporter: Compat change id reported: 185004937; UID 10077; state: DISABLED
06-12 13:45:51.999 1548 1619 D CompatibilityChangeReporter: Compat change id reported: 181136395; UID 10077; state: DISABLED
06-12 13:45:51.999 1548 1619 D CompatibilityChangeReporter: Compat change id reported: 174042936; UID 10077; state: DISABLED
06-12 13:45:52.000 1548 1619 I wm_task_moved: [8,1,6]
06-12 13:45:52.000 1548 1619 I wm_task_to_front: [0,8]
06-12 13:45:52.000 1548 1619 I wm_create_task: [0,8]
06-12 13:45:52.000 1548 1619 I wm_create_activity: [0,227357878,8,com.android.systemui/.usb.UsbDebuggingActivity,NULL,NULL,NULL,276824064]
06-12 13:45:52.000 2423 2423 I wm_on_top_resumed_lost_called: [221693602,com.android.settings.FallbackHome,topStateChangedWhenResumed]
06-12 13:45:52.000 1548 1619 I wm_task_moved: [8,1,6]
06-12 13:45:52.001 1548 1619 I wm_pause_activity: [0,221693602,com.android.settings/.FallbackHome,userLeaving=true,pauseBackTasks]
06-12 13:45:52.004 2423 2423 I wm_on_paused_called: [221693602,com.android.settings.FallbackHome,performPause]
06-12 13:45:52.004 1548 2072 I ActivityTaskManager: FOREGROUND_APPLICATION_CHANGED to com.android.systemui.usb.UsbDebuggingActivity
06-12 13:45:52.005 1548 2072 I ActivityTaskManager: The Process com.android.systemui Already Exists in BG. So sending its PID: 1936
06-12 13:45:52.005 2725 2725 F libc : Fatal signal 6 (SIGABRT), code -1 (SI_QUEUE) in tid 2725 (init), pid 2725 (init)
06-12 13:45:52.005 1548 2072 I wm_restart_activity: [0,227357878,8,com.android.systemui/.usb.UsbDebuggingActivity]
06-12 13:45:52.006 1548 2072 I wm_set_resumed_activity: [0,com.android.systemui/.usb.UsbDebuggingActivity,minimalResumeActivityLocked]
06-12 13:45:52.007 1548 2072 D CompatibilityChangeReporter: Compat change id reported: 181136395; UID 1000; state: DISABLED
06-12 13:45:52.008 1548 2072 D CompatibilityChangeReporter: Compat change id reported: 174042936; UID 1000; state: DISABLED
06-12 13:45:52.008 1548 2072 D CompatibilityChangeReporter: Compat change id reported: 174042980; UID 1000; state: DISABLED
06-12 13:45:52.019 1936 1936 I wm_on_create_called: [227357878,com.android.systemui.usb.UsbDebuggingActivity,performCreate]
06-12 13:45:52.020 1936 1936 I wm_on_start_called: [227357878,com.android.systemui.usb.UsbDebuggingActivity,handleStartActivity]
06-12 13:45:52.020 1936 1936 I wm_on_resume_called: [227357878,com.android.systemui.usb.UsbDebuggingActivity,RESUME_ACTIVITY]
06-12 13:45:52.015 2731 2731 I auditd : type=1400 audit(0.0:171): avc: denied { ptrace } for comm="crash_dump64" scontext=u:r:crash_dump:s0 tcontext=u:r:init:s0 tclass=process permissive=0
06-12 13:45:52.023 0 0 W : [ 10.572707] Boot completed
06-12 13:45:52.023 0 0 D [ 10.599946] cnss: MHI status cb is called with reason MISSION_MODE(6)
06-12 13:45:52.023 0 0 D [ 10.599991] cnss: Completed event: REGISTER_DRIVER(7), state: 0x10, ret: 0/0
06-12 13:45:52.023 0 0 D [ 10.599995] cnss: PM relax, state: 0x10, count: 0
06-12 13:45:52.025 2725 2725 F libc : crash_dump helper failed to exec, or was killed
06-12 13:45:52.027 0 0 E [ 10.603699] register_client_adhoc: find path.src 1 dest 589
06-12 13:45:52.028 1936 1936 I wm_on_top_resumed_gained_called: [227357878,com.android.systemui.usb.UsbDebuggingActivity,topStateChangedWhenResumed]
06-12 13:45:52.031 0 0 E [ 10.603754] register_client_adhoc: Failed to find path.src 1 dest 589
06-12 13:45:52.031 0 0 E [ 10.605403] [drm: dp_display_init_aux_switch][msm-dp-err][616 ]failed to register notifier (-22)
06-12 13:45:52.033 0 0 E [ 10.609997] register_client_adhoc: find path.src 1 dest 589
06-12 13:45:52.033 0 0 E [ 10.610048] register_client_adhoc: Failed to find path.src 1 dest 589
06-12 13:45:52.033 0 0 E [ 10.610420] [drm: dp_display_init_aux_switch][msm-dp-err][953 ]failed to register notifier (-22)
06-12 13:45:52.053 1548 1623 I input_focus: [Focus request 8ae80bc com.android.systemui/com.android.systemui.usb.UsbDebuggingActivity,reason=UpdateInputWindows]
06-12 13:45:52.080 1548 2716 W AdbDebuggingManager: Read failed with count -1
06-12 13:45:52.081 1548 2716 E AdbDebuggingManager: Caught an exception opening the socket: java.io.IOException: Connection refused
06-12 13:45:52.089 1548 1619 I sysui_multi_action: [319,1442,322,1441,325,9,757,761,758,7,759,2,806,com.android.systemui,871,com.android.systemui.usb.UsbDebuggingActivity,904,android,905,0,945,550,1320,8,1321,5]
06-12 13:45:52.090 1548 1619 I wm_activity_launch_time: [0,227357878,com.android.systemui/.usb.UsbDebuggingActivity,1441]
06-12 13:45:52.097 0 0 I [ 10.673980] init: qssi copy & sync /metadata/vold/metadata_encryption/key/encrypted_key to /persist/key/encrypted_key_bak: No such file or directory
06-12 13:45:52.104 0 0 I [ 10.680176] init: qssi copy & sync /metadata/vold/metadata_encryption/key/keymaster_key_blob to /persist/key/keymaster_key_blob_bak: No such file or directory
06-12 13:45:52.106 0 0 I [ 10.683139] init: qssi copy & sync /metadata/vold/metadata_encryption/key/secdiscardable to /persist/key/secdiscardable_bak: No such file or directory
06-12 13:45:52.110 0 0 W [ 10.686263] QSEECOM: qseecom_load_app: App with id 7 (fingerpr) now loaded
06-12 13:45:52.112 0 0 I : [ 10.688768] read descriptors
06-12 13:45:52.112 0 0 I : [ 10.688791] read strings
06-12 13:45:52.122 0 0 I [ 10.696367] init: qssi copy & sync /metadata/vold/metadata_encryption/key/stretching to /persist/key/stretching_bak: No such file or directory
06-12 13:45:52.122 0 0 I : [ 10.698026] qcom_rpmh DRV:apps_rsc TCS Busy, retrying RPMH message send: addr=0x50000
06-12 13:45:52.122 0 0 I : [ 10.698039] qcom_rpmh DRV:apps_rsc TCS Busy, retrying RPMH message send: addr=0x50000
06-12 13:45:52.127 531 531 D vold : Installed fscrypt key with ref b45439841a76a7726d97bbc69835031b to /data
06-12 13:45:52.127 531 531 D vold : Added fscrypt-provisioning key for b45439841a76a7726d97bbc69835031b to session keyring
06-12 13:45:52.127 531 531 D vold : Installed ce key for user 0
06-12 13:45:52.127 1548 1622 I uc_finish_user_unlocking: 0
06-12 13:45:52.127 1548 1622 W ActivityManager: UserLifecycleEvent 5 received without an active userJourneySession.
06-12 13:45:52.127 1548 1622 D ActivityManager: Started unlocking user 0
06-12 13:45:52.127 1548 1622 D ActivityManager: Unlocking user 0 progress 0
06-12 13:45:52.127 1548 1622 D ActivityManager: Unlocking user 0 progress 5
06-12 13:45:52.128 531 531 D vold : fscrypt_prepare_user_storage for volume null, user 0, serial 0, flags 2
06-12 13:45:52.128 531 531 D vold : Preparing: /data/system_ce/0
06-12 13:45:52.128 531 531 D vold : Preparing: /data/misc_ce/0
06-12 13:45:52.128 531 531 D vold : Preparing: /data/vendor_ce/0
06-12 13:45:52.131 0 0 D [ 10.706933] cnss: WLFW server arriving: node 7 port 1
06-12 13:45:52.133 0 0 D [ 10.706938] cnss: Posting event: SERVER_ARRIVE(0), state: 0x10 flags: 0x0
06-12 13:45:52.133 0 0 D [ 10.706939] cnss: PM stay awake, state: 0x10, count: 1
06-12 13:45:52.133 0 0 D [ 10.706942] cnss: PM relax, state: 0x10, count: 0
06-12 13:45:52.133 0 0 D [ 10.706945] cnss: PM stay awake, state: 0x10, count: 1
06-12 13:45:52.133 0 0 D [ 10.706946] cnss: Processing driver event: SERVER_ARRIVE(0), state: 0x10
06-12 13:45:52.133 0 0 I [ 10.706948] cnss: QMI WLFW service connected, state: 0x11
06-12 13:45:52.134 0 0 D [ 10.706950] cnss: Sending indication register message, state: 0x11
06-12 13:45:52.134 0 0 D [ 10.710267] cnss: Sending host capability message, state: 0x11
06-12 13:45:52.134 0 0 D [ 10.710270] cnss: Number of clients is 2
06-12 13:45:52.134 0 0 D [ 10.710273] cnss: Assign MSI to user: WAKE, num_vectors: 1, user_base_data: 813, base_vector: 13
06-12 13:45:52.134 0 0 D [ 10.710274] cnss: WAKE MSI base data is 813
06-12 13:45:52.134 0 0 D [ 10.710275] cnss: Calibration done is 1
06-12 13:45:52.134 0 0 D [ 10.710277] cnss: Sending iova starting 0xa0000000 with size 0x10010000
06-12 13:45:52.130 531 531 D vold : Preparing: /data/media/0
06-12 13:45:52.130 531 531 D vold : Preparing: /data/data
06-12 13:45:52.131 531 531 I vold : Verified that /data/system_ce/0 has the encryption policy b45439841a76a7726d97bbc69835031b v2 modes 1/4 flags 0xa
06-12 13:45:52.131 531 531 I vold : Verified that /data/misc_ce/0 has the encryption policy b45439841a76a7726d97bbc69835031b v2 modes 1/4 flags 0xa
06-12 13:45:52.131 531 531 I vold : Verified that /data/vendor_ce/0 has the encryption policy b45439841a76a7726d97bbc69835031b v2 modes 1/4 flags 0xa
06-12 13:45:52.131 531 531 I vold : Verified that /data/media/0 has the encryption policy b45439841a76a7726d97bbc69835031b v2 modes 1/4 flags 0xa
06-12 13:45:52.131 531 531 I vold : Verified that /data/data has the encryption policy b45439841a76a7726d97bbc69835031b v2 modes 1/4 flags 0xa
06-12 13:45:52.131 531 531 D vold : Starting restorecon of /data/system_ce/0
06-12 13:45:52.139 0 0 D [ 10.712715] cnss: PM relax, state: 0x11, count: 0
06-12 13:45:52.138 1548 1638 D CompatibilityChangeReporter: Compat change id reported: 168419799; UID 10083; state: DISABLED
06-12 13:45:52.141 1548 2072 I am_uid_running: 10068
06-12 13:45:52.141 1548 2072 D CompatibilityChangeReporter: Compat change id reported: 135634846; UID 10068; state: DISABLED
06-12 13:45:52.141 1548 2072 D CompatibilityChangeReporter: Compat change id reported: 177438394; UID 10068; state: DISABLED
06-12 13:45:52.141 1548 2072 D CompatibilityChangeReporter: Compat change id reported: 135772972; UID 10068; state: DISABLED
06-12 13:45:52.141 1548 2072 D CompatibilityChangeReporter: Compat change id reported: 135754954; UID 10068; state: ENABLED
06-12 13:45:52.141 1548 1639 D CompatibilityChangeReporter: Compat change id reported: 143937733; UID 10068; state: ENABLED
06-12 13:45:52.142 1548 1622 D ColorDisplayService: setUp: currentUser=0
06-12 13:45:52.148 531 531 D vold : Finished restorecon of /data/system_ce/0
06-12 13:45:52.148 531 531 D vold : Starting restorecon of /data/vendor_ce/0
06-12 13:45:52.154 1548 1622 D ColorDisplayService: onNightDisplayAutoModeChanged: autoMode=0
06-12 13:45:52.154 1548 1622 I ColorDisplayService: Turning off night display
06-12 13:45:52.154 1548 1622 D ColorDisplayService: Setting bright color reduction level: 50
06-12 13:45:52.155 0 0 I [ 10.725238] init: qssi copy & sync /metadata/vold/metadata_encryption/key/version to /persist/key/version_bak: No such file or directory
06-12 13:45:52.154 1548 1671 V DisplayPowerController[0]: Brightness [0.0] manual adjustment.
06-12 13:45:52.156 1548 1622 I sysui_multi_action: [757,803,799,window_time_0,802,3]
06-12 13:45:52.159 1548 1639 I am_proc_start: [0,2772,10068,com.qualcomm.location,broadcast,{com.qualcomm.location/com.qualcomm.location.LocationServiceReceiver}]
06-12 13:45:52.159 1548 1639 I ActivityManager: Start proc 2772:com.qualcomm.location/u0a68 for broadcast {com.qualcomm.location/com.qualcomm.location.LocationServiceReceiver}
06-12 13:45:52.159 531 531 D vold : Finished restorecon of /data/vendor_ce/0
06-12 13:45:52.159 531 531 D vold : Starting restorecon of /data/misc_ce/0
06-12 13:45:52.161 1548 1622 I am_uid_active: 10068
06-12 13:45:52.162 531 531 D vold : Finished restorecon of /data/misc_ce/0
06-12 13:45:52.162 531 531 D vold : /system/bin/vold_prepare_subdirs
06-12 13:45:52.162 531 531 D vold : prepare
06-12 13:45:52.162 531 531 D vold :
06-12 13:45:52.162 531 531 D vold : 0
06-12 13:45:52.162 531 531 D vold : 2
06-12 13:45:52.179 0 0 I [ 10.755112] binder: 2772:2772 ioctl 40046210 7fda4f17a4 returned -22
06-12 13:45:52.182 1548 2072 I am_proc_bound: [0,2772,com.qualcomm.location]
06-12 13:45:52.194 1548 2072 D CompatibilityChangeReporter: Compat change id reported: 168419799; UID 10068; state: DISABLED
06-12 13:45:52.214 1548 1619 V UserDataPreparer: Found /data/user/0 with serial number 0
06-12 13:45:52.214 1548 1619 V UserDataPreparer: Found /data/system_ce/0 with serial number 0
06-12 13:45:52.214 1548 1619 D UserDataPreparer: Setting property: sys.user.0.ce_available=true
06-12 13:45:52.215 1548 1619 V PackageManager: reconcileAppsData for null u0 0x2 migrateAppData=false
06-12 13:45:52.267 0 0 I [ 10.841186] binder: 2795:2795 ioctl 40046210 7fc23fe514 returned -22
06-12 13:45:52.319 0 0 W [ 10.886225] QSEECOM: __qseecom_unload_app: App (7) is unloaded
06-12 13:45:52.319 0 0 D [ 10.886726] qbt: qbt_release: entry minor_no=0 fd_available=0
06-12 13:45:52.319 0 0 D [ 10.886727] qbt: qbt_release: Releasing wakelock
