06-12 13:54:46.364 1548 3338 D CompatibilityChangeReporter: Compat change id reported: 185004937; UID 10059; state: DISABLED
06-12 13:54:46.365 1548 3338 D CompatibilityChangeReporter: Compat change id reported: 181136395; UID 10059; state: DISABLED
06-12 13:54:46.365 1548 3338 D CompatibilityChangeReporter: Compat change id reported: 174042936; UID 10059; state: DISABLED
06-12 13:54:46.365 1548 3338 I wm_task_moved: [72,1,6]
06-12 13:54:46.365 1548 3338 I wm_set_resumed_activity: [0,com.android.settings/.Settings,positionChildAt]
06-12 13:54:46.365 1548 3338 I wm_create_activity: [0,233538836,72,com.android.settings.intelligence/.search.SearchActivity,android.settings.APP_SEARCH_SETTINGS,NULL,NULL,0]
06-12 13:54:46.366 1548 3338 I wm_pause_activity: [0,91867989,com.android.settings/.Settings,userLeaving=true,resumeTopActivityInnerLocked]
06-12 13:54:46.369 2423 2423 I wm_on_top_resumed_lost_called: [91867989,com.android.settings.Settings,topStateChangedWhenResumed]
06-12 13:54:46.370 2423 2423 I sysui_multi_action: [757,35,758,2,1089,80224]
06-12 13:54:46.370 2423 2423 I sysui_multi_action: [757,849,758,2,1089,79998]
06-12 13:54:46.371 2423 2423 I wm_on_paused_called: [91867989,com.android.settings.Settings,performPause]
06-12 13:54:46.371 1548 2990 I ActivityTaskManager: FOREGROUND_APPLICATION_CHANGED to com.android.settings.intelligence.search.SearchActivity
06-12 13:54:46.371 1548 2990 I ActivityTaskManager: The Process com.android.settings.intelligence Already Exists in BG. So sending its PID: 5963
06-12 13:54:46.371 1548 2990 W ActivityTaskManager: Tried to set launchTime (0) < mLastActivityLaunchTime (333815)
06-12 13:54:46.371 1548 2990 I wm_add_to_stopping: [0,91867989,com.android.settings/.Settings,makeInvisible]
06-12 13:54:46.372 1548 2990 I wm_restart_activity: [0,233538836,72,com.android.settings.intelligence/.search.SearchActivity]
06-12 13:54:46.372 1548 2990 D CompatibilityChangeReporter: Compat change id reported: 168419799; UID 10059; state: DISABLED
06-12 13:54:46.372 1548 2990 I wm_set_resumed_activity: [0,com.android.settings.intelligence/.search.SearchActivity,minimalResumeActivityLocked]
06-12 13:54:46.373 1548 1622 I am_uid_active: 10059
06-12 13:54:46.374 1548 1622 I sysui_multi_action: [757,803,799,window_time_0,802,80]
06-12 13:54:46.377 5963 5963 I wm_on_create_called: [233538836,com.android.settings.intelligence.search.SearchActivity,performCreate]
06-12 13:54:46.377 1548 3338 I am_uid_active: 10062
06-12 13:54:46.383 5963 5963 I wm_on_start_called: [233538836,com.android.settings.intelligence.search.SearchActivity,handleStartActivity]
06-12 13:54:46.384 5963 5963 I wm_on_resume_called: [233538836,com.android.settings.intelligence.search.SearchActivity,RESUME_ACTIVITY]
06-12 13:54:46.387 5963 5963 I wm_on_top_resumed_gained_called: [233538836,com.android.settings.intelligence.search.SearchActivity,topStateChangedWhenResumed]
06-12 13:54:46.398 1548 1829 I input_focus: [Focus leaving 6585a6c com.android.settings/com.android.settings.Settings (server),reason=NO_WINDOW]
06-12 13:54:46.400 1548 1623 I input_focus: [Focus request f9d58fe com.android.settings.intelligence/com.android.settings.intelligence.search.SearchActivity,reason=UpdateInputWindows]
06-12 13:54:46.406 1548 2990 W ActivityManager: unable to read freezer info
06-12 13:54:46.408 0 0 I [ 544.728118] binder: 1548:2990 ioctl c00c620f 6ce083bef8 returned -22
06-12 13:54:46.415 1548 1829 I input_focus: [Focus entering 6585a6c com.android.settings/com.android.settings.Settings (server),reason=Window became focusable. Previous reason: NO_WINDOW]
06-12 13:54:46.420 2423 6125 W CarrierConfigManager: Error getting config for subId -1 ICarrierConfigLoader is null
06-12 13:54:46.421 2423 6125 W CarrierConfigManager: Error getting config for subId -1 ICarrierConfigLoader is null
06-12 13:54:46.421 2423 6125 W CarrierConfigManager: Error getting config for subId -1 ICarrierConfigLoader is null
06-12 13:54:46.421 2423 6125 W CarrierConfigManager: Error getting config for subId -1 ICarrierConfigLoader is null
06-12 13:54:46.422 2423 6125 W CarrierConfigManager: Error getting config for subId -1 ICarrierConfigLoader is null
06-12 13:54:46.422 2423 6125 W CarrierConfigManager: Error getting config for subId -1 ICarrierConfigLoader is null
06-12 13:54:46.423 2423 6125 W CarrierConfigManager: Error getting config for subId -1 ICarrierConfigLoader is null
06-12 13:54:46.423 2423 6125 I service_manager_stats: [100,43,176220]
06-12 13:54:46.423 2423 6125 W CarrierConfigManager: Error getting config for subId -1 ICarrierConfigLoader is null
06-12 13:54:46.423 2423 6125 W CarrierConfigManager: Error getting config for subId -1 ICarrierConfigLoader is null
06-12 13:54:46.423 2423 6125 W CarrierConfigManager: Error getting config for subId -1 ICarrierConfigLoader is null
06-12 13:54:46.431 1548 1829 I input_focus: [Focus leaving 6585a6c com.android.settings/com.android.settings.Settings (server),reason=Waiting for window because NOT_VISIBLE]
06-12 13:54:46.438 1548 1619 I sysui_multi_action: [319,79,322,79,325,544,757,761,758,8,759,2,806,com.android.settings.intelligence,871,com.android.settings.intelligence.search.SearchActivity,904,com.android.settings,905,0,1320,4,1321,1]
06-12 13:54:46.438 1548 1619 I wm_activity_launch_time: [0,233538836,com.android.settings.intelligence/.search.SearchActivity,79]
06-12 13:54:46.449 1548 1829 I input_focus: [Focus entering f9d58fe com.android.settings.intelligence/com.android.settings.intelligence.search.SearchActivity (server),reason=Window became focusable. Previous reason: NOT_VISIBLE]
06-12 13:54:46.662 0 0 I [ 544.983338] [schedu][0x272bdfe06][13: 54:46.661415] wlan: [3397:I:OSIF] scan start scan id 40987
06-12 13:54:46.737 1548 2990 I wm_add_to_stopping: [0,91867989,com.android.settings/.Settings,makeInvisible]
06-12 13:54:46.741 1548 1622 I wm_stop_activity: [0,91867989,com.android.settings/.Settings]
06-12 13:54:46.767 2423 2423 I wm_on_stop_called: [91867989,com.android.settings.Settings,STOP_ACTIVITY_ITEM]
06-12 13:54:47.810 0 0 I [ 546.131693] init: processing action (sys.tlog.tlogdshc.active=1) from (/system/etc/init/tlogd.rc:195)
06-12 13:54:47.814 0 0 I [ 546.132649] init: starting service 'tlogdshc'...
06-12 13:54:47.938 0 0 I [ 546.256734] init: Service 'tlogdshc' (pid 6514) exited with status 0 oneshot service took 0.119000 seconds in background
06-12 13:54:47.938 0 0 I [ 546.256763] init: Sending signal 9 to service 'tlogdshc' (pid 6514) process group...
06-12 13:54:47.938 0 0 I [ 546.256945] libprocessgroup: Successfully killed process cgroup uid 0 pid 6514 in 0ms
06-12 13:54:47.974 0 0 I [ 546.295587] [schedu][0x2743e7038][13: 54:47.973657] wlan: [3397:I:OSIF] vdev 0, scan id 40987 type COMPLETED(1) reason COMPLETED(1) scan found 70 bss --------- beginning of main
06-12 13:54:47.996 1456 4704 D LOWI-9.0.0.87.a: [LOWI-Scan] BSS 30:5f:77:0c:46:83 LOWI_PHY_MODE_11AC_VHT40(9), Beacon Interval: 100, LOWI_ENCRYPTION_TYPE_WPA_EAP 11mcRanging: No, ANQP: No, LCI: No, Civic: No, capability(0x8011): ESS Privacy
06-12 13:54:47.996 1456 4704 D LOWI-9.0.0.87.a: [LOWI-Scan] BSS 30:5f:77:0c:46:83 FREQ: 5785, cFreq1[40:80:160] = [5795:0:0] cFreq2 = 0 Country Code = CN
06-12 13:54:47.996 1456 4704 D LOWI-9.0.0.87.a: [LOWI-Scan] BSS 30:5f:77:0c:46:83 (wlan0) ASSO: NO AddInfo: 0x1, TSF 0, 00:08:45.320, RSSI: -156, CPL: 127, AGE: 20988, SSID HH, TSFDelta: 0x9d8a12f1, TXRate: 0
06-12 13:54:47.997 1456 4704 D LOWI-9.0.0.87.a: [LOWI-Scan]
06-12 13:54:47.997 1456 4704 D LOWI-9.0.0.87.a: [LOWI-Scan] print_bss_handler: Report beacon TSF 545518384 as it greater than probe TSF 545518384
06-12 13:54:47.997 1456 4704 D LOWI-9.0.0.87.a: [LOWI-Scan] decode_rsn_wpa_ie: LOWI_ENCRYPTION_TYPE_WPA_EAP
06-12 13:54:47.997 1456 4704 D LOWI-9.0.0.87.a: [LOWI-Scan] is_qcom_ie, bss_age: 0
06-12 13:54:47.997 1456 4704 D LOWI-9.0.0.87.a: [LOWI-Scan] BSS b8:45:f4:1d:c3:83 LOWI_PHY_MODE_11AC_VHT40(9), Beacon Interval: 100, LOWI_ENCRYPTION_TYPE_WPA_EAP 11mcRanging: No, ANQP: No, LCI: No, Civic: No, capability(0x8011): ESS Privacy
06-12 13:54:47.997 1456 4704 D LOWI-9.0.0.87.a: [LOWI-Scan] BSS b8:45:f4:1d:c3:83 FREQ: 5260, cFreq1[40:80:160] = [5270:0:0] cFreq2 = 0 Country Code = CN
06-12 13:54:47.997 1456 4704 D LOWI-9.0.0.87.a: [LOWI-Scan] BSS b8:45:f4:1d:c3:83 (wlan0) ASSO: NO AddInfo: 0x1, TSF 0, 00:09:05.518, RSSI: -134, CPL: 127, AGE: 792, SSID HH, TSFDelta: 0x522ed40f, TXRate: 0
06-12 13:54:47.997 1456 4704 D LOWI-9.0.0.87.a: [LOWI-Scan]
06-12 13:54:47.997 1456 4704 D LOWI-9.0.0.87.a: [LOWI-Scan] print_bss_handler: Report Probe TSF 535049994 as it greater than Beacon TSF 514980875
06-12 13:54:47.997 1456 4704 D LOWI-9.0.0.87.a: [LOWI-Scan] decode_rsn_wpa_ie: LOWI_ENCRYPTION_TYPE_WPA_PSK
06-12 13:54:47.997 1456 4704 D LOWI-9.0.0.87.a: [LOWI-Scan] is_qcom_ie, bss_age: 0
06-12 13:54:47.997 1456 4704 D LOWI-9.0.0.87.a: [LOWI-Scan] adjust_age:AP AGE upper limit reached. Dont store
06-12 13:54:47.997 1456 4704 D LOWI-9.0.0.87.a: [LOWI-Scan] BSS a4:e5:7c:45:4f:a1 LOWI_PHY_MODE_11NG_HT40(7), Beacon Interval: 100, LOWI_ENCRYPTION_TYPE_WPA_PSK 11mcRanging: No, ANQP: No, LCI: No, Civic: No, capability(0x0431): ESS Privacy ShortPreamble ShortSlotTime
06-12 13:54:47.997 1456 4704 D LOWI-9.0.0.87.a: [LOWI-Scan] BSS a4:e5:7c:45:4f:a1 FREQ: 2412, cFreq1[40:80:160] = [2422:0:0] cFreq2 = 0 Country Code = CN
06-12 13:54:47.997 1456 4704 D LOWI-9.0.0.87.a: [LOWI-Scan] BSS a4:e5:7c:45:4f:a1 (wlan0) ASSO: NO AddInfo: 0x0, TSF 0, 00:08:55.049, RSSI: -152, CPL: 127, AGE: 11260, SSID DED7D6AD, TSFDelta: 0x54ac886d, TXRate: 0
06-12 13:54:47.997 1456 4704 D LOWI-9.0.0.87.a: [LOWI-Scan]
06-12 13:54:47.997 1456 4704 D LOWI-9.0.0.87.a: [LOWI-Scan] print_bss_handler: Report Probe TSF 535053967 as it greater than Beacon TSF 0
06-12 13:54:47.997 1456 4704 D LOWI-9.0.0.87.a: [LOWI-Scan] decode_rsn_wpa_ie: LOWI_ENCRYPTION_TYPE_WPA_PSK
06-12 13:54:47.997 1456 4704 D LOWI-9.0.0.87.a: [LOWI-Scan] is_qcom_ie, bss_age: 0
06-12 13:54:47.997 1456 4704 D LOWI-9.0.0.87.a: [LOWI-Scan] adjust_age:AP AGE upper limit reached. Dont store
06-12 13:54:47.997 1456 4704 D LOWI-9.0.0.87.a: [LOWI-Scan] BSS e8:31:cd:5d:e6:a1 LOWI_PHY_MODE_11NG_HT40(7), Beacon Interval: 100, LOWI_ENCRYPTION_TYPE_WPA_PSK 11mcRanging: No, ANQP: No, LCI: No, Civic: No, capability(0x0431): ESS Privacy ShortPreamble ShortSlotTime
06-12 13:54:47.997 1456 4704 D LOWI-9.0.0.87.a: [LOWI-Scan] BSS e8:31:cd:5d:e6:a1 FREQ: 2412, cFreq1[40:80:160] = [2422:0:0] cFreq2 = 0 Country Code = CN
06-12 13:54:47.997 1456 4704 D LOWI-9.0.0.87.a: [LOWI-Scan] BSS e8:31:cd:5d:e6:a1 (wlan0) ASSO: NO AddInfo: 0x0, TSF 0, 00:08:55.053, RSSI: -160, CPL: 127, AGE: 11256, SSID 82914562, TSFDelta: 0xff6c376a, TXRate: 0
06-12 13:54:47.997 1456 4704 D LOWI-9.0.0.87.a: [LOWI-Scan]
06-12 13:54:47.997 1456 4704 D LOWI-9.0.0.87.a: [LOWI-Scan] print_bss_handler: Report beacon TSF 525103263 as it greater than probe TSF 525103263
06-12 13:54:47.997 1456 4704 D LOWI-9.0.0.87.a: [LOWI-Scan] is_qcom_ie, bss_age: 0
06-12 13:54:47.997 1456 4704 D LOWI-9.0.0.87.a: [LOWI-Scan] adjust_age:AP AGE upper limit reached. Dont store
06-12 13:54:47.997 1456 4704 D LOWI-9.0.0.87.a: [LOWI-Scan] BSS 48:73:97:be:7c:e0 LOWI_PHY_MODE_11AC_VHT40(9), Beacon Interval: 100, LOWI_ENCRYPTION_TYPE_OPEN 11mcRanging: No, ANQP: No, LCI: No, Civic: No, capability(0x8001): ESS
06-12 13:54:47.997 1456 4704 D LOWI-9.0.0.87.a: [LOWI-Scan] BSS 48:73:97:be:7c:e0 FREQ: 5220, cFreq1[40:80:160] = [5230:0:0] cFreq2 = 0 Country Code = CN
06-12 13:54:47.997 1456 4704 D LOWI-9.0.0.87.a: [LOWI-Scan] BSS 48:73:97:be:7c:e0 (wlan0) ASSO: NO AddInfo: 0x1, TSF 0, 00:08:45.103, RSSI: -94, CPL: 127, AGE: 21208, SSID , TSFDelta: 0x9e6776e, TXRate: 0
06-12 13:54:47.997 1456 4704 D LOWI-9.0.0.87.a: [LOWI-Scan]
06-12 13:54:47.997 1456 4704 D LOWI-9.0.0.87.a: [LOWI-Scan] print_bss_handler: Report beacon TSF 525103427 as it greater than probe TSF 525103427
06-12 13:54:47.997 1456 4704 D LOWI-9.0.0.87.a: [LOWI-Scan] is_qcom_ie, bss_age: 0
06-12 13:54:47.997 1456 4704 D LOWI-9.0.0.87.a: [LOWI-Scan] adjust_age:AP AGE upper limit reached. Dont store
06-12 13:54:47.997 1456 4704 D LOWI-9.0.0.87.a: [LOWI-Scan] BSS 48:73:97:be:7c:e1 LOWI_PHY_MODE_11AC_VHT40(9), Beacon Interval: 100, LOWI_ENCRYPTION_TYPE_OPEN 11mcRanging: No, ANQP: No, LCI: No, Civic: No, capability(0x8001): ESS
06-12 13:54:47.997 1456 4704 D LOWI-9.0.0.87.a: [LOWI-Scan] BSS 48:73:97:be:7c:e1 FREQ: 5220, cFreq1[40:80:160] = [5230:0:0] cFreq2 = 0 Country Code = CN
06-12 13:54:47.997 1456 4704 D LOWI-9.0.0.87.a: [LOWI-Scan] BSS 48:73:97:be:7c:e1 (wlan0) ASSO: NO AddInfo: 0x1, TSF 0, 00:08:45.103, RSSI: -94, CPL: 127, AGE: 21208, SSID , TSFDelta: 0x9e8eece, TXRate: 0
06-12 13:54:47.998 1456 4704 D LOWI-9.0.0.87.a: [LOWI-Scan]
06-12 13:54:47.998 1456 4704 D LOWI-9.0.0.87.a: [LOWI-Scan] print_bss_handler: Report beacon TSF 525103640 as it greater than probe TSF 525103640
06-12 13:54:47.998 1456 4704 D LOWI-9.0.0.87.a: [LOWI-Scan] decode_rsn_wpa_ie: LOWI_ENCRYPTION_TYPE_WPA_PSK
06-12 13:54:47.998 1456 4704 D LOWI-9.0.0.87.a: [LOWI-Scan] is_qcom_ie, bss_age: 0
06-12 13:54:47.998 1456 4704 D LOWI-9.0.0.87.a: [LOWI-Scan] adjust_age:AP AGE upper limit reached. Dont store
06-12 13:54:47.998 1456 4704 D LOWI-9.0.0.87.a: [LOWI-Scan] BSS 48:73:97:be:7c:e2 LOWI_PHY_MODE_11AC_VHT40(9), Beacon Interval: 100, LOWI_ENCRYPTION_TYPE_WPA_PSK 11mcRanging: No, ANQP: No, LCI: No, Civic: No, capability(0x8011): ESS Privacy
06-12 13:54:47.999 1456 4704 D LOWI-9.0.0.87.a: [LOWI-Scan] BSS 48:73:97:be:7c:e2 FREQ: 5220, cFreq1[40:80:160] = [5230:0:0] cFreq2 = 0 Country Code = CN
06-12 13:54:47.999 1456 4704 D LOWI-9.0.0.87.a: [LOWI-Scan] BSS 48:73:97:be:7c:e2 (wlan0) ASSO: NO AddInfo: 0x1, TSF 0, 00:08:45.103, RSSI: -96, CPL: 127, AGE: 21208, SSID , TSFDelta: 0x9eb65fa, TXRate: 0
06-12 13:54:47.999 1456 4704 D LOWI-9.0.0.87.a: [LOWI-Scan]
06-12 13:54:47.999 1456 4704 D LOWI-9.0.0.87.a: [LOWI-Scan] print_bss_handler: Report beacon TSF 525103920 as it greater than probe TSF 525103920
06-12 13:54:47.999 1456 4704 D LOWI-9.0.0.87.a: [LOWI-Scan] decode_rsn_wpa_ie: LOWI_ENCRYPTION_TYPE_WPA_EAP
06-12 13:54:47.999 1456 4704 D LOWI-9.0.0.87.a: [LOWI-Scan] is_qcom_ie, bss_age: 0
06-12 13:54:47.999 1456 4704 D LOWI-9.0.0.87.a: [LOWI-Scan] adjust_age:AP AGE upper limit reached. Dont store
06-12 13:54:47.999 1456 4704 D LOWI-9.0.0.87.a: [LOWI-Scan] BSS 48:73:97:be:7c:e3 LOWI_PHY_MODE_11AC_VHT40(9), Beacon Interval: 100, LOWI_ENCRYPTION_TYPE_WPA_EAP 11mcRanging: No, ANQP: No, LCI: No, Civic: No, capability(0x8011): ESS Privacy
06-12 13:54:47.999 1456 4704 D LOWI-9.0.0.87.a: [LOWI-Scan] BSS 48:73:97:be:7c:e3 FREQ: 5220, cFreq1[40:80:160] = [5230:0:0] cFreq2 = 0 Country Code = CN
06-12 13:54:47.999 1456 4704 D LOWI-9.0.0.87.a: [LOWI-Scan] BSS 48:73:97:be:7c:e3 (wlan0) ASSO: NO AddInfo: 0x1, TSF 0, 00:08:45.103, RSSI: -94, CPL: 127, AGE: 21208, SSID , TSFDelta: 0x9ee552a, TXRate: 0
06-12 13:54:47.999 1456 4704 D LOWI-9.0.0.87.a: [LOWI-Scan]
06-12 13:54:47.999 1456 4704 D LOWI-9.0.0.87.a: [LOWI-Scan] print_bss_handler: Report beacon TSF 525104698 as it greater than probe TSF 525104698
06-12 13:54:47.999 1456 4704 D LOWI-9.0.0.87.a: [LOWI-Scan] is_qcom_ie, bss_age: 0
06-12 13:54:47.999 1456 4704 D LOWI-9.0.0.87.a: [LOWI-Scan] adjust_age:AP AGE upper limit reached. Dont store
06-12 13:54:47.999 1456 4704 D LOWI-9.0.0.87.a: [LOWI-Scan] BSS 48:73:97:be:7c:e4 LOWI_PHY_MODE_11AC_VHT40(9), Beacon Interval: 100, LOWI_ENCRYPTION_TYPE_OPEN 11mcRanging: No, ANQP: No, LCI: No, Civic: No, capability(0x8001): ESS
06-12 13:54:47.999 1456 4704 D LOWI-9.0.0.87.a: [LOWI-Scan] BSS 48:73:97:be:7c:e4 FREQ: 5220, cFreq1[40:80:160] = [5230:0:0] cFreq2 = 0 Country Code = CN
06-12 13:54:47.999 1456 4704 D LOWI-9.0.0.87.a: [LOWI-Scan] BSS 48:73:97:be:7c:e4 (wlan0) ASSO: NO AddInfo: 0x1, TSF 0, 00:08:45.104, RSSI: -94, CPL: 127, AGE: 21204, SSID , TSFDelta: 0x9f1011b, TXRate: 0
06-12 13:54:47.999 1456 4704 D LOWI-9.0.0.87.a: [LOWI-Scan]
06-12 13:54:47.999 1456 4704 D LOWI-9.0.0.87.a: [LOWI-Scan] print_bss_handler: Report beacon TSF 525104783 as it greater than probe TSF 525104783
06-12 13:54:47.999 1456 4704 D LOWI-9.0.0.87.a: [LOWI-Scan] decode_rsn_wpa_ie: LOWI_ENCRYPTION_TYPE_WPA_PSK
06-12 13:54:47.999 1456 4704 D LOWI-9.0.0.87.a: [LOWI-Scan] is_qcom_ie, bss_age: 0
06-12 13:54:47.999 1456 4704 D LOWI-9.0.0.87.a: [LOWI-Scan] adjust_age:AP AGE upper limit reached. Dont store
06-12 13:54:47.999 1456 4704 D LOWI-9.0.0.87.a: [LOWI-Scan] BSS 48:73:97:be:7c:e5 LOWI_PHY_MODE_11AC_VHT40(9), Beacon Interval: 100, LOWI_ENCRYPTION_TYPE_WPA_PSK 11mcRanging: No, ANQP: No, LCI: No, Civic: No, capability(0x8011): ESS Privacy
06-12 13:54:47.999 1456 4704 D LOWI-9.0.0.87.a: [LOWI-Scan] BSS 48:73:97:be:7c:e5 FREQ: 5220, cFreq1[40:80:160] = [5230:0:0] cFreq2 = 0 Country Code = CN
06-12 13:54:47.999 1456 4704 D LOWI-9.0.0.87.a: [LOWI-Scan] BSS 48:73:97:be:7c:e5 (wlan0) ASSO: NO AddInfo: 0x1, TSF 0, 00:08:45.104, RSSI: -96, CPL: 127, AGE: 21204, SSID , TSFDelta: 0x9f3784a, TXRate: 0
06-12 13:54:47.999 1456 4704 D LOWI-9.0.0.87.a: [LOWI-Scan]
06-12 13:54:47.999 1456 4704 D LOWI-9.0.0.87.a: [LOWI-Scan] print_bss_handler: Report beacon TSF 525320863 as it greater than probe TSF 525320863
06-12 13:54:47.999 1456 4704 D LOWI-9.0.0.87.a: [LOWI-Scan] is_qcom_ie, bss_age: 0
06-12 13:54:47.999 1456 4704 D LOWI-9.0.0.87.a: [LOWI-Scan] adjust_age:AP AGE upper limit reached. Dont store
06-12 13:54:47.999 1456 4704 D LOWI-9.0.0.87.a: [LOWI-Scan] BSS 48:73:97:be:88:91 LOWI_PHY_MODE_11AC_VHT40(9), Beacon Interval: 100, LOWI_ENCRYPTION_TYPE_OPEN 11mcRanging: No, ANQP: No, LCI: No, Civic: No, capability(0x8001): ESS
06-12 13:54:47.999 1456 4704 D LOWI-9.0.0.87.a: [LOWI-Scan] BSS 48:73:97:be:88:91 FREQ: 5785, cFreq1[40:80:160] = [5795:0:0] cFreq2 = 0 Country Code = CN
06-12 13:54:47.999 1456 4704 D LOWI-9.0.0.87.a: [LOWI-Scan] BSS 48:73:97:be:88:91 (wlan0) ASSO: NO AddInfo: 0x1, TSF 0, 00:08:45.320, RSSI: -156, CPL: 127, AGE: 20988, SSID GUEST, TSFDelta: 0x9fbf4de7, TXRate: 0
06-12 13:54:47.999 1456 4704 D LOWI-9.0.0.87.a: [LOWI-Scan]
06-12 13:54:47.999 1456 4704 D LOWI-9.0.0.87.a: [LOWI-Scan] print_bss_handler: Report beacon TSF 525321034 as it greater than probe TSF 525321034
06-12 13:54:47.999 1456 4704 D LOWI-9.0.0.87.a: [LOWI-Scan] decode_rsn_wpa_ie: LOWI_ENCRYPTION_TYPE_WPA_PSK
06-12 13:54:47.999 1456 4704 D LOWI-9.0.0.87.a: [LOWI-Scan] is_qcom_ie, bss_age: 0
06-12 13:54:47.999 1456 4704 D LOWI-9.0.0.87.a: [LOWI-Scan] adjust_age:AP AGE upper limit reached. Dont store
06-12 13:54:47.999 1456 4704 D LOWI-9.0.0.87.a: [LOWI-Scan] BSS 48:73:97:be:88:92 LOWI_PHY_MODE_11AC_VHT40(9), Beacon Interval: 100, LOWI_ENCRYPTION_TYPE_WPA_PSK 11mcRanging: No, ANQP: No, LCI: No, Civic: No, capability(0x8011): ESS Privacy
06-12 13:54:47.999 1456 4704 D LOWI-9.0.0.87.a: [LOWI-Scan] BSS 48:73:97:be:88:92 FREQ: 5785, cFreq1[40:80:160] = [5795:0:0] cFreq2 = 0 Country Code = CN
06-12 13:54:47.999 1456 4704 D LOWI-9.0.0.87.a: [LOWI-Scan] BSS 48:73:97:be:88:92 (wlan0) ASSO: NO AddInfo: 0x1, TSF 0, 00:08:45.321, RSSI: -154, CPL: 127, AGE: 20988, SSID HELLO, TSFDelta: 0x9fc0c6a3, TXRate: 0
06-12 13:54:47.999 1456 4704 D LOWI-9.0.0.87.a: [LOWI-Scan]
06-12 13:54:47.999 1456 4704 D LOWI-9.0.0.87.a: [LOWI-Scan] print_bss_handler: Report beacon TSF 525321206 as it greater than probe TSF 525321206
06-12 13:54:47.999 1456 4704 D LOWI-9.0.0.87.a: [LOWI-Scan] decode_rsn_wpa_ie: LOWI_ENCRYPTION_TYPE_WPA_EAP
06-12 13:54:47.999 1456 4704 D LOWI-9.0.0.87.a: [LOWI-Scan] is_qcom_ie, bss_age: 0
06-12 13:54:47.999 1456 4704 D LOWI-9.0.0.87.a: [LOWI-Scan] adjust_age:AP AGE upper limit reached. Dont store
06-12 13:54:47.999 1456 4704 D LOWI-9.0.0.87.a: [LOWI-Scan] BSS 48:73:97:be:88:93 LOWI_PHY_MODE_11AC_VHT40(9), Beacon Interval: 100, LOWI_ENCRYPTION_TYPE_WPA_EAP 11mcRanging: No, ANQP: No, LCI: No, Civic: No, capability(0x8011): ESS Privacy
06-12 13:54:47.999 1456 4704 D LOWI-9.0.0.87.a: [LOWI-Scan] BSS 48:73:97:be:88:93 FREQ: 5785, cFreq1[40:80:160] = [5795:0:0] cFreq2 = 0 Country Code = CN
06-12 13:54:47.999 1456 4704 D LOWI-9.0.0.87.a: [LOWI-Scan] BSS 48:73:97:be:88:93 (wlan0) ASSO: NO AddInfo: 0x1, TSF 0, 00:08:45.321, RSSI: -156, CPL: 127, AGE: 20988, SSID HH, TSFDelta: 0x9fc27b54, TXRate: 0
06-12 13:54:47.999 1456 4704 D LOWI-9.0.0.87.a: [LOWI-Scan]
06-12 13:54:47.999 1456 4704 D LOWI-9.0.0.87.a: [LOWI-Scan] print_bss_handler: Report beacon TSF 545515504 as it greater than probe TSF 545515504
06-12 13:54:47.999 1456 4704 D LOWI-9.0.0.87.a: [LOWI-Scan] is_qcom_ie, bss_age: 0
06-12 13:54:47.999 1456 4704 D LOWI-9.0.0.87.a: [LOWI-Scan] BSS b8:45:f4:1d:c3:b4 LOWI_PHY_MODE_11AC_VHT40(9), Beacon Interval: 100, LOWI_ENCRYPTION_TYPE_OPEN 11mcRanging: No, ANQP: No, LCI: No, Civic: No, capability(0x8001): ESS
06-12 13:54:47.999 1456 4704 D LOWI-9.0.0.87.a: [LOWI-Scan] BSS b8:45:f4:1d:c3:b4 FREQ: 5260, cFreq1[40:80:160] = [5270:0:0] cFreq2 = 0 Country Code = CN
06-12 13:54:47.999 1456 4704 D LOWI-9.0.0.87.a: [LOWI-Scan] BSS b8:45:f4:1d:c3:b4 (wlan0) ASSO: NO AddInfo: 0x1, TSF 0, 00:09:05.515, RSSI: -134, CPL: 127, AGE: 796, SSID HH-mobile, TSFDelta: 0x51518fdc, TXRate: 0
06-12 13:54:48.000 1456 4704 D LOWI-9.0.0.87.a: [LOWI-Scan]
06-12 13:54:48.000 1456 4704 D LOWI-9.0.0.87.a: [LOWI-Scan] print_bss_handler: Report beacon TSF 545515721 as it greater than probe TSF 545515721
06-12 13:54:48.000 1456 4704 D LOWI-9.0.0.87.a: [LOWI-Scan] decode_rsn_wpa_ie: LOWI_ENCRYPTION_TYPE_WPA_PSK
06-12 13:54:48.000 1456 4704 D LOWI-9.0.0.87.a: [LOWI-Scan] is_qcom_ie, bss_age: 0
06-12 13:54:48.000 1456 4704 D LOWI-9.0.0.87.a: [LOWI-Scan] BSS b8:45:f4:1d:c3:b5 LOWI_PHY_MODE_11AC_VHT40(9), Beacon Interval: 100, LOWI_ENCRYPTION_TYPE_WPA_PSK 11mcRanging: No, ANQP: No, LCI: No, Civic: No, capability(0x8011): ESS Privacy
06-12 13:54:48.000 1456 4704 D LOWI-9.0.0.87.a: [LOWI-Scan] BSS b8:45:f4:1d:c3:b5 FREQ: 5260, cFreq1[40:80:160] = [5270:0:0] cFreq2 = 0 Country Code = CN
06-12 13:54:48.000 1456 4704 D LOWI-9.0.0.87.a: [LOWI-Scan] BSS b8:45:f4:1d:c3:b5 (wlan0) ASSO: NO AddInfo: 0x1, TSF 0, 00:09:05.515, RSSI: -134, CPL: 127, AGE: 796, SSID , TSFDelta: 0x515361a5, TXRate: 0
06-12 13:54:48.000 1456 4704 D LOWI-9.0.0.87.a: [LOWI-Scan]
06-12 13:54:48.000 1456 4704 D LOWI-9.0.0.87.a: [LOWI-Scan] print_bss_handler: Report beacon TSF 545246025 as it greater than probe TSF 545246025
06-12 13:54:48.000 1456 4704 D LOWI-9.0.0.87.a: [LOWI-Scan] is_qcom_ie, bss_age: 0
06-12 13:54:48.000 1456 4704 D LOWI-9.0.0.87.a: [LOWI-Scan] BSS b8:45:f4:1d:c3:c0 LOWI_PHY_MODE_11AC_VHT40(9), Beacon Interval: 100, LOWI_ENCRYPTION_TYPE_OPEN 11mcRanging: No, ANQP: No, LCI: No, Civic: No, capability(0x8001): ESS
06-12 13:54:48.000 1456 4704 D LOWI-9.0.0.87.a: [LOWI-Scan] BSS b8:45:f4:1d:c3:c0 FREQ: 5745, cFreq1[40:80:160] = [5755:0:0] cFreq2 = 0 Country Code = CN
06-12 13:54:48.000 1456 4704 D LOWI-9.0.0.87.a: [LOWI-Scan] BSS b8:45:f4:1d:c3:c0 (wlan0) ASSO: NO AddInfo: 0x1, TSF 0, 00:09:05.246, RSSI: -138, CPL: 127, AGE: 1064, SSID , TSFDelta: 0x49124eb9, TXRate: 0
06-12 13:54:48.000 1456 4704 D LOWI-9.0.0.87.a: [LOWI-Scan]
06-12 13:54:48.000 1456 4704 D LOWI-9.0.0.87.a: [LOWI-Scan] print_bss_handler: Report beacon TSF 545246160 as it greater than probe TSF 545246160
06-12 13:54:48.000 1456 4704 D LOWI-9.0.0.87.a: [LOWI-Scan] is_qcom_ie, bss_age: 0
06-12 13:54:48.000 1456 4704 D LOWI-9.0.0.87.a: [LOWI-Scan] BSS b8:45:f4:1d:c3:c1 LOWI_PHY_MODE_11AC_VHT40(9), Beacon Interval: 100, LOWI_ENCRYPTION_TYPE_OPEN 11mcRanging: No, ANQP: No, LCI: No, Civic: No, capability(0x8001): ESS
06-12 13:54:48.000 1456 4704 D LOWI-9.0.0.87.a: [LOWI-Scan] BSS b8:45:f4:1d:c3:c1 FREQ: 5745, cFreq1[40:80:160] = [5755:0:0] cFreq2 = 0 Country Code = CN
06-12 13:54:48.000 1456 4704 D LOWI-9.0.0.87.a: [LOWI-Scan] BSS b8:45:f4:1d:c3:c1 (wlan0) ASSO: NO AddInfo: 0x1, TSF 0, 00:09:05.246, RSSI: -138, CPL: 127, AGE: 1064, SSID GUEST, TSFDelta: 0x4914336d, TXRate: 0
06-12 13:54:48.000 1456 4704 D LOWI-9.0.0.87.a: [LOWI-Scan]
06-12 13:54:48.000 1456 4704 D LOWI-9.0.0.87.a: [LOWI-Scan] print_bss_handler: Report beacon TSF 545246232 as it greater than probe TSF 545246232
06-12 13:54:48.000 1456 4704 D LOWI-9.0.0.87.a: [LOWI-Scan] decode_rsn_wpa_ie: LOWI_ENCRYPTION_TYPE_WPA_PSK
06-12 13:54:48.000 1456 4704 D LOWI-9.0.0.87.a: [LOWI-Scan] is_qcom_ie, bss_age: 0
06-12 13:54:48.000 1456 4704 D LOWI-9.0.0.87.a: [LOWI-Scan] BSS b8:45:f4:1d:c3:c2 LOWI_PHY_MODE_11AC_VHT40(9), Beacon Interval: 100, LOWI_ENCRYPTION_TYPE_WPA_PSK 11mcRanging: No, ANQP: No, LCI: No, Civic: No, capability(0x8011): ESS Privacy
06-12 13:54:48.000 1456 4704 D LOWI-9.0.0.87.a: [LOWI-Scan] BSS b8:45:f4:1d:c3:c2 FREQ: 5745, cFreq1[40:80:160] = [5755:0:0] cFreq2 = 0 Country Code = CN
06-12 13:54:48.000 1456 4704 D LOWI-9.0.0.87.a: [LOWI-Scan] BSS b8:45:f4:1d:c3:c2 (wlan0) ASSO: NO AddInfo: 0x1, TSF 0, 00:09:05.246, RSSI: -138, CPL: 127, AGE: 1064, SSID HELLO, TSFDelta: 0x4916303d, TXRate: 0
06-12 13:54:48.000 1456 4704 D LOWI-9.0.0.87.a: [LOWI-Scan]
06-12 13:54:48.000 1456 4704 D LOWI-9.0.0.87.a: [LOWI-Scan] print_bss_handler: Report beacon TSF 545246299 as it greater than probe TSF 545246299
06-12 13:54:48.000 1456 4704 D LOWI-9.0.0.87.a: [LOWI-Scan] decode_rsn_wpa_ie: LOWI_ENCRYPTION_TYPE_WPA_EAP
06-12 13:54:48.000 1456 4704 D LOWI-9.0.0.87.a: [LOWI-Scan] is_qcom_ie, bss_age: 0
06-12 13:54:48.000 1456 4704 D LOWI-9.0.0.87.a: [LOWI-Scan] BSS b8:45:f4:1d:c3:c3 LOWI_PHY_MODE_11AC_VHT40(9), Beacon Interval: 100, LOWI_ENCRYPTION_TYPE_WPA_EAP 11mcRanging: No, ANQP: No, LCI: No, Civic: No, capability(0x8011): ESS Privacy
06-12 13:54:48.000 1456 4704 D LOWI-9.0.0.87.a: [LOWI-Scan] BSS b8:45:f4:1d:c3:c3 FREQ: 5745, cFreq1[40:80:160] = [5755:0:0] cFreq2 = 0 Country Code = CN
06-12 13:54:48.000 1456 4704 D LOWI-9.0.0.87.a: [LOWI-Scan] BSS b8:45:f4:1d:c3:c3 (wlan0) ASSO: NO AddInfo: 0x1, TSF 0, 00:09:05.246, RSSI: -136, CPL: 127, AGE: 1064, SSID HH, TSFDelta: 0x49184d01, TXRate: 0
06-12 13:54:48.000 1456 4704 D LOWI-9.0.0.87.a: [LOWI-Scan]
06-12 13:54:48.000 1456 4704 D LOWI-9.0.0.87.a: [LOWI-Scan] print_bss_handler: Report beacon TSF 545246367 as it greater than probe TSF 545246367
06-12 13:54:48.000 1456 4704 D LOWI-9.0.0.87.a: [LOWI-Scan] is_qcom_ie, bss_age: 0
06-12 13:54:48.000 1456 4704 D LOWI-9.0.0.87.a: [LOWI-Scan] BSS b8:45:f4:1d:c3:c4 LOWI_PHY_MODE_11AC_VHT40(9), Beacon Interval: 100, LOWI_ENCRYPTION_TYPE_OPEN 11mcRanging: No, ANQP: No, LCI: No, Civic: No, capability(0x8001): ESS
06-12 13:54:48.000 1456 4704 D LOWI-9.0.0.87.a: [LOWI-Scan] BSS b8:45:f4:1d:c3:c4 FREQ: 5745, cFreq1[40:80:160] = [5755:0:0] cFreq2 = 0 Country Code = CN
06-12 13:54:48.000 1456 4704 D LOWI-9.0.0.87.a: [LOWI-Scan] BSS b8:45:f4:1d:c3:c4 (wlan0) ASSO: NO AddInfo: 0x1, TSF 0, 00:09:05.246, RSSI: -138, CPL: 127, AGE: 1064, SSID HH-mobile, TSFDelta: 0x491a67e3, TXRate: 0
06-12 13:54:48.000 1456 4704 D LOWI-9.0.0.87.a: [LOWI-Scan]
06-12 13:54:48.000 1456 4704 D LOWI-9.0.0.87.a: [LOWI-Scan] print_bss_handler: Report beacon TSF 545246468 as it greater than probe TSF 545246468
06-12 13:54:48.000 1456 4704 D LOWI-9.0.0.87.a: [LOWI-Scan] decode_rsn_wpa_ie: LOWI_ENCRYPTION_TYPE_WPA_PSK
06-12 13:54:48.000 1456 4704 D LOWI-9.0.0.87.a: [LOWI-Scan] is_qcom_ie, bss_age: 0
06-12 13:54:48.000 1456 4704 D LOWI-9.0.0.87.a: [LOWI-Scan] BSS b8:45:f4:1d:c3:c5 LOWI_PHY_MODE_11AC_VHT40(9), Beacon Interval: 100, LOWI_ENCRYPTION_TYPE_WPA_PSK 11mcRanging: No, ANQP: No, LCI: No, Civic: No, capability(0x8011): ESS Privacy
06-12 13:54:48.000 1456 4704 D LOWI-9.0.0.87.a: [LOWI-Scan] BSS b8:45:f4:1d:c3:c5 FREQ: 5745, cFreq1[40:80:160] = [5755:0:0] cFreq2 = 0 Country Code = CN
06-12 13:54:48.000 1456 4704 D LOWI-9.0.0.87.a: [LOWI-Scan] BSS b8:45:f4:1d:c3:c5 (wlan0) ASSO: NO AddInfo: 0x1, TSF 0, 00:09:05.246, RSSI: -136, CPL: 127, AGE: 1064, SSID , TSFDelta: 0x491c5b72, TXRate: 0
06-12 13:54:48.000 1456 4704 D LOWI-9.0.0.87.a: [LOWI-Scan]
06-12 13:54:48.000 1456 4704 D LOWI-9.0.0.87.a: [LOWI-Scan] print_bss_handler: Report beacon TSF 545346381 as it greater than probe TSF 545346381
06-12 13:54:48.000 1456 4704 D LOWI-9.0.0.87.a: [LOWI-Scan] is_qcom_ie, bss_age: 0
06-12 13:54:48.000 1456 4704 D LOWI-9.0.0.87.a: [LOWI-Scan] BSS 48:73:97:be:7c:f0 LOWI_PHY_MODE_11AC_VHT40(9), Beacon Interval: 100, LOWI_ENCRYPTION_TYPE_OPEN 11mcRanging: No, ANQP: No, LCI: No, Civic: No, capability(0x8001): ESS
06-12 13:54:48.000 1456 4704 D LOWI-9.0.0.87.a: [LOWI-Scan] BSS 48:73:97:be:7c:f0 FREQ: 5785, cFreq1[40:80:160] = [5795:0:0] cFreq2 = 0 Country Code = CN
06-12 13:54:48.000 1456 4704 D LOWI-9.0.0.87.a: [LOWI-Scan] BSS 48:73:97:be:7c:f0 (wlan0) ASSO: NO AddInfo: 0x1, TSF 0, 00:09:05.346, RSSI: -90, CPL: 127, AGE: 964, SSID , TSFDelta: 0x8bf26484, TXRate: 0
06-12 13:54:48.001 1456 4704 D LOWI-9.0.0.87.a: [LOWI-Scan]
06-12 13:54:48.001 1456 4704 D LOWI-9.0.0.87.a: [LOWI-Scan] print_bss_handler: Report beacon TSF 545346561 as it greater than probe TSF 545346561
06-12 13:54:48.001 1456 4704 D LOWI-9.0.0.87.a: [LOWI-Scan] is_qcom_ie, bss_age: 0
06-12 13:54:48.001 1456 4704 D LOWI-9.0.0.87.a: [LOWI-Scan] BSS 48:73:97:be:7c:f1 LOWI_PHY_MODE_11AC_VHT40(9), Beacon Interval: 100, LOWI_ENCRYPTION_TYPE_OPEN 11mcRanging: No, ANQP: No, LCI: No, Civic: No, capability(0x8001): ESS
06-12 13:54:48.001 1456 4704 D LOWI-9.0.0.87.a: [LOWI-Scan] BSS 48:73:97:be:7c:f1 FREQ: 5785, cFreq1[40:80:160] = [5795:0:0] cFreq2 = 0 Country Code = CN
06-12 13:54:48.001 1456 4704 D LOWI-9.0.0.87.a: [LOWI-Scan] BSS 48:73:97:be:7c:f1 (wlan0) ASSO: NO AddInfo: 0x1, TSF 0, 00:09:05.346, RSSI: -90, CPL: 127, AGE: 964, SSID GUEST, TSFDelta: 0x8bf3d5b0, TXRate: 0
06-12 13:54:48.001 1456 4704 D LOWI-9.0.0.87.a: [LOWI-Scan]
06-12 13:54:48.001 1456 4704 D LOWI-9.0.0.87.a: [LOWI-Scan] print_bss_handler: Report beacon TSF 545346636 as it greater than probe TSF 545346636
06-12 13:54:48.001 1456 4704 D LOWI-9.0.0.87.a: [LOWI-Scan] decode_rsn_wpa_ie: LOWI_ENCRYPTION_TYPE_WPA_PSK
06-12 13:54:48.001 1456 4704 D LOWI-9.0.0.87.a: [LOWI-Scan] is_qcom_ie, bss_age: 0
06-12 13:54:48.001 1456 4704 D LOWI-9.0.0.87.a: [LOWI-Scan] BSS 48:73:97:be:7c:f2 LOWI_PHY_MODE_11AC_VHT40(9), Beacon Interval: 100, LOWI_ENCRYPTION_TYPE_WPA_PSK 11mcRanging: No, ANQP: No, LCI: No, Civic: No, capability(0x8011): ESS Privacy
06-12 13:54:48.001 1456 4704 D LOWI-9.0.0.87.a: [LOWI-Scan] BSS 48:73:97:be:7c:f2 FREQ: 5785, cFreq1[40:80:160] = [5795:0:0] cFreq2 = 0 Country Code = CN
06-12 13:54:48.001 1456 4704 D LOWI-9.0.0.87.a: [LOWI-Scan] BSS 48:73:97:be:7c:f2 (wlan0) ASSO: NO AddInfo: 0x1, TSF 0, 00:09:05.346, RSSI: -90, CPL: 127, AGE: 964, SSID HELLO, TSFDelta: 0x8bf54e6c, TXRate: 0
06-12 13:54:48.001 1456 4704 D LOWI-9.0.0.87.a: [LOWI-Scan]
06-12 13:54:48.001 1456 4704 D LOWI-9.0.0.87.a: [LOWI-Scan] print_bss_handler: Report beacon TSF 545346704 as it greater than probe TSF 545346704
06-12 13:54:48.001 1456 4704 D LOWI-9.0.0.87.a: [LOWI-Scan] decode_rsn_wpa_ie: LOWI_ENCRYPTION_TYPE_WPA_EAP
06-12 13:54:48.001 1456 4704 D LOWI-9.0.0.87.a: [LOWI-Scan] is_qcom_ie, bss_age: 0
06-12 13:54:48.001 1456 4704 D LOWI-9.0.0.87.a: [LOWI-Scan] BSS 48:73:97:be:7c:f3 LOWI_PHY_MODE_11AC_VHT40(9), Beacon Interval: 100, LOWI_ENCRYPTION_TYPE_WPA_EAP 11mcRanging: No, ANQP: No, LCI: No, Civic: No, capability(0x8011): ESS Privacy
06-12 13:54:48.001 1456 4704 D LOWI-9.0.0.87.a: [LOWI-Scan] BSS 48:73:97:be:7c:f3 FREQ: 5785, cFreq1[40:80:160] = [5795:0:0] cFreq2 = 0 Country Code = CN
06-12 13:54:48.001 1456 4704 D LOWI-9.0.0.87.a: [LOWI-Scan] BSS 48:73:97:be:7c:f3 (wlan0) ASSO: NO AddInfo: 0x1, TSF 0, 00:09:05.346, RSSI: -90, CPL: 127, AGE: 964, SSID HH, TSFDelta: 0x8bf70335, TXRate: 0
06-12 13:54:48.001 1456 4704 D LOWI-9.0.0.87.a: [LOWI-Scan]
06-12 13:54:48.001 1456 4704 D LOWI-9.0.0.87.a: [LOWI-Scan] print_bss_handler: Report beacon TSF 545346940 as it greater than probe TSF 545346940
06-12 13:54:48.001 1456 4704 D LOWI-9.0.0.87.a: [LOWI-Scan] is_qcom_ie, bss_age: 0
06-12 13:54:48.001 1456 4704 D LOWI-9.0.0.87.a: [LOWI-Scan] BSS 48:73:97:be:7c:f4 LOWI_PHY_MODE_11AC_VHT40(9), Beacon Interval: 100, LOWI_ENCRYPTION_TYPE_OPEN 11mcRanging: No, ANQP: No, LCI: No, Civic: No, capability(0x8001): ESS
06-12 13:54:48.001 1456 4704 D LOWI-9.0.0.87.a: [LOWI-Scan] BSS 48:73:97:be:7c:f4 FREQ: 5785, cFreq1[40:80:160] = [5795:0:0] cFreq2 = 0 Country Code = CN
06-12 13:54:48.001 1456 4704 D LOWI-9.0.0.87.a: [LOWI-Scan] BSS 48:73:97:be:7c:f4 (wlan0) ASSO: NO AddInfo: 0x1, TSF 0, 00:09:05.346, RSSI: -90, CPL: 127, AGE: 964, SSID HH-mobile, TSFDelta: 0x8bf8927c, TXRate: 0
06-12 13:54:48.001 1456 4704 D LOWI-9.0.0.87.a: [LOWI-Scan]
06-12 13:54:48.001 1456 4704 D LOWI-9.0.0.87.a: [LOWI-Scan] print_bss_handler: Report beacon TSF 545347227 as it greater than probe TSF 545347227
06-12 13:54:48.001 1456 4704 D LOWI-9.0.0.87.a: [LOWI-Scan] decode_rsn_wpa_ie: LOWI_ENCRYPTION_TYPE_WPA_PSK
06-12 13:54:48.001 1456 4704 D LOWI-9.0.0.87.a: [LOWI-Scan] is_qcom_ie, bss_age: 0
06-12 13:54:48.001 1456 4704 D LOWI-9.0.0.87.a: [LOWI-Scan] BSS 48:73:97:be:7c:f5 LOWI_PHY_MODE_11AC_VHT40(9), Beacon Interval: 100, LOWI_ENCRYPTION_TYPE_WPA_PSK 11mcRanging: No, ANQP: No, LCI: No, Civic: No, capability(0x8011): ESS Privacy
06-12 13:54:48.001 1456 4704 D LOWI-9.0.0.87.a: [LOWI-Scan] BSS 48:73:97:be:7c:f5 FREQ: 5785, cFreq1[40:80:160] = [5795:0:0] cFreq2 = 0 Country Code = CN
06-12 13:54:48.001 1456 4704 D LOWI-9.0.0.87.a: [LOWI-Scan] BSS 48:73:97:be:7c:f5 (wlan0) ASSO: NO AddInfo: 0x1, TSF 0, 00:09:05.347, RSSI: -90, CPL: 127, AGE: 972, SSID , TSFDelta: 0x8bfa0b25, TXRate: 0
06-12 13:54:48.001 1456 4704 D LOWI-9.0.0.87.a: [LOWI-Scan]
06-12 13:54:48.001 1456 4704 D LOWI-9.0.0.87.a: [LOWI-Scan] print_bss_handler: Report beacon TSF 535322992 as it greater than probe TSF 535322992
06-12 13:54:48.001 1456 4704 D LOWI-9.0.0.87.a: [LOWI-Scan] is_qcom_ie, bss_age: 0
06-12 13:54:48.001 1456 4704 D LOWI-9.0.0.87.a: [LOWI-Scan] adjust_age:AP AGE upper limit reached. Dont store
06-12 13:54:48.001 1456 4704 D LOWI-9.0.0.87.a: [LOWI-Scan] BSS b8:45:f4:1d:c3:90 LOWI_PHY_MODE_11AC_VHT40(9), Beacon Interval: 100, LOWI_ENCRYPTION_TYPE_OPEN 11mcRanging: No, ANQP: No, LCI: No, Civic: No, capability(0x8001): ESS
06-12 13:54:48.001 1456 4704 D LOWI-9.0.0.87.a: [LOWI-Scan] BSS b8:45:f4:1d:c3:90 FREQ: 5785, cFreq1[40:80:160] = [5795:0:0] cFreq2 = 0 Country Code = CN
06-12 13:54:48.001 1456 4704 D LOWI-9.0.0.87.a: [LOWI-Scan] BSS b8:45:f4:1d:c3:90 (wlan0) ASSO: NO AddInfo: 0x1, TSF 0, 00:08:55.322, RSSI: -128, CPL: 127, AGE: 10996, SSID , TSFDelta: 0x4dba6464, TXRate: 0
06-12 13:54:48.001 1456 4704 D LOWI-9.0.0.87.a: [LOWI-Scan]
06-12 13:54:48.001 1456 4704 D LOWI-9.0.0.87.a: [LOWI-Scan] print_bss_handler: Report beacon TSF 535323095 as it greater than probe TSF 535323095
06-12 13:54:48.001 1456 4704 D LOWI-9.0.0.87.a: [LOWI-Scan] decode_rsn_wpa_ie: LOWI_ENCRYPTION_TYPE_WPA_PSK
06-12 13:54:48.001 1456 4704 D LOWI-9.0.0.87.a: [LOWI-Scan] is_qcom_ie, bss_age: 0
06-12 13:54:48.001 1456 4704 D LOWI-9.0.0.87.a: [LOWI-Scan] adjust_age:AP AGE upper limit reached. Dont store
06-12 13:54:48.001 1456 4704 D LOWI-9.0.0.87.a: [LOWI-Scan] BSS b8:45:f4:1d:c3:95 LOWI_PHY_MODE_11AC_VHT40(9), Beacon Interval: 100, LOWI_ENCRYPTION_TYPE_WPA_PSK 11mcRanging: No, ANQP: No, LCI: No, Civic: No, capability(0x8011): ESS Privacy
06-12 13:54:48.001 1456 4704 D LOWI-9.0.0.87.a: [LOWI-Scan] BSS b8:45:f4:1d:c3:95 FREQ: 5785, cFreq1[40:80:160] = [5795:0:0] cFreq2 = 0 Country Code = CN
06-12 13:54:48.001 1456 4704 D LOWI-9.0.0.87.a: [LOWI-Scan] BSS b8:45:f4:1d:c3:95 (wlan0) ASSO: NO AddInfo: 0x1, TSF 0, 00:08:55.323, RSSI: 0, CPL: 127, AGE: 10996, SSID , TSFDelta: 0x4dc44f6f, TXRate: 0
06-12 13:54:48.001 1456 4704 D LOWI-9.0.0.87.a: [LOWI-Scan]
06-12 13:54:48.001 1456 4704 D LOWI-9.0.0.87.a: [LOWI-Scan] print_bss_handler: Report beacon TSF 535324946 as it greater than probe TSF 535324946
06-12 13:54:48.001 1456 4704 D LOWI-9.0.0.87.a: [LOWI-Scan] is_qcom_ie, bss_age: 0
06-12 13:54:48.001 1456 4704 D LOWI-9.0.0.87.a: [LOWI-Scan] adjust_age:AP AGE upper limit reached. Dont store
06-12 13:54:48.001 1456 4704 D LOWI-9.0.0.87.a: [LOWI-Scan] BSS b8:45:f4:1d:51:00 LOWI_PHY_MODE_11AC_VHT40(9), Beacon Interval: 100, LOWI_ENCRYPTION_TYPE_OPEN 11mcRanging: No, ANQP: No, LCI: No, Civic: No, capability(0x8001): ESS
06-12 13:54:48.002 1456 4704 D LOWI-9.0.0.87.a: [LOWI-Scan] BSS b8:45:f4:1d:51:00 FREQ: 5785, cFreq1[40:80:160] = [5795:0:0] cFreq2 = 0 Country Code = CN
06-12 13:54:48.002 1456 4704 D LOWI-9.0.0.87.a: [LOWI-Scan] BSS b8:45:f4:1d:51:00 (wlan0) ASSO: NO AddInfo: 0x1, TSF 0, 00:08:55.324, RSSI: 0, CPL: 127, AGE: 10992, SSID , TSFDelta: 0x4ab17a84, TXRate: 0
06-12 13:54:48.002 1456 4704 D LOWI-9.0.0.87.a: [LOWI-Scan]
06-12 13:54:48.002 1456 4704 D LOWI-9.0.0.87.a: [LOWI-Scan] print_bss_handler: Report beacon TSF 535325020 as it greater than probe TSF 535325020
06-12 13:54:48.002 1456 4704 D LOWI-9.0.0.87.a: [LOWI-Scan] is_qcom_ie, bss_age: 0
06-12 13:54:48.002 1456 4704 D LOWI-9.0.0.87.a: [LOWI-Scan] adjust_age:AP AGE upper limit reached. Dont store
06-12 13:54:48.002 1456 4704 D LOWI-9.0.0.87.a: [LOWI-Scan] BSS b8:45:f4:1d:51:01 LOWI_PHY_MODE_11AC_VHT40(9), Beacon Interval: 100, LOWI_ENCRYPTION_TYPE_OPEN 11mcRanging: No, ANQP: No, LCI: No, Civic: No, capability(0x8001): ESS
06-12 13:54:48.002 1456 4704 D LOWI-9.0.0.87.a: [LOWI-Scan] BSS b8:45:f4:1d:51:01 FREQ: 5785, cFreq1[40:80:160] = [5795:0:0] cFreq2 = 0 Country Code = CN
06-12 13:54:48.002 1456 4704 D LOWI-9.0.0.87.a: [LOWI-Scan] BSS b8:45:f4:1d:51:01 (wlan0) ASSO: NO AddInfo: 0x1, TSF 0, 00:08:55.325, RSSI: 0, CPL: 127, AGE: 10992, SSID GUEST, TSFDelta: 0x4ab33d72, TXRate: 0
06-12 13:54:48.002 1456 4704 D LOWI-9.0.0.87.a: [LOWI-Scan]
06-12 13:54:48.002 1456 4704 D LOWI-9.0.0.87.a: [LOWI-Scan] print_bss_handler: Report beacon TSF 535325177 as it greater than probe TSF 535325177
06-12 13:54:48.002 1456 4704 D LOWI-9.0.0.87.a: [LOWI-Scan] decode_rsn_wpa_ie: LOWI_ENCRYPTION_TYPE_WPA_PSK
06-12 13:54:48.002 1456 4704 D LOWI-9.0.0.87.a: [LOWI-Scan] is_qcom_ie, bss_age: 0
06-12 13:54:48.002 1456 4704 D LOWI-9.0.0.87.a: [LOWI-Scan] adjust_age:AP AGE upper limit reached. Dont store
06-12 13:54:48.002 1456 4704 D LOWI-9.0.0.87.a: [LOWI-Scan] BSS b8:45:f4:1d:51:02 LOWI_PHY_MODE_11AC_VHT40(9), Beacon Interval: 100, LOWI_ENCRYPTION_TYPE_WPA_PSK 11mcRanging: No, ANQP: No, LCI: No, Civic: No, capability(0x8011): ESS Privacy
06-12 13:54:48.002 1456 4704 D LOWI-9.0.0.87.a: [LOWI-Scan] BSS b8:45:f4:1d:51:02 FREQ: 5785, cFreq1[40:80:160] = [5795:0:0] cFreq2 = 0 Country Code = CN
06-12 13:54:48.002 1456 4704 D LOWI-9.0.0.87.a: [LOWI-Scan] BSS b8:45:f4:1d:51:02 (wlan0) ASSO: NO AddInfo: 0x1, TSF 0, 00:08:55.325, RSSI: 0, CPL: 127, AGE: 10992, SSID HELLO, TSFDelta: 0x4ab53a5a, TXRate: 0
06-12 13:54:48.002 1456 4704 D LOWI-9.0.0.87.a: [LOWI-Scan]
06-12 13:54:48.002 1456 4704 D LOWI-9.0.0.87.a: [LOWI-Scan] print_bss_handler: Report beacon TSF 535325243 as it greater than probe TSF 535325243
06-12 13:54:48.002 1456 4704 D LOWI-9.0.0.87.a: [LOWI-Scan] decode_rsn_wpa_ie: LOWI_ENCRYPTION_TYPE_WPA_EAP
06-12 13:54:48.002 1456 4704 D LOWI-9.0.0.87.a: [LOWI-Scan] is_qcom_ie, bss_age: 0
06-12 13:54:48.002 1456 4704 D LOWI-9.0.0.87.a: [LOWI-Scan] adjust_age:AP AGE upper limit reached. Dont store
06-12 13:54:48.002 1456 4704 D LOWI-9.0.0.87.a: [LOWI-Scan] BSS b8:45:f4:1d:51:03 LOWI_PHY_MODE_11AC_VHT40(9), Beacon Interval: 100, LOWI_ENCRYPTION_TYPE_WPA_EAP 11mcRanging: No, ANQP: No, LCI: No, Civic: No, capability(0x8011): ESS Privacy
06-12 13:54:48.002 1456 4704 D LOWI-9.0.0.87.a: [LOWI-Scan] BSS b8:45:f4:1d:51:03 FREQ: 5785, cFreq1[40:80:160] = [5795:0:0] cFreq2 = 0 Country Code = CN
06-12 13:54:48.002 1456 4704 D LOWI-9.0.0.87.a: [LOWI-Scan] BSS b8:45:f4:1d:51:03 (wlan0) ASSO: NO AddInfo: 0x1, TSF 0, 00:08:55.325, RSSI: 0, CPL: 127, AGE: 10992, SSID HH, TSFDelta: 0x4ab778cc, TXRate: 0
06-12 13:54:48.002 1456 4704 D LOWI-9.0.0.87.a: [LOWI-Scan]
06-12 13:54:48.002 1456 4704 D LOWI-9.0.0.87.a: [LOWI-Scan] print_bss_handler: Report beacon TSF 535325505 as it greater than probe TSF 535325505
06-12 13:54:48.002 1456 4704 D LOWI-9.0.0.87.a: [LOWI-Scan] is_qcom_ie, bss_age: 0
06-12 13:54:48.002 1456 4704 D LOWI-9.0.0.87.a: [LOWI-Scan] adjust_age:AP AGE upper limit reached. Dont store
06-12 13:54:48.002 1456 4704 D LOWI-9.0.0.87.a: [LOWI-Scan] BSS b8:45:f4:1d:51:04 LOWI_PHY_MODE_11AC_VHT40(9), Beacon Interval: 100, LOWI_ENCRYPTION_TYPE_OPEN 11mcRanging: No, ANQP: No, LCI: No, Civic: No, capability(0x8001): ESS
06-12 13:54:48.002 1456 4704 D LOWI-9.0.0.87.a: [LOWI-Scan] BSS b8:45:f4:1d:51:04 FREQ: 5785, cFreq1[40:80:160] = [5795:0:0] cFreq2 = 0 Country Code = CN
06-12 13:54:48.002 1456 4704 D LOWI-9.0.0.87.a: [LOWI-Scan] BSS b8:45:f4:1d:51:04 (wlan0) ASSO: NO AddInfo: 0x1, TSF 0, 00:08:55.325, RSSI: 0, CPL: 127, AGE: 10992, SSID HH-mobile, TSFDelta: 0x4ab97248, TXRate: 0
06-12 13:54:48.002 1456 4704 D LOWI-9.0.0.87.a: [LOWI-Scan]
06-12 13:54:48.002 1456 4704 D LOWI-9.0.0.87.a: [LOWI-Scan] print_bss_handler: Report beacon TSF 545489848 as it greater than probe TSF 545489848
06-12 13:54:48.002 1456 4704 D LOWI-9.0.0.87.a: [LOWI-Scan] decode_rsn_wpa_ie: LOWI_ENCRYPTION_TYPE_WPA_PSK
06-12 13:54:48.002 1456 4704 D LOWI-9.0.0.87.a: [LOWI-Scan] is_qcom_ie, bss_age: 0
06-12 13:54:48.002 1456 4704 D LOWI-9.0.0.87.a: [LOWI-Scan] BSS 48:73:97:be:7c:82 LOWI_PHY_MODE_11AC_VHT40(9), Beacon Interval: 100, LOWI_ENCRYPTION_TYPE_WPA_PSK 11mcRanging: No, ANQP: No, LCI: No, Civic: No, capability(0x8011): ESS Privacy
06-12 13:54:48.002 1456 4704 D LOWI-9.0.0.87.a: [LOWI-Scan] BSS 48:73:97:be:7c:82 FREQ: 5260, cFreq1[40:80:160] = [5270:0:0] cFreq2 = 0 Country Code = CN
06-12 13:54:48.002 1456 4704 D LOWI-9.0.0.87.a: [LOWI-Scan] BSS 48:73:97:be:7c:82 (wlan0) ASSO: NO AddInfo: 0x1, TSF 0, 00:09:05.489, RSSI: -150, CPL: 127, AGE: 828, SSID HELLO, TSFDelta: 0x174f2e34, TXRate: 0
06-12 13:54:48.002 1456 4704 D LOWI-9.0.0.87.a: [LOWI-Scan]
06-12 13:54:48.002 1456 4704 D LOWI-9.0.0.87.a: [LOWI-Scan] print_bss_handler: Report beacon TSF 545490227 as it greater than probe TSF 545490227
06-12 13:54:48.002 1456 4704 D LOWI-9.0.0.87.a: [LOWI-Scan] decode_rsn_wpa_ie: LOWI_ENCRYPTION_TYPE_WPA_EAP
06-12 13:54:48.002 1456 4704 D LOWI-9.0.0.87.a: [LOWI-Scan] is_qcom_ie, bss_age: 0
06-12 13:54:48.002 1456 4704 D LOWI-9.0.0.87.a: [LOWI-Scan] BSS 48:73:97:be:7c:83 LOWI_PHY_MODE_11AC_VHT40(9), Beacon Interval: 100, LOWI_ENCRYPTION_TYPE_WPA_EAP 11mcRanging: No, ANQP: No, LCI: No, Civic: No, capability(0x8011): ESS Privacy
06-12 13:54:48.002 1456 4704 D LOWI-9.0.0.87.a: [LOWI-Scan] BSS 48:73:97:be:7c:83 FREQ: 5260, cFreq1[40:80:160] = [5270:0:0] cFreq2 = 0 Country Code = CN
06-12 13:54:48.002 1456 4704 D LOWI-9.0.0.87.a: [LOWI-Scan] BSS 48:73:97:be:7c:83 (wlan0) ASSO: NO AddInfo: 0x1, TSF 0, 00:09:05.490, RSSI: -148, CPL: 127, AGE: 828, SSID HH, TSFDelta: 0x1750d421, TXRate: 0
06-12 13:54:48.002 1456 4704 D LOWI-9.0.0.87.a: [LOWI-Scan]
06-12 13:54:48.002 1456 4704 D LOWI-9.0.0.87.a: [LOWI-Scan] print_bss_handler: Report beacon TSF 545490314 as it greater than probe TSF 545490314
06-12 13:54:48.002 1456 4704 D LOWI-9.0.0.87.a: [LOWI-Scan] is_qcom_ie, bss_age: 0
06-12 13:54:48.002 1456 4704 D LOWI-9.0.0.87.a: [LOWI-Scan] BSS 48:73:97:be:7c:84 LOWI_PHY_MODE_11AC_VHT40(9), Beacon Interval: 100, LOWI_ENCRYPTION_TYPE_OPEN 11mcRanging: No, ANQP: No, LCI: No, Civic: No, capability(0x8001): ESS
06-12 13:54:48.002 1456 4704 D LOWI-9.0.0.87.a: [LOWI-Scan] BSS 48:73:97:be:7c:84 FREQ: 5260, cFreq1[40:80:160] = [5270:0:0] cFreq2 = 0 Country Code = CN
06-12 13:54:48.002 1456 4704 D LOWI-9.0.0.87.a: [LOWI-Scan] BSS 48:73:97:be:7c:84 (wlan0) ASSO: NO AddInfo: 0x1, TSF 0, 00:09:05.490, RSSI: -146, CPL: 127, AGE: 828, SSID HH-mobile, TSFDelta: 0x1752548b, TXRate: 0
06-12 13:54:48.002 1456 4704 D LOWI-9.0.0.87.a: [LOWI-Scan]
06-12 13:54:48.002 1456 4704 D LOWI-9.0.0.87.a: [LOWI-Scan] print_bss_handler: Report beacon TSF 545761897 as it greater than probe TSF 545761897
06-12 13:54:48.002 1456 4704 D LOWI-9.0.0.87.a: [LOWI-Scan] is_qcom_ie, bss_age: 0
06-12 13:54:48.003 1456 4704 D LOWI-9.0.0.87.a: [LOWI-Scan] BSS 48:73:97:be:88:81 LOWI_PHY_MODE_11AC_VHT40(9), Beacon Interval: 100, LOWI_ENCRYPTION_TYPE_OPEN 11mcRanging: No, ANQP: No, LCI: No, Civic: No, capability(0x8001): ESS
06-12 13:54:48.003 1456 4704 D LOWI-9.0.0.87.a: [LOWI-Scan] BSS 48:73:97:be:88:81 FREQ: 5300, cFreq1[40:80:160] = [5310:0:0] cFreq2 = 0 Country Code = CN
06-12 13:54:48.003 1456 4704 D LOWI-9.0.0.87.a: [LOWI-Scan] BSS 48:73:97:be:88:81 (wlan0) ASSO: NO AddInfo: 0x1, TSF 0, 00:09:05.761, RSSI: -116, CPL: 127, AGE: 556, SSID GUEST, TSFDelta: 0xf949105d, TXRate: 0
06-12 13:54:48.003 1456 4704 D LOWI-9.0.0.87.a: [LOWI-Scan]
06-12 13:54:48.003 1456 4704 D LOWI-9.0.0.87.a: [LOWI-Scan] print_bss_handler: Report beacon TSF 545761984 as it greater than probe TSF 545761984
06-12 13:54:48.003 1456 4704 D LOWI-9.0.0.87.a: [LOWI-Scan] decode_rsn_wpa_ie: LOWI_ENCRYPTION_TYPE_WPA_PSK
06-12 13:54:48.003 1456 4704 D LOWI-9.0.0.87.a: [LOWI-Scan] is_qcom_ie, bss_age: 0
06-12 13:54:48.003 1456 4704 D LOWI-9.0.0.87.a: [LOWI-Scan] BSS 48:73:97:be:88:82 LOWI_PHY_MODE_11AC_VHT40(9), Beacon Interval: 100, LOWI_ENCRYPTION_TYPE_WPA_PSK 11mcRanging: No, ANQP: No, LCI: No, Civic: No, capability(0x8011): ESS Privacy
06-12 13:54:48.003 1456 4704 D LOWI-9.0.0.87.a: [LOWI-Scan] BSS 48:73:97:be:88:82 FREQ: 5300, cFreq1[40:80:160] = [5310:0:0] cFreq2 = 0 Country Code = CN
06-12 13:54:48.003 1456 4704 D LOWI-9.0.0.87.a: [LOWI-Scan] BSS 48:73:97:be:88:82 (wlan0) ASSO: NO AddInfo: 0x1, TSF 0, 00:09:05.761, RSSI: -116, CPL: 127, AGE: 556, SSID HELLO, TSFDelta: 0xf94b9699, TXRate: 0
06-12 13:54:48.003 1456 4704 D LOWI-9.0.0.87.a: [LOWI-Scan]
06-12 13:54:48.003 1456 4704 D LOWI-9.0.0.87.a: [LOWI-Scan] print_bss_handler: Report Probe TSF 536069148 as it greater than Beacon TSF 0
06-12 13:54:48.003 1456 4704 D LOWI-9.0.0.87.a: [LOWI-Scan] decode_rsn_wpa_ie: LOWI_ENCRYPTION_TYPE_WPA_PSK
06-12 13:54:48.003 1456 4704 D LOWI-9.0.0.87.a: [LOWI-Scan] is_qcom_ie, bss_age: 0
06-12 13:54:48.003 1456 4704 D LOWI-9.0.0.87.a: [LOWI-Scan] adjust_age:AP AGE upper limit reached. Dont store
06-12 13:54:48.003 1456 4704 D LOWI-9.0.0.87.a: [LOWI-Scan] BSS fc:ee:e6:4e:e6:5b LOWI_PHY_MODE_11NG_HT20(5), Beacon Interval: 100, LOWI_ENCRYPTION_TYPE_WPA_PSK 11mcRanging: No, ANQP: No, LCI: No, Civic: No, capability(0x0411): ESS Privacy ShortSlotTime
06-12 13:54:48.003 1456 4704 D LOWI-9.0.0.87.a: [LOWI-Scan] BSS fc:ee:e6:4e:e6:5b FREQ: 2462, cFreq1[40:80:160] = [0:0:0] cFreq2 = 0 Country Code =
06-12 13:54:48.003 1456 4704 D LOWI-9.0.0.87.a: [LOWI-Scan] BSS fc:ee:e6:4e:e6:5b (wlan0) ASSO: NO AddInfo: 0x0, TSF 0, 00:08:56.069, RSSI: -160, CPL: 127, AGE: 10248, SSID GS560WiFi-fceee64ee65b, TSFDelta: 0x78ab708f, TXRate: 0
06-12 13:54:48.003 1456 4704 D LOWI-9.0.0.87.a: [LOWI-Scan]
06-12 13:54:48.003 1456 4704 D LOWI-9.0.0.87.a: [LOWI-Scan] print_bss_handler: Report Probe TSF 545031547 as it greater than Beacon TSF 0
06-12 13:54:48.003 1456 4704 D LOWI-9.0.0.87.a: [LOWI-Scan] decode_rsn_wpa_ie: LOWI_ENCRYPTION_TYPE_WPA_PSK
06-12 13:54:48.003 1456 4704 D LOWI-9.0.0.87.a: [LOWI-Scan] is_qcom_ie, bss_age: 0
06-12 13:54:48.003 1456 4704 D LOWI-9.0.0.87.a: [LOWI-Scan] BSS c2:17:89:e8:3a:47 LOWI_PHY_MODE_11AC_VHT80(10), Beacon Interval: 100, LOWI_ENCRYPTION_TYPE_WPA_PSK 11mcRanging: No, ANQP: No, LCI: No, Civic: No, capability(0x1531): ESS Privacy ShortPreamble SpectrumMgmt ShortSlotTime
06-12 13:54:48.003 1456 4704 D LOWI-9.0.0.87.a: [LOWI-Scan] BSS c2:17:89:e8:3a:47 FREQ: 5180, cFreq1[40:80:160] = [5190:5210:0] cFreq2 = 0 Country Code = US
06-12 13:54:48.003 1456 4704 D LOWI-9.0.0.87.a: [LOWI-Scan] BSS c2:17:89:e8:3a:47 (wlan0) ASSO: NO AddInfo: 0x0, TSF 0, 00:09:05.031, RSSI: -164, CPL: 127, AGE: 1288, SSID 0373, TSFDelta: 0x59f2a5a4, TXRate: 0
06-12 13:54:48.003 1456 4704 D LOWI-9.0.0.87.a: [LOWI-Scan]
06-12 13:54:48.003 1456 4704 D LOWI-9.0.0.87.a: [LOWI-Scan] print_bss_handler: Report beacon TSF 545106499 as it greater than probe TSF 545106499
06-12 13:54:48.003 1456 4704 D LOWI-9.0.0.87.a: [LOWI-Scan] is_qcom_ie, bss_age: 0
06-12 13:54:48.003 1456 4704 D LOWI-9.0.0.87.a: [LOWI-Scan] BSS 48:73:97:be:87:30 LOWI_PHY_MODE_11AC_VHT40(9), Beacon Interval: 100, LOWI_ENCRYPTION_TYPE_OPEN 11mcRanging: No, ANQP: No, LCI: No, Civic: No, capability(0x8001): ESS
06-12 13:54:48.003 1456 4704 D LOWI-9.0.0.87.a: [LOWI-Scan] BSS 48:73:97:be:87:30 FREQ: 5220, cFreq1[40:80:160] = [5230:0:0] cFreq2 = 0 Country Code = CN
06-12 13:54:48.003 1456 4704 D LOWI-9.0.0.87.a: [LOWI-Scan] BSS 48:73:97:be:87:30 (wlan0) ASSO: NO AddInfo: 0x1, TSF 0, 00:09:05.106, RSSI: -146, CPL: 127, AGE: 1212, SSID , TSFDelta: 0x8336c776, TXRate: 0
06-12 13:54:48.003 1456 4704 D LOWI-9.0.0.87.a: [LOWI-Scan]
06-12 13:54:48.003 1456 4704 D LOWI-9.0.0.87.a: [LOWI-Scan] print_bss_handler: Report beacon TSF 545106652 as it greater than probe TSF 545106652
06-12 13:54:48.003 1456 4704 D LOWI-9.0.0.87.a: [LOWI-Scan] is_qcom_ie, bss_age: 0
06-12 13:54:48.003 1456 4704 D LOWI-9.0.0.87.a: [LOWI-Scan] BSS 48:73:97:be:87:31 LOWI_PHY_MODE_11AC_VHT40(9), Beacon Interval: 100, LOWI_ENCRYPTION_TYPE_OPEN 11mcRanging: No, ANQP: No, LCI: No, Civic: No, capability(0x8001): ESS
06-12 13:54:48.003 1456 4704 D LOWI-9.0.0.87.a: [LOWI-Scan] BSS 48:73:97:be:87:31 FREQ: 5220, cFreq1[40:80:160] = [5230:0:0] cFreq2 = 0 Country Code = CN
06-12 13:54:48.003 1456 4704 D LOWI-9.0.0.87.a: [LOWI-Scan] BSS 48:73:97:be:87:31 (wlan0) ASSO: NO AddInfo: 0x1, TSF 0, 00:09:05.106, RSSI: -144, CPL: 127, AGE: 1212, SSID GUEST, TSFDelta: 0x83393ebd, TXRate: 0
06-12 13:54:48.003 1456 4704 D LOWI-9.0.0.87.a: [LOWI-Scan]
06-12 13:54:48.003 1456 4704 D LOWI-9.0.0.87.a: [LOWI-Scan] print_bss_handler: Report beacon TSF 545106694 as it greater than probe TSF 545106694
06-12 13:54:48.003 1456 4704 D LOWI-9.0.0.87.a: [LOWI-Scan] decode_rsn_wpa_ie: LOWI_ENCRYPTION_TYPE_WPA_PSK
06-12 13:54:48.003 1456 4704 D LOWI-9.0.0.87.a: [LOWI-Scan] is_qcom_ie, bss_age: 0
