06-12 13:47:05.206 0 0 I [ 83.468916] [wifi@1][0x6294b0f4][13: 47:05.203450] wlan: [4676:I:wifipos] wifi_pos_get_ch_info: 461: num channels: 26
06-12 13:47:05.206 0 0 I [ 83.469363] [wifi@1][0x6294d292][13: 47:05.203898] wlan: [4676:I:wifipos] wifi_pos_get_ch_info: 461: num channels: 26
06-12 13:47:05.418 0 0 I [ 83.681562] [wpa_su][0x62d2fca3][13: 47:05.416086] wlan: [4680:I:SME] vdev-0: Connecting to HiPhi000382 ce:62:2e:85:f7:3d rssi: -5 freq: 2412 akm 9 cipher: uc 6 mc 6, CC:
06-12 13:47:05.418 0 0 E [ 83.681726] [wpa_su][0x62d309ba][13: 47:05.416260] wlan: [4680:E:QDF] Cannot malloc 0 bytes @ csr_get_cfg_max_tx_power:14199
06-12 13:47:05.418 0 0 I [ 83.682912] [schedu][0x62d3627a][13: 47:05.417444] wlan: [3397:I:WMI] send_vdev_start_cmd_tlv: 1062: send_vdev_start_cmd_tlv: vdev_id 0 freq 2412 chanmode 12 ch_info: 0xc is_dfs 0 beacon interval 100 dtim 0 center_chan 2422 center_freq2 0 reg_info_1: 0x140000 reg_info_2: 0x1400, req->max_txpow: 0x14 Tx SS 1, Rx SS 1, ldpc_rx: 0, cac 0, regd 4, HE ops: 0req->dis_hw_ack: 0
06-12 13:47:05.442 0 0 I [ 83.705357] [soft_i][0x62d9f5ec][13: 47:05.439890] wlan: [0:I:TXRX] HTT_T2H_MSG_TYPE_PEER_MAP msg for peer id 16 vdev id 0 n
06-12 13:47:05.442 0 0 E [ 83.705380] [soft_i][0x62d9f7e2][13: 47:05.439916] wlan: [0:E:DP] dp_peer_find_add_id: peer 0000000000000000 ID 16 vid 0 mac ce:62:2e:85:f7:3d
06-12 13:47:05.442 0 0 I [ 83.705398] [soft_i][0x62d9f93e][13: 47:05.439934] wlan: [0:I:DP] dp_peer_find_add_id: ref_cnt: 2
06-12 13:47:05.442 0 0 E [ 83.705413] [soft_i][0x62d9fa5e][13: 47:05.439949] wlan: [0:E:DP] dp_peer_map_ast: peer 0000000000000000 ID 89 vid 0 mac ce:62:2e:85:f7:3d
06-12 13:47:05.448 1548 1548 I service_manager_stats: [100,64,16283]
06-12 13:47:05.550 2423 2423 I sysui_multi_action: [757,830,758,4,833,0,854,top_level_connected_devices,1089,0]
06-12 13:47:05.558 0 0 I [ 83.822159] [schedu][0x62fc2795][13: 47:05.556605] wlan: [3397:I:PE] Auth TX: seq 1 seq num 2060 status 0 WEP 0 to ce:62:2e:85:f7:3d
06-12 13:47:05.562 0 0 I [ 83.824602] [schedu][0x62fce555][13: 47:05.559135] wlan: [3397:I:PE] Auth TX: success
06-12 13:47:05.562 0 0 I [ 83.826537] [schedu][0x62fd7581][13: 47:05.561057] wlan: [3397:I:PE] Auth RX: vdev 0 sys role 3 lim_state 5 from ce:62:2e:85:f7:3d rssi -4 auth_alg 0 seq 2070
06-12 13:47:05.562 0 0 I [ 83.826895] [schedu][0x62fd9155][13: 47:05.561428] wlan: [3397:I:PE] Assoc req TX: vdev 0 to ce:62:2e:85:f7:3d seq num 2061
06-12 13:47:05.566 0 0 I [ 83.830533] [schedu][0x62fea235][13: 47:05.565067] wlan: [3397:I:PE] Assoc req TX: success
06-12 13:47:05.578 0 0 I [ 83.837147] [schedu][0x630091a5][13: 47:05.571673] wlan: [3397:I:PE] Assoc rsp RX: subtype 0 vdev 0 sys role 3 lim state 10 rssi -3 from ce:62:2e:85:f7:3d
06-12 13:47:05.587 0 0 E [ 83.849617] [schedu][0x6304398f][13: 47:05.584151] wlan: [3397:E:QDF] Cannot malloc 0 bytes @ csr_get_cfg_max_tx_power:14199
06-12 13:47:05.587 0 0 E [ 83.849635] [schedu][0x63043b07][13: 47:05.584171] wlan: [3397:E:QDF] Cannot malloc 0 bytes @ csr_get_cfg_max_tx_power:14199
06-12 13:47:05.587 0 0 E [ 83.850881] [soft_i][0x6304986b][13: 47:05.585416] wlan: [0:E:DP] dp_tx_initialize_threshold: tx flow control threshold is set, pool size is 4096
06-12 13:47:05.587 0 0 I [ 83.850967] [schedu][0x63049ee5][13: 47:05.585503] wlan: [3397:I:HDD] wlan0(vdevid-0): 7e:28:ab:a7:c0:a1 connected to ce:62:2e:85:f7:3d
06-12 13:47:05.602 0 0 I [ 83.865218] [dp_rx_][0x6308cb7c][13: 47:05.599750] wlan: [3401:I:QDF] EAPOL-1 RX: SA:ce:62:2e:85:f7:3d DA:7e:28:ab:a7:c0:a1
06-12 13:47:05.626 0 0 I [ 83.890900] [soft_i][0x63105133][13: 47:05.625427] wlan: [0:I:QDF] EAPOL-2 TX: SA:7e:28:ab:a7:c0:a1 DA:ce:62:2e:85:f7:3d msdu_id:0 status: succ
06-12 13:47:05.632 0 0 I [ 83.893660] [dp_rx_][0x631120ae][13: 47:05.628193] wlan: [3401:I:QDF] EAPOL-3 RX: SA:ce:62:2e:85:f7:3d DA:7e:28:ab:a7:c0:a1
06-12 13:47:05.634 0 0 I [ 83.899264] [soft_i][0x6312c4e9][13: 47:05.633796] wlan: [0:I:QDF] EAPOL-4 TX: SA:7e:28:ab:a7:c0:a1 DA:ce:62:2e:85:f7:3d msdu_id:0 status: succ
06-12 13:47:05.649 0 0 E [ 83.911048] [schedu][0x631638de][13: 47:05.645582] wlan: [3397:E:QDF] Cannot malloc 0 bytes @ csr_get_cfg_max_tx_power:14199
06-12 13:47:05.658 0 0 I [ 83.921303] [schedu][0x631939e4][13: 47:05.655836] wlan: [3397:I:WMI] LFR3:OKC enabled
06-12 13:47:05.658 0 0 I [ 83.921311] [schedu][0x63193abc][13: 47:05.655847] wlan: [3397:I:WMI] LFR3:PMKSA caching enabled
06-12 13:47:05.672 2423 2423 I sysui_multi_action: [757,746,758,2,1089,5947]
06-12 13:47:05.687 0 0 E [ 83.944780] [schedu][0x63201a70][13: 47:05.679310] wlan: [3397:E:PE] OBSS Scan Indication bssid ce:62:2e:85:f7:3d
06-12 13:47:05.688 0 0 E [ 83.944834] [schedu][0x63201efe][13: 47:05.679370] wlan: [3397:E:WMA] cmdlen 140 vdev_id 0 channel count 13 iefield_len 0
06-12 13:47:05.688 0 0 E [ 83.944845] [schedu][0x63201fcb][13: 47:05.679381] wlan: [3397:E:WMA] scantype 1 active_time 10 passive 20 Obss interval 200
06-12 13:47:05.693 1548 1635 I am_pss : [2555,10072,com.android.launcher3,78038016,61165568,0,221696000,0,5,11]
06-12 13:47:05.695 1548 3458 W BluetoothManagerService: psc is not null in bindBluetoothProfileService
06-12 13:47:05.712 1548 1635 I am_pss : [2423,1000,com.android.settings,165520384,152170496,0,302460928,0,2,10]
06-12 13:47:05.719 1548 2993 E UserRestrictionsUtils: Unknown restriction queried by uid 1000 (com.thundercomm.microsettings et al): null
06-12 13:47:05.725 2423 2423 E ActivityThread: Failed to find provider info for com.google.android.gms.nearby.fastpair
06-12 13:47:05.725 2423 2560 E ActivityThread: Failed to find provider info for com.google.android.gms.nearby.fastpair
06-12 13:47:05.729 2423 2423 I sysui_multi_action: [757,747,758,1,833,0,1089,45]
06-12 13:47:05.730 2423 2423 I sysui_multi_action: [757,1729,758,4,854,isParalleledControllers:false,1089,46]
06-12 13:47:05.766 0 0 W [ 84.031705] cnss-daemon: Invalid mac address
06-12 13:47:05.766 0 0 W [ 84.031723] cnss-daemon: failed to update gateway
06-12 13:47:05.786 1548 1859 I netstats_mobile_sample: [0,0,0,0,0,0,0,0,0,0,0,0,1686548825786]
06-12 13:47:05.786 1548 1859 I netstats_wifi_sample: [127114,432,250499,809,127114,432,250499,809,364458,1892,167605,542,1686548825786]
06-12 13:47:05.880 0 0 I [ 84.145387] [soft_i][0x635adee0][13: 47:05.879904] wlan: [0:I:QDF] DHCP-R TX: SA:7e:28:ab:a7:c0:a1 DA:ff:ff:ff:ff:ff:ff msdu_id:1 status: succ
06-12 13:47:05.890 0 0 I [ 84.152290] [soft_i][0x635ce348][13: 47:05.886788] wlan: [0:I:DP] dp_addba_requestprocess_wifi3 restore BA win 64 based on addba req
06-12 13:47:05.894 0 0 I [ 84.158745] [dp_rx_][0x635ec9bd][13: 47:05.893274] wlan: [3401:I:QDF] DHCP-A RX: SA:ce:62:2e:85:f7:3d DA:7e:28:ab:a7:c0:a1
06-12 13:47:05.906 0 0 I [ 84.169465] [dp_rx_][0x6361ed8e][13: 47:05.903992] wlan: [3401:I:QDF] DHCP-R RX: SA:7e:28:ab:a7:c0:a1 DA:ff:ff:ff:ff:ff:ff
06-12 13:47:05.928 1548 1859 I netstats_mobile_sample: [0,0,0,0,0,0,0,0,0,0,0,0,1686548825928]
06-12 13:47:05.929 1548 1859 I netstats_wifi_sample: [127114,432,250499,809,127114,432,250499,809,364458,1892,167605,542,1686548825928]
06-12 13:47:05.940 1548 1859 I netstats_mobile_sample: [0,0,0,0,0,0,0,0,0,0,0,0,1686548825940]
06-12 13:47:05.940 1548 1859 I netstats_wifi_sample: [127114,432,250499,809,127114,432,250499,809,364458,1892,167605,542,1686548825940]
06-12 13:47:05.955 1548 1859 I netstats_mobile_sample: [0,0,0,0,0,0,0,0,0,0,0,0,1686548825955]
06-12 13:47:05.955 1548 1859 I netstats_wifi_sample: [127114,432,250499,809,127114,432,250499,809,364458,1892,167605,542,1686548825955]
06-12 13:47:05.964 0 0 W [ 84.228998] cnss-daemon: Invalid mac address
06-12 13:47:05.964 0 0 W [ 84.229018] cnss-daemon: failed to update gateway
06-12 13:47:05.976 1548 1859 I netstats_mobile_sample: [0,0,0,0,0,0,0,0,0,0,0,0,1686548825976]
06-12 13:47:05.976 1548 1859 I netstats_wifi_sample: [127114,432,250499,809,127114,432,250499,809,364458,1892,167605,542,1686548825976]
06-12 13:47:06.031 0 0 E [ 84.293629] [wifi@1][0x63864e94][13: 47:06.028165] wlan: [837:E:QDF] Cannot malloc 0 bytes @ csr_get_cfg_max_tx_power:14199
06-12 13:47:06.031 0 0 E [ 84.293794] [wifi@1][0x63865b19][13: 47:06.028332] wlan: [837:E:QDF] Cannot malloc 0 bytes @ csr_get_cfg_max_tx_power:14199
06-12 13:47:06.032 0 0 I [ 84.294448] [schedu][0x63868bed][13: 47:06.028983] wlan: [3397:I:WMI] LFR3:OKC enabled
06-12 13:47:06.032 0 0 I [ 84.294456] [schedu][0x63868c8d][13: 47:06.028991] wlan: [3397:I:WMI] LFR3:PMKSA caching enabled
06-12 13:47:06.032 0 0 I [ 84.294832] [schedu][0x6386a8c1][13: 47:06.029367] wlan: [3397:I:WMI] LFR3:OKC enabled
06-12 13:47:06.032 0 0 I [ 84.294839] [schedu][0x6386a955][13: 47:06.029375] wlan: [3397:I:WMI] LFR3:PMKSA caching enabled
06-12 13:47:07.362 1548 1579 D ActivityTaskManager: Skipping, freeform mode : Task{abac04d #63 type=undefined A=10092:com.netease.cloudmusic U=0 visible=false mode=freeform translucent=true sz=0 visible freeform task=true rootAffinity=10092:com.netease.cloudmusic isMini=false}
06-12 13:47:07.365 1548 1579 I wm_task_moved: [70,0,0]
06-12 13:47:07.365 1548 1579 I wm_task_moved: [70,0,5]
06-12 13:47:07.388 2555 2555 I wm_on_restart_called: [52570311,com.android.launcher3.uioverrides.QuickstepLauncher,performRestartActivity]
06-12 13:47:07.410 2555 2555 I wm_on_start_called: [52570311,com.android.launcher3.uioverrides.QuickstepLauncher,handleStartActivity]
06-12 13:47:07.413 1548 1623 I input_focus: [Focus request recents_animation_input_consumer,reason=UpdateInputWindows]
06-12 13:47:07.413 1548 1829 I input_interaction: Interaction with: edge-swipe (server), swipe-up (server), PointerEventDispatcher0 (server),
06-12 13:47:07.413 2423 2423 I view_enqueue_input_event: [Motion - Cancel,com.android.settings/com.android.settings.Settings]
06-12 13:47:07.416 1548 3458 W ActivityTaskManager: getTaskSnapshot: taskId=-950 not found
06-12 13:47:07.418 1548 1579 W ActivityTaskManager: getTaskSnapshot: taskId=-950 not found
06-12 13:47:07.418 1548 1579 W ActivityTaskManager: getTaskSnapshot: taskId=-950 not found
06-12 13:47:07.418 1548 1579 W ActivityTaskManager: getTaskSnapshot: taskId=-950 not found
06-12 13:47:07.421 2555 2555 I sysui_latency: [1,77]
06-12 13:47:07.429 1548 1829 I input_focus: [Focus leaving 6585a6c com.android.settings/com.android.settings.Settings (server),reason=NOT_FOCUSABLE]
06-12 13:47:07.430 1548 1829 I input_focus: [Focus entering recents_animation_input_consumer (server),reason=setFocusedWindow]
06-12 13:47:07.439 1548 1619 I sysui_multi_action: [319,16,322,61,325,85,757,761,758,9,759,5,806,com.android.launcher3,871,com.android.launcher3.uioverrides.QuickstepLauncher,904,com.android.launcher3,905,0,1320,8,1321,5]
06-12 13:47:07.484 1548 2924 W ActivityTaskManager: getTaskSnapshot: taskId=-903 not found
06-12 13:47:07.485 1548 2924 W ActivityTaskManager: getTaskSnapshot: taskId=-903 not found
06-12 13:47:07.494 1548 3458 W ActivityTaskManager: getTaskSnapshot: taskId=-903 not found
06-12 13:47:07.495 1548 3458 W ActivityTaskManager: getTaskSnapshot: taskId=-902 not found
06-12 13:47:07.617 1548 1813 I commit_sys_config_file: [settings-1-0,8]
06-12 13:47:07.674 0 0 I : [ 85.936709] IRQ 5: no longer affine to CPU7
06-12 13:47:07.728 1548 1635 I sysui_latency: [8,79]
06-12 13:47:07.860 1548 1998 I ntp_failure: [time.android.com/216.239.35.4,java.net.SocketTimeoutException: Poll timed out]
06-12 13:47:07.972 1548 4463 I wm_task_moved: [70,0,5]
06-12 13:47:07.973 1548 4463 I wm_add_to_stopping: [0,52570311,com.android.launcher3/.uioverrides.QuickstepLauncher,makeInvisible]
06-12 13:47:07.978 1548 1623 I input_focus: [Focus request 6585a6c com.android.settings/com.android.settings.Settings,reason=UpdateInputWindows]
06-12 13:47:07.979 1548 1622 I wm_stop_activity: [0,52570311,com.android.launcher3/.uioverrides.QuickstepLauncher]
06-12 13:47:07.992 1548 1635 I am_pss : [3598,10027,com.android.providers.calendar,7203840,5238784,0,98926592,0,19,7]
06-12 13:47:07.996 1548 1829 I input_focus: [Focus leaving recents_animation_input_consumer (server),reason=NOT_VISIBLE]
06-12 13:47:07.996 1548 1829 I input_focus: [Focus entering 6585a6c com.android.settings/com.android.settings.Settings (server),reason=setFocusedWindow]
06-12 13:47:07.999 1548 1635 I am_pss : [4221,10052,com.qualcomm.timeservice,5058560,3473408,0,90091520,0,19,6]
06-12 13:47:08.008 1548 1635 I am_pss : [3090,10080,com.hryt.lebotp,50101248,30236672,0,128045056,0,0,7]
06-12 13:47:08.012 2555 2555 I wm_on_stop_called: [52570311,com.android.launcher3.uioverrides.QuickstepLauncher,STOP_ACTIVITY_ITEM]
06-12 13:47:08.015 1548 1635 I am_pss : [3087,10082,com.qualcomm.qti.workloadclassifier,8330240,6709248,0,94261248,0,0,6]
06-12 13:47:08.024 1548 1635 I am_pss : [3036,10081,com.qualcomm.qti.qccnetstat,5909504,4259840,0,92372992,0,0,8]
06-12 13:47:08.032 1548 1635 I am_pss : [3006,10076,com.qualcomm.qti.services.systemhelper:systemhelper_service,6151168,4407296,0,94515200,0,0,8]
06-12 13:47:08.039 1548 1635 I am_pss : [2983,10054,.pasr,5187584,3616768,0,90046464,0,0,6]
06-12 13:47:08.046 1548 1635 I am_pss : [2939,10055,ts.car.uart,6000640,4431872,0,91070464,0,0,5]
06-12 13:47:08.055 1548 1635 I am_pss : [2956,1000,com.hryt.hiphishowfsecontrol,14239744,12111872,0,107040768,0,0,8]
06-12 13:47:08.061 1548 1635 I am_pss : [3290,10060,com.qualcomm.qti.devicestatisticsservice,5197824,3629056,0,89849856,0,0,5]
06-12 13:47:08.063 1548 1635 W UsageStatsService: Unexpected activity event reported! (com.android.launcher3/com.android.launcher3.uioverrides.QuickstepLauncher event : 23 instanceId : 229632235)
06-12 13:47:08.218 1548 1813 I commit_sys_config_file: [settings-1-0,5]
06-12 13:47:09.409 1548 1829 I input_interaction: Interaction with: 6585a6c com.android.settings/com.android.settings.Settings (server), edge-swipe (server), swipe-up (server), PointerEventDispatcher0 (server),
06-12 13:47:09.504 2423 2423 I sysui_multi_action: [757,830,758,4,833,0,854,top_level_storage,1089,0]
06-12 13:47:09.608 2423 2423 I sysui_multi_action: [757,747,758,2,1089,3879]
06-12 13:47:09.631 1548 2074 E UserRestrictionsUtils: Unknown restriction queried by uid 1000 (com.thundercomm.microsettings et al): null
06-12 13:47:09.651 2423 2423 I sysui_multi_action: [757,745,758,1,833,0,1089,31]
06-12 13:47:09.652 2423 2423 I sysui_multi_action: [757,1729,758,4,854,isParalleledControllers:false,1089,32]
06-12 13:47:09.771 1548 2990 D CompatibilityChangeReporter: Compat change id reported: 149924527; UID 1000; state: ENABLED
06-12 13:47:09.771 1548 2990 D CompatibilityChangeReporter: Compat change id reported: 132649864; UID 1000; state: DISABLED
06-12 13:47:09.772 1548 2990 D CompatibilityChangeReporter: Compat change id reported: 182734110; UID 1000; state: ENABLED
06-12 13:47:09.772 1548 2990 D CompatibilityChangeReporter: Compat change id reported: 182734110; UID 1000; state: DISABLED
06-12 13:47:10.484 2423 2423 I sysui_multi_action: [757,830,758,4,833,0,854,top_level_notification,1089,0]
06-12 13:47:10.588 2423 2423 I sysui_multi_action: [757,745,758,2,1089,936]
06-12 13:47:10.617 1548 2990 E UserRestrictionsUtils: Unknown restriction queried by uid 1000 (com.thundercomm.microsettings et al): null
06-12 13:47:10.618 1548 2990 E UserRestrictionsUtils: Unknown restriction queried by uid 1000 (com.thundercomm.microsettings et al): null
06-12 13:47:10.619 1548 2990 E UserRestrictionsUtils: Unknown restriction queried by uid 1000 (com.thundercomm.microsettings et al): null
06-12 13:47:10.619 1548 2990 E UserRestrictionsUtils: Unknown restriction queried by uid 1000 (com.thundercomm.microsettings et al): null
06-12 13:47:10.620 1548 2990 E UserRestrictionsUtils: Unknown restriction queried by uid 1000 (com.thundercomm.microsettings et al): null
06-12 13:47:10.621 1548 2990 E UserRestrictionsUtils: Unknown restriction queried by uid 1000 (com.thundercomm.microsettings et al): null
06-12 13:47:10.621 1548 2990 E UserRestrictionsUtils: Unknown restriction queried by uid 1000 (com.thundercomm.microsettings et al): null
06-12 13:47:10.643 2423 2423 I sysui_multi_action: [757,337,758,1,833,0,1089,43]
06-12 13:47:10.644 2423 2423 I sysui_multi_action: [757,1729,758,4,854,isParalleledControllers:false,1089,44]
06-12 13:47:12.870 1548 1998 I ntp_failure: [time.android.com/216.239.35.12,java.net.SocketTimeoutException: Poll timed out]
06-12 13:47:12.934 2423 2423 I sysui_multi_action: [757,830,758,4,833,0,854,top_level_privacy,1089,0]
06-12 13:47:13.037 2423 2423 I sysui_multi_action: [757,337,758,2,1089,2394]
06-12 13:47:13.066 1548 2074 E UserRestrictionsUtils: Unknown restriction queried by uid 1000 (com.thundercomm.microsettings et al): null
06-12 13:47:13.067 1548 2074 E UserRestrictionsUtils: Unknown restriction queried by uid 1000 (com.thundercomm.microsettings et al): null
06-12 13:47:13.067 1548 2074 E UserRestrictionsUtils: Unknown restriction queried by uid 1000 (com.thundercomm.microsettings et al): null
06-12 13:47:13.068 1548 2074 E UserRestrictionsUtils: Unknown restriction queried by uid 1000 (com.thundercomm.microsettings et al): null
06-12 13:47:13.068 1548 2074 E UserRestrictionsUtils: Unknown restriction queried by uid 1000 (com.thundercomm.microsettings et al): null
06-12 13:47:13.069 1548 2074 E UserRestrictionsUtils: Unknown restriction queried by uid 1000 (com.thundercomm.microsettings et al): null
06-12 13:47:13.069 1548 2074 E UserRestrictionsUtils: Unknown restriction queried by uid 1000 (com.thundercomm.microsettings et al): null
06-12 13:47:13.070 1548 2074 E UserRestrictionsUtils: Unknown restriction queried by uid 1000 (com.thundercomm.microsettings et al): null
06-12 13:47:13.086 2423 2423 I sysui_multi_action: [757,1587,758,1,833,0,1089,37]
06-12 13:47:13.089 2423 2423 I sysui_multi_action: [757,1729,758,4,854,isParalleledControllers:false,1089,40]
06-12 13:47:13.157 1548 1638 I am_uid_idle: 10024
06-12 13:47:14.452 2423 2423 I sysui_multi_action: [757,830,758,4,833,0,854,privacy_manage_perms,1089,0]
06-12 13:47:14.570 2423 2423 I sysui_multi_action: [757,1587,758,2,1089,1484]
06-12 13:47:15.266 0 0 I [ 93.528295] [soft_i][0x6e17c56b][13: 47:15.262816] wlan: [0:I:DP] dp_addba_requestprocess_wifi3 restore BA win 64 based on addba req
06-12 13:47:15.337 1548 1638 I am_uid_idle: 10026
06-12 13:47:15.411 1548 1638 I am_uid_idle: 10084
06-12 13:47:15.555 1548 1638 I am_uid_idle: 10058
06-12 13:47:15.594 1548 1638 I am_uid_idle: 10033
06-12 13:47:15.782 1548 1638 I am_uid_idle: 10022
06-12 13:47:15.811 1548 1638 I am_uid_idle: 2000
06-12 13:47:16.223 1548 1638 I am_uid_idle: 10057
06-12 13:47:16.257 1548 1638 I am_uid_idle: 10085
06-12 13:47:17.449 0 0 W [ 95.714064] cnss-daemon: Invalid mac address
06-12 13:47:17.449 0 0 W [ 95.714095] cnss-daemon: failed to update gateway
06-12 13:47:17.450 1548 1848 I netstats_mobile_sample: [0,0,0,0,0,0,0,0,0,0,0,0,1686548837450]
06-12 13:47:17.451 1548 1848 I netstats_wifi_sample: [138003,497,285171,920,138003,497,285171,920,470951,2386,196201,624,1686548837450]
06-12 13:47:17.830 0 0 I [ 96.092346] init: processing action (sys.tlog.tlogdshc.active=1) from (/system/etc/init/tlogd.rc:195)
06-12 13:47:17.830 0 0 I [ 96.093060] init: starting service 'tlogdshc'...
06-12 13:47:17.934 0 0 I [ 96.196957] init: Service 'tlogdshc' (pid 4863) exited with status 0 oneshot service took 0.100000 seconds in background
06-12 13:47:17.934 0 0 I [ 96.196983] init: Sending signal 9 to service 'tlogdshc' (pid 4863) process group...
06-12 13:47:17.934 0 0 I [ 96.197165] libprocessgroup: Successfully killed process cgroup uid 0 pid 4863 in 0ms
06-12 13:47:19.519 2423 2423 I sysui_multi_action: [757,830,758,4,833,0,854,top_level_about_device,1089,0]
06-12 13:47:19.659 1548 3458 E UserRestrictionsUtils: Unknown restriction queried by uid 1000 (com.thundercomm.microsettings et al): null
06-12 13:47:19.660 1548 3458 E UserRestrictionsUtils: Unknown restriction queried by uid 1000 (com.thundercomm.microsettings et al): null
06-12 13:47:19.660 1548 3458 E UserRestrictionsUtils: Unknown restriction queried by uid 1000 (com.thundercomm.microsettings et al): null
06-12 13:47:19.660 1548 3458 E UserRestrictionsUtils: Unknown restriction queried by uid 1000 (com.thundercomm.microsettings et al): null
06-12 13:47:19.661 1548 3458 E UserRestrictionsUtils: Unknown restriction queried by uid 1000 (com.thundercomm.microsettings et al): null
06-12 13:47:19.673 1548 1638 W BroadcastQueue: Permission Denial: broadcasting Intent { act=android.net.conn.CONNECTIVITY_CHANGE flg=0x4200010 (has extras) } from null (pid=-1, uid=-1) requires android.permission.CHANGE_NETWORK_STATE due to registered receiver BroadcastFilter{8e207b8 1000/u0 ReceiverList{eb29a1b 2423 com.android.settings/1000/u0 remote:3e83c2a}}
06-12 13:47:19.673 1548 1638 W BroadcastQueue: Permission Denial: broadcasting Intent { act=android.net.wifi.STATE_CHANGE flg=0x4000010 (has extras) } from null (pid=-1, uid=-1) requires android.permission.CHANGE_NETWORK_STATE due to registered receiver BroadcastFilter{8e207b8 1000/u0 ReceiverList{eb29a1b 2423 com.android.settings/1000/u0 remote:3e83c2a}}
06-12 13:47:19.676 2423 2423 I sysui_multi_action: [757,40,758,1,833,0,1089,27]
06-12 13:47:19.676 2423 2423 W FeatureConnector: [ImsConnector, 0] connect: not supported.
06-12 13:47:19.677 2423 2423 I sysui_multi_action: [757,1729,758,4,854,isParalleledControllers:false,1089,28]
06-12 13:47:22.163 2423 2423 I sysui_multi_action: [757,830,758,4,833,0,854,top_level_game,1089,0]
06-12 13:47:22.267 2423 2423 I sysui_multi_action: [757,40,758,2,1089,2590]
06-12 13:47:22.279 1548 3458 E UserRestrictionsUtils: Unknown restriction queried by uid 1000 (com.thundercomm.microsettings et al): null
06-12 13:47:22.280 1548 3458 E UserRestrictionsUtils: Unknown restriction queried by uid 1000 (com.thundercomm.microsettings et al): null
06-12 13:47:22.308 1548 1635 I am_pss : [2423,1000,com.android.settings,182746112,166961152,0,329211904,0,2,15]
06-12 13:47:22.318 2423 2423 I sysui_multi_action: [757,3000,758,1,833,0,1089,42]
06-12 13:47:22.319 2423 2423 I sysui_multi_action: [757,1729,758,4,854,isParalleledControllers:false,1089,42]
06-12 13:47:23.003 2423 2423 I sysui_multi_action: [757,830,758,4,833,0,854,top_level_system,1089,0]
06-12 13:47:23.106 2423 2423 I sysui_multi_action: [757,3000,758,2,1089,786]
06-12 13:47:23.119 1548 2056 E UserRestrictionsUtils: Unknown restriction queried by uid 1000 (com.thundercomm.microsettings et al): null
06-12 13:47:23.119 1548 2056 E UserRestrictionsUtils: Unknown restriction queried by uid 1000 (com.thundercomm.microsettings et al): null
06-12 13:47:23.120 1548 2056 E UserRestrictionsUtils: Unknown restriction queried by uid 1000 (com.thundercomm.microsettings et al): null
06-12 13:47:23.120 1548 2056 E UserRestrictionsUtils: Unknown restriction queried by uid 1000 (com.thundercomm.microsettings et al): null
06-12 13:47:23.120 1548 2056 E UserRestrictionsUtils: Unknown restriction queried by uid 1000 (com.thundercomm.microsettings et al): null
06-12 13:47:23.121 1548 2056 E UserRestrictionsUtils: Unknown restriction queried by uid 1000 (com.thundercomm.microsettings et al): null
06-12 13:47:23.138 0 0 I : [ 101.402223] boot log copy done
06-12 13:47:23.139 2423 2423 I sysui_multi_action: [757,744,758,1,833,0,1089,26]
06-12 13:47:23.142 2423 2423 I sysui_multi_action: [757,1729,758,4,854,isParalleledControllers:false,1089,30]
06-12 13:47:23.920 2423 2423 I sysui_multi_action: [757,830,758,4,833,0,854,top_level_privacy,1089,0]
06-12 13:47:24.022 2423 2423 I sysui_multi_action: [757,744,758,2,1089,884]
06-12 13:47:24.033 1548 2056 E UserRestrictionsUtils: Unknown restriction queried by uid 1000 (com.thundercomm.microsettings et al): null
06-12 13:47:24.033 1548 2056 E UserRestrictionsUtils: Unknown restriction queried by uid 1000 (com.thundercomm.microsettings et al): null
06-12 13:47:24.034 1548 2056 E UserRestrictionsUtils: Unknown restriction queried by uid 1000 (com.thundercomm.microsettings et al): null
06-12 13:47:24.034 1548 2056 E UserRestrictionsUtils: Unknown restriction queried by uid 1000 (com.thundercomm.microsettings et al): null
06-12 13:47:24.035 1548 2056 E UserRestrictionsUtils: Unknown restriction queried by uid 1000 (com.thundercomm.microsettings et al): null
06-12 13:47:24.035 1548 2056 E UserRestrictionsUtils: Unknown restriction queried by uid 1000 (com.thundercomm.microsettings et al): null
06-12 13:47:24.036 1548 2056 E UserRestrictionsUtils: Unknown restriction queried by uid 1000 (com.thundercomm.microsettings et al): null
06-12 13:47:24.036 1548 2056 E UserRestrictionsUtils: Unknown restriction queried by uid 1000 (com.thundercomm.microsettings et al): null
06-12 13:47:24.052 2423 2423 I sysui_multi_action: [757,1587,758,1,833,0,1089,25]
06-12 13:47:24.055 2423 2423 I sysui_multi_action: [757,1729,758,4,854,isParalleledControllers:false,1089,27]
06-12 13:47:24.891 2423 2423 I sysui_multi_action: [757,830,758,4,833,0,854,top_level_wallpaper,1089,0]
06-12 13:47:24.992 2423 2423 I sysui_multi_action: [757,1587,758,2,1089,939]
06-12 13:47:25.006 1548 2056 E UserRestrictionsUtils: Unknown restriction queried by uid 1000 (com.thundercomm.microsettings et al): null
06-12 13:47:25.028 2423 2423 I sysui_multi_action: [757,101,758,1,833,0,1089,27]
06-12 13:47:25.029 2423 2423 I sysui_multi_action: [757,1729,758,4,854,isParalleledControllers:false,1089,28]
06-12 13:47:26.868 2423 2423 I sysui_multi_action: [757,830,758,4,833,0,854,top_level_display,1089,0]
06-12 13:47:26.973 2423 2423 I sysui_multi_action: [757,101,758,2,1089,1945]
06-12 13:47:27.003 1548 2056 E UserRestrictionsUtils: Unknown restriction queried by uid 1000 (com.thundercomm.microsettings et al): null
06-12 13:47:27.004 1548 2056 E UserRestrictionsUtils: Unknown restriction queried by uid 1000 (com.thundercomm.microsettings et al): null
06-12 13:47:27.005 1548 2056 E UserRestrictionsUtils: Unknown restriction queried by uid 1000 (com.thundercomm.microsettings et al): null
06-12 13:47:27.006 1548 2056 E UserRestrictionsUtils: Unknown restriction queried by uid 1000 (com.thundercomm.microsettings et al): null
06-12 13:47:27.007 1548 2056 E UserRestrictionsUtils: Unknown restriction queried by uid 1000 (com.thundercomm.microsettings et al): null
06-12 13:47:27.028 2423 2423 I sysui_multi_action: [757,46,758,1,833,0,1089,48]
06-12 13:47:27.041 2423 2423 I sysui_multi_action: [757,1729,758,4,854,isParalleledControllers:false,1089,61]
06-12 13:47:27.351 2423 2423 I sysui_multi_action: [757,830,758,4,833,0,854,top_level_sound,1089,0]
06-12 13:47:27.453 2423 2423 I sysui_multi_action: [757,46,758,2,1089,425]
06-12 13:47:27.485 1548 3458 E UserRestrictionsUtils: Unknown restriction queried by uid 1000 (com.thundercomm.microsettings et al): null
06-12 13:47:27.486 1548 3458 E UserRestrictionsUtils: Unknown restriction queried by uid 1000 (com.thundercomm.microsettings et al): null
06-12 13:47:27.487 1548 3458 E UserRestrictionsUtils: Unknown restriction queried by uid 1000 (com.thundercomm.microsettings et al): null
06-12 13:47:27.487 1548 3458 E UserRestrictionsUtils: Unknown restriction queried by uid 1000 (com.thundercomm.microsettings et al): null
06-12 13:47:27.487 1548 3458 E UserRestrictionsUtils: Unknown restriction queried by uid 1000 (com.thundercomm.microsettings et al): null
06-12 13:47:27.488 1548 3458 E UserRestrictionsUtils: Unknown restriction queried by uid 1000 (com.thundercomm.microsettings et al): null
06-12 13:47:27.489 1548 3458 E UserRestrictionsUtils: Unknown restriction queried by uid 1000 (com.thundercomm.microsettings et al): null
06-12 13:47:27.512 2423 2423 I sysui_multi_action: [757,336,758,1,833,0,1089,53]
06-12 13:47:27.517 2423 2423 I sysui_multi_action: [757,1729,758,4,854,isParalleledControllers:false,1089,57]
06-12 13:47:30.865 1548 1548 I service_manager_stats: [100,96,25417]
06-12 13:47:32.045 2336 4979 W ActivityThread: ClassLoader.loadClass: The class loader returned by Thread.getContextClassLoader() may fail for processes that host multiple applications. You should explicitly specify a context class loader. For example: Thread.setContextClassLoader(getClass().getClassLoader());
06-12 13:47:34.991 1548 1829 I input_interaction: Interaction with: 6585a6c com.android.settings/com.android.settings.Settings (server), PointerEventDispatcher0 (server),
06-12 13:47:36.481 1548 1829 I input_interaction: Interaction with: 6585a6c com.android.settings/com.android.settings.Settings (server), edge-swipe (server), swipe-up (server), PointerEventDispatcher0 (server),
06-12 13:47:36.974 1548 4464 I MicroServiceManager: requestResult(setVolume) parameters is{"functionInfo":{"IDCM_VolumeValue_Media":"5"}}.
06-12 13:47:37.020 1548 4464 I volume_changed: [3,0,5,39,com.android.settings]
06-12 13:47:37.742 1548 1813 I commit_sys_config_file: [settings-1-0,7]
06-12 13:47:43.559 1548 1638 I am_uid_idle: 10052
06-12 13:47:43.738 0 0 I : [ 122.000874] qcom_rpmh DRV:apps_rsc TCS Busy, retrying RPMH message send: addr=0x50000
06-12 13:47:43.738 0 0 I : [ 122.000898] qcom_rpmh DRV:apps_rsc TCS Busy, retrying RPMH message send: addr=0x50000
06-12 13:47:43.738 0 0 I : [ 122.000915] qcom_rpmh DRV:apps_rsc TCS Busy, retrying RPMH message send: addr=0x50000
06-12 13:47:45.096 1548 4464 I MicroServiceManager: requestResult(setVolume) parameters is{"functionInfo":{"IDCM_VolumeValue_Media":"8"}}.
06-12 13:47:45.143 1548 4464 I volume_changed: [3,5,8,39,com.android.settings]
06-12 13:47:45.865 1548 1813 I commit_sys_config_file: [settings-1-0,9]
06-12 13:47:46.630 1548 3458 I MicroServiceManager: requestResult(setVolume) parameters is{"functionInfo":{"IDCM_VolumeValue_Media":"13"}}.
06-12 13:47:46.683 1548 3458 I volume_changed: [3,8,13,39,com.android.settings]
06-12 13:47:47.400 1548 1813 I commit_sys_config_file: [settings-1-0,5]
06-12 13:47:47.830 0 0 I [ 126.094565] init: processing action (sys.tlog.tlogdshc.active=1) from (/system/etc/init/tlogd.rc:195)
06-12 13:47:47.830 0 0 I [ 126.095467] init: starting service 'tlogdshc'...
06-12 13:47:47.951 0 0 I [ 126.216208] init: Service 'tlogdshc' (pid 5113) exited with status 0 oneshot service took 0.115000 seconds in background
06-12 13:47:47.951 0 0 I [ 126.216241] init: Sending signal 9 to service 'tlogdshc' (pid 5113) process group...
06-12 13:47:47.951 0 0 I [ 126.216537] libprocessgroup: Successfully killed process cgroup uid 0 pid 5113 in 0ms
06-12 13:47:48.050 1548 1638 I am_uid_idle: 10027
06-12 13:47:51.048 1548 1638 I am_uid_idle: 10079
06-12 13:48:10.259 1548 1638 I am_uid_idle: 10089
06-12 13:48:14.483 0 0 I : [ 152.744481] qcom_rpmh DRV:apps_rsc TCS Busy, retrying RPMH message send: addr=0x50000
06-12 13:48:14.483 0 0 I : [ 152.744504] qcom_rpmh DRV:apps_rsc TCS Busy, retrying RPMH message send: addr=0x50000
06-12 13:48:14.483 0 0 I : [ 152.744521] qcom_rpmh DRV:apps_rsc TCS Busy, retrying RPMH message send: addr=0x50000
06-12 13:48:14.483 0 0 I : [ 152.744539] qcom_rpmh DRV:apps_rsc TCS Busy, retrying RPMH message send: addr=0x50000
06-12 13:48:14.483 0 0 I : [ 152.744556] qcom_rpmh DRV:apps_rsc TCS Busy, retrying RPMH message send: addr=0x50000
06-12 13:48:14.755 0 0 I : [ 153.016289] qcom_rpmh DRV:apps_rsc TCS Busy, retrying RPMH message send: addr=0x50000
06-12 13:48:14.755 0 0 I : [ 153.016310] qcom_rpmh DRV:apps_rsc TCS Busy, retrying RPMH message send: addr=0x50000
06-12 13:48:14.755 0 0 I : [ 153.016328] qcom_rpmh DRV:apps_rsc TCS Busy, retrying RPMH message send: addr=0x50000
06-12 13:48:14.755 0 0 I : [ 153.016345] qcom_rpmh DRV:apps_rsc TCS Busy, retrying RPMH message send: addr=0x50000
06-12 13:48:14.755 0 0 I : [ 153.016363] qcom_rpmh DRV:apps_rsc TCS Busy, retrying RPMH message send: addr=0x50000
06-12 13:48:17.835 0 0 I [ 156.097006] init: processing action (sys.tlog.tlogdshc.active=1) from (/system/etc/init/tlogd.rc:195)
06-12 13:48:17.835 0 0 I [ 156.097764] init: starting service 'tlogdshc'...
06-12 13:48:17.962 0 0 I [ 156.225556] init: Service 'tlogdshc' (pid 5330) exited with status 0 oneshot service took 0.122000 seconds in background
06-12 13:48:17.962 0 0 I [ 156.225589] init: Sending signal 9 to service 'tlogdshc' (pid 5330) process group...
06-12 13:48:17.962 0 0 I [ 156.225803] libprocessgroup: Successfully killed process cgroup uid 0 pid 5330 in 0ms
06-12 13:48:25.958 1548 1848 I netstats_mobile_sample: [0,0,0,0,0,0,0,0,0,0,0,0,1686548905958]
06-12 13:48:25.958 1548 1848 I netstats_wifi_sample: [167689,781,516479,1611,167689,781,516479,1611,742576,4489,411479,1187,1686548905958]
06-12 13:48:28.320 1548 1638 I am_uid_idle: 10062
06-12 13:48:33.005 2145 5456 W ContextImpl: Calling a method in the system process without a qualified user: android.app.ContextImpl.sendBroadcast:1173 android.content.ContextWrapper.sendBroadcast:479 com.thundercomm.microsettings.action.SetTimeAction.timeUpdated:191 com.thundercomm.microsettings.action.SetTimeAction.update24HourFormat:173 com.thundercomm.microsettings.action.SetTimeAction.doActualAction:133
06-12 13:48:33.017 1548 1548 D DevicePolicyManager: updateSystemUpdateFreezePeriodsRecord
06-12 13:48:33.017 1548 1548 D ConditionProviders.SCP: onReceive android.intent.action.TIME_SET
06-12 13:48:33.018 1548 1548 D ConditionProviders.SCP: evaluateSubscriptionLocked cal=ScheduleCalendar[mDays={1, 2, 3, 4, 5, 6, 7}, mSchedule=ScheduleInfo{days=[1, 2, 3, 4, 5, 6, 7], startHour=22, startMinute=0, endHour=7, endMinute=0, exitAtAlarm=true, nextAlarm=Thu Jan 01 08:00:00 GMT+08:00 1970 (0)}], now=Mon Jun 12 13:48:33 GMT+08:00 2023 (1686548913017), nextUserAlarmTime=Thu Jan 01 08:00:00 GMT+08:00 1970 (0)
06-12 13:48:33.019 1548 1548 D ConditionProviders.SCP: notifyCondition condition://android/schedule?days=1.2.3.4.5.6.7&start=22.0&end=7.0&exitAtAlarm=true STATE_FALSE reason=!meetsSchedule
06-12 13:48:33.020 1548 1548 D ConditionProviders.SCP: Scheduling evaluate for Mon Jun 12 22:00:00 GMT+08:00 2023 (1686578400000), in +8h11m26s983ms, now=Mon Jun 12 13:48:33 GMT+08:00 2023 (1686548913017)
06-12 13:48:33.023 1548 1638 D CompatibilityChangeReporter: Compat change id reported: 168419799; UID 10052; state: DISABLED
06-12 13:48:33.026 1548 1867 I am_uid_active: 10027
06-12 13:48:33.055 1548 1635 I am_pss : [2423,1000,com.android.settings,188146688,171831296,0,336691200,0,2,11]
06-12 13:48:45.692 0 0 I : [ 183.981738] qcom_rpmh DRV:apps_rsc TCS Busy, retrying RPMH message send: addr=0x50000
06-12 13:48:45.692 0 0 I : [ 183.981761] qcom_rpmh DRV:apps_rsc TCS Busy, retrying RPMH message send: addr=0x50000
06-12 13:48:45.692 0 0 I : [ 183.981779] qcom_rpmh DRV:apps_rsc TCS Busy, retrying RPMH message send: addr=0x50000
06-12 13:48:47.808 0 0 I [ 186.098384] init: processing action (sys.tlog.tlogdshc.active=1) from (/system/etc/init/tlogd.rc:195)
06-12 13:48:47.808 0 0 I [ 186.099155] init: starting service 'tlogdshc'...
06-12 13:48:47.940 0 0 I [ 186.228611] init: Service 'tlogdshc' (pid 5547) exited with status 0 oneshot service took 0.124000 seconds in background
06-12 13:48:47.940 0 0 I [ 186.228645] init: Sending signal 9 to service 'tlogdshc' (pid 5547) process group...
06-12 13:48:47.940 0 0 I [ 186.228892] libprocessgroup: Successfully killed process cgroup uid 0 pid 5547 in 0ms
06-12 13:49:17.812 0 0 I [ 216.100585] init: processing action (sys.tlog.tlogdshc.active=1) from (/system/etc/init/tlogd.rc:195)
06-12 13:49:17.813 0 0 I [ 216.101321] init: starting service 'tlogdshc'...
06-12 13:49:17.932 0 0 I [ 216.222711] init: Service 'tlogdshc' (pid 5693) exited with status 0 oneshot service took 0.115000 seconds in background
06-12 13:49:17.932 0 0 I [ 216.222745] init: Sending signal 9 to service 'tlogdshc' (pid 5693) process group...
06-12 13:49:17.932 0 0 I [ 216.222974] libprocessgroup: Successfully killed process cgroup uid 0 pid 5693 in 0ms
06-12 13:49:31.224 0 0 I : [ 229.515323] qcom_rpmh DRV:apps_rsc TCS Busy, retrying RPMH message send: addr=0x50000
06-12 13:49:31.224 0 0 I : [ 229.515346] qcom_rpmh DRV:apps_rsc TCS Busy, retrying RPMH message send: addr=0x50000
06-12 13:49:31.224 0 0 I : [ 229.515364] qcom_rpmh DRV:apps_rsc TCS Busy, retrying RPMH message send: addr=0x50000
06-12 13:49:40.323 1548 1829 I input_interaction: Interaction with: 961f98e StatusBar (server), edge-swipe (server), swipe-up (server), PointerEventDispatcher0 (server),
06-12 13:49:40.330 1936 1936 I sysui_multi_action: [757,803,799,panel_open,802,1]
06-12 13:49:40.331 1936 1936 I sysui_multi_action: [757,1328,758,4,1326,95,1327,2,1329,0]
06-12 13:49:40.427 1548 4464 I sysui_multi_action: [757,127,758,1]
06-12 13:49:40.427 1548 4464 I sysui_multi_action: [757,804,799,note_load,801,0,802,1]
06-12 13:49:40.427 1548 4464 I notification_panel_revealed: 0
06-12 13:49:40.437 1548 1623 I input_focus: [Focus request 40d8d8d NotificationShade,reason=UpdateInputWindows]
06-12 13:49:40.457 1548 1829 I input_focus: [Focus leaving 6585a6c com.android.settings/com.android.settings.Settings (server),reason=setFocusedWindow]
06-12 13:49:40.457 1548 1829 I input_focus: [Focus entering 40d8d8d NotificationShade (server),reason=setFocusedWindow]
06-12 13:49:40.510 1936 1936 I sysui_multi_action: [757,111,758,1]
06-12 13:49:40.510 1936 1936 I sysui_multi_action: [757,126,758,1,759,126,927,0,928,1,1593,0]
06-12 13:49:40.510 1936 1936 I sysui_multi_action: [757,113,758,1,759,113,927,1,928,1,1593,0]
06-12 13:49:40.511 1936 1936 I sysui_multi_action: [757,0,758,1,759,0,927,2,928,0,1593,0]
06-12 13:49:40.511 1936 1936 I sysui_multi_action: [757,0,758,1,759,0,927,3,928,0,1593,0]
06-12 13:49:40.511 1936 1936 I sysui_multi_action: [757,491,758,1,759,491,927,4,928,0,1311,-1,1593,0]
06-12 13:49:40.511 1936 1936 I sysui_multi_action: [757,0,758,1,759,0,927,5,928,0,1593,0]
06-12 13:49:40.511 1936 1936 I sysui_multi_action: [757,111,758,1]
06-12 13:49:40.511 1936 1936 I sysui_multi_action: [757,126,758,1,759,126,927,0,928,1,1593,0]
06-12 13:49:40.512 1936 1936 I sysui_multi_action: [757,113,758,1,759,113,927,1,928,1,1593,0]
06-12 13:49:40.512 1936 1936 I sysui_multi_action: [757,0,758,1,759,0,927,2,928,0,1593,0]
06-12 13:49:40.512 1936 1936 I sysui_multi_action: [757,0,758,1,759,0,927,3,928,0,1593,0]
06-12 13:49:42.806 1548 1829 I input_interaction: Interaction with: 40d8d8d NotificationShade (server), edge-swipe (server), swipe-up (server), PointerEventDispatcher0 (server),
06-12 13:49:42.912 0 0 I : [ 241.201591] IRQ 5: no longer affine to CPU4
06-12 13:49:42.923 1548 1671 V DisplayPowerController[0]: Brightness [0.7070707] reason changing to: 'temporary', previous reason: 'manual'.
06-12 13:49:42.925 1548 1911 E DisplayDeviceConfig: requesting nits when no mapping exists.
06-12 13:49:42.925 1548 1911 E DisplayDeviceConfig: requesting nits when no mapping exists.
06-12 13:49:42.926 1548 1638 I am_wtf : [0,1548,system_server,-1,DisplayDeviceConfig,requesting nits when no mapping exists.]
06-12 13:49:42.927 1548 1638 I DropBoxManagerService: add tag=system_server_wtf isTagEnabled=true flags=0x2
06-12 13:49:42.928 1548 1638 I am_wtf : [0,1548,system_server,-1,DisplayDeviceConfig,requesting nits when no mapping exists.]
06-12 13:49:42.929 1548 1638 I DropBoxManagerService: add tag=system_server_wtf isTagEnabled=true flags=0x2
06-12 13:49:42.940 1548 1911 E DisplayDeviceConfig: requesting nits when no mapping exists.
06-12 13:49:42.941 1548 1911 E DisplayDeviceConfig: requesting nits when no mapping exists.
06-12 13:49:42.941 1548 1638 I am_wtf : [0,1548,system_server,-1,DisplayDeviceConfig,requesting nits when no mapping exists.]
06-12 13:49:42.942 1548 1638 I DropBoxManagerService: add tag=system_server_wtf isTagEnabled=true flags=0x2
06-12 13:49:42.943 1548 1638 I am_wtf : [0,1548,system_server,-1,DisplayDeviceConfig,requesting nits when no mapping exists.]
06-12 13:49:42.944 1548 1638 I DropBoxManagerService: add tag=system_server_wtf isTagEnabled=true flags=0x2
06-12 13:49:42.959 1548 1911 E DisplayDeviceConfig: requesting nits when no mapping exists.
06-12 13:49:42.959 1548 1911 E DisplayDeviceConfig: requesting nits when no mapping exists.
06-12 13:49:42.960 1548 1638 I am_wtf : [0,1548,system_server,-1,DisplayDeviceConfig,requesting nits when no mapping exists.]
06-12 13:49:42.961 1548 1638 I DropBoxManagerService: add tag=system_server_wtf isTagEnabled=true flags=0x2
06-12 13:49:42.961 1548 1638 I am_wtf : [0,1548,system_server,-1,DisplayDeviceConfig,requesting nits when no mapping exists.]
06-12 13:49:42.973 1548 1911 E DisplayDeviceConfig: requesting nits when no mapping exists.
06-12 13:49:42.973 1548 1911 E DisplayDeviceConfig: requesting nits when no mapping exists.
06-12 13:49:42.974 1548 1638 I am_wtf : [0,1548,system_server,-1,DisplayDeviceConfig,requesting nits when no mapping exists.]
06-12 13:49:42.975 1548 1638 I am_wtf : [0,1548,system_server,-1,DisplayDeviceConfig,requesting nits when no mapping exists.]
06-12 13:49:42.990 1548 1911 E DisplayDeviceConfig: requesting nits when no mapping exists.
06-12 13:49:42.990 1548 1911 E DisplayDeviceConfig: requesting nits when no mapping exists.
06-12 13:49:42.990 1548 1638 I am_wtf : [0,1548,system_server,-1,DisplayDeviceConfig,requesting nits when no mapping exists.]
06-12 13:49:42.993 1548 1638 I am_wtf : [0,1548,system_server,-1,DisplayDeviceConfig,requesting nits when no mapping exists.]
06-12 13:49:43.006 1548 1911 E DisplayDeviceConfig: requesting nits when no mapping exists.
06-12 13:49:43.006 1548 1911 E DisplayDeviceConfig: requesting nits when no mapping exists.
06-12 13:49:43.006 1548 1638 I am_wtf : [0,1548,system_server,-1,DisplayDeviceConfig,requesting nits when no mapping exists.]
06-12 13:49:43.009 1548 1638 I am_wtf : [0,1548,system_server,-1,DisplayDeviceConfig,requesting nits when no mapping exists.]
06-12 13:49:43.023 1548 1911 E DisplayDeviceConfig: requesting nits when no mapping exists.
06-12 13:49:43.024 1548 1911 E DisplayDeviceConfig: requesting nits when no mapping exists.
06-12 13:49:43.024 1548 1638 I am_wtf : [0,1548,system_server,-1,DisplayDeviceConfig,requesting nits when no mapping exists.]
06-12 13:49:43.024 1548 1638 I am_wtf : [0,1548,system_server,-1,DisplayDeviceConfig,requesting nits when no mapping exists.]
06-12 13:49:43.040 1548 1911 E DisplayDeviceConfig: requesting nits when no mapping exists.
06-12 13:49:43.040 1548 1911 E DisplayDeviceConfig: requesting nits when no mapping exists.
06-12 13:49:43.040 1548 1638 I am_wtf : [0,1548,system_server,-1,DisplayDeviceConfig,requesting nits when no mapping exists.]
06-12 13:49:43.041 1548 1638 I am_wtf : [0,1548,system_server,-1,DisplayDeviceConfig,requesting nits when no mapping exists.]
06-12 13:49:43.057 1548 1911 E DisplayDeviceConfig: requesting nits when no mapping exists.
06-12 13:49:43.057 1548 1638 I am_wtf : [0,1548,system_server,-1,DisplayDeviceConfig,requesting nits when no mapping exists.]
06-12 13:49:43.057 1548 1911 E DisplayDeviceConfig: requesting nits when no mapping exists.
06-12 13:49:43.058 1548 1638 I am_wtf : [0,1548,system_server,-1,DisplayDeviceConfig,requesting nits when no mapping exists.]
06-12 13:49:43.128 1936 1936 I sysui_multi_action: [757,218,758,4,759,1]
06-12 13:49:43.134 1548 2990 I commit_sys_config_file: [display-state,222576]
06-12 13:49:43.139 1548 1671 V DisplayPowerController[0]: Brightness [0.0] reason changing to: 'manual', previous reason: 'temporary'.
06-12 13:49:43.348 1548 1813 I commit_sys_config_file: [settings-1-0,7]
06-12 13:49:44.839 1548 1671 V DisplayPowerController[0]: Brightness [0.0] reason changing to: 'temporary', previous reason: 'manual'.
06-12 13:49:44.840 1548 1911 E DisplayDeviceConfig: requesting nits when no mapping exists.
06-12 13:49:44.841 1548 1911 E DisplayDeviceConfig: requesting nits when no mapping exists.
06-12 13:49:44.841 1548 1638 I am_wtf : [0,1548,system_server,-1,DisplayDeviceConfig,requesting nits when no mapping exists.]
06-12 13:49:44.841 1548 1638 I am_wtf : [0,1548,system_server,-1,DisplayDeviceConfig,requesting nits when no mapping exists.]
06-12 13:49:44.856 1548 1911 E DisplayDeviceConfig: requesting nits when no mapping exists.
06-12 13:49:44.856 1548 1911 E DisplayDeviceConfig: requesting nits when no mapping exists.
06-12 13:49:44.856 1548 1638 I am_wtf : [0,1548,system_server,-1,DisplayDeviceConfig,requesting nits when no mapping exists.]
06-12 13:49:44.861 1548 1638 I am_wtf : [0,1548,system_server,-1,DisplayDeviceConfig,requesting nits when no mapping exists.]
06-12 13:49:44.873 1548 1911 E DisplayDeviceConfig: requesting nits when no mapping exists.
06-12 13:49:44.873 1548 1911 E DisplayDeviceConfig: requesting nits when no mapping exists.
06-12 13:49:44.873 1548 1638 I am_wtf : [0,1548,system_server,-1,DisplayDeviceConfig,requesting nits when no mapping exists.]
06-12 13:49:44.876 1548 1638 I am_wtf : [0,1548,system_server,-1,DisplayDeviceConfig,requesting nits when no mapping exists.]
06-12 13:49:44.891 1548 1911 E DisplayDeviceConfig: requesting nits when no mapping exists.
06-12 13:49:44.892 1548 1911 E DisplayDeviceConfig: requesting nits when no mapping exists.
06-12 13:49:44.892 1548 1638 I am_wtf : [0,1548,system_server,-1,DisplayDeviceConfig,requesting nits when no mapping exists.]
06-12 13:49:44.893 1548 1638 I am_wtf : [0,1548,system_server,-1,DisplayDeviceConfig,requesting nits when no mapping exists.]
06-12 13:49:44.907 1548 1911 E DisplayDeviceConfig: requesting nits when no mapping exists.
06-12 13:49:44.907 1548 1638 I am_wtf : [0,1548,system_server,-1,DisplayDeviceConfig,requesting nits when no mapping exists.]
06-12 13:49:44.907 1548 1911 E DisplayDeviceConfig: requesting nits when no mapping exists.
06-12 13:49:44.908 1548 1638 I am_wtf : [0,1548,system_server,-1,DisplayDeviceConfig,requesting nits when no mapping exists.]
06-12 13:49:44.924 1548 1911 E DisplayDeviceConfig: requesting nits when no mapping exists.
06-12 13:49:44.924 1548 1638 I am_wtf : [0,1548,system_server,-1,DisplayDeviceConfig,requesting nits when no mapping exists.]
06-12 13:49:44.924 1548 1911 E DisplayDeviceConfig: requesting nits when no mapping exists.
06-12 13:49:44.928 1548 1638 I am_wtf : [0,1548,system_server,-1,DisplayDeviceConfig,requesting nits when no mapping exists.]
06-12 13:49:44.983 1936 1936 I sysui_multi_action: [757,218,758,4,759,51]
06-12 13:49:44.988 1548 4464 I commit_sys_config_file: [display-state,224429]
06-12 13:49:44.993 1548 1671 V DisplayPowerController[0]: Brightness [0.5050505] reason changing to: 'manual', previous reason: 'temporary'.
06-12 13:49:45.202 1548 1813 I commit_sys_config_file: [settings-1-0,7]
06-12 13:49:45.665 1548 1671 V DisplayPowerController[0]: Brightness [0.5050505] reason changing to: 'temporary', previous reason: 'manual'.
06-12 13:49:45.668 1548 1911 E DisplayDeviceConfig: requesting nits when no mapping exists.
06-12 13:49:45.669 1548 1911 E DisplayDeviceConfig: requesting nits when no mapping exists.
06-12 13:49:45.669 1548 1638 I am_wtf : [0,1548,system_server,-1,DisplayDeviceConfig,requesting nits when no mapping exists.]
06-12 13:49:45.670 1548 1638 I am_wtf : [0,1548,system_server,-1,DisplayDeviceConfig,requesting nits when no mapping exists.]
06-12 13:49:45.690 1548 1911 E DisplayDeviceConfig: requesting nits when no mapping exists.
06-12 13:49:45.690 1548 1911 E DisplayDeviceConfig: requesting nits when no mapping exists.
06-12 13:49:45.690 1548 1638 I am_wtf : [0,1548,system_server,-1,DisplayDeviceConfig,requesting nits when no mapping exists.]
06-12 13:49:45.691 1548 1638 I am_wtf : [0,1548,system_server,-1,DisplayDeviceConfig,requesting nits when no mapping exists.]
06-12 13:49:45.707 1548 1911 E DisplayDeviceConfig: requesting nits when no mapping exists.
06-12 13:49:45.708 1548 1911 E DisplayDeviceConfig: requesting nits when no mapping exists.
06-12 13:49:45.708 1548 1638 I am_wtf : [0,1548,system_server,-1,DisplayDeviceConfig,requesting nits when no mapping exists.]
06-12 13:49:45.709 1548 1638 I am_wtf : [0,1548,system_server,-1,DisplayDeviceConfig,requesting nits when no mapping exists.]
06-12 13:49:45.723 1548 1911 E DisplayDeviceConfig: requesting nits when no mapping exists.
06-12 13:49:45.724 1548 1911 E DisplayDeviceConfig: requesting nits when no mapping exists.
06-12 13:49:45.724 1548 1638 I am_wtf : [0,1548,system_server,-1,DisplayDeviceConfig,requesting nits when no mapping exists.]
06-12 13:49:45.724 1548 1638 I am_wtf : [0,1548,system_server,-1,DisplayDeviceConfig,requesting nits when no mapping exists.]
06-12 13:49:45.740 1548 1911 E DisplayDeviceConfig: requesting nits when no mapping exists.
06-12 13:49:45.740 1548 1911 E DisplayDeviceConfig: requesting nits when no mapping exists.
06-12 13:49:45.740 1548 1638 I am_wtf : [0,1548,system_server,-1,DisplayDeviceConfig,requesting nits when no mapping exists.]
06-12 13:49:45.741 1548 1638 I am_wtf : [0,1548,system_server,-1,DisplayDeviceConfig,requesting nits when no mapping exists.]
06-12 13:49:45.757 1548 1911 E DisplayDeviceConfig: requesting nits when no mapping exists.
06-12 13:49:45.758 1548 1911 E DisplayDeviceConfig: requesting nits when no mapping exists.
06-12 13:49:45.758 1548 1638 I am_wtf : [0,1548,system_server,-1,DisplayDeviceConfig,requesting nits when no mapping exists.]
06-12 13:49:45.758 1548 1638 I am_wtf : [0,1548,system_server,-1,DisplayDeviceConfig,requesting nits when no mapping exists.]
06-12 13:49:45.774 1548 1911 E DisplayDeviceConfig: requesting nits when no mapping exists.
06-12 13:49:45.774 1548 1911 E DisplayDeviceConfig: requesting nits when no mapping exists.
06-12 13:49:45.774 1548 1638 I am_wtf : [0,1548,system_server,-1,DisplayDeviceConfig,requesting nits when no mapping exists.]
06-12 13:49:45.775 1548 1638 I am_wtf : [0,1548,system_server,-1,DisplayDeviceConfig,requesting nits when no mapping exists.]
06-12 13:49:45.836 1936 1936 I sysui_multi_action: [757,218,758,4,759,100]
06-12 13:49:45.841 1548 1918 I commit_sys_config_file: [display-state,225283]
06-12 13:49:45.846 1548 1671 V DisplayPowerController[0]: Brightness [1.0] reason changing to: 'manual', previous reason: 'temporary'.
06-12 13:49:46.055 1548 1813 I commit_sys_config_file: [settings-1-0,8]
06-12 13:49:47.812 0 0 I [ 246.102410] init: processing action (sys.tlog.tlogdshc.active=1) from (/system/etc/init/tlogd.rc:195)
