06-12 13:55:36.281 1936 1936 D ViewTouchDebug: mView : DecorView@9e986eb[BrightnessDialog]Receive event : MotionEvent { action=ACTION_MOVE, actionButton=0, id[0]=0, x[0]=132.50946, y[0]=209.91508, toolType[0]=TOOL_TYPE_FINGER, buttonState=0, classification=NONE, metaState=0, flags=0x0, edgeFlags=0x0, pointerCount=1, historySize=1, eventTime=594598, downTime=594022, deviceId=3, source=0x5002, displayId=0, eventId=221709085 }
06-12 13:55:36.283 1548 1911 E DisplayDeviceConfig: requesting nits when no mapping exists.
06-12 13:55:36.283 1548 1638 I am_wtf : [0,1548,system_server,-1,DisplayDeviceConfig,requesting nits when no mapping exists.]
06-12 13:55:36.283 1548 1911 E DisplayDeviceConfig: requesting nits when no mapping exists.
06-12 13:55:36.284 1548 1638 I am_wtf : [0,1548,system_server,-1,DisplayDeviceConfig,requesting nits when no mapping exists.]
06-12 13:55:36.298 1936 1936 D ViewTouchDebug: mView : DecorView@9e986eb[BrightnessDialog]Receive event : MotionEvent { action=ACTION_MOVE, actionButton=0, id[0]=0, x[0]=129.0, y[0]=210.5, toolType[0]=TOOL_TYPE_FINGER, buttonState=0, classification=NONE, metaState=0, flags=0x0, edgeFlags=0x0, pointerCount=1, historySize=1, eventTime=594604, downTime=594022, deviceId=3, source=0x5002, displayId=0, eventId=161529921 }
06-12 13:55:36.315 1936 1936 D ViewTouchDebug: mView : DecorView@9e986eb[BrightnessDialog]Receive event : MotionEvent { action=ACTION_UP, actionButton=0, id[0]=0, x[0]=132.0, y[0]=210.0, toolType[0]=TOOL_TYPE_FINGER, buttonState=0, classification=NONE, metaState=0, flags=0x0, edgeFlags=0x0, pointerCount=1, historySize=0, eventTime=594636, downTime=594022, deviceId=3, source=0x5002, displayId=0, eventId=298806121 }
06-12 13:55:36.315 1936 1936 I sysui_multi_action: [757,218,758,4,759,5]
06-12 13:55:36.321 1548 4463 I commit_sys_config_file: [display-state,575793]
06-12 13:55:36.325 1548 1671 V DisplayPowerController[0]: Brightness [0.04040404] reason changing to: 'manual', previous reason: 'temporary'.
06-12 13:55:36.359 2423 2512 I OpenGLRenderer: Davey! duration=9223371442201ms; Flags=0, FrameTimelineVsyncId=14224, IntendedVsync=594653442350, Vsync=594653442350, InputEventId=0, HandleInputStart=594653873675, AnimationStart=594653876019, PerformTraversalsStart=594653877685, DrawStart=594660796175, FrameDeadline=594686775682, FrameInterval=594653865237, FrameStartTime=16666666, SyncQueued=594661169717, SyncStart=594661244404, IssueDrawCommandsStart=594662297112, SwapBuffers=594666137321, FrameCompleted=9223372036854775807, DequeueBufferDuration=46094, QueueBufferDuration=1782865, GpuCompleted=9223372036854775807, SwapBuffersCompleted=594668795915, DisplayPresentTime=0,
06-12 13:55:36.532 1548 1813 I commit_sys_config_file: [settings-1-0,4]
06-12 13:55:36.947 1936 1936 D ViewTouchDebug: mView : com.android.systemui.navigationbar.NavigationBarFrame{b436c0b V.E...... ......I. 0,0-2560,46 #7f0b03f2 app:id/navigation_bar_frame}Receive event : MotionEvent { action=ACTION_OUTSIDE, actionButton=0, id[0]=0, x[0]=389.0, y[0]=-912.0, toolType[0]=TOOL_TYPE_FINGER, buttonState=0, classification=NONE, metaState=0, flags=0x0, edgeFlags=0x0, pointerCount=1, historySize=0, eventTime=595267, downTime=595267, deviceId=3, source=0x5002, displayId=0, eventId=1244058078 }
06-12 13:55:36.947 1936 1936 D ViewTouchDebug: mView : DecorView@9e986eb[BrightnessDialog]Receive event : MotionEvent { action=ACTION_DOWN, actionButton=0, id[0]=0, x[0]=389.0, y[0]=86.0, toolType[0]=TOOL_TYPE_FINGER, buttonState=0, classification=NONE, metaState=0, flags=0x0, edgeFlags=0x0, pointerCount=1, historySize=0, eventTime=595267, downTime=595267, deviceId=3, source=0x5002, displayId=0, eventId=967177668 }
06-12 13:55:36.949 1548 1671 V DisplayPowerController[0]: Brightness [0.04040404] reason changing to: 'temporary', previous reason: 'manual'.
06-12 13:55:36.951 1548 1911 E DisplayDeviceConfig: requesting nits when no mapping exists.
06-12 13:55:36.951 1548 1911 E DisplayDeviceConfig: requesting nits when no mapping exists.
06-12 13:55:36.952 1548 1638 I am_wtf : [0,1548,system_server,-1,DisplayDeviceConfig,requesting nits when no mapping exists.]
06-12 13:55:36.952 1548 1638 I am_wtf : [0,1548,system_server,-1,DisplayDeviceConfig,requesting nits when no mapping exists.]
06-12 13:55:36.983 1936 1936 D ViewTouchDebug: mView : DecorView@9e986eb[BrightnessDialog]Receive event : MotionEvent { action=ACTION_MOVE, actionButton=0, id[0]=0, x[0]=400.0, y[0]=90.0, toolType[0]=TOOL_TYPE_FINGER, buttonState=0, classification=NONE, metaState=0, flags=0x0, edgeFlags=0x0, pointerCount=1, historySize=0, eventTime=595304, downTime=595267, deviceId=3, source=0x5002, displayId=0, eventId=375596314 }
06-12 13:55:36.985 1548 1911 E DisplayDeviceConfig: requesting nits when no mapping exists.
06-12 13:55:36.986 1548 1911 E DisplayDeviceConfig: requesting nits when no mapping exists.
06-12 13:55:36.986 1548 1638 I am_wtf : [0,1548,system_server,-1,DisplayDeviceConfig,requesting nits when no mapping exists.]
06-12 13:55:36.987 1548 1638 I am_wtf : [0,1548,system_server,-1,DisplayDeviceConfig,requesting nits when no mapping exists.]
06-12 13:55:36.998 1936 1936 D ViewTouchDebug: mView : DecorView@9e986eb[BrightnessDialog]Receive event : MotionEvent { action=ACTION_MOVE, actionButton=0, id[0]=0, x[0]=412.33334, y[0]=91.121216, toolType[0]=TOOL_TYPE_FINGER, buttonState=0, classification=NONE, metaState=0, flags=0x0, edgeFlags=0x0, pointerCount=1, historySize=1, eventTime=595315, downTime=595267, deviceId=3, source=0x5002, displayId=0, eventId=454725799 }
06-12 13:55:37.015 1936 1936 D ViewTouchDebug: mView : DecorView@9e986eb[BrightnessDialog]Receive event : MotionEvent { action=ACTION_MOVE, actionButton=0, id[0]=0, x[0]=447.48346, y[0]=87.848694, toolType[0]=TOOL_TYPE_FINGER, buttonState=0, classification=NONE, metaState=0, flags=0x0, edgeFlags=0x0, pointerCount=1, historySize=1, eventTime=595331, downTime=595267, deviceId=3, source=0x5002, displayId=0, eventId=214754732 }
06-12 13:55:37.016 1548 1911 E DisplayDeviceConfig: requesting nits when no mapping exists.
06-12 13:55:37.017 1548 1911 E DisplayDeviceConfig: requesting nits when no mapping exists.
06-12 13:55:37.017 1548 1638 I am_wtf : [0,1548,system_server,-1,DisplayDeviceConfig,requesting nits when no mapping exists.]
06-12 13:55:37.017 1548 1638 I am_wtf : [0,1548,system_server,-1,DisplayDeviceConfig,requesting nits when no mapping exists.]
06-12 13:55:37.032 1936 1936 D ViewTouchDebug: mView : DecorView@9e986eb[BrightnessDialog]Receive event : MotionEvent { action=ACTION_MOVE, actionButton=0, id[0]=0, x[0]=499.4209, y[0]=79.96653, toolType[0]=TOOL_TYPE_FINGER, buttonState=0, classification=NONE, metaState=0, flags=0x0, edgeFlags=0x0, pointerCount=1, historySize=2, eventTime=595348, downTime=595267, deviceId=3, source=0x5002, displayId=0, eventId=126632437 }
06-12 13:55:37.033 1548 1911 E DisplayDeviceConfig: requesting nits when no mapping exists.
06-12 13:55:37.033 1548 1911 E DisplayDeviceConfig: requesting nits when no mapping exists.
06-12 13:55:37.033 1548 1638 I am_wtf : [0,1548,system_server,-1,DisplayDeviceConfig,requesting nits when no mapping exists.]
06-12 13:55:37.034 1548 1638 I am_wtf : [0,1548,system_server,-1,DisplayDeviceConfig,requesting nits when no mapping exists.]
06-12 13:55:37.048 1936 1936 D ViewTouchDebug: mView : DecorView@9e986eb[BrightnessDialog]Receive event : MotionEvent { action=ACTION_MOVE, actionButton=0, id[0]=0, x[0]=570.5581, y[0]=72.344185, toolType[0]=TOOL_TYPE_FINGER, buttonState=0, classification=NONE, metaState=0, flags=0x0, edgeFlags=0x0, pointerCount=1, historySize=2, eventTime=595365, downTime=595267, deviceId=3, source=0x5002, displayId=0, eventId=91366278 }
06-12 13:55:37.054 1548 1911 E DisplayDeviceConfig: requesting nits when no mapping exists.
06-12 13:55:37.054 1548 1911 E DisplayDeviceConfig: requesting nits when no mapping exists.
06-12 13:55:37.054 1548 1638 I am_wtf : [0,1548,system_server,-1,DisplayDeviceConfig,requesting nits when no mapping exists.]
06-12 13:55:37.056 1548 1638 I am_wtf : [0,1548,system_server,-1,DisplayDeviceConfig,requesting nits when no mapping exists.]
06-12 13:55:37.065 1936 1936 D ViewTouchDebug: mView : DecorView@9e986eb[BrightnessDialog]Receive event : MotionEvent { action=ACTION_MOVE, actionButton=0, id[0]=0, x[0]=636.6601, y[0]=66.77318, toolType[0]=TOOL_TYPE_FINGER, buttonState=0, classification=NONE, metaState=0, flags=0x0, edgeFlags=0x0, pointerCount=1, historySize=1, eventTime=595381, downTime=595267, deviceId=3, source=0x5002, displayId=0, eventId=779304949 }
06-12 13:55:37.071 1548 1911 E DisplayDeviceConfig: requesting nits when no mapping exists.
06-12 13:55:37.071 1548 1911 E DisplayDeviceConfig: requesting nits when no mapping exists.
06-12 13:55:37.071 1548 1638 I am_wtf : [0,1548,system_server,-1,DisplayDeviceConfig,requesting nits when no mapping exists.]
06-12 13:55:37.072 1548 1638 I am_wtf : [0,1548,system_server,-1,DisplayDeviceConfig,requesting nits when no mapping exists.]
06-12 13:55:37.073 657 671 D mpu_uart: [MSG-P:R-M]:recved H:38, L:0
06-12 13:55:37.073 657 671 V mpu_uart: recv data buf:[0x3c, 0x26, 0x0, 0x2, 0xd, 0x2, 0x1, 0x1c, 0xd, 0xa, 0x20, 0x41, 0x2d, 0x6d, 0x61, 0x69, 0x6e, 0x5f, 0x6c, 0x6f, 0x6f, 0x70, 0x20, 0x69, 0x73, 0x20, 0x72, 0x75, 0x6e, 0x6e, 0x69, 0x6e, 0x67, 0xd, 0xa, 0x0, 0x0, 0x73, ]
06-12 13:55:37.073 657 672 D mpu_uart: [SESSION-Distribute]:Message en queue:d
06-12 13:55:37.082 1936 1936 D ViewTouchDebug: mView : DecorView@9e986eb[BrightnessDialog]Receive event : MotionEvent { action=ACTION_MOVE, actionButton=0, id[0]=0, x[0]=708.4052, y[0]=63.483116, toolType[0]=TOOL_TYPE_FINGER, buttonState=0, classification=NONE, metaState=0, flags=0x0, edgeFlags=0x0, pointerCount=1, historySize=2, eventTime=595398, downTime=595267, deviceId=3, source=0x5002, displayId=0, eventId=367676829 }
06-12 13:55:37.084 1548 1911 E DisplayDeviceConfig: requesting nits when no mapping exists.
06-12 13:55:37.084 1548 1911 E DisplayDeviceConfig: requesting nits when no mapping exists.
06-12 13:55:37.084 1548 1638 I am_wtf : [0,1548,system_server,-1,DisplayDeviceConfig,requesting nits when no mapping exists.]
06-12 13:55:37.085 1548 1638 I am_wtf : [0,1548,system_server,-1,DisplayDeviceConfig,requesting nits when no mapping exists.]
06-12 13:55:37.098 1936 1936 D ViewTouchDebug: mView : DecorView@9e986eb[BrightnessDialog]Receive event : MotionEvent { action=ACTION_MOVE, actionButton=0, id[0]=0, x[0]=795.9884, y[0]=64.0, toolType[0]=TOOL_TYPE_FINGER, buttonState=0, classification=NONE, metaState=0, flags=0x0, edgeFlags=0x0, pointerCount=1, historySize=1, eventTime=595415, downTime=595267, deviceId=3, source=0x5002, displayId=0, eventId=457904410 }
06-12 13:55:37.102 1548 1911 E DisplayDeviceConfig: requesting nits when no mapping exists.
06-12 13:55:37.103 1548 1911 E DisplayDeviceConfig: requesting nits when no mapping exists.
06-12 13:55:37.103 1548 1638 I am_wtf : [0,1548,system_server,-1,DisplayDeviceConfig,requesting nits when no mapping exists.]
06-12 13:55:37.104 1548 1638 I am_wtf : [0,1548,system_server,-1,DisplayDeviceConfig,requesting nits when no mapping exists.]
06-12 13:55:37.115 1936 1936 D ViewTouchDebug: mView : DecorView@9e986eb[BrightnessDialog]Receive event : MotionEvent { action=ACTION_MOVE, actionButton=0, id[0]=0, x[0]=880.77356, y[0]=64.0, toolType[0]=TOOL_TYPE_FINGER, buttonState=0, classification=NONE, metaState=0, flags=0x0, edgeFlags=0x0, pointerCount=1, historySize=2, eventTime=595431, downTime=595267, deviceId=3, source=0x5002, displayId=0, eventId=899035068 }
06-12 13:55:37.117 1548 1911 E DisplayDeviceConfig: requesting nits when no mapping exists.
06-12 13:55:37.117 1548 1638 I am_wtf : [0,1548,system_server,-1,DisplayDeviceConfig,requesting nits when no mapping exists.]
06-12 13:55:37.117 1548 1911 E DisplayDeviceConfig: requesting nits when no mapping exists.
06-12 13:55:37.118 1548 1638 I am_wtf : [0,1548,system_server,-1,DisplayDeviceConfig,requesting nits when no mapping exists.]
06-12 13:55:37.131 1936 1936 D ViewTouchDebug: mView : DecorView@9e986eb[BrightnessDialog]Receive event : MotionEvent { action=ACTION_MOVE, actionButton=0, id[0]=0, x[0]=979.17084, y[0]=61.460976, toolType[0]=TOOL_TYPE_FINGER, buttonState=0, classification=NONE, metaState=0, flags=0x0, edgeFlags=0x0, pointerCount=1, historySize=2, eventTime=595448, downTime=595267, deviceId=3, source=0x5002, displayId=0, eventId=911680401 }
06-12 13:55:37.133 1548 1911 E DisplayDeviceConfig: requesting nits when no mapping exists.
06-12 13:55:37.133 1548 1911 E DisplayDeviceConfig: requesting nits when no mapping exists.
06-12 13:55:37.133 1548 1638 I am_wtf : [0,1548,system_server,-1,DisplayDeviceConfig,requesting nits when no mapping exists.]
06-12 13:55:37.135 1548 1638 I am_wtf : [0,1548,system_server,-1,DisplayDeviceConfig,requesting nits when no mapping exists.]
06-12 13:55:37.148 1936 1936 D ViewTouchDebug: mView : DecorView@9e986eb[BrightnessDialog]Receive event : MotionEvent { action=ACTION_MOVE, actionButton=0, id[0]=0, x[0]=1085.5405, y[0]=58.082718, toolType[0]=TOOL_TYPE_FINGER, buttonState=0, classification=NONE, metaState=0, flags=0x0, edgeFlags=0x0, pointerCount=1, historySize=1, eventTime=595465, downTime=595267, deviceId=3, source=0x5002, displayId=0, eventId=15967537 }
06-12 13:55:37.149 1548 1911 E DisplayDeviceConfig: requesting nits when no mapping exists.
06-12 13:55:37.150 1548 1911 E DisplayDeviceConfig: requesting nits when no mapping exists.
06-12 13:55:37.150 1548 1638 I am_wtf : [0,1548,system_server,-1,DisplayDeviceConfig,requesting nits when no mapping exists.]
06-12 13:55:37.150 1548 1638 I am_wtf : [0,1548,system_server,-1,DisplayDeviceConfig,requesting nits when no mapping exists.]
06-12 13:55:37.165 1936 1936 D ViewTouchDebug: mView : DecorView@9e986eb[BrightnessDialog]Receive event : MotionEvent { action=ACTION_MOVE, actionButton=0, id[0]=0, x[0]=1196.4783, y[0]=57.0, toolType[0]=TOOL_TYPE_FINGER, buttonState=0, classification=NONE, metaState=0, flags=0x0, edgeFlags=0x0, pointerCount=1, historySize=2, eventTime=595481, downTime=595267, deviceId=3, source=0x5002, displayId=0, eventId=945979296 }
06-12 13:55:37.166 1548 1911 E DisplayDeviceConfig: requesting nits when no mapping exists.
06-12 13:55:37.167 1548 1638 I am_wtf : [0,1548,system_server,-1,DisplayDeviceConfig,requesting nits when no mapping exists.]
06-12 13:55:37.167 1548 1911 E DisplayDeviceConfig: requesting nits when no mapping exists.
06-12 13:55:37.169 1548 1638 I am_wtf : [0,1548,system_server,-1,DisplayDeviceConfig,requesting nits when no mapping exists.]
06-12 13:55:37.181 1936 1936 D ViewTouchDebug: mView : DecorView@9e986eb[BrightnessDialog]Receive event : MotionEvent { action=ACTION_MOVE, actionButton=0, id[0]=0, x[0]=1311.5804, y[0]=61.96119, toolType[0]=TOOL_TYPE_FINGER, buttonState=0, classification=NONE, metaState=0, flags=0x0, edgeFlags=0x0, pointerCount=1, historySize=2, eventTime=595498, downTime=595267, deviceId=3, source=0x5002, displayId=0, eventId=467581526 }
06-12 13:55:37.186 1548 1911 E DisplayDeviceConfig: requesting nits when no mapping exists.
06-12 13:55:37.187 1548 1911 E DisplayDeviceConfig: requesting nits when no mapping exists.
06-12 13:55:37.187 1548 1638 I am_wtf : [0,1548,system_server,-1,DisplayDeviceConfig,requesting nits when no mapping exists.]
06-12 13:55:37.187 1548 1638 I am_wtf : [0,1548,system_server,-1,DisplayDeviceConfig,requesting nits when no mapping exists.]
06-12 13:55:37.198 1936 1936 D ViewTouchDebug: mView : DecorView@9e986eb[BrightnessDialog]Receive event : MotionEvent { action=ACTION_MOVE, actionButton=0, id[0]=0, x[0]=1422.2687, y[0]=64.71793, toolType[0]=TOOL_TYPE_FINGER, buttonState=0, classification=NONE, metaState=0, flags=0x0, edgeFlags=0x0, pointerCount=1, historySize=1, eventTime=595515, downTime=595267, deviceId=3, source=0x5002, displayId=0, eventId=545692663 }
06-12 13:55:37.200 1548 1911 E DisplayDeviceConfig: requesting nits when no mapping exists.
06-12 13:55:37.200 1548 1911 E DisplayDeviceConfig: requesting nits when no mapping exists.
06-12 13:55:37.200 1548 1638 I am_wtf : [0,1548,system_server,-1,DisplayDeviceConfig,requesting nits when no mapping exists.]
06-12 13:55:37.201 1548 1638 I am_wtf : [0,1548,system_server,-1,DisplayDeviceConfig,requesting nits when no mapping exists.]
06-12 13:55:37.215 1936 1936 D ViewTouchDebug: mView : DecorView@9e986eb[BrightnessDialog]Receive event : MotionEvent { action=ACTION_MOVE, actionButton=0, id[0]=0, x[0]=1562.8574, y[0]=69.0, toolType[0]=TOOL_TYPE_FINGER, buttonState=0, classification=NONE, metaState=0, flags=0x0, edgeFlags=0x0, pointerCount=1, historySize=2, eventTime=595531, downTime=595267, deviceId=3, source=0x5002, displayId=0, eventId=137370302 }
06-12 13:55:37.216 1548 1911 E DisplayDeviceConfig: requesting nits when no mapping exists.
06-12 13:55:37.217 1548 1638 I am_wtf : [0,1548,system_server,-1,DisplayDeviceConfig,requesting nits when no mapping exists.]
06-12 13:55:37.217 1548 1911 E DisplayDeviceConfig: requesting nits when no mapping exists.
06-12 13:55:37.218 1548 1638 I am_wtf : [0,1548,system_server,-1,DisplayDeviceConfig,requesting nits when no mapping exists.]
06-12 13:55:37.231 1936 1936 D ViewTouchDebug: mView : DecorView@9e986eb[BrightnessDialog]Receive event : MotionEvent { action=ACTION_MOVE, actionButton=0, id[0]=0, x[0]=1694.1644, y[0]=74.31066, toolType[0]=TOOL_TYPE_FINGER, buttonState=0, classification=NONE, metaState=0, flags=0x0, edgeFlags=0x0, pointerCount=1, historySize=3, eventTime=595548, downTime=595267, deviceId=3, source=0x5002, displayId=0, eventId=328589963 }
06-12 13:55:37.233 1548 1911 E DisplayDeviceConfig: requesting nits when no mapping exists.
06-12 13:55:37.233 1548 1638 I am_wtf : [0,1548,system_server,-1,DisplayDeviceConfig,requesting nits when no mapping exists.]
06-12 13:55:37.233 1548 1911 E DisplayDeviceConfig: requesting nits when no mapping exists.
06-12 13:55:37.235 1548 1638 I am_wtf : [0,1548,system_server,-1,DisplayDeviceConfig,requesting nits when no mapping exists.]
06-12 13:55:37.248 1936 1936 D ViewTouchDebug: mView : DecorView@9e986eb[BrightnessDialog]Receive event : MotionEvent { action=ACTION_MOVE, actionButton=0, id[0]=0, x[0]=1802.2933, y[0]=78.88417, toolType[0]=TOOL_TYPE_FINGER, buttonState=0, classification=NONE, metaState=0, flags=0x0, edgeFlags=0x0, pointerCount=1, historySize=1, eventTime=595565, downTime=595267, deviceId=3, source=0x5002, displayId=0, eventId=920340191 }
06-12 13:55:37.250 1548 1911 E DisplayDeviceConfig: requesting nits when no mapping exists.
06-12 13:55:37.250 1548 1911 E DisplayDeviceConfig: requesting nits when no mapping exists.
06-12 13:55:37.250 1548 1638 I am_wtf : [0,1548,system_server,-1,DisplayDeviceConfig,requesting nits when no mapping exists.]
06-12 13:55:37.253 1548 1638 I am_wtf : [0,1548,system_server,-1,DisplayDeviceConfig,requesting nits when no mapping exists.]
06-12 13:55:37.265 1936 1936 D ViewTouchDebug: mView : DecorView@9e986eb[BrightnessDialog]Receive event : MotionEvent { action=ACTION_MOVE, actionButton=0, id[0]=0, x[0]=1927.1936, y[0]=84.39238, toolType[0]=TOOL_TYPE_FINGER, buttonState=0, classification=NONE, metaState=0, flags=0x0, edgeFlags=0x0, pointerCount=1, historySize=3, eventTime=595581, downTime=595267, deviceId=3, source=0x5002, displayId=0, eventId=418925286 }
06-12 13:55:37.266 1548 1911 E DisplayDeviceConfig: requesting nits when no mapping exists.
06-12 13:55:37.267 1548 1911 E DisplayDeviceConfig: requesting nits when no mapping exists.
06-12 13:55:37.267 1548 1638 I am_wtf : [0,1548,system_server,-1,DisplayDeviceConfig,requesting nits when no mapping exists.]
06-12 13:55:37.267 1548 1638 I am_wtf : [0,1548,system_server,-1,DisplayDeviceConfig,requesting nits when no mapping exists.]
06-12 13:55:37.281 1936 1936 D ViewTouchDebug: mView : DecorView@9e986eb[BrightnessDialog]Receive event : MotionEvent { action=ACTION_MOVE, actionButton=0, id[0]=0, x[0]=2015.5251, y[0]=90.49211, toolType[0]=TOOL_TYPE_FINGER, buttonState=0, classification=NONE, metaState=0, flags=0x0, edgeFlags=0x0, pointerCount=1, historySize=1, eventTime=595598, downTime=595267, deviceId=3, source=0x5002, displayId=0, eventId=70268599 }
06-12 13:55:37.283 1548 1911 E DisplayDeviceConfig: requesting nits when no mapping exists.
06-12 13:55:37.284 1548 1911 E DisplayDeviceConfig: requesting nits when no mapping exists.
06-12 13:55:37.284 1548 1638 I am_wtf : [0,1548,system_server,-1,DisplayDeviceConfig,requesting nits when no mapping exists.]
06-12 13:55:37.286 1548 1638 I am_wtf : [0,1548,system_server,-1,DisplayDeviceConfig,requesting nits when no mapping exists.]
06-12 13:55:37.298 1936 1936 D ViewTouchDebug: mView : DecorView@9e986eb[BrightnessDialog]Receive event : MotionEvent { action=ACTION_MOVE, actionButton=0, id[0]=0, x[0]=2113.4182, y[0]=93.82774, toolType[0]=TOOL_TYPE_FINGER, buttonState=0, classification=NONE, metaState=0, flags=0x0, edgeFlags=0x0, pointerCount=1, historySize=2, eventTime=595615, downTime=595267, deviceId=3, source=0x5002, displayId=0, eventId=448090329 }
06-12 13:55:37.303 1548 1911 E DisplayDeviceConfig: requesting nits when no mapping exists.
06-12 13:55:37.303 1548 1911 E DisplayDeviceConfig: requesting nits when no mapping exists.
06-12 13:55:37.303 1548 1638 I am_wtf : [0,1548,system_server,-1,DisplayDeviceConfig,requesting nits when no mapping exists.]
06-12 13:55:37.304 1548 1638 I am_wtf : [0,1548,system_server,-1,DisplayDeviceConfig,requesting nits when no mapping exists.]
06-12 13:55:37.315 1936 1936 D ViewTouchDebug: mView : DecorView@9e986eb[BrightnessDialog]Receive event : MotionEvent { action=ACTION_MOVE, actionButton=0, id[0]=0, x[0]=2213.3792, y[0]=102.28636, toolType[0]=TOOL_TYPE_FINGER, buttonState=0, classification=NONE, metaState=0, flags=0x0, edgeFlags=0x0, pointerCount=1, historySize=2, eventTime=595631, downTime=595267, deviceId=3, source=0x5002, displayId=0, eventId=234279388 }
06-12 13:55:37.316 1548 1911 E DisplayDeviceConfig: requesting nits when no mapping exists.
06-12 13:55:37.316 1548 1638 I am_wtf : [0,1548,system_server,-1,DisplayDeviceConfig,requesting nits when no mapping exists.]
06-12 13:55:37.316 1548 1911 E DisplayDeviceConfig: requesting nits when no mapping exists.
06-12 13:55:37.317 1548 1638 I am_wtf : [0,1548,system_server,-1,DisplayDeviceConfig,requesting nits when no mapping exists.]
06-12 13:55:37.331 1936 1936 D ViewTouchDebug: mView : DecorView@9e986eb[BrightnessDialog]Receive event : MotionEvent { action=ACTION_MOVE, actionButton=0, id[0]=0, x[0]=2307.059, y[0]=111.45261, toolType[0]=TOOL_TYPE_FINGER, buttonState=0, classification=NONE, metaState=0, flags=0x0, edgeFlags=0x0, pointerCount=1, historySize=1, eventTime=595648, downTime=595267, deviceId=3, source=0x5002, displayId=0, eventId=304822069 }
06-12 13:55:37.333 1548 1911 E DisplayDeviceConfig: requesting nits when no mapping exists.
06-12 13:55:37.333 1548 1911 E DisplayDeviceConfig: requesting nits when no mapping exists.
06-12 13:55:37.333 1548 1638 I am_wtf : [0,1548,system_server,-1,DisplayDeviceConfig,requesting nits when no mapping exists.]
06-12 13:55:37.334 1548 1638 I am_wtf : [0,1548,system_server,-1,DisplayDeviceConfig,requesting nits when no mapping exists.]
06-12 13:55:37.348 1936 1936 D ViewTouchDebug: mView : DecorView@9e986eb[BrightnessDialog]Receive event : MotionEvent { action=ACTION_MOVE, actionButton=0, id[0]=0, x[0]=2374.74, y[0]=116.4055, toolType[0]=TOOL_TYPE_FINGER, buttonState=0, classification=NONE, metaState=0, flags=0x0, edgeFlags=0x0, pointerCount=1, historySize=2, eventTime=595665, downTime=595267, deviceId=3, source=0x5002, displayId=0, eventId=559337547 }
06-12 13:55:37.353 1548 1911 E DisplayDeviceConfig: requesting nits when no mapping exists.
06-12 13:55:37.353 1548 1911 E DisplayDeviceConfig: requesting nits when no mapping exists.
06-12 13:55:37.353 1548 1638 I am_wtf : [0,1548,system_server,-1,DisplayDeviceConfig,requesting nits when no mapping exists.]
06-12 13:55:37.354 1548 1638 I am_wtf : [0,1548,system_server,-1,DisplayDeviceConfig,requesting nits when no mapping exists.]
06-12 13:55:37.365 1936 1936 D ViewTouchDebug: mView : DecorView@9e986eb[BrightnessDialog]Receive event : MotionEvent { action=ACTION_MOVE, actionButton=0, id[0]=0, x[0]=2431.153, y[0]=119.12215, toolType[0]=TOOL_TYPE_FINGER, buttonState=0, classification=NONE, metaState=0, flags=0x0, edgeFlags=0x0, pointerCount=1, historySize=2, eventTime=595681, downTime=595267, deviceId=3, source=0x5002, displayId=0, eventId=390131525 }
06-12 13:55:37.366 1548 1911 E DisplayDeviceConfig: requesting nits when no mapping exists.
06-12 13:55:37.367 1548 1911 E DisplayDeviceConfig: requesting nits when no mapping exists.
06-12 13:55:37.367 1548 1638 I am_wtf : [0,1548,system_server,-1,DisplayDeviceConfig,requesting nits when no mapping exists.]
06-12 13:55:37.368 1548 1638 I am_wtf : [0,1548,system_server,-1,DisplayDeviceConfig,requesting nits when no mapping exists.]
06-12 13:55:37.381 1936 1936 D ViewTouchDebug: mView : DecorView@9e986eb[BrightnessDialog]Receive event : MotionEvent { action=ACTION_MOVE, actionButton=0, id[0]=0, x[0]=2481.0586, y[0]=127.39815, toolType[0]=TOOL_TYPE_FINGER, buttonState=0, classification=NONE, metaState=0, flags=0x0, edgeFlags=0x0, pointerCount=1, historySize=1, eventTime=595698, downTime=595267, deviceId=3, source=0x5002, displayId=0, eventId=469193380 }
06-12 13:55:37.383 1548 1911 E DisplayDeviceConfig: requesting nits when no mapping exists.
06-12 13:55:37.383 1548 1638 I am_wtf : [0,1548,system_server,-1,DisplayDeviceConfig,requesting nits when no mapping exists.]
06-12 13:55:37.383 1548 1911 E DisplayDeviceConfig: requesting nits when no mapping exists.
06-12 13:55:37.384 1548 1638 I am_wtf : [0,1548,system_server,-1,DisplayDeviceConfig,requesting nits when no mapping exists.]
06-12 13:55:37.398 1936 1936 D ViewTouchDebug: mView : DecorView@9e986eb[BrightnessDialog]Receive event : MotionEvent { action=ACTION_MOVE, actionButton=0, id[0]=0, x[0]=2501.0, y[0]=132.0, toolType[0]=TOOL_TYPE_FINGER, buttonState=0, classification=NONE, metaState=0, flags=0x0, edgeFlags=0x0, pointerCount=1, historySize=1, eventTime=595704, downTime=595267, deviceId=3, source=0x5002, displayId=0, eventId=629223436 }
06-12 13:55:37.400 1548 1911 E DisplayDeviceConfig: requesting nits when no mapping exists.
06-12 13:55:37.400 1548 1911 E DisplayDeviceConfig: requesting nits when no mapping exists.
06-12 13:55:37.400 1548 1638 I am_wtf : [0,1548,system_server,-1,DisplayDeviceConfig,requesting nits when no mapping exists.]
06-12 13:55:37.401 1548 1638 I am_wtf : [0,1548,system_server,-1,DisplayDeviceConfig,requesting nits when no mapping exists.]
06-12 13:55:37.416 1936 1936 D ViewTouchDebug: mView : DecorView@9e986eb[BrightnessDialog]Receive event : MotionEvent { action=ACTION_UP, actionButton=0, id[0]=0, x[0]=2488.0, y[0]=129.0, toolType[0]=TOOL_TYPE_FINGER, buttonState=0, classification=NONE, metaState=0, flags=0x0, edgeFlags=0x0, pointerCount=1, historySize=0, eventTime=595737, downTime=595267, deviceId=3, source=0x5002, displayId=0, eventId=250976474 }
06-12 13:55:37.416 1936 1936 I sysui_multi_action: [757,218,758,4,759,99]
06-12 13:55:37.421 1548 4463 I commit_sys_config_file: [display-state,576893]
06-12 13:55:37.425 1548 1671 V DisplayPowerController[0]: Brightness [0.989899] reason changing to: 'manual', previous reason: 'temporary'.
06-12 13:55:37.634 1548 1813 I commit_sys_config_file: [settings-1-0,6]
06-12 13:55:37.930 2134 6704 D MicroService: handleHeartBeat:298
06-12 13:55:38.050 2336 2488 D RemoteControlService: getEvent: clientSocket = Socket[address=/192.168.4.4,port=46651,localPort=12600]
06-12 13:55:38.051 2336 2488 D RemoteControlService: run: called
06-12 13:55:38.051 2336 2488 D RemoteControlService: getEvent: start waiting...
06-12 13:55:38.051 2336 6705 E RemoteControlService: Enter ListenSocketRunnable
06-12 13:55:38.052 2336 6705 D RemoteControlService: After desEncrypt json is [{"source":0,"token":"iFeTn78wa3zYKzy"}]
06-12 13:55:38.052 2336 6705 D RemoteControlService: buildRemoteCommand:type=7
06-12 13:55:38.053 2336 6705 D RemoteControlService: Request params: BaseRequestCommandBean{source=0, token='iFeTn78wa3zYKzy', type='null', value='null'}
06-12 13:55:38.054 2336 2445 D RemoteControlService: handleMessage called
06-12 13:55:38.054 2336 2445 D RemoteControlService: Client-192.168.4.4 handleHeartBeat:55
06-12 13:55:38.054 2336 2445 D RemoteControlService: Client have control
06-12 13:55:38.055 2336 2445 D RemoteControlService: Digest: 2DF3A513AA87ED10AD11FD6C152E47EE9678CAA0693F239B9C8FFBBBD3064578
06-12 13:55:38.055 2336 2445 D RemoteControlService: Send data length: 117
06-12 13:55:38.056 2336 2445 D RemoteControlService: Send message finished. direction: 16, messageType: 7, json: {"source":0,"token":"iFeTn78wa3zYKzy","type":"heart_beat","value":1}
06-12 13:55:38.056 2336 2445 D RemoteControlService: HeartBeatCommand ResponseSpeedTest - use time: 6
06-12 13:55:38.074 657 672 I mpu_uart: [MSG-P:RECV]:No message received in 1000 ms
06-12 13:55:38.095 2134 2134 D MicroService: onHeartBeatDetected
06-12 13:55:38.095 2134 2134 D MicroService: sendHeartbeatMessage
06-12 13:55:39.074 657 672 I mpu_uart: [MSG-P:RECV]:No message received in 1000 ms
06-12 13:55:39.078 2423 2512 I OpenGLRenderer: Davey! duration=9223371439484ms; Flags=0, FrameTimelineVsyncId=14290, IntendedVsync=597370121528, Vsync=597370121528, InputEventId=0, HandleInputStart=597370925757, AnimationStart=597370930341, PerformTraversalsStart=597370933466, DrawStart=597371062528, FrameDeadline=597403454860, FrameInterval=597370914924, FrameStartTime=16666666, SyncQueued=597374844820, SyncStart=597374957424, IssueDrawCommandsStart=597376700913, SwapBuffers=597382345913, FrameCompleted=9223372036854775807, DequeueBufferDuration=65833, QueueBufferDuration=1524114, GpuCompleted=9223372036854775807, SwapBuffersCompleted=597384647841, DisplayPresentTime=0,
06-12 13:55:39.936 2134 6707 D MicroService: handleHeartBeat:299
06-12 13:55:40.075 657 672 I mpu_uart: [MSG-P:RECV]:No message received in 1000 ms
06-12 13:55:40.077 657 671 I mpu_uart: [MSG-P:R]:recv sync frame timeout
06-12 13:55:40.098 2134 2134 D MicroService: onHeartBeatDetected
06-12 13:55:40.098 2134 2134 D MicroService: sendHeartbeatMessage
06-12 13:55:41.075 657 672 I mpu_uart: [MSG-P:RECV]:No message received in 1000 ms
06-12 13:55:41.103 1936 1936 D ViewTouchDebug: mView : com.android.systemui.navigationbar.NavigationBarFrame{b436c0b V.E...... ......I. 0,0-2560,46 #7f0b03f2 app:id/navigation_bar_frame}Receive event : MotionEvent { action=ACTION_OUTSIDE, actionButton=0, id[0]=0, x[0]=1354.0, y[0]=44.0, toolType[0]=TOOL_TYPE_FINGER, buttonState=0, classification=NONE, metaState=0, flags=0x0, edgeFlags=0x0, pointerCount=1, historySize=0, eventTime=599423, downTime=599423, deviceId=3, source=0x5002, displayId=0, eventId=2073721507 }
06-12 13:55:41.103 1936 1936 D ViewTouchDebug: mView : DecorView@9e986eb[BrightnessDialog]Receive event : MotionEvent { action=ACTION_DOWN, actionButton=0, id[0]=0, x[0]=1354.0, y[0]=1042.0, toolType[0]=TOOL_TYPE_FINGER, buttonState=0, classification=NONE, metaState=0, flags=0x0, edgeFlags=0x0, pointerCount=1, historySize=0, eventTime=599423, downTime=599423, deviceId=3, source=0x5002, displayId=0, eventId=282935951 }
06-12 13:55:41.106 2555 2555 D TouchInteractionService: onInputEvent: ACTION_DOWN: OtherActivityInputConsumer
06-12 13:55:41.106 1548 1548 I service_manager_stats: [100,60,5155]
06-12 13:55:41.108 1548 4463 D ActivityTaskManager: Skipping, freeform mode : Task{abac04d #63 type=undefined A=10092:com.netease.cloudmusic U=0 visible=false mode=freeform translucent=true sz=0 visible freeform task=true rootAffinity=10092:com.netease.cloudmusic isMini=false}
06-12 13:55:41.108 2555 2555 D OtherActivityInputConsumer: startTouchTrackingForWindowAnimation: isRunning: false
06-12 13:55:41.110 1548 2998 I wm_task_moved: [70,0,0]
06-12 13:55:41.110 1548 1622 I EventSequenceValidator: Transition from ACTIVITY_FINISHED to INTENT_STARTED
06-12 13:55:41.110 1548 2998 I wm_task_moved: [70,0,5]
06-12 13:55:41.116 2555 2555 I wm_on_restart_called: [52570311,com.android.launcher3.uioverrides.QuickstepLauncher,performRestartActivity]
06-12 13:55:41.116 2555 2555 D StateManager: goToState: Background
06-12 13:55:41.117 2555 2555 D FreeWindowContainer: reloadTask: null
06-12 13:55:41.123 2555 2555 V GameTypeUtils: judge isGame:com.android.gallery3d
06-12 13:55:41.123 2555 2555 V GameTypeUtils: judge isGame:com.android.music
06-12 13:55:41.123 2555 2555 V GameTypeUtils: judge isGame:com.android.music
06-12 13:55:41.124 1548 1622 I EventSequenceValidator: Transition from INTENT_STARTED to ACTIVITY_LAUNCHED
06-12 13:55:41.124 2555 2555 V GameTypeUtils: judge isGame:com.microsoft.emmx
06-12 13:55:41.124 2555 2555 V GameTypeUtils: judge isGame:com.android.documentsui
06-12 13:55:41.124 2555 2555 V GameTypeUtils: judge isGame:com.netease.cloudmusic
06-12 13:55:41.176 2555 2555 D EditModeHelper: setHotseatVisibility: 8
06-12 13:55:41.178 2555 2555 D RecentsViewStateController: setState: Background OverviewFullscreenProgress: 1.0
06-12 13:55:41.178 2555 2555 I wm_on_start_called: [52570311,com.android.launcher3.uioverrides.QuickstepLauncher,handleStartActivity]
06-12 13:55:41.181 2555 3870 D BaseIconFactory: normalizeAndWrapToAdaptiveIcon: scale=0.8095241
06-12 13:55:41.196 1548 1622 I EventSequenceValidator: Transition from ACTIVITY_LAUNCHED to ACTIVITY_FINISHED
06-12 13:55:41.203 1548 3872 D libEGL : MSAA-->msaa:0 gamemode:0 4x_msaa:0
06-12 13:55:41.204 1548 3872 D libEGL : MSAA-->msaa:0 gamemode:0 4x_msaa:0
06-12 13:55:41.204 1548 3872 D libEGL : MSAA-->msaa:0 gamemode:0 4x_msaa:0
06-12 13:55:41.208 1548 1619 I sysui_multi_action: [319,8,322,84,325,599,757,761,758,9,759,5,806,com.android.launcher3,871,com.android.launcher3.uioverrides.QuickstepLauncher,904,com.android.launcher3,905,0,1320,8,1321,5]
06-12 13:55:41.217 2555 3870 D BaseIconFactory: normalizeAndWrapToAdaptiveIcon: scale=0.8232189
06-12 13:55:41.218 1548 3458 W ActivityTaskManager: getTaskSnapshot: taskId=-214 not found
06-12 13:55:41.219 2555 3870 D BaseIconFactory: normalizeAndWrapToAdaptiveIcon: scale=0.8095241
06-12 13:55:41.220 1548 2924 W ActivityTaskManager: getTaskSnapshot: taskId=-213 not found
06-12 13:55:41.221 2555 3870 D BaseIconFactory: normalizeAndWrapToAdaptiveIcon: scale=0.8095241
06-12 13:55:41.222 1548 2924 W ActivityTaskManager: getTaskSnapshot: taskId=-213 not found
06-12 13:55:41.240 1936 1936 D ViewTouchDebug: mView : DecorView@9e986eb[BrightnessDialog]Receive event : MotionEvent { action=ACTION_MOVE, actionButton=0, id[0]=0, x[0]=1344.0, y[0]=1042.0, toolType[0]=TOOL_TYPE_FINGER, buttonState=0, classification=NONE, metaState=0, flags=0x0, edgeFlags=0x0, pointerCount=1, historySize=0, eventTime=599561, downTime=599423, deviceId=3, source=0x5002, displayId=0, eventId=689490433 }
06-12 13:55:41.265 1936 1936 D ViewTouchDebug: mView : DecorView@9e986eb[BrightnessDialog]Receive event : MotionEvent { action=ACTION_MOVE, actionButton=0, id[0]=0, x[0]=1341.0035, y[0]=1042.0, toolType[0]=TOOL_TYPE_FINGER, buttonState=0, classification=NONE, metaState=0, flags=0x0, edgeFlags=0x0, pointerCount=1, historySize=1, eventTime=599581, downTime=599423, deviceId=3, source=0x5002, displayId=0, eventId=781620738 }
06-12 13:55:41.280 1548 2924 I InputDispatcher: Monitor swipe-up (server) is stealing touch from [909ab8e com.android.systemui/com.android.systemui.settings.brightness.BrightnessDialog (server), ]
06-12 13:55:41.280 1936 1936 D ViewTouchDebug: mView : DecorView@9e986eb[BrightnessDialog]Receive event : MotionEvent { action=ACTION_CANCEL, actionButton=0, id[0]=0, x[0]=1338.9758, y[0]=1031.7777, toolType[0]=TOOL_TYPE_FINGER, buttonState=0, classification=NONE, metaState=0, flags=0x0, edgeFlags=0x0, pointerCount=1, historySize=0, eventTime=599602, downTime=599423, deviceId=3, source=0x5002, displayId=0, eventId=1546817726 }
06-12 13:55:41.280 1936 1936 I view_enqueue_input_event: [Motion - Cancel,com.android.systemui/com.android.systemui.settings.brightness.BrightnessDialog]
06-12 13:55:41.281 1548 3458 I wm_finish_activity: [0,42545335,75,com.android.systemui/.settings.brightness.BrightnessDialog,recentapps]
06-12 13:55:41.281 2555 2555 I LatencyTracker: ACTION_TOGGLE_RECENTS latency=86
06-12 13:55:41.281 2555 2555 I sysui_latency: [1,86]
06-12 13:55:41.281 1548 3458 I wm_task_moved: [72,1,7]
06-12 13:55:41.281 1548 3458 I wm_task_to_front: [0,72]
06-12 13:55:41.283 1548 3458 I wm_focused_root_task: [0,0,72,75,finish-top adjustFocusToNextFocusableTask]
06-12 13:55:41.283 1548 3458 D ActivityTrigger: ActivityTrigger activityPauseTrigger
06-12 13:55:41.283 1936 1936 I wm_on_top_resumed_lost_called: [42545335,com.android.systemui.settings.brightness.BrightnessDialog,topStateChangedWhenResumed]
06-12 13:55:41.284 1548 3458 I wm_pause_activity: [0,42545335,com.android.systemui/.settings.brightness.BrightnessDialog,userLeaving=false,finish]
06-12 13:55:41.286 1548 3458 W ActivityTaskManager: Duplicate finish request for r=ActivityRecord{28930b7 u0 com.android.systemui/.settings.brightness.BrightnessDialog taskAffinity=10077:com.android.systemui t75 f}}
06-12 13:55:41.287 1548 1623 I input_focus: [Focus request 6585a6c com.android.settings/com.android.settings.Settings,reason=UpdateInputWindows]
06-12 13:55:41.288 1936 1936 I wm_on_paused_called: [42545335,com.android.systemui.settings.brightness.BrightnessDialog,performPause]
06-12 13:55:41.289 1548 4463 I ActivityTaskManager: FOREGROUND_APPLICATION_CHANGED to com.android.settings.homepage.SettingsHomepageActivity
06-12 13:55:41.290 1548 4463 I wm_set_resumed_activity: [0,com.android.settings/.Settings,resumeTopActivityInnerLocked]
06-12 13:55:41.290 1548 1829 I input_interaction: Interaction with: edge-swipe (server), swipe-up (server), PointerEventDispatcher0 (server),
06-12 13:55:41.292 1548 4463 I wm_resume_activity: [0,91867989,72,com.android.settings/.Settings]
06-12 13:55:41.292 2423 2423 I wm_on_resume_called: [91867989,com.android.settings.Settings,RESUME_ACTIVITY]
06-12 13:55:41.293 2423 2423 I sysui_multi_action: [757,35,758,1,833,103,1089,0]
06-12 13:55:41.297 2423 2423 I sysui_multi_action: [757,46,758,1,833,0,1089,0]
06-12 13:55:41.297 1548 1623 I input_focus: [Focus request recents_animation_input_consumer,reason=UpdateInputWindows]
06-12 13:55:41.298 1936 1936 V ShadeControllerImpl: NotificationShadeWindow: com.android.systemui.statusbar.phone.NotificationShadeWindowView{ab63b67 I.E...... ......ID 0,0-2560,1080} canPanelBeCollapsed(): false
06-12 13:55:41.300 1548 1829 I input_focus: [Focus leaving 909ab8e com.android.systemui/com.android.systemui.settings.brightness.BrightnessDialog (server),reason=NO_WINDOW]
06-12 13:55:41.300 1548 1829 I input_focus: [Focus entering 6585a6c com.android.settings/com.android.settings.Settings (server),reason=setFocusedWindow]
06-12 13:55:41.306 1548 1622 I sysui_multi_action: [757,803,799,window_time_0,802,17]
06-12 13:55:41.309 2423 2423 I wm_on_top_resumed_gained_called: [91867989,com.android.settings.Settings,topWhenResuming]
06-12 13:55:41.309 2423 2560 D UsageGraph: No enabled state changed, skipping updateCategory call
06-12 13:55:41.316 1548 1829 I input_focus: [Focus leaving 6585a6c com.android.settings/com.android.settings.Settings (server),reason=NOT_FOCUSABLE]
06-12 13:55:41.316 1548 1829 I input_focus: [Focus entering recents_animation_input_consumer (server),reason=setFocusedWindow]
06-12 13:55:41.317 2555 2555 D ActivityChangeReceiver: onReceive
06-12 13:55:41.317 3854 3854 D ImeService: onUnbindInput
06-12 13:55:41.317 2555 4453 D MCUUtil : saveLastActivity activityName=com.android.settings.homepage.SettingsHomepageActivity packageName=com.android.settings
06-12 13:55:41.319 3854 3854 D ImeService: onBindInput
06-12 13:55:41.319 3854 3854 D ImeService: onFinishInput
06-12 13:55:41.320 3854 3854 D ImeService: current version:10.6.1003.12
06-12 13:55:41.320 3854 3854 D ImeService: onStartInput:packageName:com.android.settings inputType:0 restarting:false,fieldId:2131363262,imeOptions:0
06-12 13:55:41.321 3854 3906 E CarAuth : check ok
06-12 13:55:41.321 3854 3854 I ColorPicker: invalidatePickedColors: oldFloatColor=fff5f7fa
06-12 13:55:41.341 2555 2555 D TouchInteractionService: onInputEvent: ACTION_UP/ACTION_CANCEL: OtherActivityInputConsumer
06-12 13:55:41.341 2555 2555 W OrientationEventListener: Cannot detect sensors. Invalid disable
06-12 13:55:41.342 2555 2555 D FreeWindowHelper: enterOrExitRecentTasks: isEnterRecentTasks=false,mExitFlag=0
06-12 13:55:41.342 2555 2555 D EditModeHelper: setHotseatVisibility: 0
06-12 13:55:41.349 2555 2555 W View : requestLayout() improperly called by com.android.launcher3.views.NoInsetView{4fbae67 V.ED..... ......ID 2218,0-2560,1080 #7f09007c app:id/bg_hotseat} during layout: running second layout pass
06-12 13:55:41.357 1548 4463 W ActivityTaskManager: getTaskSnapshot: taskId=-43 not found
06-12 13:55:41.358 2555 3870 D BaseIconFactory: normalizeAndWrapToAdaptiveIcon: scale=0.8095241
06-12 13:55:41.359 1548 4463 W ActivityTaskManager: getTaskSnapshot: taskId=-43 not found
06-12 13:55:41.359 1548 4463 W ActivityTaskManager: getTaskSnapshot: taskId=-43 not found
06-12 13:55:41.367 1548 3338 I wm_destroy_activity: [0,42545335,75,com.android.systemui/.settings.brightness.BrightnessDialog,finish-idle]
06-12 13:55:41.370 1936 1936 I sysui_multi_action: [757,220,758,2]
06-12 13:55:41.370 1936 1936 I wm_on_stop_called: [42545335,com.android.systemui.settings.brightness.BrightnessDialog,LIFECYCLER_STOP_ACTIVITY]
06-12 13:55:41.370 1936 1936 I wm_on_destroy_called: [42545335,com.android.systemui.settings.brightness.BrightnessDialog,performDestroy]
06-12 13:55:41.371 1548 4463 W InputManager-JNI: Input channel object '909ab8e com.android.systemui/com.android.systemui.settings.brightness.BrightnessDialog (client)' was disposed without first being removed with the input manager!
06-12 13:55:41.381 1548 1813 I commit_sys_config_file: [settings-1-0,3]
06-12 13:55:41.396 1548 2110 D ActivityTaskManager: Skipping, freeform mode : Task{abac04d #63 type=undefined A=10092:com.netease.cloudmusic U=0 visible=false mode=freeform translucent=true sz=0 visible freeform task=true rootAffinity=10092:com.netease.cloudmusic isMini=false}
06-12 13:55:41.399 2087 3757 I GameMode_ActivityMonitoringService: onActivityLaunch: com.android.settings, isGameApp: false
06-12 13:55:41.399 2087 3757 V GameMode_GpuUtils: fps:60
06-12 13:55:41.407 2087 3757 D GameModeIF_GameModeSettings: getUriFor setting_content_uri_root = content://com.thundercomm.gamemode.api/gamemode_settings , name = gamemode_enable
06-12 13:55:41.421 1548 1576 W System : A resource failed to call close.
06-12 13:55:41.421 1548 1576 W System : A resource failed to call close.
06-12 13:55:41.421 1548 1576 W System : A resource failed to call close.
06-12 13:55:41.422 1548 1576 W System : A resource failed to call close.
06-12 13:55:41.422 1548 1576 W System : A resource failed to call close.
06-12 13:55:41.494 1548 1635 I LatencyTracker: ACTION_START_RECENTS_ANIMATION latency=89
06-12 13:55:41.494 1548 1635 I sysui_latency: [8,89]
06-12 13:55:41.924 2134 6719 D MicroService: handleHeartBeat:300
06-12 13:55:41.951 2555 2555 D EditModeHelper: setHotseatVisibility: 0
06-12 13:55:41.953 2555 2555 D RecentsViewStateController: setState: Normal OverviewFullscreenProgress: 0.0
06-12 13:55:41.956 1548 2074 I wm_task_moved: [70,1,7]
06-12 13:55:41.957 1548 2074 I wm_task_moved: [71,1,2147483647]
06-12 13:55:41.957 1548 2074 I wm_task_to_front: [0,71]
06-12 13:55:41.957 1548 2074 I wm_focused_root_task: [0,0,70,72,RecentsAnimation.onAnimationFinished()]
06-12 13:55:41.957 2423 2423 I wm_on_top_resumed_lost_called: [91867989,com.android.settings.Settings,topStateChangedWhenResumed]
06-12 13:55:41.958 1548 2074 I wm_set_resumed_activity: [0,com.android.launcher3/.uioverrides.QuickstepLauncher,RecentsAnimation.onAnimationFinished()]
06-12 13:55:41.959 1548 2074 D ActivityTrigger: ActivityTrigger activityPauseTrigger
06-12 13:55:41.960 1548 2074 I wm_pause_activity: [0,91867989,com.android.settings/.Settings,userLeaving=true,pauseBackTasks]
06-12 13:55:41.962 1548 2074 I wm_add_to_stopping: [0,91867989,com.android.settings/.Settings,makeInvisible]
06-12 13:55:41.962 1548 2074 I ActivityTaskManager: FOREGROUND_APPLICATION_CHANGED to com.android.launcher3.uioverrides.QuickstepLauncher
06-12 13:55:41.962 1548 2074 I wm_set_resumed_activity: [0,com.android.launcher3/.uioverrides.QuickstepLauncher,resumeTopActivityInnerLocked]
06-12 13:55:41.966 1548 2074 I wm_resume_activity: [0,52570311,71,com.android.launcher3/.uioverrides.QuickstepLauncher]
06-12 13:55:41.967 2555 2555 D Launcher: onResume start
06-12 13:55:41.967 2555 2555 D Launcher: onResume finish
06-12 13:55:41.967 2555 2555 I wm_on_resume_called: [52570311,com.android.launcher3.uioverrides.QuickstepLauncher,RESUME_ACTIVITY]
06-12 13:55:41.978 1548 1623 I input_focus: [Focus request 7afd6aa com.android.launcher3/com.android.launcher3.uioverrides.QuickstepLauncher,reason=UpdateInputWindows]
06-12 13:55:41.979 2555 2555 I wm_on_top_resumed_gained_called: [52570311,com.android.launcher3.uioverrides.QuickstepLauncher,topStateChangedWhenResumed]
06-12 13:55:41.980 2555 2555 D ActivityChangeReceiver: onReceive
06-12 13:55:41.980 2555 3853 D MCUUtil : saveLastActivity activityName=com.android.launcher3.uioverrides.QuickstepLauncher packageName=com.android.launcher3
06-12 13:55:41.981 2423 2423 I sysui_multi_action: [757,35,758,2,1089,689]
06-12 13:55:41.982 2423 2423 I sysui_multi_action: [757,46,758,2,1089,684]
06-12 13:55:41.982 1548 1623 I wm_task_removed: [75,removeChild:removeChild last r=ActivityRecord{28930b7 u0 com.android.systemui/.settings.brightness.BrightnessDialog taskAffinity=10077:com.android.systemui t-1 f}} in t=Task{5cbb024 #75 type=standard A=10077:com.android.systemui U=0 visible=false mode=fullscreen translucent=true sz=0 visible freeform task=true rootAffinity=10077:com.android.systemui isMini=false}]
06-12 13:55:41.982 1548 1623 I wm_task_removed: [75,removeChild]
06-12 13:55:41.983 2423 2423 I wm_on_paused_called: [91867989,com.android.settings.Settings,performPause]
06-12 13:55:41.984 1548 1829 I input_focus: [Focus leaving recents_animation_input_consumer (server),reason=NOT_VISIBLE]
06-12 13:55:41.984 1548 1623 W ActivityTaskManager: Can't find TaskDisplayArea to determine support for multi window. Task id=75 attached=false
06-12 13:55:41.984 1548 1623 W ActivityTaskManager: Can't find TaskDisplayArea to determine support for multi window. Task id=75 attached=false
06-12 13:55:41.986 1548 1829 I input_focus: [Focus entering 7afd6aa com.android.launcher3/com.android.launcher3.uioverrides.QuickstepLauncher (server),reason=setFocusedWindow]
06-12 13:55:41.988 1548 2110 I wm_stop_activity: [0,91867989,com.android.settings/.Settings]
06-12 13:55:41.991 1548 1622 I sysui_multi_action: [757,803,799,window_time_0,802,1]
06-12 13:55:41.992 3854 3854 D ImeService: onUnbindInput
06-12 13:55:41.993 3854 3854 D ImeService: onBindInput
06-12 13:55:41.993 3854 3854 D ImeService: onFinishInput
06-12 13:55:41.993 3854 3854 D ImeService: current version:10.6.1003.12
06-12 13:55:41.993 3854 3854 D ImeService: onStartInput:packageName:com.android.launcher3 inputType:0 restarting:false,fieldId:-1,imeOptions:0
06-12 13:55:41.995 3854 3923 E CarAuth : check ok
06-12 13:55:41.995 3854 3854 I ColorPicker: invalidatePickedColors: oldFloatColor=fff5f7fa
06-12 13:55:41.998 1548 1622 I sysui_multi_action: [757,803,799,window_time_0,802,0]
06-12 13:55:42.013 2423 2423 I wm_on_stop_called: [91867989,com.android.settings.Settings,STOP_ACTIVITY_ITEM]
06-12 13:55:42.024 2087 3757 I GameMode_ActivityMonitoringService: onActivityLaunch: com.android.launcher3, isGameApp: false
06-12 13:55:42.024 2087 3757 V GameMode_GpuUtils: fps:60
06-12 13:55:42.025 2087 3757 D GameModeIF_GameModeSettings: getUriFor setting_content_uri_root = content://com.thundercomm.gamemode.api/gamemode_settings , name = gamemode_enable
06-12 13:55:42.031 1548 1623 W Choreographer: Frame time is 0.227322 ms in the future! Check that graphics HAL is generating vsync timestamps using the correct timebase.
06-12 13:55:42.031 2555 2555 W Choreographer: Frame time is 0.199822 ms in the future! Check that graphics HAL is generating vsync timestamps using the correct timebase.
06-12 13:55:42.046 1936 1951 W System : A resource failed to call close.
06-12 13:55:42.057 1936 1951 W System : A resource failed to call release.
06-12 13:55:42.075 657 672 I mpu_uart: [MSG-P:RECV]:No message received in 1000 ms
06-12 13:55:42.080 1548 2110 D ActivityTaskManager: Skipping, freeform mode : Task{abac04d #63 type=undefined A=10092:com.netease.cloudmusic U=0 visible=false mode=freeform translucent=true sz=0 visible freeform task=true rootAffinity=10092:com.netease.cloudmusic isMini=false}
06-12 13:55:42.083 2336 4980 D RemoteControlService: heart beat timer called
06-12 13:55:42.101 2134 2134 D MicroService: onHeartBeatDetected
06-12 13:55:42.101 2134 2134 D MicroService: sendHeartbeatMessage
06-12 13:55:43.033 1548 1829 I input_interaction: Interaction with: 7afd6aa com.android.launcher3/com.android.launcher3.uioverrides.QuickstepLauncher (server), 5cbc327 com.android.systemui.ImageWallpaper (server), edge-swipe (server), swipe-up (server), PointerEventDispatcher0 (server),
06-12 13:55:43.034 1936 1936 D ViewTouchDebug: mView : com.android.systemui.navigationbar.NavigationBarFrame{b436c0b V.E...... ......I. 0,0-2560,46 #7f0b03f2 app:id/navigation_bar_frame}Receive event : MotionEvent { action=ACTION_OUTSIDE, actionButton=0, id[0]=0, x[0]=0.0, y[0]=-1034.0, toolType[0]=TOOL_TYPE_FINGER, buttonState=0, classification=NONE, metaState=0, flags=0x0, edgeFlags=0x0, pointerCount=1, historySize=0, eventTime=601354, downTime=601354, deviceId=3, source=0x5002, displayId=0, eventId=1185832861 }
