06-12 13:55:21.148 2423 2423 D ViewTouchDebug: mView : DecorView@5d5262c[Settings]Receive event : MotionEvent { action=ACTION_MOVE, actionButton=0, id[0]=0, x[0]=604.91235, y[0]=795.6103, toolType[0]=TOOL_TYPE_FINGER, buttonState=0, classification=NONE, metaState=0, flags=0x0, edgeFlags=0x0, pointerCount=1, historySize=2, eventTime=579465, downTime=579343, deviceId=3, source=0x5002, displayId=0, eventId=987847179 }
06-12 13:55:21.156 2423 2423 D WifiDetailsPrefCtrl2: Update UI!
06-12 13:55:21.158 2423 2423 D WifiDetailsPrefCtrl2: Wifi Type 4
06-12 13:55:21.159 2423 2423 D DashboardFragment: Cannot find preference with key add_device_to_network in Controller AddDevicePreferenceController2
06-12 13:55:21.159 2423 2423 D DashboardFragment: Preference key is null in Controller WifiDetailPreferenceController2
06-12 13:55:21.165 2423 2423 D ViewTouchDebug: mView : DecorView@5d5262c[Settings]Receive event : MotionEvent { action=ACTION_MOVE, actionButton=0, id[0]=0, x[0]=622.5709, y[0]=755.54395, toolType[0]=TOOL_TYPE_FINGER, buttonState=0, classification=NONE, metaState=0, flags=0x0, edgeFlags=0x0, pointerCount=1, historySize=2, eventTime=579481, downTime=579343, deviceId=3, source=0x5002, displayId=0, eventId=843214828 }
06-12 13:55:21.181 2423 2423 D ViewTouchDebug: mView : DecorView@5d5262c[Settings]Receive event : MotionEvent { action=ACTION_MOVE, actionButton=0, id[0]=0, x[0]=632.7221, y[0]=726.8336, toolType[0]=TOOL_TYPE_FINGER, buttonState=0, classification=NONE, metaState=0, flags=0x0, edgeFlags=0x0, pointerCount=1, historySize=1, eventTime=579498, downTime=579343, deviceId=3, source=0x5002, displayId=0, eventId=265720331 }
06-12 13:55:21.198 2423 2423 D ViewTouchDebug: mView : DecorView@5d5262c[Settings]Receive event : MotionEvent { action=ACTION_MOVE, actionButton=0, id[0]=0, x[0]=641.18713, y[0]=704.3134, toolType[0]=TOOL_TYPE_FINGER, buttonState=0, classification=NONE, metaState=0, flags=0x0, edgeFlags=0x0, pointerCount=1, historySize=2, eventTime=579514, downTime=579343, deviceId=3, source=0x5002, displayId=0, eventId=354830698 }
06-12 13:55:21.214 2423 2423 D ViewTouchDebug: mView : DecorView@5d5262c[Settings]Receive event : MotionEvent { action=ACTION_MOVE, actionButton=0, id[0]=0, x[0]=645.2661, y[0]=690.29034, toolType[0]=TOOL_TYPE_FINGER, buttonState=0, classification=NONE, metaState=0, flags=0x0, edgeFlags=0x0, pointerCount=1, historySize=2, eventTime=579531, downTime=579343, deviceId=3, source=0x5002, displayId=0, eventId=214494460 }
06-12 13:55:21.231 2423 2423 D ViewTouchDebug: mView : DecorView@5d5262c[Settings]Receive event : MotionEvent { action=ACTION_MOVE, actionButton=0, id[0]=0, x[0]=647.72504, y[0]=681.37494, toolType[0]=TOOL_TYPE_FINGER, buttonState=0, classification=NONE, metaState=0, flags=0x0, edgeFlags=0x0, pointerCount=1, historySize=1, eventTime=579548, downTime=579343, deviceId=3, source=0x5002, displayId=0, eventId=854029463 }
06-12 13:55:21.248 2423 2423 D ViewTouchDebug: mView : DecorView@5d5262c[Settings]Receive event : MotionEvent { action=ACTION_MOVE, actionButton=0, id[0]=0, x[0]=649.37006, y[0]=674.5199, toolType[0]=TOOL_TYPE_FINGER, buttonState=0, classification=NONE, metaState=0, flags=0x0, edgeFlags=0x0, pointerCount=1, historySize=2, eventTime=579564, downTime=579343, deviceId=3, source=0x5002, displayId=0, eventId=489068061 }
06-12 13:55:21.265 2423 2423 D ViewTouchDebug: mView : DecorView@5d5262c[Settings]Receive event : MotionEvent { action=ACTION_MOVE, actionButton=0, id[0]=0, x[0]=651.0475, y[0]=670.85754, toolType[0]=TOOL_TYPE_FINGER, buttonState=0, classification=NONE, metaState=0, flags=0x0, edgeFlags=0x0, pointerCount=1, historySize=2, eventTime=579581, downTime=579343, deviceId=3, source=0x5002, displayId=0, eventId=186936539 }
06-12 13:55:21.281 2423 2423 D ViewTouchDebug: mView : DecorView@5d5262c[Settings]Receive event : MotionEvent { action=ACTION_MOVE, actionButton=0, id[0]=0, x[0]=651.6964, y[0]=668.6072, toolType[0]=TOOL_TYPE_FINGER, buttonState=0, classification=NONE, metaState=0, flags=0x0, edgeFlags=0x0, pointerCount=1, historySize=1, eventTime=579598, downTime=579343, deviceId=3, source=0x5002, displayId=0, eventId=356523115 }
06-12 13:55:21.298 2423 2423 D ViewTouchDebug: mView : DecorView@5d5262c[Settings]Receive event : MotionEvent { action=ACTION_MOVE, actionButton=0, id[0]=0, x[0]=652.0, y[0]=666.6389, toolType[0]=TOOL_TYPE_FINGER, buttonState=0, classification=NONE, metaState=0, flags=0x0, edgeFlags=0x0, pointerCount=1, historySize=2, eventTime=579614, downTime=579343, deviceId=3, source=0x5002, displayId=0, eventId=286866443 }
06-12 13:55:21.316 2423 2423 D ViewTouchDebug: mView : DecorView@5d5262c[Settings]Receive event : MotionEvent { action=ACTION_MOVE, actionButton=0, id[0]=0, x[0]=652.0, y[0]=665.5, toolType[0]=TOOL_TYPE_FINGER, buttonState=0, classification=NONE, metaState=0, flags=0x0, edgeFlags=0x0, pointerCount=1, historySize=1, eventTime=579627, downTime=579343, deviceId=3, source=0x5002, displayId=0, eventId=243631851 }
06-12 13:55:21.331 2423 2423 D ViewTouchDebug: mView : DecorView@5d5262c[Settings]Receive event : MotionEvent { action=ACTION_MOVE, actionButton=0, id[0]=0, x[0]=653.0, y[0]=664.341, toolType[0]=TOOL_TYPE_FINGER, buttonState=0, classification=NONE, metaState=0, flags=0x0, edgeFlags=0x0, pointerCount=1, historySize=1, eventTime=579648, downTime=579343, deviceId=3, source=0x5002, displayId=0, eventId=41160140 }
06-12 13:55:21.348 2423 2423 D ViewTouchDebug: mView : DecorView@5d5262c[Settings]Receive event : MotionEvent { action=ACTION_MOVE, actionButton=0, id[0]=0, x[0]=653.0, y[0]=663.5, toolType[0]=TOOL_TYPE_FINGER, buttonState=0, classification=NONE, metaState=0, flags=0x0, edgeFlags=0x0, pointerCount=1, historySize=1, eventTime=579656, downTime=579343, deviceId=3, source=0x5002, displayId=0, eventId=671125793 }
06-12 13:55:21.381 2423 2423 D ViewTouchDebug: mView : DecorView@5d5262c[Settings]Receive event : MotionEvent { action=ACTION_MOVE, actionButton=0, id[0]=0, x[0]=653.0, y[0]=663.0, toolType[0]=TOOL_TYPE_FINGER, buttonState=0, classification=NONE, metaState=0, flags=0x0, edgeFlags=0x0, pointerCount=1, historySize=0, eventTime=579681, downTime=579343, deviceId=3, source=0x5002, displayId=0, eventId=705891761 }
06-12 13:55:21.398 2423 2423 D ViewTouchDebug: mView : DecorView@5d5262c[Settings]Receive event : MotionEvent { action=ACTION_MOVE, actionButton=0, id[0]=0, x[0]=653.0, y[0]=662.0, toolType[0]=TOOL_TYPE_FINGER, buttonState=0, classification=NONE, metaState=0, flags=0x0, edgeFlags=0x0, pointerCount=1, historySize=0, eventTime=579712, downTime=579343, deviceId=3, source=0x5002, displayId=0, eventId=425407667 }
06-12 13:55:21.431 2423 2423 D ViewTouchDebug: mView : DecorView@5d5262c[Settings]Receive event : MotionEvent { action=ACTION_MOVE, actionButton=0, id[0]=0, x[0]=654.0, y[0]=660.4357, toolType[0]=TOOL_TYPE_FINGER, buttonState=0, classification=NONE, metaState=0, flags=0x0, edgeFlags=0x0, pointerCount=1, historySize=2, eventTime=579748, downTime=579343, deviceId=3, source=0x5002, displayId=0, eventId=660451487 }
06-12 13:55:21.449 2423 2423 D ViewTouchDebug: mView : DecorView@5d5262c[Settings]Receive event : MotionEvent { action=ACTION_MOVE, actionButton=0, id[0]=0, x[0]=654.0, y[0]=658.813, toolType[0]=TOOL_TYPE_FINGER, buttonState=0, classification=NONE, metaState=0, flags=0x0, edgeFlags=0x0, pointerCount=1, historySize=2, eventTime=579764, downTime=579343, deviceId=3, source=0x5002, displayId=0, eventId=226649983 }
06-12 13:55:21.465 2423 2423 D ViewTouchDebug: mView : DecorView@5d5262c[Settings]Receive event : MotionEvent { action=ACTION_MOVE, actionButton=0, id[0]=0, x[0]=655.0, y[0]=658.1143, toolType[0]=TOOL_TYPE_FINGER, buttonState=0, classification=NONE, metaState=0, flags=0x0, edgeFlags=0x0, pointerCount=1, historySize=1, eventTime=579781, downTime=579343, deviceId=3, source=0x5002, displayId=0, eventId=657033518 }
06-12 13:55:21.482 2423 2423 D ViewTouchDebug: mView : DecorView@5d5262c[Settings]Receive event : MotionEvent { action=ACTION_MOVE, actionButton=0, id[0]=0, x[0]=655.0, y[0]=657.5, toolType[0]=TOOL_TYPE_FINGER, buttonState=0, classification=NONE, metaState=0, flags=0x0, edgeFlags=0x0, pointerCount=1, historySize=1, eventTime=579787, downTime=579343, deviceId=3, source=0x5002, displayId=0, eventId=918985954 }
06-12 13:55:21.514 2423 2423 D ViewTouchDebug: mView : DecorView@5d5262c[Settings]Receive event : MotionEvent { action=ACTION_MOVE, actionButton=0, id[0]=0, x[0]=655.0, y[0]=657.0, toolType[0]=TOOL_TYPE_FINGER, buttonState=0, classification=NONE, metaState=0, flags=0x0, edgeFlags=0x0, pointerCount=1, historySize=0, eventTime=579822, downTime=579343, deviceId=3, source=0x5002, displayId=0, eventId=682260733 }
06-12 13:55:21.648 2423 2423 D ViewTouchDebug: mView : DecorView@5d5262c[Settings]Receive event : MotionEvent { action=ACTION_MOVE, actionButton=0, id[0]=0, x[0]=652.0, y[0]=657.0, toolType[0]=TOOL_TYPE_FINGER, buttonState=0, classification=NONE, metaState=0, flags=0x0, edgeFlags=0x0, pointerCount=1, historySize=0, eventTime=579963, downTime=579343, deviceId=3, source=0x5002, displayId=0, eventId=600481424 }
06-12 13:55:21.664 2423 2423 D ViewTouchDebug: mView : DecorView@5d5262c[Settings]Receive event : MotionEvent { action=ACTION_MOVE, actionButton=0, id[0]=0, x[0]=650.5, y[0]=657.0, toolType[0]=TOOL_TYPE_FINGER, buttonState=0, classification=NONE, metaState=0, flags=0x0, edgeFlags=0x0, pointerCount=1, historySize=1, eventTime=579979, downTime=579343, deviceId=3, source=0x5002, displayId=0, eventId=754111062 }
06-12 13:55:21.731 2423 2423 D ViewTouchDebug: mView : DecorView@5d5262c[Settings]Receive event : MotionEvent { action=ACTION_MOVE, actionButton=0, id[0]=0, x[0]=651.0, y[0]=656.0, toolType[0]=TOOL_TYPE_FINGER, buttonState=0, classification=NONE, metaState=0, flags=0x0, edgeFlags=0x0, pointerCount=1, historySize=0, eventTime=580044, downTime=579343, deviceId=3, source=0x5002, displayId=0, eventId=235371969 }
06-12 13:55:21.781 2423 2423 D ViewTouchDebug: mView : DecorView@5d5262c[Settings]Receive event : MotionEvent { action=ACTION_MOVE, actionButton=0, id[0]=0, x[0]=651.0, y[0]=655.0, toolType[0]=TOOL_TYPE_FINGER, buttonState=0, classification=NONE, metaState=0, flags=0x0, edgeFlags=0x0, pointerCount=1, historySize=0, eventTime=580095, downTime=579343, deviceId=3, source=0x5002, displayId=0, eventId=846014328 }
06-12 13:55:21.809 2423 2423 D ViewTouchDebug: mView : DecorView@5d5262c[Settings]Receive event : MotionEvent { action=ACTION_UP, actionButton=0, id[0]=0, x[0]=651.0, y[0]=655.0, toolType[0]=TOOL_TYPE_FINGER, buttonState=0, classification=NONE, metaState=0, flags=0x0, edgeFlags=0x0, pointerCount=1, historySize=0, eventTime=580131, downTime=579343, deviceId=3, source=0x5002, displayId=0, eventId=176208498 }
06-12 13:55:21.919 2134 6654 D MicroService: handleHeartBeat:290
06-12 13:55:22.075 2134 2134 D MicroService: onHeartBeatDetected
06-12 13:55:22.075 2134 2134 D MicroService: sendHeartbeatMessage
06-12 13:55:22.082 2336 4980 D RemoteControlService: heart beat timer called
06-12 13:55:22.120 657 672 I mpu_uart: [MSG-P:RECV]:No message received in 1000 ms
06-12 13:55:22.704 2423 2423 D ViewTouchDebug: mView : DecorView@5d5262c[Settings]Receive event : MotionEvent { action=ACTION_DOWN, actionButton=0, id[0]=0, x[0]=517.0, y[0]=932.0, toolType[0]=TOOL_TYPE_FINGER, buttonState=0, classification=NONE, metaState=0, flags=0x0, edgeFlags=0x0, pointerCount=1, historySize=0, eventTime=581024, downTime=581024, deviceId=3, source=0x5002, displayId=0, eventId=114132762 }
06-12 13:55:22.704 1936 1936 D ViewTouchDebug: mView : com.android.systemui.navigationbar.NavigationBarFrame{b436c0b V.E...... ......I. 0,0-2560,46 #7f0b03f2 app:id/navigation_bar_frame}Receive event : MotionEvent { action=ACTION_OUTSIDE, actionButton=0, id[0]=0, x[0]=0.0, y[0]=-1034.0, toolType[0]=TOOL_TYPE_FINGER, buttonState=0, classification=NONE, metaState=0, flags=0x0, edgeFlags=0x0, pointerCount=1, historySize=0, eventTime=581024, downTime=581024, deviceId=3, source=0x5002, displayId=0, eventId=1983566858 }
06-12 13:55:22.760 2423 2423 D ViewTouchDebug: mView : DecorView@5d5262c[Settings]Receive event : MotionEvent { action=ACTION_MOVE, actionButton=0, id[0]=0, x[0]=524.0, y[0]=919.0, toolType[0]=TOOL_TYPE_FINGER, buttonState=0, classification=NONE, metaState=0, flags=0x0, edgeFlags=0x0, pointerCount=1, historySize=0, eventTime=581081, downTime=581024, deviceId=3, source=0x5002, displayId=0, eventId=381992214 }
06-12 13:55:22.781 2423 2423 D ViewTouchDebug: mView : DecorView@5d5262c[Settings]Receive event : MotionEvent { action=ACTION_MOVE, actionButton=0, id[0]=0, x[0]=536.58594, y[0]=890.36456, toolType[0]=TOOL_TYPE_FINGER, buttonState=0, classification=NONE, metaState=0, flags=0x0, edgeFlags=0x0, pointerCount=1, historySize=1, eventTime=581098, downTime=581024, deviceId=3, source=0x5002, displayId=0, eventId=392885976 }
06-12 13:55:22.798 2423 2423 D ViewTouchDebug: mView : DecorView@5d5262c[Settings]Receive event : MotionEvent { action=ACTION_MOVE, actionButton=0, id[0]=0, x[0]=552.7645, y[0]=853.3416, toolType[0]=TOOL_TYPE_FINGER, buttonState=0, classification=NONE, metaState=0, flags=0x0, edgeFlags=0x0, pointerCount=1, historySize=2, eventTime=581114, downTime=581024, deviceId=3, source=0x5002, displayId=0, eventId=258615520 }
06-12 13:55:22.815 2423 2423 D ViewTouchDebug: mView : DecorView@5d5262c[Settings]Receive event : MotionEvent { action=ACTION_MOVE, actionButton=0, id[0]=0, x[0]=565.45233, y[0]=824.03876, toolType[0]=TOOL_TYPE_FINGER, buttonState=0, classification=NONE, metaState=0, flags=0x0, edgeFlags=0x0, pointerCount=1, historySize=2, eventTime=581131, downTime=581024, deviceId=3, source=0x5002, displayId=0, eventId=846956231 }
06-12 13:55:22.831 2423 2423 D ViewTouchDebug: mView : DecorView@5d5262c[Settings]Receive event : MotionEvent { action=ACTION_MOVE, actionButton=0, id[0]=0, x[0]=576.277, y[0]=801.4461, toolType[0]=TOOL_TYPE_FINGER, buttonState=0, classification=NONE, metaState=0, flags=0x0, edgeFlags=0x0, pointerCount=1, historySize=1, eventTime=581148, downTime=581024, deviceId=3, source=0x5002, displayId=0, eventId=125100934 }
06-12 13:55:22.848 2423 2423 D ViewTouchDebug: mView : DecorView@5d5262c[Settings]Receive event : MotionEvent { action=ACTION_MOVE, actionButton=0, id[0]=0, x[0]=585.94495, y[0]=784.7584, toolType[0]=TOOL_TYPE_FINGER, buttonState=0, classification=NONE, metaState=0, flags=0x0, edgeFlags=0x0, pointerCount=1, historySize=2, eventTime=581164, downTime=581024, deviceId=3, source=0x5002, displayId=0, eventId=69970662 }
06-12 13:55:22.865 2423 2423 D ViewTouchDebug: mView : DecorView@5d5262c[Settings]Receive event : MotionEvent { action=ACTION_MOVE, actionButton=0, id[0]=0, x[0]=591.11066, y[0]=772.74176, toolType[0]=TOOL_TYPE_FINGER, buttonState=0, classification=NONE, metaState=0, flags=0x0, edgeFlags=0x0, pointerCount=1, historySize=2, eventTime=581181, downTime=581024, deviceId=3, source=0x5002, displayId=0, eventId=610645821 }
06-12 13:55:22.881 2423 2423 D ViewTouchDebug: mView : DecorView@5d5262c[Settings]Receive event : MotionEvent { action=ACTION_MOVE, actionButton=0, id[0]=0, x[0]=595.32, y[0]=765.36, toolType[0]=TOOL_TYPE_FINGER, buttonState=0, classification=NONE, metaState=0, flags=0x0, edgeFlags=0x0, pointerCount=1, historySize=1, eventTime=581198, downTime=581024, deviceId=3, source=0x5002, displayId=0, eventId=737423983 }
06-12 13:55:22.898 2423 2423 D ViewTouchDebug: mView : DecorView@5d5262c[Settings]Receive event : MotionEvent { action=ACTION_MOVE, actionButton=0, id[0]=0, x[0]=597.3179, y[0]=760.04645, toolType[0]=TOOL_TYPE_FINGER, buttonState=0, classification=NONE, metaState=0, flags=0x0, edgeFlags=0x0, pointerCount=1, historySize=2, eventTime=581214, downTime=581024, deviceId=3, source=0x5002, displayId=0, eventId=937507905 }
06-12 13:55:22.915 2423 2423 D ViewTouchDebug: mView : DecorView@5d5262c[Settings]Receive event : MotionEvent { action=ACTION_MOVE, actionButton=0, id[0]=0, x[0]=599.9982, y[0]=755.0027, toolType[0]=TOOL_TYPE_FINGER, buttonState=0, classification=NONE, metaState=0, flags=0x0, edgeFlags=0x0, pointerCount=1, historySize=1, eventTime=581231, downTime=581024, deviceId=3, source=0x5002, displayId=0, eventId=958981324 }
06-12 13:55:22.931 2423 2423 D ViewTouchDebug: mView : DecorView@5d5262c[Settings]Receive event : MotionEvent { action=ACTION_MOVE, actionButton=0, id[0]=0, x[0]=602.1593, y[0]=750.6814, toolType[0]=TOOL_TYPE_FINGER, buttonState=0, classification=NONE, metaState=0, flags=0x0, edgeFlags=0x0, pointerCount=1, historySize=2, eventTime=581248, downTime=581024, deviceId=3, source=0x5002, displayId=0, eventId=772560030 }
06-12 13:55:22.949 2423 2423 D ViewTouchDebug: mView : DecorView@5d5262c[Settings]Receive event : MotionEvent { action=ACTION_MOVE, actionButton=0, id[0]=0, x[0]=605.3653, y[0]=744.2695, toolType[0]=TOOL_TYPE_FINGER, buttonState=0, classification=NONE, metaState=0, flags=0x0, edgeFlags=0x0, pointerCount=1, historySize=2, eventTime=581264, downTime=581024, deviceId=3, source=0x5002, displayId=0, eventId=528653614 }
06-12 13:55:22.965 2423 2423 D ViewTouchDebug: mView : DecorView@5d5262c[Settings]Receive event : MotionEvent { action=ACTION_MOVE, actionButton=0, id[0]=0, x[0]=608.6868, y[0]=738.62634, toolType[0]=TOOL_TYPE_FINGER, buttonState=0, classification=NONE, metaState=0, flags=0x0, edgeFlags=0x0, pointerCount=1, historySize=1, eventTime=581281, downTime=581024, deviceId=3, source=0x5002, displayId=0, eventId=294397076 }
06-12 13:55:22.981 2423 2423 D ViewTouchDebug: mView : DecorView@5d5262c[Settings]Receive event : MotionEvent { action=ACTION_MOVE, actionButton=0, id[0]=0, x[0]=610.4748, y[0]=733.57556, toolType[0]=TOOL_TYPE_FINGER, buttonState=0, classification=NONE, metaState=0, flags=0x0, edgeFlags=0x0, pointerCount=1, historySize=2, eventTime=581298, downTime=581024, deviceId=3, source=0x5002, displayId=0, eventId=703709579 }
06-12 13:55:22.998 2423 2423 D ViewTouchDebug: mView : DecorView@5d5262c[Settings]Receive event : MotionEvent { action=ACTION_MOVE, actionButton=0, id[0]=0, x[0]=612.1417, y[0]=730.71655, toolType[0]=TOOL_TYPE_FINGER, buttonState=0, classification=NONE, metaState=0, flags=0x0, edgeFlags=0x0, pointerCount=1, historySize=2, eventTime=581314, downTime=581024, deviceId=3, source=0x5002, displayId=0, eventId=686640093 }
06-12 13:55:23.015 2423 2423 D ViewTouchDebug: mView : DecorView@5d5262c[Settings]Receive event : MotionEvent { action=ACTION_MOVE, actionButton=0, id[0]=0, x[0]=613.77704, y[0]=728.22296, toolType[0]=TOOL_TYPE_FINGER, buttonState=0, classification=NONE, metaState=0, flags=0x0, edgeFlags=0x0, pointerCount=1, historySize=1, eventTime=581331, downTime=581024, deviceId=3, source=0x5002, displayId=0, eventId=903477124 }
06-12 13:55:23.031 2423 2423 D ViewTouchDebug: mView : DecorView@5d5262c[Settings]Receive event : MotionEvent { action=ACTION_MOVE, actionButton=0, id[0]=0, x[0]=615.4499, y[0]=726.5501, toolType[0]=TOOL_TYPE_FINGER, buttonState=0, classification=NONE, metaState=0, flags=0x0, edgeFlags=0x0, pointerCount=1, historySize=2, eventTime=581348, downTime=581024, deviceId=3, source=0x5002, displayId=0, eventId=266806918 }
06-12 13:55:23.048 2423 2423 D ViewTouchDebug: mView : DecorView@5d5262c[Settings]Receive event : MotionEvent { action=ACTION_MOVE, actionButton=0, id[0]=0, x[0]=616.11755, y[0]=726.0, toolType[0]=TOOL_TYPE_FINGER, buttonState=0, classification=NONE, metaState=0, flags=0x0, edgeFlags=0x0, pointerCount=1, historySize=2, eventTime=581364, downTime=581024, deviceId=3, source=0x5002, displayId=0, eventId=371220875 }
06-12 13:55:23.065 2423 2423 D ViewTouchDebug: mView : DecorView@5d5262c[Settings]Receive event : MotionEvent { action=ACTION_MOVE, actionButton=0, id[0]=0, x[0]=616.0, y[0]=724.5, toolType[0]=TOOL_TYPE_FINGER, buttonState=0, classification=NONE, metaState=0, flags=0x0, edgeFlags=0x0, pointerCount=1, historySize=1, eventTime=581379, downTime=581024, deviceId=3, source=0x5002, displayId=0, eventId=265424010 }
06-12 13:55:23.081 2423 2423 D ViewTouchDebug: mView : DecorView@5d5262c[Settings]Receive event : MotionEvent { action=ACTION_MOVE, actionButton=0, id[0]=0, x[0]=616.0, y[0]=724.0, toolType[0]=TOOL_TYPE_FINGER, buttonState=0, classification=NONE, metaState=0, flags=0x0, edgeFlags=0x0, pointerCount=1, historySize=0, eventTime=581393, downTime=581024, deviceId=3, source=0x5002, displayId=0, eventId=1043135644 }
06-12 13:55:23.098 2423 2423 D ViewTouchDebug: mView : DecorView@5d5262c[Settings]Receive event : MotionEvent { action=ACTION_MOVE, actionButton=0, id[0]=0, x[0]=617.5, y[0]=724.0, toolType[0]=TOOL_TYPE_FINGER, buttonState=0, classification=NONE, metaState=0, flags=0x0, edgeFlags=0x0, pointerCount=1, historySize=1, eventTime=581408, downTime=581024, deviceId=3, source=0x5002, displayId=0, eventId=1070107593 }
06-12 13:55:23.114 2423 2423 D ViewTouchDebug: mView : DecorView@5d5262c[Settings]Receive event : MotionEvent { action=ACTION_MOVE, actionButton=0, id[0]=0, x[0]=617.0, y[0]=723.0, toolType[0]=TOOL_TYPE_FINGER, buttonState=0, classification=NONE, metaState=0, flags=0x0, edgeFlags=0x0, pointerCount=1, historySize=0, eventTime=581424, downTime=581024, deviceId=3, source=0x5002, displayId=0, eventId=529354538 }
06-12 13:55:23.121 657 672 I mpu_uart: [MSG-P:RECV]:No message received in 1000 ms
06-12 13:55:23.130 657 671 I mpu_uart: [MSG-P:R]:recv sync frame timeout
06-12 13:55:23.189 1548 2946 E TaskPersister: File error accessing recents directory (directory doesn't exist?).
06-12 13:55:23.218 2423 2423 D ViewTouchDebug: mView : DecorView@5d5262c[Settings]Receive event : MotionEvent { action=ACTION_UP, actionButton=0, id[0]=0, x[0]=617.0, y[0]=723.0, toolType[0]=TOOL_TYPE_FINGER, buttonState=0, classification=NONE, metaState=0, flags=0x0, edgeFlags=0x0, pointerCount=1, historySize=0, eventTime=581539, downTime=581024, deviceId=3, source=0x5002, displayId=0, eventId=1008068016 }
06-12 13:55:23.355 1936 1936 D ViewTouchDebug: mView : com.android.systemui.navigationbar.NavigationBarFrame{b436c0b V.E...... ......I. 0,0-2560,46 #7f0b03f2 app:id/navigation_bar_frame}Receive event : MotionEvent { action=ACTION_OUTSIDE, actionButton=0, id[0]=0, x[0]=0.0, y[0]=-1034.0, toolType[0]=TOOL_TYPE_FINGER, buttonState=0, classification=NONE, metaState=0, flags=0x0, edgeFlags=0x0, pointerCount=1, historySize=0, eventTime=581675, downTime=581675, deviceId=3, source=0x5002, displayId=0, eventId=1506030779 }
06-12 13:55:23.355 2423 2423 D ViewTouchDebug: mView : DecorView@5d5262c[Settings]Receive event : MotionEvent { action=ACTION_DOWN, actionButton=0, id[0]=0, x[0]=564.0, y[0]=696.0, toolType[0]=TOOL_TYPE_FINGER, buttonState=0, classification=NONE, metaState=0, flags=0x0, edgeFlags=0x0, pointerCount=1, historySize=0, eventTime=581675, downTime=581675, deviceId=3, source=0x5002, displayId=0, eventId=424743232 }
06-12 13:55:23.408 2423 2423 D ViewTouchDebug: mView : DecorView@5d5262c[Settings]Receive event : MotionEvent { action=ACTION_UP, actionButton=0, id[0]=0, x[0]=564.0, y[0]=696.0, toolType[0]=TOOL_TYPE_FINGER, buttonState=0, classification=NONE, metaState=0, flags=0x0, edgeFlags=0x0, pointerCount=1, historySize=0, eventTime=581729, downTime=581675, deviceId=3, source=0x5002, displayId=0, eventId=522648040 }
06-12 13:55:23.420 2423 2423 I sysui_multi_action: [757,830,758,4,833,0,854,top_level_display,1089,0]
06-12 13:55:23.420 2423 2423 I TopLevelSettings: TopLevelSettings: TopLevelSettings::com.android.settings.DisplaySettings
06-12 13:55:23.523 2423 2423 I sysui_multi_action: [757,849,758,2,1089,3815]
06-12 13:55:23.527 1548 1902 I EthernetNetworkFactory: networkForRequest, request: NetworkRequest [ REQUEST id=85, [ Capabilities: INTERNET&NOT_RESTRICTED&TRUSTED&NOT_VCN_MANAGED Uid: 1000 RequestorUid: 1000 RequestorPkg: com.android.settings] ], network: NetworkInterfaceState{ refCount: 1, iface: eth0, up: true, hwAddress: 36:7c:7c:00:00:0f, networkCapabilities: [ Transports: ETHERNET Capabilities: INTERNET&NOT_RESTRICTED&TRUSTED&NOT_VPN&NOT_ROAMING&NOT_CONGESTED&NOT_SUSPENDED&NOT_VCN_MANAGED LinkUpBandwidth>=100000Kbps LinkDnBandwidth>=100000Kbps], networkAgent: com.android.server.ethernet.EthernetNetworkFactory$NetworkInterfaceState$1@2d578a0, score: 70, ipClient: android.net.ip.IIpClient$Stub$Proxy@b654c59,linkProperties: {InterfaceName: eth0 LinkAddresses: [ fe80::c85d:7879:332d:1bfc/64,192.168.50.16/24 ] DnsAddresses: [ /101.226.4.6 ] Domains: null MTU: 0 TcpBufferSizes: 524288,1048576,3145728,524288,1048576,2097152 Routes: [ 192.168.50.0/24 -> 0.0.0.0 eth0 mtu 0,0.0.0.0/0 -> 192.168.50.4 eth0 mtu 0 ]}}
06-12 13:55:23.536 2423 2423 D PrefCtrlListHelper: Could not find Context-only controller for pref: com.android.settings.display.AutoBrightnessPreferenceController
06-12 13:55:23.536 2423 2423 D PrefCtrlListHelper: Could not find Context-only controller for pref: com.android.settings.security.screenlock.LockScreenPreferenceController
06-12 13:55:23.536 2423 2423 D PrefCtrlListHelper: Could not find Context-only controller for pref: com.android.settings.display.DarkUIPreferenceController
06-12 13:55:23.536 2423 2423 D PrefCtrlListHelper: Could not find Context-only controller for pref: com.android.settings.display.FontSizePreferenceController
06-12 13:55:23.536 2423 2423 D PrefCtrlListHelper: Could not find Context-only controller for pref: com.android.settings.display.NightDisplayPreferenceController
06-12 13:55:23.539 2423 2423 D PrefCtrlListHelper: Could not find Context-only controller for pref: com.android.settings.display.ColorModePreferenceController
06-12 13:55:23.539 2423 2423 D PrefCtrlListHelper: Could not find Context-only controller for pref: com.android.settings.display.AutoRotatePreferenceController
06-12 13:55:23.539 2423 2423 D PrefCtrlListHelper: Could not find Context-only controller for pref: com.android.settings.display.DisplayWhiteBalancePreferenceController
06-12 13:55:23.539 2423 2423 D PrefCtrlListHelper: Could not find Context-only controller for pref: com.android.settings.display.PeakRefreshRatePreferenceController
06-12 13:55:23.539 2423 2423 D RefreshRatePrefCtr: DEFAULT_REFRESH_RATE : 60.0 mPeakRefreshRate : 60.0
06-12 13:55:23.540 2423 2423 D PrefCtrlListHelper: Could not find Context-only controller for pref: com.android.settings.display.HotSeatDirPreferenceController
06-12 13:55:23.542 1548 3458 E UserRestrictionsUtils: Unknown restriction queried by uid 1000 (com.thundercomm.microsettings et al): null
06-12 13:55:23.542 1548 3458 E UserRestrictionsUtils: Unknown restriction queried by uid 1000 (com.thundercomm.microsettings et al): null
06-12 13:55:23.543 1548 3458 E UserRestrictionsUtils: Unknown restriction queried by uid 1000 (com.thundercomm.microsettings et al): null
06-12 13:55:23.544 1548 3458 E UserRestrictionsUtils: Unknown restriction queried by uid 1000 (com.thundercomm.microsettings et al): null
06-12 13:55:23.545 1548 3458 E UserRestrictionsUtils: Unknown restriction queried by uid 1000 (com.thundercomm.microsettings et al): null
06-12 13:55:23.547 2423 2423 D DisplaySettings: NO dashboard tiles for DisplaySettings
06-12 13:55:23.547 2423 2423 D DisplaySettings: All preferences added, reporting fully drawn
06-12 13:55:23.565 2423 2423 I sysui_multi_action: [757,46,758,1,833,0,1089,32]
06-12 13:55:23.574 2423 2423 I sysui_multi_action: [757,1729,758,4,854,isParalleledControllers:false,1089,41]
06-12 13:55:23.575 2423 2423 D SettingsHomepageActivity: changeSettingsDetailsFragment: DisplaySettings{8755f3f} (cce2f506-d214-4302-8b80-a6380edcd300) id=0x7f0a025e}, title: 显示, level: 1
06-12 13:55:23.576 3854 3854 D ImeService: onFinishInput
06-12 13:55:23.577 3854 3854 D ImeService: current version:10.6.1003.12
06-12 13:55:23.577 3854 3854 D ImeService: onStartInput:packageName:com.android.settings inputType:0 restarting:false,fieldId:2131362651,imeOptions:0
06-12 13:55:23.578 3854 3891 E CarAuth : check ok
06-12 13:55:23.579 3854 3854 I ColorPicker: invalidatePickedColors: oldFloatColor=fff5f7fa
06-12 13:55:23.613 3854 3854 D ImeService: onFinishInput
06-12 13:55:23.614 3854 3854 D ImeService: current version:10.6.1003.12
06-12 13:55:23.614 3854 3854 D ImeService: onStartInput:packageName:com.android.settings inputType:0 restarting:false,fieldId:2131363262,imeOptions:0
06-12 13:55:23.616 3854 3895 E CarAuth : check ok
06-12 13:55:23.616 3854 3854 I ColorPicker: invalidatePickedColors: oldFloatColor=fff5f7fa
06-12 13:55:23.916 2134 6658 D MicroService: handleHeartBeat:291
06-12 13:55:24.078 2134 2134 D MicroService: onHeartBeatDetected
06-12 13:55:24.078 2134 2134 D MicroService: sendHeartbeatMessage
06-12 13:55:24.121 657 672 I mpu_uart: [MSG-P:RECV]:No message received in 1000 ms
06-12 13:55:24.122 1936 1936 D ViewTouchDebug: mView : com.android.systemui.navigationbar.NavigationBarFrame{b436c0b V.E...... ......I. 0,0-2560,46 #7f0b03f2 app:id/navigation_bar_frame}Receive event : MotionEvent { action=ACTION_OUTSIDE, actionButton=0, id[0]=0, x[0]=0.0, y[0]=-1034.0, toolType[0]=TOOL_TYPE_FINGER, buttonState=0, classification=NONE, metaState=0, flags=0x0, edgeFlags=0x0, pointerCount=1, historySize=0, eventTime=582441, downTime=582441, deviceId=3, source=0x5002, displayId=0, eventId=2121768092 }
06-12 13:55:24.124 2423 2423 D ViewTouchDebug: mView : DecorView@5d5262c[Settings]Receive event : MotionEvent { action=ACTION_DOWN, actionButton=0, id[0]=0, x[0]=1345.0, y[0]=279.0, toolType[0]=TOOL_TYPE_FINGER, buttonState=0, classification=NONE, metaState=0, flags=0x0, edgeFlags=0x0, pointerCount=1, historySize=0, eventTime=582441, downTime=582441, deviceId=3, source=0x5002, displayId=0, eventId=1024128868 }
06-12 13:55:24.214 2423 2423 D ViewTouchDebug: mView : DecorView@5d5262c[Settings]Receive event : MotionEvent { action=ACTION_UP, actionButton=0, id[0]=0, x[0]=1345.0, y[0]=279.0, toolType[0]=TOOL_TYPE_FINGER, buttonState=0, classification=NONE, metaState=0, flags=0x0, edgeFlags=0x0, pointerCount=1, historySize=0, eventTime=582535, downTime=582441, deviceId=3, source=0x5002, displayId=0, eventId=829497568 }
06-12 13:55:24.237 1548 3458 I thunderperf: Maybe need boostperf for current app!
06-12 13:55:24.239 1548 3458 I ActivityTaskManager: START u0 {act=com.android.intent.action.SHOW_BRIGHTNESS_DIALOG cmp=com.android.systemui/.settings.brightness.BrightnessDialog (has extras)} from uid 1000
06-12 13:55:24.243 1548 1622 I EventSequenceValidator: Transition from ACTIVITY_FINISHED to INTENT_STARTED
06-12 13:55:24.244 1548 3458 D ActivityTaskManager: TaskLaunchParamsModifier:task=null activity=ActivityRecord{28930b7 u0 com.android.systemui/.settings.brightness.BrightnessDialog taskAffinity=10077:com.android.systemui display-area-from-source=DefaultTaskDisplayArea@262119703 display-id=0 display-windowing-mode=1 suggested-display-area=DefaultTaskDisplayArea@262119703
06-12 13:55:24.244 1548 3458 D ActivityTaskManager: TaskLaunchParamsModifier:task=null activity=ActivityRecord{28930b7 u0 com.android.systemui/.settings.brightness.BrightnessDialog taskAffinity=10077:com.android.systemui t-1} display-area-from-source=DefaultTaskDisplayArea@262119703 display-id=0 display-windowing-mode=1 suggested-display-area=DefaultTaskDisplayArea@262119703 inherit-from-source=fullscreen activity-options-fullscreen=Rect(0, 0 - 0, 0) non-freeform-display display-area=DefaultTaskDisplayArea@262119703
06-12 13:55:24.245 1548 3458 I wm_task_created: [75,-1]
06-12 13:55:24.245 1548 3458 W ActivityTaskManager: Can't find TaskDisplayArea to determine support for multi window. Task id=75 attached=false
06-12 13:55:24.248 1548 3458 D ActivityTaskManager: TaskLaunchParamsModifier:task=Task{5cbb024 #75 type=standard A=10077:com.android.systemui U=0 visible=false mode=fullscreen translucent=true sz=0 visible freeform task=true rootAffinity=10077:com.android.systemui isMini=false} activity=ActivityRecord{28930b7 u0 com.android.systemui/.settings.brightness.BrightnessDialog taskAffinity=10077:com.android.systemui t-1} display-area-from-source=DefaultTaskDisplayArea@262119703 display-id=0 display-windowing-mode=1 suggested-display-area=DefaultTaskDisplayArea@262119703 inherit-from-source=fullscreen activity-options-fullscreen=Rect(0, 0 - 0, 0) non-freeform-display display-area=DefaultTaskDisplayArea@262119703
06-12 13:55:24.252 1548 3458 I wm_task_moved: [75,1,8]
06-12 13:55:24.252 1548 3458 I wm_task_to_front: [0,75]
06-12 13:55:24.252 1548 3458 I wm_create_task: [0,75]
06-12 13:55:24.252 1548 3458 I wm_create_activity: [0,42545335,75,com.android.systemui/.settings.brightness.BrightnessDialog,com.android.intent.action.SHOW_BRIGHTNESS_DIALOG,NULL,NULL,276824064]
06-12 13:55:24.252 1548 3458 I wm_task_moved: [75,1,8]
06-12 13:55:24.253 1548 3458 D CompatibilityInfo: mCompatibilityFlags - 4
06-12 13:55:24.253 1548 3458 D CompatibilityInfo: applicationDensity - 240
06-12 13:55:24.253 1548 3458 D CompatibilityInfo: applicationScale - 1.0
06-12 13:55:24.253 1548 3458 D ActivityTrigger: ActivityTrigger activityPauseTrigger
06-12 13:55:24.254 1548 3458 I wm_pause_activity: [0,91867989,com.android.settings/.Settings,userLeaving=true,pauseBackTasks]
06-12 13:55:24.256 2423 2423 I sysui_multi_action: [757,830,758,4,833,0,854,brightness,1089,0]
06-12 13:55:24.256 2423 2423 I wm_on_top_resumed_lost_called: [91867989,com.android.settings.Settings,topStateChangedWhenResumed]
06-12 13:55:24.257 1548 1622 I EventSequenceValidator: Transition from INTENT_STARTED to ACTIVITY_LAUNCHED
06-12 13:55:24.258 2423 2423 I sysui_multi_action: [757,35,758,2,1089,4556]
06-12 13:55:24.258 2423 2423 I sysui_multi_action: [757,46,758,2,1089,694]
06-12 13:55:24.258 2423 2423 I wm_on_paused_called: [91867989,com.android.settings.Settings,performPause]
06-12 13:55:24.258 1548 2074 I ActivityTaskManager: FOREGROUND_APPLICATION_CHANGED to com.android.systemui.settings.brightness.BrightnessDialog
06-12 13:55:24.259 1548 2074 I ActivityTaskManager: The Process com.android.systemui Already Exists in BG. So sending its PID: 1936
06-12 13:55:24.259 1548 2074 W ActivityTaskManager: Tried to set launchTime (0) < mLastActivityLaunchTime (379436)
06-12 13:55:24.259 1548 2074 I wm_restart_activity: [0,42545335,75,com.android.systemui/.settings.brightness.BrightnessDialog]
06-12 13:55:24.259 1548 2074 D CompatibilityInfo: mCompatibilityFlags - 4
06-12 13:55:24.259 1548 2074 D CompatibilityInfo: applicationDensity - 240
06-12 13:55:24.259 1548 2074 D CompatibilityInfo: applicationScale - 1.0
06-12 13:55:24.260 1548 2074 I wm_set_resumed_activity: [0,com.android.systemui/.settings.brightness.BrightnessDialog,minimalResumeActivityLocked]
06-12 13:55:24.263 1548 1622 I sysui_multi_action: [757,803,799,window_time_0,802,4]
06-12 13:55:24.268 1936 1936 I wm_on_create_called: [42545335,com.android.systemui.settings.brightness.BrightnessDialog,performCreate]
06-12 13:55:24.269 1936 1936 I sysui_multi_action: [757,220,758,1]
06-12 13:55:24.269 1936 1936 I wm_on_start_called: [42545335,com.android.systemui.settings.brightness.BrightnessDialog,handleStartActivity]
06-12 13:55:24.269 1936 1936 I wm_on_resume_called: [42545335,com.android.systemui.settings.brightness.BrightnessDialog,RESUME_ACTIVITY]
06-12 13:55:24.271 1936 1936 I wm_on_top_resumed_gained_called: [42545335,com.android.systemui.settings.brightness.BrightnessDialog,topStateChangedWhenResumed]
06-12 13:55:24.271 2555 2555 D ActivityChangeReceiver: onReceive
06-12 13:55:24.271 2555 3853 D MCUUtil : saveLastActivity activityName=com.android.systemui.settings.brightness.BrightnessDialog packageName=com.android.systemui
06-12 13:55:24.283 1548 1623 I input_focus: [Focus request 909ab8e com.android.systemui/com.android.systemui.settings.brightness.BrightnessDialog,reason=UpdateInputWindows]
06-12 13:55:24.288 1548 1622 I EventSequenceValidator: Transition from ACTIVITY_LAUNCHED to ACTIVITY_FINISHED
06-12 13:55:24.288 1548 1619 I sysui_multi_action: [319,49,322,49,325,582,757,761,758,8,759,2,806,com.android.systemui,871,com.android.systemui.settings.brightness.BrightnessDialog,904,com.android.settings,905,0,1320,8,1321,5]
06-12 13:55:24.289 1548 1619 I wm_activity_launch_time: [0,42545335,com.android.systemui/.settings.brightness.BrightnessDialog,49]
06-12 13:55:24.289 1548 1619 I ActivityTaskManager: Displayed com.android.systemui/.settings.brightness.BrightnessDialog: +49ms
06-12 13:55:24.300 1548 1829 I input_focus: [Focus leaving 6585a6c com.android.settings/com.android.settings.Settings (server),reason=Waiting for window because NOT_VISIBLE]
06-12 13:55:24.300 1548 3458 I wm_finish_activity: [0,136702780,74,com.tc.logclient/.LogClientActivity,recent-task-trimmed]
06-12 13:55:24.301 1548 3458 I wm_destroy_activity: [0,136702780,74,com.tc.logclient/.LogClientActivity,finish-imm:finishIfPossible]
06-12 13:55:24.302 1548 1622 I sysui_multi_action: [757,803,799,window_time_0,802,0]
06-12 13:55:24.302 2212 2212 D TlogClient_LogClientFragment: onDestroy
06-12 13:55:24.302 2212 2212 W ContextImpl: Calling a method in the system process without a qualified user: android.app.ContextImpl.startService:1816 android.content.ContextWrapper.startService:774 android.content.ContextWrapper.startService:774 com.tc.logclient.LogZipService.start:38 com.tc.logclient.LogClientFragment.onDestroy:304
06-12 13:55:24.303 2212 2212 D TlogClient_LogClientActivity: onDestroy
06-12 13:55:24.303 2212 2212 I wm_on_destroy_called: [136702780,com.tc.logclient.LogClientActivity,performDestroy]
06-12 13:55:24.304 1548 3458 W InputManager-JNI: Input channel object 'e03892b com.tc.logclient/com.tc.logclient.LogClientActivity (client)' was disposed without first being removed with the input manager!
06-12 13:55:24.305 2212 2212 D TlogClient_LogZipService: onStartCommand: 4102
06-12 13:55:24.305 1548 2074 I wm_task_removed: [74,removeChild:removeChild last r=ActivityRecord{825eb3c u0 com.tc.logclient/.LogClientActivity taskAffinity=1000:com.tc.logclient t-1 f}} in t=Task{239a0c5 #74 type=standard A=1000:com.tc.logclient U=0 visible=false mode=fullscreen translucent=true sz=0 visible freeform task=true rootAffinity=1000:com.tc.logclient isMini=false}]
06-12 13:55:24.305 1548 2074 I wm_task_removed: [74,removeChild]
06-12 13:55:24.306 2212 2212 D TlogClient_LogZipService: LogZipService onDestroy.
06-12 13:55:24.306 1548 1635 W UsageStatsService: Unexpected activity event reported! (com.tc.logclient/com.tc.logclient.LogClientActivity event : 23 instanceId : 146377007)
06-12 13:55:24.306 1548 1623 W ActivityTaskManager: Can't find TaskDisplayArea to determine support for multi window. Task id=74 attached=false
06-12 13:55:24.306 1548 1623 W ActivityTaskManager: Can't find TaskDisplayArea to determine support for multi window. Task id=74 attached=false
06-12 13:55:24.315 1548 1829 I input_focus: [Focus entering 909ab8e com.android.systemui/com.android.systemui.settings.brightness.BrightnessDialog (server),reason=Window became focusable. Previous reason: NOT_VISIBLE]
06-12 13:55:24.316 3854 3854 D ImeService: onUnbindInput
06-12 13:55:24.317 3854 3854 D ImeService: onBindInput
06-12 13:55:24.318 3854 3854 D ImeService: onFinishInput
06-12 13:55:24.318 3854 3854 D ImeService: current version:10.6.1003.12
06-12 13:55:24.318 3854 3854 D ImeService: onStartInput:packageName:com.android.systemui inputType:0 restarting:false,fieldId:-1,imeOptions:0
06-12 13:55:24.319 3854 3892 E CarAuth : check ok
06-12 13:55:24.320 3854 3854 I ColorPicker: invalidatePickedColors: oldFloatColor=fff5f7fa
06-12 13:55:24.347 1548 1623 W Choreographer: Frame time is 0.29913 ms in the future! Check that graphics HAL is generating vsync timestamps using the correct timebase.
06-12 13:55:24.347 2423 2423 W Choreographer: Frame time is 0.285797 ms in the future! Check that graphics HAL is generating vsync timestamps using the correct timebase.
06-12 13:55:24.402 2087 3757 I GameMode_ActivityMonitoringService: onActivityLaunch: com.android.systemui, isGameApp: false
06-12 13:55:24.402 2087 3757 V GameMode_GpuUtils: fps:60
06-12 13:55:24.403 2087 3757 D GameModeIF_GameModeSettings: getUriFor setting_content_uri_root = content://com.thundercomm.gamemode.api/gamemode_settings , name = gamemode_enable
06-12 13:55:25.121 657 672 I mpu_uart: [MSG-P:RECV]:No message received in 1000 ms
06-12 13:55:25.284 1548 1829 I input_interaction: Interaction with: 909ab8e com.android.systemui/com.android.systemui.settings.brightness.BrightnessDialog (server), edge-swipe (server), swipe-up (server), PointerEventDispatcher0 (server),
06-12 13:55:25.285 1936 1936 D ViewTouchDebug: mView : com.android.systemui.navigationbar.NavigationBarFrame{b436c0b V.E...... ......I. 0,0-2560,46 #7f0b03f2 app:id/navigation_bar_frame}Receive event : MotionEvent { action=ACTION_OUTSIDE, actionButton=0, id[0]=0, x[0]=2332.0, y[0]=-899.0, toolType[0]=TOOL_TYPE_FINGER, buttonState=0, classification=NONE, metaState=0, flags=0x0, edgeFlags=0x0, pointerCount=1, historySize=0, eventTime=583606, downTime=583606, deviceId=3, source=0x5002, displayId=0, eventId=2144178021 }
06-12 13:55:25.285 1936 1936 D ViewTouchDebug: mView : DecorView@9e986eb[BrightnessDialog]Receive event : MotionEvent { action=ACTION_DOWN, actionButton=0, id[0]=0, x[0]=2332.0, y[0]=99.0, toolType[0]=TOOL_TYPE_FINGER, buttonState=0, classification=NONE, metaState=0, flags=0x0, edgeFlags=0x0, pointerCount=1, historySize=0, eventTime=583606, downTime=583606, deviceId=3, source=0x5002, displayId=0, eventId=868729648 }
06-12 13:55:25.285 1548 1671 V DisplayPowerController[0]: Brightness [1.0] reason changing to: 'temporary', previous reason: 'manual'.
06-12 13:55:25.286 1548 1911 E DisplayDeviceConfig: requesting nits when no mapping exists.
06-12 13:55:25.286 1548 1911 E DisplayDeviceConfig: requesting nits when no mapping exists.
06-12 13:55:25.286 1548 1638 I am_wtf : [0,1548,system_server,-1,DisplayDeviceConfig,requesting nits when no mapping exists.]
06-12 13:55:25.286 1548 1638 I DropBoxManagerService: add tag=system_server_wtf isTagEnabled=true flags=0x2
06-12 13:55:25.287 1548 1638 I am_wtf : [0,1548,system_server,-1,DisplayDeviceConfig,requesting nits when no mapping exists.]
06-12 13:55:25.287 1548 1638 I DropBoxManagerService: add tag=system_server_wtf isTagEnabled=true flags=0x2
06-12 13:55:25.314 1936 1936 D ViewTouchDebug: mView : DecorView@9e986eb[BrightnessDialog]Receive event : MotionEvent { action=ACTION_MOVE, actionButton=0, id[0]=0, x[0]=2315.7104, y[0]=104.57379, toolType[0]=TOOL_TYPE_FINGER, buttonState=0, classification=NONE, metaState=0, flags=0x0, edgeFlags=0x0, pointerCount=1, historySize=1, eventTime=583631, downTime=583606, deviceId=3, source=0x5002, displayId=0, eventId=92936600 }
06-12 13:55:25.315 1548 1911 E DisplayDeviceConfig: requesting nits when no mapping exists.
06-12 13:55:25.315 1548 1911 E DisplayDeviceConfig: requesting nits when no mapping exists.
06-12 13:55:25.316 1548 1638 I am_wtf : [0,1548,system_server,-1,DisplayDeviceConfig,requesting nits when no mapping exists.]
06-12 13:55:25.316 1548 1638 I DropBoxManagerService: add tag=system_server_wtf isTagEnabled=true flags=0x2
06-12 13:55:25.316 1548 1638 I am_wtf : [0,1548,system_server,-1,DisplayDeviceConfig,requesting nits when no mapping exists.]
06-12 13:55:25.317 1548 1638 I DropBoxManagerService: add tag=system_server_wtf isTagEnabled=true flags=0x2
06-12 13:55:25.331 1936 1936 D ViewTouchDebug: mView : DecorView@9e986eb[BrightnessDialog]Receive event : MotionEvent { action=ACTION_MOVE, actionButton=0, id[0]=0, x[0]=2298.467, y[0]=109.507614, toolType[0]=TOOL_TYPE_FINGER, buttonState=0, classification=NONE, metaState=0, flags=0x0, edgeFlags=0x0, pointerCount=1, historySize=2, eventTime=583648, downTime=583606, deviceId=3, source=0x5002, displayId=0, eventId=723991402 }
06-12 13:55:25.348 1936 1936 D ViewTouchDebug: mView : DecorView@9e986eb[BrightnessDialog]Receive event : MotionEvent { action=ACTION_MOVE, actionButton=0, id[0]=0, x[0]=2272.0254, y[0]=114.52492, toolType[0]=TOOL_TYPE_FINGER, buttonState=0, classification=NONE, metaState=0, flags=0x0, edgeFlags=0x0, pointerCount=1, historySize=2, eventTime=583664, downTime=583606, deviceId=3, source=0x5002, displayId=0, eventId=91501131 }
06-12 13:55:25.348 1548 1911 E DisplayDeviceConfig: requesting nits when no mapping exists.
06-12 13:55:25.349 1548 1911 E DisplayDeviceConfig: requesting nits when no mapping exists.
06-12 13:55:25.349 1548 1638 I am_wtf : [0,1548,system_server,-1,DisplayDeviceConfig,requesting nits when no mapping exists.]
06-12 13:55:25.349 1548 1638 I DropBoxManagerService: add tag=system_server_wtf isTagEnabled=true flags=0x2
06-12 13:55:25.349 1548 1638 I am_wtf : [0,1548,system_server,-1,DisplayDeviceConfig,requesting nits when no mapping exists.]
06-12 13:55:25.364 1936 1936 D ViewTouchDebug: mView : DecorView@9e986eb[BrightnessDialog]Receive event : MotionEvent { action=ACTION_MOVE, actionButton=0, id[0]=0, x[0]=2236.874, y[0]=117.66312, toolType[0]=TOOL_TYPE_FINGER, buttonState=0, classification=NONE, metaState=0, flags=0x0, edgeFlags=0x0, pointerCount=1, historySize=1, eventTime=583681, downTime=583606, deviceId=3, source=0x5002, displayId=0, eventId=284675723 }
06-12 13:55:25.365 1548 1911 E DisplayDeviceConfig: requesting nits when no mapping exists.
06-12 13:55:25.365 1548 1911 E DisplayDeviceConfig: requesting nits when no mapping exists.
06-12 13:55:25.366 1548 1638 I am_wtf : [0,1548,system_server,-1,DisplayDeviceConfig,requesting nits when no mapping exists.]
06-12 13:55:25.366 1548 1638 I am_wtf : [0,1548,system_server,-1,DisplayDeviceConfig,requesting nits when no mapping exists.]
06-12 13:55:25.381 1936 1936 D ViewTouchDebug: mView : DecorView@9e986eb[BrightnessDialog]Receive event : MotionEvent { action=ACTION_MOVE, actionButton=0, id[0]=0, x[0]=2196.351, y[0]=120.931915, toolType[0]=TOOL_TYPE_FINGER, buttonState=0, classification=NONE, metaState=0, flags=0x0, edgeFlags=0x0, pointerCount=1, historySize=2, eventTime=583698, downTime=583606, deviceId=3, source=0x5002, displayId=0, eventId=42909967 }
06-12 13:55:25.382 1548 1911 E DisplayDeviceConfig: requesting nits when no mapping exists.
06-12 13:55:25.382 1548 1638 I am_wtf : [0,1548,system_server,-1,DisplayDeviceConfig,requesting nits when no mapping exists.]
06-12 13:55:25.382 1548 1911 E DisplayDeviceConfig: requesting nits when no mapping exists.
06-12 13:55:25.382 1548 1638 I am_wtf : [0,1548,system_server,-1,DisplayDeviceConfig,requesting nits when no mapping exists.]
06-12 13:55:25.398 1936 1936 D ViewTouchDebug: mView : DecorView@9e986eb[BrightnessDialog]Receive event : MotionEvent { action=ACTION_MOVE, actionButton=0, id[0]=0, x[0]=2129.9287, y[0]=114.381546, toolType[0]=TOOL_TYPE_FINGER, buttonState=0, classification=NONE, metaState=0, flags=0x0, edgeFlags=0x0, pointerCount=1, historySize=2, eventTime=583714, downTime=583606, deviceId=3, source=0x5002, displayId=0, eventId=633208802 }
06-12 13:55:25.399 1548 1911 E DisplayDeviceConfig: requesting nits when no mapping exists.
06-12 13:55:25.399 1548 1911 E DisplayDeviceConfig: requesting nits when no mapping exists.
06-12 13:55:25.399 1548 1638 I am_wtf : [0,1548,system_server,-1,DisplayDeviceConfig,requesting nits when no mapping exists.]
06-12 13:55:25.399 1548 1638 I am_wtf : [0,1548,system_server,-1,DisplayDeviceConfig,requesting nits when no mapping exists.]
06-12 13:55:25.414 1936 1936 D ViewTouchDebug: mView : DecorView@9e986eb[BrightnessDialog]Receive event : MotionEvent { action=ACTION_MOVE, actionButton=0, id[0]=0, x[0]=2043.5865, y[0]=102.03587, toolType[0]=TOOL_TYPE_FINGER, buttonState=0, classification=NONE, metaState=0, flags=0x0, edgeFlags=0x0, pointerCount=1, historySize=1, eventTime=583731, downTime=583606, deviceId=3, source=0x5002, displayId=0, eventId=166157953 }
06-12 13:55:25.415 1548 1911 E DisplayDeviceConfig: requesting nits when no mapping exists.
06-12 13:55:25.415 1548 1911 E DisplayDeviceConfig: requesting nits when no mapping exists.
06-12 13:55:25.416 1548 1638 I am_wtf : [0,1548,system_server,-1,DisplayDeviceConfig,requesting nits when no mapping exists.]
06-12 13:55:25.416 1548 1638 I am_wtf : [0,1548,system_server,-1,DisplayDeviceConfig,requesting nits when no mapping exists.]
06-12 13:55:25.431 1936 1936 D ViewTouchDebug: mView : DecorView@9e986eb[BrightnessDialog]Receive event : MotionEvent { action=ACTION_MOVE, actionButton=0, id[0]=0, x[0]=1951.7467, y[0]=88.39238, toolType[0]=TOOL_TYPE_FINGER, buttonState=0, classification=NONE, metaState=0, flags=0x0, edgeFlags=0x0, pointerCount=1, historySize=2, eventTime=583748, downTime=583606, deviceId=3, source=0x5002, displayId=0, eventId=961144837 }
06-12 13:55:25.432 1548 1911 E DisplayDeviceConfig: requesting nits when no mapping exists.
06-12 13:55:25.432 1548 1911 E DisplayDeviceConfig: requesting nits when no mapping exists.
06-12 13:55:25.432 1548 1638 I am_wtf : [0,1548,system_server,-1,DisplayDeviceConfig,requesting nits when no mapping exists.]
06-12 13:55:25.432 1548 1638 I am_wtf : [0,1548,system_server,-1,DisplayDeviceConfig,requesting nits when no mapping exists.]
06-12 13:55:25.448 1936 1936 D ViewTouchDebug: mView : DecorView@9e986eb[BrightnessDialog]Receive event : MotionEvent { action=ACTION_MOVE, actionButton=0, id[0]=0, x[0]=1849.7576, y[0]=73.093834, toolType[0]=TOOL_TYPE_FINGER, buttonState=0, classification=NONE, metaState=0, flags=0x0, edgeFlags=0x0, pointerCount=1, historySize=2, eventTime=583764, downTime=583606, deviceId=3, source=0x5002, displayId=0, eventId=235356720 }
06-12 13:55:25.448 1548 1911 E DisplayDeviceConfig: requesting nits when no mapping exists.
06-12 13:55:25.449 1548 1911 E DisplayDeviceConfig: requesting nits when no mapping exists.
06-12 13:55:25.449 1548 1638 I am_wtf : [0,1548,system_server,-1,DisplayDeviceConfig,requesting nits when no mapping exists.]
06-12 13:55:25.449 1548 1638 I am_wtf : [0,1548,system_server,-1,DisplayDeviceConfig,requesting nits when no mapping exists.]
