06-12 13:45:52.541 1548 1638 I SystemServerTimingAsync: ssm.onUnlockedUser-0_com.android.server.incident.IncidentCompanionService
06-12 13:45:52.541 1548 1638 I SystemServerTimingAsync: ssm.onUnlockedUser-0_com.android.server.MmsServiceBroker
06-12 13:45:52.541 1548 1638 I SystemServerTimingAsync: ssm.onUnlockedUser-0_com.android.server.autofill.AutofillManagerService
06-12 13:45:52.541 1548 1638 I SystemServerTimingAsync: ssm.onUnlockedUser-0_com.android.server.clipboard.ClipboardService
06-12 13:45:52.541 1548 1638 I SystemServerTimingAsync: ssm.onUnlockedUser-0_com.android.server.appbinding.AppBindingService$Lifecycle
06-12 13:45:52.541 1548 1638 I SystemServerTimingAsync: ssm.onUnlockedUser-0_com.android.server.tracing.TracingServiceProxy
06-12 13:45:52.541 1548 1638 I SystemServerTimingAsync: ssm.onUnlockedUser-0_com.android.server.policy.PermissionPolicyService
06-12 13:45:52.541 1548 1638 I SystemServerTimingAsync: ssm.onUnlockedUser-0_com.android.server.pm.StagingManager$Lifecycle
06-12 13:45:52.541 1548 1638 I SystemServerTimingAsync: ssm.onUnlockedUser-0_com.android.server.app.GameManagerService$Lifecycle
06-12 13:45:52.541 1548 1638 I SystemServerTimingAsync: ssm.onUnlockedUser-0_com.android.server.appsearch.AppSearchManagerService
06-12 13:45:52.541 1548 1638 I SystemServerTimingAsync: ssm.onUnlockedUser-0_com.android.server.media.MediaCommunicationService
06-12 13:45:52.541 1548 1638 W ActivityManager: UserLifecycleEvent 6 received without an active userJourneySession.
06-12 13:45:52.542 1548 2924 W StorageManagerService: Reporting emulated;0 unmounted due to system locked
06-12 13:45:52.542 1548 1886 E BackupPasswordManager: Unable to read saved backup pw hash
06-12 13:45:52.546 1548 1619 I AppWidgetServiceImpl: Processing of handleUserUnlocked u0 took 16 ms
06-12 13:45:52.546 1548 1619 I uc_send_user_broadcast: [0,android.intent.action.BOOT_COMPLETED]
06-12 13:45:52.553 0 0 I [ 11.127343] binder: 2939:2939 ioctl 40046210 7fda4f17a4 returned -22
06-12 13:45:52.562 0 0 I [ 11.137012] binder: 2956:2956 ioctl 40046210 7fda4f17a4 returned -22
06-12 13:45:52.563 1 1 I auditd : type=1107 audit(0.0:172): uid=0 auid=4294967295 ses=4294967295 subj=u:r:init:s0 msg='avc: denied { set } for property=sys.dtc.code.bt pid=1920 uid=1002 gid=1002 scontext=u:r:bluetooth:s0 tcontext=u:object_r:system_prop:s0 tclass=property_service permissive=0'
06-12 13:45:52.570 0 0 E [ 11.143031] bt_ioctl: BT_CMD_PWR_CTRL pwr_cntrl:2
06-12 13:45:52.570 0 0 E [ 11.143069] bt_vreg_unvote: vreg_unvote successful for : qca,bt-vdd-rfa2
06-12 13:45:52.570 0 0 E [ 11.143081] bt_vreg_unvote: vreg_unvote successful for : qca,bt-vdd-rfa1
06-12 13:45:52.570 0 0 E [ 11.143093] bt_vreg_unvote: vreg_unvote successful for : qca,bt-vdd-dig
06-12 13:45:52.570 0 0 E [ 11.143104] bt_vreg_unvote: vreg_unvote successful for : qca,bt-vdd-aon
06-12 13:45:52.550 1548 1639 I am_proc_start: [0,2956,1000,com.hryt.hiphishowfsecontrol,added application,com.hryt.hiphishowfsecontrol]
06-12 13:45:52.550 1548 1639 I ActivityManager: Start proc 2956:com.hryt.hiphishowfsecontrol/1000 for added application com.hryt.hiphishowfsecontrol
06-12 13:45:52.551 1548 1639 D CompatibilityChangeReporter: Compat change id reported: 143937733; UID 10054; state: ENABLED
06-12 13:45:52.553 1548 2056 I am_uid_running: 10085
06-12 13:45:52.553 1548 2056 D CompatibilityChangeReporter: Compat change id reported: 135634846; UID 10085; state: DISABLED
06-12 13:45:52.553 1548 2056 D CompatibilityChangeReporter: Compat change id reported: 177438394; UID 10085; state: DISABLED
06-12 13:45:52.553 1548 2056 D CompatibilityChangeReporter: Compat change id reported: 135772972; UID 10085; state: DISABLED
06-12 13:45:52.553 1548 2056 D CompatibilityChangeReporter: Compat change id reported: 135754954; UID 10085; state: ENABLED
06-12 13:45:52.557 1548 2924 I wm_finish_activity: [0,221693602,2,com.android.settings/.FallbackHome,app-request]
06-12 13:45:52.557 1548 2946 E TaskPersister: File error accessing recents directory (directory doesn't exist?).
06-12 13:45:52.562 1548 2924 I wm_destroy_activity: [0,221693602,2,com.android.settings/.FallbackHome,finish-imm:finishIfPossible]
06-12 13:45:52.573 2956 2956 I service_manager_slow: [12,activity]
06-12 13:45:52.580 2423 2423 I wm_on_stop_called: [221693602,com.android.settings.FallbackHome,LIFECYCLER_STOP_ACTIVITY]
06-12 13:45:52.581 1548 1579 D CompatibilityChangeReporter: Compat change id reported: 182478738; UID 1001; state: DISABLED
06-12 13:45:52.583 1548 1639 W ActivityManager: Slow operation: 61ms so far, now at startProcess: done updating battery stats
06-12 13:45:52.583 1548 1639 I am_proc_start: [0,2983,10054,.pasr,added application,.pasr]
06-12 13:45:52.583 1548 1639 W ActivityManager: Slow operation: 63ms so far, now at startProcess: building log message
06-12 13:45:52.583 1548 1639 I ActivityManager: Start proc 2983:.pasr/u0a54 for added application .pasr
06-12 13:45:52.583 1548 1639 W ActivityManager: Slow operation: 63ms so far, now at startProcess: starting to update pids map
06-12 13:45:52.584 1548 1639 W ActivityManager: Slow operation: 64ms so far, now at startProcess: done updating pids map
06-12 13:45:52.584 1548 1639 W ActivityManager: Slow operation: 64ms so far, now at startProcess: asking zygote to start proc
06-12 13:45:52.584 1548 1639 D CompatibilityChangeReporter: Compat change id reported: 143937733; UID 10076; state: DISABLED
06-12 13:45:52.586 1548 2072 I am_proc_bound: [0,2956,com.hryt.hiphishowfsecontrol]
06-12 13:45:52.597 1548 1639 W ActivityManager: Slow operation: 77ms so far, now at startProcess: returned from zygote!
06-12 13:45:52.601 1548 2110 I am_uid_running: 10070
06-12 13:45:52.602 1548 2110 D CompatibilityChangeReporter: Compat change id reported: 135634846; UID 10070; state: DISABLED
06-12 13:45:52.603 1548 2110 D CompatibilityChangeReporter: Compat change id reported: 177438394; UID 10070; state: DISABLED
06-12 13:45:52.603 1548 2110 D CompatibilityChangeReporter: Compat change id reported: 135772972; UID 10070; state: DISABLED
06-12 13:45:52.603 1548 2110 D CompatibilityChangeReporter: Compat change id reported: 135754954; UID 10070; state: ENABLED
06-12 13:45:52.603 1548 1886 V BackupManagerService: [UserID:0] No ancestral data
06-12 13:45:52.603 1548 2990 I am_proc_bound: [0,2939,ts.car.uart]
06-12 13:45:52.608 1548 2936 V BackupManagerConstants: getKeyValueBackupIntervalMilliseconds(...) returns 14400000
06-12 13:45:52.608 1548 2936 V BackupManagerConstants: getKeyValueBackupFuzzMilliseconds(...) returns 600000
06-12 13:45:52.608 1548 2936 V BackupManagerConstants: getKeyValueBackupRequiredNetworkType(...) returns 1
06-12 13:45:52.608 1548 2936 V BackupManagerConstants: getKeyValueBackupRequireCharging(...) returns true
06-12 13:45:52.608 1548 2936 V KeyValueBackupJob: Scheduling k/v pass in 244 minutes
06-12 13:45:52.612 0 0 I [ 11.188073] binder: 2983:2983 ioctl 40046210 7fda4f17a4 returned -22
06-12 13:45:52.616 2168 2168 I service_manager_slow: [22,isub]
06-12 13:45:52.617 1548 2990 D CompatibilityChangeReporter: Compat change id reported: 168419799; UID 10055; state: DISABLED
06-12 13:45:52.621 0 0 I [ 11.192800] binder: 3006:3006 ioctl 40046210 7fda4f17a4 returned -22
06-12 13:45:52.621 0 0 I [ 11.198273] android_work: sent uevent USB_STATE=CONNECTED
06-12 13:45:52.620 1548 2990 I am_uid_active: 10055
06-12 13:45:52.622 1548 1639 W ActivityManager: Slow operation: 102ms so far, now at startProcess: done updating battery stats
06-12 13:45:52.622 1548 1639 I am_proc_start: [0,3006,10076,com.qualcomm.qti.services.systemhelper:systemhelper_service,added application,com.qualcomm.qti.services.systemhelper:systemhelper_service]
06-12 13:45:52.622 1548 1639 W ActivityManager: Slow operation: 102ms so far, now at startProcess: building log message
06-12 13:45:52.622 1548 1639 I ActivityManager: Start proc 3006:com.qualcomm.qti.services.systemhelper:systemhelper_service/u0a76 for added application com.qualcomm.qti.services.systemhelper:systemhelper_service
06-12 13:45:52.622 1548 1639 W ActivityManager: Slow operation: 102ms so far, now at startProcess: starting to update pids map
06-12 13:45:52.623 1548 1639 W ActivityManager: Slow operation: 103ms so far, now at startProcess: done updating pids map
06-12 13:45:52.623 1548 1639 W ActivityManager: Slow operation: 102ms so far, now at startProcess: asking zygote to start proc
06-12 13:45:52.623 1548 1639 D CompatibilityChangeReporter: Compat change id reported: 143937733; UID 10081; state: ENABLED
06-12 13:45:52.627 1548 2056 I am_proc_bound: [0,2983,.pasr]
06-12 13:45:52.630 1548 2072 D CompatibilityChangeReporter: Compat change id reported: 73144566; UID 1000; state: ENABLED
06-12 13:45:52.631 1548 1639 W ActivityManager: Slow operation: 110ms so far, now at startProcess: returned from zygote!
06-12 13:45:52.633 1548 2072 D CompatibilityChangeReporter: Compat change id reported: 73144566; UID 1000; state: DISABLED
06-12 13:45:52.648 0 0 W [ 11.224654] QSEECOM: __qseecom_unload_app: App (8) is unloaded
06-12 13:45:52.651 0 0 D [ 11.225757] qbt: qbt_release: entry minor_no=0 fd_available=0
06-12 13:45:52.651 0 0 D [ 11.225763] qbt: qbt_release: Releasing wakelock
06-12 13:45:52.651 0 0 D [ 11.225768] qbt: qbt_release: exit : fd_available=1
06-12 13:45:52.651 0 0 D [ 11.225777] qbt: qbt_release: entry minor_no=1 fd_available=1
06-12 13:45:52.651 0 0 D [ 11.225779] qbt: qbt_release: exit : fd_available=1
06-12 13:45:52.654 0 0 E : [ 11.229478] msm-dwc3 a600000.ssusb: Could not get usb psy
06-12 13:45:52.654 0 0 I [ 11.231309] binder: 3036:3036 ioctl 40046210 7fda4f17a4 returned -22
06-12 13:45:52.655 0 0 E [ 11.232098] link_delay_work_func: DTC_ETH: SQI=0, link=0
06-12 13:45:52.639 1548 2056 D CompatibilityChangeReporter: Compat change id reported: 168419799; UID 10054; state: DISABLED
06-12 13:45:52.644 1548 2056 I am_uid_active: 10054
06-12 13:45:52.664 0 0 I : [ 11.241162] configfs-gadget gadget: high-speed config #1: b
06-12 13:45:52.649 1548 1548 W Looper : Drained
06-12 13:45:52.649 1548 1548 W Looper : Slow dispatch took 337ms main h=android.os.Handler c=com.android.server.biometrics.sensors.BiometricScheduler$InternalCallback$$ExternalSyntheticLambda0@f43b83e m=0
06-12 13:45:52.649 1548 1548 W Looper : Slow delivery took 338ms main h=com.android.server.notification.NotificationManagerService$WorkerHandler c=com.android.server.notification.NotificationManagerService$NotificationListeners$$ExternalSyntheticLambda4@fec869f m=0
06-12 13:45:52.651 2423 2423 I wm_on_destroy_called: [221693602,com.android.settings.FallbackHome,performDestroy]
06-12 13:45:52.662 1548 2998 D CompatibilityChangeReporter: Compat change id reported: 157233955; UID 10068; state: DISABLED
06-12 13:45:52.665 1548 1866 I GameModeConfig: isGameModeOn = false
06-12 13:45:52.665 1548 1866 I GameModeConfig: isGameModeOn = false
06-12 13:45:52.668 1548 1866 I GameModeConfig: isGameModeOn = false
06-12 13:45:52.668 1548 1866 I GameModeConfig: isGameModeOn = false
06-12 13:45:52.668 1548 1866 I GameModeConfig: isGameModeOn = false
06-12 13:45:52.668 1548 1866 I GameModeConfig: isGameModeOn = false
06-12 13:45:52.669 1548 1635 D CompatibilityChangeReporter: Compat change id reported: 135634846; UID 1000; state: DISABLED
06-12 13:45:52.669 1548 1635 D CompatibilityChangeReporter: Compat change id reported: 177438394; UID 1000; state: DISABLED
06-12 13:45:52.670 1548 1635 D CompatibilityChangeReporter: Compat change id reported: 135772972; UID 1000; state: DISABLED
06-12 13:45:52.670 1548 1635 D CompatibilityChangeReporter: Compat change id reported: 135754954; UID 1000; state: ENABLED
06-12 13:45:52.671 1548 2072 I am_proc_bound: [0,3006,com.qualcomm.qti.services.systemhelper:systemhelper_service]
06-12 13:45:52.672 1548 2072 D CompatibilityChangeReporter: Compat change id reported: 168419799; UID 10076; state: DISABLED
06-12 13:45:52.674 1548 2072 I am_uid_active: 10076
06-12 13:45:52.675 1548 1638 I am_uid_running: 10022
06-12 13:45:52.675 1548 1638 D CompatibilityChangeReporter: Compat change id reported: 135634846; UID 10022; state: DISABLED
06-12 13:45:52.675 1548 1638 D CompatibilityChangeReporter: Compat change id reported: 177438394; UID 10022; state: DISABLED
06-12 13:45:52.676 1548 1638 D CompatibilityChangeReporter: Compat change id reported: 135772972; UID 10022; state: DISABLED
06-12 13:45:52.676 1548 1638 D CompatibilityChangeReporter: Compat change id reported: 135754954; UID 10022; state: ENABLED
06-12 13:45:52.676 0 0 E : [ 11.241231] msm-dwc3 a600000.ssusb: Could not get usb psy
06-12 13:45:52.676 0 0 I [ 11.241334] android_work: sent uevent USB_STATE=CONFIGURED
06-12 13:45:52.677 0 0 I [ 11.248900] binder: 2939:2939 ioctl 40046210 7fda4f0694 returned -22
06-12 13:45:52.677 1548 2056 W ActivityManager: Slow operation: 155ms so far, now at startProcess: done updating battery stats
06-12 13:45:52.677 1548 2056 I am_proc_start: [0,3036,10081,com.qualcomm.qti.qccnetstat,added application,com.qualcomm.qti.qccnetstat]
06-12 13:45:52.677 1548 2056 W ActivityManager: Slow operation: 156ms so far, now at startProcess: building log message
06-12 13:45:52.677 1548 2056 I ActivityManager: Start proc 3036:com.qualcomm.qti.qccnetstat/u0a81 for added application com.qualcomm.qti.qccnetstat
06-12 13:45:52.677 1548 2056 W ActivityManager: Slow operation: 156ms so far, now at startProcess: starting to update pids map
06-12 13:45:52.677 1548 2056 W ActivityManager: Slow operation: 156ms so far, now at startProcess: done updating pids map
06-12 13:45:52.677 1548 2056 I am_proc_bound: [0,3036,com.qualcomm.qti.qccnetstat]
06-12 13:45:52.680 1548 2056 D CompatibilityChangeReporter: Compat change id reported: 168419799; UID 10081; state: DISABLED
06-12 13:45:52.683 1548 2056 I am_uid_active: 10081
06-12 13:45:52.689 1548 1639 W ActivityManager: Slow operation: 168ms so far, now at startProcess: asking zygote to start proc
06-12 13:45:52.689 1548 1639 D CompatibilityChangeReporter: Compat change id reported: 143937733; UID 10082; state: ENABLED
06-12 13:45:52.690 1548 1548 I NotificationHistory: Attempted to unlock gone/disabled user 0
06-12 13:45:52.690 1548 1886 I BackupManagerService: isBackupEnabled() => false due to absent settings file
06-12 13:45:52.690 1548 1886 D BackupManagerService: user:0 readBackupEnableState enabled:false
06-12 13:45:52.690 1548 1886 I BackupManagerService: [UserID:0] Backup enabled => false
06-12 13:45:52.695 1548 1639 W ActivityManager: Slow operation: 174ms so far, now at startProcess: returned from zygote!
06-12 13:45:52.695 1548 1639 W ActivityManager: Slow operation: 174ms so far, now at startProcess: done updating battery stats
06-12 13:45:52.695 1548 1639 I am_proc_start: [0,3087,10082,com.qualcomm.qti.workloadclassifier,added application,com.qualcomm.qti.workloadclassifier]
06-12 13:45:52.695 1548 1639 W ActivityManager: Slow operation: 174ms so far, now at startProcess: building log message
06-12 13:45:52.695 1548 1639 I ActivityManager: Start proc 3087:com.qualcomm.qti.workloadclassifier/u0a82 for added application com.qualcomm.qti.workloadclassifier
06-12 13:45:52.695 1548 1639 W ActivityManager: Slow operation: 174ms so far, now at startProcess: starting to update pids map
06-12 13:45:52.695 1548 1639 W ActivityManager: Slow operation: 174ms so far, now at startProcess: done updating pids map
06-12 13:45:52.695 1548 1639 W ActivityManager: Slow operation: 173ms so far, now at startProcess: asking zygote to start proc
06-12 13:45:52.695 1548 1639 D CompatibilityChangeReporter: Compat change id reported: 143937733; UID 10080; state: ENABLED
06-12 13:45:52.696 1548 1638 I am_wtf : [0,1548,system_server,-1,ActivityManager,Sending non-protected broadcast android.location.HIGH_POWER_REQUEST_CHANGE from system 2772:com.qualcomm.location/u0a68 pkg com.qualcomm.location]
06-12 13:45:52.696 1548 1621 D BluetoothManagerService: MESSAGE_BLUETOOTH_STATE_CHANGE: BLE_TURNING_ON > BLE_ON
06-12 13:45:52.696 1548 1621 D BluetoothManagerService: Bluetooth is in LE only mode
06-12 13:45:52.697 1548 1621 D BluetoothManagerService: Binding Bluetooth GATT service
06-12 13:45:52.699 1548 1621 D BluetoothManagerService: Sending BLE State Change: BLE_TURNING_ON > BLE_ON
06-12 13:45:52.699 1548 1639 W ActivityManager: Slow operation: 177ms so far, now at startProcess: returned from zygote!
06-12 13:45:52.699 1548 1639 W ActivityManager: Slow operation: 177ms so far, now at startProcess: done updating battery stats
06-12 13:45:52.699 1548 1639 I am_proc_start: [0,3090,10080,com.hryt.lebotp,added application,com.hryt.lebotp]
06-12 13:45:52.699 1548 1639 W ActivityManager: Slow operation: 177ms so far, now at startProcess: building log message
06-12 13:45:52.699 1548 1639 I ActivityManager: Start proc 3090:com.hryt.lebotp/u0a80 for added application com.hryt.lebotp
06-12 13:45:52.699 1548 1639 W ActivityManager: Slow operation: 177ms so far, now at startProcess: starting to update pids map
06-12 13:45:52.699 1548 1639 W ActivityManager: Slow operation: 177ms so far, now at startProcess: done updating pids map
06-12 13:45:52.699 1548 1639 W ActivityManager: Slow operation: 146ms so far, now at startProcess: asking zygote to start proc
06-12 13:45:52.700 1548 1639 D CompatibilityChangeReporter: Compat change id reported: 143937733; UID 10085; state: ENABLED
06-12 13:45:52.700 1548 1638 I DropBoxManagerService: add tag=system_server_wtf isTagEnabled=true flags=0x2
06-12 13:45:52.703 0 0 W [ 11.280043] ALERT: changing window size from 20000000 to 16000000 at 11280031348
06-12 13:45:52.703 1548 1548 V NotificationAssistants: disabling notification assistant for user 0: ComponentInfo{android.ext.services/android.ext.services.notification.Assistant}
06-12 13:45:52.703 1548 1548 D NotificationListeners: Removing active service ComponentInfo{android.ext.services/android.ext.services.notification.Assistant}
06-12 13:45:52.705 1548 1548 V NotificationAssistants: enabling notification assistant for 0: ComponentInfo{android.ext.services/android.ext.services.notification.Assistant}
06-12 13:45:52.705 1548 1548 V NotificationAssistants: binding: Intent { act=android.service.notification.NotificationAssistantService cmp=android.ext.services/.notification.Assistant (has extras) }
06-12 13:45:52.707 1548 1639 W ActivityManager: Slow operation: 154ms so far, now at startProcess: returned from zygote!
06-12 13:45:52.709 1548 1548 D CompatibilityChangeReporter: Compat change id reported: 168419799; UID 10091; state: DISABLED
06-12 13:45:52.710 1548 1639 W ActivityManager: Slow operation: 157ms so far, now at startProcess: done updating battery stats
06-12 13:45:52.710 1548 1639 I am_proc_start: [0,3096,10085,com.qualcomm.qtil.aptxui,broadcast,{com.qualcomm.qtil.aptxui/com.qualcomm.qtil.aptxui.aptxuiBootReceiver}]
06-12 13:45:52.710 1548 1639 W ActivityManager: Slow operation: 157ms so far, now at startProcess: building log message
06-12 13:45:52.710 1548 1639 I ActivityManager: Start proc 3096:com.qualcomm.qtil.aptxui/u0a85 for broadcast {com.qualcomm.qtil.aptxui/com.qualcomm.qtil.aptxui.aptxuiBootReceiver}
06-12 13:45:52.710 1548 1639 W ActivityManager: Slow operation: 157ms so far, now at startProcess: starting to update pids map
06-12 13:45:52.710 1548 1639 W ActivityManager: Slow operation: 157ms so far, now at startProcess: done updating pids map
06-12 13:45:52.710 1548 1639 W ActivityManager: Slow operation: 109ms so far, now at startProcess: asking zygote to start proc
06-12 13:45:52.710 1548 1639 D CompatibilityChangeReporter: Compat change id reported: 143937733; UID 10070; state: ENABLED
06-12 13:45:52.714 0 0 I [ 11.289164] binder: 3087:3087 ioctl 40046210 7fda4f17a4 returned -22
06-12 13:45:52.714 1548 2914 I StorageUserConnection: Service: [ComponentInfo{com.android.providers.media.module/com.android.providers.media.fuse.ExternalStorageServiceImpl}] connected. User [0]
06-12 13:45:52.715 1548 2993 I am_proc_bound: [0,3087,com.qualcomm.qti.workloadclassifier]
06-12 13:45:52.716 1548 2993 D CompatibilityChangeReporter: Compat change id reported: 168419799; UID 10082; state: DISABLED
06-12 13:45:52.717 1548 2993 I am_uid_active: 10082
06-12 13:45:52.721 0 0 I [ 11.297112] binder: 3090:3090 ioctl 40046210 fffd5868 returned -22
06-12 13:45:52.723 1548 2056 I am_proc_bound: [0,3090,com.hryt.lebotp]
06-12 13:45:52.727 0 0 I [ 11.304183] binder: 3096:3096 ioctl 40046210 7fda4f17a4 returned -22
06-12 13:45:52.725 1548 2056 D CompatibilityChangeReporter: Compat change id reported: 168419799; UID 10080; state: DISABLED
06-12 13:45:52.726 1548 1639 W ActivityManager: Slow operation: 125ms so far, now at startProcess: returned from zygote!
06-12 13:45:52.728 1548 2056 I am_uid_active: 10080
06-12 13:45:52.729 1548 1639 W ActivityManager: Slow operation: 128ms so far, now at startProcess: done updating battery stats
06-12 13:45:52.729 1548 1639 I am_proc_start: [0,3137,10070,com.qualcomm.location.XT,service,{com.qualcomm.location.XT/com.qualcomm.location.XT.XTSrv}]
06-12 13:45:52.729 1548 1639 W ActivityManager: Slow operation: 128ms so far, now at startProcess: building log message
06-12 13:45:52.729 1548 1639 I ActivityManager: Start proc 3137:com.qualcomm.location.XT/u0a70 for service {com.qualcomm.location.XT/com.qualcomm.location.XT.XTSrv}
06-12 13:45:52.729 1548 1639 W ActivityManager: Slow operation: 128ms so far, now at startProcess: starting to update pids map
06-12 13:45:52.729 1548 1639 W ActivityManager: Slow operation: 128ms so far, now at startProcess: done updating pids map
06-12 13:45:52.729 1548 1639 W ActivityManager: Slow operation: 62ms so far, now at startProcess: asking zygote to start proc
06-12 13:45:52.730 1548 2056 I am_proc_bound: [0,3096,com.qualcomm.qtil.aptxui]
06-12 13:45:52.731 1548 2056 D CompatibilityChangeReporter: Compat change id reported: 168419799; UID 10085; state: DISABLED
06-12 13:45:52.734 1548 2056 I am_uid_active: 10085
06-12 13:45:52.739 1548 1639 W ActivityManager: Slow operation: 72ms so far, now at startProcess: returned from zygote!
06-12 13:45:52.739 1548 1639 W ActivityManager: Slow operation: 72ms so far, now at startProcess: done updating battery stats
06-12 13:45:52.739 1548 1639 I am_proc_start: [0,3150,1000,com.android.keychain,service,{com.android.keychain/com.android.keychain.KeyChainService}]
06-12 13:45:52.739 1548 1639 W ActivityManager: Slow operation: 72ms so far, now at startProcess: building log message
06-12 13:45:52.739 1548 1639 I ActivityManager: Start proc 3150:com.android.keychain/1000 for service {com.android.keychain/com.android.keychain.KeyChainService}
06-12 13:45:52.739 1548 1639 W ActivityManager: Slow operation: 72ms so far, now at startProcess: starting to update pids map
06-12 13:45:52.739 1548 1639 W ActivityManager: Slow operation: 72ms so far, now at startProcess: done updating pids map
06-12 13:45:52.739 1548 1639 W ActivityManager: Slow operation: 64ms so far, now at startProcess: asking zygote to start proc
06-12 13:45:52.739 1548 1639 D CompatibilityChangeReporter: Compat change id reported: 143937733; UID 10022; state: ENABLED
06-12 13:45:52.743 1548 1919 I SyncManager: Loaded persisted syncs: 0 periodic syncs, 0 oneshot syncs, 16 total system server jobs, JobStats: FirstLoad: 6/5/0 LastSave: -1/-1/-1
06-12 13:45:52.745 1548 1548 D BiometricScheduler/Fingerprint21: [Finishing] {[1] FingerprintUpdateActiveUserClient, proto=1, owner=android, cookie=0, requestId=-1, userId=0}, success: true
06-12 13:45:52.745 1548 1548 D BiometricScheduler/Fingerprint21: [Polled] {[2] FingerprintInternalCleanupClient, proto=7, owner=android, cookie=0, requestId=-1, userId=0}, State: 0
06-12 13:45:52.745 1548 1548 D BiometricScheduler/Fingerprint21: [Starting] {[2] FingerprintInternalCleanupClient, proto=7, owner=android, cookie=0, requestId=-1, userId=0}, State: 0
06-12 13:45:52.745 1548 1548 D BiometricScheduler/Fingerprint21: [Started] {[2] FingerprintInternalCleanupClient, proto=7, owner=android, cookie=0, requestId=-1, userId=0}
06-12 13:45:52.745 1548 1548 D Biometrics/InternalCleanupClient: Starting enumerate: {[3] FingerprintInternalEnumerateClient, proto=6, owner=android, cookie=0, requestId=-1, userId=0}
06-12 13:45:52.747 0 0 I [ 11.319697] binder: 3137:3137 ioctl 40046210 7fda4f17a4 returned -22
06-12 13:45:52.747 0 0 D [ 11.322618] qbt: qbt_open: entry minor_no=0 fd_available=1
06-12 13:45:52.747 0 0 D [ 11.322623] qbt: qbt_open: exit : 0 fd_available=0
06-12 13:45:52.747 0 0 D [ 11.322655] qbt: qbt_open: entry minor_no=1 fd_available=0
06-12 13:45:52.747 0 0 D [ 11.322657] qbt: qbt_open: exit : 0 fd_available=0
06-12 13:45:52.747 0 0 D [ 11.322686] qbt: qbt_ioctl: cmd received 107
06-12 13:45:52.747 0 0 D [ 11.322689] qbt: qbt_ioctl: Acquiring wakelock
06-12 13:45:52.745 1548 2110 I am_proc_bound: [0,3137,com.qualcomm.location.XT]
06-12 13:45:52.745 1548 1548 D BluetoothManagerService: Bluetooth Adapter address changed to F0:74:E4:41:13:B5
06-12 13:45:52.745 1548 1548 D BluetoothManagerService: Stored Bluetoothaddress: F0:74:E4:41:13:B5
06-12 13:45:52.745 1548 1548 D BluetoothManagerService: Bluetooth Adapter name changed to 高合娱乐副屏 by android
06-12 13:45:52.745 1548 1548 D BluetoothManagerService: Stored Bluetooth name: 高合娱乐副屏
06-12 13:45:52.745 1548 1548 D BluetoothManagerService: Bluetooth Adapter address changed to F0:74:E4:41:13:B5
06-12 13:45:52.746 1548 1548 D BluetoothManagerService: Stored Bluetoothaddress: F0:74:E4:41:13:B5
06-12 13:45:52.746 1548 1548 D CompanionDeviceManagerService: Received BT state transition broadcast: BLE_TURNING_ON -> BLE_ON
06-12 13:45:52.746 1548 1639 W ActivityManager: Slow operation: 71ms so far, now at startProcess: returned from zygote!
06-12 13:45:52.746 1548 1548 I CompanionDeviceManagerService: startBleScan()
06-12 13:45:52.746 1548 1548 V NotificationAssistants: 0 notification assistant service connected: ComponentInfo{android.ext.services/android.ext.services.notification.Assistant}
06-12 13:45:52.747 1548 2110 D CompatibilityChangeReporter: Compat change id reported: 168419799; UID 10070; state: DISABLED
06-12 13:45:52.749 1548 2110 I am_uid_active: 10070
06-12 13:45:52.751 1548 1639 W ActivityManager: Slow operation: 76ms so far, now at startProcess: done updating battery stats
06-12 13:45:52.751 1548 1639 I am_proc_start: [0,3163,10022,android.process.media,broadcast,{com.android.mtp/com.android.mtp.MtpReceiver}]
06-12 13:45:52.751 1548 1639 W ActivityManager: Slow operation: 76ms so far, now at startProcess: building log message
06-12 13:45:52.751 1548 1639 I ActivityManager: Start proc 3163:android.process.media/u0a22 for broadcast {com.android.mtp/com.android.mtp.MtpReceiver}
06-12 13:45:52.751 1548 1639 W ActivityManager: Slow operation: 76ms so far, now at startProcess: starting to update pids map
06-12 13:45:52.751 1548 1639 W ActivityManager: Slow operation: 76ms so far, now at startProcess: done updating pids map
06-12 13:45:52.751 1548 1548 D BluetoothManagerService: BluetoothServiceConnection: com.android.bluetooth.gatt.GattService
06-12 13:45:52.751 1548 1548 W Looper : Drained
06-12 13:45:52.751 1548 1621 D BluetoothManagerService: MESSAGE_BLUETOOTH_SERVICE_CONNECTED: 2
06-12 13:45:52.751 1548 1621 D BluetoothManagerService: continueFromBleOnState()
06-12 13:45:52.755 0 0 I [ 11.331196] binder: 3150:3150 ioctl 40046210 7fda4f17a4 returned -22
06-12 13:45:52.756 1548 2110 I am_proc_bound: [0,3150,com.android.keychain]
06-12 13:45:52.756 1548 1621 D BluetoothManagerService: Persisting Bluetooth Setting: 1
06-12 13:45:52.758 1548 1621 D BluetoothManagerService: MESSAGE_BLUETOOTH_STATE_CHANGE: BLE_ON > TURNING_ON
06-12 13:45:52.758 1548 1621 D BluetoothManagerService: Sending BLE State Change: BLE_ON > TURNING_ON
06-12 13:45:52.759 1548 2110 D CompatibilityChangeReporter: Compat change id reported: 168419799; UID 1000; state: DISABLED
06-12 13:45:52.762 1548 1621 D BluetoothManagerService: Sending State Change: OFF > TURNING_ON
06-12 13:45:52.762 1548 1548 D CompanionDeviceManagerService: Received BT state transition broadcast: BLE_ON -> TURNING_ON
06-12 13:45:52.763 0 0 I [ 11.339630] binder: 3163:3163 ioctl 40046210 7fda4f17a4 returned -22
06-12 13:45:52.769 1548 2056 I am_proc_bound: [0,3163,android.process.media]
06-12 13:45:52.771 1548 2056 D CompatibilityChangeReporter: Compat change id reported: 168419799; UID 10022; state: DISABLED
06-12 13:45:52.779 0 0 W [ 11.355464] QSEECOM: qseecom_load_app: App (fingerpr) does'nt exist, loading apps for first time
06-12 13:45:52.780 1548 1875 D TelephonyRegistry: listen oscl: mHasNotifySubscriptionInfoChangedOccurred==false no callback
06-12 13:45:52.786 0 0 I [ 11.362188] binder: 3137:3196 ioctl 40046210 6cfb6a1944 returned -22
06-12 13:45:52.798 1548 1866 I GameModeConfig: isGameModeOn = false
06-12 13:45:52.798 1548 1866 I GameModeConfig: isGameModeOn = false
06-12 13:45:52.799 1548 1866 I GameModeConfig: isGameModeOn = false
06-12 13:45:52.836 0 0 I [ 11.412274] binder: 2173:2173 ioctl 40046210 7fda4f1134 returned -22
06-12 13:45:52.832 1548 2110 D CompatibilityChangeReporter: Compat change id reported: 168419799; UID 10051; state: DISABLED
06-12 13:45:52.835 1548 2998 D CompatibilityChangeReporter: Compat change id reported: 168419799; UID 1000; state: DISABLED
06-12 13:45:52.836 1920 2988 I liblog : 514
06-12 13:45:52.836 1920 2988 I liblog : 1
06-12 13:45:52.837 1920 2988 I liblog : 7
06-12 13:45:52.837 1920 2988 I liblog : 1
06-12 13:45:52.837 1920 2988 I liblog : 1
06-12 13:45:52.837 1920 2988 I liblog : 1
06-12 13:45:52.837 1920 2988 I liblog : 1
06-12 13:45:52.837 1920 2988 I liblog : 1
06-12 13:45:52.837 1920 2988 I liblog : 1
06-12 13:45:52.837 1920 2988 I liblog : 1
06-12 13:45:52.837 1920 2988 I liblog : 1
06-12 13:45:52.837 1920 2988 I liblog : 1
06-12 13:45:52.837 1920 2988 I liblog : 1
06-12 13:45:52.837 1920 2988 I liblog : 1
06-12 13:45:52.837 1920 2988 I liblog : 1
06-12 13:45:52.837 1920 2988 I liblog : 3
06-12 13:45:52.837 1920 2988 I liblog : 1
06-12 13:45:52.837 1920 2988 I liblog : 1
06-12 13:45:52.837 1920 1920 I liblog : 14
06-12 13:45:52.837 1920 2045 I liblog : 1
06-12 13:45:52.837 1920 2988 I liblog : 1
06-12 13:45:52.837 1920 2988 I liblog : 1
06-12 13:45:52.837 1920 2988 I liblog : 1
06-12 13:45:52.837 1920 2988 I liblog : 1
06-12 13:45:52.837 1920 2988 I liblog : 1
06-12 13:45:52.837 1920 2988 I liblog : 1
06-12 13:45:52.838 1920 2988 I liblog : 5
06-12 13:45:52.838 1920 2988 I liblog : 1
06-12 13:45:52.837 2290 2290 W ContextImpl: Calling a method in the system process without a qualified user: android.app.ContextImpl.startService:1816 android.content.ContextWrapper.startService:774 android.content.ContextWrapper.startService:774 vendor.qti.qesdk.sysservice.QesdkSysReceiver.onReceive:42 android.app.ActivityThread.handleReceiver:4309
06-12 13:45:52.838 1920 2988 I liblog : 1
06-12 13:45:52.838 1920 2988 I liblog : 1
06-12 13:45:52.838 1920 2988 I liblog : 1
06-12 13:45:52.838 1920 2988 I liblog : 1
06-12 13:45:52.838 1920 2988 I liblog : 1
06-12 13:45:52.838 1920 2988 I liblog : 1
06-12 13:45:52.838 1920 2988 I liblog : 1
06-12 13:45:52.838 1920 2988 I liblog : 1
06-12 13:45:52.838 1920 2988 I liblog : 1
06-12 13:45:52.838 1920 2988 I liblog : 5
06-12 13:45:52.838 1920 2988 I liblog : 1
06-12 13:45:52.838 1920 2988 I liblog : 1
06-12 13:45:52.838 1920 2988 I liblog : 1
06-12 13:45:52.838 1920 2988 I liblog : 1
06-12 13:45:52.838 1920 2988 I liblog : 1
06-12 13:45:52.838 1920 2988 I liblog : 1
06-12 13:45:52.838 1920 2988 I liblog : 1
06-12 13:45:52.838 1920 2988 I liblog : 1
06-12 13:45:52.838 1920 2988 I liblog : 1
06-12 13:45:52.838 1920 2988 I liblog : 1
06-12 13:45:52.838 1920 2988 I liblog : 1
06-12 13:45:52.838 1920 2988 I liblog : 1
06-12 13:45:52.838 1920 2988 I liblog : 1
06-12 13:45:52.838 1920 2988 I liblog : 1
06-12 13:45:52.838 1920 2988 I liblog : 1
06-12 13:45:52.838 1920 2988 I liblog : 1
06-12 13:45:52.838 1920 2988 I liblog : 1
06-12 13:45:52.838 1920 2988 I liblog : 1
06-12 13:45:52.838 1920 2988 I liblog : 1
06-12 13:45:52.838 1920 2988 I liblog : 1
06-12 13:45:52.838 1920 2988 I liblog : 1
06-12 13:45:52.838 1920 2988 I liblog : 1
06-12 13:45:52.838 1920 2988 I liblog : 1
06-12 13:45:52.838 1920 2988 I liblog : 1
06-12 13:45:52.838 1920 2988 I liblog : 1
06-12 13:45:52.838 1920 1920 I liblog : 2
06-12 13:45:52.841 1548 1875 I am_uid_running: 10024
06-12 13:45:52.841 1548 1875 D CompatibilityChangeReporter: Compat change id reported: 135634846; UID 10024; state: DISABLED
06-12 13:45:52.841 1548 1875 D CompatibilityChangeReporter: Compat change id reported: 177438394; UID 10024; state: DISABLED
06-12 13:45:52.841 1548 1875 D CompatibilityChangeReporter: Compat change id reported: 135772972; UID 10024; state: DISABLED
06-12 13:45:52.841 1548 1875 D CompatibilityChangeReporter: Compat change id reported: 135754954; UID 10024; state: ENABLED
06-12 13:45:52.841 1548 1639 D CompatibilityChangeReporter: Compat change id reported: 143937733; UID 10024; state: ENABLED
06-12 13:45:52.847 1548 1639 I am_proc_start: [0,3217,10024,com.android.traceur,broadcast,{com.android.traceur/com.android.traceur.Receiver}]
06-12 13:45:52.847 1920 2988 I liblog : 74
06-12 13:45:52.847 1548 1639 I ActivityManager: Start proc 3217:com.android.traceur/u0a24 for broadcast {com.android.traceur/com.android.traceur.Receiver}
06-12 13:45:52.851 1920 1920 I liblog : 57
06-12 13:45:52.854 1548 1866 I GameModeConfig: isGameModeOn = false
06-12 13:45:52.854 1548 1866 I GameModeConfig: isGameModeOn = false
06-12 13:45:52.854 1548 1866 I GameModeConfig: isGameModeOn = false
06-12 13:45:52.868 1548 1548 I Telecom : BluetoothDeviceManager: Got BluetoothHearingAid: android.bluetooth.BluetoothHearingAid@11a959f: BMSL.oSC@AAk
06-12 13:45:52.869 0 0 I [ 11.445438] binder: 3217:3217 ioctl 40046210 7fda4f17a4 returned -22
06-12 13:45:52.873 1548 2110 I am_proc_bound: [0,3217,com.android.traceur]
06-12 13:45:52.874 1548 2110 D CompatibilityChangeReporter: Compat change id reported: 168419799; UID 10024; state: DISABLED
06-12 13:45:52.875 1548 2110 I am_uid_active: 10024
06-12 13:45:52.878 1548 1621 D BluetoothManagerService: MESSAGE_BLUETOOTH_STATE_CHANGE: TURNING_ON > ON
06-12 13:45:52.878 1548 1621 D BluetoothManagerService: Broadcasting onBluetoothStateChange(true) to 10 receivers.
06-12 13:45:52.878 1548 1621 D BluetoothManagerService: Creating new ProfileServiceConnections object for profile: 1
06-12 13:45:52.881 1548 1621 W BluetoothManagerService: psc is not null in bindBluetoothProfileService
06-12 13:45:52.881 1548 1621 D BluetoothManagerService: Sending BLE State Change: TURNING_ON > ON
06-12 13:45:52.881 1548 2990 I am_uid_running: 10020
06-12 13:45:52.881 1548 2990 D CompatibilityChangeReporter: Compat change id reported: 135634846; UID 10020; state: DISABLED
06-12 13:45:52.881 1548 2990 D CompatibilityChangeReporter: Compat change id reported: 177438394; UID 10020; state: DISABLED
06-12 13:45:52.881 1548 2990 D CompatibilityChangeReporter: Compat change id reported: 135772972; UID 10020; state: DISABLED
06-12 13:45:52.881 1548 2990 D CompatibilityChangeReporter: Compat change id reported: 135754954; UID 10020; state: ENABLED
06-12 13:45:52.882 1548 1639 D CompatibilityChangeReporter: Compat change id reported: 143937733; UID 10020; state: ENABLED
06-12 13:45:52.882 1548 1621 D BluetoothManagerService: Sending State Change: TURNING_ON > ON
06-12 13:45:52.882 1548 1548 D CompanionDeviceManagerService: Received BT state transition broadcast: TURNING_ON -> ON
06-12 13:45:52.882 1548 1548 I CompanionDeviceManagerService: startBleScan()
06-12 13:45:52.889 1548 1639 I am_proc_start: [0,3249,10020,android.process.acore,content provider,{com.android.providers.contacts/com.android.providers.contacts.ContactsProvider2}]
06-12 13:45:52.889 1548 1639 I ActivityManager: Start proc 3249:android.process.acore/u0a20 for content provider {com.android.providers.contacts/com.android.providers.contacts.ContactsProvider2}
06-12 13:45:52.904 0 0 W [ 11.477802] QSEECOM: qseecom_load_app: App with id 9 (fingerpr) now loaded
06-12 13:45:52.904 0 0 I [ 11.479692] binder: 3249:3249 ioctl 40046210 7fda4f17a4 returned -22
06-12 13:45:52.905 1548 2990 I am_proc_bound: [0,3249,android.process.acore]
06-12 13:45:52.906 1548 2990 D CompatibilityChangeReporter: Compat change id reported: 168419799; UID 10020; state: DISABLED
06-12 13:45:52.908 1548 2990 I am_uid_active: 10020
06-12 13:45:52.942 1548 1918 D CountryDetector: The first listener is added
06-12 13:45:52.960 1548 1866 I GameModeConfig: isGameModeOn = false
06-12 13:45:52.960 1548 1866 I GameModeConfig: isGameModeOn = false
06-12 13:45:52.961 1548 1866 I GameModeConfig: isGameModeOn = false
06-12 13:45:52.961 1548 1866 I GameModeConfig: isGameModeOn = false
06-12 13:45:52.961 1548 1866 I GameModeConfig: isGameModeOn = false
06-12 13:45:52.961 1548 1866 I GameModeConfig: isGameModeOn = false
06-12 13:45:52.979 1548 1918 D CompatibilityChangeReporter: Compat change id reported: 168419799; UID 10060; state: DISABLED
06-12 13:45:52.983 2382 2382 E AndroidRuntime: FATAL EXCEPTION: main
06-12 13:45:52.983 2382 2382 E AndroidRuntime: Process: com.qualcomm.qti.devicestatisticsservice, PID: 2382
06-12 13:45:52.983 2382 2382 E AndroidRuntime: java.lang.NoClassDefFoundError: Failed resolution of: Landroid/hidl/manager/V1_0/IServiceNotification$Stub;
06-12 13:45:52.983 2382 2382 E AndroidRuntime: at com.qualcomm.qti.devicestatisticsservice.DeviceStatisticsService.onStartCommand(DeviceStatisticsService.java:83)
06-12 13:45:52.983 2382 2382 E AndroidRuntime: at android.app.ActivityThread.handleServiceArgs(ActivityThread.java:4640)
06-12 13:45:52.983 2382 2382 E AndroidRuntime: at android.app.ActivityThread.access$2000(ActivityThread.java:248)
06-12 13:45:52.983 2382 2382 E AndroidRuntime: at android.app.ActivityThread$H.handleMessage(ActivityThread.java:2092)
06-12 13:45:52.983 2382 2382 E AndroidRuntime: at android.os.Handler.dispatchMessage(Handler.java:106)
06-12 13:45:52.983 2382 2382 E AndroidRuntime: at android.os.Looper.loopOnce(Looper.java:201)
06-12 13:45:52.983 2382 2382 E AndroidRuntime: at android.os.Looper.loop(Looper.java:288)
06-12 13:45:52.983 2382 2382 E AndroidRuntime: at android.app.ActivityThread.main(ActivityThread.java:7880)
06-12 13:45:52.983 2382 2382 E AndroidRuntime: at java.lang.reflect.Method.invoke(Native Method)
06-12 13:45:52.983 2382 2382 E AndroidRuntime: at com.android.internal.os.RuntimeInit$MethodAndArgsCaller.run(RuntimeInit.java:548)
06-12 13:45:52.983 2382 2382 E AndroidRuntime: at com.android.internal.os.ZygoteInit.main(ZygoteInit.java:1009)
06-12 13:45:52.983 2382 2382 E AndroidRuntime: Caused by: java.lang.ClassNotFoundException: android.hidl.manager.V1_0.IServiceNotification$Stub
06-12 13:45:52.983 2382 2382 E AndroidRuntime: ... 11 more
06-12 13:45:52.984 1548 2990 I am_crash: [2382,0,com.qualcomm.qti.devicestatisticsservice,814235213,java.lang.ClassNotFoundException,android.hidl.manager.V1_0.IServiceNotification$Stub,DeviceStatisticsService.java,83]
06-12 13:45:52.989 1548 2990 I sysui_multi_action: [757,316,758,4,759,-1]
06-12 13:45:52.989 1548 3282 I DropBoxManagerService: add tag=system_app_crash isTagEnabled=true flags=0x2
06-12 13:45:52.989 1548 1548 E BootReceiver: Could not open /sys/kernel/tracing/instances/bootreceiver/trace_pipe
06-12 13:45:52.989 1548 1548 E BootReceiver: android.system.ErrnoException: open failed: ENOENT (No such file or directory)
06-12 13:45:52.989 1548 1548 E BootReceiver: at libcore.io.Linux.open(Native Method)
06-12 13:45:52.989 1548 1548 E BootReceiver: at libcore.io.ForwardingOs.open(ForwardingOs.java:567)
06-12 13:45:52.989 1548 1548 E BootReceiver: at libcore.io.BlockGuardOs.open(BlockGuardOs.java:273)
06-12 13:45:52.989 1548 1548 E BootReceiver: at android.system.Os.open(Os.java:501)
06-12 13:45:52.989 1548 1548 E BootReceiver: at com.android.server.BootReceiver.onReceive(BootReceiver.java:167)
06-12 13:45:52.989 1548 1548 E BootReceiver: at android.app.ActivityThread.handleReceiver(ActivityThread.java:4309)
06-12 13:45:52.989 1548 1548 E BootReceiver: at android.app.ActivityThread.access$1600(ActivityThread.java:248)
06-12 13:45:52.989 1548 1548 E BootReceiver: at android.app.ActivityThread$H.handleMessage(ActivityThread.java:2065)
06-12 13:45:52.989 1548 1548 E BootReceiver: at android.os.Handler.dispatchMessage(Handler.java:106)
06-12 13:45:52.989 1548 1548 E BootReceiver: at android.os.Looper.loopOnce(Looper.java:201)
06-12 13:45:52.989 1548 1548 E BootReceiver: at android.os.Looper.loop(Looper.java:288)
06-12 13:45:52.989 1548 1548 E BootReceiver: at com.android.server.SystemServer.run(SystemServer.java:909)
06-12 13:45:52.989 1548 1548 E BootReceiver: at com.android.server.SystemServer.main(SystemServer.java:616)
06-12 13:45:52.989 1548 1548 E BootReceiver: at java.lang.reflect.Method.invoke(Native Method)
06-12 13:45:52.989 1548 1548 E BootReceiver: at com.android.internal.os.RuntimeInit$MethodAndArgsCaller.run(RuntimeInit.java:548)
06-12 13:45:52.989 1548 1548 E BootReceiver: at com.android.internal.os.ZygoteInit.main(ZygoteInit.java:987)
06-12 13:45:52.990 1548 1638 I am_wtf : [0,1548,system_server,-1,BootReceiver,open failed: ENOENT (No such file or directory)]
06-12 13:45:52.990 1548 1638 I DropBoxManagerService: add tag=system_server_wtf isTagEnabled=true flags=0x2
06-12 13:45:52.992 1548 3283 I DropBoxManagerService: add tag=SYSTEM_BOOT isTagEnabled=true flags=0x2
06-12 13:45:52.992 1548 3283 I BootReceiver: Copying audit failures to DropBox
06-12 13:45:52.993 1548 3283 I BootReceiver: Checking for fsck errors
06-12 13:45:52.993 1548 3283 I BootReceiver: fs_stat, partition:dsp_a stat:0x3
06-12 13:45:52.993 1548 3283 I BootReceiver: fs_stat, partition:persist stat:0x40b
06-12 13:45:52.994 1548 3283 I commit_sys_config_file: [log-files,1]
06-12 13:45:52.995 1548 3283 I am_uid_active: 10022
06-12 13:45:53.005 1548 1866 I GameModeConfig: isGameModeOn = false
06-12 13:45:53.005 1548 1866 I GameModeConfig: isGameModeOn = false
06-12 13:45:53.005 1548 1866 I GameModeConfig: isGameModeOn = false
06-12 13:45:53.005 1548 1866 I GameModeConfig: isGameModeOn = false
06-12 13:45:53.005 1548 1866 I GameModeConfig: isGameModeOn = false
06-12 13:45:53.006 1548 1866 I GameModeConfig: isGameModeOn = false
06-12 13:45:53.013 1548 2990 I ActivityManager: Process com.qualcomm.qti.devicestatisticsservice (pid 2382) has died: pers PER
06-12 13:45:53.013 1548 2990 I am_proc_died: [0,2382,com.qualcomm.qti.devicestatisticsservice,-800,0]
06-12 13:45:53.013 1548 2990 W ActivityManager: Scheduling restart of crashed service com.qualcomm.qti.devicestatisticsservice/.DeviceStatisticsService in 0ms for persistent
06-12 13:45:53.013 1548 2990 I am_schedule_service_restart: [0,com.qualcomm.qti.devicestatisticsservice/.DeviceStatisticsService,0]
06-12 13:45:53.014 1548 2990 I am_uid_stopped: 10060
06-12 13:45:53.014 1548 2990 W ActivityManager: Re-adding persistent process ProcessRecord{144cf16 2382:com.qualcomm.qti.devicestatisticsservice/u0a60}
06-12 13:45:53.014 1548 2990 I am_uid_running: 10060
06-12 13:45:53.014 1548 2990 D CompatibilityChangeReporter: Compat change id reported: 135634846; UID 10060; state: DISABLED
06-12 13:45:53.014 1548 2990 D CompatibilityChangeReporter: Compat change id reported: 177438394; UID 10060; state: DISABLED
06-12 13:45:53.014 1548 2990 D CompatibilityChangeReporter: Compat change id reported: 135772972; UID 10060; state: DISABLED
06-12 13:45:53.014 1548 2990 D CompatibilityChangeReporter: Compat change id reported: 135754954; UID 10060; state: ENABLED
06-12 13:45:53.014 1548 2990 I am_uid_active: 10060
06-12 13:45:53.015 1548 1639 D CompatibilityChangeReporter: Compat change id reported: 143937733; UID 10060; state: ENABLED
06-12 13:45:53.017 1548 2990 D TelephonyRegistry: listen oscl: mHasNotifySubscriptionInfoChangedOccurred==false no callback
06-12 13:45:53.020 1548 1639 I am_proc_start: [0,3290,10060,com.qualcomm.qti.devicestatisticsservice,restart,com.qualcomm.qti.devicestatisticsservice]
06-12 13:45:53.020 1548 1639 I ActivityManager: Start proc 3290:com.qualcomm.qti.devicestatisticsservice/u0a60 for restart com.qualcomm.qti.devicestatisticsservice
06-12 13:45:53.024 1548 1918 D CompatibilityChangeReporter: Compat change id reported: 135634846; UID 1000; state: DISABLED
06-12 13:45:53.025 1548 1918 D CompatibilityChangeReporter: Compat change id reported: 177438394; UID 1000; state: DISABLED
06-12 13:45:53.025 1548 1918 D CompatibilityChangeReporter: Compat change id reported: 135772972; UID 1000; state: DISABLED
06-12 13:45:53.025 1548 1918 D CompatibilityChangeReporter: Compat change id reported: 135754954; UID 1000; state: ENABLED
06-12 13:45:53.027 0 0 I [ 11.600856] binder: 3006:3292 ioctl 40046210 6cf956c604 returned -22
06-12 13:45:53.031 1548 1639 I am_proc_start: [0,3302,1000,com.qti.diagservices,broadcast,{com.qti.diagservices/com.qti.diagservices.Diag_OnBoot}]
06-12 13:45:53.031 1548 1639 I ActivityManager: Start proc 3302:com.qti.diagservices/1000 for broadcast {com.qti.diagservices/com.qti.diagservices.Diag_OnBoot}
06-12 13:45:53.037 0 0 I [ 11.611521] binder: 3290:3290 ioctl 40046210 7fda4f17a4 returned -22
06-12 13:45:53.039 1548 1918 I am_proc_bound: [0,3290,com.qualcomm.qti.devicestatisticsservice]
06-12 13:45:53.043 0 0 I [ 11.619759] binder: 3302:3302 ioctl 40046210 7fda4f17a4 returned -22
06-12 13:45:53.044 1548 1918 I am_proc_bound: [0,3302,com.qti.diagservices]
06-12 13:45:53.052 0 0 W [ 11.629096] QSEECOM: __qseecom_unload_app: App (9) is unloaded
06-12 13:45:53.052 0 0 D [ 11.629411] qbt: qbt_release: entry minor_no=0 fd_available=0
06-12 13:45:53.052 0 0 D [ 11.629412] qbt: qbt_release: Releasing wakelock
06-12 13:45:53.052 0 0 D [ 11.629413] qbt: qbt_release: exit : fd_available=1
06-12 13:45:53.052 0 0 D [ 11.629414] qbt: qbt_release: entry minor_no=1 fd_available=1
06-12 13:45:53.052 0 0 D [ 11.629415] qbt: qbt_release: exit : fd_available=1
06-12 13:45:53.052 1548 1548 D Fingerprint21: handleError, client: FingerprintInternalCleanupClient, error: 2, vendorCode: 0
06-12 13:45:53.052 1548 1548 E Fingerprint21: onError for non-error consumer: FingerprintInternalCleanupClient
06-12 13:45:53.061 1548 1635 I am_meminfo: [260726784,3991904256,12288,311783424,1462392832]
06-12 13:45:53.069 1548 1635 I am_pss : [1920,1002,com.android.bluetooth,38968320,31899648,0,146550784,2,0,7]
06-12 13:45:53.074 1548 1635 I am_pss : [2433,10062,com.thundercomm.gamemode.provider,8099840,5677056,0,95543296,2,5,4]
06-12 13:45:53.080 1548 1635 I am_pss : [2426,10091,android.ext.services,10139648,4968448,0,103612416,2,5,5]
06-12 13:45:53.085 1548 1635 I am_pss : [2565,10079,com.qualcomm.qti.qccauthmgr,6719488,4235264,0,95367168,2,5,5]
06-12 13:45:53.088 3302 3302 W ContextImpl: Calling a method in the system process without a qualified user: android.app.ContextImpl.startService:1816 android.content.ContextWrapper.startService:774 android.content.ContextWrapper.startService:774 com.qti.diagservices.Diag_OnBoot.onReceive:40 android.app.ActivityThread.handleReceiver:4309
06-12 13:45:53.092 1548 1635 I am_pss : [2555,10072,com.android.launcher3,19708928,16134144,0,113930240,2,5,5]
06-12 13:45:53.098 1548 1635 I am_pss : [2399,1000,com.qualcomm.qti.qdma,11294720,7335936,0,106778624,2,0,5]
06-12 13:45:53.098 1548 1623 I wm_task_removed: [2,cleanUpResourcesForDestroy]
06-12 13:45:53.098 1548 1623 I wm_task_removed: [1,removeChild:removeChild last r=Task{4241f33 #2 type=home A=1000:com.android.settings.FallbackHome U=0 visible=false mode=fullscreen translucent=true sz=0 visible freeform task=true rootAffinity=1000:com.android.settings.FallbackHome isMini=false} in t=Task{8d6c904 #1 type=home ?? U=0 visible=true mode=fullscreen translucent=true sz=0 visible freeform task=true rootAffinity=null isMini=false}]
06-12 13:45:53.098 1548 1623 I wm_task_removed: [1,removeChild]
06-12 13:45:53.099 1548 1623 I wm_task_removed: [2,removeChild:removeChild last r=ActivityRecord{d36c6a2 u0 com.android.settings/.FallbackHome taskAffinity=1000:com.android.settings.FallbackHome t-1 f}} in t=Task{4241f33 #2 type=home A=1000:com.android.settings.FallbackHome U=0 visible=false mode=fullscreen translucent=true sz=0 visible freeform task=true rootAffinity=1000:com.android.settings.FallbackHome isMini=false}]
06-12 13:45:53.099 1548 1623 I wm_task_removed: [2,removeChild]
06-12 13:45:53.100 1548 1623 W ActivityTaskManager: Can't find TaskDisplayArea to determine support for multi window. Task id=1 attached=false
06-12 13:45:53.100 1548 1623 W ActivityTaskManager: Can't find TaskDisplayArea to determine support for multi window. Task id=1 attached=false
06-12 13:45:53.095 3302 3302 I auditd : type=1400 audit(0.0:173): avc: denied { read write } for comm="ti.diagservices" name="diag" dev="tmpfs" ino=12425 scontext=u:r:system_app:s0 tcontext=u:object_r:vendor_diag_device:s0 tclass=chr_file permissive=0
06-12 13:45:53.103 1548 1635 I am_pss : [2360,1000,com.thundercomm.tcservice,10531840,8138752,0,98398208,2,0,5]
06-12 13:45:53.109 1548 1635 I am_pss : [2336,1000,com.thundercomm.remotecontrolservice,9785344,6909952,0,101429248,2,0,5]
06-12 13:45:53.114 1548 1635 I am_pss : [2296,10083,com.qti.qualcomm.mstatssystemservice,5867520,3756032,0,90398720,2,0,4]
06-12 13:45:53.119 1548 1635 I am_pss : [2290,1000,vendor.qti.qesdk.sysservice,5968896,3739648,0,92135424,2,0,4]
06-12 13:45:53.124 1548 1635 I am_pss : [2301,1068,com.android.se,6255616,4067328,0,92155904,2,0,4]
06-12 13:45:53.129 1548 1635 I am_pss : [2238,1000,com.thundercomm.tcsetupwizard,7409664,5308416,0,91983872,2,0,5]
06-12 13:45:53.135 1548 1635 I am_pss : [2203,1000,com.thundercomm.tchttpserver,7542784,5443584,0,92086272,2,0,5]
06-12 13:45:53.140 1548 1635 I am_pss : [2212,1000,com.tc.logclient,6835200,4734976,0,91414528,2,0,4]
06-12 13:45:53.145 1548 1635 I am_pss : [2168,1001,.dataservices,8681472,6381568,0,94851072,2,0,4]
06-12 13:45:53.151 1548 1635 I am_pss : [2173,10051,.qtidataservices,6321152,4169728,0,91766784,2,0,4]
