06-12 13:45:53.157 1548 1635 I am_pss : [2134,1000,com.thundercomm.microservice,8631296,6410240,0,94633984,2,0,4]
06-12 13:45:53.163 1548 1635 I am_pss : [2145,1000,com.thundercomm.microsettings,31759360,28360704,0,121806848,2,0,5]
06-12 13:45:53.168 1548 1635 I am_pss : [2087,1000,com.thundercomm.gamemode,8725504,6492160,0,94928896,2,0,5]
06-12 13:45:53.171 0 0 I : [ 11.744344] IRQ 5: no longer affine to CPU7
06-12 13:45:53.174 1548 1635 I am_pss : [2023,1073,com.android.networkstack.process,11768832,8818688,0,103084032,2,0,5]
06-12 13:45:53.185 1548 1635 I am_pss : [1936,10077,com.android.systemui,182671360,158932992,0,331526144,2,1,9]
06-12 13:45:53.199 1548 1548 D MicroServiceManager: add linkToDeath
06-12 13:45:53.199 1548 1548 D MicroServiceManager: bindMicroService: called already get service
06-12 13:45:53.202 1548 1635 I am_pss : [1548,1000,system,209890304,109850624,0,516755456,2,0,15]
06-12 13:45:53.677 0 0 W [ 12.252683] cnss-daemon: DMS thread joined succesfully
06-12 13:45:53.677 0 0 W [ 12.252710] cnss-daemon: wlfw_stop: Stop done: 0
06-12 13:45:53.677 0 0 W [ 12.252723] cnss-daemon: wlfw_start: Starting
06-12 13:45:53.677 0 0 W [ 12.252959] cnss-daemon: wlfw_service_request: Start the pthread: 0x0K
06-12 13:45:53.677 0 0 W [ 12.253987] cnss-daemon: ro.baseband : [apq]
06-12 13:45:53.685 0 0 W [ 12.254020] cnss-daemon: Hardware supports external modem
06-12 13:45:53.685 0 0 W [ 12.259897] cnss-daemon: pm_release_vote: pm_handle is NULL
06-12 13:45:53.685 0 0 W [ 12.259924] cnss-daemon: pm_release_vote: pm_handle is NULL
06-12 13:45:53.685 0 0 W [ 12.260003] cnss-daemon: wlfw_build_cal_table: not read /data/vendor/wifi/wlfw_cal_00.bin
06-12 13:45:53.691 0 0 W [ 12.261143] cnss-daemon: wlfw_build_cal_table: not read /data/vendor/wifi/wlfw_cal_02.bin
06-12 13:45:53.691 0 0 D [ 12.267830] cnss: Received QMI WLFW request memory indication
06-12 13:45:53.691 0 0 D [ 12.267837] cnss: FW requests for memory, size: 0x5e0000, type: 1
06-12 13:45:53.691 0 0 D [ 12.267841] cnss: FW requests for memory, size: 0xd8000, type: 4
06-12 13:45:53.691 0 0 D [ 12.267845] cnss: Posting event: REQUEST_MEM(2), state: 0x11 flags: 0x0
06-12 13:45:53.691 0 0 D [ 12.267851] cnss: PM stay awake, state: 0x11, count: 1
06-12 13:45:53.691 0 0 D [ 12.267872] cnss: PM relax, state: 0x11, count: 0
06-12 13:45:53.691 0 0 D [ 12.267879] cnss: PM stay awake, state: 0x11, count: 1
06-12 13:45:53.691 0 0 D [ 12.267884] cnss: Processing driver event: REQUEST_MEM(2), state: 0x11
06-12 13:45:53.691 0 0 D [ 12.267889] cnss: Sending respond memory message, state: 0x11
06-12 13:45:53.691 0 0 D [ 12.267895] cnss: Memory for FW, va: 0x0000000000000000, pa: 0x00000000a1000000, size: 0x5e0000, type: 1
06-12 13:45:53.691 0 0 D [ 12.267901] cnss: Memory for FW, va: 0x0000000000000000, pa: 0x00000000a1600000, size: 0xd8000, type: 4
06-12 13:45:53.695 0 0 D [ 12.271153] cnss: PM relax, state: 0x11, count: 0
06-12 13:45:53.699 0 0 D [ 12.272536] cnss: Received QMI WLFW FW memory ready indication
06-12 13:45:53.699 0 0 D [ 12.272541] cnss: Posting event: FW_MEM_READY(3), state: 0x11 flags: 0x0
06-12 13:45:53.699 0 0 D [ 12.272546] cnss: PM stay awake, state: 0x11, count: 1
06-12 13:45:53.699 0 0 D [ 12.272564] cnss: PM relax, state: 0x11, count: 0
06-12 13:45:53.699 0 0 D [ 12.272570] cnss: PM stay awake, state: 0x11, count: 1
06-12 13:45:53.699 0 0 D [ 12.272574] cnss: Processing driver event: FW_MEM_READY(3), state: 0x11
06-12 13:45:53.699 0 0 D [ 12.272578] cnss: Sending target capability message, state: 0x13
06-12 13:45:53.706 0 0 D [ 12.283379] cnss: Voltage for CPR: 948mV
06-12 13:45:53.706 0 0 D [ 12.283386] cnss: Update TCS CMD data address 0x000000000b2e5844 with voltage 950mV
06-12 13:45:53.706 0 0 D [ 12.283391] cnss: Device frequency is 24000000 HZ
06-12 13:45:53.706 0 0 D [ 12.283397] cnss: Target capability: chip_id: 0x0, chip_family: 0xb, board_id: 0xff, soc_id: 0xffffffff, fw_version: 0x101a0521, fw_build_timestamp: 2021-12-20 07:54, fw_build_id: QC_IMAGE_VERSION_STRING=WLAN.HST.1.0.1.r1-01313-QCAHSTSWPL_SILICONZ-1, otp_version: 0x480020
06-12 13:45:53.706 0 0 D [ 12.283404] cnss: Sending BDF download message, state: 0x13, type: 4
06-12 13:45:53.706 0 0 D [ 12.283411] cnss: FW name added with prefix: qca6390/regdb.bin
06-12 13:45:53.706 0 0 W : [ 12.283458] cnss2 b0000000.qcom,cnss-qca6390: Falling back to syfs fallback for: qca6390/regdb.bin
06-12 13:45:53.715 0 0 I [ 12.288815] ueventd: firmware: loading 'qca6390/regdb.bin' for '/devices/platform/soc/b0000000.qcom,cnss-qca6390/firmware/qca6390!regdb.bin'
06-12 13:45:53.715 0 0 E [ 12.289729] ueventd: firmware: could not find firmware for qca6390/regdb.bin
06-12 13:45:53.715 0 0 E [ 12.289749] ueventd: firmware: attempted /etc/firmware/qca6390/regdb.bin, open failed: No such file or directory
06-12 13:45:53.715 0 0 E [ 12.289762] ueventd: firmware: attempted /odm/firmware/qca6390/regdb.bin, open failed: No such file or directory
06-12 13:45:53.715 0 0 E [ 12.289774] ueventd: firmware: attempted /vendor/firmware/qca6390/regdb.bin, open failed: No such file or directory
06-12 13:45:53.715 0 0 E [ 12.289786] ueventd: firmware: attempted /firmware/image/qca6390/regdb.bin, open failed: No such file or directory
06-12 13:45:53.715 0 0 E [ 12.289807] ueventd: firmware: attempted /vendor/firmware_mnt/image/qca6390/regdb.bin, open failed: No such file or directory
06-12 13:45:53.715 0 0 I [ 12.289879] ueventd: loading /devices/platform/soc/b0000000.qcom,cnss-qca6390/firmware/qca6390!regdb.bin took 1ms
06-12 13:45:53.715 0 0 E [ 12.290115] cnss: Failed to load BDF: qca6390/regdb.bin
06-12 13:45:53.715 0 0 D [ 12.290125] cnss: Sending BDF download message, state: 0x13, type: 1
06-12 13:45:53.715 0 0 D [ 12.290131] cnss: FW name added with prefix: qca6390/bdwlan.elf
06-12 13:45:53.715 0 0 W : [ 12.290165] cnss2 b0000000.qcom,cnss-qca6390: Falling back to syfs fallback for: qca6390/bdwlan.elf
06-12 13:45:53.718 531 531 I vold : Bind mounting /mnt/runtime/default/emulated/0/Android/data on /mnt/user/0/emulated/0/Android/data
06-12 13:45:53.720 531 531 I vold : Bind mounted /mnt/runtime/default/emulated/0/Android/data on /mnt/user/0/emulated/0/Android/data
06-12 13:45:53.720 531 531 I vold : Bind mounting /mnt/runtime/default/emulated/0/Android/obb on /mnt/user/0/emulated/0/Android/obb
06-12 13:45:53.721 0 0 D [ 12.297409] cnss: Downloading BDF: qca6390/bdwlan.elf, size: 57908
06-12 13:45:53.721 531 531 I vold : Bind mounted /mnt/runtime/default/emulated/0/Android/obb on /mnt/user/0/emulated/0/Android/obb
06-12 13:45:53.721 531 531 I vold : Bind mounting /mnt/runtime/write/emulated/0/Android/obb on /mnt/installer/0/emulated/0/Android/obb
06-12 13:45:53.721 531 531 I vold : Bind mounted /mnt/runtime/write/emulated/0/Android/obb on /mnt/installer/0/emulated/0/Android/obb
06-12 13:45:53.721 531 531 I vold : Configuring read_ahead of /mnt/user/0/emulated fuse filesystem to 256kb
06-12 13:45:53.721 531 531 I vold : Writing 256 to /sys/class/bdi/0:79/read_ahead_kb
06-12 13:45:53.721 531 531 I vold : Configuring max_ratio of /mnt/user/0/emulated fuse filesystem to 40
06-12 13:45:53.721 531 531 I vold : Writing 40 to /sys/class/bdi/0:79/max_ratio
06-12 13:45:53.722 1548 1842 I StorageManagerService: Mounted volume VolumeInfo{emulated;0}:
06-12 13:45:53.722 1548 1842 I StorageManagerService: type=EMULATED diskId=null partGuid= mountFlags=PRIMARY|VISIBLE
06-12 13:45:53.722 1548 1842 I StorageManagerService: mountUserId=0 state=MOUNTED
06-12 13:45:53.722 1548 1842 I StorageManagerService: fsType=null fsUuid=null fsLabel=null
06-12 13:45:53.722 1548 1842 I StorageManagerService: path=/storage/emulated internalPath=/data/media
06-12 13:45:53.723 1548 1842 I service_manager_stats: [700,423,5170]
06-12 13:45:53.723 1548 1842 I StorageSessionController: Notifying volume state changed for session with id: emulated;0
06-12 13:45:53.728 1548 1842 I StorageSessionController: Notifying volume state changed for session with id: emulated;0
06-12 13:45:53.731 1548 1842 I StorageSessionController: Notifying volume state changed for session with id: emulated;0
06-12 13:45:53.737 1548 2054 D CompatibilityChangeReporter: Compat change id reported: 168419799; UID 10090; state: DISABLED
06-12 13:45:53.741 1548 1842 D StorageManagerService: Volume emulated;0 broadcasting mounted to UserHandle{0}
06-12 13:45:53.742 1548 1842 D StorageManagerService: Volume emulated;0 broadcasting mounted to UserHandle{0}
06-12 13:45:53.767 0 0 D [ 12.341920] cnss: Sending M3 information message, state: 0x13
06-12 13:45:53.767 0 0 D [ 12.341929] cnss: M3 memory, va: 0x0000000000000000, pa: 0x00000000a1800000, size: 0x411bc
06-12 13:45:53.771 0 0 D [ 12.346233] cnss: Received QMI WLFW FW initialization done indication
06-12 13:45:53.771 0 0 D [ 12.346242] cnss: Posting event: FW_READY(4), state: 0x13 flags: 0x0
06-12 13:45:53.771 0 0 D [ 12.346621] cnss: Processing driver event: FW_READY(4), state: 0x13
06-12 13:45:53.771 0 0 D [ 12.346627] cnss: PCIE Gen speed not setup
06-12 13:45:53.776 1548 2998 D CompatibilityChangeReporter: Compat change id reported: 149924527; UID 10090; state: ENABLED
06-12 13:45:53.776 1548 2998 D CompatibilityChangeReporter: Compat change id reported: 132649864; UID 10090; state: DISABLED
06-12 13:45:53.776 1548 2998 D CompatibilityChangeReporter: Compat change id reported: 182734110; UID 10090; state: DISABLED
06-12 13:45:53.779 0 0 W : [ 12.354264] (NULL device *): Falling back to syfs fallback for: wlan/qca_cld/qca6390/WCNSS_qcom_cfg.ini
06-12 13:45:53.795 0 0 I [ 12.370969] [kworke][0x113736df][13: 45:53.794013] wlan: [80:I:HDD] hdd_pm_qos_add_request: 9360: Set cpu_mask 0f for affine_cores
06-12 13:45:53.795 0 0 I [ 12.370978] [kworke][0x113737d0][13: 45:53.794026] wlan: [80:I:HDD] hdd_pm_qos_add_request: 9362: Set cpu_mask 0f for affine_cores
06-12 13:45:53.795 0 0 D [ 12.371022] cnss: Sending ini sync request, state: 0x17, fw_log_mode: 1
06-12 13:45:53.801 0 0 I [ 12.378472] [kworke][0x1139696e][13: 45:53.801514] wlan: [80:I:HIF] Initializing Runtime PM wakelock &sc->prevent_linkdown_lock
06-12 13:45:53.801 0 0 I [ 12.378486] [kworke][0x11396ae4][13: 45:53.801533] wlan: [80:I:HIF] hif_pci_enable_bus: con_mode = 0x0, WLAN_SOC_device_id = 0x1101
06-12 13:45:53.801 0 0 I [ 12.378511] [kworke][0x11396cbf][13: 45:53.801558] wlan: [80:I:HIF] hif_pci_enable_bus: hif_enable_pci done
06-12 13:45:53.803 0 0 I [ 12.378673] [kworke][0x113978e8][13: 45:53.801720] wlan: [80:I:HIF] *********** QCA6390 *************
06-12 13:45:53.803 0 0 I : [ 12.378673]
06-12 13:45:53.803 0 0 I [ 12.378679] [kworke][0x1139795f][13: 45:53.801726] wlan: [80:I:HIF] hif_pci_enable_bus: hif_type = 0x12, target_type = 0x17
06-12 13:45:53.803 0 0 I [ 12.378702] [kworke][0x113979d9][13: 45:53.801733] wlan: [80:I:HIF] hif_register_tbl_attach: HIF_TYPE_QCA6390
06-12 13:45:53.803 0 0 I [ 12.378708] [kworke][0x11397b91][13: 45:53.801756] wlan: [80:I:HIF] hif_target_register_tbl_attach: TARGET_TYPE_QCA6390
06-12 13:45:53.803 0 0 I [ 12.378714] [kworke][0x11397c00][13: 45:53.801761] wlan: [80:I:HIF] hif_pci_enable_bus:Skip tgt_wake up for srng devices
06-12 13:45:53.803 0 0 I : [ 12.378714]
06-12 13:45:53.803 0 0 E [ 12.379102] [kworke][0x11399913][13: 45:53.802149] wlan: [80:E:TXRX] hif_print_hal_shadow_register_cfg: num_config 28
06-12 13:45:53.803 0 0 I [ 12.379116] [kworke][0x11399a24][13: 45:53.802163] wlan: [80:I:TXRX] hif_print_hal_shadow_register_cfg: i 0, val a3b034
06-12 13:45:53.803 0 0 I [ 12.379121] [kworke][0x11399a92][13: 45:53.802169] wlan: [80:I:TXRX] hif_print_hal_shadow_register_cfg: i 1, val a3b03c
06-12 13:45:53.803 0 0 I [ 12.379133] [kworke][0x11399afc][13: 45:53.802175] wlan: [80:I:TXRX] hif_print_hal_shadow_register_cfg: i 2, val a3b044
06-12 13:45:53.803 0 0 I [ 12.379139] [kworke][0x11399be5][13: 45:53.802187] wlan: [80:I:TXRX] hif_print_hal_shadow_register_cfg: i 3, val a3b04c
06-12 13:45:53.803 0 0 I [ 12.379145] [kworke][0x11399c53][13: 45:53.802193] wlan: [80:I:TXRX] hif_print_hal_shadow_register_cfg: i 4, val a3b054
06-12 13:45:53.803 0 0 I [ 12.379150] [kworke][0x11399cbc][13: 45:53.802198] wlan: [80:I:TXRX] hif_print_hal_shadow_register_cfg: i 5, val a3b028
06-12 13:45:53.803 0 0 I [ 12.379156] [kworke][0x11399d23][13: 45:53.802203] wlan: [80:I:TXRX] hif_print_hal_shadow_register_cfg: i 6, val a3b020
06-12 13:45:53.803 0 0 I [ 12.379161] [kworke][0x11399d8a][13: 45:53.802209] wlan: [80:I:TXRX] hif_print_hal_shadow_register_cfg: i 7, val a3b06c
06-12 13:45:53.803 0 0 I [ 12.379166] [kworke][0x11399deb][13: 45:53.802214] wlan: [80:I:TXRX] hif_print_hal_shadow_register_cfg: i 8, val a46000
06-12 13:45:53.803 0 0 I [ 12.379171] [kworke][0x11399e4d][13: 45:53.802219] wlan: [80:I:TXRX] hif_print_hal_shadow_register_cfg: i 9, val a46008
06-12 13:45:53.803 0 0 I [ 12.379176] [kworke][0x11399eb0][13: 45:53.802224] wlan: [80:I:TXRX] hif_print_hal_shadow_register_cfg: i 10, val a46010
06-12 13:45:53.803 0 0 I [ 12.379181] [kworke][0x11399f14][13: 45:53.802229] wlan: [80:I:TXRX] hif_print_hal_shadow_register_cfg: i 11, val a46018
06-12 13:45:53.803 0 0 I [ 12.379187] [kworke][0x11399f78][13: 45:53.802234] wlan: [80:I:TXRX] hif_print_hal_shadow_register_cfg: i 12, val a46034
06-12 13:45:53.803 0 0 I [ 12.379192] [kworke][0x11399fde][13: 45:53.802240] wlan: [80:I:TXRX] hif_print_hal_shadow_register_cfg: i 13, val a370b0
06-12 13:45:53.803 0 0 I [ 12.379197] [kworke][0x1139a042][13: 45:53.802245] wlan: [80:I:TXRX] hif_print_hal_shadow_register_cfg: i 14, val a37018
06-12 13:45:53.803 0 0 I [ 12.379202] [kworke][0x1139a0a8][13: 45:53.802250] wlan: [80:I:TXRX] hif_print_hal_shadow_register_cfg: i 15, val a370c4
06-12 13:45:53.803 0 0 I [ 12.379207] [kworke][0x1139a10d][13: 45:53.802255] wlan: [80:I:TXRX] hif_print_hal_shadow_register_cfg: i 16, val a370cc
06-12 13:45:53.803 0 0 I [ 12.379213] [kworke][0x1139a16f][13: 45:53.802261] wlan: [80:I:TXRX] hif_print_hal_shadow_register_cfg: i 17, val a370d4
06-12 13:45:53.803 0 0 I [ 12.379218] [kworke][0x1139a1d3][13: 45:53.802266] wlan: [80:I:TXRX] hif_print_hal_shadow_register_cfg: i 18, val a370dc
06-12 13:45:53.803 0 0 I [ 12.379223] [kworke][0x1139a236][13: 45:53.802271] wlan: [80:I:TXRX] hif_print_hal_shadow_register_cfg: i 19, val a00400
06-12 13:45:53.803 0 0 I [ 12.379234] [kworke][0x1139a299][13: 45:53.802276] wlan: [80:I:TXRX] hif_print_hal_shadow_register_cfg: i 20, val a03400
06-12 13:45:53.803 0 0 I [ 12.379240] [kworke][0x1139a37b][13: 45:53.802288] wlan: [80:I:TXRX] hif_print_hal_shadow_register_cfg: i 21, val a0340c
06-12 13:45:53.803 0 0 I [ 12.379246] [kworke][0x1139a3e6][13: 45:53.802294] wlan: [80:I:TXRX] hif_print_hal_shadow_register_cfg: i 22, val a05400
06-12 13:45:53.803 0 0 I [ 12.379251] [kworke][0x1139a450][13: 45:53.802299] wlan: [80:I:TXRX] hif_print_hal_shadow_register_cfg: i 23, val a0540c
06-12 13:45:53.803 0 0 I [ 12.379257] [kworke][0x1139a4b7][13: 45:53.802304] wlan: [80:I:TXRX] hif_print_hal_shadow_register_cfg: i 24, val a06400
06-12 13:45:53.803 0 0 I [ 12.379262] [kworke][0x1139a51d][13: 45:53.802310] wlan: [80:I:TXRX] hif_print_hal_shadow_register_cfg: i 25, val a08400
06-12 13:45:53.803 0 0 I [ 12.379267] [kworke][0x1139a583][13: 45:53.802315] wlan: [80:I:TXRX] hif_print_hal_shadow_register_cfg: i 26, val a0b400
06-12 13:45:53.803 0 0 I [ 12.379272] [kworke][0x1139a5ea][13: 45:53.802320] wlan: [80:I:TXRX] hif_print_hal_shadow_register_cfg: i 27, val a0b40c
06-12 13:45:53.803 0 0 D [ 12.379278] cnss: Mode: 0, config: 0000000000000000, host_version: 5.2.022.10G
06-12 13:45:53.803 0 0 D [ 12.379283] cnss: Sending WLAN config message, state: 0x17
06-12 13:45:53.805 0 0 D [ 12.380824] cnss: Sending mode message, mode: MISSION(0), state: 0x17
06-12 13:45:53.830 0 0 D [ 12.404150] cnss: Received QMI WLFW pin connect result indication
06-12 13:45:53.831 0 0 D [ 12.404157] cnss: Pin connect Result: pwr_pin: 0x1 phy_io_pin: 0x0 rf_io_pin: 0x0
06-12 13:45:53.831 0 0 D [ 12.404191] cnss: Assign MSI to user: CE, num_vectors: 10, user_base_data: 803, base_vector: 3
06-12 13:45:53.831 0 0 I [ 12.404292] [kworke][0x1140fa5c][13: 45:53.827340] wlan: [80:I:HIF] ce_srng_dest_ring_setup: ce_id 1
06-12 13:45:53.831 0 0 D [ 12.404295] cnss: Assign MSI to user: CE, num_vectors: 10, user_base_data: 803, base_vector: 3
06-12 13:45:53.831 0 0 I [ 12.404417] [kworke][0x114103c0][13: 45:53.827465] wlan: [80:I:HIF] ce_srng_status_ring_setup: ce_id 1
06-12 13:45:53.831 0 0 D [ 12.404420] cnss: Assign MSI to user: CE, num_vectors: 10, user_base_data: 803, base_vector: 3
06-12 13:45:53.831 0 0 I [ 12.404503] [kworke][0x11410a31][13: 45:53.827551] wlan: [80:I:HIF] ce_srng_dest_ring_setup: ce_id 2
06-12 13:45:53.831 0 0 D [ 12.404505] cnss: Assign MSI to user: CE, num_vectors: 10, user_base_data: 803, base_vector: 3
06-12 13:45:53.831 0 0 I [ 12.404598] [kworke][0x11411155][13: 45:53.827646] wlan: [80:I:HIF] ce_srng_status_ring_setup: ce_id 2
06-12 13:45:53.831 0 0 D [ 12.404601] cnss: Assign MSI to user: CE, num_vectors: 10, user_base_data: 803, base_vector: 3
06-12 13:45:53.831 0 0 D [ 12.404678] cnss: Assign MSI to user: CE, num_vectors: 10, user_base_data: 803, base_vector: 3
06-12 13:45:53.831 0 0 I [ 12.404839] [kworke][0x1141235e][13: 45:53.827886] wlan: [80:I:HIF] ce_srng_dest_ring_setup: ce_id 5
06-12 13:45:53.831 0 0 D [ 12.404841] cnss: Assign MSI to user: CE, num_vectors: 10, user_base_data: 803, base_vector: 3
06-12 13:45:53.831 0 0 I [ 12.404936] [kworke][0x11412ab0][13: 45:53.827984] wlan: [80:I:HIF] ce_srng_status_ring_setup: ce_id 5
06-12 13:45:53.831 0 0 D [ 12.404939] cnss: Assign MSI to user: CE, num_vectors: 10, user_base_data: 803, base_vector: 3
06-12 13:45:53.831 0 0 I [ 12.405023] [kworke][0x1141312e][13: 45:53.828071] wlan: [80:I:HIF] hif_configure_irq: E
06-12 13:45:53.831 0 0 D [ 12.405027] cnss: Assign MSI to user: WAKE, num_vectors: 1, user_base_data: 813, base_vector: 13
06-12 13:45:53.831 0 0 D [ 12.405032] cnss: Get IRQ number 364 for vector index 13
06-12 13:45:53.831 0 0 D [ 12.405078] cnss: Assign MSI to user: CE, num_vectors: 10, user_base_data: 803, base_vector: 3
06-12 13:45:53.831 0 0 D [ 12.405082] cnss: Get IRQ number 354 for vector index 3
06-12 13:45:53.831 0 0 D [ 12.405107] cnss: Get IRQ number 355 for vector index 4
06-12 13:45:53.831 0 0 D [ 12.405130] cnss: Get IRQ number 356 for vector index 5
06-12 13:45:53.831 0 0 D [ 12.405155] cnss: Get IRQ number 357 for vector index 6
06-12 13:45:53.831 0 0 D [ 12.405178] cnss: Get IRQ number 359 for vector index 8
06-12 13:45:53.831 0 0 D [ 12.405202] cnss: Get IRQ number 360 for vector index 9
06-12 13:45:53.831 0 0 D [ 12.405225] cnss: Get IRQ number 362 for vector index 11
06-12 13:45:53.831 0 0 E [ 12.405357] [kworke][0x11414a17][13: 45:53.828403] wlan: [80:E:mlme] mlme_init_reg_cfg: 2374: null pdev
06-12 13:45:53.831 0 0 E [ 12.405402] [kworke][0x11414d99][13: 45:53.828449] wlan: [80:E:WMI] WMI handle is NULL
06-12 13:45:53.831 0 0 I [ 12.405426] [kworke][0x11414f66][13: 45:53.828473] wlan: [80:I:HIF] Initializing Runtime PM wakelock &p2p_soc_obj->roc_runtime_lock
06-12 13:45:53.831 0 0 D [ 12.405441] cnss: Platform cap_flag is 0x4
06-12 13:45:53.831 0 0 E [ 12.405450] [kworke][0x11415135][13: 45:53.828498] wlan: [80:E:QDF] cds_get_context: 1486: Module ID 66 context is Null
06-12 13:45:53.832 0 0 E [ 12.407062] [kworke][0x1141c9f2][13: 45:53.830107] wlan: [80:E:QDF] cds_get_context: 1486: Module ID 66 context is Null
06-12 13:45:53.839 0 0 I [ 12.414518] [kworke][0x1143f8c4][13: 45:53.837559] wlan: [80:I:HIF] Initializing Runtime PM wakelock &psoc_wakelock->wmi_cmd_rsp_runtime_lock
06-12 13:45:53.839 0 0 F [ 12.414675] [kworke][0x11440501][13: 45:53.837722] wlan: [80:F:WMA] WMA --> wmi_unified_attach - success
06-12 13:45:53.839 0 0 I [ 12.414951] [kworke][0x114419aa][13: 45:53.837997] wlan: [80:I:HIF] Initializing Runtime PM wakelock &vdev->vdev_set_key_runtime_wakelock
06-12 13:45:53.839 0 0 I [ 12.415205] [kworke][0x11442cb1][13: 45:53.838251] wlan: [80:I:HIF] Initializing Runtime PM wakelock &vdev->vdev_set_key_runtime_wakelock
06-12 13:45:53.839 0 0 I [ 12.415453] [kworke][0x11443f53][13: 45:53.838499] wlan: [80:I:HIF] Initializing Runtime PM wakelock &vdev->vdev_set_key_runtime_wakelock
06-12 13:45:53.839 0 0 I [ 12.415957] [kworke][0x11445176][13: 45:53.838741] wlan: [80:I:HIF] Initializing Runtime PM wakelock &vdev->vdev_set_key_runtime_wakelock
06-12 13:45:53.843 0 0 I [ 12.416423] [kworke][0x1144880b][13: 45:53.839469] wlan: [80:I:HIF] Initializing Runtime PM wakelock &vdev->vdev_set_key_runtime_wakelock
06-12 13:45:53.843 0 0 I [ 12.416683] [kworke][0x11449b85][13: 45:53.839729] wlan: [80:I:HIF] Initializing Runtime PM wakelock &vdev->vdev_set_key_runtime_wakelock
06-12 13:45:53.843 0 0 I [ 12.417146] [kworke][0x1144be47][13: 45:53.840192] wlan: [80:I:HIF] Initializing Runtime PM wakelock &wma_handle->wmi_cmd_rsp_runtime_lock
06-12 13:45:53.843 0 0 I [ 12.417162] [kworke][0x1144bee9][13: 45:53.840200] wlan: [80:I:HIF] Initializing Runtime PM wakelock &wma_handle->sap_prevent_runtime_pm_lock
06-12 13:45:53.843 0 0 E [ 12.419542] [kworke][0x114571fb][13: 45:53.842588] wlan: [80:E:QDF] htc_wait_target: 684: Target Ready! TX resource : 1 size:2176, MaxMsgsPerHTCBundle = 1
06-12 13:45:53.843 0 0 E [ 12.419557] [kworke][0x11457334][13: 45:53.842604] wlan: [80:E:QDF] htc_setup_target_buffer_assignments: 576: SVS Index : 1 TX : 0x100 : alloc:1
06-12 13:45:53.843 0 0 D [ 12.419598] cnss: Assign MSI to user: DP, num_vectors: 18, user_base_data: 814, base_vector: 14
06-12 13:45:53.843 0 0 I [ 12.419755] [kworke][0x114581f9][13: 45:53.842801] wlan: [80:I:HIF] +hif_update_pipe_callback pipeid 5
06-12 13:45:53.843 0 0 I : [ 12.419755]
06-12 13:45:53.843 0 0 I [ 12.419760] [kworke][0x11458280][13: 45:53.842808] wlan: [80:I:HIF] -hif_update_pipe_callback
06-12 13:45:53.843 0 0 I : [ 12.419760]
06-12 13:45:53.843 0 0 D [ 12.419765] cnss: Assign MSI to user: DP, num_vectors: 18, user_base_data: 814, base_vector: 14
06-12 13:45:53.847 0 0 E [ 12.420665] [kworke][0x1145c643][13: 45:53.843712] wlan: [80:E:DP] dp_srng_get_str_from_hal_ring_type: 7726: Invalid ring type
06-12 13:45:53.847 0 0 D [ 12.420688] cnss: Assign MSI to user: DP, num_vectors: 18, user_base_data: 814, base_vector: 14
06-12 13:45:53.847 0 0 D [ 12.421460] cnss: Assign MSI to user: DP, num_vectors: 18, user_base_data: 814, base_vector: 14
06-12 13:45:53.848 0 0 D [ 12.421530] cnss: Assign MSI to user: DP, num_vectors: 18, user_base_data: 814, base_vector: 14
06-12 13:45:53.848 0 0 D [ 12.421598] cnss: Assign MSI to user: DP, num_vectors: 18, user_base_data: 814, base_vector: 14
06-12 13:45:53.848 0 0 D [ 12.421698] cnss: Assign MSI to user: DP, num_vectors: 18, user_base_data: 814, base_vector: 14
06-12 13:45:53.848 0 0 D [ 12.421786] cnss: Assign MSI to user: DP, num_vectors: 18, user_base_data: 814, base_vector: 14
06-12 13:45:53.848 0 0 D [ 12.421873] cnss: Assign MSI to user: DP, num_vectors: 18, user_base_data: 814, base_vector: 14
06-12 13:45:53.848 0 0 D [ 12.421947] cnss: Assign MSI to user: DP, num_vectors: 18, user_base_data: 814, base_vector: 14
06-12 13:45:53.848 0 0 I [ 12.421999] [kworke][0x11462a5b][13: 45:53.845046] wlan: [80:I:DP] dp_tx_soc_attach Tx Desc Alloc num_pool = 4, descs = 4096
06-12 13:45:53.848 0 0 I [ 12.422695] [kworke][0x11465e8d][13: 45:53.845742] wlan: [80:I:DP] dp_tx_soc_attach MSDU Ext Desc Alloc 4, descs = 4096
06-12 13:45:53.848 0 0 I [ 12.423473] [kworke][0x114698e6][13: 45:53.846520] wlan: [80:I:DP] dp_tx_soc_attach HAL Tx init Success
06-12 13:45:53.848 0 0 D [ 12.423521] cnss: Assign MSI to user: DP, num_vectors: 18, user_base_data: 814, base_vector: 14
06-12 13:45:53.848 0 0 D [ 12.423589] cnss: Assign MSI to user: DP, num_vectors: 18, user_base_data: 814, base_vector: 14
06-12 13:45:53.849 0 0 I [ 12.423639] [kworke][0x1146a56a][13: 45:53.846687] wlan: [80:I:DP] dp_soc_cmn_setup: 3274: num_reo_dest_rings 4
06-12 13:45:53.849 0 0 D [ 12.423656] cnss: Assign MSI to user: DP, num_vectors: 18, user_base_data: 814, base_vector: 14
06-12 13:45:53.849 0 0 D [ 12.423755] cnss: Assign MSI to user: DP, num_vectors: 18, user_base_data: 814, base_vector: 14
06-12 13:45:53.849 0 0 D [ 12.423840] cnss: Assign MSI to user: DP, num_vectors: 18, user_base_data: 814, base_vector: 14
06-12 13:45:53.849 0 0 D [ 12.423923] cnss: Assign MSI to user: DP, num_vectors: 18, user_base_data: 814, base_vector: 14
06-12 13:45:53.849 0 0 D [ 12.423995] cnss: Assign MSI to user: DP, num_vectors: 18, user_base_data: 814, base_vector: 14
06-12 13:45:53.849 0 0 D [ 12.424112] cnss: Assign MSI to user: DP, num_vectors: 18, user_base_data: 814, base_vector: 14
06-12 13:45:53.849 0 0 D [ 12.424150] cnss: Assign MSI to user: DP, num_vectors: 18, user_base_data: 814, base_vector: 14
06-12 13:45:53.849 0 0 D [ 12.424214] cnss: Assign MSI to user: DP, num_vectors: 18, user_base_data: 814, base_vector: 14
06-12 13:45:53.849 0 0 D [ 12.424307] cnss: Assign MSI to user: DP, num_vectors: 18, user_base_data: 814, base_vector: 14
06-12 13:45:53.849 0 0 D [ 12.424391] cnss: Assign MSI to user: DP, num_vectors: 18, user_base_data: 814, base_vector: 14
06-12 13:45:53.849 0 0 D [ 12.424459] cnss: Assign MSI to user: DP, num_vectors: 18, user_base_data: 814, base_vector: 14
06-12 13:45:53.849 0 0 I [ 12.424618] [kworke][0x1146eed4][13: 45:53.847666] wlan: [80:I:HAL] hal_reo_set_err_dst_remap_6390: 1024: HWIO_REO_R0_ERROR_DESTINATION_MAPPING_IX_0 0x28005b6d
06-12 13:45:53.849 0 0 D [ 12.424649] cnss: Assign MSI to user: DP, num_vectors: 18, user_base_data: 814, base_vector: 14
06-12 13:45:53.849 0 0 D [ 12.424676] cnss: Assign MSI to user: DP, num_vectors: 18, user_base_data: 814, base_vector: 14
06-12 13:45:53.849 0 0 D [ 12.424697] cnss: Assign MSI to user: DP, num_vectors: 18, user_base_data: 814, base_vector: 14
06-12 13:45:53.849 0 0 D [ 12.424719] cnss: Assign MSI to user: DP, num_vectors: 18, user_base_data: 814, base_vector: 14
06-12 13:45:53.849 0 0 D [ 12.424749] cnss: Assign MSI to user: DP, num_vectors: 18, user_base_data: 814, base_vector: 14
06-12 13:45:53.849 0 0 D [ 12.424782] cnss: Assign MSI to user: DP, num_vectors: 18, user_base_data: 814, base_vector: 14
06-12 13:45:53.850 1548 2998 D CompatibilityChangeReporter: Compat change id reported: 172100307; UID 10090; state: DISABLED
06-12 13:45:53.859 0 0 I [ 12.432449] [kworke][0x11493a26][13: 45:53.855497] wlan: [80:I:DP] Peer pool init
06-12 13:45:53.859 0 0 W [ 12.432546] [kworke][0x11494198][13: 45:53.855596] wlan: [80:W:DP] dp_rx_pdev_mon_attach: pdev attach id=0
06-12 13:45:53.859 0 0 D [ 12.433688] cnss: Assign MSI to user: DP, num_vectors: 18, user_base_data: 814, base_vector: 14
06-12 13:45:53.859 0 0 D [ 12.433693] cnss: Get IRQ number 365 for vector index 14
06-12 13:45:53.859 0 0 D [ 12.433697] cnss: Assign MSI to user: DP, num_vectors: 18, user_base_data: 814, base_vector: 14
06-12 13:45:53.859 0 0 D [ 12.433698] cnss: Get IRQ number 366 for vector index 15
06-12 13:45:53.859 0 0 D [ 12.433700] cnss: Assign MSI to user: DP, num_vectors: 18, user_base_data: 814, base_vector: 14
06-12 13:45:53.859 0 0 D [ 12.433701] cnss: Get IRQ number 367 for vector index 16
06-12 13:45:53.859 0 0 D [ 12.433703] cnss: Assign MSI to user: DP, num_vectors: 18, user_base_data: 814, base_vector: 14
06-12 13:45:53.859 0 0 D [ 12.433705] cnss: Get IRQ number 368 for vector index 17
06-12 13:45:53.859 0 0 D [ 12.433706] cnss: Assign MSI to user: DP, num_vectors: 18, user_base_data: 814, base_vector: 14
06-12 13:45:53.859 0 0 D [ 12.433709] cnss: Assign MSI to user: DP, num_vectors: 18, user_base_data: 814, base_vector: 14
06-12 13:45:53.859 0 0 D [ 12.433710] cnss: Get IRQ number 370 for vector index 19
06-12 13:45:53.859 0 0 D [ 12.433712] cnss: Assign MSI to user: DP, num_vectors: 18, user_base_data: 814, base_vector: 14
06-12 13:45:53.859 0 0 D [ 12.433713] cnss: Get IRQ number 371 for vector index 20
06-12 13:45:53.859 0 0 I [ 12.435302] [kworke][0x114a0ff4][13: 45:53.858348] wlan: [7:I:WMA] wma_rx_service_ready_event: Firmware build version : 101a0521
06-12 13:45:53.859 0 0 I [ 12.435313] [kworke][0x114a10e9][13: 45:53.858360] wlan: [7:I:WMA] wma_rx_service_ready_event: Board id: 0, Board version: 8 0 0 0 6
06-12 13:45:53.863 0 0 I [ 12.437579] [kworke][0x114ababe][13: 45:53.860625] wlan: [7:I:WMA] wma_is_dbs_mandatory: 5417: MAC0 does not support both bands 2 DBS is mandatory
06-12 13:45:53.863 0 0 E [ 12.437649] [kworke][0x114ac01c][13: 45:53.860696] wlan: [7:E:QDF] copy_fw_abi_version_tlv: 6979: copy_fw_abi_version_tlv: INIT_CMD version: 1, 0, 0x5f414351, 0x4c4d, 0x0, 0x0
06-12 13:45:54.050 0 0 E [ 12.624669] [kworke][0x118189d1][13: 45:54.047706] wlan: [280:E:QDF] ready_extract_init_status_tlv: 8884: ready_extract_init_status_tlv:0
06-12 13:45:54.050 0 0 E [ 12.624813] [kworke][0x118194f1][13: 45:54.047854] wlan: [280:E:QDF] cds_get_context: 1486: Module ID 65 context is Null
06-12 13:45:54.050 0 0 F [ 12.624834] [kworke][0x1181969f][13: 45:54.047877] wlan: [280:F:DP] cdp_ipa_set_uc_tx_partition_base invalid instance
06-12 13:45:54.050 0 0 I [ 12.624864] [kworke][0x118198e6][13: 45:54.047907] wlan: [280:I:WMA] wma_he_update_tgt_services: 996: 11ax is enabled
06-12 13:45:54.052 0 0 I [ 12.628169] [kworke][0x118290f9][13: 45:54.051215] wlan: [280:I:HIF] Initializing Runtime PM wakelock &mgmt_txrx_pdev_ctx->wakelock_tx_runtime_cmp
06-12 13:45:54.052 0 0 I [ 12.628273] [kworke][0x118298f0][13: 45:54.051321] wlan: [280:I:dfs] WLAN_DEBUG_DFS_ALWAYS : wlan_dfs_pdev_obj_create_notification: 421: dfs_offload 1
06-12 13:45:54.052 0 0 I [ 12.628285] [kworke][0x118299dc][13: 45:54.051333] wlan: [280:I:SPECTRAL] null_get_capability: 1715: SPECTRAL : get_capability not registered
06-12 13:45:54.052 0 0 I : [ 12.628285]
06-12 13:45:54.052 0 0 I [ 12.628291] [kworke][0x11829a51][13: 45:54.051339] wlan: [280:I:SPECTRAL] target_if_pdev_spectral_init: 2249: HAL_CAP_PHYDIAG : Capable
06-12 13:45:54.052 0 0 I [ 12.628314] [kworke][0x11829ac1][13: 45:54.051345] wlan: [280:I:SPECTRAL] null_get_capability: 1715: SPECTRAL : get_capability not registered
06-12 13:45:54.053 0 0 I : [ 12.628314]
06-12 13:45:54.053 0 0 I [ 12.628320] [kworke][0x11829c7a][13: 45:54.051368] wlan: [280:I:SPECTRAL] target_if_pdev_spectral_init: 2253: HAL_CAP_RADAR : Capable
06-12 13:45:54.053 0 0 I [ 12.628326] [kworke][0x11829ced][13: 45:54.051374] wlan: [280:I:SPECTRAL] null_get_capability: 1715: SPECTRAL : get_capability not registered
06-12 13:45:54.053 0 0 I : [ 12.628326]
06-12 13:45:54.053 0 0 I [ 12.628332] [kworke][0x11829d5c][13: 45:54.051380] wlan: [280:I:SPECTRAL] target_if_pdev_spectral_init: 2258: HAL_CAP_SPECTRAL_SCAN : Capable
06-12 13:45:54.053 0 0 I [ 12.628338] [kworke][0x11829dcb][13: 45:54.051385] wlan: [280:I:SPECTRAL] null_get_tsf64: 1703: SPECTRAL : get_tsf64 not registered
06-12 13:45:54.053 0 0 I : [ 12.628338]
06-12 13:45:54.053 0 0 I [ 12.628350] [kworke][0x11829ea9][13: 45:54.051397] wlan: [280:I:GREEN_AP] wlan_green_ap_pdev_obj_create_notification: 106: Green AP creation successful, green ap ctx: 0000000000000000, pdev: 0000000000000000
06-12 13:45:54.053 0 0 I [ 12.628374] [kworke][0x1182a086][13: 45:54.051422] wlan: [280:I:IPA] wlan_ipa_wdi_init: 540: ipa_over_gsi: 1, is_smmu_enabled: 1
06-12 13:45:54.053 0 0 I [ 12.629044] [kworke][0x1182d2a7][13: 45:54.052090] wlan: [280:I:REGULATORY] reg_set_band: 483: set band bitmap: 3
06-12 13:45:54.053 0 0 I [ 12.629326] [kworke][0x1182e7db][13: 45:54.052373] wlan: [280:I:HIF] Initializing Runtime PM wakelock &ctx->dfs
06-12 13:45:54.053 0 0 I [ 12.629332] [kworke][0x1182e85b][13: 45:54.052380] wlan: [280:I:HIF] Initializing Runtime PM wakelock &ctx->connect
06-12 13:45:54.053 0 0 I [ 12.629337] [kworke][0x1182e8c7][13: 45:54.052385] wlan: [280:I:HIF] Initializing Runtime PM wakelock &ctx->user
06-12 13:45:54.053 0 0 I [ 12.629343] [kworke][0x1182e939][13: 45:54.052391] wlan: [280:I:HIF] Initializing Runtime PM wakelock &scan_priv->runtime_pm_lock
06-12 13:45:54.053 0 0 I [ 12.629382] [kworke][0x1182eb56][13: 45:54.052419] wlan: [280:I:GREEN_AP] target_if_green_ap_register_egap_event_handler: 131: Set the Enhance Green AP event handler
06-12 13:45:54.053 0 0 E [ 12.629395] [kworke][0x1182ed19][13: 45:54.052443] wlan: [280:E:QDF] dp_peer_map_attach_wifi3: 10048: dp_peer_map_attach_wifi3 max_peers 55, max_ast_index: 144
06-12 13:45:54.053 0 0 E : [ 12.629395]
06-12 13:45:54.053 0 0 I [ 12.629408] [kworke][0x1182ee08][13: 45:54.052455] wlan: [280:I:DP]
06-12 13:45:54.053 0 0 I : [ 12.629408] <=== cfg max peer id 55 ====>
06-12 13:45:54.053 0 0 I [ 12.629416] [kworke][0x1182eeaa][13: 45:54.052464] wlan: [280:I:DP]
06-12 13:45:54.053 0 0 I : [ 12.629416] <=== cfg max ast idx 144 ====>
06-12 13:45:54.053 0 0 I [ 12.629422] [kworke][0x1182ef24][13: 45:54.052470] wlan: [280:I:DP] ast hash_elems: 512, max_ast_idx: 144
06-12 13:45:54.053 0 0 I [ 12.629491] [kworke][0x1182f43a][13: 45:54.052538] wlan: [80:I:WMA] wma_wait_for_ready_event: 6926: FW ready event received
06-12 13:45:54.058 0 0 E [ 12.630803] [kworke][0x118356a4][13: 45:54.053850] wlan: [80:E:WMI] send_action_oui_cmd_tlv: 220: Invalid action id
06-12 13:45:54.058 0 0 E [ 12.630820] [kworke][0x118357ef][13: 45:54.053867] wlan: [80:E:action_oui] ucfg_action_oui_send: 160: Failed to send: 7
06-12 13:45:54.058 0 0 E [ 12.630834] [kworke][0x118358fe][13: 45:54.053881] wlan: [80:E:WMI] send_action_oui_cmd_tlv: 220: Invalid action id
06-12 13:45:54.058 0 0 E [ 12.630845] [kworke][0x118359e3][13: 45:54.053893] wlan: [80:E:action_oui] ucfg_action_oui_send: 160: Failed to send: 9
06-12 13:45:54.058 0 0 E [ 12.630868] [kworke][0x11835a8b][13: 45:54.053902] wlan: [80:E:HDD] hdd_action_oui_send: 13281: Failed to send one or all action_ouis
06-12 13:45:54.058 0 0 D [ 12.632924] cnss: dma-coherent is enabled
06-12 13:45:54.058 0 0 D [ 12.632928] cnss: IOMMU map: iova b0000000, len 4096
06-12 13:45:54.058 0 0 D [ 12.632933] cnss: IOMMU map: iova_addr b0000040
06-12 13:45:54.058 0 0 D [ 12.632936] cnss: dma-coherent is enabled
06-12 13:45:54.058 0 0 D [ 12.632939] cnss: IOMMU map: iova b0001000, len 4096
06-12 13:45:54.058 0 0 D [ 12.632942] cnss: IOMMU map: iova_addr b0001018
06-12 13:45:54.058 0 0 I [ 12.633177] [kworke][0x118408b0][13: 45:54.056224] wlan: [80:I:SYS] Creating periodic timer for OLBC UPDATE CACHE TIMEOUT
06-12 13:45:54.058 0 0 I : [ 12.633177]
06-12 13:45:54.058 0 0 E [ 12.633424] [kworke][0x11841b39][13: 45:54.056471] wlan: [80:E:TXRX] dp_rxdma_ring_config: 5022: DBS enabled max_mac_rings 2
06-12 13:45:54.058 0 0 E [ 12.633436] [kworke][0x11841c2a][13: 45:54.056484] wlan: [80:E:TXRX] dp_rxdma_ring_config: 5033: pdev_id 0 max_mac_rings 2
06-12 13:45:54.058 0 0 E [ 12.633445] [kworke][0x11841cd0][13: 45:54.056492] wlan: [80:E:TXRX] dp_rxdma_ring_config: 5050: mac_id 0
06-12 13:45:54.058 0 0 E [ 12.633524] [kworke][0x118422bc][13: 45:54.056571] wlan: [80:E:TXRX] dp_rxdma_ring_config: 5050: mac_id 1
06-12 13:45:54.058 0 0 I [ 12.633843] [kworke][0x11843a9c][13: 45:54.056890] wlan: [80:I:POLICY_MGR] policy_mgr_update_5g_scc_prefer: 398: overwrite pm_second_connection_pcl_dbs_2x2_table, index 2 mode 3 system prefer 0 new pcl 6
06-12 13:45:54.058 0 0 I [ 12.633850] [kworke][0x11843b29][13: 45:54.056897] wlan: [80:I:POLICY_MGR] policy_mgr_update_5g_scc_prefer: 404: overwrite pm_second_connection_pcl_dbs_2x2_table, index 3 mode 3 system prefer 0 new pcl 6
06-12 13:45:54.058 0 0 E [ 12.634173] [kworke][0x1184522b][13: 45:54.057204] wlan: [80:E:REGULATORY] reg_freq_width_to_chan_op_class: 512: no op class for frequency 5745
06-12 13:45:54.058 0 0 I [ 12.634559] [kworke][0x11847053][13: 45:54.057606] wlan: [80:I:HIF] hif_pm_runtime_start: Enabling RUNTIME PM, Delay: 500 ms
06-12 13:45:54.060 0 0 E [ 12.635652] cnss_utils: WLAN MAC address is not set, type 0
06-12 13:45:54.060 0 0 W : [ 12.635688] cnss_pci 0000:01:00.0: Falling back to syfs fallback for: wlan/qca_cld/qca6390/wlan_mac.bin
06-12 13:45:54.067 0 0 I [ 12.643919] [kworke][0x11872e5b][13: 45:54.066966] wlan: [80:I:HDD] hdd_initialize_mac_address: 12589: using default MAC address
06-12 13:45:54.086 1548 1848 I netstats_mobile_sample: [0,0,0,0,0,0,0,0,0,0,0,0,1686548754085]
06-12 13:45:54.086 1548 1848 I netstats_wifi_sample: [0,0,0,0,0,0,0,0,0,0,0,0,1686548754085]
06-12 13:45:54.091 1548 1848 I netstats_mobile_sample: [0,0,0,0,0,0,0,0,0,0,0,0,1686548754091]
06-12 13:45:54.091 1548 1848 I netstats_wifi_sample: [0,0,0,0,0,0,0,0,0,0,0,0,1686548754091]
06-12 13:45:54.095 0 0 D [ 12.670972] cnss: Host time = 15343250 us, device time = 2488050 us, offset = 12855200 us
06-12 13:45:54.095 0 0 D [ 12.671002] cnss: Updated time sync regs [0x984] = 0xc427a0, [0x988] = 0x0
06-12 13:45:54.095 0 0 D [ 12.671019] cnss: Removing vote for Regulator vdd-wlan-rfa2
06-12 13:45:54.095 0 0 D [ 12.671064] cnss: Removing vote for Regulator vdd-wlan-rfa1
06-12 13:45:54.095 0 0 D [ 12.671086] cnss: Removing vote for Regulator vdd-wlan-dig
06-12 13:45:54.095 0 0 D [ 12.671108] cnss: Removing vote for Regulator vdd-wlan-aon
06-12 13:45:54.095 0 0 D [ 12.671129] cnss: Removing vote for Regulator vdd-wlan-io
06-12 13:45:54.095 0 0 D [ 12.671138] cnss: PM relax, state: 0x107, count: 0
06-12 13:45:54.095 0 0 D [ 12.671144] cnss: PM stay awake, state: 0x107, count: 1
06-12 13:45:54.095 0 0 D [ 12.671148] cnss: PM relax, state: 0x107, count: 0
06-12 13:45:54.095 837 837 I android.hardware.wifi@1.0-service: Wifi HAL started
06-12 13:45:54.107 0 0 I : [ 12.681613] Wifi Turning On from UI
06-12 13:45:54.107 0 0 I [ 12.682417] [wifi@1][0x11927598][13: 45:54.105463] wlan: [837:I:DP] dp_vdev_attach_wifi3: wlan_cfg_ap_bridge_enabled 0
06-12 13:45:54.107 0 0 I [ 12.682459] [wifi@1][0x119278e1][13: 45:54.105507] wlan: [837:I:DP] 00000000: 08 5f 35 c2 7e 9b 60 9e dd cd 26 c6 83 36 5c c1
06-12 13:45:54.107 0 0 I [ 12.682465] [wifi@1][0x11927950][13: 45:54.105512] wlan: [837:I:DP] 00000010: 30 8c a3 6f
06-12 13:45:54.107 0 0 I [ 12.682474] [wifi@1][0x11927a00][13: 45:54.105521] wlan: [837:I:DP] 00000000: c1 a8 04 59 7e 45 70 63 c5 3d c5 90 e5 88 3b fe
06-12 13:45:54.107 0 0 I [ 12.682492] [wifi@1][0x11927a69][13: 45:54.105527] wlan: [837:I:DP] 00000010: 38 e9 d3 eb b9 79 4d 4b 58 27 91 1c fc c7 42 74
06-12 13:45:54.107 0 0 I [ 12.682498] [wifi@1][0x11927bd7][13: 45:54.105546] wlan: [837:I:DP] 00000020: f0 53 d1 81 39 18 1a 52 ea 02 80 a0
06-12 13:45:54.111 0 0 I [ 12.685556] IPv6: ADDRCONF(NETDEV_UP): wlan0: link is not ready
06-12 13:45:54.113 837 837 I android.hardware.wifi@1.0-service: Adding interface handle for wifi-aware0
06-12 13:45:54.113 837 837 I android.hardware.wifi@1.0-service: Adding interface handle for p2p0
06-12 13:45:54.113 837 837 I android.hardware.wifi@1.0-service: Adding interface handle for wlan0
06-12 13:45:54.113 837 837 W android.hardware.wifi@1.0-service: No active wlan interfaces in use! Using default
06-12 13:45:54.113 837 837 W android.hardware.wifi@1.0-service: No active wlan interfaces in use! Using default
06-12 13:45:54.115 837 837 I android.hardware.wifi@1.0-service: Configured chip in mode 3
06-12 13:45:54.115 837 837 W android.hardware.wifi@1.0-service: No active wlan interfaces in use! Using default
06-12 13:45:54.120 837 837 W android.hardware.wifi@1.0-service: No active wlan interfaces in use! Using default
06-12 13:45:54.123 0 0 I [ 12.697786] [lowi-s][0x1196f61f][13: 45:54.120830] wlan: [1494:I:wifipos] wifi_pos_get_ch_info: 461: num channels: 26
06-12 13:45:54.124 0 0 E [ 12.701060] [wifi@1][0x1197ebf4][13: 45:54.124108] wlan: [3416:E:wifipos] wifi_pos_process_app_reg_req: 608: Received App Req Req pid(-2147482811), len(16)
06-12 13:45:54.129 0 0 I [ 12.701871] [wifi@1][0x119828b7][13: 45:54.124918] wlan: [3416:I:wifipos] wifi_pos_get_ch_info: 461: num channels: 26
06-12 13:45:54.129 0 0 I [ 12.702284] [wifi@1][0x119847b8][13: 45:54.125331] wlan: [3416:I:wifipos] wifi_pos_get_ch_info: 461: num channels: 26
06-12 13:45:54.138 0 0 I [ 12.713126] [wifi@1][0x119b74ae][13: 45:54.136171] wlan: [837:I:DP] dp_vdev_attach_wifi3: wlan_cfg_ap_bridge_enabled 1
06-12 13:45:54.138 0 0 E [ 12.713441] [wifi@1][0x119b8c81][13: 45:54.136488] wlan: [837:E:PMO] pmo_register_wow_wakeup_events: 88: Skipping wake event configuration for vdev_opmode 16
06-12 13:45:54.138 0 0 E [ 12.713560] [wifi@1][0x119b9566][13: 45:54.136607] wlan: [837:E:SME] sme_get_nss_chain_shift: 4045: Device mode 16 invalid
06-12 13:45:54.138 0 0 E [ 12.713570] [wifi@1][0x119b962b][13: 45:54.136617] wlan: [837:E:SME] sme_get_nss_chain_shift: 4045: Device mode 16 invalid
06-12 13:45:54.139 0 0 I [ 12.715173] IPv6: ADDRCONF(NETDEV_UP): wifi-aware0: link is not ready
06-12 13:45:54.145 1210 1210 I wificond: createClientInterface: wiphy_index 0 iface_name wlan0
06-12 13:45:54.146 1210 1210 I wificond: create scanner for interface with index: 17
06-12 13:45:54.146 1210 1210 I wificond: subscribe scan result for interface with index: 17
06-12 13:45:54.147 1210 1210 I wificond: add channel type 0 support at wiphy index: 0
06-12 13:45:54.147 1210 1210 I wificond: add channel type 1 support at wiphy index: 0
06-12 13:45:54.147 1548 1901 D CompatibilityChangeReporter: Compat change id reported: 171306433; UID 1000; state: ENABLED
06-12 13:45:54.376 1548 1621 I commit_sys_config_file: [jobs,5]
06-12 13:45:54.455 0 0 I [ 13.026597] [schedu][0x11f74a46][13: 45:54.449632] wlan: [3397:I:HIF] Deinitializing Runtime PM wakelock &vdev->vdev_set_key_runtime_wakelock
06-12 13:45:54.455 0 0 I [ 13.027498] [schedu][0x11f78e3d][13: 45:54.450538] wlan: [3397:I:HIF] Initializing Runtime PM wakelock &vdev->vdev_set_key_runtime_wakelock
06-12 13:45:54.531 0 0 I [ 13.107587] [schedu][0x120f051f][13: 45:54.530630] wlan: [3397:I:HIF] Deinitializing Runtime PM wakelock &vdev->vdev_set_key_runtime_wakelock
06-12 13:45:54.535 0 0 I [ 13.108180] [schedu][0x120f31d4][13: 45:54.531226] wlan: [3397:I:HIF] Initializing Runtime PM wakelock &vdev->vdev_set_key_runtime_wakelock
06-12 13:45:54.552 0 0 I [ 13.119664] [wifi@1][0x12128f2f][13: 45:54.542711] wlan: [837:I:DP] dp_vdev_attach_wifi3: wlan_cfg_ap_bridge_enabled 0
06-12 13:45:54.552 0 0 E [ 13.128056] [wifi@1][0x12150472][13: 45:54.551101] wlan: [3416:E:wifipos] wifi_pos_process_app_reg_req: 608: Received App Req Req pid(-2147482811), len(16)
06-12 13:45:54.552 0 0 I [ 13.128604] [wifi@1][0x12152da8][13: 45:54.551650] wlan: [3416:I:wifipos] wifi_pos_get_ch_info: 461: num channels: 26
06-12 13:45:54.552 0 0 I [ 13.129256] [wifi@1][0x12155e91][13: 45:54.552302] wlan: [3416:I:wifipos] wifi_pos_get_ch_info: 461: num channels: 26
06-12 13:45:54.775 0 0 I [ 13.349794] [schedu][0x1255faa7][13: 45:54.772837] wlan: [3397:I:OSIF] scan start scan id 40961
06-12 13:45:54.804 1548 1646 W BatteryExternalStatsWorker: error reading modem stats:ERROR_PHONE_NOT_AVAILABLE
06-12 13:45:54.809 1548 1548 W Looper : Slow dispatch took 381ms main h=android.app.ActivityThread$H c=android.app.LoadedApk$ReceiverDispatcher$Args$$ExternalSyntheticLambda0@e0cf26d m=0
06-12 13:45:54.809 1548 1548 W Looper : Slow delivery took 382ms main h=android.app.ActivityThread$H c=android.app.LoadedApk$ReceiverDispatcher$Args$$ExternalSyntheticLambda0@aae9ea2 m=0
06-12 13:45:54.817 1548 1548 I Telecom : DefaultDialerCache: Refreshing default dialer for user 0: now null: DDC.oR@AA4
06-12 13:45:54.817 1548 1548 W Looper : Drained
06-12 13:45:54.818 1548 1548 I Telecom : MissedCallNotifierImpl: reloadAfterBootComplete: user=0: TSBCR.oR@AA8
06-12 13:45:54.819 1548 1548 I Telecom : MissedCallNotifierImpl: reloadAfterBootComplete: user=0: TSBCR.oR@AA8
06-12 13:45:54.820 1548 1548 D CompatibilityChangeReporter: Compat change id reported: 135634846; UID 1000; state: DISABLED
06-12 13:45:54.821 1548 1548 D CompatibilityChangeReporter: Compat change id reported: 177438394; UID 1000; state: DISABLED
06-12 13:45:54.821 1548 1548 D CompatibilityChangeReporter: Compat change id reported: 135772972; UID 1000; state: DISABLED
06-12 13:45:54.821 1548 1548 D CompatibilityChangeReporter: Compat change id reported: 135754954; UID 1000; state: ENABLED
06-12 13:45:54.835 1548 1639 I am_proc_start: [0,3431,1000,com.android.dynsystem,broadcast,{com.android.dynsystem/com.android.dynsystem.BootCompletedReceiver}]
06-12 13:45:54.835 1548 1639 I ActivityManager: Start proc 3431:com.android.dynsystem/1000 for broadcast {com.android.dynsystem/com.android.dynsystem.BootCompletedReceiver}
06-12 13:45:54.839 1548 1548 I Telecom : BluetoothDeviceManager: Got BluetoothHeadset: com.android.server.telecom.BluetoothHeadsetProxy@a382b4d: BMSL.oSC@ABQ
06-12 13:45:54.846 1548 1866 I GameModeConfig: isGameModeOn = false
06-12 13:45:54.846 1548 1866 I GameModeConfig: isGameModeOn = false
06-12 13:45:54.847 1548 1866 I GameModeConfig: isGameModeOn = false
06-12 13:45:54.847 1548 1548 I notification_cancel_all: [1002,1920,com.android.bluetooth,0,0,64,9,NULL]
06-12 13:45:54.857 1548 1646 E KernelCpuSpeedReader: Failed to read cpu-freq: /sys/devices/system/cpu/cpu4/cpufreq/stats/time_in_state: open failed: ENOENT (No such file or directory)
06-12 13:45:54.857 1548 1646 E KernelCpuSpeedReader: Failed to read cpu-freq: /sys/devices/system/cpu/cpu0/cpufreq/stats/time_in_state: open failed: ENOENT (No such file or directory)
06-12 13:45:54.858 1548 1646 W BatteryStatsImpl: Attempted to remove untracked isolated uid (1037)
06-12 13:45:54.859 0 0 I [ 13.435608] binder: 3431:3431 ioctl 40046210 7fda4f17a4 returned -22
06-12 13:45:54.861 1548 1792 I am_proc_bound: [0,3431,com.android.dynsystem]
06-12 13:45:54.862 1548 1792 D CompatibilityChangeReporter: Compat change id reported: 168419799; UID 1000; state: DISABLED
06-12 13:45:54.866 1548 3338 W BluetoothManagerService: psc is not null in bindBluetoothProfileService
06-12 13:45:54.894 1548 2993 D CompatibilityChangeReporter: Compat change id reported: 168419799; UID 10072; state: DISABLED
06-12 13:45:54.913 1548 1792 D CompatibilityChangeReporter: Compat change id reported: 135634846; UID 1000; state: DISABLED
06-12 13:45:54.913 1548 1792 D CompatibilityChangeReporter: Compat change id reported: 177438394; UID 1000; state: DISABLED
06-12 13:45:54.914 1548 1792 D CompatibilityChangeReporter: Compat change id reported: 135772972; UID 1000; state: DISABLED
06-12 13:45:54.914 1548 1792 D CompatibilityChangeReporter: Compat change id reported: 135754954; UID 1000; state: ENABLED
06-12 13:45:54.915 1548 1792 I am_uid_running: 10066
06-12 13:45:54.916 1548 1792 D CompatibilityChangeReporter: Compat change id reported: 135634846; UID 10066; state: DISABLED
06-12 13:45:54.916 1548 1792 D CompatibilityChangeReporter: Compat change id reported: 177438394; UID 10066; state: DISABLED
06-12 13:45:54.916 1548 1792 D CompatibilityChangeReporter: Compat change id reported: 135772972; UID 10066; state: DISABLED
06-12 13:45:54.917 1548 1792 D CompatibilityChangeReporter: Compat change id reported: 135754954; UID 10066; state: ENABLED
06-12 13:45:54.920 1548 1639 I am_proc_start: [0,3457,1000,com.android.dynsystem:dynsystem,service,{com.android.dynsystem/com.android.dynsystem.DynamicSystemInstallationService}]
06-12 13:45:54.920 1548 1639 I ActivityManager: Start proc 3457:com.android.dynsystem:dynsystem/1000 for service {com.android.dynsystem/com.android.dynsystem.DynamicSystemInstallationService}
06-12 13:45:54.921 1548 1639 D CompatibilityChangeReporter: Compat change id reported: 143937733; UID 10066; state: ENABLED
06-12 13:45:54.922 1548 2990 I ActivityTaskManager: START u0 {act=android.intent.action.MAIN cat=[android.intent.category.HOME] flg=0x10010000 pkg=com.android.launcher3 cmp=com.android.launcher3/.uioverrides.QuickstepLauncher} from uid 10072
06-12 13:45:54.926 1548 1639 I am_proc_start: [0,3459,10066,com.android.inputmethod.latin,broadcast,{com.android.inputmethod.latin/com.android.inputmethod.latin.SystemBroadcastReceiver}]
06-12 13:45:54.926 1548 1639 I ActivityManager: Start proc 3459:com.android.inputmethod.latin/u0a66 for broadcast {com.android.inputmethod.latin/com.android.inputmethod.latin.SystemBroadcastReceiver}
06-12 13:45:54.926 1548 2990 D CompatibilityChangeReporter: Compat change id reported: 184838306; UID 10072; state: DISABLED
06-12 13:45:54.927 1548 2990 D CompatibilityChangeReporter: Compat change id reported: 185004937; UID 10072; state: DISABLED
06-12 13:45:54.928 1548 2990 D CompatibilityChangeReporter: Compat change id reported: 181136395; UID 10072; state: DISABLED
06-12 13:45:54.928 1548 2990 D CompatibilityChangeReporter: Compat change id reported: 174042936; UID 10072; state: DISABLED
06-12 13:45:54.929 1548 2990 D CompatibilityChangeReporter: Compat change id reported: 174042980; UID 10072; state: DISABLED
06-12 13:45:54.929 1548 2990 D ActivityTaskManager: TaskLaunchParamsModifier:task=null activity=ActivityRecord{32228c7 u0 com.android.launcher3/.uioverrides.QuickstepLauncher taskAffinity=null display-id=0 display-windowing-mode=1 suggested-display-area=DefaultTaskDisplayArea@262119703
06-12 13:45:54.930 1936 1936 I sysui_multi_action: [757,803,799,note_peek,802,1]
06-12 13:45:54.932 1548 2990 D ActivityTaskManager: TaskLaunchParamsModifier:task=null activity=ActivityRecord{32228c7 u0 com.android.launcher3/.uioverrides.QuickstepLauncher taskAffinity=null t-1} display-id=0 display-windowing-mode=1 suggested-display-area=DefaultTaskDisplayArea@262119703 non-freeform-display display-area=DefaultTaskDisplayArea@262119703
06-12 13:45:54.933 1548 2990 I wm_task_created: [70,-1]
06-12 13:45:54.933 1548 2990 W ActivityTaskManager: Can't find TaskDisplayArea to determine support for multi window. Task id=70 attached=false
06-12 13:45:54.933 1548 2990 I wm_task_created: [71,-1]
06-12 13:45:54.934 1548 2990 I wm_task_moved: [71,0,-2147483648]
