06-14 17:40:09.277 1556 18234 E thunderperf: CompatConfig.addOverrideUnsafe: exception:java.lang.SecurityException: Cannot override a change on a non-debuggable app and user build.
06-14 17:40:09.277 1556 18234 I thunderperf: CompatConfig.addOverrideUnsafe: aft-state=1
06-14 17:40:09.278 1556 18234 I thunderperf: CompatConfig.addOverrideUnsafe: bef-state=1
06-14 17:40:09.278 1556 18234 E thunderperf: CompatConfig.addOverrideUnsafe: exception:java.lang.SecurityException: Cannot override a change on a non-debuggable app and user build.
06-14 17:40:09.278 1556 18234 I thunderperf: CompatConfig.addOverrideUnsafe: aft-state=1
06-14 17:40:09.278 1556 18234 I thunderperf: CompatConfig.addOverrideUnsafe: bef-state=1
06-14 17:40:09.278 1556 18234 E thunderperf: CompatConfig.addOverrideUnsafe: exception:java.lang.SecurityException: Cannot override a change on a non-debuggable app and user build.
06-14 17:40:09.278 1556 18234 I thunderperf: CompatConfig.addOverrideUnsafe: aft-state=1
06-14 17:40:09.278 1556 18234 I thunderperf: CompatConfig.addOverrideUnsafe: bef-state=1
06-14 17:40:09.278 1556 18234 E thunderperf: CompatConfig.addOverrideUnsafe: exception:java.lang.SecurityException: Cannot override a change on a non-debuggable app and user build.
06-14 17:40:09.278 1556 18234 I thunderperf: CompatConfig.addOverrideUnsafe: aft-state=1
06-14 17:40:09.278 1556 18234 I thunderperf: CompatConfig.addOverrideUnsafe: bef-state=1
06-14 17:40:09.279 1556 18234 E thunderperf: CompatConfig.addOverrideUnsafe: exception:java.lang.SecurityException: Cannot override a change on a non-debuggable app and user build.
06-14 17:40:09.279 1556 18234 I thunderperf: CompatConfig.addOverrideUnsafe: aft-state=1
06-14 17:40:09.279 1556 18234 I thunderperf: CompatConfig.addOverrideUnsafe: bef-state=1
06-14 17:40:09.279 1556 18234 E thunderperf: CompatConfig.addOverrideUnsafe: exception:java.lang.SecurityException: Cannot override a change on a non-debuggable app and user build.
06-14 17:40:09.279 1556 18234 I thunderperf: CompatConfig.addOverrideUnsafe: aft-state=1
06-14 17:40:09.282 1556 18234 I ActivityTaskManager: START u0 {act=android.intent.action.MAIN cat=[android.intent.category.LAUNCHER] flg=0x10200000 cmp=com.qiyi.video/.WelcomeActivity bnds=[1926,96][2226,394]} from uid 10069
06-14 17:40:09.282 1556 18234 D ActivityTaskManager: TaskLaunchParamsModifier:task=null activity=ActivityRecord{aa65675 u0 com.qiyi.video/.WelcomeActivity taskAffinity=10094:com.qiyi.video display-area-from-source=DefaultTaskDisplayArea@142405141 display-id=0 display-windowing-mode=1 suggested-display-area=DefaultTaskDisplayArea@142405141
06-14 17:40:09.282 1556 18234 D ActivityTaskManager: TaskLaunchParamsModifier:task=Task{bfb8f59 #1077 type=standard A=10094:com.qiyi.video U=0 visible=false mode=fullscreen translucent=true sz=1 visible freeform task=true rootAffinity=10094:com.qiyi.video isMini=false} activity=ActivityRecord{aa65675 u0 com.qiyi.video/.WelcomeActivity taskAffinity=10094:com.qiyi.video t-1} display-area-from-source=DefaultTaskDisplayArea@142405141 display-id=0 display-windowing-mode=1 suggested-display-area=DefaultTaskDisplayArea@142405141 inherit-from-source=fullscreen activity-options-fullscreen=Rect(0, 0 - 0, 0) non-freeform-display display-area=DefaultTaskDisplayArea@142405141
06-14 17:40:09.282 1556 18234 I wm_task_moved: [1077,1,8]
06-14 17:40:09.282 1556 18234 I wm_task_to_front: [0,1077]
06-14 17:40:09.282 1556 18234 I wm_focused_root_task: [0,0,1077,937,bringingFoundTaskToFront]
06-14 17:40:09.282 1556 18234 I wm_set_resumed_activity: [0,com.qiyi.video/.WelcomeActivity,bringingFoundTaskToFront]
06-14 17:40:09.283 1556 18234 I wm_new_intent: [0,255070162,1077,com.qiyi.video/.WelcomeActivity,android.intent.action.MAIN,NULL,NULL,270532608]
06-14 17:40:09.283 1556 18234 D CompatibilityChangeReporter: Compat change id reported: 168419799; UID 10094; state: DISABLED
06-14 17:40:09.284 1556 18234 I wm_pause_activity: [0,106812043,com.android.launcher3/.uioverrides.QuickstepLauncher,userLeaving=true,pauseBackTasks]
06-14 17:40:09.284 1556 18234 D PowerManagerService: acquireWakeLockInternal: lock=110154549, flags=0x1, tag="*launch*", ws=WorkSource{10094}, uid=1000, pid=1556
06-14 17:40:09.285 1556 18234 D PowerManagerService: updateWakeLockSummaryLocked: mWakefulness=Awake, mWakeLockSummary=0x1
06-14 17:40:09.285 1556 18234 D PowerManagerService: updateUserActivitySummaryLocked: groupId=0, mWakefulness=Awake, mUserActivitySummary=0x1, nextTimeout=1810426 (in 59874 ms)
06-14 17:40:09.285 1556 18234 D PowerManagerNotifier: onScreenPolicyUpdate: newPolicy=3
06-14 17:40:09.285 1556 18234 D PowerManagerService: updateDisplayPowerStateLocked: displayReady=true, groupId=0, policy=BRIGHT, mWakefulness=Awake, mWakeLockSummary=0x1, mUserActivitySummary=0x1, mBootCompleted=true, screenBrightnessOverride=NaN, useAutoBrightness=true, mScreenBrightnessBoostInProgress=false, mIsVrModeEnabled= false, sQuiescent=false
06-14 17:40:09.285 1556 18234 D PowerManagerNotifier: onWakeLockAcquired: flags=1, tag="*launch*", packageName=android, ownerUid=1000, ownerPid=1556, workSource=WorkSource{10094}
06-14 17:40:09.287 18952 18952 I wm_on_top_resumed_lost_called: [106812043,com.android.launcher3.uioverrides.QuickstepLauncher,topStateChangedWhenResumed]
06-14 17:40:09.290 18952 18952 I wm_on_paused_called: [106812043,com.android.launcher3.uioverrides.QuickstepLauncher,performPause]
06-14 17:40:09.290 1556 4975 I ActivityTaskManager: FOREGROUND_APPLICATION_CHANGED to org.qiyi.android.video.MainActivity
06-14 17:40:09.291 1556 4975 I wm_set_resumed_activity: [0,com.qiyi.video/.WelcomeActivity,resumeTopActivityInnerLocked]
06-14 17:40:09.291 1556 4975 I wm_add_to_stopping: [0,106812043,com.android.launcher3/.uioverrides.QuickstepLauncher,makeInvisible]
06-14 17:40:09.292 1556 4975 D CompatibilityChangeReporter: Compat change id reported: 174042980; UID 10094; state: DISABLED
06-14 17:40:09.292 1556 4975 D CompatibilityChangeReporter: Compat change id reported: 181136395; UID 10094; state: DISABLED
06-14 17:40:09.293 1556 4975 D CompatibilityChangeReporter: Compat change id reported: 174042936; UID 10094; state: DISABLED
06-14 17:40:09.293 1556 4975 D CompatibilityChangeReporter: Compat change id reported: 184838306; UID 10094; state: DISABLED
06-14 17:40:09.294 1556 4975 D CompatibilityChangeReporter: Compat change id reported: 185004937; UID 10094; state: DISABLED
06-14 17:40:09.295 1556 4975 I wm_resume_activity: [0,255070162,1077,com.qiyi.video/.WelcomeActivity]
06-14 17:40:09.306 1556 1689 I sysui_multi_action: [757,803,799,window_time_0,802,0]
06-14 17:40:09.315 1556 1828 I input_focus: [Focus leaving fc034d7 com.android.launcher3/com.android.launcher3.uioverrides.QuickstepLauncher (server),reason=NO_WINDOW]
06-14 17:40:09.353 833 833 I wm_on_stop_called: [38821584,com.tencent.tmgp.sgame.SGameActivity,STOP_ACTIVITY_ITEM]
06-14 17:40:09.354 31113 31113 I wm_on_stop_called: [255070162,com.qiyi.video.WelcomeActivity,STOP_ACTIVITY_ITEM]
06-14 17:40:09.367 1556 1690 I input_focus: [Focus request 6c24166 com.qiyi.video/com.qiyi.video.WelcomeActivity,reason=UpdateInputWindows]
06-14 17:40:09.385 1556 1688 I commit_sys_config_file: [notification-policy,1740573]
06-14 17:40:09.398 1556 18234 D ActivityTaskManager: Skipping, freeform mode : Task{ebef0e6 #1076 type=standard A=10108:com.tencent.mm U=0 visible=false mode=freeform translucent=true sz=2 visible freeform task=true rootAffinity=10108:com.tencent.mm isMini=false}
06-14 17:40:09.410 1556 18234 D PowerManagerService: acquireWakeLockInternal: lock=40041955, flags=0x1, tag="AudioMix", ws=null, uid=1041, pid=0
06-14 17:40:09.410 1556 18234 D PowerManagerService: updateWakeLockSummaryLocked: mWakefulness=Awake, mWakeLockSummary=0x1
06-14 17:40:09.410 1556 18234 D PowerManagerService: updateUserActivitySummaryLocked: groupId=0, mWakefulness=Awake, mUserActivitySummary=0x1, nextTimeout=1810426 (in 59749 ms)
06-14 17:40:09.410 1556 18234 D PowerManagerNotifier: onScreenPolicyUpdate: newPolicy=3
06-14 17:40:09.410 1556 18234 D PowerManagerService: updateDisplayPowerStateLocked: displayReady=true, groupId=0, policy=BRIGHT, mWakefulness=Awake, mWakeLockSummary=0x1, mUserActivitySummary=0x1, mBootCompleted=true, screenBrightnessOverride=NaN, useAutoBrightness=true, mScreenBrightnessBoostInProgress=false, mIsVrModeEnabled= false, sQuiescent=false
06-14 17:40:09.410 1556 18234 D PowerManagerNotifier: onWakeLockAcquired: flags=1, tag="AudioMix", packageName=audioserver, ownerUid=1041, ownerPid=0, workSource=null
06-14 17:40:09.410 1556 18234 D PowerManagerService: acquireWakeLockInternal: lock=236155872, flags=0x1, tag="AudioMix", ws=null, uid=1041, pid=0
06-14 17:40:09.411 1556 18234 D PowerManagerService: updateWakeLockSummaryLocked: mWakefulness=Awake, mWakeLockSummary=0x1
06-14 17:40:09.411 1556 18234 D PowerManagerService: updateUserActivitySummaryLocked: groupId=0, mWakefulness=Awake, mUserActivitySummary=0x1, nextTimeout=1810426 (in 59748 ms)
06-14 17:40:09.411 1556 18234 D PowerManagerNotifier: onScreenPolicyUpdate: newPolicy=3
06-14 17:40:09.411 1556 18234 D PowerManagerService: updateDisplayPowerStateLocked: displayReady=true, groupId=0, policy=BRIGHT, mWakefulness=Awake, mWakeLockSummary=0x1, mUserActivitySummary=0x1, mBootCompleted=true, screenBrightnessOverride=NaN, useAutoBrightness=true, mScreenBrightnessBoostInProgress=false, mIsVrModeEnabled= false, sQuiescent=false
06-14 17:40:09.411 1556 18234 D PowerManagerNotifier: onWakeLockAcquired: flags=1, tag="AudioMix", packageName=audioserver, ownerUid=1041, ownerPid=0, workSource=null
06-14 17:40:09.411 1556 18234 D PowerManagerService: updateWakeLockWorkSourceInternal: lock=40041955 [AudioMix], ws=null
06-14 17:40:09.411 1556 18234 D PowerManagerService: acquireWakeLockInternal: lock=181847705, flags=0x1, tag="AudioMix", ws=null, uid=1041, pid=0
06-14 17:40:09.411 1556 18234 D PowerManagerService: updateWakeLockSummaryLocked: mWakefulness=Awake, mWakeLockSummary=0x1
06-14 17:40:09.411 1556 18234 D PowerManagerService: updateUserActivitySummaryLocked: groupId=0, mWakefulness=Awake, mUserActivitySummary=0x1, nextTimeout=1810426 (in 59748 ms)
06-14 17:40:09.411 1556 18234 D PowerManagerNotifier: onScreenPolicyUpdate: newPolicy=3
06-14 17:40:09.411 1556 18234 D PowerManagerService: updateDisplayPowerStateLocked: displayReady=true, groupId=0, policy=BRIGHT, mWakefulness=Awake, mWakeLockSummary=0x1, mUserActivitySummary=0x1, mBootCompleted=true, screenBrightnessOverride=NaN, useAutoBrightness=true, mScreenBrightnessBoostInProgress=false, mIsVrModeEnabled= false, sQuiescent=false
06-14 17:40:09.411 1556 18234 D PowerManagerNotifier: onWakeLockAcquired: flags=1, tag="AudioMix", packageName=audioserver, ownerUid=1041, ownerPid=0, workSource=null
06-14 17:40:09.411 1556 18234 D PowerManagerService: updateWakeLockWorkSourceInternal: lock=236155872 [AudioMix], ws=null
06-14 17:40:09.411 1556 18234 D PowerManagerService: updateWakeLockWorkSourceInternal: lock=181847705 [AudioMix], ws=null
06-14 17:40:09.411 1556 18234 D PowerManagerService: acquireWakeLockInternal: lock=21716318, flags=0x1, tag="AudioMix", ws=null, uid=1041, pid=0
06-14 17:40:09.411 1556 18234 D PowerManagerService: updateWakeLockSummaryLocked: mWakefulness=Awake, mWakeLockSummary=0x1
06-14 17:40:09.411 1556 18234 D PowerManagerService: updateUserActivitySummaryLocked: groupId=0, mWakefulness=Awake, mUserActivitySummary=0x1, nextTimeout=1810426 (in 59747 ms)
06-14 17:40:09.411 1556 18234 D PowerManagerNotifier: onScreenPolicyUpdate: newPolicy=3
06-14 17:40:09.412 1556 18234 D PowerManagerService: updateDisplayPowerStateLocked: displayReady=true, groupId=0, policy=BRIGHT, mWakefulness=Awake, mWakeLockSummary=0x1, mUserActivitySummary=0x1, mBootCompleted=true, screenBrightnessOverride=NaN, useAutoBrightness=true, mScreenBrightnessBoostInProgress=false, mIsVrModeEnabled= false, sQuiescent=false
06-14 17:40:09.412 1556 18234 D PowerManagerNotifier: onWakeLockAcquired: flags=1, tag="AudioMix", packageName=audioserver, ownerUid=1041, ownerPid=0, workSource=null
06-14 17:40:09.412 1556 18234 D PowerManagerService: updateWakeLockWorkSourceInternal: lock=21716318 [AudioMix], ws=null
06-14 17:40:09.414 1556 6487 D CompatibilityChangeReporter: Compat change id reported: 157929241; UID 1000; state: LOGGED
06-14 17:40:09.437 1556 1863 I GameModeConfig: isGameModeOn = false
06-14 17:40:09.437 1556 1863 I GameModeConfig: isGameModeOn = false
06-14 17:40:09.437 1556 1863 I GameModeConfig: isGameModeOn = false
06-14 17:40:09.437 1556 1863 I GameModeConfig: isGameModeOn = false
06-14 17:40:09.437 1556 1863 I GameModeConfig: isGameModeOn = false
06-14 17:40:09.438 1556 1863 I GameModeConfig: isGameModeOn = false
06-14 17:40:09.468 31113 31113 I wm_on_restart_called: [255070162,com.qiyi.video.WelcomeActivity,performRestartActivity]
06-14 17:40:09.481 31113 31113 I wm_on_start_called: [255070162,com.qiyi.video.WelcomeActivity,handleStartActivity]
06-14 17:40:09.512 31113 31113 I wm_on_resume_called: [255070162,com.qiyi.video.WelcomeActivity,RESUME_ACTIVITY]
06-14 17:40:09.566 31113 31113 I wm_on_top_resumed_gained_called: [255070162,com.qiyi.video.WelcomeActivity,topWhenResuming]
06-14 17:40:09.592 1556 5961 I ActivityTaskManager: Activity reported stop, but no longer stopping: ActivityRecord{f340fd2 u0 com.qiyi.video/.WelcomeActivity taskAffinity=10094:com.qiyi.video t1077} RESUMED
06-14 17:40:09.616 1556 5961 D WindowManager: relayoutVisibleWindow: Window{6c24166 u0 com.qiyi.video/com.qiyi.video.WelcomeActivity EXITING} mAnimatingExit=true, mRemoveOnExit=false, mDestroying=false
06-14 17:40:09.617 1556 1690 I input_focus: [Focus request 6c24166 com.qiyi.video/com.qiyi.video.WelcomeActivity,reason=UpdateInputWindows]
06-14 17:40:09.642 1556 1686 I wm_activity_launch_time: [0,255070162,com.qiyi.video/.WelcomeActivity,449]
06-14 17:40:09.648 1556 1828 I input_focus: [Focus entering 6c24166 com.qiyi.video/com.qiyi.video.WelcomeActivity (server),reason=Window became focusable. Previous reason: NOT_FOCUSABLE]
06-14 17:40:09.687 1556 1688 I commit_sys_config_file: [notification-policy,1740874]
06-14 17:40:09.805 490 490 I auditd : type=1400 audit(0.0:5164): avc: denied { read } for comm="HCDN_EduNetwork" name="sdcard" dev="tmpfs" ino=2325 scontext=u:r:untrusted_app:s0:c94,c256,c512,c768 tcontext=u:object_r:mnt_sdcard_file:s0 tclass=lnk_file permissive=0 app=com.qiyi.video
06-14 17:40:09.828 0 0 I [ 1751.095517] msm_vidc: high: 00000002: ....d: Opening video instance: 0000000000000000, 1
06-14 17:40:09.819 1556 18734 D PowerManagerService: releaseWakeLockInternal: lock=110154549 [*launch*], flags=0x0
06-14 17:40:09.819 1556 18734 D PowerManagerNotifier: onWakeLockReleased: flags=1, tag="*launch*", packageName=android, ownerUid=1000, ownerPid=1556, workSource=WorkSource{10094}
06-14 17:40:09.820 1556 18734 D PowerManagerService: updateWakeLockSummaryLocked: mWakefulness=Awake, mWakeLockSummary=0x1
06-14 17:40:09.820 1556 18734 D PowerManagerService: updateUserActivitySummaryLocked: groupId=0, mWakefulness=Awake, mUserActivitySummary=0x1, nextTimeout=1810426 (in 59339 ms)
06-14 17:40:09.820 1556 18734 D PowerManagerNotifier: onScreenPolicyUpdate: newPolicy=3
06-14 17:40:09.820 1556 18734 D PowerManagerService: updateDisplayPowerStateLocked: displayReady=true, groupId=0, policy=BRIGHT, mWakefulness=Awake, mWakeLockSummary=0x1, mUserActivitySummary=0x1, mBootCompleted=true, screenBrightnessOverride=NaN, useAutoBrightness=true, mScreenBrightnessBoostInProgress=false, mIsVrModeEnabled= false, sQuiescent=false
06-14 17:40:09.836 0 0 I [ 1751.095552] msm_vidc: err : 00000002: ....d: Failed to create debugfs for msm_vidc
06-14 17:40:09.805 490 490 I auditd : type=1400 audit(0.0:5165): avc: denied { read } for comm="HCDN_EduNetwork" name="sdcard" dev="tmpfs" ino=2325 scontext=u:r:untrusted_app:s0:c94,c256,c512,c768 tcontext=u:object_r:mnt_sdcard_file:s0 tclass=lnk_file permissive=0 app=com.qiyi.video
06-14 17:40:09.805 490 490 I auditd : type=1400 audit(0.0:5166): avc: denied { read } for comm="HCDN_EduNetwork" name="sdcard" dev="tmpfs" ino=2325 scontext=u:r:untrusted_app:s0:c94,c256,c512,c768 tcontext=u:object_r:mnt_sdcard_file:s0 tclass=lnk_file permissive=0 app=com.qiyi.video
06-14 17:40:09.805 490 490 I auditd : type=1400 audit(0.0:5167): avc: denied { read } for comm="HCDN_EduNetwork" name="sdcard" dev="tmpfs" ino=2325 scontext=u:r:untrusted_app:s0:c94,c256,c512,c768 tcontext=u:object_r:mnt_sdcard_file:s0 tclass=lnk_file permissive=0 app=com.qiyi.video
06-14 17:40:09.855 1556 1689 I wm_stop_activity: [0,106812043,com.android.launcher3/.uioverrides.QuickstepLauncher]
06-14 17:40:09.880 18952 18952 I wm_on_stop_called: [106812043,com.android.launcher3.uioverrides.QuickstepLauncher,STOP_ACTIVITY_ITEM]
06-14 17:40:09.933 490 1623 D ActivityThread: Loading provider com.qiyi.video.pingback.provider: org.qiyi.android.pingback.internal.db.PingbackContentProvider
06-14 17:40:10.310 1556 1828 I input_interaction: Interaction with: 6c24166 com.qiyi.video/com.qiyi.video.WelcomeActivity (server), edge-swipe (server), swipe-up (server), PointerEventDispatcher0 (server),
06-14 17:40:10.310 1556 1828 D PowerManagerService: userActivityNoUpdateLocked: groupId=0, eventTime=1751577, event=2, flags=0x0, uid=1000
06-14 17:40:10.310 1556 1828 D PowerManagerNotifier: onUserActivity: event=2, uid=1000
06-14 17:40:10.310 1556 1828 D PowerManagerService: updateUserActivitySummaryLocked: groupId=0, mWakefulness=Awake, mUserActivitySummary=0x1, nextTimeout=1811577 (in 60000 ms)
06-14 17:40:10.310 1556 1828 D PowerManagerNotifier: onScreenPolicyUpdate: newPolicy=3
06-14 17:40:10.310 1556 1828 D PowerManagerService: updateDisplayPowerStateLocked: displayReady=true, groupId=0, policy=BRIGHT, mWakefulness=Awake, mWakeLockSummary=0x1, mUserActivitySummary=0x1, mBootCompleted=true, screenBrightnessOverride=NaN, useAutoBrightness=true, mScreenBrightnessBoostInProgress=false, mIsVrModeEnabled= false, sQuiescent=false
06-14 17:40:10.312 1556 6413 D ActivityTaskManager: Skipping, freeform mode : Task{ebef0e6 #1076 type=standard A=10108:com.tencent.mm U=0 visible=false mode=freeform translucent=true sz=2 visible freeform task=true rootAffinity=10108:com.tencent.mm isMini=false}
06-14 17:40:10.313 1556 5961 I wm_task_moved: [937,0,0]
06-14 17:40:10.313 1556 5961 I wm_task_moved: [937,0,7]
06-14 17:40:10.329 1556 1690 I input_focus: [Focus request recents_animation_input_consumer,reason=UpdateInputWindows]
06-14 17:40:10.332 18952 18952 I wm_on_restart_called: [106812043,com.android.launcher3.uioverrides.QuickstepLauncher,performRestartActivity]
06-14 17:40:10.336 1556 1828 I input_interaction: Interaction with: edge-swipe (server), swipe-up (server), PointerEventDispatcher0 (server),
06-14 17:40:10.345 31113 31113 I view_enqueue_input_event: [Motion - Cancel,com.qiyi.video/com.qiyi.video.WelcomeActivity]
06-14 17:40:10.348 1556 1828 I input_focus: [Focus leaving 6c24166 com.qiyi.video/com.qiyi.video.WelcomeActivity (server),reason=NOT_FOCUSABLE]
06-14 17:40:10.349 1556 1828 I input_focus: [Focus entering recents_animation_input_consumer (server),reason=setFocusedWindow]
06-14 17:40:10.394 18952 18952 I wm_on_start_called: [106812043,com.android.launcher3.uioverrides.QuickstepLauncher,handleStartActivity]
06-14 17:40:10.406 18952 18952 I sysui_latency: [1,96]
06-14 17:40:10.413 1556 1686 I sysui_multi_action: [319,4,322,96,325,1751,757,761,758,9,759,5,806,com.android.launcher3,871,com.android.launcher3.uioverrides.QuickstepLauncher,904,com.android.launcher3,905,0,1320,8,1321,5]
06-14 17:40:10.512 0 0 E [ 1751.776239] link_delay_work_func: DTC_ETH: SQI=0, link=0
06-14 17:40:10.594 1556 1817 I commit_sys_config_file: [settings-1-0,0]
06-14 17:40:10.713 1556 1695 I sysui_latency: [8,98]
06-14 17:40:10.746 1556 1847 D PowerManagerService: acquireWakeLockInternal: lock=56966882, flags=0x1, tag="NetworkStats", ws=null, uid=1000, pid=1556
06-14 17:40:10.746 1556 1847 D PowerManagerService: updateWakeLockSummaryLocked: mWakefulness=Awake, mWakeLockSummary=0x1
06-14 17:40:10.746 1556 1847 D PowerManagerService: updateUserActivitySummaryLocked: groupId=0, mWakefulness=Awake, mUserActivitySummary=0x1, nextTimeout=1811577 (in 59563 ms)
06-14 17:40:10.746 1556 1847 D PowerManagerNotifier: onScreenPolicyUpdate: newPolicy=3
06-14 17:40:10.747 1556 1847 D PowerManagerService: updateDisplayPowerStateLocked: displayReady=true, groupId=0, policy=BRIGHT, mWakefulness=Awake, mWakeLockSummary=0x1, mUserActivitySummary=0x1, mBootCompleted=true, screenBrightnessOverride=NaN, useAutoBrightness=true, mScreenBrightnessBoostInProgress=false, mIsVrModeEnabled= false, sQuiescent=false
06-14 17:40:10.747 1556 1847 D PowerManagerNotifier: onWakeLockAcquired: flags=1, tag="NetworkStats", packageName=android, ownerUid=1000, ownerPid=1556, workSource=null
06-14 17:40:10.752 1556 1847 I netstats_mobile_sample: [0,0,0,0,0,0,0,0,0,0,0,0,1686735610752]
06-14 17:40:10.752 1556 1847 I netstats_wifi_sample: [73674827,82220,13627930,57990,73674827,82220,13627930,57990,76630083,87556,13050200,56215,1686735610752]
06-14 17:40:10.752 1556 1847 D PowerManagerService: releaseWakeLockInternal: lock=56966882 [NetworkStats], flags=0x0
06-14 17:40:10.752 1556 1847 D PowerManagerNotifier: onWakeLockReleased: flags=1, tag="NetworkStats", packageName=android, ownerUid=1000, ownerPid=1556, workSource=null
06-14 17:40:10.752 1556 1847 D PowerManagerService: updateWakeLockSummaryLocked: mWakefulness=Awake, mWakeLockSummary=0x1
06-14 17:40:10.752 1556 1847 D PowerManagerService: updateUserActivitySummaryLocked: groupId=0, mWakefulness=Awake, mUserActivitySummary=0x1, nextTimeout=1811577 (in 59558 ms)
06-14 17:40:10.752 1556 1847 D PowerManagerNotifier: onScreenPolicyUpdate: newPolicy=3
06-14 17:40:10.752 1556 1847 D PowerManagerService: updateDisplayPowerStateLocked: displayReady=true, groupId=0, policy=BRIGHT, mWakefulness=Awake, mWakeLockSummary=0x1, mUserActivitySummary=0x1, mBootCompleted=true, screenBrightnessOverride=NaN, useAutoBrightness=true, mScreenBrightnessBoostInProgress=false, mIsVrModeEnabled= false, sQuiescent=false
06-14 17:40:11.028 1556 1828 I input_interaction: Interaction with: recents_animation_input_consumer (server), edge-swipe (server), swipe-up (server), PointerEventDispatcher0 (server),
06-14 17:40:11.028 1556 1828 D PowerManagerService: userActivityNoUpdateLocked: groupId=0, eventTime=1752295, event=2, flags=0x0, uid=1000
06-14 17:40:11.028 1556 1828 D PowerManagerNotifier: onUserActivity: event=2, uid=1000
06-14 17:40:11.029 1556 1828 D PowerManagerService: updateUserActivitySummaryLocked: groupId=0, mWakefulness=Awake, mUserActivitySummary=0x1, nextTimeout=1812295 (in 59999 ms)
06-14 17:40:11.029 1556 1828 D PowerManagerNotifier: onScreenPolicyUpdate: newPolicy=3
06-14 17:40:11.029 1556 1828 D PowerManagerService: updateDisplayPowerStateLocked: displayReady=true, groupId=0, policy=BRIGHT, mWakefulness=Awake, mWakeLockSummary=0x1, mUserActivitySummary=0x1, mBootCompleted=true, screenBrightnessOverride=NaN, useAutoBrightness=true, mScreenBrightnessBoostInProgress=false, mIsVrModeEnabled= false, sQuiescent=false
06-14 17:40:11.047 1556 6413 I wm_task_moved: [937,1,8]
06-14 17:40:11.047 1556 6413 I wm_task_moved: [938,1,2147483647]
06-14 17:40:11.047 1556 6413 I wm_task_to_front: [0,938]
06-14 17:40:11.047 1556 6413 I wm_focused_root_task: [0,0,937,1077,RecentsAnimation.onAnimationFinished()]
06-14 17:40:11.047 31113 31113 I wm_on_top_resumed_lost_called: [255070162,com.qiyi.video.WelcomeActivity,topStateChangedWhenResumed]
06-14 17:40:11.047 1556 6413 I wm_set_resumed_activity: [0,com.android.launcher3/.uioverrides.QuickstepLauncher,RecentsAnimation.onAnimationFinished()]
06-14 17:40:11.048 1556 6413 I wm_pause_activity: [0,255070162,com.qiyi.video/.WelcomeActivity,userLeaving=true,pauseBackTasks]
06-14 17:40:11.048 1556 6413 D PowerManagerService: acquireWakeLockInternal: lock=110154549, flags=0x1, tag="*launch*", ws=WorkSource{10069}, uid=1000, pid=1556
06-14 17:40:11.048 1556 6413 D PowerManagerService: updateWakeLockSummaryLocked: mWakefulness=Awake, mWakeLockSummary=0x1
06-14 17:40:11.048 1556 6413 D PowerManagerService: updateUserActivitySummaryLocked: groupId=0, mWakefulness=Awake, mUserActivitySummary=0x1, nextTimeout=1812295 (in 59980 ms)
06-14 17:40:11.048 1556 6413 D PowerManagerNotifier: onScreenPolicyUpdate: newPolicy=3
06-14 17:40:11.048 1556 6413 D PowerManagerService: updateDisplayPowerStateLocked: displayReady=true, groupId=0, policy=BRIGHT, mWakefulness=Awake, mWakeLockSummary=0x1, mUserActivitySummary=0x1, mBootCompleted=true, screenBrightnessOverride=NaN, useAutoBrightness=true, mScreenBrightnessBoostInProgress=false, mIsVrModeEnabled= false, sQuiescent=false
06-14 17:40:11.048 1556 6413 D PowerManagerNotifier: onWakeLockAcquired: flags=1, tag="*launch*", packageName=android, ownerUid=1000, ownerPid=1556, workSource=WorkSource{10069}
06-14 17:40:11.048 1556 6413 I wm_add_to_stopping: [0,255070162,com.qiyi.video/.WelcomeActivity,makeInvisible]
06-14 17:40:11.048 1556 6413 I ActivityTaskManager: FOREGROUND_APPLICATION_CHANGED to com.android.launcher3.uioverrides.QuickstepLauncher
06-14 17:40:11.049 1556 6413 I wm_set_resumed_activity: [0,com.android.launcher3/.uioverrides.QuickstepLauncher,resumeTopActivityInnerLocked]
06-14 17:40:11.051 1556 6413 I wm_resume_activity: [0,106812043,938,com.android.launcher3/.uioverrides.QuickstepLauncher]
06-14 17:40:11.051 18952 18952 I wm_on_resume_called: [106812043,com.android.launcher3.uioverrides.QuickstepLauncher,RESUME_ACTIVITY]
06-14 17:40:11.054 1556 1690 I input_focus: [Focus request fc034d7 com.android.launcher3/com.android.launcher3.uioverrides.QuickstepLauncher,reason=UpdateInputWindows]
06-14 17:40:11.054 1556 6270 I ActivityTaskManager: START u0 {flg=0x10010000 cmp=com.android.launcher3/com.android.quickstep.RecentsActivity} from uid 10069
06-14 17:40:11.055 1556 6270 D ActivityTaskManager: TaskLaunchParamsModifier:task=null activity=ActivityRecord{6e35b2c u0 com.android.launcher3/com.android.quickstep.RecentsActivity taskAffinity=null display-id=0 display-windowing-mode=1 suggested-display-area=DefaultTaskDisplayArea@142405141
06-14 17:40:11.057 1556 6270 D ActivityTaskManager: TaskLaunchParamsModifier:task=null activity=ActivityRecord{6e35b2c u0 com.android.launcher3/com.android.quickstep.RecentsActivity taskAffinity=null t-1} display-id=0 display-windowing-mode=1 suggested-display-area=DefaultTaskDisplayArea@142405141 non-freeform-display display-area=DefaultTaskDisplayArea@142405141
06-14 17:40:11.058 1556 6270 I wm_task_created: [1083,-1]
06-14 17:40:11.058 1556 6270 W ActivityTaskManager: Can't find TaskDisplayArea to determine support for multi window. Task id=1083 attached=false
06-14 17:40:11.058 1556 6270 I wm_task_created: [1084,-1]
06-14 17:40:11.059 1556 6270 I wm_task_moved: [1084,0,-2147483648]
06-14 17:40:11.059 1556 6270 D ActivityTaskManager: TaskLaunchParamsModifier:task=Task{133edfb #1084 type=recents I=com.android.launcher3/com.android.quickstep.RecentsActivity U=0 rootTaskId=1083 visible=false mode=fullscreen translucent=true sz=0 visible freeform task=true rootAffinity=null isMini=false} activity=ActivityRecord{6e35b2c u0 com.android.launcher3/com.android.quickstep.RecentsActivity taskAffinity=null t-1} display-from-task=0 display-id=0 display-windowing-mode=1 suggested-display-area=DefaultTaskDisplayArea@142405141 non-freeform-display display-area=DefaultTaskDisplayArea@142405141
06-14 17:40:11.060 1556 6270 I wm_create_task: [0,1084]
06-14 17:40:11.060 1556 6270 I wm_create_activity: [0,115563308,1084,com.android.launcher3/com.android.quickstep.RecentsActivity,NULL,NULL,NULL,276889600]
06-14 17:40:11.060 1556 6270 I wm_task_moved: [1083,0,0]
06-14 17:40:11.060 1556 6270 I wm_task_moved: [1083,0,8]
06-14 17:40:11.064 1556 6270 I ActivityTaskManager: The Process com.android.launcher3 Already Exists in BG. So sending its PID: 18952
06-14 17:40:11.064 1556 6270 W ActivityTaskManager: Tried to set launchTime (0) < mLastActivityLaunchTime (1750465)
06-14 17:40:11.064 1556 1828 I input_focus: [Focus leaving recents_animation_input_consumer (server),reason=NOT_VISIBLE]
06-14 17:40:11.065 1556 6270 I wm_restart_activity: [0,115563308,1084,com.android.launcher3/com.android.quickstep.RecentsActivity]
06-14 17:40:11.070 1556 1689 I wm_stop_activity: [0,255070162,com.qiyi.video/.WelcomeActivity]
06-14 17:40:11.075 1556 6660 I WindowManager: Queue is too deep! Purged item with taskid=1076
06-14 17:40:11.075 1556 1689 I sysui_multi_action: [757,803,799,window_time_0,802,2]
06-14 17:40:11.076 1556 1689 I sysui_multi_action: [757,803,799,window_time_0,802,0]
06-14 17:40:11.078 1556 18234 I wm_task_moved: [1083,1,9]
06-14 17:40:11.078 1556 18234 I wm_focused_root_task: [0,0,1083,937,RecentsAnimation.onAnimationFinished()]
06-14 17:40:11.078 1556 18234 I wm_pause_activity: [0,106812043,com.android.launcher3/.uioverrides.QuickstepLauncher,userLeaving=false,pauseBackTasks]
06-14 17:40:11.078 1556 18234 D PowerManagerService: acquireWakeLockInternal: lock=110154549, flags=0x1, tag="*launch*", ws=WorkSource{10069}, uid=1000, pid=1556
06-14 17:40:11.079 1556 18234 D PowerManagerService: updateWakeLockSummaryLocked: mWakefulness=Awake, mWakeLockSummary=0x1
06-14 17:40:11.079 1556 18234 D PowerManagerService: updateUserActivitySummaryLocked: groupId=0, mWakefulness=Awake, mUserActivitySummary=0x1, nextTimeout=1812295 (in 59949 ms)
06-14 17:40:11.079 1556 18234 D PowerManagerNotifier: onScreenPolicyUpdate: newPolicy=3
06-14 17:40:11.079 1556 18234 D PowerManagerService: updateDisplayPowerStateLocked: displayReady=true, groupId=0, policy=BRIGHT, mWakefulness=Awake, mWakeLockSummary=0x1, mUserActivitySummary=0x1, mBootCompleted=true, screenBrightnessOverride=NaN, useAutoBrightness=true, mScreenBrightnessBoostInProgress=false, mIsVrModeEnabled= false, sQuiescent=false
06-14 17:40:11.079 1556 18234 I ActivityTaskManager: FOREGROUND_APPLICATION_CHANGED to com.android.quickstep.RecentsActivity
06-14 17:40:11.079 1556 18234 I wm_set_resumed_activity: [0,com.android.launcher3/com.android.quickstep.RecentsActivity,resumeTopActivityInnerLocked]
06-14 17:40:11.079 1556 18234 I wm_resume_activity: [0,115563308,1084,com.android.launcher3/com.android.quickstep.RecentsActivity]
06-14 17:40:11.081 1556 1828 I input_focus: [Focus entering fc034d7 com.android.launcher3/com.android.launcher3.uioverrides.QuickstepLauncher (server),reason=setFocusedWindow]
06-14 17:40:11.083 1556 1590 I wm_finish_activity: [0,115563308,1084,com.android.launcher3/com.android.quickstep.RecentsActivity,app-request]
06-14 17:40:11.083 1556 1590 I wm_task_moved: [937,1,9]
06-14 17:40:11.084 1556 1590 I wm_task_moved: [938,1,2147483647]
06-14 17:40:11.084 1556 1590 I wm_focused_root_task: [0,0,937,-1,finish-top adjustFocusToNextFocusableTask]
06-14 17:40:11.084 1556 1590 I wm_pause_activity: [0,115563308,com.android.launcher3/com.android.quickstep.RecentsActivity,userLeaving=false,finish]
06-14 17:40:11.084 1556 1590 D PowerManagerService: acquireWakeLockInternal: lock=110154549, flags=0x1, tag="*launch*", ws=WorkSource{10069}, uid=1000, pid=1556
06-14 17:40:11.084 1556 1590 D PowerManagerService: updateWakeLockSummaryLocked: mWakefulness=Awake, mWakeLockSummary=0x1
06-14 17:40:11.084 1556 1590 D PowerManagerService: updateUserActivitySummaryLocked: groupId=0, mWakefulness=Awake, mUserActivitySummary=0x1, nextTimeout=1812295 (in 59944 ms)
06-14 17:40:11.084 1556 1590 D PowerManagerNotifier: onScreenPolicyUpdate: newPolicy=3
06-14 17:40:11.084 1556 1590 D PowerManagerService: updateDisplayPowerStateLocked: displayReady=true, groupId=0, policy=BRIGHT, mWakefulness=Awake, mWakeLockSummary=0x1, mUserActivitySummary=0x1, mBootCompleted=true, screenBrightnessOverride=NaN, useAutoBrightness=true, mScreenBrightnessBoostInProgress=false, mIsVrModeEnabled= false, sQuiescent=false
06-14 17:40:11.086 18952 18952 I wm_on_create_called: [115563308,com.android.quickstep.RecentsActivity,performCreate]
06-14 17:40:11.086 1556 1690 I input_focus: [Focus request fc034d7 com.android.launcher3/com.android.launcher3.uioverrides.QuickstepLauncher,reason=UpdateInputWindows]
06-14 17:40:11.087 1556 1689 I sysui_multi_action: [757,803,799,window_time_0,802,0]
06-14 17:40:11.088 18952 18952 I wm_on_top_resumed_gained_called: [106812043,com.android.launcher3.uioverrides.QuickstepLauncher,topStateChangedWhenResumed]
06-14 17:40:11.088 18952 18952 I wm_on_top_resumed_lost_called: [106812043,com.android.launcher3.uioverrides.QuickstepLauncher,topStateChangedWhenResumed]
06-14 17:40:11.089 31113 31113 I wm_on_paused_called: [255070162,com.qiyi.video.WelcomeActivity,performPause]
06-14 17:40:11.089 18952 18952 I wm_on_paused_called: [106812043,com.android.launcher3.uioverrides.QuickstepLauncher,performPause]
06-14 17:40:11.089 1556 1689 I sysui_multi_action: [757,1144,758,8,806,com.android.launcher3,871,com.android.quickstep.RecentsActivity]
06-14 17:40:11.089 1556 1689 I sysui_multi_action: [757,803,799,window_time_0,802,0]
06-14 17:40:11.090 1556 18234 I ActivityTaskManager: FOREGROUND_APPLICATION_CHANGED to com.android.launcher3.uioverrides.QuickstepLauncher
06-14 17:40:11.090 1556 18234 I wm_set_resumed_activity: [0,com.android.launcher3/.uioverrides.QuickstepLauncher,resumeTopActivityInnerLocked]
06-14 17:40:11.091 1556 18234 I wm_resume_activity: [0,106812043,938,com.android.launcher3/.uioverrides.QuickstepLauncher]
06-14 17:40:11.097 1556 1689 I sysui_multi_action: [757,803,799,window_time_0,802,0]
06-14 17:40:11.100 18952 18952 I wm_on_resume_called: [106812043,com.android.launcher3.uioverrides.QuickstepLauncher,RESUME_ACTIVITY]
06-14 17:40:11.100 18952 18952 I wm_on_top_resumed_gained_called: [106812043,com.android.launcher3.uioverrides.QuickstepLauncher,topWhenResuming]
06-14 17:40:11.104 1556 6270 D PowerManagerService: releaseWakeLockInternal: lock=110154549 [*launch*], flags=0x0
06-14 17:40:11.104 1556 6270 D PowerManagerNotifier: onWakeLockReleased: flags=1, tag="*launch*", packageName=android, ownerUid=1000, ownerPid=1556, workSource=WorkSource{10069}
06-14 17:40:11.104 1556 6270 D PowerManagerService: updateWakeLockSummaryLocked: mWakefulness=Awake, mWakeLockSummary=0x1
06-14 17:40:11.104 1556 6270 D PowerManagerService: updateUserActivitySummaryLocked: groupId=0, mWakefulness=Awake, mUserActivitySummary=0x1, nextTimeout=1812295 (in 59924 ms)
06-14 17:40:11.104 1556 6270 D PowerManagerNotifier: onScreenPolicyUpdate: newPolicy=3
06-14 17:40:11.104 1556 6270 D PowerManagerService: updateDisplayPowerStateLocked: displayReady=true, groupId=0, policy=BRIGHT, mWakefulness=Awake, mWakeLockSummary=0x1, mUserActivitySummary=0x1, mBootCompleted=true, screenBrightnessOverride=NaN, useAutoBrightness=true, mScreenBrightnessBoostInProgress=false, mIsVrModeEnabled= false, sQuiescent=false
06-14 17:40:11.104 1556 6270 I wm_destroy_activity: [0,115563308,1084,com.android.launcher3/com.android.quickstep.RecentsActivity,finish-idle]
06-14 17:40:11.105 18952 18952 I wm_on_destroy_called: [115563308,com.android.quickstep.RecentsActivity,performDestroy]
06-14 17:40:11.106 1556 6270 I wm_task_removed: [1084,cleanUpResourcesForDestroy]
06-14 17:40:11.106 1556 6270 I wm_task_removed: [1083,removeChild:removeChild last r=Task{133edfb #1084 type=recents I=com.android.launcher3/com.android.quickstep.RecentsActivity U=0 visible=false mode=fullscreen translucent=true sz=0 visible freeform task=true rootAffinity=null isMini=false} in t=Task{37afca9 #1083 type=recents ?? U=0 visible=false mode=fullscreen translucent=true sz=0 visible freeform task=true rootAffinity=null isMini=false}]
06-14 17:40:11.106 1556 6270 I wm_task_removed: [1083,removeChild]
06-14 17:40:11.106 1556 6270 I wm_task_removed: [1084,removeChild:removeChild last r=ActivityRecord{6e35b2c u0 com.android.launcher3/com.android.quickstep.RecentsActivity taskAffinity=null t-1 f}} in t=Task{133edfb #1084 type=recents I=com.android.launcher3/com.android.quickstep.RecentsActivity U=0 visible=false mode=fullscreen translucent=true sz=0 visible freeform task=true rootAffinity=null isMini=false}]
06-14 17:40:11.106 1556 6270 I wm_task_removed: [1084,removeChild]
06-14 17:40:11.116 1556 1590 I thunderperf: PlatormCompat.setOverrides: Uid1=10069 Pid1=18952 Uid2=10069 Pid2=18952
06-14 17:40:11.116 1556 1590 I thunderperf: PlatormCompat.setOverrides: needCheck:false
06-14 17:40:11.116 1556 1590 I thunderperf: CompatConfig.addOverrideUnsafe: bef-state=1
06-14 17:40:11.116 1556 1590 E thunderperf: CompatConfig.addOverrideUnsafe: exception:java.lang.SecurityException: Cannot override a change on a non-debuggable app and user build.
06-14 17:40:11.116 1556 1590 I thunderperf: CompatConfig.addOverrideUnsafe: aft-state=1
06-14 17:40:11.117 1556 1590 I thunderperf: CompatConfig.addOverrideUnsafe: bef-state=1
06-14 17:40:11.117 1556 1590 E thunderperf: CompatConfig.addOverrideUnsafe: exception:java.lang.SecurityException: Cannot override a change on a non-debuggable app and user build.
06-14 17:40:11.117 1556 1590 I thunderperf: CompatConfig.addOverrideUnsafe: aft-state=1
06-14 17:40:11.117 1556 1590 I thunderperf: CompatConfig.addOverrideUnsafe: bef-state=1
06-14 17:40:11.117 1556 1590 E thunderperf: CompatConfig.addOverrideUnsafe: exception:java.lang.SecurityException: Cannot override a change on a non-debuggable app and user build.
06-14 17:40:11.117 1556 1590 I thunderperf: CompatConfig.addOverrideUnsafe: aft-state=1
06-14 17:40:11.118 1556 1590 I thunderperf: CompatConfig.addOverrideUnsafe: bef-state=1
06-14 17:40:11.118 1556 1590 E thunderperf: CompatConfig.addOverrideUnsafe: exception:java.lang.SecurityException: Cannot override a change on a non-debuggable app and user build.
06-14 17:40:11.118 1556 1590 I thunderperf: CompatConfig.addOverrideUnsafe: aft-state=1
06-14 17:40:11.118 1556 1590 I thunderperf: CompatConfig.addOverrideUnsafe: bef-state=1
06-14 17:40:11.118 1556 1590 E thunderperf: CompatConfig.addOverrideUnsafe: exception:java.lang.SecurityException: Cannot override a change on a non-debuggable app and user build.
06-14 17:40:11.118 1556 1590 I thunderperf: CompatConfig.addOverrideUnsafe: aft-state=1
06-14 17:40:11.119 1556 1590 I thunderperf: CompatConfig.addOverrideUnsafe: bef-state=1
06-14 17:40:11.119 1556 1590 E thunderperf: CompatConfig.addOverrideUnsafe: exception:java.lang.SecurityException: Cannot override a change on a non-debuggable app and user build.
06-14 17:40:11.119 1556 1590 I thunderperf: CompatConfig.addOverrideUnsafe: aft-state=1
06-14 17:40:11.119 1556 1590 I thunderperf: CompatConfig.addOverrideUnsafe: bef-state=1
06-14 17:40:11.119 1556 1590 E thunderperf: CompatConfig.addOverrideUnsafe: exception:java.lang.SecurityException: Cannot override a change on a non-debuggable app and user build.
06-14 17:40:11.119 1556 1590 I thunderperf: CompatConfig.addOverrideUnsafe: aft-state=1
06-14 17:40:11.120 1556 1590 I thunderperf: CompatConfig.addOverrideUnsafe: bef-state=1
06-14 17:40:11.120 1556 1590 E thunderperf: CompatConfig.addOverrideUnsafe: exception:java.lang.SecurityException: Cannot override a change on a non-debuggable app and user build.
06-14 17:40:11.120 1556 1590 I thunderperf: CompatConfig.addOverrideUnsafe: aft-state=1
06-14 17:40:11.120 1556 1590 I thunderperf: CompatConfig.addOverrideUnsafe: bef-state=1
06-14 17:40:11.120 1556 1590 E thunderperf: CompatConfig.addOverrideUnsafe: exception:java.lang.SecurityException: Cannot override a change on a non-debuggable app and user build.
06-14 17:40:11.120 1556 1590 I thunderperf: CompatConfig.addOverrideUnsafe: aft-state=1
06-14 17:40:11.121 1556 1590 I thunderperf: CompatConfig.addOverrideUnsafe: bef-state=1
06-14 17:40:11.121 1556 1590 E thunderperf: CompatConfig.addOverrideUnsafe: exception:java.lang.SecurityException: Cannot override a change on a non-debuggable app and user build.
06-14 17:40:11.121 1556 1590 I thunderperf: CompatConfig.addOverrideUnsafe: aft-state=1
06-14 17:40:11.121 1556 1590 I thunderperf: CompatConfig.addOverrideUnsafe: bef-state=1
06-14 17:40:11.122 1556 1590 E thunderperf: CompatConfig.addOverrideUnsafe: exception:java.lang.SecurityException: Cannot override a change on a non-debuggable app and user build.
06-14 17:40:11.122 1556 1590 I thunderperf: CompatConfig.addOverrideUnsafe: aft-state=1
06-14 17:40:11.122 1556 1590 I thunderperf: CompatConfig.addOverrideUnsafe: bef-state=1
06-14 17:40:11.122 1556 1590 E thunderperf: CompatConfig.addOverrideUnsafe: exception:java.lang.SecurityException: Cannot override a change on a non-debuggable app and user build.
06-14 17:40:11.122 1556 1590 I thunderperf: CompatConfig.addOverrideUnsafe: aft-state=1
06-14 17:40:11.122 1556 1590 I thunderperf: CompatConfig.addOverrideUnsafe: bef-state=1
06-14 17:40:11.122 1556 1590 E thunderperf: CompatConfig.addOverrideUnsafe: exception:java.lang.SecurityException: Cannot override a change on a non-debuggable app and user build.
06-14 17:40:11.122 1556 1590 I thunderperf: CompatConfig.addOverrideUnsafe: aft-state=1
06-14 17:40:11.123 1556 1590 I thunderperf: CompatConfig.addOverrideUnsafe: bef-state=1
06-14 17:40:11.123 1556 1590 E thunderperf: CompatConfig.addOverrideUnsafe: exception:java.lang.SecurityException: Cannot override a change on a non-debuggable app and user build.
06-14 17:40:11.123 1556 1590 I thunderperf: CompatConfig.addOverrideUnsafe: aft-state=1
06-14 17:40:11.127 1556 1590 I ActivityTaskManager: START u0 {act=android.intent.action.MAIN cat=[android.intent.category.LAUNCHER] flg=0x10200000 cmp=com.hunantv.imgo.activity/.MainActivity bnds=[1626,394][1926,692]} from uid 10069
06-14 17:40:11.129 31113 31113 I wm_on_stop_called: [255070162,com.qiyi.video.WelcomeActivity,STOP_ACTIVITY_ITEM]
06-14 17:40:11.131 0 0 W [ 1752.395085] audit: audit_lost=4256 audit_rate_limit=5 audit_backlog_limit=64
06-14 17:40:11.131 0 0 E [ 1752.395090] audit: rate limit exceeded
06-14 17:40:11.121 490 490 I auditd : type=1400 audit(0.0:5169): avc: denied { read } for comm="Cube" name="sdcard" dev="tmpfs" ino=2325 scontext=u:r:untrusted_app:s0:c94,c256,c512,c768 tcontext=u:object_r:mnt_sdcard_file:s0 tclass=lnk_file permissive=0 app=com.qiyi.video
06-14 17:40:11.121 490 490 I auditd : type=1400 audit(0.0:5168): avc: denied { read } for comm="HCDN_CStorageEn" name="sdcard" dev="tmpfs" ino=2325 scontext=u:r:untrusted_app:s0:c94,c256,c512,c768 tcontext=u:object_r:mnt_sdcard_file:s0 tclass=lnk_file permissive=0 app=com.qiyi.video
06-14 17:40:11.121 490 490 I auditd : type=1400 audit(0.0:5170): avc: denied { read } for comm="HCDN_CStorageEn" name="sdcard" dev="tmpfs" ino=2325 scontext=u:r:untrusted_app:s0:c94,c256,c512,c768 tcontext=u:object_r:mnt_sdcard_file:s0 tclass=lnk_file permissive=0 app=com.qiyi.video
06-14 17:40:11.121 490 490 I auditd : type=1400 audit(0.0:5171): avc: denied { read } for comm="HCDN_CStorageEn" name="sdcard" dev="tmpfs" ino=2325 scontext=u:r:untrusted_app:s0:c94,c256,c512,c768 tcontext=u:object_r:mnt_sdcard_file:s0 tclass=lnk_file permissive=0 app=com.qiyi.video
06-14 17:40:11.121 490 490 I auditd : type=1400 audit(0.0:5172): avc: denied { read } for comm="HCDN_DownloadEn" name="sdcard" dev="tmpfs" ino=2325 scontext=u:r:untrusted_app:s0:c94,c256,c512,c768 tcontext=u:object_r:mnt_sdcard_file:s0 tclass=lnk_file permissive=0 app=com.qiyi.video
06-14 17:40:11.121 490 490 I auditd : type=1400 audit(0.0:5173): avc: denied { read } for comm="HCDN_DownloadEn" name="sdcard" dev="tmpfs" ino=2325 scontext=u:r:untrusted_app:s0:c94,c256,c512,c768 tcontext=u:object_r:mnt_sdcard_file:s0 tclass=lnk_file permissive=0 app=com.qiyi.video
06-14 17:40:11.132 1556 1590 D ActivityTaskManager: TaskLaunchParamsModifier:task=null activity=ActivityRecord{b474d60 u0 com.hunantv.imgo.activity/.MainActivity taskAffinity=10101:com.hunantv.imgo.activity display-area-from-source=DefaultTaskDisplayArea@142405141 display-id=0 display-windowing-mode=1 suggested-display-area=DefaultTaskDisplayArea@142405141
06-14 17:40:11.133 1556 1590 D ActivityTaskManager: TaskLaunchParamsModifier:task=null activity=ActivityRecord{b474d60 u0 com.hunantv.imgo.activity/.MainActivity taskAffinity=10101:com.hunantv.imgo.activity t-1} display-area-from-source=DefaultTaskDisplayArea@142405141 display-id=0 display-windowing-mode=1 suggested-display-area=DefaultTaskDisplayArea@142405141 inherit-from-source=fullscreen activity-options-fullscreen=Rect(0, 0 - 0, 0) non-freeform-display display-area=DefaultTaskDisplayArea@142405141
06-14 17:40:11.133 1556 1590 I wm_task_created: [1085,-1]
06-14 17:40:11.133 1556 1590 W ActivityTaskManager: Can't find TaskDisplayArea to determine support for multi window. Task id=1085 attached=false
06-14 17:40:11.134 1556 1590 D ActivityTaskManager: TaskLaunchParamsModifier:task=Task{f2f6219 #1085 type=standard A=10101:com.hunantv.imgo.activity U=0 visible=false mode=fullscreen translucent=true sz=0 visible freeform task=true rootAffinity=10101:com.hunantv.imgo.activity isMini=false} activity=ActivityRecord{b474d60 u0 com.hunantv.imgo.activity/.MainActivity taskAffinity=10101:com.hunantv.imgo.activity t-1} display-area-from-source=DefaultTaskDisplayArea@142405141 display-id=0 display-windowing-mode=1 suggested-display-area=DefaultTaskDisplayArea@142405141 inherit-from-source=fullscreen activity-options-fullscreen=Rect(0, 0 - 0, 0) non-freeform-display display-area=DefaultTaskDisplayArea@142405141
06-14 17:40:11.135 1556 1590 D CompatibilityChangeReporter: Compat change id reported: 174042980; UID 10101; state: DISABLED
06-14 17:40:11.135 1556 1590 D CompatibilityChangeReporter: Compat change id reported: 184838306; UID 10101; state: DISABLED
06-14 17:40:11.137 1556 1590 D CompatibilityChangeReporter: Compat change id reported: 185004937; UID 10101; state: DISABLED
06-14 17:40:11.137 1556 1590 D CompatibilityChangeReporter: Compat change id reported: 181136395; UID 10101; state: DISABLED
06-14 17:40:11.138 1556 1590 D CompatibilityChangeReporter: Compat change id reported: 174042936; UID 10101; state: DISABLED
06-14 17:40:11.138 1556 1590 I wm_task_moved: [1085,1,9]
06-14 17:40:11.138 1556 1590 I wm_task_to_front: [0,1085]
06-14 17:40:11.138 1556 1590 I wm_create_task: [0,1085]
06-14 17:40:11.138 1556 1590 I wm_create_activity: [0,189222240,1085,com.hunantv.imgo.activity/.MainActivity,android.intent.action.MAIN,NULL,NULL,270532608]
06-14 17:40:11.139 1556 1590 I wm_task_moved: [1085,1,9]
06-14 17:40:11.139 1556 1590 D CompatibilityChangeReporter: Compat change id reported: 168419799; UID 10101; state: DISABLED
06-14 17:40:11.140 1556 1590 I wm_pause_activity: [0,106812043,com.android.launcher3/.uioverrides.QuickstepLauncher,userLeaving=true,pauseBackTasks]
06-14 17:40:11.140 1556 1590 D PowerManagerService: acquireWakeLockInternal: lock=110154549, flags=0x1, tag="*launch*", ws=WorkSource{10101}, uid=1000, pid=1556
06-14 17:40:11.140 1556 1590 D PowerManagerService: updateWakeLockSummaryLocked: mWakefulness=Awake, mWakeLockSummary=0x1
06-14 17:40:11.140 1556 1590 D PowerManagerService: updateUserActivitySummaryLocked: groupId=0, mWakefulness=Awake, mUserActivitySummary=0x1, nextTimeout=1812295 (in 59888 ms)
06-14 17:40:11.140 1556 1590 D PowerManagerNotifier: onScreenPolicyUpdate: newPolicy=3
06-14 17:40:11.140 1556 1590 D PowerManagerService: updateDisplayPowerStateLocked: displayReady=true, groupId=0, policy=BRIGHT, mWakefulness=Awake, mWakeLockSummary=0x1, mUserActivitySummary=0x1, mBootCompleted=true, screenBrightnessOverride=NaN, useAutoBrightness=true, mScreenBrightnessBoostInProgress=false, mIsVrModeEnabled= false, sQuiescent=false
06-14 17:40:11.140 1556 1590 D PowerManagerNotifier: onWakeLockAcquired: flags=1, tag="*launch*", packageName=android, ownerUid=1000, ownerPid=1556, workSource=WorkSource{10101}
06-14 17:40:11.141 1556 1590 I wm_finish_activity: [0,38821584,1080,com.tencent.tmgp.sgame/.SGameActivity,recent-task-trimmed]
06-14 17:40:11.141 1556 1590 I wm_destroy_activity: [0,38821584,1080,com.tencent.tmgp.sgame/.SGameActivity,finish-imm:finishIfPossible]
06-14 17:40:11.144 833 833 I wm_on_destroy_called: [38821584,com.tencent.tmgp.sgame.SGameActivity,performDestroy]
06-14 17:40:11.146 18952 18952 I wm_on_top_resumed_lost_called: [106812043,com.android.launcher3.uioverrides.QuickstepLauncher,topStateChangedWhenResumed]
06-14 17:40:11.152 18952 18952 I wm_on_paused_called: [106812043,com.android.launcher3.uioverrides.QuickstepLauncher,performPause]
06-14 17:40:11.152 1556 6660 I ActivityTaskManager: FOREGROUND_APPLICATION_CHANGED to com.hunantv.imgo.activity.MainActivity
06-14 17:40:11.153 1556 6660 I ActivityTaskManager: The Process com.hunantv.imgo.activity Already Exists in BG. So sending its PID: 1086
06-14 17:40:11.153 1556 6660 I wm_add_to_stopping: [0,106812043,com.android.launcher3/.uioverrides.QuickstepLauncher,makeInvisible]
06-14 17:40:11.154 1556 6660 I wm_restart_activity: [0,189222240,1085,com.hunantv.imgo.activity/.MainActivity]
06-14 17:40:11.155 1556 6660 I wm_set_resumed_activity: [0,com.hunantv.imgo.activity/.MainActivity,minimalResumeActivityLocked]
06-14 17:40:11.161 1556 1689 I am_uid_active: 10101
06-14 17:40:11.172 1556 1689 I ActivityManager: Killing 833:com.tencent.tmgp.sgame/u0a93 (adj 915): remove task
06-14 17:40:11.172 1556 1689 I am_kill : [0,833,com.tencent.tmgp.sgame,915,remove task]
06-14 17:40:11.174 1556 1689 I sysui_multi_action: [757,803,799,window_time_0,802,0]
06-14 17:40:11.179 1556 1689 I sysui_multi_action: [757,803,799,window_time_0,802,0]
06-14 17:40:11.180 1556 1695 W UsageStatsService: Unexpected activity event reported! (com.tencent.tmgp.sgame/com.tencent.tmgp.sgame.SGameActivity event : 23 instanceId : 191115448)
06-14 17:40:11.182 1556 1828 I input_focus: [Focus leaving fc034d7 com.android.launcher3/com.android.launcher3.uioverrides.QuickstepLauncher (server),reason=NO_WINDOW]
