06-14 17:40:11.202 1556 1690 I wm_task_removed: [1080,removeChild:removeChild last r=ActivityRecord{2505ed0 u0 com.tencent.tmgp.sgame/.SGameActivity taskAffinity=10093:com.tencent.tmgp.sgame t-1 f}} in t=Task{dfbeec9 #1080 type=standard A=10093:com.tencent.tmgp.sgame U=0 visible=false mode=fullscreen translucent=true sz=0 visible freeform task=true rootAffinity=10093:com.tencent.tmgp.sgame isMini=false}]
06-14 17:40:11.202 1556 1690 I wm_task_removed: [1080,removeChild]
06-14 17:40:11.204 1556 1690 W ActivityTaskManager: Can't find TaskDisplayArea to determine support for multi window. Task id=1080 attached=false
06-14 17:40:11.204 1556 1690 W ActivityTaskManager: Can't find TaskDisplayArea to determine support for multi window. Task id=1080 attached=false
06-14 17:40:11.242 1086 1086 I wm_on_create_called: [189222240,com.hunantv.imgo.activity.MainActivity,performCreate]
06-14 17:40:11.244 0 0 W [ 1752.510883] binder_release_work: 4 callbacks suppressed
06-14 17:40:11.244 0 0 I [ 1752.510886] binder: undelivered TRANSACTION_COMPLETE
06-14 17:40:11.244 0 0 I [ 1752.510891] binder: undelivered transaction 1025480, process died.
06-14 17:40:11.244 1556 6413 I am_proc_died: [0,833,com.tencent.tmgp.sgame,915,19]
06-14 17:40:11.245 1556 6413 I am_uid_stopped: 10093
06-14 17:40:11.245 1556 6270 W ActivityManager: Receiver with filter android.content.IntentFilter@233e0f9 already registered for pid 1086, callerPackage is com.hunantv.imgo.activity
06-14 17:40:11.245 1556 1689 W ActivityManager: setHasOverlayUi called on unknown pid: 833
06-14 17:40:11.252 1086 1086 I wm_on_start_called: [189222240,com.hunantv.imgo.activity.MainActivity,handleStartActivity]
06-14 17:40:11.256 1086 1086 I wm_on_resume_called: [189222240,com.hunantv.imgo.activity.MainActivity,RESUME_ACTIVITY]
06-14 17:40:11.259 1556 6270 W WindowManager: Failed looking up window session=Session{9058dbb 1086:u0a10101} callers=com.android.server.wm.WindowManagerService.windowForClientLocked:5628 com.android.server.wm.Session.insetsModified:629 android.view.IWindowSession$Stub.onTransact:1151
06-14 17:40:11.259 1556 6270 W WindowManager: Failed looking up window session=Session{9058dbb 1086:u0a10101} callers=com.android.server.wm.WindowManagerService.windowForClientLocked:5628 com.android.server.wm.Session.insetsModified:629 android.view.IWindowSession$Stub.onTransact:1151
06-14 17:40:11.260 1086 1086 I wm_on_top_resumed_gained_called: [189222240,com.hunantv.imgo.activity.MainActivity,topStateChangedWhenResumed]
06-14 17:40:11.261 1556 6660 D ActivityTaskManager: Skipping, freeform mode : Task{ebef0e6 #1076 type=standard A=10108:com.tencent.mm U=0 visible=false mode=freeform translucent=true sz=2 visible freeform task=true rootAffinity=10108:com.tencent.mm isMini=false}
06-14 17:40:11.271 1556 1690 I input_focus: [Focus request 55b116 com.hunantv.imgo.activity/com.hunantv.imgo.activity.MainActivity,reason=UpdateInputWindows]
06-14 17:40:11.292 0 0 I [ 1752.557716] binder: 1086:1721 ioctl 40046210 73e99b51f4 returned -22
06-14 17:40:11.309 1556 1686 I wm_activity_launch_time: [0,189222240,com.hunantv.imgo.activity/.MainActivity,254]
06-14 17:40:11.309 1556 6660 D PowerManagerService: releaseWakeLockInternal: lock=110154549 [*launch*], flags=0x0
06-14 17:40:11.309 1556 6660 D PowerManagerNotifier: onWakeLockReleased: flags=1, tag="*launch*", packageName=android, ownerUid=1000, ownerPid=1556, workSource=WorkSource{10101}
06-14 17:40:11.309 1556 6660 D PowerManagerService: updateWakeLockSummaryLocked: mWakefulness=Awake, mWakeLockSummary=0x1
06-14 17:40:11.309 1556 6660 D PowerManagerService: updateUserActivitySummaryLocked: groupId=0, mWakefulness=Awake, mUserActivitySummary=0x1, nextTimeout=1812295 (in 59718 ms)
06-14 17:40:11.309 1556 6660 D PowerManagerNotifier: onScreenPolicyUpdate: newPolicy=3
06-14 17:40:11.309 1556 6660 D PowerManagerService: updateDisplayPowerStateLocked: displayReady=true, groupId=0, policy=BRIGHT, mWakefulness=Awake, mWakeLockSummary=0x1, mUserActivitySummary=0x1, mBootCompleted=true, screenBrightnessOverride=NaN, useAutoBrightness=true, mScreenBrightnessBoostInProgress=false, mIsVrModeEnabled= false, sQuiescent=false
06-14 17:40:11.315 1556 1828 I input_focus: [Focus entering 55b116 com.hunantv.imgo.activity/com.hunantv.imgo.activity.MainActivity (server),reason=Window became focusable. Previous reason: NOT_VISIBLE]
06-14 17:40:11.709 1556 18234 D CompatibilityChangeReporter: Compat change id reported: 135634846; UID 10107; state: DISABLED
06-14 17:40:11.710 1556 18234 D CompatibilityChangeReporter: Compat change id reported: 177438394; UID 10107; state: DISABLED
06-14 17:40:11.710 1556 18234 D CompatibilityChangeReporter: Compat change id reported: 135772972; UID 10107; state: DISABLED
06-14 17:40:11.710 1556 18234 D CompatibilityChangeReporter: Compat change id reported: 135754954; UID 10107; state: ENABLED
06-14 17:40:11.710 1556 1697 D CompatibilityChangeReporter: Compat change id reported: 143937733; UID 10107; state: ENABLED
06-14 17:40:11.715 1556 1697 I am_proc_start: [0,1781,10107,com.youku.phone:channel,service,{com.youku.phone/com.alibaba.analytics.AnalyticsService}]
06-14 17:40:11.715 1556 1697 I ActivityManager: Start proc 1781:com.youku.phone:channel/u0a107 for service {com.youku.phone/com.alibaba.analytics.AnalyticsService}
06-14 17:40:11.724 0 0 I [ 1752.990065] binder: 1781:1781 ioctl 40046210 7ff4300c84 returned -22
06-14 17:40:11.724 1556 6270 I am_proc_bound: [0,1781,com.youku.phone:channel]
06-14 17:40:11.733 1556 1689 I wm_stop_activity: [0,106812043,com.android.launcher3/.uioverrides.QuickstepLauncher]
06-14 17:40:11.750 18952 18952 I wm_on_stop_called: [106812043,com.android.launcher3.uioverrides.QuickstepLauncher,STOP_ACTIVITY_ITEM]
06-14 17:40:11.867 1556 1828 I input_interaction: Interaction with: 55b116 com.hunantv.imgo.activity/com.hunantv.imgo.activity.MainActivity (server), edge-swipe (server), swipe-up (server), PointerEventDispatcher0 (server),
06-14 17:40:11.867 1556 1828 D PowerManagerService: userActivityNoUpdateLocked: groupId=0, eventTime=1753134, event=2, flags=0x0, uid=1000
06-14 17:40:11.867 1556 1828 D PowerManagerNotifier: onUserActivity: event=2, uid=1000
06-14 17:40:11.867 1556 1828 D PowerManagerService: updateUserActivitySummaryLocked: groupId=0, mWakefulness=Awake, mUserActivitySummary=0x1, nextTimeout=1813134 (in 60000 ms)
06-14 17:40:11.867 1556 1828 D PowerManagerNotifier: onScreenPolicyUpdate: newPolicy=3
06-14 17:40:11.867 1556 1828 D PowerManagerService: updateDisplayPowerStateLocked: displayReady=true, groupId=0, policy=BRIGHT, mWakefulness=Awake, mWakeLockSummary=0x1, mUserActivitySummary=0x1, mBootCompleted=true, screenBrightnessOverride=NaN, useAutoBrightness=true, mScreenBrightnessBoostInProgress=false, mIsVrModeEnabled= false, sQuiescent=false
06-14 17:40:11.870 1556 15732 D ActivityTaskManager: Skipping, freeform mode : Task{ebef0e6 #1076 type=standard A=10108:com.tencent.mm U=0 visible=false mode=freeform translucent=true sz=2 visible freeform task=true rootAffinity=10108:com.tencent.mm isMini=false}
06-14 17:40:11.871 1556 6270 I wm_task_moved: [937,0,0]
06-14 17:40:11.871 1556 6270 I wm_task_moved: [937,0,7]
06-14 17:40:11.874 1086 1086 I view_enqueue_input_event: [Motion - Cancel,com.hunantv.imgo.activity/com.hunantv.imgo.activity.MainActivity]
06-14 17:40:11.883 18952 18952 I wm_on_restart_called: [106812043,com.android.launcher3.uioverrides.QuickstepLauncher,performRestartActivity]
06-14 17:40:11.883 1556 1690 I input_focus: [Focus request recents_animation_input_consumer,reason=UpdateInputWindows]
06-14 17:40:11.885 1556 1828 I input_interaction: Interaction with: edge-swipe (server), swipe-up (server), PointerEventDispatcher0 (server),
06-14 17:40:11.914 1556 1828 I input_focus: [Focus leaving 55b116 com.hunantv.imgo.activity/com.hunantv.imgo.activity.MainActivity (server),reason=NOT_FOCUSABLE]
06-14 17:40:11.915 1556 1828 I input_focus: [Focus entering recents_animation_input_consumer (server),reason=setFocusedWindow]
06-14 17:40:11.947 18952 18952 I wm_on_start_called: [106812043,com.android.launcher3.uioverrides.QuickstepLauncher,handleStartActivity]
06-14 17:40:11.957 18952 18952 I sysui_latency: [1,90]
06-14 17:40:11.965 1556 1686 I sysui_multi_action: [319,2,322,89,325,1753,757,761,758,9,759,5,806,com.android.launcher3,871,com.android.launcher3.uioverrides.QuickstepLauncher,904,com.android.launcher3,905,0,1320,8,1321,5]
06-14 17:40:12.148 1556 1817 I commit_sys_config_file: [settings-1-0,2]
06-14 17:40:12.162 1556 6413 W ActivityManager: Unable to start service Intent { act=com.google.android.gms.ads.identifier.service.START pkg=com.google.android.gms } U=0: not found
06-14 17:40:12.175 1556 6413 D TelephonyRegistry: listen oscl: mHasNotifySubscriptionInfoChangedOccurred==false no callback
06-14 17:40:12.262 1556 1695 I sysui_latency: [8,92]
06-14 17:40:12.410 1556 18234 D PowerManagerService: releaseWakeLockInternal: lock=40041955 [AudioMix], flags=0x0
06-14 17:40:12.410 1556 18234 D PowerManagerNotifier: onWakeLockReleased: flags=1, tag="AudioMix", packageName=audioserver, ownerUid=1041, ownerPid=0, workSource=null
06-14 17:40:12.410 1556 18234 D PowerManagerService: updateWakeLockSummaryLocked: mWakefulness=Awake, mWakeLockSummary=0x1
06-14 17:40:12.410 1556 18234 D PowerManagerService: updateUserActivitySummaryLocked: groupId=0, mWakefulness=Awake, mUserActivitySummary=0x1, nextTimeout=1813134 (in 59456 ms)
06-14 17:40:12.410 1556 18234 D PowerManagerNotifier: onScreenPolicyUpdate: newPolicy=3
06-14 17:40:12.411 1556 18234 D PowerManagerService: updateDisplayPowerStateLocked: displayReady=true, groupId=0, policy=BRIGHT, mWakefulness=Awake, mWakeLockSummary=0x1, mUserActivitySummary=0x1, mBootCompleted=true, screenBrightnessOverride=NaN, useAutoBrightness=true, mScreenBrightnessBoostInProgress=false, mIsVrModeEnabled= false, sQuiescent=false
06-14 17:40:12.415 1556 18234 D PowerManagerService: releaseWakeLockInternal: lock=181847705 [AudioMix], flags=0x0
06-14 17:40:12.415 1556 18234 D PowerManagerNotifier: onWakeLockReleased: flags=1, tag="AudioMix", packageName=audioserver, ownerUid=1041, ownerPid=0, workSource=null
06-14 17:40:12.415 1556 18234 D PowerManagerService: updateWakeLockSummaryLocked: mWakefulness=Awake, mWakeLockSummary=0x1
06-14 17:40:12.415 1556 18234 D PowerManagerService: updateUserActivitySummaryLocked: groupId=0, mWakefulness=Awake, mUserActivitySummary=0x1, nextTimeout=1813134 (in 59452 ms)
06-14 17:40:12.415 1556 18234 D PowerManagerNotifier: onScreenPolicyUpdate: newPolicy=3
06-14 17:40:12.415 1556 18234 D PowerManagerService: updateDisplayPowerStateLocked: displayReady=true, groupId=0, policy=BRIGHT, mWakefulness=Awake, mWakeLockSummary=0x1, mUserActivitySummary=0x1, mBootCompleted=true, screenBrightnessOverride=NaN, useAutoBrightness=true, mScreenBrightnessBoostInProgress=false, mIsVrModeEnabled= false, sQuiescent=false
06-14 17:40:12.419 1556 18234 D PowerManagerService: releaseWakeLockInternal: lock=21716318 [AudioMix], flags=0x0
06-14 17:40:12.419 1556 18234 D PowerManagerNotifier: onWakeLockReleased: flags=1, tag="AudioMix", packageName=audioserver, ownerUid=1041, ownerPid=0, workSource=null
06-14 17:40:12.419 1556 18234 D PowerManagerService: updateWakeLockSummaryLocked: mWakefulness=Awake, mWakeLockSummary=0x1
06-14 17:40:12.419 1556 18234 D PowerManagerService: updateUserActivitySummaryLocked: groupId=0, mWakefulness=Awake, mUserActivitySummary=0x1, nextTimeout=1813134 (in 59447 ms)
06-14 17:40:12.419 1556 18234 D PowerManagerNotifier: onScreenPolicyUpdate: newPolicy=3
06-14 17:40:12.419 1556 18234 D PowerManagerService: updateDisplayPowerStateLocked: displayReady=true, groupId=0, policy=BRIGHT, mWakefulness=Awake, mWakeLockSummary=0x1, mUserActivitySummary=0x1, mBootCompleted=true, screenBrightnessOverride=NaN, useAutoBrightness=true, mScreenBrightnessBoostInProgress=false, mIsVrModeEnabled= false, sQuiescent=false
06-14 17:40:12.423 1556 18234 D PowerManagerService: releaseWakeLockInternal: lock=236155872 [AudioMix], flags=0x0
06-14 17:40:12.423 1556 18234 D PowerManagerNotifier: onWakeLockReleased: flags=1, tag="AudioMix", packageName=audioserver, ownerUid=1041, ownerPid=0, workSource=null
06-14 17:40:12.423 1556 18234 D PowerManagerService: updateWakeLockSummaryLocked: mWakefulness=Awake, mWakeLockSummary=0x1
06-14 17:40:12.423 1556 18234 D PowerManagerService: updateUserActivitySummaryLocked: groupId=0, mWakefulness=Awake, mUserActivitySummary=0x1, nextTimeout=1813134 (in 59444 ms)
06-14 17:40:12.423 1556 18234 D PowerManagerNotifier: onScreenPolicyUpdate: newPolicy=3
06-14 17:40:12.423 1556 18234 D PowerManagerService: updateDisplayPowerStateLocked: displayReady=true, groupId=0, policy=BRIGHT, mWakefulness=Awake, mWakeLockSummary=0x1, mUserActivitySummary=0x1, mBootCompleted=true, screenBrightnessOverride=NaN, useAutoBrightness=true, mScreenBrightnessBoostInProgress=false, mIsVrModeEnabled= false, sQuiescent=false
06-14 17:40:12.632 1556 6660 I wm_task_moved: [937,1,8]
06-14 17:40:12.632 1556 6660 I wm_task_moved: [938,1,2147483647]
06-14 17:40:12.632 1556 6660 I wm_task_to_front: [0,938]
06-14 17:40:12.632 1556 6660 I wm_focused_root_task: [0,0,937,1085,RecentsAnimation.onAnimationFinished()]
06-14 17:40:12.632 1086 1086 I wm_on_top_resumed_lost_called: [189222240,com.hunantv.imgo.activity.MainActivity,topStateChangedWhenResumed]
06-14 17:40:12.633 1556 6660 I wm_set_resumed_activity: [0,com.android.launcher3/.uioverrides.QuickstepLauncher,RecentsAnimation.onAnimationFinished()]
06-14 17:40:12.633 1556 6660 I wm_pause_activity: [0,189222240,com.hunantv.imgo.activity/.MainActivity,userLeaving=true,pauseBackTasks]
06-14 17:40:12.633 1556 6660 D PowerManagerService: acquireWakeLockInternal: lock=110154549, flags=0x1, tag="*launch*", ws=WorkSource{10069}, uid=1000, pid=1556
06-14 17:40:12.633 1556 6660 D PowerManagerService: updateWakeLockSummaryLocked: mWakefulness=Awake, mWakeLockSummary=0x1
06-14 17:40:12.633 1556 6660 D PowerManagerService: updateUserActivitySummaryLocked: groupId=0, mWakefulness=Awake, mUserActivitySummary=0x1, nextTimeout=1813134 (in 59234 ms)
06-14 17:40:12.633 1556 6660 D PowerManagerNotifier: onScreenPolicyUpdate: newPolicy=3
06-14 17:40:12.633 1556 6660 D PowerManagerService: updateDisplayPowerStateLocked: displayReady=true, groupId=0, policy=BRIGHT, mWakefulness=Awake, mWakeLockSummary=0x1, mUserActivitySummary=0x1, mBootCompleted=true, screenBrightnessOverride=NaN, useAutoBrightness=true, mScreenBrightnessBoostInProgress=false, mIsVrModeEnabled= false, sQuiescent=false
06-14 17:40:12.633 1556 6660 D PowerManagerNotifier: onWakeLockAcquired: flags=1, tag="*launch*", packageName=android, ownerUid=1000, ownerPid=1556, workSource=WorkSource{10069}
06-14 17:40:12.633 1556 6660 I wm_add_to_stopping: [0,189222240,com.hunantv.imgo.activity/.MainActivity,makeInvisible]
06-14 17:40:12.634 1556 6660 I ActivityTaskManager: FOREGROUND_APPLICATION_CHANGED to com.android.launcher3.uioverrides.QuickstepLauncher
06-14 17:40:12.634 1556 6660 I wm_set_resumed_activity: [0,com.android.launcher3/.uioverrides.QuickstepLauncher,resumeTopActivityInnerLocked]
06-14 17:40:12.636 1556 6660 I wm_resume_activity: [0,106812043,938,com.android.launcher3/.uioverrides.QuickstepLauncher]
06-14 17:40:12.636 18952 18952 I wm_on_resume_called: [106812043,com.android.launcher3.uioverrides.QuickstepLauncher,RESUME_ACTIVITY]
06-14 17:40:12.640 1556 1690 I input_focus: [Focus request fc034d7 com.android.launcher3/com.android.launcher3.uioverrides.QuickstepLauncher,reason=UpdateInputWindows]
06-14 17:40:12.640 1556 6660 I ActivityTaskManager: START u0 {flg=0x10010000 cmp=com.android.launcher3/com.android.quickstep.RecentsActivity} from uid 10069
06-14 17:40:12.640 1556 6660 D ActivityTaskManager: TaskLaunchParamsModifier:task=null activity=ActivityRecord{e410810 u0 com.android.launcher3/com.android.quickstep.RecentsActivity taskAffinity=null display-id=0 display-windowing-mode=1 suggested-display-area=DefaultTaskDisplayArea@142405141
06-14 17:40:12.641 1086 1086 I wm_on_paused_called: [189222240,com.hunantv.imgo.activity.MainActivity,performPause]
06-14 17:40:12.642 1556 6660 D ActivityTaskManager: TaskLaunchParamsModifier:task=null activity=ActivityRecord{e410810 u0 com.android.launcher3/com.android.quickstep.RecentsActivity taskAffinity=null t-1} display-id=0 display-windowing-mode=1 suggested-display-area=DefaultTaskDisplayArea@142405141 non-freeform-display display-area=DefaultTaskDisplayArea@142405141
06-14 17:40:12.642 1556 6660 I wm_task_created: [1086,-1]
06-14 17:40:12.642 1556 6660 W ActivityTaskManager: Can't find TaskDisplayArea to determine support for multi window. Task id=1086 attached=false
06-14 17:40:12.643 1556 6660 I wm_task_created: [1087,-1]
06-14 17:40:12.643 1556 6660 I wm_task_moved: [1087,0,-2147483648]
06-14 17:40:12.643 1556 6660 D ActivityTaskManager: TaskLaunchParamsModifier:task=Task{cba9b2f #1087 type=recents I=com.android.launcher3/com.android.quickstep.RecentsActivity U=0 rootTaskId=1086 visible=false mode=fullscreen translucent=true sz=0 visible freeform task=true rootAffinity=null isMini=false} activity=ActivityRecord{e410810 u0 com.android.launcher3/com.android.quickstep.RecentsActivity taskAffinity=null t-1} display-from-task=0 display-id=0 display-windowing-mode=1 suggested-display-area=DefaultTaskDisplayArea@142405141 non-freeform-display display-area=DefaultTaskDisplayArea@142405141
06-14 17:40:12.644 1556 6660 I wm_create_task: [0,1087]
06-14 17:40:12.644 1556 6660 I wm_create_activity: [0,239142928,1087,com.android.launcher3/com.android.quickstep.RecentsActivity,NULL,NULL,NULL,276889600]
06-14 17:40:12.645 1556 6660 I wm_task_moved: [1086,0,0]
06-14 17:40:12.645 1556 6660 I wm_task_moved: [1086,0,8]
06-14 17:40:12.646 1556 6660 I ActivityTaskManager: The Process com.android.launcher3 Already Exists in BG. So sending its PID: 18952
06-14 17:40:12.646 1556 6660 W ActivityTaskManager: Tried to set launchTime (0) < mLastActivityLaunchTime (1752332)
06-14 17:40:12.646 1556 6660 I wm_restart_activity: [0,239142928,1087,com.android.launcher3/com.android.quickstep.RecentsActivity]
06-14 17:40:12.649 1556 1828 I input_focus: [Focus leaving recents_animation_input_consumer (server),reason=NOT_VISIBLE]
06-14 17:40:12.656 1556 1828 I input_interaction: Interaction with: fc034d7 com.android.launcher3/com.android.launcher3.uioverrides.QuickstepLauncher (server), edge-swipe (server), swipe-up (server), PointerEventDispatcher0 (server),
06-14 17:40:12.656 1556 1828 D PowerManagerService: userActivityNoUpdateLocked: groupId=0, eventTime=1753923, event=2, flags=0x0, uid=1000
06-14 17:40:12.656 1556 1828 D PowerManagerNotifier: onUserActivity: event=2, uid=1000
06-14 17:40:12.656 1556 1828 D PowerManagerService: updateUserActivitySummaryLocked: groupId=0, mWakefulness=Awake, mUserActivitySummary=0x1, nextTimeout=1813923 (in 60000 ms)
06-14 17:40:12.656 1556 1828 D PowerManagerNotifier: onScreenPolicyUpdate: newPolicy=3
06-14 17:40:12.656 1556 1828 D PowerManagerService: updateDisplayPowerStateLocked: displayReady=true, groupId=0, policy=BRIGHT, mWakefulness=Awake, mWakeLockSummary=0x1, mUserActivitySummary=0x1, mBootCompleted=true, screenBrightnessOverride=NaN, useAutoBrightness=true, mScreenBrightnessBoostInProgress=false, mIsVrModeEnabled= false, sQuiescent=false
06-14 17:40:12.660 1556 6193 I WindowManager: Queue is too deep! Purged item with taskid=1076
06-14 17:40:12.664 18952 18952 I wm_on_top_resumed_gained_called: [106812043,com.android.launcher3.uioverrides.QuickstepLauncher,topStateChangedWhenResumed]
06-14 17:40:12.664 1556 1689 I wm_stop_activity: [0,189222240,com.hunantv.imgo.activity/.MainActivity]
06-14 17:40:12.664 1556 1828 I input_focus: [Focus entering fc034d7 com.android.launcher3/com.android.launcher3.uioverrides.QuickstepLauncher (server),reason=setFocusedWindow]
06-14 17:40:12.665 1556 4975 I wm_task_moved: [1086,1,9]
06-14 17:40:12.665 1556 4975 I wm_focused_root_task: [0,0,1086,937,RecentsAnimation.onAnimationFinished()]
06-14 17:40:12.665 1556 4975 I wm_pause_activity: [0,106812043,com.android.launcher3/.uioverrides.QuickstepLauncher,userLeaving=false,pauseBackTasks]
06-14 17:40:12.665 1556 4975 D PowerManagerService: acquireWakeLockInternal: lock=110154549, flags=0x1, tag="*launch*", ws=WorkSource{10069}, uid=1000, pid=1556
06-14 17:40:12.665 1556 4975 D PowerManagerService: updateWakeLockSummaryLocked: mWakefulness=Awake, mWakeLockSummary=0x1
06-14 17:40:12.665 1556 4975 D PowerManagerService: updateUserActivitySummaryLocked: groupId=0, mWakefulness=Awake, mUserActivitySummary=0x1, nextTimeout=1813923 (in 59990 ms)
06-14 17:40:12.665 1556 4975 D PowerManagerNotifier: onScreenPolicyUpdate: newPolicy=3
06-14 17:40:12.665 1556 4975 D PowerManagerService: updateDisplayPowerStateLocked: displayReady=true, groupId=0, policy=BRIGHT, mWakefulness=Awake, mWakeLockSummary=0x1, mUserActivitySummary=0x1, mBootCompleted=true, screenBrightnessOverride=NaN, useAutoBrightness=true, mScreenBrightnessBoostInProgress=false, mIsVrModeEnabled= false, sQuiescent=false
06-14 17:40:12.666 1556 4975 I ActivityTaskManager: FOREGROUND_APPLICATION_CHANGED to com.android.quickstep.RecentsActivity
06-14 17:40:12.666 1556 4975 I wm_set_resumed_activity: [0,com.android.launcher3/com.android.quickstep.RecentsActivity,resumeTopActivityInnerLocked]
06-14 17:40:12.666 1556 4975 I wm_resume_activity: [0,239142928,1087,com.android.launcher3/com.android.quickstep.RecentsActivity]
06-14 17:40:12.673 1556 1689 I sysui_multi_action: [757,803,799,window_time_0,802,1]
06-14 17:40:12.675 1556 1689 I sysui_multi_action: [757,803,799,window_time_0,802,0]
06-14 17:40:12.675 1556 1689 I wm_task_moved: [937,1,9]
06-14 17:40:12.676 1086 1086 I wm_on_stop_called: [189222240,com.hunantv.imgo.activity.MainActivity,STOP_ACTIVITY_ITEM]
06-14 17:40:12.676 1556 1689 I wm_task_moved: [938,1,2147483647]
06-14 17:40:12.676 1556 1689 I wm_focused_root_task: [0,0,937,1086,setFocusedTask]
06-14 17:40:12.676 1556 1689 I wm_set_resumed_activity: [0,com.android.launcher3/.uioverrides.QuickstepLauncher,setFocusedTask]
06-14 17:40:12.677 1556 1689 I wm_pause_activity: [0,239142928,com.android.launcher3/com.android.quickstep.RecentsActivity,userLeaving=false,pauseBackTasks]
06-14 17:40:12.677 1556 1689 D PowerManagerService: acquireWakeLockInternal: lock=110154549, flags=0x1, tag="*launch*", ws=WorkSource{10069}, uid=1000, pid=1556
06-14 17:40:12.677 1556 1689 D PowerManagerService: updateWakeLockSummaryLocked: mWakefulness=Awake, mWakeLockSummary=0x1
06-14 17:40:12.677 1556 1689 D PowerManagerService: updateUserActivitySummaryLocked: groupId=0, mWakefulness=Awake, mUserActivitySummary=0x1, nextTimeout=1813923 (in 59979 ms)
06-14 17:40:12.677 1556 1689 D PowerManagerNotifier: onScreenPolicyUpdate: newPolicy=3
06-14 17:40:12.677 1556 1689 D PowerManagerService: updateDisplayPowerStateLocked: displayReady=true, groupId=0, policy=BRIGHT, mWakefulness=Awake, mWakeLockSummary=0x1, mUserActivitySummary=0x1, mBootCompleted=true, screenBrightnessOverride=NaN, useAutoBrightness=true, mScreenBrightnessBoostInProgress=false, mIsVrModeEnabled= false, sQuiescent=false
06-14 17:40:12.677 1556 1689 I wm_add_to_stopping: [0,239142928,com.android.launcher3/com.android.quickstep.RecentsActivity,makeInvisible]
06-14 17:40:12.677 1556 1689 I ActivityTaskManager: FOREGROUND_APPLICATION_CHANGED to com.android.launcher3.uioverrides.QuickstepLauncher
06-14 17:40:12.677 1556 1689 I wm_set_resumed_activity: [0,com.android.launcher3/.uioverrides.QuickstepLauncher,resumeTopActivityInnerLocked]
06-14 17:40:12.678 1556 1689 I wm_resume_activity: [0,106812043,938,com.android.launcher3/.uioverrides.QuickstepLauncher]
06-14 17:40:12.678 1556 1690 I input_focus: [Focus request fc034d7 com.android.launcher3/com.android.launcher3.uioverrides.QuickstepLauncher,reason=UpdateInputWindows]
06-14 17:40:12.683 1556 1689 I sysui_multi_action: [757,803,799,window_time_0,802,0]
06-14 17:40:12.684 1556 1689 I sysui_multi_action: [757,1144,758,8,806,com.android.launcher3,871,com.android.quickstep.RecentsActivity]
06-14 17:40:12.684 1556 1689 I wm_stop_activity: [0,239142928,com.android.launcher3/com.android.quickstep.RecentsActivity]
06-14 17:40:12.684 1556 1689 I sysui_multi_action: [757,803,799,window_time_0,802,0]
06-14 17:40:12.685 1556 1689 I sysui_multi_action: [757,803,799,window_time_0,802,0]
06-14 17:40:12.685 1556 4975 I wm_finish_activity: [0,239142928,1087,com.android.launcher3/com.android.quickstep.RecentsActivity,app-request]
06-14 17:40:12.685 1556 4975 I wm_destroy_activity: [0,239142928,1087,com.android.launcher3/com.android.quickstep.RecentsActivity,finish-imm:finishIfPossible]
06-14 17:40:12.686 18952 18952 I wm_on_create_called: [239142928,com.android.quickstep.RecentsActivity,performCreate]
06-14 17:40:12.687 18952 18952 I wm_on_top_resumed_lost_called: [106812043,com.android.launcher3.uioverrides.QuickstepLauncher,topStateChangedWhenResumed]
06-14 17:40:12.688 18952 18952 I wm_on_paused_called: [106812043,com.android.launcher3.uioverrides.QuickstepLauncher,performPause]
06-14 17:40:12.688 18952 18952 I wm_on_resume_called: [106812043,com.android.launcher3.uioverrides.QuickstepLauncher,RESUME_ACTIVITY]
06-14 17:40:12.688 18952 18952 I wm_on_destroy_called: [239142928,com.android.quickstep.RecentsActivity,performDestroy]
06-14 17:40:12.689 1556 6193 I wm_task_removed: [1087,cleanUpResourcesForDestroy]
06-14 17:40:12.689 1556 6193 I wm_task_removed: [1086,removeChild:removeChild last r=Task{cba9b2f #1087 type=recents I=com.android.launcher3/com.android.quickstep.RecentsActivity U=0 visible=false mode=fullscreen translucent=true sz=0 visible freeform task=true rootAffinity=null isMini=false} in t=Task{6ecc127 #1086 type=recents ?? U=0 visible=false mode=fullscreen translucent=true sz=0 visible freeform task=true rootAffinity=null isMini=false}]
06-14 17:40:12.689 1556 6193 I wm_task_removed: [1086,removeChild]
06-14 17:40:12.689 1556 6193 I wm_task_removed: [1087,removeChild:removeChild last r=ActivityRecord{e410810 u0 com.android.launcher3/com.android.quickstep.RecentsActivity taskAffinity=null t-1 f}} in t=Task{cba9b2f #1087 type=recents I=com.android.launcher3/com.android.quickstep.RecentsActivity U=0 visible=false mode=fullscreen translucent=true sz=0 visible freeform task=true rootAffinity=null isMini=false}]
06-14 17:40:12.689 1556 6193 I wm_task_removed: [1087,removeChild]
06-14 17:40:12.690 18952 18952 I wm_on_top_resumed_gained_called: [106812043,com.android.launcher3.uioverrides.QuickstepLauncher,topStateChangedWhenResumed]
06-14 17:40:12.704 1556 18234 D PowerManagerService: releaseWakeLockInternal: lock=110154549 [*launch*], flags=0x0
06-14 17:40:12.704 1556 18234 D PowerManagerNotifier: onWakeLockReleased: flags=1, tag="*launch*", packageName=android, ownerUid=1000, ownerPid=1556, workSource=WorkSource{10069}
06-14 17:40:12.704 1556 18234 D PowerManagerService: updateWakeLockSummaryLocked: mWakefulness=Awake, mWakeLockSummary=0x1
06-14 17:40:12.704 1556 18234 D PowerManagerService: updateUserActivitySummaryLocked: groupId=0, mWakefulness=Awake, mUserActivitySummary=0x1, nextTimeout=1813923 (in 59951 ms)
06-14 17:40:12.704 1556 18234 D PowerManagerNotifier: onScreenPolicyUpdate: newPolicy=3
06-14 17:40:12.704 1556 18234 D PowerManagerService: updateDisplayPowerStateLocked: displayReady=true, groupId=0, policy=BRIGHT, mWakefulness=Awake, mWakeLockSummary=0x1, mUserActivitySummary=0x1, mBootCompleted=true, screenBrightnessOverride=NaN, useAutoBrightness=true, mScreenBrightnessBoostInProgress=false, mIsVrModeEnabled= false, sQuiescent=false
06-14 17:40:12.746 1556 4975 I thunderperf: PlatormCompat.setOverrides: Uid1=10069 Pid1=18952 Uid2=10069 Pid2=18952
06-14 17:40:12.746 1556 4975 I thunderperf: PlatormCompat.setOverrides: needCheck:false
06-14 17:40:12.746 1556 4975 I thunderperf: CompatConfig.addOverrideUnsafe: bef-state=1
06-14 17:40:12.746 1556 4975 E thunderperf: CompatConfig.addOverrideUnsafe: exception:java.lang.SecurityException: Cannot override a change on a non-debuggable app and user build.
06-14 17:40:12.746 1556 4975 I thunderperf: CompatConfig.addOverrideUnsafe: aft-state=1
06-14 17:40:12.747 1556 4975 I thunderperf: CompatConfig.addOverrideUnsafe: bef-state=1
06-14 17:40:12.747 1556 4975 E thunderperf: CompatConfig.addOverrideUnsafe: exception:java.lang.SecurityException: Cannot override a change on a non-debuggable app and user build.
06-14 17:40:12.747 1556 4975 I thunderperf: CompatConfig.addOverrideUnsafe: aft-state=1
06-14 17:40:12.747 1556 4975 I thunderperf: CompatConfig.addOverrideUnsafe: bef-state=1
06-14 17:40:12.747 1556 4975 E thunderperf: CompatConfig.addOverrideUnsafe: exception:java.lang.SecurityException: Cannot override a change on a non-debuggable app and user build.
06-14 17:40:12.747 1556 4975 I thunderperf: CompatConfig.addOverrideUnsafe: aft-state=1
06-14 17:40:12.747 1556 4975 I thunderperf: CompatConfig.addOverrideUnsafe: bef-state=1
06-14 17:40:12.747 1556 4975 E thunderperf: CompatConfig.addOverrideUnsafe: exception:java.lang.SecurityException: Cannot override a change on a non-debuggable app and user build.
06-14 17:40:12.747 1556 4975 I thunderperf: CompatConfig.addOverrideUnsafe: aft-state=1
06-14 17:40:12.748 1556 4975 I thunderperf: CompatConfig.addOverrideUnsafe: bef-state=1
06-14 17:40:12.748 1556 4975 E thunderperf: CompatConfig.addOverrideUnsafe: exception:java.lang.SecurityException: Cannot override a change on a non-debuggable app and user build.
06-14 17:40:12.748 1556 4975 I thunderperf: CompatConfig.addOverrideUnsafe: aft-state=1
06-14 17:40:12.748 1556 4975 I thunderperf: CompatConfig.addOverrideUnsafe: bef-state=1
06-14 17:40:12.748 1556 4975 E thunderperf: CompatConfig.addOverrideUnsafe: exception:java.lang.SecurityException: Cannot override a change on a non-debuggable app and user build.
06-14 17:40:12.748 1556 4975 I thunderperf: CompatConfig.addOverrideUnsafe: aft-state=1
06-14 17:40:12.748 1556 4975 I thunderperf: CompatConfig.addOverrideUnsafe: bef-state=1
06-14 17:40:12.748 1556 4975 E thunderperf: CompatConfig.addOverrideUnsafe: exception:java.lang.SecurityException: Cannot override a change on a non-debuggable app and user build.
06-14 17:40:12.749 1556 4975 I thunderperf: CompatConfig.addOverrideUnsafe: aft-state=1
06-14 17:40:12.749 1556 4975 I thunderperf: CompatConfig.addOverrideUnsafe: bef-state=1
06-14 17:40:12.749 1556 4975 E thunderperf: CompatConfig.addOverrideUnsafe: exception:java.lang.SecurityException: Cannot override a change on a non-debuggable app and user build.
06-14 17:40:12.749 1556 4975 I thunderperf: CompatConfig.addOverrideUnsafe: aft-state=1
06-14 17:40:12.749 1556 4975 I thunderperf: CompatConfig.addOverrideUnsafe: bef-state=1
06-14 17:40:12.749 1556 4975 E thunderperf: CompatConfig.addOverrideUnsafe: exception:java.lang.SecurityException: Cannot override a change on a non-debuggable app and user build.
06-14 17:40:12.749 1556 4975 I thunderperf: CompatConfig.addOverrideUnsafe: aft-state=1
06-14 17:40:12.749 1556 4975 I thunderperf: CompatConfig.addOverrideUnsafe: bef-state=1
06-14 17:40:12.749 1556 4975 E thunderperf: CompatConfig.addOverrideUnsafe: exception:java.lang.SecurityException: Cannot override a change on a non-debuggable app and user build.
06-14 17:40:12.749 1556 4975 I thunderperf: CompatConfig.addOverrideUnsafe: aft-state=1
06-14 17:40:12.750 1556 4975 I thunderperf: CompatConfig.addOverrideUnsafe: bef-state=1
06-14 17:40:12.750 1556 4975 E thunderperf: CompatConfig.addOverrideUnsafe: exception:java.lang.SecurityException: Cannot override a change on a non-debuggable app and user build.
06-14 17:40:12.750 1556 4975 I thunderperf: CompatConfig.addOverrideUnsafe: aft-state=1
06-14 17:40:12.750 1556 4975 I thunderperf: CompatConfig.addOverrideUnsafe: bef-state=1
06-14 17:40:12.750 1556 4975 E thunderperf: CompatConfig.addOverrideUnsafe: exception:java.lang.SecurityException: Cannot override a change on a non-debuggable app and user build.
06-14 17:40:12.750 1556 4975 I thunderperf: CompatConfig.addOverrideUnsafe: aft-state=1
06-14 17:40:12.750 1556 4975 I thunderperf: CompatConfig.addOverrideUnsafe: bef-state=1
06-14 17:40:12.750 1556 4975 E thunderperf: CompatConfig.addOverrideUnsafe: exception:java.lang.SecurityException: Cannot override a change on a non-debuggable app and user build.
06-14 17:40:12.750 1556 4975 I thunderperf: CompatConfig.addOverrideUnsafe: aft-state=1
06-14 17:40:12.751 1556 4975 I thunderperf: CompatConfig.addOverrideUnsafe: bef-state=1
06-14 17:40:12.751 1556 4975 E thunderperf: CompatConfig.addOverrideUnsafe: exception:java.lang.SecurityException: Cannot override a change on a non-debuggable app and user build.
06-14 17:40:12.751 1556 4975 I thunderperf: CompatConfig.addOverrideUnsafe: aft-state=1
06-14 17:40:12.753 1556 4975 I ActivityTaskManager: START u0 {act=android.intent.action.MAIN cat=[android.intent.category.LAUNCHER] flg=0x10200000 cmp=com.baidu.searchbox/.SplashActivity bnds=[726,394][1026,692]} from uid 10069
06-14 17:40:12.756 1556 4975 D ActivityTaskManager: TaskLaunchParamsModifier:task=null activity=ActivityRecord{a8907ed u0 com.baidu.searchbox/.SplashActivity taskAffinity=10099:com.baidu.searchbox display-area-from-source=DefaultTaskDisplayArea@142405141 display-id=0 display-windowing-mode=1 suggested-display-area=DefaultTaskDisplayArea@142405141
06-14 17:40:12.757 1556 4975 D ActivityTaskManager: TaskLaunchParamsModifier:task=null activity=ActivityRecord{a8907ed u0 com.baidu.searchbox/.SplashActivity taskAffinity=10099:com.baidu.searchbox t-1} display-area-from-source=DefaultTaskDisplayArea@142405141 display-id=0 display-windowing-mode=1 suggested-display-area=DefaultTaskDisplayArea@142405141 inherit-from-source=fullscreen activity-options-fullscreen=Rect(0, 0 - 0, 0) non-freeform-display display-area=DefaultTaskDisplayArea@142405141
06-14 17:40:12.758 1556 4975 I wm_task_created: [1088,-1]
06-14 17:40:12.758 1556 4975 W ActivityTaskManager: Can't find TaskDisplayArea to determine support for multi window. Task id=1088 attached=false
06-14 17:40:12.758 1556 4975 D ActivityTaskManager: TaskLaunchParamsModifier:task=Task{b10c622 #1088 type=standard A=10099:com.baidu.searchbox U=0 visible=false mode=fullscreen translucent=true sz=0 visible freeform task=true rootAffinity=10099:com.baidu.searchbox isMini=false} activity=ActivityRecord{a8907ed u0 com.baidu.searchbox/.SplashActivity taskAffinity=10099:com.baidu.searchbox t-1} display-area-from-source=DefaultTaskDisplayArea@142405141 display-id=0 display-windowing-mode=1 suggested-display-area=DefaultTaskDisplayArea@142405141 inherit-from-source=fullscreen activity-options-fullscreen=Rect(0, 0 - 0, 0) non-freeform-display display-area=DefaultTaskDisplayArea@142405141
06-14 17:40:12.761 1556 4975 D CompatibilityChangeReporter: Compat change id reported: 174042980; UID 10099; state: DISABLED
06-14 17:40:12.761 1556 4975 D CompatibilityChangeReporter: Compat change id reported: 184838306; UID 10099; state: DISABLED
06-14 17:40:12.761 1556 4975 D CompatibilityChangeReporter: Compat change id reported: 185004937; UID 10099; state: DISABLED
06-14 17:40:12.762 1556 4975 D CompatibilityChangeReporter: Compat change id reported: 181136395; UID 10099; state: DISABLED
06-14 17:40:12.762 1556 4975 D CompatibilityChangeReporter: Compat change id reported: 174042936; UID 10099; state: DISABLED
06-14 17:40:12.762 1556 4975 I wm_task_moved: [1088,1,9]
06-14 17:40:12.762 1556 4975 I wm_task_to_front: [0,1088]
06-14 17:40:12.762 1556 4975 I wm_create_task: [0,1088]
06-14 17:40:12.762 1556 4975 I wm_create_activity: [0,176752621,1088,com.baidu.searchbox/.SplashActivity,android.intent.action.MAIN,NULL,NULL,270532608]
06-14 17:40:12.762 1556 4975 I wm_task_moved: [1088,1,9]
06-14 17:40:12.763 1556 4975 I wm_pause_activity: [0,106812043,com.android.launcher3/.uioverrides.QuickstepLauncher,userLeaving=true,pauseBackTasks]
06-14 17:40:12.763 1556 4975 D PowerManagerService: acquireWakeLockInternal: lock=110154549, flags=0x1, tag="*launch*", ws=WorkSource{10099}, uid=1000, pid=1556
06-14 17:40:12.763 1556 4975 D PowerManagerService: updateWakeLockSummaryLocked: mWakefulness=Awake, mWakeLockSummary=0x1
06-14 17:40:12.764 1556 4975 D PowerManagerService: updateUserActivitySummaryLocked: groupId=0, mWakefulness=Awake, mUserActivitySummary=0x1, nextTimeout=1813923 (in 59892 ms)
06-14 17:40:12.764 1556 4975 D PowerManagerNotifier: onScreenPolicyUpdate: newPolicy=3
06-14 17:40:12.764 1556 4975 D PowerManagerService: updateDisplayPowerStateLocked: displayReady=true, groupId=0, policy=BRIGHT, mWakefulness=Awake, mWakeLockSummary=0x1, mUserActivitySummary=0x1, mBootCompleted=true, screenBrightnessOverride=NaN, useAutoBrightness=true, mScreenBrightnessBoostInProgress=false, mIsVrModeEnabled= false, sQuiescent=false
06-14 17:40:12.764 1556 4975 D PowerManagerNotifier: onWakeLockAcquired: flags=1, tag="*launch*", packageName=android, ownerUid=1000, ownerPid=1556, workSource=WorkSource{10099}
06-14 17:40:12.764 1556 4975 I wm_finish_activity: [0,255070162,1077,com.qiyi.video/.WelcomeActivity,recent-task-trimmed]
06-14 17:40:12.764 1556 4975 I wm_destroy_activity: [0,255070162,1077,com.qiyi.video/.WelcomeActivity,finish-imm:finishIfPossible]
06-14 17:40:12.767 18952 18952 I wm_on_top_resumed_lost_called: [106812043,com.android.launcher3.uioverrides.QuickstepLauncher,topStateChangedWhenResumed]
06-14 17:40:12.767 18952 18952 I wm_on_paused_called: [106812043,com.android.launcher3.uioverrides.QuickstepLauncher,performPause]
06-14 17:40:12.769 1556 18234 I ActivityTaskManager: FOREGROUND_APPLICATION_CHANGED to com.baidu.searchbox.SplashActivity
06-14 17:40:12.769 1556 18234 I wm_add_to_stopping: [0,106812043,com.android.launcher3/.uioverrides.QuickstepLauncher,makeInvisible]
06-14 17:40:12.771 1556 1689 I am_uid_running: 10099
06-14 17:40:12.771 1556 1689 D CompatibilityChangeReporter: Compat change id reported: 135634846; UID 10099; state: DISABLED
06-14 17:40:12.772 1556 1697 D CompatibilityChangeReporter: Compat change id reported: 143937733; UID 10099; state: ENABLED
06-14 17:40:12.781 1556 1697 I am_proc_start: [0,2058,10099,com.baidu.searchbox,pre-top-activity,{com.baidu.searchbox/com.baidu.searchbox.SplashActivity}]
06-14 17:40:12.781 1556 1689 I sysui_multi_action: [757,803,799,window_time_0,802,1]
06-14 17:40:12.781 1556 1697 I ActivityManager: Start proc 2058:com.baidu.searchbox/u0a99 for pre-top-activity {com.baidu.searchbox/com.baidu.searchbox.SplashActivity}
06-14 17:40:12.782 1556 1689 I sysui_multi_action: [757,803,799,window_time_0,802,0]
06-14 17:40:12.783 1556 2059 W ContextImpl: Calling a method in the system process without a qualified user: android.app.ContextImpl.sendBroadcast:1173 com.qualcomm.qti.Performance$SendGameLaunchBroadcast.run:217 java.lang.Thread.run:920
06-14 17:40:12.799 1556 1828 I input_focus: [Focus leaving fc034d7 com.android.launcher3/com.android.launcher3.uioverrides.QuickstepLauncher (server),reason=NO_WINDOW]
06-14 17:40:12.802 1556 6193 I ActivityManager: Killing 32357:com.qiyi.video:plugin1/u0a94 (adj 0): remove task
06-14 17:40:12.802 1556 6193 I am_kill : [0,32357,com.qiyi.video:plugin1,0,remove task]
06-14 17:40:12.809 0 0 I [ 1754.074441] binder: 2058:2058 ioctl 40046210 ffc7d638 returned -22
06-14 17:40:12.811 1556 4975 I am_proc_bound: [0,2058,com.baidu.searchbox]
06-14 17:40:12.829 1556 4975 I wm_restart_activity: [0,176752621,1088,com.baidu.searchbox/.SplashActivity]
06-14 17:40:12.829 1556 4975 I wm_set_resumed_activity: [0,com.baidu.searchbox/.SplashActivity,minimalResumeActivityLocked]
06-14 17:40:12.832 1556 1689 I am_uid_active: 10099
06-14 17:40:12.833 0 0 I [ 1754.094551] msm_vidc: high: 00000002: h264d: Closed video instance: 0000000000000000
06-14 17:40:12.852 31113 31113 I wm_on_destroy_called: [255070162,com.qiyi.video.WelcomeActivity,performDestroy]
06-14 17:40:12.855 1556 4975 I wm_task_removed: [1077,removeChild:removeChild last r=ActivityRecord{f340fd2 u0 com.qiyi.video/.WelcomeActivity taskAffinity=10094:com.qiyi.video t-1 f}} in t=Task{bfb8f59 #1077 type=standard A=10094:com.qiyi.video U=0 visible=false mode=fullscreen translucent=true sz=0 visible freeform task=true rootAffinity=10094:com.qiyi.video isMini=false}]
06-14 17:40:12.855 1556 4975 I wm_task_removed: [1077,removeChild]
06-14 17:40:12.857 1556 1695 W UsageStatsService: Unexpected activity event reported! (com.qiyi.video/org.qiyi.android.video.MainActivity event : 23 instanceId : 21604957)
06-14 17:40:12.858 1556 1690 W ActivityTaskManager: Can't find TaskDisplayArea to determine support for multi window. Task id=1077 attached=false
06-14 17:40:12.858 1556 1690 W ActivityTaskManager: Can't find TaskDisplayArea to determine support for multi window. Task id=1077 attached=false
06-14 17:40:12.858 1556 18234 I ActivityManager: Killing 31113:com.qiyi.video/u0a94 (adj 500): remove task
06-14 17:40:12.858 1556 18234 I am_kill : [0,31113,com.qiyi.video,500,remove task]
06-14 17:40:12.859 1556 18234 I ActivityManager: Killing 490:com.qiyi.video:downloader/u0a94 (adj 500): remove task
06-14 17:40:12.859 1556 18234 I am_kill : [0,490,com.qiyi.video:downloader,500,remove task]
06-14 17:40:12.871 1556 6660 D ActivityTaskManager: Skipping, freeform mode : Task{ebef0e6 #1076 type=standard A=10108:com.tencent.mm U=0 visible=false mode=freeform translucent=true sz=2 visible freeform task=true rootAffinity=10108:com.tencent.mm isMini=false}
06-14 17:40:12.885 1556 6660 I am_proc_died: [0,32357,com.qiyi.video:plugin1,0,10]
06-14 17:40:12.886 1556 6660 W ActivityManager: Scheduling restart of crashed service com.qiyi.video/org.qiyi.android.plugin.ipc.IPCService1 in 56089ms for connection
06-14 17:40:12.886 1556 6660 I am_schedule_service_restart: [0,com.qiyi.video/org.qiyi.android.plugin.ipc.IPCService1,56089]
06-14 17:40:12.901 1556 2047 I am_proc_died: [0,490,com.qiyi.video:downloader,500,10]
06-14 17:40:12.901 1556 2047 W ActivityManager: Scheduling restart of crashed service com.qiyi.video/com.iqiyi.video.download.filedownload.QiyiDownloadCoreService in 66073ms for connection
06-14 17:40:12.901 1556 2047 I am_schedule_service_restart: [0,com.qiyi.video/com.iqiyi.video.download.filedownload.QiyiDownloadCoreService,66073]
06-14 17:40:12.902 1556 2047 W ActivityManager: Scheduling restart of crashed service com.qiyi.video/com.iqiyi.video.download.QiyiDownloadCenterService in 76073ms for start-requested
06-14 17:40:12.902 1556 2047 I am_schedule_service_restart: [0,com.qiyi.video/com.iqiyi.video.download.QiyiDownloadCenterService,76073]
06-14 17:40:12.938 1556 1695 I am_pss : [31111,10108,com.tencent.mm,202204160,146657280,37888,365035520,0,2,19]
06-14 17:40:12.933 1781 1781 I auditd : type=1400 audit(0.0:5226): avc: denied { read } for comm="DaemonThread-6" name="cache" dev="dm-5" ino=16 scontext=u:r:untrusted_app:s0:c107,c256,c512,c768 tcontext=u:object_r:cache_file:s0 tclass=lnk_file permissive=0 app=com.youku.phone
06-14 17:40:12.933 1781 1781 I auditd : type=1400 audit(0.0:5227): avc: denied { read } for comm="DaemonThread-6" name="cache" dev="dm-5" ino=16 scontext=u:r:untrusted_app:s0:c107,c256,c512,c768 tcontext=u:object_r:cache_file:s0 tclass=lnk_file permissive=0 app=com.youku.phone
06-14 17:40:12.933 1781 1781 I auditd : type=1400 audit(0.0:5228): avc: denied { getattr } for comm="DaemonThread-6" path="/proc/kmsg" dev="proc" ino=4026532249 scontext=u:r:untrusted_app:s0:c107,c256,c512,c768 tcontext=u:object_r:proc_kmsg:s0 tclass=file permissive=0 app=com.youku.phone
06-14 17:40:12.933 1781 1781 I auditd : type=1400 audit(0.0:5229): avc: denied { getattr } for comm="DaemonThread-6" path="/proc/keys" dev="proc" ino=4026532299 scontext=u:r:untrusted_app:s0:c107,c256,c512,c768 tcontext=u:object_r:proc_keys:s0 tclass=file permissive=0 app=com.youku.phone
06-14 17:40:12.937 1781 1781 I auditd : type=1400 audit(0.0:5230): avc: denied { getattr } for comm="DaemonThread-6" path="/proc/swaps" dev="proc" ino=4026532294 scontext=u:r:untrusted_app:s0:c107,c256,c512,c768 tcontext=u:object_r:proc_swaps:s0 tclass=file permissive=0 app=com.youku.phone
06-14 17:40:12.950 0 0 W [ 1754.215216] audit: audit_lost=4308 audit_rate_limit=5 audit_backlog_limit=64
06-14 17:40:12.950 0 0 E [ 1754.215221] audit: rate limit exceeded
06-14 17:40:12.950 0 0 I [ 1754.216227] binder: undelivered transaction 1032081, process died.
06-14 17:40:12.950 0 0 I [ 1754.216229] binder: undelivered transaction 1032083, process died.
06-14 17:40:12.950 0 0 I [ 1754.216229] binder: undelivered transaction 1032156, process died.
06-14 17:40:12.950 0 0 I [ 1754.216230] binder: undelivered transaction 1032159, process died.
06-14 17:40:12.950 0 0 I [ 1754.216231] binder: undelivered transaction 1032160, process died.
06-14 17:40:12.950 0 0 I [ 1754.216231] binder: undelivered transaction 1032163, process died.
06-14 17:40:12.950 0 0 I [ 1754.216603] binder: undelivered transaction 1032078, process died.
06-14 17:40:12.951 1556 3120 I am_proc_died: [0,31113,com.qiyi.video,500,10]
06-14 17:40:12.952 1556 3120 W ActivityManager: Scheduling restart of crashed service com.qiyi.video/org.qiyi.video.module.icommunication.ipc.HostService in 56023ms for start-requested
06-14 17:40:12.952 1556 3120 I am_schedule_service_restart: [0,com.qiyi.video/org.qiyi.video.module.icommunication.ipc.HostService,56023]
06-14 17:40:12.952 1556 3120 I am_uid_stopped: 10094
06-14 17:40:12.952 1556 1689 W ActivityManager: setHasOverlayUi called on unknown pid: 31113
06-14 17:40:12.960 1556 1689 I am_uid_running: 10094
06-14 17:40:12.960 1556 1689 D CompatibilityChangeReporter: Compat change id reported: 135634846; UID 10094; state: DISABLED
06-14 17:40:12.960 1556 1689 D CompatibilityChangeReporter: Compat change id reported: 177438394; UID 10094; state: DISABLED
06-14 17:40:12.960 1556 1689 D CompatibilityChangeReporter: Compat change id reported: 135772972; UID 10094; state: DISABLED
06-14 17:40:12.960 1556 1689 D CompatibilityChangeReporter: Compat change id reported: 135754954; UID 10094; state: ENABLED
06-14 17:40:12.960 1556 1697 D CompatibilityChangeReporter: Compat change id reported: 143937733; UID 10094; state: ENABLED
06-14 17:40:12.972 1556 1697 I am_proc_start: [0,2177,10094,com.qiyi.video,NULL,]
06-14 17:40:12.972 1556 1697 I ActivityManager: Start proc 2177:com.qiyi.video/u0a94 for null
06-14 17:40:12.989 1556 6132 I am_proc_bound: [0,2177,com.qiyi.video]
06-14 17:40:12.992 0 0 I [ 1754.254256] binder: 2177:2177 ioctl 40046210 7ff4300c84 returned -22
06-14 17:40:12.993 1556 6132 I am_stop_idle_service: [10094,com.qiyi.video/com.iqiyi.video.download.QiyiDownloadCenterService]
06-14 17:40:12.993 1556 6132 W ActivityManager: Stopping service due to app idle: u0a94 -1s755ms com.qiyi.video/com.iqiyi.video.download.QiyiDownloadCenterService
06-14 17:40:12.993 1556 6132 I am_stop_idle_service: [10094,com.qiyi.video/org.qiyi.video.module.icommunication.ipc.HostService]
06-14 17:40:12.993 1556 6132 W ActivityManager: Stopping service due to app idle: u0a94 -7s284ms com.qiyi.video/org.qiyi.video.module.icommunication.ipc.HostService
06-14 17:40:13.004 1556 2047 I thunderperf: PlatormCompat.setOverrides: Uid1=10099 Pid1=2058 Uid2=10099 Pid2=2058
06-14 17:40:13.004 1556 2047 I thunderperf: PlatormCompat.setOverrides: needCheck:false
06-14 17:40:13.004 1556 2047 W PackageManager: MATCH_ANY_USER flag requires INTERACT_ACROSS_USERS permission: UID 10099 requires android.permission.INTERACT_ACROSS_USERS_FULL or android.permission.INTERACT_ACROSS_USERS to access user 0.
06-14 17:40:13.005 1556 2047 I ActivityTaskManager: START u0 {act=android.intent.action.MAIN cat=[android.intent.category.LAUNCHER] flg=0x10200000 cmp=com.baidu.searchbox/.MainActivity bnds=[726,394][1026,692] (has extras)} from uid 10099
06-14 17:40:13.005 1556 2047 D ActivityTaskManager: TaskLaunchParamsModifier:task=null activity=ActivityRecord{80cdde8 u0 com.baidu.searchbox/.MainActivity taskAffinity=10099:com.baidu.searchbox display-area-from-source=DefaultTaskDisplayArea@142405141 display-id=0 display-windowing-mode=1 suggested-display-area=DefaultTaskDisplayArea@142405141
06-14 17:40:13.007 1556 2047 D ActivityTaskManager: TaskLaunchParamsModifier:task=Task{b10c622 #1088 type=standard A=10099:com.baidu.searchbox U=0 visible=true mode=fullscreen translucent=false sz=1 visible freeform task=true rootAffinity=10099:com.baidu.searchbox isMini=false} activity=ActivityRecord{80cdde8 u0 com.baidu.searchbox/.MainActivity taskAffinity=10099:com.baidu.searchbox t-1} display-area-from-source=DefaultTaskDisplayArea@142405141 display-id=0 display-windowing-mode=1 suggested-display-area=DefaultTaskDisplayArea@142405141 inherit-from-source=fullscreen activity-options-fullscreen=Rect(0, 0 - 0, 0) non-freeform-display display-area=DefaultTaskDisplayArea@142405141
06-14 17:40:13.009 1556 2047 I wm_task_moved: [1088,1,8]
06-14 17:40:13.009 1556 2047 I wm_set_resumed_activity: [0,com.baidu.searchbox/.SplashActivity,positionChildAt]
06-14 17:40:13.009 1556 2047 I wm_create_activity: [0,135060968,1088,com.baidu.searchbox/.MainActivity,android.intent.action.MAIN,NULL,NULL,270532608]
06-14 17:40:13.010 1556 2047 I wm_pause_activity: [0,176752621,com.baidu.searchbox/.SplashActivity,userLeaving=true,resumeTopActivityInnerLocked]
06-14 17:40:13.010 1556 2047 D PowerManagerService: acquireWakeLockInternal: lock=110154549, flags=0x1, tag="*launch*", ws=WorkSource{10099}, uid=1000, pid=1556
06-14 17:40:13.010 1556 2047 D PowerManagerService: updateWakeLockSummaryLocked: mWakefulness=Awake, mWakeLockSummary=0x1
06-14 17:40:13.010 1556 2047 D PowerManagerService: updateUserActivitySummaryLocked: groupId=0, mWakefulness=Awake, mUserActivitySummary=0x1, nextTimeout=1813923 (in 59646 ms)
06-14 17:40:13.010 1556 2047 D PowerManagerNotifier: onScreenPolicyUpdate: newPolicy=3
