06-14 17:42:05.043 1556 1914 D PowerManagerNotifier: onScreenPolicyUpdate: newPolicy=3
06-14 17:42:05.043 1556 1914 D PowerManagerService: updateDisplayPowerStateLocked: displayReady=true, groupId=0, policy=BRIGHT, mWakefulness=Dreaming, mWakeLockSummary=0x3, mUserActivitySummary=0x4, mBootCompleted=true, screenBrightnessOverride=NaN, useAutoBrightness=true, mScreenBrightnessBoostInProgress=false, mIsVrModeEnabled= false, sQuiescent=false
06-14 17:42:05.052 1556 1695 I am_pss : [7225,1000,com.thundercomm.screensaver,72437760,67395584,35840,179023872,0,2,12]
06-14 17:42:05.059 1556 1914 D PowerManagerService: acquireWakeLockInternal: lock=42217132, flags=0x1, tag="SyncLoopWakeLock", ws=null, uid=1000, pid=1556
06-14 17:42:05.059 1556 1914 D PowerManagerService: updateWakeLockSummaryLocked: mWakefulness=Dreaming, mWakeLockSummary=0x3
06-14 17:42:05.059 1556 1914 D PowerManagerService: updateUserActivitySummaryLocked: groupId=0, mWakefulness=Dreaming, mUserActivitySummary=0x4, nextTimeout=-1 (1866327 ms ago)
06-14 17:42:05.059 1556 1914 D PowerManagerNotifier: onScreenPolicyUpdate: newPolicy=3
06-14 17:42:05.059 1556 1914 D PowerManagerService: updateDisplayPowerStateLocked: displayReady=true, groupId=0, policy=BRIGHT, mWakefulness=Dreaming, mWakeLockSummary=0x3, mUserActivitySummary=0x4, mBootCompleted=true, screenBrightnessOverride=NaN, useAutoBrightness=true, mScreenBrightnessBoostInProgress=false, mIsVrModeEnabled= false, sQuiescent=false
06-14 17:42:05.059 1556 1914 D PowerManagerNotifier: onWakeLockAcquired: flags=1, tag="SyncLoopWakeLock", packageName=android, ownerUid=1000, ownerPid=1556, workSource=null
06-14 17:42:05.060 1556 1914 D PowerManagerService: releaseWakeLockInternal: lock=42217132 [SyncLoopWakeLock], flags=0x0
06-14 17:42:05.060 1556 1914 D PowerManagerNotifier: onWakeLockReleased: flags=1, tag="SyncLoopWakeLock", packageName=android, ownerUid=1000, ownerPid=1556, workSource=null
06-14 17:42:05.060 1556 1914 D PowerManagerService: updateWakeLockSummaryLocked: mWakefulness=Dreaming, mWakeLockSummary=0x3
06-14 17:42:05.060 1556 1914 D PowerManagerService: updateUserActivitySummaryLocked: groupId=0, mWakefulness=Dreaming, mUserActivitySummary=0x4, nextTimeout=-1 (1866328 ms ago)
06-14 17:42:05.061 1556 1914 D PowerManagerNotifier: onScreenPolicyUpdate: newPolicy=3
06-14 17:42:05.061 1556 1914 D PowerManagerService: updateDisplayPowerStateLocked: displayReady=true, groupId=0, policy=BRIGHT, mWakefulness=Dreaming, mWakeLockSummary=0x3, mUserActivitySummary=0x4, mBootCompleted=true, screenBrightnessOverride=NaN, useAutoBrightness=true, mScreenBrightnessBoostInProgress=false, mIsVrModeEnabled= false, sQuiescent=false
06-14 17:42:05.067 1556 1914 D PowerManagerService: acquireWakeLockInternal: lock=42217132, flags=0x1, tag="SyncLoopWakeLock", ws=null, uid=1000, pid=1556
06-14 17:42:05.067 1556 1914 D PowerManagerService: updateWakeLockSummaryLocked: mWakefulness=Dreaming, mWakeLockSummary=0x3
06-14 17:42:05.067 1556 1914 D PowerManagerService: updateUserActivitySummaryLocked: groupId=0, mWakefulness=Dreaming, mUserActivitySummary=0x4, nextTimeout=-1 (1866335 ms ago)
06-14 17:42:05.067 1556 1914 D PowerManagerNotifier: onScreenPolicyUpdate: newPolicy=3
06-14 17:42:05.067 1556 1914 D PowerManagerService: updateDisplayPowerStateLocked: displayReady=true, groupId=0, policy=BRIGHT, mWakefulness=Dreaming, mWakeLockSummary=0x3, mUserActivitySummary=0x4, mBootCompleted=true, screenBrightnessOverride=NaN, useAutoBrightness=true, mScreenBrightnessBoostInProgress=false, mIsVrModeEnabled= false, sQuiescent=false
06-14 17:42:05.067 1556 1914 D PowerManagerNotifier: onWakeLockAcquired: flags=1, tag="SyncLoopWakeLock", packageName=android, ownerUid=1000, ownerPid=1556, workSource=null
06-14 17:42:05.068 1556 1556 D PowerManagerService: releaseWakeLockInternal: lock=143587782 [*job*/com.tencent.android.qqdownloader.YYBLiveAccountProvider/com.tencent.android.qqdownloader.YYBLiveAccountProvider.account/应用宝:android], flags=0x0
06-14 17:42:05.068 1556 1556 D PowerManagerNotifier: onWakeLockReleased: flags=1, tag="*job*/com.tencent.android.qqdownloader.YYBLiveAccountProvider/com.tencent.android.qqdownloader.YYBLiveAccountProvider.account/应用宝:android", packageName=android, ownerUid=1000, ownerPid=1556, workSource=WorkSource{10092}
06-14 17:42:05.068 1556 1556 D PowerManagerService: updateWakeLockSummaryLocked: mWakefulness=Dreaming, mWakeLockSummary=0x3
06-14 17:42:05.068 1556 1556 D PowerManagerService: updateUserActivitySummaryLocked: groupId=0, mWakefulness=Dreaming, mUserActivitySummary=0x4, nextTimeout=-1 (1866336 ms ago)
06-14 17:42:05.068 1556 1556 D PowerManagerNotifier: onScreenPolicyUpdate: newPolicy=3
06-14 17:42:05.068 1556 1556 D PowerManagerService: updateDisplayPowerStateLocked: displayReady=true, groupId=0, policy=BRIGHT, mWakefulness=Dreaming, mWakeLockSummary=0x3, mUserActivitySummary=0x4, mBootCompleted=true, screenBrightnessOverride=NaN, useAutoBrightness=true, mScreenBrightnessBoostInProgress=false, mIsVrModeEnabled= false, sQuiescent=false
06-14 17:42:05.069 1556 1914 D PowerManagerService: releaseWakeLockInternal: lock=187134257 [*sync*/com.tencent.android.qqdownloader.YYBLiveAccountProvider/com.tencent.android.qqdownloader.YYBLiveAccountProvider.account/应用宝], flags=0x0
06-14 17:42:05.069 1556 1914 D PowerManagerNotifier: onWakeLockReleased: flags=1, tag="*sync*/com.tencent.android.qqdownloader.YYBLiveAccountProvider/com.tencent.android.qqdownloader.YYBLiveAccountProvider.account/应用宝", packageName=android, ownerUid=1000, ownerPid=1556, workSource=WorkSource{10092}
06-14 17:42:05.069 1556 1914 D PowerManagerService: updateWakeLockSummaryLocked: mWakefulness=Dreaming, mWakeLockSummary=0x3
06-14 17:42:05.069 1556 1914 D PowerManagerService: updateUserActivitySummaryLocked: groupId=0, mWakefulness=Dreaming, mUserActivitySummary=0x4, nextTimeout=-1 (1866338 ms ago)
06-14 17:42:05.069 1556 1914 D PowerManagerNotifier: onScreenPolicyUpdate: newPolicy=3
06-14 17:42:05.070 1556 1914 D PowerManagerService: updateDisplayPowerStateLocked: displayReady=true, groupId=0, policy=BRIGHT, mWakefulness=Dreaming, mWakeLockSummary=0x3, mUserActivitySummary=0x4, mBootCompleted=true, screenBrightnessOverride=NaN, useAutoBrightness=true, mScreenBrightnessBoostInProgress=false, mIsVrModeEnabled= false, sQuiescent=false
06-14 17:42:05.070 1556 1914 I sync : [com.tencent.android.qqdownloader.YYBLiveAccountProvider,1,3,24220937]
06-14 17:42:05.073 1556 1914 I commit_sys_config_file: [sync-status,1849236]
06-14 17:42:05.073 1556 1914 D PowerManagerService: releaseWakeLockInternal: lock=42217132 [SyncLoopWakeLock], flags=0x0
06-14 17:42:05.073 1556 1914 D PowerManagerNotifier: onWakeLockReleased: flags=1, tag="SyncLoopWakeLock", packageName=android, ownerUid=1000, ownerPid=1556, workSource=null
06-14 17:42:05.073 1556 1914 D PowerManagerService: updateWakeLockSummaryLocked: mWakefulness=Dreaming, mWakeLockSummary=0x3
06-14 17:42:05.073 1556 1914 D PowerManagerService: updateUserActivitySummaryLocked: groupId=0, mWakefulness=Dreaming, mUserActivitySummary=0x4, nextTimeout=-1 (1866341 ms ago)
06-14 17:42:05.073 1556 1914 D PowerManagerNotifier: onScreenPolicyUpdate: newPolicy=3
06-14 17:42:05.073 1556 1914 D PowerManagerService: updateDisplayPowerStateLocked: displayReady=true, groupId=0, policy=BRIGHT, mWakefulness=Dreaming, mWakeLockSummary=0x3, mUserActivitySummary=0x4, mBootCompleted=true, screenBrightnessOverride=NaN, useAutoBrightness=true, mScreenBrightnessBoostInProgress=false, mIsVrModeEnabled= false, sQuiescent=false
06-14 17:42:05.073 1556 1914 D PowerManagerService: acquireWakeLockInternal: lock=42217132, flags=0x1, tag="SyncLoopWakeLock", ws=null, uid=1000, pid=1556
06-14 17:42:05.073 1556 1914 D PowerManagerService: updateWakeLockSummaryLocked: mWakefulness=Dreaming, mWakeLockSummary=0x3
06-14 17:42:05.073 1556 1914 D PowerManagerService: updateUserActivitySummaryLocked: groupId=0, mWakefulness=Dreaming, mUserActivitySummary=0x4, nextTimeout=-1 (1866342 ms ago)
06-14 17:42:05.073 1556 1914 D PowerManagerNotifier: onScreenPolicyUpdate: newPolicy=3
06-14 17:42:05.073 1556 1914 D PowerManagerService: updateDisplayPowerStateLocked: displayReady=true, groupId=0, policy=BRIGHT, mWakefulness=Dreaming, mWakeLockSummary=0x3, mUserActivitySummary=0x4, mBootCompleted=true, screenBrightnessOverride=NaN, useAutoBrightness=true, mScreenBrightnessBoostInProgress=false, mIsVrModeEnabled= false, sQuiescent=false
06-14 17:42:05.073 1556 1914 D PowerManagerNotifier: onWakeLockAcquired: flags=1, tag="SyncLoopWakeLock", packageName=android, ownerUid=1000, ownerPid=1556, workSource=null
06-14 17:42:05.078 1556 1914 D PowerManagerService: releaseWakeLockInternal: lock=42217132 [SyncLoopWakeLock], flags=0x0
06-14 17:42:05.078 1556 1914 D PowerManagerNotifier: onWakeLockReleased: flags=1, tag="SyncLoopWakeLock", packageName=android, ownerUid=1000, ownerPid=1556, workSource=null
06-14 17:42:05.078 1556 1914 D PowerManagerService: updateWakeLockSummaryLocked: mWakefulness=Dreaming, mWakeLockSummary=0x3
06-14 17:42:05.078 1556 1914 D PowerManagerService: updateUserActivitySummaryLocked: groupId=0, mWakefulness=Dreaming, mUserActivitySummary=0x4, nextTimeout=-1 (1866346 ms ago)
06-14 17:42:05.078 1556 1914 D PowerManagerNotifier: onScreenPolicyUpdate: newPolicy=3
06-14 17:42:05.078 1556 1914 D PowerManagerService: updateDisplayPowerStateLocked: displayReady=true, groupId=0, policy=BRIGHT, mWakefulness=Dreaming, mWakeLockSummary=0x3, mUserActivitySummary=0x4, mBootCompleted=true, screenBrightnessOverride=NaN, useAutoBrightness=true, mScreenBrightnessBoostInProgress=false, mIsVrModeEnabled= false, sQuiescent=false
06-14 17:42:05.078 1556 1556 D PowerManagerService: acquireWakeLockInternal: lock=75142805, flags=0x1, tag="*job*/com.tencent.android.qqdownloader.YYBLiveAccountProvider/com.tencent.android.qqdownloader.YYBLiveAccountProvider.account/应用宝:android", ws=WorkSource{10092}, uid=1000, pid=1556
06-14 17:42:05.078 1556 1556 D PowerManagerService: updateWakeLockSummaryLocked: mWakefulness=Dreaming, mWakeLockSummary=0x3
06-14 17:42:05.078 1556 1556 D PowerManagerService: updateUserActivitySummaryLocked: groupId=0, mWakefulness=Dreaming, mUserActivitySummary=0x4, nextTimeout=-1 (1866346 ms ago)
06-14 17:42:05.078 1556 1556 D PowerManagerNotifier: onScreenPolicyUpdate: newPolicy=3
06-14 17:42:05.078 1556 1556 D PowerManagerService: updateDisplayPowerStateLocked: displayReady=true, groupId=0, policy=BRIGHT, mWakefulness=Dreaming, mWakeLockSummary=0x3, mUserActivitySummary=0x4, mBootCompleted=true, screenBrightnessOverride=NaN, useAutoBrightness=true, mScreenBrightnessBoostInProgress=false, mIsVrModeEnabled= false, sQuiescent=false
06-14 17:42:05.078 1556 1556 D PowerManagerNotifier: onWakeLockAcquired: flags=1, tag="*job*/com.tencent.android.qqdownloader.YYBLiveAccountProvider/com.tencent.android.qqdownloader.YYBLiveAccountProvider.account/应用宝:android", packageName=android, ownerUid=1000, ownerPid=1556, workSource=WorkSource{10092}
06-14 17:42:05.078 1556 1914 D PowerManagerService: acquireWakeLockInternal: lock=42217132, flags=0x1, tag="SyncLoopWakeLock", ws=null, uid=1000, pid=1556
06-14 17:42:05.078 1556 1914 D PowerManagerService: updateWakeLockSummaryLocked: mWakefulness=Dreaming, mWakeLockSummary=0x3
06-14 17:42:05.078 1556 1914 D PowerManagerService: updateUserActivitySummaryLocked: groupId=0, mWakefulness=Dreaming, mUserActivitySummary=0x4, nextTimeout=-1 (1866347 ms ago)
06-14 17:42:05.078 1556 1914 D PowerManagerNotifier: onScreenPolicyUpdate: newPolicy=3
06-14 17:42:05.078 1556 1914 D PowerManagerService: updateDisplayPowerStateLocked: displayReady=true, groupId=0, policy=BRIGHT, mWakefulness=Dreaming, mWakeLockSummary=0x3, mUserActivitySummary=0x4, mBootCompleted=true, screenBrightnessOverride=NaN, useAutoBrightness=true, mScreenBrightnessBoostInProgress=false, mIsVrModeEnabled= false, sQuiescent=false
06-14 17:42:05.079 1556 1914 D PowerManagerNotifier: onWakeLockAcquired: flags=1, tag="SyncLoopWakeLock", packageName=android, ownerUid=1000, ownerPid=1556, workSource=null
06-14 17:42:05.079 1556 1914 I sync : [com.tencent.android.qqdownloader.YYBLiveAccountProvider,0,3,24220937]
06-14 17:42:05.079 1556 1914 D PowerManagerService: acquireWakeLockInternal: lock=187134257, flags=0x1, tag="*sync*/com.tencent.android.qqdownloader.YYBLiveAccountProvider/com.tencent.android.qqdownloader.YYBLiveAccountProvider.account/应用宝", ws=WorkSource{10092}, uid=1000, pid=1556
06-14 17:42:05.079 1556 1914 D PowerManagerService: updateWakeLockSummaryLocked: mWakefulness=Dreaming, mWakeLockSummary=0x3
06-14 17:42:05.079 1556 1914 D PowerManagerService: updateUserActivitySummaryLocked: groupId=0, mWakefulness=Dreaming, mUserActivitySummary=0x4, nextTimeout=-1 (1866348 ms ago)
06-14 17:42:05.080 1556 1914 D PowerManagerNotifier: onScreenPolicyUpdate: newPolicy=3
06-14 17:42:05.080 1556 1914 D PowerManagerService: updateDisplayPowerStateLocked: displayReady=true, groupId=0, policy=BRIGHT, mWakefulness=Dreaming, mWakeLockSummary=0x3, mUserActivitySummary=0x4, mBootCompleted=true, screenBrightnessOverride=NaN, useAutoBrightness=true, mScreenBrightnessBoostInProgress=false, mIsVrModeEnabled= false, sQuiescent=false
06-14 17:42:05.080 1556 1914 D PowerManagerNotifier: onWakeLockAcquired: flags=1, tag="*sync*/com.tencent.android.qqdownloader.YYBLiveAccountProvider/com.tencent.android.qqdownloader.YYBLiveAccountProvider.account/应用宝", packageName=android, ownerUid=1000, ownerPid=1556, workSource=WorkSource{10092}
06-14 17:42:05.083 1556 1914 D PowerManagerService: releaseWakeLockInternal: lock=42217132 [SyncLoopWakeLock], flags=0x0
06-14 17:42:05.083 1556 1914 D PowerManagerNotifier: onWakeLockReleased: flags=1, tag="SyncLoopWakeLock", packageName=android, ownerUid=1000, ownerPid=1556, workSource=null
06-14 17:42:05.083 1556 1914 D PowerManagerService: updateWakeLockSummaryLocked: mWakefulness=Dreaming, mWakeLockSummary=0x3
06-14 17:42:05.083 1556 1914 D PowerManagerService: updateUserActivitySummaryLocked: groupId=0, mWakefulness=Dreaming, mUserActivitySummary=0x4, nextTimeout=-1 (1866352 ms ago)
06-14 17:42:05.083 1556 1914 D PowerManagerNotifier: onScreenPolicyUpdate: newPolicy=3
06-14 17:42:05.083 1556 1914 D PowerManagerService: updateDisplayPowerStateLocked: displayReady=true, groupId=0, policy=BRIGHT, mWakefulness=Dreaming, mWakeLockSummary=0x3, mUserActivitySummary=0x4, mBootCompleted=true, screenBrightnessOverride=NaN, useAutoBrightness=true, mScreenBrightnessBoostInProgress=false, mIsVrModeEnabled= false, sQuiescent=false
06-14 17:42:05.090 1556 1914 D PowerManagerService: acquireWakeLockInternal: lock=42217132, flags=0x1, tag="SyncLoopWakeLock", ws=null, uid=1000, pid=1556
06-14 17:42:05.090 1556 1914 D PowerManagerService: updateWakeLockSummaryLocked: mWakefulness=Dreaming, mWakeLockSummary=0x3
06-14 17:42:05.090 1556 1914 D PowerManagerService: updateUserActivitySummaryLocked: groupId=0, mWakefulness=Dreaming, mUserActivitySummary=0x4, nextTimeout=-1 (1866359 ms ago)
06-14 17:42:05.090 1556 1914 D PowerManagerNotifier: onScreenPolicyUpdate: newPolicy=3
06-14 17:42:05.090 1556 1914 D PowerManagerService: updateDisplayPowerStateLocked: displayReady=true, groupId=0, policy=BRIGHT, mWakefulness=Dreaming, mWakeLockSummary=0x3, mUserActivitySummary=0x4, mBootCompleted=true, screenBrightnessOverride=NaN, useAutoBrightness=true, mScreenBrightnessBoostInProgress=false, mIsVrModeEnabled= false, sQuiescent=false
06-14 17:42:05.090 1556 1914 D PowerManagerNotifier: onWakeLockAcquired: flags=1, tag="SyncLoopWakeLock", packageName=android, ownerUid=1000, ownerPid=1556, workSource=null
06-14 17:42:05.091 1556 1914 D PowerManagerService: releaseWakeLockInternal: lock=42217132 [SyncLoopWakeLock], flags=0x0
06-14 17:42:05.091 1556 1914 D PowerManagerNotifier: onWakeLockReleased: flags=1, tag="SyncLoopWakeLock", packageName=android, ownerUid=1000, ownerPid=1556, workSource=null
06-14 17:42:05.091 1556 1914 D PowerManagerService: updateWakeLockSummaryLocked: mWakefulness=Dreaming, mWakeLockSummary=0x3
06-14 17:42:05.091 1556 1914 D PowerManagerService: updateUserActivitySummaryLocked: groupId=0, mWakefulness=Dreaming, mUserActivitySummary=0x4, nextTimeout=-1 (1866359 ms ago)
06-14 17:42:05.091 1556 1914 D PowerManagerNotifier: onScreenPolicyUpdate: newPolicy=3
06-14 17:42:05.091 1556 1914 D PowerManagerService: updateDisplayPowerStateLocked: displayReady=true, groupId=0, policy=BRIGHT, mWakefulness=Dreaming, mWakeLockSummary=0x3, mUserActivitySummary=0x4, mBootCompleted=true, screenBrightnessOverride=NaN, useAutoBrightness=true, mScreenBrightnessBoostInProgress=false, mIsVrModeEnabled= false, sQuiescent=false
06-14 17:42:05.097 1556 1914 D PowerManagerService: acquireWakeLockInternal: lock=42217132, flags=0x1, tag="SyncLoopWakeLock", ws=null, uid=1000, pid=1556
06-14 17:42:05.097 1556 1914 D PowerManagerService: updateWakeLockSummaryLocked: mWakefulness=Dreaming, mWakeLockSummary=0x3
06-14 17:42:05.097 1556 1914 D PowerManagerService: updateUserActivitySummaryLocked: groupId=0, mWakefulness=Dreaming, mUserActivitySummary=0x4, nextTimeout=-1 (1866365 ms ago)
06-14 17:42:05.097 1556 1914 D PowerManagerNotifier: onScreenPolicyUpdate: newPolicy=3
06-14 17:42:05.097 1556 1914 D PowerManagerService: updateDisplayPowerStateLocked: displayReady=true, groupId=0, policy=BRIGHT, mWakefulness=Dreaming, mWakeLockSummary=0x3, mUserActivitySummary=0x4, mBootCompleted=true, screenBrightnessOverride=NaN, useAutoBrightness=true, mScreenBrightnessBoostInProgress=false, mIsVrModeEnabled= false, sQuiescent=false
06-14 17:42:05.097 1556 1914 D PowerManagerNotifier: onWakeLockAcquired: flags=1, tag="SyncLoopWakeLock", packageName=android, ownerUid=1000, ownerPid=1556, workSource=null
06-14 17:42:05.098 1556 1556 D PowerManagerService: releaseWakeLockInternal: lock=75142805 [*job*/com.tencent.android.qqdownloader.YYBLiveAccountProvider/com.tencent.android.qqdownloader.YYBLiveAccountProvider.account/应用宝:android], flags=0x0
06-14 17:42:05.098 1556 1556 D PowerManagerNotifier: onWakeLockReleased: flags=1, tag="*job*/com.tencent.android.qqdownloader.YYBLiveAccountProvider/com.tencent.android.qqdownloader.YYBLiveAccountProvider.account/应用宝:android", packageName=android, ownerUid=1000, ownerPid=1556, workSource=WorkSource{10092}
06-14 17:42:05.098 1556 1556 D PowerManagerService: updateWakeLockSummaryLocked: mWakefulness=Dreaming, mWakeLockSummary=0x3
06-14 17:42:05.098 1556 1556 D PowerManagerService: updateUserActivitySummaryLocked: groupId=0, mWakefulness=Dreaming, mUserActivitySummary=0x4, nextTimeout=-1 (1866366 ms ago)
06-14 17:42:05.098 1556 1556 D PowerManagerNotifier: onScreenPolicyUpdate: newPolicy=3
06-14 17:42:05.098 1556 1556 D PowerManagerService: updateDisplayPowerStateLocked: displayReady=true, groupId=0, policy=BRIGHT, mWakefulness=Dreaming, mWakeLockSummary=0x3, mUserActivitySummary=0x4, mBootCompleted=true, screenBrightnessOverride=NaN, useAutoBrightness=true, mScreenBrightnessBoostInProgress=false, mIsVrModeEnabled= false, sQuiescent=false
06-14 17:42:05.101 1556 1914 D PowerManagerService: releaseWakeLockInternal: lock=187134257 [*sync*/com.tencent.android.qqdownloader.YYBLiveAccountProvider/com.tencent.android.qqdownloader.YYBLiveAccountProvider.account/应用宝], flags=0x0
06-14 17:42:05.101 1556 1914 D PowerManagerNotifier: onWakeLockReleased: flags=1, tag="*sync*/com.tencent.android.qqdownloader.YYBLiveAccountProvider/com.tencent.android.qqdownloader.YYBLiveAccountProvider.account/应用宝", packageName=android, ownerUid=1000, ownerPid=1556, workSource=WorkSource{10092}
06-14 17:42:05.101 1556 1914 D PowerManagerService: updateWakeLockSummaryLocked: mWakefulness=Dreaming, mWakeLockSummary=0x3
06-14 17:42:05.101 1556 1914 D PowerManagerService: updateUserActivitySummaryLocked: groupId=0, mWakefulness=Dreaming, mUserActivitySummary=0x4, nextTimeout=-1 (1866369 ms ago)
06-14 17:42:05.101 1556 1914 D PowerManagerNotifier: onScreenPolicyUpdate: newPolicy=3
06-14 17:42:05.101 1556 1914 D PowerManagerService: updateDisplayPowerStateLocked: displayReady=true, groupId=0, policy=BRIGHT, mWakefulness=Dreaming, mWakeLockSummary=0x3, mUserActivitySummary=0x4, mBootCompleted=true, screenBrightnessOverride=NaN, useAutoBrightness=true, mScreenBrightnessBoostInProgress=false, mIsVrModeEnabled= false, sQuiescent=false
06-14 17:42:05.104 1556 1914 I sync : [com.tencent.android.qqdownloader.YYBLiveAccountProvider,1,3,24220937]
06-14 17:42:05.106 1556 1914 I commit_sys_config_file: [sync-status,1849270]
06-14 17:42:05.106 1556 1914 D PowerManagerService: releaseWakeLockInternal: lock=42217132 [SyncLoopWakeLock], flags=0x0
06-14 17:42:05.106 1556 1914 D PowerManagerNotifier: onWakeLockReleased: flags=1, tag="SyncLoopWakeLock", packageName=android, ownerUid=1000, ownerPid=1556, workSource=null
06-14 17:42:05.107 1556 1914 D PowerManagerService: updateWakeLockSummaryLocked: mWakefulness=Dreaming, mWakeLockSummary=0x3
06-14 17:42:05.107 1556 1914 D PowerManagerService: updateUserActivitySummaryLocked: groupId=0, mWakefulness=Dreaming, mUserActivitySummary=0x4, nextTimeout=-1 (1866375 ms ago)
06-14 17:42:05.107 1556 1914 D PowerManagerNotifier: onScreenPolicyUpdate: newPolicy=3
06-14 17:42:05.107 1556 1914 D PowerManagerService: updateDisplayPowerStateLocked: displayReady=true, groupId=0, policy=BRIGHT, mWakefulness=Dreaming, mWakeLockSummary=0x3, mUserActivitySummary=0x4, mBootCompleted=true, screenBrightnessOverride=NaN, useAutoBrightness=true, mScreenBrightnessBoostInProgress=false, mIsVrModeEnabled= false, sQuiescent=false
06-14 17:42:05.107 1556 1914 D PowerManagerService: acquireWakeLockInternal: lock=42217132, flags=0x1, tag="SyncLoopWakeLock", ws=null, uid=1000, pid=1556
06-14 17:42:05.107 1556 1914 D PowerManagerService: updateWakeLockSummaryLocked: mWakefulness=Dreaming, mWakeLockSummary=0x3
06-14 17:42:05.107 1556 1914 D PowerManagerService: updateUserActivitySummaryLocked: groupId=0, mWakefulness=Dreaming, mUserActivitySummary=0x4, nextTimeout=-1 (1866375 ms ago)
06-14 17:42:05.107 1556 1914 D PowerManagerNotifier: onScreenPolicyUpdate: newPolicy=3
06-14 17:42:05.107 1556 1914 D PowerManagerService: updateDisplayPowerStateLocked: displayReady=true, groupId=0, policy=BRIGHT, mWakefulness=Dreaming, mWakeLockSummary=0x3, mUserActivitySummary=0x4, mBootCompleted=true, screenBrightnessOverride=NaN, useAutoBrightness=true, mScreenBrightnessBoostInProgress=false, mIsVrModeEnabled= false, sQuiescent=false
06-14 17:42:05.107 1556 1914 D PowerManagerNotifier: onWakeLockAcquired: flags=1, tag="SyncLoopWakeLock", packageName=android, ownerUid=1000, ownerPid=1556, workSource=null
06-14 17:42:05.109 1556 1914 D PowerManagerService: releaseWakeLockInternal: lock=42217132 [SyncLoopWakeLock], flags=0x0
06-14 17:42:05.109 1556 1914 D PowerManagerNotifier: onWakeLockReleased: flags=1, tag="SyncLoopWakeLock", packageName=android, ownerUid=1000, ownerPid=1556, workSource=null
06-14 17:42:05.109 1556 1914 D PowerManagerService: updateWakeLockSummaryLocked: mWakefulness=Dreaming, mWakeLockSummary=0x3
06-14 17:42:05.109 1556 1914 D PowerManagerService: updateUserActivitySummaryLocked: groupId=0, mWakefulness=Dreaming, mUserActivitySummary=0x4, nextTimeout=-1 (1866377 ms ago)
06-14 17:42:05.109 1556 1914 D PowerManagerNotifier: onScreenPolicyUpdate: newPolicy=3
06-14 17:42:05.109 1556 1914 D PowerManagerService: updateDisplayPowerStateLocked: displayReady=true, groupId=0, policy=BRIGHT, mWakefulness=Dreaming, mWakeLockSummary=0x3, mUserActivitySummary=0x4, mBootCompleted=true, screenBrightnessOverride=NaN, useAutoBrightness=true, mScreenBrightnessBoostInProgress=false, mIsVrModeEnabled= false, sQuiescent=false
06-14 17:42:05.244 0 0 I [ 1866.510789] init: processing action (sys.tlog.tlogdshc.active=1) from (/system/etc/init/tlogd.rc:195)
06-14 17:42:05.245 0 0 I [ 1866.511758] init: starting service 'tlogdshc'...
06-14 17:42:05.360 0 0 I [ 1866.626534] init: Service 'tlogdshc' (pid 7294) exited with status 0 oneshot service took 0.109000 seconds in background
06-14 17:42:05.360 0 0 I [ 1866.626560] init: Sending signal 9 to service 'tlogdshc' (pid 7294) process group...
06-14 17:42:05.360 0 0 I [ 1866.626738] libprocessgroup: Successfully killed process cgroup uid 0 pid 7294 in 0ms
06-14 17:42:07.080 1556 1688 I commit_sys_config_file: [jobs,6]
06-14 17:42:08.272 0 0 E [ 1869.536128] link_delay_work_func: DTC_ETH: SQI=0, link=0
06-14 17:42:10.013 2261 2261 I sqlite_mem_released: 0
06-14 17:42:10.013 2261 2261 I force_gc: mem
06-14 17:42:10.776 0 0 E [ 1872.040272] msm_pcm_playback_close: CMD_EOS failed, cmd_pending 0x8
06-14 17:42:13.392 0 0 E [ 1874.657607] link_delay_work_func: DTC_ETH: SQI=0, link=0
06-14 17:42:15.016 2324 2324 I sqlite_mem_released: 0
06-14 17:42:15.016 2324 2324 I force_gc: mem
06-14 17:42:17.057 1556 1695 I am_pss : [7225,1000,com.thundercomm.screensaver,72436736,67395584,35840,179023872,0,2,13]
06-14 17:42:18.321 31123 31123 I auditd : type=1400 audit(0.0:5461): avc: granted { execute } for comm="OST-Normal-14" path="/data/data/com.youku.phone/files/solid-11.0.29/libhawrap.so" dev="dm-10" ino=134882 scontext=u:r:untrusted_app:s0:c107,c256,c512,c768 tcontext=u:object_r:app_data_file:s0:c107,c256,c512,c768 tclass=file app=com.youku.phone
06-14 17:42:18.337 31123 31123 I auditd : type=1400 audit(0.0:5462): avc: granted { execute } for comm="OST-Normal-14" path="/data/data/com.youku.phone/files/solid-11.0.29/libsuperres.so" dev="dm-10" ino=78233 scontext=u:r:untrusted_app:s0:c107,c256,c512,c768 tcontext=u:object_r:app_data_file:s0:c107,c256,c512,c768 tclass=file app=com.youku.phone
06-14 17:42:18.357 31123 31123 I auditd : type=1400 audit(0.0:5463): avc: granted { execute } for comm="OST-Normal-14" path="/data/data/com.youku.phone/files/solid-11.0.29/libcvfoundry.so" dev="dm-10" ino=80663 scontext=u:r:untrusted_app:s0:c107,c256,c512,c768 tcontext=u:object_r:app_data_file:s0:c107,c256,c512,c768 tclass=file app=com.youku.phone
06-14 17:42:18.361 31123 31123 I auditd : type=1400 audit(0.0:5464): avc: granted { execute } for comm="OST-Normal-14" path="/data/data/com.youku.phone/files/solid-11.0.29/libavpbase.so" dev="dm-10" ino=121431 scontext=u:r:untrusted_app:s0:c107,c256,c512,c768 tcontext=u:object_r:app_data_file:s0:c107,c256,c512,c768 tclass=file app=com.youku.phone
06-14 17:42:18.381 31123 31123 I auditd : type=1400 audit(0.0:5465): avc: granted { execute } for comm="OST-Normal-14" path="/data/data/com.youku.phone/files/solid-11.0.29/libhiai_ir.so" dev="dm-10" ino=78352 scontext=u:r:untrusted_app:s0:c107,c256,c512,c768 tcontext=u:object_r:app_data_file:s0:c107,c256,c512,c768 tclass=file app=com.youku.phone
06-14 17:42:18.388 0 0 W [ 1879.655952] audit: audit_lost=4463 audit_rate_limit=5 audit_backlog_limit=64
06-14 17:42:18.388 0 0 E [ 1879.655955] audit: rate limit exceeded
06-14 17:42:18.512 0 0 E [ 1879.776142] link_delay_work_func: DTC_ETH: SQI=0, link=0
06-14 17:42:20.017 2242 2242 I force_gc: mem
06-14 17:42:21.016 0 0 E [ 1882.280111] msm_pcm_playback_close: CMD_EOS failed, cmd_pending 0x8
06-14 17:42:23.632 0 0 E [ 1884.896325] link_delay_work_func: DTC_ETH: SQI=0, link=0
06-14 17:42:25.021 2375 2375 I force_gc: mem
06-14 17:42:28.752 0 0 E [ 1890.016275] link_delay_work_func: DTC_ETH: SQI=0, link=0
06-14 17:42:29.012 1556 5837 D PowerManagerService: acquireWakeLockInternal: lock=56966882, flags=0x1, tag="NetworkStats", ws=null, uid=1000, pid=1556
06-14 17:42:29.012 1556 5837 D PowerManagerService: updateWakeLockSummaryLocked: mWakefulness=Dreaming, mWakeLockSummary=0x3
06-14 17:42:29.013 1556 5837 D PowerManagerService: updateUserActivitySummaryLocked: groupId=0, mWakefulness=Dreaming, mUserActivitySummary=0x4, nextTimeout=-1 (1890281 ms ago)
06-14 17:42:29.013 1556 5837 D PowerManagerNotifier: onScreenPolicyUpdate: newPolicy=3
06-14 17:42:29.013 1556 5837 D PowerManagerService: updateDisplayPowerStateLocked: displayReady=true, groupId=0, policy=BRIGHT, mWakefulness=Dreaming, mWakeLockSummary=0x3, mUserActivitySummary=0x4, mBootCompleted=true, screenBrightnessOverride=NaN, useAutoBrightness=true, mScreenBrightnessBoostInProgress=false, mIsVrModeEnabled= false, sQuiescent=false
06-14 17:42:29.013 1556 5837 D PowerManagerNotifier: onWakeLockAcquired: flags=1, tag="NetworkStats", packageName=android, ownerUid=1000, ownerPid=1556, workSource=null
06-14 17:42:29.035 1556 5837 I netstats_mobile_sample: [0,0,0,0,0,0,0,0,0,0,0,0,1686735749035]
06-14 17:42:29.035 1556 5837 I netstats_wifi_sample: [96534418,101728,14919609,67534,96534418,101728,14919609,67534,99059417,106351,14340516,65744,1686735749035]
06-14 17:42:29.035 1556 5837 D PowerManagerService: releaseWakeLockInternal: lock=56966882 [NetworkStats], flags=0x0
06-14 17:42:29.035 1556 5837 D PowerManagerNotifier: onWakeLockReleased: flags=1, tag="NetworkStats", packageName=android, ownerUid=1000, ownerPid=1556, workSource=null
06-14 17:42:29.036 1556 5837 D PowerManagerService: updateWakeLockSummaryLocked: mWakefulness=Dreaming, mWakeLockSummary=0x3
06-14 17:42:29.036 1556 5837 D PowerManagerService: updateUserActivitySummaryLocked: groupId=0, mWakefulness=Dreaming, mUserActivitySummary=0x4, nextTimeout=-1 (1890305 ms ago)
06-14 17:42:29.036 1556 5837 D PowerManagerNotifier: onScreenPolicyUpdate: newPolicy=3
06-14 17:42:29.037 1556 5837 D PowerManagerService: updateDisplayPowerStateLocked: displayReady=true, groupId=0, policy=BRIGHT, mWakefulness=Dreaming, mWakeLockSummary=0x3, mUserActivitySummary=0x4, mBootCompleted=true, screenBrightnessOverride=NaN, useAutoBrightness=true, mScreenBrightnessBoostInProgress=false, mIsVrModeEnabled= false, sQuiescent=false
06-14 17:42:29.855 1556 1712 D PowerManagerNotifier: onLongPartialWakeLockStart: ownerUid=1041, workSource=WorkSource{10117}
06-14 17:42:31.253 0 0 E [ 1892.520128] msm_pcm_playback_close: CMD_EOS failed, cmd_pending 0x8
06-14 17:42:31.773 31123 31123 I auditd : type=1400 audit(0.0:5471): avc: denied { read } for comm="CrashSDKBkgdHan" name="loadavg" dev="proc" ino=4026532243 scontext=u:r:untrusted_app:s0:c107,c256,c512,c768 tcontext=u:object_r:proc_loadavg:s0 tclass=file permissive=0 app=com.youku.phone
06-14 17:42:33.872 0 0 E [ 1895.136137] link_delay_work_func: DTC_ETH: SQI=0, link=0
06-14 17:42:34.042 3229 3229 I sqlite_mem_released: 0
06-14 17:42:34.042 3229 3229 I force_gc: mem
06-14 17:42:35.245 0 0 I [ 1896.512265] init: processing action (sys.tlog.tlogdshc.active=1) from (/system/etc/init/tlogd.rc:195)
06-14 17:42:35.248 0 0 I [ 1896.513076] init: starting service 'tlogdshc'...
06-14 17:42:35.368 0 0 I [ 1896.633975] init: Service 'tlogdshc' (pid 7335) exited with status 0 oneshot service took 0.116000 seconds in background
06-14 17:42:35.368 0 0 I [ 1896.634002] init: Sending signal 9 to service 'tlogdshc' (pid 7335) process group...
06-14 17:42:35.368 0 0 I [ 1896.634175] libprocessgroup: Successfully killed process cgroup uid 0 pid 7335 in 0ms
06-14 17:42:36.992 1556 1556 I notification_enqueue: [10092,19346,com.tencent.android.qqdownloader,127,NULL,0,Notification(channel=channel_id_default_silent shortcut=null contentView=com.tencent.android.qqdownloader/0x7f0a01c2 vibrate=null sound=null defaults=0x0 flags=0x2a2 color=0x00000000 groupKey=com.tencent.android.qqdownloader vis=PRIVATE),1]
06-14 17:42:37.194 1556 1556 I GameModeConfig: isGameModeOn = false
06-14 17:42:38.992 0 0 E [ 1900.256121] link_delay_work_func: DTC_ETH: SQI=0, link=0
06-14 17:42:39.061 2388 2388 I force_gc: mem
06-14 17:42:40.028 1556 1819 D PowerManagerService: acquireWakeLockInternal: lock=118235607, flags=0x1, tag="*alarm*", ws=WorkSource{1000}, uid=1000, pid=1556
06-14 17:42:40.028 1556 1819 D PowerManagerService: updateWakeLockSummaryLocked: mWakefulness=Dreaming, mWakeLockSummary=0x3
06-14 17:42:40.028 1556 1819 D PowerManagerService: updateUserActivitySummaryLocked: groupId=0, mWakefulness=Dreaming, mUserActivitySummary=0x4, nextTimeout=-1 (1901297 ms ago)
06-14 17:42:40.029 1556 1819 D PowerManagerNotifier: onScreenPolicyUpdate: newPolicy=3
06-14 17:42:40.029 1556 1819 D PowerManagerService: updateDisplayPowerStateLocked: displayReady=true, groupId=0, policy=BRIGHT, mWakefulness=Dreaming, mWakeLockSummary=0x3, mUserActivitySummary=0x4, mBootCompleted=true, screenBrightnessOverride=NaN, useAutoBrightness=true, mScreenBrightnessBoostInProgress=false, mIsVrModeEnabled= false, sQuiescent=false
06-14 17:42:40.029 1556 1819 D PowerManagerNotifier: onWakeLockAcquired: flags=1, tag="*alarm*", packageName=android, ownerUid=1000, ownerPid=1556, workSource=WorkSource{1000}
06-14 17:42:40.032 1556 1850 D PowerManagerService: releaseWakeLockInternal: lock=118235607 [*alarm*], flags=0x0
06-14 17:42:40.032 1556 1850 D PowerManagerNotifier: onWakeLockReleased: flags=1, tag="*alarm*", packageName=android, ownerUid=1000, ownerPid=1556, workSource=WorkSource{1000}
06-14 17:42:40.032 1556 1850 D PowerManagerService: updateWakeLockSummaryLocked: mWakefulness=Dreaming, mWakeLockSummary=0x3
06-14 17:42:40.033 1556 1850 D PowerManagerService: updateUserActivitySummaryLocked: groupId=0, mWakefulness=Dreaming, mUserActivitySummary=0x4, nextTimeout=-1 (1901301 ms ago)
06-14 17:42:40.033 1556 1850 D PowerManagerNotifier: onScreenPolicyUpdate: newPolicy=3
06-14 17:42:40.034 1556 1850 D PowerManagerService: updateDisplayPowerStateLocked: displayReady=true, groupId=0, policy=BRIGHT, mWakefulness=Dreaming, mWakeLockSummary=0x3, mUserActivitySummary=0x4, mBootCompleted=true, screenBrightnessOverride=NaN, useAutoBrightness=true, mScreenBrightnessBoostInProgress=false, mIsVrModeEnabled= false, sQuiescent=false
06-14 17:42:40.038 1556 1556 D PowerManagerService: acquireWakeLockInternal: lock=65818378, flags=0x1, tag="*job*/com.tencent.android.qqdownloader.YYBLiveAccountProvider/com.tencent.android.qqdownloader.YYBLiveAccountProvider.account/应用宝:android", ws=WorkSource{10092}, uid=1000, pid=1556
06-14 17:42:40.038 1556 1556 D PowerManagerService: updateWakeLockSummaryLocked: mWakefulness=Dreaming, mWakeLockSummary=0x3
06-14 17:42:40.038 1556 1556 D PowerManagerService: updateUserActivitySummaryLocked: groupId=0, mWakefulness=Dreaming, mUserActivitySummary=0x4, nextTimeout=-1 (1901307 ms ago)
06-14 17:42:40.038 1556 1556 D PowerManagerNotifier: onScreenPolicyUpdate: newPolicy=3
06-14 17:42:40.038 1556 1556 D PowerManagerService: updateDisplayPowerStateLocked: displayReady=true, groupId=0, policy=BRIGHT, mWakefulness=Dreaming, mWakeLockSummary=0x3, mUserActivitySummary=0x4, mBootCompleted=true, screenBrightnessOverride=NaN, useAutoBrightness=true, mScreenBrightnessBoostInProgress=false, mIsVrModeEnabled= false, sQuiescent=false
06-14 17:42:40.039 1556 1556 D PowerManagerNotifier: onWakeLockAcquired: flags=1, tag="*job*/com.tencent.android.qqdownloader.YYBLiveAccountProvider/com.tencent.android.qqdownloader.YYBLiveAccountProvider.account/应用宝:android", packageName=android, ownerUid=1000, ownerPid=1556, workSource=WorkSource{10092}
06-14 17:42:40.039 1556 1914 D PowerManagerService: acquireWakeLockInternal: lock=42217132, flags=0x1, tag="SyncLoopWakeLock", ws=null, uid=1000, pid=1556
06-14 17:42:40.039 1556 1914 D PowerManagerService: updateWakeLockSummaryLocked: mWakefulness=Dreaming, mWakeLockSummary=0x3
06-14 17:42:40.039 1556 1914 D PowerManagerService: updateUserActivitySummaryLocked: groupId=0, mWakefulness=Dreaming, mUserActivitySummary=0x4, nextTimeout=-1 (1901308 ms ago)
06-14 17:42:40.039 1556 1914 D PowerManagerNotifier: onScreenPolicyUpdate: newPolicy=3
06-14 17:42:40.039 1556 1914 D PowerManagerService: updateDisplayPowerStateLocked: displayReady=true, groupId=0, policy=BRIGHT, mWakefulness=Dreaming, mWakeLockSummary=0x3, mUserActivitySummary=0x4, mBootCompleted=true, screenBrightnessOverride=NaN, useAutoBrightness=true, mScreenBrightnessBoostInProgress=false, mIsVrModeEnabled= false, sQuiescent=false
06-14 17:42:40.039 1556 1914 D PowerManagerNotifier: onWakeLockAcquired: flags=1, tag="SyncLoopWakeLock", packageName=android, ownerUid=1000, ownerPid=1556, workSource=null
06-14 17:42:40.043 1556 1914 I sync : [com.tencent.android.qqdownloader.YYBLiveAccountProvider,0,3,24220937]
06-14 17:42:40.043 1556 1914 D PowerManagerService: acquireWakeLockInternal: lock=187134257, flags=0x1, tag="*sync*/com.tencent.android.qqdownloader.YYBLiveAccountProvider/com.tencent.android.qqdownloader.YYBLiveAccountProvider.account/应用宝", ws=WorkSource{10092}, uid=1000, pid=1556
06-14 17:42:40.043 1556 1914 D PowerManagerService: updateWakeLockSummaryLocked: mWakefulness=Dreaming, mWakeLockSummary=0x3
06-14 17:42:40.043 1556 1914 D PowerManagerService: updateUserActivitySummaryLocked: groupId=0, mWakefulness=Dreaming, mUserActivitySummary=0x4, nextTimeout=-1 (1901312 ms ago)
06-14 17:42:40.043 1556 1914 D PowerManagerNotifier: onScreenPolicyUpdate: newPolicy=3
06-14 17:42:40.043 1556 1914 D PowerManagerService: updateDisplayPowerStateLocked: displayReady=true, groupId=0, policy=BRIGHT, mWakefulness=Dreaming, mWakeLockSummary=0x3, mUserActivitySummary=0x4, mBootCompleted=true, screenBrightnessOverride=NaN, useAutoBrightness=true, mScreenBrightnessBoostInProgress=false, mIsVrModeEnabled= false, sQuiescent=false
06-14 17:42:40.044 1556 1914 D PowerManagerNotifier: onWakeLockAcquired: flags=1, tag="*sync*/com.tencent.android.qqdownloader.YYBLiveAccountProvider/com.tencent.android.qqdownloader.YYBLiveAccountProvider.account/应用宝", packageName=android, ownerUid=1000, ownerPid=1556, workSource=WorkSource{10092}
06-14 17:42:40.051 1556 1914 D PowerManagerService: releaseWakeLockInternal: lock=42217132 [SyncLoopWakeLock], flags=0x0
06-14 17:42:40.051 1556 1914 D PowerManagerNotifier: onWakeLockReleased: flags=1, tag="SyncLoopWakeLock", packageName=android, ownerUid=1000, ownerPid=1556, workSource=null
06-14 17:42:40.053 1556 1914 D PowerManagerService: updateWakeLockSummaryLocked: mWakefulness=Dreaming, mWakeLockSummary=0x3
06-14 17:42:40.053 1556 1914 D PowerManagerService: updateUserActivitySummaryLocked: groupId=0, mWakefulness=Dreaming, mUserActivitySummary=0x4, nextTimeout=-1 (1901322 ms ago)
06-14 17:42:40.053 1556 1914 D PowerManagerNotifier: onScreenPolicyUpdate: newPolicy=3
06-14 17:42:40.053 1556 1914 D PowerManagerService: updateDisplayPowerStateLocked: displayReady=true, groupId=0, policy=BRIGHT, mWakefulness=Dreaming, mWakeLockSummary=0x3, mUserActivitySummary=0x4, mBootCompleted=true, screenBrightnessOverride=NaN, useAutoBrightness=true, mScreenBrightnessBoostInProgress=false, mIsVrModeEnabled= false, sQuiescent=false
06-14 17:42:40.065 1556 1914 D PowerManagerService: acquireWakeLockInternal: lock=42217132, flags=0x1, tag="SyncLoopWakeLock", ws=null, uid=1000, pid=1556
06-14 17:42:40.065 1556 1914 D PowerManagerService: updateWakeLockSummaryLocked: mWakefulness=Dreaming, mWakeLockSummary=0x3
06-14 17:42:40.066 1556 1914 D PowerManagerService: updateUserActivitySummaryLocked: groupId=0, mWakefulness=Dreaming, mUserActivitySummary=0x4, nextTimeout=-1 (1901334 ms ago)
06-14 17:42:40.066 1556 1914 D PowerManagerNotifier: onScreenPolicyUpdate: newPolicy=3
06-14 17:42:40.066 1556 1914 D PowerManagerService: updateDisplayPowerStateLocked: displayReady=true, groupId=0, policy=BRIGHT, mWakefulness=Dreaming, mWakeLockSummary=0x3, mUserActivitySummary=0x4, mBootCompleted=true, screenBrightnessOverride=NaN, useAutoBrightness=true, mScreenBrightnessBoostInProgress=false, mIsVrModeEnabled= false, sQuiescent=false
06-14 17:42:40.066 1556 1914 D PowerManagerNotifier: onWakeLockAcquired: flags=1, tag="SyncLoopWakeLock", packageName=android, ownerUid=1000, ownerPid=1556, workSource=null
06-14 17:42:40.067 1556 1914 D PowerManagerService: releaseWakeLockInternal: lock=42217132 [SyncLoopWakeLock], flags=0x0
06-14 17:42:40.067 1556 1914 D PowerManagerNotifier: onWakeLockReleased: flags=1, tag="SyncLoopWakeLock", packageName=android, ownerUid=1000, ownerPid=1556, workSource=null
06-14 17:42:40.067 1556 1914 D PowerManagerService: updateWakeLockSummaryLocked: mWakefulness=Dreaming, mWakeLockSummary=0x3
06-14 17:42:40.067 1556 1914 D PowerManagerService: updateUserActivitySummaryLocked: groupId=0, mWakefulness=Dreaming, mUserActivitySummary=0x4, nextTimeout=-1 (1901335 ms ago)
06-14 17:42:40.067 1556 1914 D PowerManagerNotifier: onScreenPolicyUpdate: newPolicy=3
06-14 17:42:40.067 1556 1914 D PowerManagerService: updateDisplayPowerStateLocked: displayReady=true, groupId=0, policy=BRIGHT, mWakefulness=Dreaming, mWakeLockSummary=0x3, mUserActivitySummary=0x4, mBootCompleted=true, screenBrightnessOverride=NaN, useAutoBrightness=true, mScreenBrightnessBoostInProgress=false, mIsVrModeEnabled= false, sQuiescent=false
06-14 17:42:40.076 1556 1914 D PowerManagerService: acquireWakeLockInternal: lock=42217132, flags=0x1, tag="SyncLoopWakeLock", ws=null, uid=1000, pid=1556
06-14 17:42:40.076 1556 1914 D PowerManagerService: updateWakeLockSummaryLocked: mWakefulness=Dreaming, mWakeLockSummary=0x3
06-14 17:42:40.076 1556 1914 D PowerManagerService: updateUserActivitySummaryLocked: groupId=0, mWakefulness=Dreaming, mUserActivitySummary=0x4, nextTimeout=-1 (1901344 ms ago)
06-14 17:42:40.076 1556 1914 D PowerManagerNotifier: onScreenPolicyUpdate: newPolicy=3
06-14 17:42:40.076 1556 1914 D PowerManagerService: updateDisplayPowerStateLocked: displayReady=true, groupId=0, policy=BRIGHT, mWakefulness=Dreaming, mWakeLockSummary=0x3, mUserActivitySummary=0x4, mBootCompleted=true, screenBrightnessOverride=NaN, useAutoBrightness=true, mScreenBrightnessBoostInProgress=false, mIsVrModeEnabled= false, sQuiescent=false
06-14 17:42:40.076 1556 1914 D PowerManagerNotifier: onWakeLockAcquired: flags=1, tag="SyncLoopWakeLock", packageName=android, ownerUid=1000, ownerPid=1556, workSource=null
06-14 17:42:40.077 1556 1556 D PowerManagerService: releaseWakeLockInternal: lock=65818378 [*job*/com.tencent.android.qqdownloader.YYBLiveAccountProvider/com.tencent.android.qqdownloader.YYBLiveAccountProvider.account/应用宝:android], flags=0x0
06-14 17:42:40.077 1556 1556 D PowerManagerNotifier: onWakeLockReleased: flags=1, tag="*job*/com.tencent.android.qqdownloader.YYBLiveAccountProvider/com.tencent.android.qqdownloader.YYBLiveAccountProvider.account/应用宝:android", packageName=android, ownerUid=1000, ownerPid=1556, workSource=WorkSource{10092}
06-14 17:42:40.077 1556 1556 D PowerManagerService: updateWakeLockSummaryLocked: mWakefulness=Dreaming, mWakeLockSummary=0x3
06-14 17:42:40.077 1556 1556 D PowerManagerService: updateUserActivitySummaryLocked: groupId=0, mWakefulness=Dreaming, mUserActivitySummary=0x4, nextTimeout=-1 (1901345 ms ago)
06-14 17:42:40.077 1556 1556 D PowerManagerNotifier: onScreenPolicyUpdate: newPolicy=3
06-14 17:42:40.077 1556 1556 D PowerManagerService: updateDisplayPowerStateLocked: displayReady=true, groupId=0, policy=BRIGHT, mWakefulness=Dreaming, mWakeLockSummary=0x3, mUserActivitySummary=0x4, mBootCompleted=true, screenBrightnessOverride=NaN, useAutoBrightness=true, mScreenBrightnessBoostInProgress=false, mIsVrModeEnabled= false, sQuiescent=false
06-14 17:42:40.079 1556 1914 D PowerManagerService: releaseWakeLockInternal: lock=187134257 [*sync*/com.tencent.android.qqdownloader.YYBLiveAccountProvider/com.tencent.android.qqdownloader.YYBLiveAccountProvider.account/应用宝], flags=0x0
06-14 17:42:40.079 1556 1914 D PowerManagerNotifier: onWakeLockReleased: flags=1, tag="*sync*/com.tencent.android.qqdownloader.YYBLiveAccountProvider/com.tencent.android.qqdownloader.YYBLiveAccountProvider.account/应用宝", packageName=android, ownerUid=1000, ownerPid=1556, workSource=WorkSource{10092}
06-14 17:42:40.080 1556 1914 D PowerManagerService: updateWakeLockSummaryLocked: mWakefulness=Dreaming, mWakeLockSummary=0x3
06-14 17:42:40.080 1556 1914 D PowerManagerService: updateUserActivitySummaryLocked: groupId=0, mWakefulness=Dreaming, mUserActivitySummary=0x4, nextTimeout=-1 (1901348 ms ago)
06-14 17:42:40.080 1556 1914 D PowerManagerNotifier: onScreenPolicyUpdate: newPolicy=3
06-14 17:42:40.080 1556 1914 D PowerManagerService: updateDisplayPowerStateLocked: displayReady=true, groupId=0, policy=BRIGHT, mWakefulness=Dreaming, mWakeLockSummary=0x3, mUserActivitySummary=0x4, mBootCompleted=true, screenBrightnessOverride=NaN, useAutoBrightness=true, mScreenBrightnessBoostInProgress=false, mIsVrModeEnabled= false, sQuiescent=false
06-14 17:42:40.081 1556 1914 I sync : [com.tencent.android.qqdownloader.YYBLiveAccountProvider,1,3,24220937]
06-14 17:42:40.087 1556 1914 I commit_sys_config_file: [sync-status,1884250]
06-14 17:42:40.087 1556 1914 D PowerManagerService: releaseWakeLockInternal: lock=42217132 [SyncLoopWakeLock], flags=0x0
06-14 17:42:40.087 1556 1914 D PowerManagerNotifier: onWakeLockReleased: flags=1, tag="SyncLoopWakeLock", packageName=android, ownerUid=1000, ownerPid=1556, workSource=null
06-14 17:42:40.087 1556 1914 D PowerManagerService: updateWakeLockSummaryLocked: mWakefulness=Dreaming, mWakeLockSummary=0x3
06-14 17:42:40.087 1556 1914 D PowerManagerService: updateUserActivitySummaryLocked: groupId=0, mWakefulness=Dreaming, mUserActivitySummary=0x4, nextTimeout=-1 (1901356 ms ago)
06-14 17:42:40.087 1556 1914 D PowerManagerNotifier: onScreenPolicyUpdate: newPolicy=3
06-14 17:42:40.087 1556 1914 D PowerManagerService: updateDisplayPowerStateLocked: displayReady=true, groupId=0, policy=BRIGHT, mWakefulness=Dreaming, mWakeLockSummary=0x3, mUserActivitySummary=0x4, mBootCompleted=true, screenBrightnessOverride=NaN, useAutoBrightness=true, mScreenBrightnessBoostInProgress=false, mIsVrModeEnabled= false, sQuiescent=false
06-14 17:42:40.087 1556 1914 D PowerManagerService: acquireWakeLockInternal: lock=42217132, flags=0x1, tag="SyncLoopWakeLock", ws=null, uid=1000, pid=1556
06-14 17:42:40.087 1556 1914 D PowerManagerService: updateWakeLockSummaryLocked: mWakefulness=Dreaming, mWakeLockSummary=0x3
06-14 17:42:40.088 1556 1914 D PowerManagerService: updateUserActivitySummaryLocked: groupId=0, mWakefulness=Dreaming, mUserActivitySummary=0x4, nextTimeout=-1 (1901356 ms ago)
06-14 17:42:40.088 1556 1914 D PowerManagerNotifier: onScreenPolicyUpdate: newPolicy=3
06-14 17:42:40.088 1556 1914 D PowerManagerService: updateDisplayPowerStateLocked: displayReady=true, groupId=0, policy=BRIGHT, mWakefulness=Dreaming, mWakeLockSummary=0x3, mUserActivitySummary=0x4, mBootCompleted=true, screenBrightnessOverride=NaN, useAutoBrightness=true, mScreenBrightnessBoostInProgress=false, mIsVrModeEnabled= false, sQuiescent=false
06-14 17:42:40.088 1556 1914 D PowerManagerNotifier: onWakeLockAcquired: flags=1, tag="SyncLoopWakeLock", packageName=android, ownerUid=1000, ownerPid=1556, workSource=null
06-14 17:42:40.092 1556 1914 D PowerManagerService: releaseWakeLockInternal: lock=42217132 [SyncLoopWakeLock], flags=0x0
06-14 17:42:40.092 1556 1914 D PowerManagerNotifier: onWakeLockReleased: flags=1, tag="SyncLoopWakeLock", packageName=android, ownerUid=1000, ownerPid=1556, workSource=null
06-14 17:42:40.093 1556 1914 D PowerManagerService: updateWakeLockSummaryLocked: mWakefulness=Dreaming, mWakeLockSummary=0x3
06-14 17:42:40.093 1556 1914 D PowerManagerService: updateUserActivitySummaryLocked: groupId=0, mWakefulness=Dreaming, mUserActivitySummary=0x4, nextTimeout=-1 (1901361 ms ago)
06-14 17:42:40.093 1556 1914 D PowerManagerNotifier: onScreenPolicyUpdate: newPolicy=3
06-14 17:42:40.093 1556 1914 D PowerManagerService: updateDisplayPowerStateLocked: displayReady=true, groupId=0, policy=BRIGHT, mWakefulness=Dreaming, mWakeLockSummary=0x3, mUserActivitySummary=0x4, mBootCompleted=true, screenBrightnessOverride=NaN, useAutoBrightness=true, mScreenBrightnessBoostInProgress=false, mIsVrModeEnabled= false, sQuiescent=false
06-14 17:42:40.093 1556 1556 D PowerManagerService: acquireWakeLockInternal: lock=153968169, flags=0x1, tag="*job*/com.tencent.android.qqdownloader.YYBLiveAccountProvider/com.tencent.android.qqdownloader.YYBLiveAccountProvider.account/应用宝:android", ws=WorkSource{10092}, uid=1000, pid=1556
06-14 17:42:40.093 1556 1556 D PowerManagerService: updateWakeLockSummaryLocked: mWakefulness=Dreaming, mWakeLockSummary=0x3
06-14 17:42:40.093 1556 1556 D PowerManagerService: updateUserActivitySummaryLocked: groupId=0, mWakefulness=Dreaming, mUserActivitySummary=0x4, nextTimeout=-1 (1901361 ms ago)
06-14 17:42:40.093 1556 1556 D PowerManagerNotifier: onScreenPolicyUpdate: newPolicy=3
06-14 17:42:40.093 1556 1556 D PowerManagerService: updateDisplayPowerStateLocked: displayReady=true, groupId=0, policy=BRIGHT, mWakefulness=Dreaming, mWakeLockSummary=0x3, mUserActivitySummary=0x4, mBootCompleted=true, screenBrightnessOverride=NaN, useAutoBrightness=true, mScreenBrightnessBoostInProgress=false, mIsVrModeEnabled= false, sQuiescent=false
06-14 17:42:40.093 1556 1556 D PowerManagerNotifier: onWakeLockAcquired: flags=1, tag="*job*/com.tencent.android.qqdownloader.YYBLiveAccountProvider/com.tencent.android.qqdownloader.YYBLiveAccountProvider.account/应用宝:android", packageName=android, ownerUid=1000, ownerPid=1556, workSource=WorkSource{10092}
06-14 17:42:40.094 1556 1914 D PowerManagerService: acquireWakeLockInternal: lock=42217132, flags=0x1, tag="SyncLoopWakeLock", ws=null, uid=1000, pid=1556
06-14 17:42:40.094 1556 1914 D PowerManagerService: updateWakeLockSummaryLocked: mWakefulness=Dreaming, mWakeLockSummary=0x3
06-14 17:42:40.094 1556 1914 D PowerManagerService: updateUserActivitySummaryLocked: groupId=0, mWakefulness=Dreaming, mUserActivitySummary=0x4, nextTimeout=-1 (1901362 ms ago)
06-14 17:42:40.094 1556 1914 D PowerManagerNotifier: onScreenPolicyUpdate: newPolicy=3
06-14 17:42:40.094 1556 1914 D PowerManagerService: updateDisplayPowerStateLocked: displayReady=true, groupId=0, policy=BRIGHT, mWakefulness=Dreaming, mWakeLockSummary=0x3, mUserActivitySummary=0x4, mBootCompleted=true, screenBrightnessOverride=NaN, useAutoBrightness=true, mScreenBrightnessBoostInProgress=false, mIsVrModeEnabled= false, sQuiescent=false
06-14 17:42:40.094 1556 1914 D PowerManagerNotifier: onWakeLockAcquired: flags=1, tag="SyncLoopWakeLock", packageName=android, ownerUid=1000, ownerPid=1556, workSource=null
