06-14 17:39:43.438 0 0 I [ 1724.700791] oom_reaper: reaped process 27699 (v.imgo.activity), now anon-rss:0kB, file-rss:0kB, shmem-rss:380kB
06-14 17:39:43.451 1556 18234 I am_proc_died: [0,27699,com.hunantv.imgo.activity,965,19]
06-14 17:39:43.451 1556 18234 I am_uid_stopped: 10101
06-14 17:39:43.453 1556 1697 I am_proc_start: [0,27877,10033,com.android.documentsui,NULL,]
06-14 17:39:43.461 510 510 I killinfo: [27701,1000,955,800,85484,-1,7896244,1021540,3396884,62788,1152,28596,108720,4194300,4081932,1873996,209024,1243300,2018132,103392,222348,57196,85476,0,0,250972,2303,68,39,2,1712,0]
06-14 17:39:43.468 0 0 I [ 1724.730940] binder: 27701:27737 ioctl c0306201 74668f19f8 returned -14
06-14 17:39:43.471 1556 1697 I am_proc_start: [0,27879,10095,com.ss.android.ugc.aweme,NULL,]
06-14 17:39:43.486 1556 1689 I am_uid_running: 10101
06-14 17:39:43.493 0 0 I [ 1724.758523] oom_reaper: reaped process 27701 (ndroid.settings), now anon-rss:0kB, file-rss:0kB, shmem-rss:380kB
06-14 17:39:43.495 1556 1697 I am_proc_start: [0,27899,10101,com.hunantv.imgo.activity,NULL,]
06-14 17:39:43.500 0 0 I [ 1724.760677] binder: 27877:27877 ioctl 40046210 7ff4300c84 returned -22
06-14 17:39:43.505 1556 18234 I am_proc_died: [0,27701,com.android.settings,955,19]
06-14 17:39:43.507 1556 18234 I am_proc_bound: [0,27877,com.android.documentsui]
06-14 17:39:43.516 510 510 I killinfo: [27743,10107,945,800,83180,-1,7896244,1004056,3404848,62788,1152,28632,108720,4194300,4081932,1880972,209060,1244972,2025176,103120,221900,57372,86256,0,0,251084,2359,56,40,2,1704,0]
06-14 17:39:43.524 0 0 I [ 1724.782145] binder: 27879:27879 ioctl 40046210 ffc7d638 returned -22
06-14 17:39:43.534 1556 6532 I am_proc_bound: [0,27879,com.ss.android.ugc.aweme]
06-14 17:39:43.554 0 0 I [ 1724.807991] oom_reaper: reaped process 27743 (com.youku.phone), now anon-rss:0kB, file-rss:0kB, shmem-rss:380kB
06-14 17:39:43.565 0 0 I [ 1724.830506] oom_reaper: reaped process 27777 (com.dragon.read), now anon-rss:0kB, file-rss:0kB, shmem-rss:372kB
06-14 17:39:43.585 0 0 I [ 1724.833627] binder: 27777:27805 ioctl c0306201 e1873068 returned -14
06-14 17:39:43.585 0 0 I [ 1724.833745] binder: 27777:27816 ioctl c0306201 e1772068 returned -14
06-14 17:39:43.585 0 0 I [ 1724.835976] binder: 27899:27899 ioctl 40046210 7ff4300c84 returned -22
06-14 17:39:43.594 0 0 I [ 1724.853140] binder: 27786:27832 ioctl c0306201 74668f79f8 returned -14
06-14 17:39:43.594 0 0 I [ 1724.853307] binder: 27786:27833 ioctl c0306201 74667f99f8 returned -14
06-14 17:39:43.594 0 0 I [ 1724.858985] oom_reaper: reaped process 27786 (ou.android.auto), now anon-rss:0kB, file-rss:0kB, shmem-rss:380kB
06-14 17:39:43.554 1556 6193 I am_proc_died: [0,27743,com.youku.phone,945,19]
06-14 17:39:43.554 1556 6193 I am_uid_stopped: 10107
06-14 17:39:43.561 510 510 I killinfo: [27777,10106,955,800,61592,-1,7896244,994208,3409284,62788,1152,28600,108720,4194300,4081932,1888380,209028,1247572,2026740,103120,221920,57024,85840,0,0,251084,2399,40,41,2,1828,0]
06-14 17:39:43.564 1556 1689 I am_uid_running: 10107
06-14 17:39:43.581 1556 2320 I am_proc_bound: [0,27899,com.hunantv.imgo.activity]
06-14 17:39:43.585 1556 2320 I am_proc_died: [0,27777,com.dragon.read,955,19]
06-14 17:39:43.586 1556 2320 I am_uid_stopped: 10106
06-14 17:39:43.588 510 510 I killinfo: [27786,10114,945,800,81396,-1,7896244,984972,3413140,62788,1152,28600,108720,4194300,4081932,1893176,209028,1247600,2030808,103152,221948,57084,85240,0,0,251088,2427,28,42,2,1704,0]
06-14 17:39:43.599 1556 1689 I am_uid_running: 10106
06-14 17:39:43.601 1556 1697 I am_proc_start: [0,27944,10107,com.youku.phone,NULL,]
06-14 17:39:43.642 0 0 I [ 1724.901515] binder: 27949:27949 ioctl 40046210 ffc7d638 returned -22
06-14 17:39:43.654 0 0 I [ 1724.911993] binder: 27944:27944 ioctl 40046210 7ff4300c84 returned -22
06-14 17:39:43.654 0 0 I [ 1724.919702] binder: 27948:27948 ioctl 40046210 7ff4300c84 returned -22
06-14 17:39:43.667 0 0 I [ 1724.927278] oom_reaper: reaped process 27837 (.tencent.qqlive), now anon-rss:0kB, file-rss:0kB, shmem-rss:380kB
06-14 17:39:43.614 1556 1697 I am_proc_start: [0,27948,1000,com.android.settings,NULL,]
06-14 17:39:43.619 1556 1697 I am_proc_start: [0,27949,10106,com.dragon.read,NULL,]
06-14 17:39:43.625 1556 2320 I am_proc_died: [0,27786,com.kugou.android.auto,955,19]
06-14 17:39:43.625 1556 2320 I am_uid_stopped: 10114
06-14 17:39:43.633 510 510 I killinfo: [27837,10104,945,800,102000,-1,7896244,969536,3418560,62788,1152,28584,108720,4194300,4081932,1903556,209012,1247596,2036052,103168,221948,56920,86620,0,0,251088,2471,44,43,2,1704,0]
06-14 17:39:43.644 1556 6192 I am_proc_bound: [0,27949,com.dragon.read]
06-14 17:39:43.676 1556 2320 I am_proc_bound: [0,27948,com.android.settings]
06-14 17:39:43.713 0 0 I [ 1724.946786] oom_reaper: reaped process 27877 (oid.documentsui), now anon-rss:0kB, file-rss:0kB, shmem-rss:380kB
06-14 17:39:43.728 0 0 I [ 1724.989492] oom_reaper: reaped process 27879 (droid.ugc.aweme), now anon-rss:0kB, file-rss:0kB, shmem-rss:380kB
06-14 17:39:43.680 1556 6532 I am_proc_bound: [0,27944,com.youku.phone]
06-14 17:39:43.683 510 510 I killinfo: [27877,10033,935,800,72536,-1,7896244,952444,3425428,62788,1152,28608,108720,4194300,4081932,1913064,209036,1247612,2042804,103248,221960,57304,86300,0,0,251088,2515,44,44,2,1716,0]
06-14 17:39:43.780 0 0 I [ 1725.034031] binder: 28007:28007 ioctl 40046210 7ff4300c84 returned -22
06-14 17:39:43.687 1556 18234 I am_proc_died: [0,27837,com.tencent.qqlive,945,19]
06-14 17:39:43.688 1556 18234 I am_uid_stopped: 10104
06-14 17:39:43.712 1556 1689 I am_uid_running: 10114
06-14 17:39:43.713 1556 1689 I am_uid_running: 10104
06-14 17:39:43.714 1556 6193 I am_proc_died: [0,27877,com.android.documentsui,965,19]
06-14 17:39:43.714 1556 6193 I am_uid_stopped: 10033
06-14 17:39:43.716 510 510 I killinfo: [27879,10095,955,800,71692,-1,7896244,948304,3413288,62788,1152,28608,108720,4194300,4081932,1932216,209036,1238888,2039532,103248,221960,57124,85548,0,0,251088,2559,44,45,2,1828,0]
06-14 17:39:43.727 1556 1697 I am_proc_start: [0,28007,10114,com.kugou.android.auto,NULL,]
06-14 17:39:43.742 510 510 I killinfo: [27899,10101,945,800,72872,-1,7896244,974056,3413960,62788,1152,28592,108720,4194300,4081932,1904532,209020,1238888,2040224,103248,221960,56944,85184,0,0,251088,2584,24,46,2,1712,0]
06-14 17:39:43.750 1556 1697 I am_proc_start: [0,28013,10104,com.tencent.qqlive,NULL,]
06-14 17:39:43.759 1556 18234 I am_proc_died: [0,27879,com.ss.android.ugc.aweme,955,19]
06-14 17:39:43.760 1556 18234 I am_uid_stopped: 10095
06-14 17:39:43.769 1556 1689 I am_uid_running: 10033
06-14 17:39:43.769 1556 1689 I am_uid_running: 10095
06-14 17:39:43.784 1556 6532 I am_proc_bound: [0,28007,com.kugou.android.auto]
06-14 17:39:43.789 1556 1697 I am_proc_start: [0,28036,10033,com.android.documentsui,NULL,]
06-14 17:39:43.791 0 0 I [ 1725.037858] oom_reaper: reaped process 27899 (v.imgo.activity), now anon-rss:0kB, file-rss:0kB, shmem-rss:380kB
06-14 17:39:43.792 0 0 I [ 1725.048213] binder: 28013:28013 ioctl 40046210 7ff4300c84 returned -22
06-14 17:39:43.792 1556 18234 I am_proc_died: [0,27899,com.hunantv.imgo.activity,945,19]
06-14 17:39:43.793 1556 18234 I am_uid_stopped: 10101
06-14 17:39:43.794 1556 6193 I am_proc_bound: [0,28013,com.tencent.qqlive]
06-14 17:39:43.798 1556 1697 I am_proc_start: [0,28038,10095,com.ss.android.ugc.aweme,NULL,]
06-14 17:39:43.805 25980 25980 I auditd : type=1400 audit(0.0:4258): avc: denied { read } for comm="QtpEngine" name="sdcard" dev="tmpfs" ino=2325 scontext=u:r:untrusted_app:s0:c94,c256,c512,c768 tcontext=u:object_r:mnt_sdcard_file:s0 tclass=lnk_file permissive=0 app=com.qiyi.video
06-14 17:39:43.805 25980 25980 I auditd : type=1400 audit(0.0:4259): avc: denied { read } for comm="QtpEngine" name="sdcard" dev="tmpfs" ino=2325 scontext=u:r:untrusted_app:s0:c94,c256,c512,c768 tcontext=u:object_r:mnt_sdcard_file:s0 tclass=lnk_file permissive=0 app=com.qiyi.video
06-14 17:39:43.805 25980 25980 I auditd : type=1400 audit(0.0:4260): avc: denied { read } for comm="QtpEngine" name="sdcard" dev="tmpfs" ino=2325 scontext=u:r:untrusted_app:s0:c94,c256,c512,c768 tcontext=u:object_r:mnt_sdcard_file:s0 tclass=lnk_file permissive=0 app=com.qiyi.video
06-14 17:39:43.805 25980 25980 I auditd : type=1400 audit(0.0:4261): avc: denied { read } for comm="QtpEngine" name="sdcard" dev="tmpfs" ino=2325 scontext=u:r:untrusted_app:s0:c94,c256,c512,c768 tcontext=u:object_r:mnt_sdcard_file:s0 tclass=lnk_file permissive=0 app=com.qiyi.video
06-14 17:39:43.805 25980 25980 I auditd : type=1400 audit(0.0:4262): avc: denied { read } for comm="QtpEngine" name="sdcard" dev="tmpfs" ino=2325 scontext=u:r:untrusted_app:s0:c94,c256,c512,c768 tcontext=u:object_r:mnt_sdcard_file:s0 tclass=lnk_file permissive=0 app=com.qiyi.video
06-14 17:39:43.820 0 0 I [ 1725.086359] binder: 28038:28038 ioctl 40046210 ffc7d638 returned -22
06-14 17:39:43.828 1556 18234 I am_proc_bound: [0,28038,com.ss.android.ugc.aweme]
06-14 17:39:43.841 510 510 I killinfo: [27949,10106,945,800,65464,-1,7896244,945748,3419544,62788,1156,28576,108720,4194300,4081932,1926948,209004,1239696,2045368,103472,221668,57556,86956,0,0,251088,2684,100,47,2,1828,0]
06-14 17:39:43.857 27948 27948 I service_manager_slow: [21,vendor.perfservice]
06-14 17:39:43.869 0 0 I [ 1725.135716] oom_reaper: reaped process 27949 (com.dragon.read), now anon-rss:0kB, file-rss:0kB, shmem-rss:380kB
06-14 17:39:43.873 1556 18234 I am_proc_died: [0,27949,com.dragon.read,945,19]
06-14 17:39:43.873 1556 18234 I am_uid_stopped: 10106
06-14 17:39:43.877 510 510 I killinfo: [27948,1000,935,800,85496,-1,7896244,941332,3423124,62788,1156,28640,108720,4194300,4081932,1926460,209068,1240524,2047604,103776,221720,57268,86384,0,0,251088,2720,36,48,2,1712,0]
06-14 17:39:43.885 0 0 I [ 1725.148183] binder: 27948:27948 ioctl c0306201 7ff42fff88 returned -14
06-14 17:39:43.897 0 0 I [ 1725.163560] oom_reaper: reaped process 27948 (ndroid.settings), now anon-rss:0kB, file-rss:0kB, shmem-rss:380kB
06-14 17:39:43.904 0 0 W [ 1725.168235] binder_release_work: 8 callbacks suppressed
06-14 17:39:43.904 0 0 I [ 1725.168236] binder: undelivered TRANSACTION_COMPLETE
06-14 17:39:43.904 0 0 I [ 1725.168238] binder: undelivered transaction 960907, process died.
06-14 17:39:43.916 0 0 I [ 1725.175698] binder: 28036:28036 ioctl 40046210 7ff4300c84 returned -22
06-14 17:39:43.932 0 0 I [ 1725.198284] oom_reaper: reaped process 27944 (com.youku.phone), now anon-rss:0kB, file-rss:0kB, shmem-rss:380kB
06-14 17:39:43.901 1556 6193 I am_proc_died: [0,27948,com.android.settings,955,19]
06-14 17:39:43.902 510 510 I killinfo: [27944,10107,945,800,73592,-1,7896244,934128,3428256,62788,1156,28624,108720,4194300,4081932,1926100,209052,1240780,2052644,103776,221716,57208,85328,0,0,251088,2744,24,49,2,1712,0]
06-14 17:39:43.914 1556 6193 I am_proc_bound: [0,28036,com.android.documentsui]
06-14 17:39:43.948 1556 18234 I am_proc_died: [0,27944,com.youku.phone,945,19]
06-14 17:39:43.949 1556 18234 I am_uid_stopped: 10107
06-14 17:39:43.953 1556 1689 I am_uid_running: 10101
06-14 17:39:43.954 1556 1689 I am_uid_running: 10107
06-14 17:39:43.954 1556 1689 I am_uid_running: 10106
06-14 17:39:43.955 510 510 I killinfo: [28007,10114,945,800,73668,-1,7896244,997216,3369984,62788,1156,28624,108720,4194300,4081932,1928696,209052,1201564,2033408,103756,221808,56964,84540,0,0,251088,2800,56,50,2,1712,0]
06-14 17:39:43.990 0 0 I [ 1725.251546] oom_reaper: reaped process 28007 (ou.android.auto), now anon-rss:0kB, file-rss:0kB, shmem-rss:380kB
06-14 17:39:43.990 1556 1697 I am_proc_start: [0,28092,10101,com.hunantv.imgo.activity,NULL,]
06-14 17:39:44.021 1556 6193 I am_proc_died: [0,28007,com.kugou.android.auto,945,19]
06-14 17:39:44.022 1556 6193 I am_uid_stopped: 10114
06-14 17:39:44.023 510 510 I killinfo: [28013,10104,935,800,74132,-1,7896244,978516,3387016,62788,1156,28592,108720,4194300,4081932,1934328,209020,1202032,2050044,102764,221944,56852,84540,0,0,251100,2868,68,51,2,1712,0]
06-14 17:39:44.053 0 0 I [ 1725.314227] binder: 28092:28092 ioctl 40046210 7ff4300c84 returned -22
06-14 17:39:44.064 0 0 I [ 1725.322300] oom_reaper: reaped process 28013 (.tencent.qqlive), now anon-rss:0kB, file-rss:0kB, shmem-rss:380kB
06-14 17:39:44.055 1556 1688 I commit_sys_config_file: [notification-policy,1715242]
06-14 17:39:44.075 0 0 I [ 1725.336629] binder: undelivered TRANSACTION_COMPLETE
06-14 17:39:44.075 0 0 I [ 1725.336635] binder: undelivered transaction 961222, process died.
06-14 17:39:44.086 0 0 I [ 1725.352311] binder: 28038:28061 ioctl c0306201 e1671068 returned -14
06-14 17:39:44.092 0 0 I [ 1725.356946] binder: 28134:28134 ioctl 40046210 ffc7d638 returned -22
06-14 17:39:44.103 0 0 I [ 1725.370580] oom_reaper: reaped process 28038 (droid.ugc.aweme), now anon-rss:0kB, file-rss:0kB, shmem-rss:380kB
06-14 17:39:44.056 1556 6532 I am_mem_factor: [0,1]
06-14 17:39:44.060 1556 1697 I am_proc_start: [0,28127,10107,com.youku.phone,NULL,]
06-14 17:39:44.062 1556 6532 I am_proc_bound: [0,28092,com.hunantv.imgo.activity]
06-14 17:39:44.066 1556 1697 I am_proc_start: [0,28134,10106,com.dragon.read,NULL,]
06-14 17:39:44.069 1556 6532 I am_proc_died: [0,28013,com.tencent.qqlive,935,19]
06-14 17:39:44.070 1556 6532 I am_uid_stopped: 10104
06-14 17:39:44.115 0 0 I [ 1725.376538] binder: 28127:28127 ioctl 40046210 7ff4300c84 returned -22
06-14 17:39:44.115 0 0 I [ 1725.378529] binder: 28146:28146 ioctl 40046210 7ff4300c84 returned -22
06-14 17:39:44.071 1556 6532 I am_mem_factor: [1,0]
06-14 17:39:44.081 510 510 I killinfo: [28038,10095,925,800,63600,-1,7896244,968608,3394296,62788,1156,28592,108720,4194300,4081932,1936832,209020,1202116,2056828,102764,221944,56976,84932,0,0,251100,2912,44,52,2,1828,0]
06-14 17:39:44.147 1556 1697 I am_proc_start: [0,28146,1000,com.android.settings,NULL,]
06-14 17:39:44.149 1556 2199 I am_proc_died: [0,28038,com.ss.android.ugc.aweme,935,19]
06-14 17:39:44.149 1556 2199 I am_uid_stopped: 10095
06-14 17:39:44.150 1556 6193 I am_proc_bound: [0,28134,com.dragon.read]
06-14 17:39:44.152 28146 28146 I service_manager_slow: [37,activity]
06-14 17:39:44.153 510 510 I killinfo: [28036,10033,925,800,72480,-1,7896244,929612,3422792,62788,1156,28592,108720,4194300,4081932,1947800,209020,1207280,2080088,102780,221900,57640,85348,0,0,251100,2996,84,53,2,1716,0]
06-14 17:39:44.155 1556 6532 I am_proc_bound: [0,28127,com.youku.phone]
06-14 17:39:44.164 1556 6532 I am_proc_bound: [0,28146,com.android.settings]
06-14 17:39:44.172 0 0 I [ 1725.432603] oom_reaper: reaped process 28036 (oid.documentsui), now anon-rss:0kB, file-rss:0kB, shmem-rss:380kB
06-14 17:39:44.174 1556 1689 I am_uid_running: 10095
06-14 17:39:44.175 1556 1689 I am_uid_running: 10114
06-14 17:39:44.176 1556 1689 I am_uid_running: 10104
06-14 17:39:44.180 1556 1697 I am_proc_start: [0,28216,10095,com.ss.android.ugc.aweme,NULL,]
06-14 17:39:44.187 0 0 I [ 1725.453902] binder: undelivered TRANSACTION_COMPLETE
06-14 17:39:44.187 1556 6532 I am_proc_died: [0,28036,com.android.documentsui,925,19]
06-14 17:39:44.189 0 0 I [ 1725.453910] binder: undelivered transaction 961920, process died.
06-14 17:39:44.197 0 0 I [ 1725.460245] binder: 28092:28192 ioctl c0306201 746670f9f8 returned -14
06-14 17:39:44.197 0 0 I [ 1725.461153] binder: 28092:28135 ioctl c0306201 746680d9f8 returned -14
06-14 17:39:44.210 0 0 I [ 1725.477429] oom_reaper: reaped process 28092 (v.imgo.activity), now anon-rss:0kB, file-rss:0kB, shmem-rss:380kB
06-14 17:39:44.187 1556 6532 I am_uid_stopped: 10033
06-14 17:39:44.192 510 510 I killinfo: [28092,10101,915,800,72808,-1,7896244,948192,3401228,62788,1156,28592,108720,4194300,4081936,1950652,209020,1193976,2072144,102780,221896,57548,85808,0,0,251100,3031,36,54,2,1712,0]
06-14 17:39:44.211 1556 1697 I am_proc_start: [0,28220,10114,com.kugou.android.auto,NULL,]
06-14 17:39:44.221 1556 2199 I am_proc_died: [0,28092,com.hunantv.imgo.activity,945,19]
06-14 17:39:44.223 0 0 I [ 1725.478535] binder: 28220:28220 ioctl 40046210 7ff4300c84 returned -22
06-14 17:39:44.223 0 0 I [ 1725.480696] binder: 28216:28216 ioctl 40046210 ffc7d638 returned -22
06-14 17:39:44.222 1556 2199 I am_uid_stopped: 10101
06-14 17:39:44.228 1556 1697 I am_proc_start: [0,28253,10104,com.tencent.qqlive,NULL,]
06-14 17:39:44.234 1556 1697 I am_proc_start: [0,28258,10092,com.tencent.ilink.ServiceProcess,service,{com.tencent.android.qqdownloader/com.tencent.luggage.services.WxaStartUpService}]
06-14 17:39:44.235 1556 6192 I am_proc_bound: [0,28220,com.kugou.android.auto]
06-14 17:39:44.242 1556 6193 I am_proc_bound: [0,28216,com.ss.android.ugc.aweme]
06-14 17:39:44.252 0 0 I [ 1725.518622] oom_reaper: reaped process 28134 (com.dragon.read), now anon-rss:0kB, file-rss:0kB, shmem-rss:380kB
06-14 17:39:44.251 510 510 I killinfo: [28134,10106,935,800,50992,-1,7896244,962444,3385620,62788,1156,28560,108720,4194300,4081936,1950824,208992,1181156,2069512,102780,221948,57744,86844,0,0,251100,3087,56,55,2,1856,0]
06-14 17:39:44.270 0 0 I [ 1725.537388] binder: 28253:28253 ioctl 40046210 7ff4300c84 returned -22
06-14 17:39:44.279 0 0 I [ 1725.540397] binder: 28258:28258 ioctl 40046210 ffc7d638 returned -22
06-14 17:39:44.279 0 0 I [ 1725.541112] binder: undelivered TRANSACTION_COMPLETE
06-14 17:39:44.279 0 0 I [ 1725.541117] binder: undelivered transaction 962147, process died.
06-14 17:39:44.286 0 0 I [ 1725.547940] oom_reaper: reaped process 28127 (com.youku.phone), now anon-rss:0kB, file-rss:0kB, shmem-rss:380kB
06-14 17:39:44.274 1556 6192 I am_proc_died: [0,28134,com.dragon.read,935,19]
06-14 17:39:44.275 1556 6192 I am_uid_stopped: 10106
06-14 17:39:44.277 510 510 I killinfo: [28127,10107,925,800,71568,-1,7896244,957728,3390028,62788,1156,28624,108720,4194300,4081936,1955352,209056,1180284,2074812,102684,222064,58076,86192,0,0,251100,3119,32,56,2,1716,0]
06-14 17:39:44.281 1556 6532 I am_proc_bound: [0,28253,com.tencent.qqlive]
06-14 17:39:44.288 1556 6532 I am_proc_bound: [0,28258,com.tencent.ilink.ServiceProcess]
06-14 17:39:44.336 0 0 I [ 1725.600578] binder: 28319:28319 ioctl 40046210 7fc519c534 returned -22
06-14 17:39:44.338 1556 6192 I am_proc_died: [0,28127,com.youku.phone,955,19]
06-14 17:39:44.338 1556 6192 I am_uid_stopped: 10107
06-14 17:39:44.341 510 510 I killinfo: [28146,1000,945,800,85300,-1,7896244,931340,3407224,62788,1248,28656,108720,4194300,4081936,1964032,209088,1180212,2092012,102684,222096,58304,85428,0,0,251104,3183,64,57,2,1712,0] --------- beginning of system
06-14 17:39:44.358 1556 1828 D PowerManagerService: updateDisplayPowerStateLocked: displayReady=true, groupId=0, policy=BRIGHT, mWakefulness=Awake, mWakeLockSummary=0x23, mUserActivitySummary=0x1, mBootCompleted=true, screenBrightnessOverride=NaN, useAutoBrightness=true, mScreenBrightnessBoostInProgress=false, mIsVrModeEnabled= false, sQuiescent=false
06-14 17:39:44.371 0 0 I [ 1725.638803] oom_reaper: reaped process 28146 (ndroid.settings), now anon-rss:0kB, file-rss:0kB, shmem-rss:380kB
06-14 17:39:44.382 1556 1828 I input_focus: [Focus entering 9d7b450 com.qiyi.video/com.qiyi.video.WelcomeActivity (server),reason=Window became focusable. Previous reason: NOT_VISIBLE]
06-14 17:39:44.386 0 0 I [ 1725.652252] binder: undelivered TRANSACTION_COMPLETE
06-14 17:39:44.385 1556 6532 I ActivityManager: Process com.android.settings (pid 28146) has died: cch+45 CEM
06-14 17:39:44.385 1556 6532 I am_proc_died: [0,28146,com.android.settings,945,19]
06-14 17:39:44.387 1556 1689 I wm_destroy_activity: [0,46665341,1069,com.kugou.android/.app.splash.SplashActivity,finish-imm:idle]
06-14 17:39:44.387 0 0 I [ 1725.652527] binder: undelivered transaction 962557, process died.
06-14 17:39:44.390 510 510 I killinfo: [28220,10114,935,800,72848,-1,7896244,916224,3416404,62788,1248,28656,108720,4194300,4081936,1968364,209088,1180440,2101360,102684,222096,58236,84748,0,0,251104,3231,48,58,2,1712,0]
06-14 17:39:44.406 0 0 I [ 1725.668855] binder: 19346:19498 transaction failed 29189/-22, size 168-8 line 3071
06-14 17:39:44.420 0 0 W [ 1725.676415] audit: audit_lost=3440 audit_rate_limit=5 audit_backlog_limit=64
06-14 17:39:44.420 0 0 E [ 1725.676417] audit: rate limit exceeded
06-14 17:39:44.433 0 0 I [ 1725.699462] oom_reaper: reaped process 28220 (ou.android.auto), now anon-rss:0kB, file-rss:0kB, shmem-rss:380kB
06-14 17:39:44.435 24095 24095 I wm_on_stop_called: [46665341,com.kugou.android.app.splash.SplashActivity,LIFECYCLER_STOP_ACTIVITY]
06-14 17:39:44.442 24095 24095 I wm_on_destroy_called: [46665341,com.kugou.android.app.splash.SplashActivity,performDestroy]
06-14 17:39:44.478 0 0 I [ 1725.743344] binder: 28355:28355 ioctl 40046210 7fd5958f64 returned -22
06-14 17:39:44.485 0 0 I [ 1725.749534] oom_reaper: reaped process 28216 (droid.ugc.aweme), now anon-rss:0kB, file-rss:0kB, shmem-rss:372kB
06-14 17:39:44.488 0 0 I [ 1725.753256] binder: 28216:28246 ioctl c0306201 e1873068 returned -14
06-14 17:39:44.488 0 0 I [ 1725.753802] binder: 28216:28248 ioctl c0306201 e1772068 returned -14
06-14 17:39:44.520 0 0 I [ 1725.787143] oom_reaper: reaped process 28253 (.tencent.qqlive), now anon-rss:0kB, file-rss:0kB, shmem-rss:372kB
06-14 17:39:44.482 510 510 I killinfo: [28216,10095,925,800,63204,-1,7896244,901696,3428268,62788,1248,28588,108720,4194300,4081936,1971756,209024,1180480,2112864,102556,222112,58096,84448,0,0,251104,3319,88,59,2,1828,0]
06-14 17:39:44.487 1556 6532 I ActivityManager: Process com.kugou.android.auto (pid 28220) has died: cch+35 CEM
06-14 17:39:44.487 1556 6532 I am_proc_died: [0,28220,com.kugou.android.auto,935,19]
06-14 17:39:44.487 1556 6532 I am_uid_stopped: 10114
06-14 17:39:44.498 1556 1828 D PowerManagerService: userActivityNoUpdateLocked: groupId=0, eventTime=1725765, event=2, flags=0x0, uid=1000
06-14 17:39:44.499 1556 1828 D PowerManagerNotifier: onUserActivity: event=2, uid=1000
06-14 17:39:44.499 1556 1828 D PowerManagerService: updateUserActivitySummaryLocked: groupId=0, mWakefulness=Awake, mUserActivitySummary=0x1, nextTimeout=1785765 (in 59999 ms)
06-14 17:39:44.499 1556 1828 D PowerManagerNotifier: onScreenPolicyUpdate: newPolicy=3
06-14 17:39:44.499 1556 1828 D PowerManagerService: updateDisplayPowerStateLocked: displayReady=true, groupId=0, policy=BRIGHT, mWakefulness=Awake, mWakeLockSummary=0x23, mUserActivitySummary=0x1, mBootCompleted=true, screenBrightnessOverride=NaN, useAutoBrightness=true, mScreenBrightnessBoostInProgress=false, mIsVrModeEnabled= false, sQuiescent=false
06-14 17:39:44.515 510 510 I killinfo: [28253,10104,915,800,87136,-1,7896244,913388,3431368,62788,1248,28592,108720,4194300,4081936,1954392,209024,1180712,2115780,102620,222048,58140,83580,0,0,251104,3355,36,60,2,1704,0]
06-14 17:39:44.520 1556 2320 I ActivityManager: Process com.ss.android.ugc.aweme (pid 28216) has died: cch+25 CEM
06-14 17:39:44.521 1556 2320 I am_proc_died: [0,28216,com.ss.android.ugc.aweme,925,19]
06-14 17:39:44.521 1556 2320 I am_uid_stopped: 10095
06-14 17:39:44.541 1556 6532 I ActivityManager: Process com.tencent.qqlive (pid 28253) has died: cch+15 CEM
06-14 17:39:44.542 1556 6532 I am_proc_died: [0,28253,com.tencent.qqlive,915,19]
06-14 17:39:44.542 1556 6532 I am_uid_stopped: 10104
06-14 17:39:44.543 1556 6532 I am_low_memory: 47
06-14 17:39:44.813 28258 28258 I auditd : type=1400 audit(0.0:4299): avc: granted { execute } for comm="temporary-1" path="/data/user/0/com.tencent.android.qqdownloader/files/shell/4_8434130_8479/lib/armeabi/libmarsxlog.so" dev="dm-10" ino=5168 scontext=u:r:untrusted_app_27:s0:c512,c768 tcontext=u:object_r:app_data_file:s0:c512,c768 tclass=file app=com.tencent.android.qqdownloader
06-14 17:39:44.909 0 0 E [ 1726.176142] link_delay_work_func: DTC_ETH: SQI=0, link=0
06-14 17:39:44.925 28258 28258 I auditd : type=1400 audit(0.0:4300): avc: granted { execute } for comm=".ServiceProcess" path="/data/user/0/com.tencent.android.qqdownloader/files/res_hub/yyb/online/wx_sdk_so_3_32_20/armeabi-v7a/libc++_shared.so" dev="dm-10" ino=37494 scontext=u:r:untrusted_app_27:s0:c512,c768 tcontext=u:object_r:app_data_file:s0:c512,c768 tclass=file app=com.tencent.android.qqdownloader
06-14 17:39:44.933 1556 1689 I wm_stop_activity: [0,106812043,com.android.launcher3/.uioverrides.QuickstepLauncher]
06-14 17:39:44.937 28258 28258 I auditd : type=1400 audit(0.0:4301): avc: granted { execute } for comm=".ServiceProcess" path="/data/user/0/com.tencent.android.qqdownloader/files/res_hub/yyb/online/wx_sdk_so_3_32_20/armeabi-v7a/libwechatxlog.so" dev="dm-10" ino=37510 scontext=u:r:untrusted_app_27:s0:c512,c768 tcontext=u:object_r:app_data_file:s0:c512,c768 tclass=file app=com.tencent.android.qqdownloader
06-14 17:39:44.973 18952 18952 I wm_on_stop_called: [106812043,com.android.launcher3.uioverrides.QuickstepLauncher,STOP_ACTIVITY_ITEM]
06-14 17:39:45.000 1556 1819 D PowerManagerService: acquireWakeLockInternal: lock=118235607, flags=0x1, tag="*alarm*", ws=WorkSource{1000}, uid=1000, pid=1556
06-14 17:39:45.000 1556 1819 D PowerManagerService: updateWakeLockSummaryLocked: mWakefulness=Awake, mWakeLockSummary=0x23
06-14 17:39:45.000 1556 1819 D PowerManagerService: updateUserActivitySummaryLocked: groupId=0, mWakefulness=Awake, mUserActivitySummary=0x1, nextTimeout=1785765 (in 59497 ms)
06-14 17:39:45.001 1556 1819 D PowerManagerNotifier: onScreenPolicyUpdate: newPolicy=3
06-14 17:39:45.001 1556 1819 D PowerManagerService: updateDisplayPowerStateLocked: displayReady=true, groupId=0, policy=BRIGHT, mWakefulness=Awake, mWakeLockSummary=0x23, mUserActivitySummary=0x1, mBootCompleted=true, screenBrightnessOverride=NaN, useAutoBrightness=true, mScreenBrightnessBoostInProgress=false, mIsVrModeEnabled= false, sQuiescent=false
06-14 17:39:45.001 1556 1819 D PowerManagerNotifier: onWakeLockAcquired: flags=1, tag="*alarm*", packageName=android, ownerUid=1000, ownerPid=1556, workSource=WorkSource{1000}
06-14 17:39:45.011 1556 1850 D PowerManagerService: updateWakeLockWorkSourceInternal: lock=118235607 [*alarm*], ws=WorkSource{10108}
06-14 17:39:45.011 1556 1850 D PowerManagerNotifier: onWakeLockChanging: flags=1, tag="*alarm*", packageName=android, ownerUid=1000, ownerPid=1556, workSource=WorkSource{10108}
06-14 17:39:45.018 1556 1556 D CompatibilityChangeReporter: Compat change id reported: 168419799; UID 1000; state: DISABLED
06-14 17:39:45.019 1556 1556 D PowerManagerService: releaseWakeLockInternal: lock=118235607 [*alarm*], flags=0x0
06-14 17:39:45.019 1556 1556 D PowerManagerNotifier: onWakeLockReleased: flags=1, tag="*alarm*", packageName=android, ownerUid=1000, ownerPid=1556, workSource=WorkSource{10108}
06-14 17:39:45.019 1556 1556 D PowerManagerService: updateWakeLockSummaryLocked: mWakefulness=Awake, mWakeLockSummary=0x23
06-14 17:39:45.019 1556 1556 D PowerManagerService: updateUserActivitySummaryLocked: groupId=0, mWakefulness=Awake, mUserActivitySummary=0x1, nextTimeout=1785765 (in 59478 ms)
06-14 17:39:45.019 1556 1556 D PowerManagerNotifier: onScreenPolicyUpdate: newPolicy=3
06-14 17:39:45.019 1556 1556 D PowerManagerService: updateDisplayPowerStateLocked: displayReady=true, groupId=0, policy=BRIGHT, mWakefulness=Awake, mWakeLockSummary=0x23, mUserActivitySummary=0x1, mBootCompleted=true, screenBrightnessOverride=NaN, useAutoBrightness=true, mScreenBrightnessBoostInProgress=false, mIsVrModeEnabled= false, sQuiescent=false
06-14 17:39:45.020 1556 1556 D PowerManagerService: acquireWakeLockInternal: lock=157420161, flags=0x1, tag="*job*/com.tencent.android.qqdownloader.YYBLiveAccountProvider/com.tencent.android.qqdownloader.YYBLiveAccountProvider.account/应用宝:android", ws=WorkSource{10092}, uid=1000, pid=1556
06-14 17:39:45.020 1556 1556 D PowerManagerService: updateWakeLockSummaryLocked: mWakefulness=Awake, mWakeLockSummary=0x23
06-14 17:39:45.020 1556 1556 D PowerManagerService: updateUserActivitySummaryLocked: groupId=0, mWakefulness=Awake, mUserActivitySummary=0x1, nextTimeout=1785765 (in 59478 ms)
06-14 17:39:45.020 1556 1556 D PowerManagerNotifier: onScreenPolicyUpdate: newPolicy=3
06-14 17:39:45.020 1556 1556 D PowerManagerService: updateDisplayPowerStateLocked: displayReady=true, groupId=0, policy=BRIGHT, mWakefulness=Awake, mWakeLockSummary=0x23, mUserActivitySummary=0x1, mBootCompleted=true, screenBrightnessOverride=NaN, useAutoBrightness=true, mScreenBrightnessBoostInProgress=false, mIsVrModeEnabled= false, sQuiescent=false
06-14 17:39:45.020 1556 1556 D PowerManagerNotifier: onWakeLockAcquired: flags=1, tag="*job*/com.tencent.android.qqdownloader.YYBLiveAccountProvider/com.tencent.android.qqdownloader.YYBLiveAccountProvider.account/应用宝:android", packageName=android, ownerUid=1000, ownerPid=1556, workSource=WorkSource{10092}
06-14 17:39:45.020 1556 1914 D PowerManagerService: acquireWakeLockInternal: lock=42217132, flags=0x1, tag="SyncLoopWakeLock", ws=null, uid=1000, pid=1556
06-14 17:39:45.020 1556 1914 D PowerManagerService: updateWakeLockSummaryLocked: mWakefulness=Awake, mWakeLockSummary=0x23
06-14 17:39:45.020 1556 1914 D PowerManagerService: updateUserActivitySummaryLocked: groupId=0, mWakefulness=Awake, mUserActivitySummary=0x1, nextTimeout=1785765 (in 59478 ms)
06-14 17:39:45.020 1556 1914 D PowerManagerNotifier: onScreenPolicyUpdate: newPolicy=3
06-14 17:39:45.020 1556 1914 D PowerManagerService: updateDisplayPowerStateLocked: displayReady=true, groupId=0, policy=BRIGHT, mWakefulness=Awake, mWakeLockSummary=0x23, mUserActivitySummary=0x1, mBootCompleted=true, screenBrightnessOverride=NaN, useAutoBrightness=true, mScreenBrightnessBoostInProgress=false, mIsVrModeEnabled= false, sQuiescent=false
06-14 17:39:45.020 1556 1914 D PowerManagerNotifier: onWakeLockAcquired: flags=1, tag="SyncLoopWakeLock", packageName=android, ownerUid=1000, ownerPid=1556, workSource=null
06-14 17:39:45.024 1556 1914 I sync : [com.tencent.android.qqdownloader.YYBLiveAccountProvider,0,3,24220937]
06-14 17:39:45.024 1556 1914 D PowerManagerService: acquireWakeLockInternal: lock=187134257, flags=0x1, tag="*sync*/com.tencent.android.qqdownloader.YYBLiveAccountProvider/com.tencent.android.qqdownloader.YYBLiveAccountProvider.account/应用宝", ws=WorkSource{10092}, uid=1000, pid=1556
06-14 17:39:45.024 1556 1914 D PowerManagerService: updateWakeLockSummaryLocked: mWakefulness=Awake, mWakeLockSummary=0x23
06-14 17:39:45.024 1556 1914 D PowerManagerService: updateUserActivitySummaryLocked: groupId=0, mWakefulness=Awake, mUserActivitySummary=0x1, nextTimeout=1785765 (in 59474 ms)
06-14 17:39:45.024 1556 1914 D PowerManagerNotifier: onScreenPolicyUpdate: newPolicy=3
06-14 17:39:45.024 1556 1914 D PowerManagerService: updateDisplayPowerStateLocked: displayReady=true, groupId=0, policy=BRIGHT, mWakefulness=Awake, mWakeLockSummary=0x23, mUserActivitySummary=0x1, mBootCompleted=true, screenBrightnessOverride=NaN, useAutoBrightness=true, mScreenBrightnessBoostInProgress=false, mIsVrModeEnabled= false, sQuiescent=false
06-14 17:39:45.024 1556 1914 D PowerManagerNotifier: onWakeLockAcquired: flags=1, tag="*sync*/com.tencent.android.qqdownloader.YYBLiveAccountProvider/com.tencent.android.qqdownloader.YYBLiveAccountProvider.account/应用宝", packageName=android, ownerUid=1000, ownerPid=1556, workSource=WorkSource{10092}
06-14 17:39:45.026 1556 1914 D PowerManagerService: releaseWakeLockInternal: lock=42217132 [SyncLoopWakeLock], flags=0x0
06-14 17:39:45.026 1556 1914 D PowerManagerNotifier: onWakeLockReleased: flags=1, tag="SyncLoopWakeLock", packageName=android, ownerUid=1000, ownerPid=1556, workSource=null
06-14 17:39:45.026 1556 1914 D PowerManagerService: updateWakeLockSummaryLocked: mWakefulness=Awake, mWakeLockSummary=0x23
06-14 17:39:45.026 1556 1914 D PowerManagerService: updateUserActivitySummaryLocked: groupId=0, mWakefulness=Awake, mUserActivitySummary=0x1, nextTimeout=1785765 (in 59472 ms)
06-14 17:39:45.026 1556 1914 D PowerManagerNotifier: onScreenPolicyUpdate: newPolicy=3
06-14 17:39:45.026 1556 1914 D PowerManagerService: updateDisplayPowerStateLocked: displayReady=true, groupId=0, policy=BRIGHT, mWakefulness=Awake, mWakeLockSummary=0x23, mUserActivitySummary=0x1, mBootCompleted=true, screenBrightnessOverride=NaN, useAutoBrightness=true, mScreenBrightnessBoostInProgress=false, mIsVrModeEnabled= false, sQuiescent=false
06-14 17:39:45.029 28258 28258 I auditd : type=1400 audit(0.0:4302): avc: granted { execute } for comm=4173796E635461736B202331 path="/data/user/0/com.tencent.android.qqdownloader/files/res_hub/yyb/online/wx_sdk_so_3_32_20/armeabi-v7a/libwxaopenruntimejni.so" dev="dm-10" ino=35538 scontext=u:r:untrusted_app_27:s0:c512,c768 tcontext=u:object_r:app_data_file:s0:c512,c768 tclass=file app=com.tencent.android.qqdownloader
06-14 17:39:45.039 1556 1914 D PowerManagerService: acquireWakeLockInternal: lock=42217132, flags=0x1, tag="SyncLoopWakeLock", ws=null, uid=1000, pid=1556
06-14 17:39:45.039 1556 1914 D PowerManagerService: updateWakeLockSummaryLocked: mWakefulness=Awake, mWakeLockSummary=0x23
06-14 17:39:45.039 1556 1914 D PowerManagerService: updateUserActivitySummaryLocked: groupId=0, mWakefulness=Awake, mUserActivitySummary=0x1, nextTimeout=1785765 (in 59458 ms)
06-14 17:39:45.039 1556 1914 D PowerManagerNotifier: onScreenPolicyUpdate: newPolicy=3
06-14 17:39:45.039 1556 1914 D PowerManagerService: updateDisplayPowerStateLocked: displayReady=true, groupId=0, policy=BRIGHT, mWakefulness=Awake, mWakeLockSummary=0x23, mUserActivitySummary=0x1, mBootCompleted=true, screenBrightnessOverride=NaN, useAutoBrightness=true, mScreenBrightnessBoostInProgress=false, mIsVrModeEnabled= false, sQuiescent=false
06-14 17:39:45.039 1556 1914 D PowerManagerNotifier: onWakeLockAcquired: flags=1, tag="SyncLoopWakeLock", packageName=android, ownerUid=1000, ownerPid=1556, workSource=null
06-14 17:39:45.042 1556 1914 D PowerManagerService: releaseWakeLockInternal: lock=42217132 [SyncLoopWakeLock], flags=0x0
06-14 17:39:45.042 1556 1914 D PowerManagerNotifier: onWakeLockReleased: flags=1, tag="SyncLoopWakeLock", packageName=android, ownerUid=1000, ownerPid=1556, workSource=null
06-14 17:39:45.042 1556 1914 D PowerManagerService: updateWakeLockSummaryLocked: mWakefulness=Awake, mWakeLockSummary=0x23
06-14 17:39:45.042 1556 1914 D PowerManagerService: updateUserActivitySummaryLocked: groupId=0, mWakefulness=Awake, mUserActivitySummary=0x1, nextTimeout=1785765 (in 59456 ms)
06-14 17:39:45.042 1556 1914 D PowerManagerNotifier: onScreenPolicyUpdate: newPolicy=3
06-14 17:39:45.042 1556 1914 D PowerManagerService: updateDisplayPowerStateLocked: displayReady=true, groupId=0, policy=BRIGHT, mWakefulness=Awake, mWakeLockSummary=0x23, mUserActivitySummary=0x1, mBootCompleted=true, screenBrightnessOverride=NaN, useAutoBrightness=true, mScreenBrightnessBoostInProgress=false, mIsVrModeEnabled= false, sQuiescent=false
06-14 17:39:45.048 1556 6532 D PowerManagerService: acquireWakeLockInternal: lock=233384707, flags=0x1, tag="j", ws=null, uid=10092, pid=19346
06-14 17:39:45.048 1556 6532 D PowerManagerService: updateWakeLockSummaryLocked: mWakefulness=Awake, mWakeLockSummary=0x23
06-14 17:39:45.048 1556 6532 D PowerManagerService: updateUserActivitySummaryLocked: groupId=0, mWakefulness=Awake, mUserActivitySummary=0x1, nextTimeout=1785765 (in 59450 ms)
06-14 17:39:45.048 1556 6532 D PowerManagerNotifier: onScreenPolicyUpdate: newPolicy=3
06-14 17:39:45.048 1556 6532 D PowerManagerService: updateDisplayPowerStateLocked: displayReady=true, groupId=0, policy=BRIGHT, mWakefulness=Awake, mWakeLockSummary=0x23, mUserActivitySummary=0x1, mBootCompleted=true, screenBrightnessOverride=NaN, useAutoBrightness=true, mScreenBrightnessBoostInProgress=false, mIsVrModeEnabled= false, sQuiescent=false
06-14 17:39:45.048 1556 6532 D PowerManagerNotifier: onWakeLockAcquired: flags=1, tag="j", packageName=com.tencent.android.qqdownloader, ownerUid=10092, ownerPid=19346, workSource=null
06-14 17:39:45.050 1556 1914 D PowerManagerService: acquireWakeLockInternal: lock=42217132, flags=0x1, tag="SyncLoopWakeLock", ws=null, uid=1000, pid=1556
06-14 17:39:45.050 1556 1914 D PowerManagerService: updateWakeLockSummaryLocked: mWakefulness=Awake, mWakeLockSummary=0x23
06-14 17:39:45.050 1556 1914 D PowerManagerService: updateUserActivitySummaryLocked: groupId=0, mWakefulness=Awake, mUserActivitySummary=0x1, nextTimeout=1785765 (in 59447 ms)
06-14 17:39:45.050 1556 1914 D PowerManagerNotifier: onScreenPolicyUpdate: newPolicy=3
06-14 17:39:45.050 1556 1914 D PowerManagerService: updateDisplayPowerStateLocked: displayReady=true, groupId=0, policy=BRIGHT, mWakefulness=Awake, mWakeLockSummary=0x23, mUserActivitySummary=0x1, mBootCompleted=true, screenBrightnessOverride=NaN, useAutoBrightness=true, mScreenBrightnessBoostInProgress=false, mIsVrModeEnabled= false, sQuiescent=false
06-14 17:39:45.051 1556 1914 D PowerManagerNotifier: onWakeLockAcquired: flags=1, tag="SyncLoopWakeLock", packageName=android, ownerUid=1000, ownerPid=1556, workSource=null
06-14 17:39:45.051 1556 1556 D PowerManagerService: releaseWakeLockInternal: lock=157420161 [*job*/com.tencent.android.qqdownloader.YYBLiveAccountProvider/com.tencent.android.qqdownloader.YYBLiveAccountProvider.account/应用宝:android], flags=0x0
06-14 17:39:45.051 1556 1556 D PowerManagerNotifier: onWakeLockReleased: flags=1, tag="*job*/com.tencent.android.qqdownloader.YYBLiveAccountProvider/com.tencent.android.qqdownloader.YYBLiveAccountProvider.account/应用宝:android", packageName=android, ownerUid=1000, ownerPid=1556, workSource=WorkSource{10092}
06-14 17:39:45.051 1556 1556 D PowerManagerService: updateWakeLockSummaryLocked: mWakefulness=Awake, mWakeLockSummary=0x23
06-14 17:39:45.051 1556 1556 D PowerManagerService: updateUserActivitySummaryLocked: groupId=0, mWakefulness=Awake, mUserActivitySummary=0x1, nextTimeout=1785765 (in 59446 ms)
06-14 17:39:45.051 1556 1556 D PowerManagerNotifier: onScreenPolicyUpdate: newPolicy=3
06-14 17:39:45.051 1556 1556 D PowerManagerService: updateDisplayPowerStateLocked: displayReady=true, groupId=0, policy=BRIGHT, mWakefulness=Awake, mWakeLockSummary=0x23, mUserActivitySummary=0x1, mBootCompleted=true, screenBrightnessOverride=NaN, useAutoBrightness=true, mScreenBrightnessBoostInProgress=false, mIsVrModeEnabled= false, sQuiescent=false
06-14 17:39:45.058 1556 1914 D PowerManagerService: releaseWakeLockInternal: lock=187134257 [*sync*/com.tencent.android.qqdownloader.YYBLiveAccountProvider/com.tencent.android.qqdownloader.YYBLiveAccountProvider.account/应用宝], flags=0x0
06-14 17:39:45.058 1556 1914 D PowerManagerNotifier: onWakeLockReleased: flags=1, tag="*sync*/com.tencent.android.qqdownloader.YYBLiveAccountProvider/com.tencent.android.qqdownloader.YYBLiveAccountProvider.account/应用宝", packageName=android, ownerUid=1000, ownerPid=1556, workSource=WorkSource{10092}
06-14 17:39:45.064 1556 1914 D PowerManagerService: updateWakeLockSummaryLocked: mWakefulness=Awake, mWakeLockSummary=0x23
06-14 17:39:45.064 1556 1914 D PowerManagerService: updateUserActivitySummaryLocked: groupId=0, mWakefulness=Awake, mUserActivitySummary=0x1, nextTimeout=1785765 (in 59434 ms)
06-14 17:39:45.064 1556 1914 D PowerManagerNotifier: onScreenPolicyUpdate: newPolicy=3
06-14 17:39:45.064 1556 1914 D PowerManagerService: updateDisplayPowerStateLocked: displayReady=true, groupId=0, policy=BRIGHT, mWakefulness=Awake, mWakeLockSummary=0x23, mUserActivitySummary=0x1, mBootCompleted=true, screenBrightnessOverride=NaN, useAutoBrightness=true, mScreenBrightnessBoostInProgress=false, mIsVrModeEnabled= false, sQuiescent=false
06-14 17:39:45.064 1556 1914 I sync : [com.tencent.android.qqdownloader.YYBLiveAccountProvider,1,3,24220937]
06-14 17:39:45.067 1556 6192 I am_mem_factor: [0,1]
06-14 17:39:45.078 1556 1914 I commit_sys_config_file: [sync-status,1709241]
06-14 17:39:45.078 1556 1914 D PowerManagerService: releaseWakeLockInternal: lock=42217132 [SyncLoopWakeLock], flags=0x0
06-14 17:39:45.078 1556 1914 D PowerManagerNotifier: onWakeLockReleased: flags=1, tag="SyncLoopWakeLock", packageName=android, ownerUid=1000, ownerPid=1556, workSource=null
06-14 17:39:45.078 1556 1914 D PowerManagerService: updateWakeLockSummaryLocked: mWakefulness=Awake, mWakeLockSummary=0x23
06-14 17:39:45.078 1556 1914 D PowerManagerService: updateUserActivitySummaryLocked: groupId=0, mWakefulness=Awake, mUserActivitySummary=0x1, nextTimeout=1785765 (in 59419 ms)
06-14 17:39:45.078 1556 1914 D PowerManagerNotifier: onScreenPolicyUpdate: newPolicy=3
06-14 17:39:45.078 1556 1914 D PowerManagerService: updateDisplayPowerStateLocked: displayReady=true, groupId=0, policy=BRIGHT, mWakefulness=Awake, mWakeLockSummary=0x23, mUserActivitySummary=0x1, mBootCompleted=true, screenBrightnessOverride=NaN, useAutoBrightness=true, mScreenBrightnessBoostInProgress=false, mIsVrModeEnabled= false, sQuiescent=false
06-14 17:39:45.078 1556 1914 D PowerManagerService: acquireWakeLockInternal: lock=42217132, flags=0x1, tag="SyncLoopWakeLock", ws=null, uid=1000, pid=1556
06-14 17:39:45.078 1556 1914 D PowerManagerService: updateWakeLockSummaryLocked: mWakefulness=Awake, mWakeLockSummary=0x23
06-14 17:39:45.078 1556 1914 D PowerManagerService: updateUserActivitySummaryLocked: groupId=0, mWakefulness=Awake, mUserActivitySummary=0x1, nextTimeout=1785765 (in 59419 ms)
06-14 17:39:45.078 1556 1914 D PowerManagerNotifier: onScreenPolicyUpdate: newPolicy=3
06-14 17:39:45.078 1556 1914 D PowerManagerService: updateDisplayPowerStateLocked: displayReady=true, groupId=0, policy=BRIGHT, mWakefulness=Awake, mWakeLockSummary=0x23, mUserActivitySummary=0x1, mBootCompleted=true, screenBrightnessOverride=NaN, useAutoBrightness=true, mScreenBrightnessBoostInProgress=false, mIsVrModeEnabled= false, sQuiescent=false
06-14 17:39:45.078 1556 1914 D PowerManagerNotifier: onWakeLockAcquired: flags=1, tag="SyncLoopWakeLock", packageName=android, ownerUid=1000, ownerPid=1556, workSource=null
06-14 17:39:45.096 1556 1914 D PowerManagerService: releaseWakeLockInternal: lock=42217132 [SyncLoopWakeLock], flags=0x0
06-14 17:39:45.096 1556 1914 D PowerManagerNotifier: onWakeLockReleased: flags=1, tag="SyncLoopWakeLock", packageName=android, ownerUid=1000, ownerPid=1556, workSource=null
06-14 17:39:45.097 1556 1914 D PowerManagerService: updateWakeLockSummaryLocked: mWakefulness=Awake, mWakeLockSummary=0x23
06-14 17:39:45.097 1556 1914 D PowerManagerService: updateUserActivitySummaryLocked: groupId=0, mWakefulness=Awake, mUserActivitySummary=0x1, nextTimeout=1785765 (in 59401 ms)
06-14 17:39:45.097 1556 1914 D PowerManagerNotifier: onScreenPolicyUpdate: newPolicy=3
06-14 17:39:45.097 1556 1914 D PowerManagerService: updateDisplayPowerStateLocked: displayReady=true, groupId=0, policy=BRIGHT, mWakefulness=Awake, mWakeLockSummary=0x23, mUserActivitySummary=0x1, mBootCompleted=true, screenBrightnessOverride=NaN, useAutoBrightness=true, mScreenBrightnessBoostInProgress=false, mIsVrModeEnabled= false, sQuiescent=false
06-14 17:39:45.097 1556 1556 D PowerManagerService: acquireWakeLockInternal: lock=97268490, flags=0x1, tag="*job*/com.tencent.android.qqdownloader.YYBLiveAccountProvider/com.tencent.android.qqdownloader.YYBLiveAccountProvider.account/应用宝:android", ws=WorkSource{10092}, uid=1000, pid=1556
06-14 17:39:45.097 1556 1556 D PowerManagerService: updateWakeLockSummaryLocked: mWakefulness=Awake, mWakeLockSummary=0x23
06-14 17:39:45.097 1556 1556 D PowerManagerService: updateUserActivitySummaryLocked: groupId=0, mWakefulness=Awake, mUserActivitySummary=0x1, nextTimeout=1785765 (in 59400 ms)
06-14 17:39:45.097 1556 1556 D PowerManagerNotifier: onScreenPolicyUpdate: newPolicy=3
06-14 17:39:45.097 1556 1556 D PowerManagerService: updateDisplayPowerStateLocked: displayReady=true, groupId=0, policy=BRIGHT, mWakefulness=Awake, mWakeLockSummary=0x23, mUserActivitySummary=0x1, mBootCompleted=true, screenBrightnessOverride=NaN, useAutoBrightness=true, mScreenBrightnessBoostInProgress=false, mIsVrModeEnabled= false, sQuiescent=false
06-14 17:39:45.097 1556 1556 D PowerManagerNotifier: onWakeLockAcquired: flags=1, tag="*job*/com.tencent.android.qqdownloader.YYBLiveAccountProvider/com.tencent.android.qqdownloader.YYBLiveAccountProvider.account/应用宝:android", packageName=android, ownerUid=1000, ownerPid=1556, workSource=WorkSource{10092}
06-14 17:39:45.099 1556 1914 D PowerManagerService: acquireWakeLockInternal: lock=42217132, flags=0x1, tag="SyncLoopWakeLock", ws=null, uid=1000, pid=1556
06-14 17:39:45.100 1556 1914 D PowerManagerService: updateWakeLockSummaryLocked: mWakefulness=Awake, mWakeLockSummary=0x23
06-14 17:39:45.100 1556 1914 D PowerManagerService: updateUserActivitySummaryLocked: groupId=0, mWakefulness=Awake, mUserActivitySummary=0x1, nextTimeout=1785765 (in 59398 ms)
06-14 17:39:45.100 1556 1914 D PowerManagerNotifier: onScreenPolicyUpdate: newPolicy=3
06-14 17:39:45.100 1556 1914 D PowerManagerService: updateDisplayPowerStateLocked: displayReady=true, groupId=0, policy=BRIGHT, mWakefulness=Awake, mWakeLockSummary=0x23, mUserActivitySummary=0x1, mBootCompleted=true, screenBrightnessOverride=NaN, useAutoBrightness=true, mScreenBrightnessBoostInProgress=false, mIsVrModeEnabled= false, sQuiescent=false
06-14 17:39:45.100 1556 1914 D PowerManagerNotifier: onWakeLockAcquired: flags=1, tag="SyncLoopWakeLock", packageName=android, ownerUid=1000, ownerPid=1556, workSource=null
06-14 17:39:45.102 1556 1914 I sync : [com.tencent.android.qqdownloader.YYBLiveAccountProvider,0,3,24220937]
06-14 17:39:45.102 1556 1914 D PowerManagerService: acquireWakeLockInternal: lock=187134257, flags=0x1, tag="*sync*/com.tencent.android.qqdownloader.YYBLiveAccountProvider/com.tencent.android.qqdownloader.YYBLiveAccountProvider.account/应用宝", ws=WorkSource{10092}, uid=1000, pid=1556
06-14 17:39:45.102 1556 1914 D PowerManagerService: updateWakeLockSummaryLocked: mWakefulness=Awake, mWakeLockSummary=0x23
06-14 17:39:45.102 1556 1914 D PowerManagerService: updateUserActivitySummaryLocked: groupId=0, mWakefulness=Awake, mUserActivitySummary=0x1, nextTimeout=1785765 (in 59395 ms)
06-14 17:39:45.103 1556 1914 D PowerManagerNotifier: onScreenPolicyUpdate: newPolicy=3
06-14 17:39:45.103 1556 1914 D PowerManagerService: updateDisplayPowerStateLocked: displayReady=true, groupId=0, policy=BRIGHT, mWakefulness=Awake, mWakeLockSummary=0x23, mUserActivitySummary=0x1, mBootCompleted=true, screenBrightnessOverride=NaN, useAutoBrightness=true, mScreenBrightnessBoostInProgress=false, mIsVrModeEnabled= false, sQuiescent=false
06-14 17:39:45.103 1556 1914 D PowerManagerNotifier: onWakeLockAcquired: flags=1, tag="*sync*/com.tencent.android.qqdownloader.YYBLiveAccountProvider/com.tencent.android.qqdownloader.YYBLiveAccountProvider.account/应用宝", packageName=android, ownerUid=1000, ownerPid=1556, workSource=WorkSource{10092}
06-14 17:39:45.107 1556 1914 D PowerManagerService: releaseWakeLockInternal: lock=42217132 [SyncLoopWakeLock], flags=0x0
06-14 17:39:45.107 1556 1914 D PowerManagerNotifier: onWakeLockReleased: flags=1, tag="SyncLoopWakeLock", packageName=android, ownerUid=1000, ownerPid=1556, workSource=null
06-14 17:39:45.107 1556 1914 D PowerManagerService: updateWakeLockSummaryLocked: mWakefulness=Awake, mWakeLockSummary=0x23
06-14 17:39:45.108 1556 1914 D PowerManagerService: updateUserActivitySummaryLocked: groupId=0, mWakefulness=Awake, mUserActivitySummary=0x1, nextTimeout=1785765 (in 59390 ms)
06-14 17:39:45.108 1556 1914 D PowerManagerNotifier: onScreenPolicyUpdate: newPolicy=3
06-14 17:39:45.108 1556 1914 D PowerManagerService: updateDisplayPowerStateLocked: displayReady=true, groupId=0, policy=BRIGHT, mWakefulness=Awake, mWakeLockSummary=0x23, mUserActivitySummary=0x1, mBootCompleted=true, screenBrightnessOverride=NaN, useAutoBrightness=true, mScreenBrightnessBoostInProgress=false, mIsVrModeEnabled= false, sQuiescent=false
06-14 17:39:45.115 1556 1914 D PowerManagerService: acquireWakeLockInternal: lock=42217132, flags=0x1, tag="SyncLoopWakeLock", ws=null, uid=1000, pid=1556
06-14 17:39:45.115 1556 1914 D PowerManagerService: updateWakeLockSummaryLocked: mWakefulness=Awake, mWakeLockSummary=0x23
06-14 17:39:45.115 1556 1914 D PowerManagerService: updateUserActivitySummaryLocked: groupId=0, mWakefulness=Awake, mUserActivitySummary=0x1, nextTimeout=1785765 (in 59382 ms)
06-14 17:39:45.115 1556 1914 D PowerManagerNotifier: onScreenPolicyUpdate: newPolicy=3
06-14 17:39:45.115 1556 1914 D PowerManagerService: updateDisplayPowerStateLocked: displayReady=true, groupId=0, policy=BRIGHT, mWakefulness=Awake, mWakeLockSummary=0x23, mUserActivitySummary=0x1, mBootCompleted=true, screenBrightnessOverride=NaN, useAutoBrightness=true, mScreenBrightnessBoostInProgress=false, mIsVrModeEnabled= false, sQuiescent=false
06-14 17:39:45.116 1556 1914 D PowerManagerNotifier: onWakeLockAcquired: flags=1, tag="SyncLoopWakeLock", packageName=android, ownerUid=1000, ownerPid=1556, workSource=null
06-14 17:39:45.116 1556 1914 D PowerManagerService: releaseWakeLockInternal: lock=42217132 [SyncLoopWakeLock], flags=0x0
06-14 17:39:45.116 1556 1914 D PowerManagerNotifier: onWakeLockReleased: flags=1, tag="SyncLoopWakeLock", packageName=android, ownerUid=1000, ownerPid=1556, workSource=null
06-14 17:39:45.117 1556 1914 D PowerManagerService: updateWakeLockSummaryLocked: mWakefulness=Awake, mWakeLockSummary=0x23
06-14 17:39:45.119 1556 1914 D PowerManagerService: updateUserActivitySummaryLocked: groupId=0, mWakefulness=Awake, mUserActivitySummary=0x1, nextTimeout=1785765 (in 59379 ms)
06-14 17:39:45.119 1556 1914 D PowerManagerNotifier: onScreenPolicyUpdate: newPolicy=3
06-14 17:39:45.119 1556 1914 D PowerManagerService: updateDisplayPowerStateLocked: displayReady=true, groupId=0, policy=BRIGHT, mWakefulness=Awake, mWakeLockSummary=0x23, mUserActivitySummary=0x1, mBootCompleted=true, screenBrightnessOverride=NaN, useAutoBrightness=true, mScreenBrightnessBoostInProgress=false, mIsVrModeEnabled= false, sQuiescent=false
06-14 17:39:45.135 1556 1914 D PowerManagerService: acquireWakeLockInternal: lock=42217132, flags=0x1, tag="SyncLoopWakeLock", ws=null, uid=1000, pid=1556
06-14 17:39:45.135 1556 1914 D PowerManagerService: updateWakeLockSummaryLocked: mWakefulness=Awake, mWakeLockSummary=0x23
