06-14 17:40:31.147 1556 1847 D PowerManagerService: updateUserActivitySummaryLocked: groupId=0, mWakefulness=Awake, mUserActivitySummary=0x1, nextTimeout=1829491 (in 57077 ms)
06-14 17:40:31.147 1556 1847 D PowerManagerNotifier: onScreenPolicyUpdate: newPolicy=3
06-14 17:40:31.147 1556 1847 D PowerManagerService: updateDisplayPowerStateLocked: displayReady=true, groupId=0, policy=BRIGHT, mWakefulness=Awake, mWakeLockSummary=0x1, mUserActivitySummary=0x1, mBootCompleted=true, screenBrightnessOverride=NaN, useAutoBrightness=true, mScreenBrightnessBoostInProgress=false, mIsVrModeEnabled= false, sQuiescent=false
06-14 17:40:31.147 1556 1847 D PowerManagerNotifier: onWakeLockAcquired: flags=1, tag="NetworkStats", packageName=android, ownerUid=1000, ownerPid=1556, workSource=null
06-14 17:40:31.149 1556 1828 I input_focus: [Focus entering 79aab1a com.kugou.android/com.kugou.crash.snow.JonSnow$HintActivity (server),reason=Window became focusable. Previous reason: NOT_VISIBLE]
06-14 17:40:31.158 3707 3707 I wm_on_stop_called: [70768738,com.kugou.android.app.splash.SplashActivity,LIFECYCLER_STOP_ACTIVITY]
06-14 17:40:31.175 1556 1847 I service_manager_stats: [100,84,16565]
06-14 17:40:31.176 1556 1847 I netstats_mobile_sample: [0,0,0,0,0,0,0,0,0,0,0,0,1686735631176]
06-14 17:40:31.176 1556 1847 I netstats_wifi_sample: [88979682,95098,14591948,64675,88979682,95098,14591948,64675,91727422,100021,14012003,62869,1686735631176]
06-14 17:40:31.176 1556 1847 D PowerManagerService: releaseWakeLockInternal: lock=56966882 [NetworkStats], flags=0x0
06-14 17:40:31.176 1556 1847 D PowerManagerNotifier: onWakeLockReleased: flags=1, tag="NetworkStats", packageName=android, ownerUid=1000, ownerPid=1556, workSource=null
06-14 17:40:31.176 1556 1847 D PowerManagerService: updateWakeLockSummaryLocked: mWakefulness=Awake, mWakeLockSummary=0x1
06-14 17:40:31.176 1556 1847 D PowerManagerService: updateUserActivitySummaryLocked: groupId=0, mWakefulness=Awake, mUserActivitySummary=0x1, nextTimeout=1829491 (in 57048 ms)
06-14 17:40:31.176 1556 1847 D PowerManagerNotifier: onScreenPolicyUpdate: newPolicy=3
06-14 17:40:31.176 1556 1847 D PowerManagerService: updateDisplayPowerStateLocked: displayReady=true, groupId=0, policy=BRIGHT, mWakefulness=Awake, mWakeLockSummary=0x1, mUserActivitySummary=0x1, mBootCompleted=true, screenBrightnessOverride=NaN, useAutoBrightness=true, mScreenBrightnessBoostInProgress=false, mIsVrModeEnabled= false, sQuiescent=false
06-14 17:40:31.178 3707 3707 I wm_on_destroy_called: [70768738,com.kugou.android.app.splash.SplashActivity,performDestroy]
06-14 17:40:31.599 1556 5837 W ActivityManager: Background start not allowed: service Intent { cmp=com.dragon.read/com.bytedance.common.wschannel.server.WsChannelService } to com.dragon.read/com.bytedance.common.wschannel.server.WsChannelService from pid=31132 uid=10106 pkg=com.dragon.read startFg?=false
06-14 17:40:31.615 1556 5363 D CompatibilityChangeReporter: Compat change id reported: 135634846; UID 10106; state: DISABLED
06-14 17:40:31.615 1556 1697 D CompatibilityChangeReporter: Compat change id reported: 143937733; UID 10106; state: DISABLED
06-14 17:40:31.623 1556 1697 I am_proc_start: [0,5937,10106,com.dragon.read:push,service,{com.dragon.read/com.bytedance.common.wschannel.server.WsChannelService}]
06-14 17:40:31.623 1556 1697 I ActivityManager: Start proc 5937:com.dragon.read:push/u0a106 for service {com.dragon.read/com.bytedance.common.wschannel.server.WsChannelService}
06-14 17:40:31.636 0 0 I [ 1772.901410] binder: 5937:5937 ioctl 40046210 ffc7d638 returned -22
06-14 17:40:31.636 1556 1589 I am_proc_bound: [0,5937,com.dragon.read:push]
06-14 17:40:31.639 1556 1589 D CompatibilityChangeReporter: Compat change id reported: 168419799; UID 10106; state: DISABLED
06-14 17:40:31.673 1556 1689 I wm_stop_activity: [0,106812043,com.android.launcher3/.uioverrides.QuickstepLauncher]
06-14 17:40:31.688 18952 18952 I wm_on_stop_called: [106812043,com.android.launcher3.uioverrides.QuickstepLauncher,STOP_ACTIVITY_ITEM]
06-14 17:40:31.997 2058 2058 I auditd : type=1400 audit(0.0:5380): avc: granted { execute } for comm="yrtcSoDownload" path="/data/data/com.baidu.searchbox/files/transvod/libtransvod.so" dev="dm-10" ino=135190 scontext=u:r:untrusted_app:s0:c99,c256,c512,c768 tcontext=u:object_r:app_data_file:s0:c99,c256,c512,c768 tclass=file app=com.baidu.searchbox
06-14 17:40:32.052 1556 1828 I input_interaction: Interaction with: 5dc0084 com.hunantv.imgo.activity/com.hunantv.imgo.activity.MainActivity (server), edge-swipe (server), swipe-up (server), PointerEventDispatcher0 (server),
06-14 17:40:32.053 1556 1828 D PowerManagerService: userActivityNoUpdateLocked: groupId=0, eventTime=1773319, event=2, flags=0x0, uid=1000
06-14 17:40:32.053 1556 1828 D PowerManagerNotifier: onUserActivity: event=2, uid=1000
06-14 17:40:32.053 1556 1828 D PowerManagerService: updateUserActivitySummaryLocked: groupId=0, mWakefulness=Awake, mUserActivitySummary=0x1, nextTimeout=1833319 (in 59999 ms)
06-14 17:40:32.053 1556 1828 D PowerManagerNotifier: onScreenPolicyUpdate: newPolicy=3
06-14 17:40:32.053 1556 1828 D PowerManagerService: updateDisplayPowerStateLocked: displayReady=true, groupId=0, policy=BRIGHT, mWakefulness=Awake, mWakeLockSummary=0x1, mUserActivitySummary=0x1, mBootCompleted=true, screenBrightnessOverride=NaN, useAutoBrightness=true, mScreenBrightnessBoostInProgress=false, mIsVrModeEnabled= false, sQuiescent=false
06-14 17:40:32.054 1556 1689 I wm_task_moved: [1093,1,8]
06-14 17:40:32.054 1556 1689 I wm_task_to_front: [0,1093]
06-14 17:40:32.061 1556 1689 I wm_set_resumed_activity: [0,com.hunantv.imgo.activity/.MainActivity,positionChildAt]
06-14 17:40:32.061 1556 1689 I wm_focused_root_task: [0,0,1093,1092,setFocusedTask]
06-14 17:40:32.061 1556 1689 I wm_set_resumed_activity: [0,com.hunantv.imgo.activity/.MainActivity,setFocusedTask]
06-14 17:40:32.062 3707 3707 I wm_on_top_resumed_lost_called: [55989141,com.kugou.crash.snow.JonSnow$HintActivity,topStateChangedWhenResumed]
06-14 17:40:32.063 1556 1689 I ActivityTaskManager: FOREGROUND_APPLICATION_CHANGED to com.hunantv.imgo.activity.MainActivity
06-14 17:40:32.064 1556 1690 I input_focus: [Focus request 5dc0084 com.hunantv.imgo.activity/com.hunantv.imgo.activity.MainActivity,reason=UpdateInputWindows]
06-14 17:40:32.072 3319 3319 I view_enqueue_input_event: [Motion - Cancel,com.hunantv.imgo.activity/com.hunantv.imgo.activity.MainActivity]
06-14 17:40:32.075 1556 1589 D ActivityTaskManager: Skipping, freeform mode : Task{d421d29 #1092 type=standard A=10117:android.task.kugou U=0 visible=false mode=freeform translucent=false sz=3 visible freeform task=true rootAffinity=10117:android.task.kugou isMini=false}
06-14 17:40:32.077 1556 5363 I wm_task_moved: [937,0,0]
06-14 17:40:32.077 1556 5363 I wm_task_moved: [937,0,7]
06-14 17:40:32.080 1556 1828 I input_interaction: Interaction with: edge-swipe (server), swipe-up (server), PointerEventDispatcher0 (server),
06-14 17:40:32.084 1556 1828 I input_focus: [Focus leaving 79aab1a com.kugou.android/com.kugou.crash.snow.JonSnow$HintActivity (server),reason=setFocusedWindow]
06-14 17:40:32.084 1556 1828 I input_focus: [Focus entering 5dc0084 com.hunantv.imgo.activity/com.hunantv.imgo.activity.MainActivity (server),reason=setFocusedWindow]
06-14 17:40:32.098 18952 18952 I wm_on_restart_called: [106812043,com.android.launcher3.uioverrides.QuickstepLauncher,performRestartActivity]
06-14 17:40:32.099 3319 3319 I wm_on_top_resumed_gained_called: [147936869,com.hunantv.imgo.activity.MainActivity,topStateChangedWhenResumed]
06-14 17:40:32.102 1556 1690 I input_focus: [Focus request recents_animation_input_consumer,reason=UpdateInputWindows]
06-14 17:40:32.115 1556 1828 I input_focus: [Focus leaving 5dc0084 com.hunantv.imgo.activity/com.hunantv.imgo.activity.MainActivity (server),reason=NOT_FOCUSABLE]
06-14 17:40:32.115 1556 1828 I input_focus: [Focus entering recents_animation_input_consumer (server),reason=setFocusedWindow]
06-14 17:40:32.142 18952 18952 I wm_on_start_called: [106812043,com.android.launcher3.uioverrides.QuickstepLauncher,handleStartActivity]
06-14 17:40:32.153 1556 15732 W ActivityTaskManager: getTaskSnapshot: taskId=-249 not found
06-14 17:40:32.154 1556 15732 W ActivityTaskManager: getTaskSnapshot: taskId=-249 not found
06-14 17:40:32.156 18952 18952 I sysui_latency: [1,104]
06-14 17:40:32.167 1556 1686 I sysui_multi_action: [319,5,322,84,325,1773,757,761,758,9,759,5,806,com.android.launcher3,871,com.android.launcher3.uioverrides.QuickstepLauncher,904,com.android.launcher3,905,0,1320,8,1321,5]
06-14 17:40:32.420 1556 1817 I commit_sys_config_file: [settings-1-0,79]
06-14 17:40:32.468 1556 1695 I sysui_latency: [8,96]
06-14 17:40:32.596 1556 18791 W ActivityManager: Background start not allowed: service Intent { cmp=com.dragon.read/com.bytedance.common.wschannel.client.WsClientService } to com.dragon.read/com.bytedance.common.wschannel.client.WsClientService from pid=5937 uid=10106 pkg=com.dragon.read startFg?=false
06-14 17:40:32.602 1556 18791 W ActivityManager: Background start not allowed: service Intent { cmp=com.dragon.read/com.bytedance.common.wschannel.server.WsChannelService } to com.dragon.read/com.bytedance.common.wschannel.server.WsChannelService from pid=5937 uid=10106 pkg=com.dragon.read startFg?=false
06-14 17:40:32.821 1556 18234 I wm_task_moved: [937,1,8]
06-14 17:40:32.821 1556 18234 I wm_task_moved: [938,1,2147483647]
06-14 17:40:32.821 1556 18234 I wm_task_to_front: [0,938]
06-14 17:40:32.821 1556 18234 I wm_focused_root_task: [0,0,937,1093,RecentsAnimation.onAnimationFinished()]
06-14 17:40:32.821 3319 3319 I wm_on_top_resumed_lost_called: [147936869,com.hunantv.imgo.activity.MainActivity,topStateChangedWhenResumed]
06-14 17:40:32.821 1556 18234 I wm_set_resumed_activity: [0,com.android.launcher3/.uioverrides.QuickstepLauncher,RecentsAnimation.onAnimationFinished()]
06-14 17:40:32.822 1556 18234 I wm_pause_activity: [0,147936869,com.hunantv.imgo.activity/.MainActivity,userLeaving=true,pauseBackTasks]
06-14 17:40:32.822 1556 18234 D PowerManagerService: acquireWakeLockInternal: lock=110154549, flags=0x1, tag="*launch*", ws=WorkSource{10069}, uid=1000, pid=1556
06-14 17:40:32.822 1556 18234 D PowerManagerService: updateWakeLockSummaryLocked: mWakefulness=Awake, mWakeLockSummary=0x1
06-14 17:40:32.822 1556 18234 D PowerManagerService: updateUserActivitySummaryLocked: groupId=0, mWakefulness=Awake, mUserActivitySummary=0x1, nextTimeout=1833319 (in 59230 ms)
06-14 17:40:32.822 1556 18234 D PowerManagerNotifier: onScreenPolicyUpdate: newPolicy=3
06-14 17:40:32.822 1556 18234 D PowerManagerService: updateDisplayPowerStateLocked: displayReady=true, groupId=0, policy=BRIGHT, mWakefulness=Awake, mWakeLockSummary=0x1, mUserActivitySummary=0x1, mBootCompleted=true, screenBrightnessOverride=NaN, useAutoBrightness=true, mScreenBrightnessBoostInProgress=false, mIsVrModeEnabled= false, sQuiescent=false
06-14 17:40:32.822 1556 18234 D PowerManagerNotifier: onWakeLockAcquired: flags=1, tag="*launch*", packageName=android, ownerUid=1000, ownerPid=1556, workSource=WorkSource{10069}
06-14 17:40:32.822 1556 18234 I wm_add_to_stopping: [0,147936869,com.hunantv.imgo.activity/.MainActivity,makeInvisible]
06-14 17:40:32.822 1556 18234 I ActivityTaskManager: FOREGROUND_APPLICATION_CHANGED to com.android.launcher3.uioverrides.QuickstepLauncher
06-14 17:40:32.822 1556 18234 I wm_set_resumed_activity: [0,com.android.launcher3/.uioverrides.QuickstepLauncher,resumeTopActivityInnerLocked]
06-14 17:40:32.824 1556 18234 I wm_resume_activity: [0,106812043,938,com.android.launcher3/.uioverrides.QuickstepLauncher]
06-14 17:40:32.825 18952 18952 I wm_on_resume_called: [106812043,com.android.launcher3.uioverrides.QuickstepLauncher,RESUME_ACTIVITY]
06-14 17:40:32.829 1556 1690 I input_focus: [Focus request fc034d7 com.android.launcher3/com.android.launcher3.uioverrides.QuickstepLauncher,reason=UpdateInputWindows]
06-14 17:40:32.830 1556 6413 I ActivityTaskManager: START u0 {flg=0x10010000 cmp=com.android.launcher3/com.android.quickstep.RecentsActivity} from uid 10069
06-14 17:40:32.831 1556 6413 D ActivityTaskManager: TaskLaunchParamsModifier:task=null activity=ActivityRecord{57497f u0 com.android.launcher3/com.android.quickstep.RecentsActivity taskAffinity=null display-id=0 display-windowing-mode=1 suggested-display-area=DefaultTaskDisplayArea@142405141
06-14 17:40:32.831 3319 3319 I wm_on_paused_called: [147936869,com.hunantv.imgo.activity.MainActivity,performPause]
06-14 17:40:32.834 1556 6413 D ActivityTaskManager: TaskLaunchParamsModifier:task=null activity=ActivityRecord{57497f u0 com.android.launcher3/com.android.quickstep.RecentsActivity taskAffinity=null t-1} display-id=0 display-windowing-mode=1 suggested-display-area=DefaultTaskDisplayArea@142405141 non-freeform-display display-area=DefaultTaskDisplayArea@142405141
06-14 17:40:32.834 1556 6413 I wm_task_created: [1094,-1]
06-14 17:40:32.834 1556 6413 W ActivityTaskManager: Can't find TaskDisplayArea to determine support for multi window. Task id=1094 attached=false
06-14 17:40:32.835 1556 6413 I wm_task_created: [1095,-1]
06-14 17:40:32.836 1556 6413 I wm_task_moved: [1095,0,-2147483648]
06-14 17:40:32.836 1556 6413 D ActivityTaskManager: TaskLaunchParamsModifier:task=Task{4c92d4c #1095 type=recents I=com.android.launcher3/com.android.quickstep.RecentsActivity U=0 rootTaskId=1094 visible=false mode=fullscreen translucent=true sz=0 visible freeform task=true rootAffinity=null isMini=false} activity=ActivityRecord{57497f u0 com.android.launcher3/com.android.quickstep.RecentsActivity taskAffinity=null t-1} display-from-task=0 display-id=0 display-windowing-mode=1 suggested-display-area=DefaultTaskDisplayArea@142405141 non-freeform-display display-area=DefaultTaskDisplayArea@142405141
06-14 17:40:32.836 1556 1828 I input_focus: [Focus leaving recents_animation_input_consumer (server),reason=NOT_VISIBLE]
06-14 17:40:32.837 1556 6413 I wm_create_task: [0,1095]
06-14 17:40:32.837 1556 6413 I wm_create_activity: [0,5720447,1095,com.android.launcher3/com.android.quickstep.RecentsActivity,NULL,NULL,NULL,276889600]
06-14 17:40:32.838 1556 6413 I wm_task_moved: [1094,0,0]
06-14 17:40:32.838 1556 6413 I wm_task_moved: [1094,0,8]
06-14 17:40:32.839 1556 6413 I ActivityTaskManager: The Process com.android.launcher3 Already Exists in BG. So sending its PID: 18952
06-14 17:40:32.839 1556 6413 W ActivityTaskManager: Tried to set launchTime (0) < mLastActivityLaunchTime (1755877)
06-14 17:40:32.840 1556 6413 I wm_restart_activity: [0,5720447,1095,com.android.launcher3/com.android.quickstep.RecentsActivity]
06-14 17:40:32.850 1556 1828 I input_focus: [Focus entering fc034d7 com.android.launcher3/com.android.launcher3.uioverrides.QuickstepLauncher (server),reason=setFocusedWindow]
06-14 17:40:32.854 18952 18952 I wm_on_top_resumed_gained_called: [106812043,com.android.launcher3.uioverrides.QuickstepLauncher,topStateChangedWhenResumed]
06-14 17:40:32.864 1556 6413 I WindowManager: Queue is too deep! Purged item with taskid=1092
06-14 17:40:32.866 1556 1689 I wm_stop_activity: [0,147936869,com.hunantv.imgo.activity/.MainActivity]
06-14 17:40:32.867 1556 1689 I sysui_multi_action: [757,803,799,window_time_2,802,7]
06-14 17:40:32.867 1556 18734 I wm_task_moved: [1094,1,9]
06-14 17:40:32.867 1556 18734 I wm_focused_root_task: [0,0,1094,937,RecentsAnimation.onAnimationFinished()]
06-14 17:40:32.868 1556 18734 I wm_pause_activity: [0,106812043,com.android.launcher3/.uioverrides.QuickstepLauncher,userLeaving=false,pauseBackTasks]
06-14 17:40:32.868 1556 18734 D PowerManagerService: acquireWakeLockInternal: lock=110154549, flags=0x1, tag="*launch*", ws=WorkSource{10069}, uid=1000, pid=1556
06-14 17:40:32.868 1556 18734 D PowerManagerService: updateWakeLockSummaryLocked: mWakefulness=Awake, mWakeLockSummary=0x1
06-14 17:40:32.868 1556 18734 D PowerManagerService: updateUserActivitySummaryLocked: groupId=0, mWakefulness=Awake, mUserActivitySummary=0x1, nextTimeout=1833319 (in 59183 ms)
06-14 17:40:32.868 1556 18734 D PowerManagerNotifier: onScreenPolicyUpdate: newPolicy=3
06-14 17:40:32.869 1556 18734 D PowerManagerService: updateDisplayPowerStateLocked: displayReady=true, groupId=0, policy=BRIGHT, mWakefulness=Awake, mWakeLockSummary=0x1, mUserActivitySummary=0x1, mBootCompleted=true, screenBrightnessOverride=NaN, useAutoBrightness=true, mScreenBrightnessBoostInProgress=false, mIsVrModeEnabled= false, sQuiescent=false
06-14 17:40:32.869 1556 18734 I ActivityTaskManager: FOREGROUND_APPLICATION_CHANGED to com.android.quickstep.RecentsActivity
06-14 17:40:32.869 1556 18734 I wm_set_resumed_activity: [0,com.android.launcher3/com.android.quickstep.RecentsActivity,resumeTopActivityInnerLocked]
06-14 17:40:32.870 1556 18734 I wm_resume_activity: [0,5720447,1095,com.android.launcher3/com.android.quickstep.RecentsActivity]
06-14 17:40:32.875 1556 18791 I wm_finish_activity: [0,5720447,1095,com.android.launcher3/com.android.quickstep.RecentsActivity,app-request]
06-14 17:40:32.876 1556 18791 I wm_task_moved: [937,1,9]
06-14 17:40:32.876 1556 18791 I wm_task_moved: [938,1,2147483647]
06-14 17:40:32.876 1556 18791 I wm_focused_root_task: [0,0,937,-1,finish-top adjustFocusToNextFocusableTask]
06-14 17:40:32.876 3319 3319 I wm_on_stop_called: [147936869,com.hunantv.imgo.activity.MainActivity,STOP_ACTIVITY_ITEM]
06-14 17:40:32.877 1556 18791 I wm_pause_activity: [0,5720447,com.android.launcher3/com.android.quickstep.RecentsActivity,userLeaving=false,finish]
06-14 17:40:32.877 1556 18791 D PowerManagerService: acquireWakeLockInternal: lock=110154549, flags=0x1, tag="*launch*", ws=WorkSource{10069}, uid=1000, pid=1556
06-14 17:40:32.877 1556 18791 D PowerManagerService: updateWakeLockSummaryLocked: mWakefulness=Awake, mWakeLockSummary=0x1
06-14 17:40:32.877 1556 18791 D PowerManagerService: updateUserActivitySummaryLocked: groupId=0, mWakefulness=Awake, mUserActivitySummary=0x1, nextTimeout=1833319 (in 59175 ms)
06-14 17:40:32.877 1556 18791 D PowerManagerNotifier: onScreenPolicyUpdate: newPolicy=3
06-14 17:40:32.877 1556 18791 D PowerManagerService: updateDisplayPowerStateLocked: displayReady=true, groupId=0, policy=BRIGHT, mWakefulness=Awake, mWakeLockSummary=0x1, mUserActivitySummary=0x1, mBootCompleted=true, screenBrightnessOverride=NaN, useAutoBrightness=true, mScreenBrightnessBoostInProgress=false, mIsVrModeEnabled= false, sQuiescent=false
06-14 17:40:32.884 18952 18952 I wm_on_create_called: [5720447,com.android.quickstep.RecentsActivity,performCreate]
06-14 17:40:32.884 1556 1690 I input_focus: [Focus request fc034d7 com.android.launcher3/com.android.launcher3.uioverrides.QuickstepLauncher,reason=UpdateInputWindows]
06-14 17:40:32.886 1556 1689 I sysui_multi_action: [757,803,799,window_time_0,802,0]
06-14 17:40:32.894 18952 18952 I wm_on_top_resumed_lost_called: [106812043,com.android.launcher3.uioverrides.QuickstepLauncher,topStateChangedWhenResumed]
06-14 17:40:32.895 18952 18952 I wm_on_paused_called: [106812043,com.android.launcher3.uioverrides.QuickstepLauncher,performPause]
06-14 17:40:32.895 1556 18791 I ActivityTaskManager: FOREGROUND_APPLICATION_CHANGED to com.android.launcher3.uioverrides.QuickstepLauncher
06-14 17:40:32.896 1556 18791 I wm_set_resumed_activity: [0,com.android.launcher3/.uioverrides.QuickstepLauncher,resumeTopActivityInnerLocked]
06-14 17:40:32.896 1556 18791 I wm_resume_activity: [0,106812043,938,com.android.launcher3/.uioverrides.QuickstepLauncher]
06-14 17:40:32.900 1556 1689 I sysui_multi_action: [757,803,799,window_time_0,802,0]
06-14 17:40:32.900 18952 18952 I wm_on_resume_called: [106812043,com.android.launcher3.uioverrides.QuickstepLauncher,RESUME_ACTIVITY]
06-14 17:40:32.900 18952 18952 I wm_on_top_resumed_gained_called: [106812043,com.android.launcher3.uioverrides.QuickstepLauncher,topWhenResuming]
06-14 17:40:32.906 1556 1689 I sysui_multi_action: [757,1144,758,8,806,com.android.launcher3,871,com.android.quickstep.RecentsActivity]
06-14 17:40:32.907 1556 1689 I sysui_multi_action: [757,803,799,window_time_0,802,0]
06-14 17:40:32.908 1556 1689 I sysui_multi_action: [757,803,799,window_time_0,802,0]
06-14 17:40:32.918 1556 18734 D PowerManagerService: releaseWakeLockInternal: lock=110154549 [*launch*], flags=0x0
06-14 17:40:32.918 1556 18734 D PowerManagerNotifier: onWakeLockReleased: flags=1, tag="*launch*", packageName=android, ownerUid=1000, ownerPid=1556, workSource=WorkSource{10069}
06-14 17:40:32.919 1556 18734 D PowerManagerService: updateWakeLockSummaryLocked: mWakefulness=Awake, mWakeLockSummary=0x1
06-14 17:40:32.919 1556 18734 D PowerManagerService: updateUserActivitySummaryLocked: groupId=0, mWakefulness=Awake, mUserActivitySummary=0x1, nextTimeout=1833319 (in 59133 ms)
06-14 17:40:32.919 1556 18734 D PowerManagerNotifier: onScreenPolicyUpdate: newPolicy=3
06-14 17:40:32.919 1556 18734 D PowerManagerService: updateDisplayPowerStateLocked: displayReady=true, groupId=0, policy=BRIGHT, mWakefulness=Awake, mWakeLockSummary=0x1, mUserActivitySummary=0x1, mBootCompleted=true, screenBrightnessOverride=NaN, useAutoBrightness=true, mScreenBrightnessBoostInProgress=false, mIsVrModeEnabled= false, sQuiescent=false
06-14 17:40:32.919 1556 18734 I wm_destroy_activity: [0,5720447,1095,com.android.launcher3/com.android.quickstep.RecentsActivity,finish-idle]
06-14 17:40:32.919 18952 18952 I wm_on_destroy_called: [5720447,com.android.quickstep.RecentsActivity,performDestroy]
06-14 17:40:32.920 1556 18734 I wm_task_removed: [1095,cleanUpResourcesForDestroy]
06-14 17:40:32.920 1556 18734 I wm_task_removed: [1094,removeChild:removeChild last r=Task{4c92d4c #1095 type=recents I=com.android.launcher3/com.android.quickstep.RecentsActivity U=0 visible=false mode=fullscreen translucent=true sz=0 visible freeform task=true rootAffinity=null isMini=false} in t=Task{476a613 #1094 type=recents ?? U=0 visible=false mode=fullscreen translucent=true sz=0 visible freeform task=true rootAffinity=null isMini=false}]
06-14 17:40:32.920 1556 18734 I wm_task_removed: [1094,removeChild]
06-14 17:40:32.920 1556 18734 I wm_task_removed: [1095,removeChild:removeChild last r=ActivityRecord{57497f u0 com.android.launcher3/com.android.quickstep.RecentsActivity taskAffinity=null t-1 f}} in t=Task{4c92d4c #1095 type=recents I=com.android.launcher3/com.android.quickstep.RecentsActivity U=0 visible=false mode=fullscreen translucent=true sz=0 visible freeform task=true rootAffinity=null isMini=false}]
06-14 17:40:32.920 1556 18734 I wm_task_removed: [1095,removeChild]
06-14 17:40:32.921 3707 3707 I auditd : type=1400 audit(0.0:5381): avc: granted { nlmsg_readpriv } for comm="halley_0_TempTa" scontext=u:r:untrusted_app_27:s0:c117,c256,c512,c768 tcontext=u:r:untrusted_app_27:s0:c117,c256,c512,c768 tclass=netlink_route_socket app=com.kugou.android
06-14 17:40:32.998 1556 6270 D ActivityTaskManager: Skipping, freeform mode : Task{d421d29 #1092 type=standard A=10117:android.task.kugou U=0 visible=false mode=freeform translucent=true sz=3 visible freeform task=true rootAffinity=10117:android.task.kugou isMini=false}
06-14 17:40:33.008 1556 1863 I GameModeConfig: isGameModeOn = false
06-14 17:40:33.008 1556 1863 I GameModeConfig: isGameModeOn = false
06-14 17:40:33.008 1556 1863 I GameModeConfig: isGameModeOn = false
06-14 17:40:33.038 1556 1828 I input_interaction: Interaction with: fc034d7 com.android.launcher3/com.android.launcher3.uioverrides.QuickstepLauncher (server), 1c9764a com.android.systemui.ImageWallpaper (server), edge-swipe (server), swipe-up (server), PointerEventDispatcher0 (server),
06-14 17:40:33.039 1556 1828 D PowerManagerService: userActivityNoUpdateLocked: groupId=0, eventTime=1774305, event=2, flags=0x0, uid=1000
06-14 17:40:33.039 1556 1828 D PowerManagerNotifier: onUserActivity: event=2, uid=1000
06-14 17:40:33.039 1556 1828 D PowerManagerService: updateUserActivitySummaryLocked: groupId=0, mWakefulness=Awake, mUserActivitySummary=0x1, nextTimeout=1834305 (in 59999 ms)
06-14 17:40:33.039 1556 1828 D PowerManagerNotifier: onScreenPolicyUpdate: newPolicy=3
06-14 17:40:33.039 1556 1828 D PowerManagerService: updateDisplayPowerStateLocked: displayReady=true, groupId=0, policy=BRIGHT, mWakefulness=Awake, mWakeLockSummary=0x1, mUserActivitySummary=0x1, mBootCompleted=true, screenBrightnessOverride=NaN, useAutoBrightness=true, mScreenBrightnessBoostInProgress=false, mIsVrModeEnabled= false, sQuiescent=false
06-14 17:40:33.062 1556 1847 D PowerManagerService: acquireWakeLockInternal: lock=56966882, flags=0x1, tag="NetworkStats", ws=null, uid=1000, pid=1556
06-14 17:40:33.063 1556 1847 D PowerManagerService: updateWakeLockSummaryLocked: mWakefulness=Awake, mWakeLockSummary=0x1
06-14 17:40:33.063 1556 1847 D PowerManagerService: updateUserActivitySummaryLocked: groupId=0, mWakefulness=Awake, mUserActivitySummary=0x1, nextTimeout=1834305 (in 59975 ms)
06-14 17:40:33.063 1556 1847 D PowerManagerNotifier: onScreenPolicyUpdate: newPolicy=3
06-14 17:40:33.063 1556 1847 D PowerManagerService: updateDisplayPowerStateLocked: displayReady=true, groupId=0, policy=BRIGHT, mWakefulness=Awake, mWakeLockSummary=0x1, mUserActivitySummary=0x1, mBootCompleted=true, screenBrightnessOverride=NaN, useAutoBrightness=true, mScreenBrightnessBoostInProgress=false, mIsVrModeEnabled= false, sQuiescent=false
06-14 17:40:33.063 1556 1847 D PowerManagerNotifier: onWakeLockAcquired: flags=1, tag="NetworkStats", packageName=android, ownerUid=1000, ownerPid=1556, workSource=null
06-14 17:40:33.067 1556 1847 I netstats_mobile_sample: [0,0,0,0,0,0,0,0,0,0,0,0,1686735633067]
06-14 17:40:33.067 1556 1847 I netstats_wifi_sample: [94221157,98852,14659316,65685,94221157,98852,14659316,65685,97012349,103795,14080391,63900,1686735633067]
06-14 17:40:33.067 1556 1847 D PowerManagerService: releaseWakeLockInternal: lock=56966882 [NetworkStats], flags=0x0
06-14 17:40:33.067 1556 1847 D PowerManagerNotifier: onWakeLockReleased: flags=1, tag="NetworkStats", packageName=android, ownerUid=1000, ownerPid=1556, workSource=null
06-14 17:40:33.067 1556 1847 D PowerManagerService: updateWakeLockSummaryLocked: mWakefulness=Awake, mWakeLockSummary=0x1
06-14 17:40:33.067 1556 1847 D PowerManagerService: updateUserActivitySummaryLocked: groupId=0, mWakefulness=Awake, mUserActivitySummary=0x1, nextTimeout=1834305 (in 59970 ms)
06-14 17:40:33.067 1556 1847 D PowerManagerNotifier: onScreenPolicyUpdate: newPolicy=3
06-14 17:40:33.067 1556 1847 D PowerManagerService: updateDisplayPowerStateLocked: displayReady=true, groupId=0, policy=BRIGHT, mWakefulness=Awake, mWakeLockSummary=0x1, mUserActivitySummary=0x1, mBootCompleted=true, screenBrightnessOverride=NaN, useAutoBrightness=true, mScreenBrightnessBoostInProgress=false, mIsVrModeEnabled= false, sQuiescent=false
06-14 17:40:33.146 1556 18791 I thunderperf: PlatormCompat.setOverrides: Uid1=10069 Pid1=18952 Uid2=10069 Pid2=18952
06-14 17:40:33.146 1556 18791 I thunderperf: PlatormCompat.setOverrides: needCheck:false
06-14 17:40:33.146 1556 18791 I thunderperf: CompatConfig.addOverrideUnsafe: bef-state=1
06-14 17:40:33.147 1556 18791 E thunderperf: CompatConfig.addOverrideUnsafe: exception:java.lang.SecurityException: Cannot override a change on a non-debuggable app and user build.
06-14 17:40:33.147 1556 18791 I thunderperf: CompatConfig.addOverrideUnsafe: aft-state=1
06-14 17:40:33.147 1556 18791 I thunderperf: CompatConfig.addOverrideUnsafe: bef-state=1
06-14 17:40:33.147 1556 18791 E thunderperf: CompatConfig.addOverrideUnsafe: exception:java.lang.SecurityException: Cannot override a change on a non-debuggable app and user build.
06-14 17:40:33.147 1556 18791 I thunderperf: CompatConfig.addOverrideUnsafe: aft-state=1
06-14 17:40:33.147 1556 18791 I thunderperf: CompatConfig.addOverrideUnsafe: bef-state=1
06-14 17:40:33.147 1556 18791 E thunderperf: CompatConfig.addOverrideUnsafe: exception:java.lang.SecurityException: Cannot override a change on a non-debuggable app and user build.
06-14 17:40:33.147 1556 18791 I thunderperf: CompatConfig.addOverrideUnsafe: aft-state=1
06-14 17:40:33.148 1556 18791 I thunderperf: CompatConfig.addOverrideUnsafe: bef-state=1
06-14 17:40:33.148 1556 18791 E thunderperf: CompatConfig.addOverrideUnsafe: exception:java.lang.SecurityException: Cannot override a change on a non-debuggable app and user build.
06-14 17:40:33.148 1556 18791 I thunderperf: CompatConfig.addOverrideUnsafe: aft-state=1
06-14 17:40:33.148 1556 18791 I thunderperf: CompatConfig.addOverrideUnsafe: bef-state=1
06-14 17:40:33.148 1556 18791 E thunderperf: CompatConfig.addOverrideUnsafe: exception:java.lang.SecurityException: Cannot override a change on a non-debuggable app and user build.
06-14 17:40:33.148 1556 18791 I thunderperf: CompatConfig.addOverrideUnsafe: aft-state=1
06-14 17:40:33.148 1556 18791 I thunderperf: CompatConfig.addOverrideUnsafe: bef-state=1
06-14 17:40:33.148 1556 18791 E thunderperf: CompatConfig.addOverrideUnsafe: exception:java.lang.SecurityException: Cannot override a change on a non-debuggable app and user build.
06-14 17:40:33.148 1556 18791 I thunderperf: CompatConfig.addOverrideUnsafe: aft-state=1
06-14 17:40:33.148 1556 18791 I thunderperf: CompatConfig.addOverrideUnsafe: bef-state=1
06-14 17:40:33.148 1556 18791 E thunderperf: CompatConfig.addOverrideUnsafe: exception:java.lang.SecurityException: Cannot override a change on a non-debuggable app and user build.
06-14 17:40:33.148 1556 18791 I thunderperf: CompatConfig.addOverrideUnsafe: aft-state=1
06-14 17:40:33.149 1556 18791 I thunderperf: CompatConfig.addOverrideUnsafe: bef-state=1
06-14 17:40:33.149 1556 18791 E thunderperf: CompatConfig.addOverrideUnsafe: exception:java.lang.SecurityException: Cannot override a change on a non-debuggable app and user build.
06-14 17:40:33.149 1556 18791 I thunderperf: CompatConfig.addOverrideUnsafe: aft-state=1
06-14 17:40:33.149 1556 18791 I thunderperf: CompatConfig.addOverrideUnsafe: bef-state=1
06-14 17:40:33.149 1556 18791 E thunderperf: CompatConfig.addOverrideUnsafe: exception:java.lang.SecurityException: Cannot override a change on a non-debuggable app and user build.
06-14 17:40:33.149 1556 18791 I thunderperf: CompatConfig.addOverrideUnsafe: aft-state=1
06-14 17:40:33.149 1556 18791 I thunderperf: CompatConfig.addOverrideUnsafe: bef-state=1
06-14 17:40:33.149 1556 18791 E thunderperf: CompatConfig.addOverrideUnsafe: exception:java.lang.SecurityException: Cannot override a change on a non-debuggable app and user build.
06-14 17:40:33.149 1556 18791 I thunderperf: CompatConfig.addOverrideUnsafe: aft-state=1
06-14 17:40:33.149 1556 18791 I thunderperf: CompatConfig.addOverrideUnsafe: bef-state=1
06-14 17:40:33.150 1556 18791 E thunderperf: CompatConfig.addOverrideUnsafe: exception:java.lang.SecurityException: Cannot override a change on a non-debuggable app and user build.
06-14 17:40:33.150 1556 18791 I thunderperf: CompatConfig.addOverrideUnsafe: aft-state=1
06-14 17:40:33.150 1556 18791 I thunderperf: CompatConfig.addOverrideUnsafe: bef-state=1
06-14 17:40:33.150 1556 18791 E thunderperf: CompatConfig.addOverrideUnsafe: exception:java.lang.SecurityException: Cannot override a change on a non-debuggable app and user build.
06-14 17:40:33.150 1556 18791 I thunderperf: CompatConfig.addOverrideUnsafe: aft-state=1
06-14 17:40:33.150 1556 18791 I thunderperf: CompatConfig.addOverrideUnsafe: bef-state=1
06-14 17:40:33.150 1556 18791 E thunderperf: CompatConfig.addOverrideUnsafe: exception:java.lang.SecurityException: Cannot override a change on a non-debuggable app and user build.
06-14 17:40:33.150 1556 18791 I thunderperf: CompatConfig.addOverrideUnsafe: aft-state=1
06-14 17:40:33.150 1556 18791 I thunderperf: CompatConfig.addOverrideUnsafe: bef-state=1
06-14 17:40:33.150 1556 18791 E thunderperf: CompatConfig.addOverrideUnsafe: exception:java.lang.SecurityException: Cannot override a change on a non-debuggable app and user build.
06-14 17:40:33.150 1556 18791 I thunderperf: CompatConfig.addOverrideUnsafe: aft-state=1
06-14 17:40:33.153 1556 18791 I ActivityTaskManager: START u0 {act=android.intent.action.MAIN cat=[android.intent.category.LAUNCHER] flg=0x10200000 cmp=com.tencent.tmgp.speedmobile/com.tencent.gcloud.msdk.core.policy.MSDKPolicyActivity bnds=[1326,394][1626,692]} from uid 10069
06-14 17:40:33.157 1556 18791 D ActivityTaskManager: TaskLaunchParamsModifier:task=null activity=ActivityRecord{f49f24f u0 com.tencent.tmgp.speedmobile/com.tencent.gcloud.msdk.core.policy.MSDKPolicyActivity taskAffinity=10100:com.tencent.tmgp.speedmobile display-area-from-source=DefaultTaskDisplayArea@142405141 display-id=0 display-windowing-mode=1 suggested-display-area=DefaultTaskDisplayArea@142405141
06-14 17:40:33.158 1556 18791 D ActivityTaskManager: TaskLaunchParamsModifier:task=null activity=ActivityRecord{f49f24f u0 com.tencent.tmgp.speedmobile/com.tencent.gcloud.msdk.core.policy.MSDKPolicyActivity taskAffinity=10100:com.tencent.tmgp.speedmobile t-1} display-area-from-source=DefaultTaskDisplayArea@142405141 display-id=0 display-windowing-mode=1 suggested-display-area=DefaultTaskDisplayArea@142405141 inherit-from-source=fullscreen activity-options-fullscreen=Rect(0, 0 - 0, 0) non-freeform-display display-area=DefaultTaskDisplayArea@142405141
06-14 17:40:33.158 1556 18791 I wm_task_created: [1096,-1]
06-14 17:40:33.158 1556 18791 W ActivityTaskManager: Can't find TaskDisplayArea to determine support for multi window. Task id=1096 attached=false
06-14 17:40:33.159 1556 18791 D ActivityTaskManager: TaskLaunchParamsModifier:task=Task{26a6ddc #1096 type=standard A=10100:com.tencent.tmgp.speedmobile U=0 visible=false mode=fullscreen translucent=true sz=0 visible freeform task=true rootAffinity=10100:com.tencent.tmgp.speedmobile isMini=false} activity=ActivityRecord{f49f24f u0 com.tencent.tmgp.speedmobile/com.tencent.gcloud.msdk.core.policy.MSDKPolicyActivity taskAffinity=10100:com.tencent.tmgp.speedmobile t-1} display-area-from-source=DefaultTaskDisplayArea@142405141 display-id=0 display-windowing-mode=1 suggested-display-area=DefaultTaskDisplayArea@142405141 inherit-from-source=fullscreen activity-options-fullscreen=Rect(0, 0 - 0, 0) non-freeform-display display-area=DefaultTaskDisplayArea@142405141
06-14 17:40:33.160 1556 18791 I wm_task_moved: [1096,1,9]
06-14 17:40:33.160 1556 18791 I wm_task_to_front: [0,1096]
06-14 17:40:33.160 1556 18791 I wm_create_task: [0,1096]
06-14 17:40:33.160 1556 18791 I wm_create_activity: [0,256504399,1096,com.tencent.tmgp.speedmobile/com.tencent.gcloud.msdk.core.policy.MSDKPolicyActivity,android.intent.action.MAIN,NULL,NULL,270532608]
06-14 17:40:33.160 1556 18791 I wm_task_moved: [1096,1,9]
06-14 17:40:33.161 1556 18791 I wm_pause_activity: [0,106812043,com.android.launcher3/.uioverrides.QuickstepLauncher,userLeaving=true,pauseBackTasks]
06-14 17:40:33.161 1556 18791 D PowerManagerService: acquireWakeLockInternal: lock=110154549, flags=0x1, tag="*launch*", ws=WorkSource{10100}, uid=1000, pid=1556
06-14 17:40:33.161 1556 18791 D PowerManagerService: updateWakeLockSummaryLocked: mWakefulness=Awake, mWakeLockSummary=0x1
06-14 17:40:33.161 1556 18791 D PowerManagerService: updateUserActivitySummaryLocked: groupId=0, mWakefulness=Awake, mUserActivitySummary=0x1, nextTimeout=1834305 (in 59876 ms)
06-14 17:40:33.161 1556 18791 D PowerManagerNotifier: onScreenPolicyUpdate: newPolicy=3
06-14 17:40:33.161 1556 18791 D PowerManagerService: updateDisplayPowerStateLocked: displayReady=true, groupId=0, policy=BRIGHT, mWakefulness=Awake, mWakeLockSummary=0x1, mUserActivitySummary=0x1, mBootCompleted=true, screenBrightnessOverride=NaN, useAutoBrightness=true, mScreenBrightnessBoostInProgress=false, mIsVrModeEnabled= false, sQuiescent=false
06-14 17:40:33.161 1556 18791 D PowerManagerNotifier: onWakeLockAcquired: flags=1, tag="*launch*", packageName=android, ownerUid=1000, ownerPid=1556, workSource=WorkSource{10100}
06-14 17:40:33.162 1556 18791 I wm_finish_activity: [0,135060968,1088,com.baidu.searchbox/.MainActivity,recent-task-trimmed]
06-14 17:40:33.162 1556 18791 I wm_destroy_activity: [0,135060968,1088,com.baidu.searchbox/.MainActivity,finish-imm:finishIfPossible]
06-14 17:40:33.164 18952 18952 I wm_on_top_resumed_lost_called: [106812043,com.android.launcher3.uioverrides.QuickstepLauncher,topStateChangedWhenResumed]
06-14 17:40:33.165 1556 1689 I am_uid_running: 10100
06-14 17:40:33.165 1556 1689 D CompatibilityChangeReporter: Compat change id reported: 135634846; UID 10100; state: DISABLED
06-14 17:40:33.165 1556 1689 D CompatibilityChangeReporter: Compat change id reported: 177438394; UID 10100; state: DISABLED
06-14 17:40:33.165 1556 1689 D CompatibilityChangeReporter: Compat change id reported: 135772972; UID 10100; state: DISABLED
06-14 17:40:33.165 1556 1689 D CompatibilityChangeReporter: Compat change id reported: 135754954; UID 10100; state: DISABLED
06-14 17:40:33.165 1556 1697 D CompatibilityChangeReporter: Compat change id reported: 143937733; UID 10100; state: DISABLED
06-14 17:40:33.167 18952 18952 I wm_on_paused_called: [106812043,com.android.launcher3.uioverrides.QuickstepLauncher,performPause]
06-14 17:40:33.170 1556 18734 I ActivityTaskManager: FOREGROUND_APPLICATION_CHANGED to com.tencent.gcloud.msdk.core.policy.MSDKPolicyActivity
06-14 17:40:33.170 1556 1689 I ActivityManager: Killing 5594:com.baidu.searchbox:widgetProvider/u0a99 (adj 915): remove task
06-14 17:40:33.170 1556 1689 I am_kill : [0,5594,com.baidu.searchbox:widgetProvider,915,remove task]
06-14 17:40:33.171 1556 18734 I wm_add_to_stopping: [0,106812043,com.android.launcher3/.uioverrides.QuickstepLauncher,makeInvisible]
06-14 17:40:33.171 1556 18791 I ActivityManager: Killing 4276:com.baidu.searchbox:bdservice_v1/u0a99 (adj 500): remove task
06-14 17:40:33.171 1556 18791 I am_kill : [0,4276,com.baidu.searchbox:bdservice_v1,500,remove task]
06-14 17:40:33.174 1556 18734 D CompatibilityChangeReporter: Compat change id reported: 181136395; UID 10117; state: DISABLED
06-14 17:40:33.174 1556 1697 I am_proc_start: [0,6052,10100,com.tencent.tmgp.speedmobile,pre-top-activity,{com.tencent.tmgp.speedmobile/com.tencent.gcloud.msdk.core.policy.MSDKPolicyActivity}]
06-14 17:40:33.174 1556 1697 I ActivityManager: Start proc 6052:com.tencent.tmgp.speedmobile/u0a100 for pre-top-activity {com.tencent.tmgp.speedmobile/com.tencent.gcloud.msdk.core.policy.MSDKPolicyActivity}
06-14 17:40:33.174 1556 18734 D CompatibilityChangeReporter: Compat change id reported: 174042936; UID 10117; state: DISABLED
06-14 17:40:33.174 1556 6053 W ContextImpl: Calling a method in the system process without a qualified user: android.app.ContextImpl.sendBroadcast:1173 com.qualcomm.qti.Performance$SendGameLaunchBroadcast.run:217 java.lang.Thread.run:920
06-14 17:40:33.176 1556 1689 I sysui_multi_action: [757,803,799,window_time_0,802,0]
06-14 17:40:33.178 1556 1689 I sysui_multi_action: [757,803,799,window_time_0,802,0]
06-14 17:40:33.182 1556 1828 I input_focus: [Focus leaving fc034d7 com.android.launcher3/com.android.launcher3.uioverrides.QuickstepLauncher (server),reason=NO_WINDOW]
06-14 17:40:33.192 0 0 I [ 1774.457299] binder: 6052:6052 ioctl 40046210 7ff4300c84 returned -22
06-14 17:40:33.193 1556 6193 I am_proc_bound: [0,6052,com.tencent.tmgp.speedmobile]
06-14 17:40:33.201 1556 6193 I wm_restart_activity: [0,256504399,1096,com.tencent.tmgp.speedmobile/com.tencent.gcloud.msdk.core.policy.MSDKPolicyActivity]
06-14 17:40:33.201 1556 6193 I wm_set_resumed_activity: [0,com.tencent.tmgp.speedmobile/com.tencent.gcloud.msdk.core.policy.MSDKPolicyActivity,minimalResumeActivityLocked]
06-14 17:40:33.203 1556 1689 I am_uid_active: 10100
06-14 17:40:33.233 1556 15732 I am_proc_died: [0,4276,com.baidu.searchbox:bdservice_v1,500,10]
06-14 17:40:33.234 1556 15732 W ActivityManager: Scheduling restart of crashed service com.baidu.searchbox/com.baidu.android.pushservice.PushService in 1000ms for start-requested
06-14 17:40:33.234 1556 15732 I am_schedule_service_restart: [0,com.baidu.searchbox/com.baidu.android.pushservice.PushService,1000]
06-14 17:40:33.237 1556 6270 I am_proc_died: [0,5594,com.baidu.searchbox:widgetProvider,915,19]
06-14 17:40:33.239 2093 4274 W ContextImpl: Calling a method in the system process without a qualified user: android.app.ContextImpl.startService:1816 android.content.ContextWrapper.startService:774 com.thundercomm.gamemode.ingame.services.GameModeActionUtils.startGameModeService:118 com.thundercomm.gamemode.ingame.services.GameModeActionUtils.startGameModeEntry:29 com.thundercomm.gamemode.ingame.services.ActivityMonitoringService$1.onActivityLaunch:140
06-14 17:40:33.242 1556 1556 I GameModeConfig: Current uri is uri = content://com.thundercomm.gamemode.api/gamemode_settings/gamemode_isgaming
06-14 17:40:33.244 1556 1556 I GameModeConfig: isGameModeOn = false
06-14 17:40:33.244 1556 1556 I GameModeConfig: isGameModeOn = false
06-14 17:40:33.244 1556 1556 I GameModeConfig: isDisableVoice = true
06-14 17:40:33.256 6052 6074 D ActivityThread: Loading provider com.tencent.tmgp.speedmobile.XG_SETTINGS_PROVIDER: com.tencent.tpns.baseapi.base.SettingsContentProvider
06-14 17:40:33.277 1556 18791 D ActivityTaskManager: Skipping, freeform mode : Task{d421d29 #1092 type=standard A=10117:android.task.kugou U=0 visible=false mode=freeform translucent=true sz=3 visible freeform task=true rootAffinity=10117:android.task.kugou isMini=false}
06-14 17:40:33.296 2058 2058 I wm_on_destroy_called: [135060968,com.baidu.searchbox.MainActivity,performDestroy]
06-14 17:40:33.302 1556 18791 I wm_task_removed: [1088,removeChild:removeChild last r=ActivityRecord{80cdde8 u0 com.baidu.searchbox/.MainActivity taskAffinity=10099:com.baidu.searchbox t-1 f}} in t=Task{b10c622 #1088 type=standard A=10099:com.baidu.searchbox U=0 visible=false mode=fullscreen translucent=true sz=0 visible freeform task=true rootAffinity=10099:com.baidu.searchbox isMini=false}]
06-14 17:40:33.302 1556 18791 I wm_task_removed: [1088,removeChild]
06-14 17:40:33.302 1556 1695 W UsageStatsService: Unexpected activity event reported! (com.baidu.searchbox/com.baidu.searchbox.MainActivity event : 23 instanceId : 99035915)
06-14 17:40:33.304 1556 1690 W ActivityTaskManager: Can't find TaskDisplayArea to determine support for multi window. Task id=1088 attached=false
06-14 17:40:33.304 1556 1690 W ActivityTaskManager: Can't find TaskDisplayArea to determine support for multi window. Task id=1088 attached=false
06-14 17:40:33.310 1556 6487 I ActivityManager: Killing 5724:com.baidu.searchbox:media/u0a99 (adj 700): remove task
06-14 17:40:33.310 1556 6487 I am_kill : [0,5724,com.baidu.searchbox:media,700,remove task]
06-14 17:40:33.310 1556 6487 I ActivityManager: Killing 3393:com.baidu.searchbox:sandboxed_process0/u0a99 (adj 700): remove task
06-14 17:40:33.310 1556 6487 I am_kill : [0,3393,com.baidu.searchbox:sandboxed_process0,700,remove task]
06-14 17:40:33.311 1556 6487 I ActivityManager: Killing 4296:com.baidu.searchbox:swan0/u0a99 (adj 700): remove task
06-14 17:40:33.311 1556 6487 I am_kill : [0,4296,com.baidu.searchbox:swan0,700,remove task]
06-14 17:40:33.311 1556 6487 I ActivityManager: Killing 2058:com.baidu.searchbox/u0a99 (adj 700): remove task
06-14 17:40:33.311 1556 6487 I am_kill : [0,2058,com.baidu.searchbox,700,remove task]
06-14 17:40:33.320 6052 6052 I wm_on_create_called: [256504399,com.tencent.gcloud.msdk.core.policy.MSDKPolicyActivity,performCreate]
06-14 17:40:33.320 6052 6052 I wm_on_start_called: [256504399,com.tencent.gcloud.msdk.core.policy.MSDKPolicyActivity,handleStartActivity]
06-14 17:40:33.321 6052 6052 I wm_on_resume_called: [256504399,com.tencent.gcloud.msdk.core.policy.MSDKPolicyActivity,RESUME_ACTIVITY]
06-14 17:40:33.327 1556 18791 W WindowManager: Failed looking up window session=Session{3394009 6052:u0a10100} callers=com.android.server.wm.WindowManagerService.windowForClientLocked:5628 com.android.server.wm.Session.insetsModified:629 android.view.IWindowSession$Stub.onTransact:1151
06-14 17:40:33.331 6052 6052 I wm_on_top_resumed_gained_called: [256504399,com.tencent.gcloud.msdk.core.policy.MSDKPolicyActivity,topStateChangedWhenResumed]
06-14 17:40:33.339 1556 18734 I am_proc_died: [0,3393,com.baidu.searchbox:sandboxed_process0,700,10]
06-14 17:40:33.339 1556 18734 W ActivityManager: Scheduling restart of crashed service com.baidu.searchbox/com.baidu.webkit.sdk.WebViewRendererService0 in 10895ms for connection
06-14 17:40:33.339 1556 18734 I am_schedule_service_restart: [0,com.baidu.searchbox/com.baidu.webkit.sdk.WebViewRendererService0,10895]
06-14 17:40:33.340 1556 6487 I am_proc_died: [0,4296,com.baidu.searchbox:swan0,700,10]
06-14 17:40:33.340 1556 6487 W ActivityManager: Scheduling restart of crashed service com.baidu.searchbox/com.baidu.swan.apps.process.messaging.client.SwanAppLocalService in 20894ms for connection
06-14 17:40:33.340 1556 6487 I am_schedule_service_restart: [0,com.baidu.searchbox/com.baidu.swan.apps.process.messaging.client.SwanAppLocalService,20894]
06-14 17:40:33.346 1556 1690 I input_focus: [Focus request dea0a3c com.tencent.tmgp.speedmobile/com.tencent.gcloud.msdk.core.policy.MSDKPolicyActivity,reason=UpdateInputWindows]
06-14 17:40:33.351 1556 6487 I am_proc_died: [0,5724,com.baidu.searchbox:media,700,10]
06-14 17:40:33.352 1556 6487 W ActivityManager: Scheduling restart of crashed service com.baidu.searchbox/.player.remote.BDRemotePlayerService in 30882ms for connection
06-14 17:40:33.352 1556 6487 I am_schedule_service_restart: [0,com.baidu.searchbox/.player.remote.BDRemotePlayerService,30882]
06-14 17:40:33.368 0 0 I [ 1774.630108] binder: 6052:6077 ioctl 40046210 74610061f4 returned -22
06-14 17:40:33.384 1556 1686 I wm_activity_launch_time: [0,256504399,com.tencent.tmgp.speedmobile/com.tencent.gcloud.msdk.core.policy.MSDKPolicyActivity,554]
06-14 17:40:33.386 1556 6487 D PowerManagerService: releaseWakeLockInternal: lock=110154549 [*launch*], flags=0x0
06-14 17:40:33.386 1556 6487 D PowerManagerNotifier: onWakeLockReleased: flags=1, tag="*launch*", packageName=android, ownerUid=1000, ownerPid=1556, workSource=WorkSource{10100}
06-14 17:40:33.386 1556 6487 D PowerManagerService: updateWakeLockSummaryLocked: mWakefulness=Awake, mWakeLockSummary=0x1
06-14 17:40:33.386 1556 6487 D PowerManagerService: updateUserActivitySummaryLocked: groupId=0, mWakefulness=Awake, mUserActivitySummary=0x1, nextTimeout=1834305 (in 59652 ms)
06-14 17:40:33.386 1556 6487 D PowerManagerNotifier: onScreenPolicyUpdate: newPolicy=3
06-14 17:40:33.386 1556 6487 D PowerManagerService: updateDisplayPowerStateLocked: displayReady=true, groupId=0, policy=BRIGHT, mWakefulness=Awake, mWakeLockSummary=0x1, mUserActivitySummary=0x1, mBootCompleted=true, screenBrightnessOverride=NaN, useAutoBrightness=true, mScreenBrightnessBoostInProgress=false, mIsVrModeEnabled= false, sQuiescent=false
06-14 17:40:33.392 0 0 I [ 1774.659029] binder: undelivered transaction 1084115, process died.
06-14 17:40:33.394 1556 4975 I am_proc_died: [0,2058,com.baidu.searchbox,700,10]
06-14 17:40:33.395 1556 4975 W ActivityManager: Scheduling restart of crashed service com.baidu.searchbox/com.baidu.swan.apps.process.messaging.service.SwanAppMessengerService in 10839ms for start-requested
06-14 17:40:33.395 1556 4975 I am_schedule_service_restart: [0,com.baidu.searchbox/com.baidu.swan.apps.process.messaging.service.SwanAppMessengerService,10839]
06-14 17:40:33.395 1556 4975 W ActivityManager: Scheduling restart of crashed service com.baidu.searchbox/com.baidu.swan.card.card.preload.SwanCardLocalService in 20839ms for start-requested
06-14 17:40:33.395 1556 4975 I am_schedule_service_restart: [0,com.baidu.searchbox/com.baidu.swan.card.card.preload.SwanCardLocalService,20839]
06-14 17:40:33.395 1556 4975 I am_uid_stopped: 10099
06-14 17:40:33.395 1556 1689 W ActivityManager: setHasOverlayUi called on unknown pid: 2058
06-14 17:40:33.398 1556 1828 I input_focus: [Focus entering dea0a3c com.tencent.tmgp.speedmobile/com.tencent.gcloud.msdk.core.policy.MSDKPolicyActivity (server),reason=Window became focusable. Previous reason: NOT_VISIBLE]
06-14 17:40:33.399 1556 1689 I am_uid_running: 10099
06-14 17:40:33.399 1556 1689 D CompatibilityChangeReporter: Compat change id reported: 135634846; UID 10099; state: DISABLED
06-14 17:40:33.399 1556 1697 D CompatibilityChangeReporter: Compat change id reported: 143937733; UID 10099; state: ENABLED
06-14 17:40:33.404 1556 1697 I am_proc_start: [0,6097,10099,com.baidu.searchbox,NULL,]
06-14 17:40:33.404 1556 1697 I ActivityManager: Start proc 6097:com.baidu.searchbox/u0a99 for null
06-14 17:40:33.415 0 0 I [ 1774.680087] binder: 6097:6097 ioctl 40046210 ffc7d638 returned -22
06-14 17:40:33.417 1556 6487 I am_proc_bound: [0,6097,com.baidu.searchbox]
06-14 17:40:33.419 1556 6487 D CompatibilityChangeReporter: Compat change id reported: 168419799; UID 10099; state: DISABLED
06-14 17:40:33.420 1556 6487 I am_stop_idle_service: [10099,com.baidu.searchbox/com.baidu.swan.card.card.preload.SwanCardLocalService]
06-14 17:40:33.420 1556 6487 W ActivityManager: Stopping service due to app idle: u0a99 -10s971ms com.baidu.searchbox/com.baidu.swan.card.card.preload.SwanCardLocalService
06-14 17:40:33.420 1556 6487 I am_stop_idle_service: [10099,com.baidu.searchbox/com.baidu.swan.apps.process.messaging.service.SwanAppMessengerService]
06-14 17:40:33.420 1556 6487 W ActivityManager: Stopping service due to app idle: u0a99 -11s255ms com.baidu.searchbox/com.baidu.swan.apps.process.messaging.service.SwanAppMessengerService
06-14 17:40:33.420 1556 6487 I am_stop_idle_service: [10099,com.baidu.searchbox/com.baidu.android.pushservice.PushService]
06-14 17:40:33.420 1556 6487 W ActivityManager: Stopping service due to app idle: u0a99 -11s16ms com.baidu.searchbox/com.baidu.android.pushservice.PushService
06-14 17:40:33.569 1556 4975 W ActivityManager: Unable to start service Intent { act=com.youku.push.action.setLongTimeBackAlarm cmp=com.youku.phone/com.youku.push.container.service.LocalPushService } U=0: not found
