06-14 17:40:37.549 1556 2273 I wm_focused_root_task: [0,0,1092,1099,bringingFoundTaskToFront]
06-14 17:40:37.550 1556 2273 I wm_set_resumed_activity: [0,com.kugou.android/.app.splash.SplashActivity,bringingFoundTaskToFront]
06-14 17:40:37.550 1556 2273 I wm_new_intent: [0,259158925,1092,com.kugou.android/.app.splash.SplashActivity,android.intent.action.MAIN,NULL,NULL,274726912]
06-14 17:40:37.551 1556 2273 D PowerManagerService: updateWakeLockWorkSourceInternal: lock=110154549 [*launch*], ws=WorkSource{10117}
06-14 17:40:37.551 1556 2273 D PowerManagerNotifier: onWakeLockChanging: flags=1, tag="*launch*", packageName=android, ownerUid=1000, ownerPid=1556, workSource=WorkSource{10117}
06-14 17:40:37.551 1556 2273 I ActivityTaskManager: FOREGROUND_APPLICATION_CHANGED to com.kugou.android.app.splash.SplashActivity
06-14 17:40:37.551 1556 2273 I wm_set_resumed_activity: [0,com.kugou.android/.app.splash.SplashActivity,resumeTopActivityInnerLocked]
06-14 17:40:37.551 1556 2273 I wm_add_to_stopping: [0,259158925,com.kugou.android/.app.splash.SplashActivity,makeInvisible]
06-14 17:40:37.554 1556 2273 D CompatibilityChangeReporter: Compat change id reported: 181136395; UID 10108; state: DISABLED
06-14 17:40:37.554 1556 2273 D CompatibilityChangeReporter: Compat change id reported: 174042936; UID 10108; state: DISABLED
06-14 17:40:37.555 1556 2273 I wm_resume_activity: [0,259158925,1092,com.kugou.android/.app.splash.SplashActivity]
06-14 17:40:37.556 1556 2273 I wm_add_to_stopping: [0,243062911,com.tencent.mm/.plugin.account.ui.WelcomeActivity,makeInvisible]
06-14 17:40:37.556 1556 2273 I wm_add_to_stopping: [0,147867041,com.tencent.mm/.plugin.account.ui.WelcomeActivity,makeInvisible]
06-14 17:40:37.556 1556 2273 I wm_add_to_stopping: [0,252719166,com.tencent.mm/.ui.LauncherUI,makeInvisible]
06-14 17:40:37.559 1556 2273 D PowerManagerService: releaseWakeLockInternal: lock=174103573 [PlatformComm], flags=0x0
06-14 17:40:37.559 1556 2273 D PowerManagerNotifier: onWakeLockReleased: flags=1, tag="PlatformComm", packageName=com.tencent.mm, ownerUid=10108, ownerPid=6321, workSource=null
06-14 17:40:37.559 1556 2273 D PowerManagerService: updateWakeLockSummaryLocked: mWakefulness=Awake, mWakeLockSummary=0x1
06-14 17:40:37.559 1556 2273 D PowerManagerService: updateUserActivitySummaryLocked: groupId=0, mWakefulness=Awake, mUserActivitySummary=0x1, nextTimeout=1838694 (in 59868 ms)
06-14 17:40:37.559 1556 2273 D PowerManagerNotifier: onScreenPolicyUpdate: newPolicy=3
06-14 17:40:37.559 1556 2273 D PowerManagerService: updateDisplayPowerStateLocked: displayReady=true, groupId=0, policy=BRIGHT, mWakefulness=Awake, mWakeLockSummary=0x1, mUserActivitySummary=0x1, mBootCompleted=true, screenBrightnessOverride=NaN, useAutoBrightness=true, mScreenBrightnessBoostInProgress=false, mIsVrModeEnabled= false, sQuiescent=false
06-14 17:40:37.562 4911 4911 I wm_on_top_resumed_lost_called: [243062911,com.tencent.mm.plugin.account.ui.WelcomeActivity,topStateChangedWhenResumed]
06-14 17:40:37.564 3707 3707 I wm_on_restart_called: [259158925,com.kugou.android.app.splash.SplashActivity,performRestartActivity]
06-14 17:40:37.564 3707 3707 I wm_on_start_called: [259158925,com.kugou.android.app.splash.SplashActivity,handleStartActivity]
06-14 17:40:37.567 1556 1828 I input_focus: [Focus leaving b0285b2 com.tencent.mm/com.tencent.mm.plugin.account.ui.WelcomeActivity (server),reason=NO_WINDOW]
06-14 17:40:37.573 3707 3707 I wm_on_resume_called: [259158925,com.kugou.android.app.splash.SplashActivity,RESUME_ACTIVITY]
06-14 17:40:37.574 3707 3707 I wm_on_restart_called: [55989141,com.kugou.crash.snow.JonSnow$HintActivity,performRestartActivity]
06-14 17:40:37.574 3707 3707 I wm_on_start_called: [55989141,com.kugou.crash.snow.JonSnow$HintActivity,handleStartActivity]
06-14 17:40:37.574 3707 3707 W Looper : Loop again would have the queued messages be executed before this one completed.
06-14 17:40:37.574 3707 3707 I wm_on_restart_called: [61854196,com.kugou.android.app.MediaActivity,performRestartActivity]
06-14 17:40:37.578 3707 3707 I wm_on_start_called: [61854196,com.kugou.android.app.MediaActivity,handleStartActivity]
06-14 17:40:37.579 3707 3707 I wm_on_top_resumed_gained_called: [259158925,com.kugou.android.app.splash.SplashActivity,topStateChangedWhenResumed]
06-14 17:40:37.598 1556 1690 I input_focus: [Focus request 71cc78e com.kugou.android/com.kugou.android.app.splash.SplashActivity,reason=UpdateInputWindows]
06-14 17:40:37.622 1556 6487 D PowerManagerService: releaseWakeLockInternal: lock=130686975 [PlatformComm], flags=0x0
06-14 17:40:37.622 1556 6487 D PowerManagerNotifier: onWakeLockReleased: flags=1, tag="PlatformComm", packageName=com.tencent.mm, ownerUid=10108, ownerPid=6321, workSource=null
06-14 17:40:37.622 1556 6487 D PowerManagerService: updateWakeLockSummaryLocked: mWakefulness=Awake, mWakeLockSummary=0x1
06-14 17:40:37.622 1556 6487 D PowerManagerService: updateUserActivitySummaryLocked: groupId=0, mWakefulness=Awake, mUserActivitySummary=0x1, nextTimeout=1838694 (in 59805 ms)
06-14 17:40:37.622 1556 6487 D PowerManagerNotifier: onScreenPolicyUpdate: newPolicy=3
06-14 17:40:37.622 1556 6487 D PowerManagerService: updateDisplayPowerStateLocked: displayReady=true, groupId=0, policy=BRIGHT, mWakefulness=Awake, mWakeLockSummary=0x1, mUserActivitySummary=0x1, mBootCompleted=true, screenBrightnessOverride=NaN, useAutoBrightness=true, mScreenBrightnessBoostInProgress=false, mIsVrModeEnabled= false, sQuiescent=false
06-14 17:40:37.637 1556 5837 D PowerManagerService: releaseWakeLockInternal: lock=110154549 [*launch*], flags=0x0
06-14 17:40:37.637 1556 5837 D PowerManagerNotifier: onWakeLockReleased: flags=1, tag="*launch*", packageName=android, ownerUid=1000, ownerPid=1556, workSource=WorkSource{10117}
06-14 17:40:37.637 1556 5837 D PowerManagerService: updateWakeLockSummaryLocked: mWakefulness=Awake, mWakeLockSummary=0x1
06-14 17:40:37.637 1556 5837 D PowerManagerService: updateUserActivitySummaryLocked: groupId=0, mWakefulness=Awake, mUserActivitySummary=0x1, nextTimeout=1838694 (in 59790 ms)
06-14 17:40:37.637 1556 5837 D PowerManagerNotifier: onScreenPolicyUpdate: newPolicy=3
06-14 17:40:37.637 1556 5837 D PowerManagerService: updateDisplayPowerStateLocked: displayReady=true, groupId=0, policy=BRIGHT, mWakefulness=Awake, mWakeLockSummary=0x1, mUserActivitySummary=0x1, mBootCompleted=true, screenBrightnessOverride=NaN, useAutoBrightness=true, mScreenBrightnessBoostInProgress=false, mIsVrModeEnabled= false, sQuiescent=false
06-14 17:40:37.818 1556 5837 D PowerManagerService: releaseWakeLockInternal: lock=243723753 [MicroMsg.MMAutoAuth], flags=0x0
06-14 17:40:37.818 1556 5837 D PowerManagerNotifier: onWakeLockReleased: flags=1, tag="MicroMsg.MMAutoAuth", packageName=com.tencent.mm, ownerUid=10108, ownerPid=6321, workSource=null
06-14 17:40:37.818 1556 5837 D PowerManagerService: updateWakeLockSummaryLocked: mWakefulness=Awake, mWakeLockSummary=0x1
06-14 17:40:37.818 1556 5837 D PowerManagerService: updateUserActivitySummaryLocked: groupId=0, mWakefulness=Awake, mUserActivitySummary=0x1, nextTimeout=1838694 (in 59608 ms)
06-14 17:40:37.818 1556 5837 D PowerManagerNotifier: onScreenPolicyUpdate: newPolicy=3
06-14 17:40:37.818 1556 5837 D PowerManagerService: updateDisplayPowerStateLocked: displayReady=true, groupId=0, policy=BRIGHT, mWakefulness=Awake, mWakeLockSummary=0x1, mUserActivitySummary=0x1, mBootCompleted=true, screenBrightnessOverride=NaN, useAutoBrightness=true, mScreenBrightnessBoostInProgress=false, mIsVrModeEnabled= false, sQuiescent=false
06-14 17:40:37.844 1556 5837 D PowerManagerService: releaseWakeLockInternal: lock=84509132 [PlatformComm], flags=0x0
06-14 17:40:37.844 1556 5837 D PowerManagerNotifier: onWakeLockReleased: flags=1, tag="PlatformComm", packageName=com.tencent.mm, ownerUid=10108, ownerPid=6321, workSource=null
06-14 17:40:37.844 1556 5837 D PowerManagerService: updateWakeLockSummaryLocked: mWakefulness=Awake, mWakeLockSummary=0x1
06-14 17:40:37.844 1556 5837 D PowerManagerService: updateUserActivitySummaryLocked: groupId=0, mWakefulness=Awake, mUserActivitySummary=0x1, nextTimeout=1838694 (in 59583 ms)
06-14 17:40:37.844 1556 5837 D PowerManagerNotifier: onScreenPolicyUpdate: newPolicy=3
06-14 17:40:37.844 1556 5837 D PowerManagerService: updateDisplayPowerStateLocked: displayReady=true, groupId=0, policy=BRIGHT, mWakefulness=Awake, mWakeLockSummary=0x1, mUserActivitySummary=0x1, mBootCompleted=true, screenBrightnessOverride=NaN, useAutoBrightness=true, mScreenBrightnessBoostInProgress=false, mIsVrModeEnabled= false, sQuiescent=false
06-14 17:40:37.845 1556 6487 D PowerManagerService: acquireWakeLockInternal: lock=84509132, flags=0x1, tag="PlatformComm", ws=null, uid=10108, pid=6321
06-14 17:40:37.845 1556 6487 D PowerManagerService: updateWakeLockSummaryLocked: mWakefulness=Awake, mWakeLockSummary=0x1
06-14 17:40:37.845 1556 6487 D PowerManagerService: updateUserActivitySummaryLocked: groupId=0, mWakefulness=Awake, mUserActivitySummary=0x1, nextTimeout=1838694 (in 59582 ms)
06-14 17:40:37.845 1556 6487 D PowerManagerNotifier: onScreenPolicyUpdate: newPolicy=3
06-14 17:40:37.845 1556 6487 D PowerManagerService: updateDisplayPowerStateLocked: displayReady=true, groupId=0, policy=BRIGHT, mWakefulness=Awake, mWakeLockSummary=0x1, mUserActivitySummary=0x1, mBootCompleted=true, screenBrightnessOverride=NaN, useAutoBrightness=true, mScreenBrightnessBoostInProgress=false, mIsVrModeEnabled= false, sQuiescent=false
06-14 17:40:37.845 1556 6487 D PowerManagerNotifier: onWakeLockAcquired: flags=1, tag="PlatformComm", packageName=com.tencent.mm, ownerUid=10108, ownerPid=6321, workSource=null
06-14 17:40:37.953 1556 1863 I GameModeConfig: isGameModeOn = false
06-14 17:40:37.953 1556 1863 I GameModeConfig: isGameModeOn = false
06-14 17:40:38.349 1556 6487 D PowerManagerService: releaseWakeLockInternal: lock=84509132 [PlatformComm], flags=0x0
06-14 17:40:38.349 1556 6487 D PowerManagerNotifier: onWakeLockReleased: flags=1, tag="PlatformComm", packageName=com.tencent.mm, ownerUid=10108, ownerPid=6321, workSource=null
06-14 17:40:38.349 1556 6487 D PowerManagerService: updateWakeLockSummaryLocked: mWakefulness=Awake, mWakeLockSummary=0x1
06-14 17:40:38.349 1556 6487 D PowerManagerService: updateUserActivitySummaryLocked: groupId=0, mWakefulness=Awake, mUserActivitySummary=0x1, nextTimeout=1838694 (in 59077 ms)
06-14 17:40:38.350 1556 6487 D PowerManagerNotifier: onScreenPolicyUpdate: newPolicy=3
06-14 17:40:38.350 1556 6487 D PowerManagerService: updateDisplayPowerStateLocked: displayReady=true, groupId=0, policy=BRIGHT, mWakefulness=Awake, mWakeLockSummary=0x1, mUserActivitySummary=0x1, mBootCompleted=true, screenBrightnessOverride=NaN, useAutoBrightness=true, mScreenBrightnessBoostInProgress=false, mIsVrModeEnabled= false, sQuiescent=false
06-14 17:40:38.360 0 0 E [ 1779.624174] msm_pcm_playback_close: CMD_EOS failed, cmd_pending 0x8
06-14 17:40:38.406 1556 6487 D PowerManagerService: updateWakeLockWorkSourceInternal: lock=18062684 [AudioMix], ws=WorkSource{10099, 10117}
06-14 17:40:38.406 1556 6487 D PowerManagerNotifier: onWakeLockChanging: flags=1, tag="AudioMix", packageName=audioserver, ownerUid=1041, ownerPid=0, workSource=WorkSource{10099, 10117}
06-14 17:40:38.406 1556 6487 D PowerManagerNotifier: onLongPartialWakeLockFinish: ownerUid=1041, workSource=WorkSource{10117}
06-14 17:40:40.903 1556 1847 D PowerManagerService: acquireWakeLockInternal: lock=56966882, flags=0x1, tag="NetworkStats", ws=null, uid=1000, pid=1556
06-14 17:40:40.903 1556 1847 D PowerManagerService: updateWakeLockSummaryLocked: mWakefulness=Awake, mWakeLockSummary=0x1
06-14 17:40:40.903 1556 1847 D PowerManagerService: updateUserActivitySummaryLocked: groupId=0, mWakefulness=Awake, mUserActivitySummary=0x1, nextTimeout=1838694 (in 56523 ms)
06-14 17:40:40.903 1556 1847 D PowerManagerNotifier: onScreenPolicyUpdate: newPolicy=3
06-14 17:40:40.903 1556 1847 D PowerManagerService: updateDisplayPowerStateLocked: displayReady=true, groupId=0, policy=BRIGHT, mWakefulness=Awake, mWakeLockSummary=0x1, mUserActivitySummary=0x1, mBootCompleted=true, screenBrightnessOverride=NaN, useAutoBrightness=true, mScreenBrightnessBoostInProgress=false, mIsVrModeEnabled= false, sQuiescent=false
06-14 17:40:40.904 1556 1847 D PowerManagerNotifier: onWakeLockAcquired: flags=1, tag="NetworkStats", packageName=android, ownerUid=1000, ownerPid=1556, workSource=null
06-14 17:40:40.924 1556 1847 I netstats_mobile_sample: [0,0,0,0,0,0,0,0,0,0,0,0,1686735640924]
06-14 17:40:40.924 1556 1847 I netstats_wifi_sample: [96293268,100661,14763915,66433,96293268,100661,14763915,66433,98565279,105130,14184990,64648,1686735640924]
06-14 17:40:40.924 1556 1847 D PowerManagerService: releaseWakeLockInternal: lock=56966882 [NetworkStats], flags=0x0
06-14 17:40:40.924 1556 1847 D PowerManagerNotifier: onWakeLockReleased: flags=1, tag="NetworkStats", packageName=android, ownerUid=1000, ownerPid=1556, workSource=null
06-14 17:40:40.925 1556 1847 D PowerManagerService: updateWakeLockSummaryLocked: mWakefulness=Awake, mWakeLockSummary=0x1
06-14 17:40:40.925 1556 1847 D PowerManagerService: updateUserActivitySummaryLocked: groupId=0, mWakefulness=Awake, mUserActivitySummary=0x1, nextTimeout=1838694 (in 56502 ms)
06-14 17:40:40.925 1556 1847 D PowerManagerNotifier: onScreenPolicyUpdate: newPolicy=3
06-14 17:40:40.925 1556 1847 D PowerManagerService: updateDisplayPowerStateLocked: displayReady=true, groupId=0, policy=BRIGHT, mWakefulness=Awake, mWakeLockSummary=0x1, mUserActivitySummary=0x1, mBootCompleted=true, screenBrightnessOverride=NaN, useAutoBrightness=true, mScreenBrightnessBoostInProgress=false, mIsVrModeEnabled= false, sQuiescent=false
06-14 17:40:41.236 0 0 E [ 1782.500965] link_delay_work_func: DTC_ETH: SQI=0, link=0
06-14 17:40:41.967 1556 1556 D PowerManagerService: acquireWakeLockInternal: lock=1231878, flags=0x1, tag="*job*/com.youku.phone/com.youku.service.push.service.PreCacheService", ws=WorkSource{10107}, uid=1000, pid=1556
06-14 17:40:41.967 1556 1556 D PowerManagerService: updateWakeLockSummaryLocked: mWakefulness=Awake, mWakeLockSummary=0x1
06-14 17:40:41.967 1556 1556 D PowerManagerService: updateUserActivitySummaryLocked: groupId=0, mWakefulness=Awake, mUserActivitySummary=0x1, nextTimeout=1838694 (in 55459 ms)
06-14 17:40:41.968 1556 1556 D PowerManagerNotifier: onScreenPolicyUpdate: newPolicy=3
06-14 17:40:41.968 1556 1556 D PowerManagerService: updateDisplayPowerStateLocked: displayReady=true, groupId=0, policy=BRIGHT, mWakefulness=Awake, mWakeLockSummary=0x1, mUserActivitySummary=0x1, mBootCompleted=true, screenBrightnessOverride=NaN, useAutoBrightness=true, mScreenBrightnessBoostInProgress=false, mIsVrModeEnabled= false, sQuiescent=false
06-14 17:40:41.968 1556 1556 D PowerManagerNotifier: onWakeLockAcquired: flags=1, tag="*job*/com.youku.phone/com.youku.service.push.service.PreCacheService", packageName=android, ownerUid=1000, ownerPid=1556, workSource=WorkSource{10107}
06-14 17:40:42.003 1556 6487 D PowerManagerService: releaseWakeLockInternal: lock=1231878 [*job*/com.youku.phone/com.youku.service.push.service.PreCacheService], flags=0x0
06-14 17:40:42.003 1556 6487 D PowerManagerNotifier: onWakeLockReleased: flags=1, tag="*job*/com.youku.phone/com.youku.service.push.service.PreCacheService", packageName=android, ownerUid=1000, ownerPid=1556, workSource=WorkSource{10107}
06-14 17:40:42.003 1556 6487 D PowerManagerService: updateWakeLockSummaryLocked: mWakefulness=Awake, mWakeLockSummary=0x1
06-14 17:40:42.003 1556 6487 D PowerManagerService: updateUserActivitySummaryLocked: groupId=0, mWakefulness=Awake, mUserActivitySummary=0x1, nextTimeout=1838694 (in 55424 ms)
06-14 17:40:42.003 1556 6487 D PowerManagerNotifier: onScreenPolicyUpdate: newPolicy=3
06-14 17:40:42.003 1556 6487 D PowerManagerService: updateDisplayPowerStateLocked: displayReady=true, groupId=0, policy=BRIGHT, mWakefulness=Awake, mWakeLockSummary=0x1, mUserActivitySummary=0x1, mBootCompleted=true, screenBrightnessOverride=NaN, useAutoBrightness=true, mScreenBrightnessBoostInProgress=false, mIsVrModeEnabled= false, sQuiescent=false
06-14 17:40:42.600 1556 1828 I input_focus: [Focus entering 71cc78e com.kugou.android/com.kugou.android.app.splash.SplashActivity (server),reason=Window became focusable. Previous reason: NOT_VISIBLE]
06-14 17:40:42.672 1556 6487 W ActivityManager: Background start not allowed: service Intent { cmp=com.youku.phone/.StartYoukuService } to com.youku.phone/.StartYoukuService from pid=31123 uid=10107 pkg=com.youku.phone startFg?=false
06-14 17:40:42.849 1556 1689 I wm_stop_activity: [0,252719166,com.tencent.mm/.ui.LauncherUI]
06-14 17:40:42.850 1556 1689 I wm_stop_activity: [0,243062911,com.tencent.mm/.plugin.account.ui.WelcomeActivity]
06-14 17:40:42.895 1556 1695 I am_pss : [3707,10117,com.kugou.android,374413312,363606016,34816,501669888,0,2,29]
06-14 17:40:42.899 4911 4911 I wm_on_stop_called: [252719166,com.tencent.mm.ui.LauncherUI,STOP_ACTIVITY_ITEM]
06-14 17:40:42.909 4911 4911 I wm_on_paused_called: [243062911,com.tencent.mm.plugin.account.ui.WelcomeActivity,performPause]
06-14 17:40:42.913 4911 4911 I wm_on_stop_called: [243062911,com.tencent.mm.plugin.account.ui.WelcomeActivity,STOP_ACTIVITY_ITEM]
06-14 17:40:44.744 1556 1556 D PowerManagerService: acquireWakeLockInternal: lock=86854312, flags=0x1, tag="*job*/com.youku.phone/com.youku.service.push.service.PushCollectService", ws=WorkSource{10107}, uid=1000, pid=1556
06-14 17:40:44.744 1556 1556 D PowerManagerService: updateWakeLockSummaryLocked: mWakefulness=Awake, mWakeLockSummary=0x1
06-14 17:40:44.744 1556 1556 D PowerManagerService: updateUserActivitySummaryLocked: groupId=0, mWakefulness=Awake, mUserActivitySummary=0x1, nextTimeout=1838694 (in 52683 ms)
06-14 17:40:44.744 1556 1556 D PowerManagerNotifier: onScreenPolicyUpdate: newPolicy=3
06-14 17:40:44.744 1556 1556 D PowerManagerService: updateDisplayPowerStateLocked: displayReady=true, groupId=0, policy=BRIGHT, mWakefulness=Awake, mWakeLockSummary=0x1, mUserActivitySummary=0x1, mBootCompleted=true, screenBrightnessOverride=NaN, useAutoBrightness=true, mScreenBrightnessBoostInProgress=false, mIsVrModeEnabled= false, sQuiescent=false
06-14 17:40:44.745 1556 1556 D PowerManagerNotifier: onWakeLockAcquired: flags=1, tag="*job*/com.youku.phone/com.youku.service.push.service.PushCollectService", packageName=android, ownerUid=1000, ownerPid=1556, workSource=WorkSource{10107}
06-14 17:40:44.769 1556 6193 D PowerManagerService: releaseWakeLockInternal: lock=86854312 [*job*/com.youku.phone/com.youku.service.push.service.PushCollectService], flags=0x0
06-14 17:40:44.769 1556 6193 D PowerManagerNotifier: onWakeLockReleased: flags=1, tag="*job*/com.youku.phone/com.youku.service.push.service.PushCollectService", packageName=android, ownerUid=1000, ownerPid=1556, workSource=WorkSource{10107}
06-14 17:40:44.769 1556 6193 D PowerManagerService: updateWakeLockSummaryLocked: mWakefulness=Awake, mWakeLockSummary=0x1
06-14 17:40:44.770 1556 6193 D PowerManagerService: updateUserActivitySummaryLocked: groupId=0, mWakefulness=Awake, mUserActivitySummary=0x1, nextTimeout=1838694 (in 52657 ms)
06-14 17:40:44.770 1556 6193 D PowerManagerNotifier: onScreenPolicyUpdate: newPolicy=3
06-14 17:40:44.770 1556 6193 D PowerManagerService: updateDisplayPowerStateLocked: displayReady=true, groupId=0, policy=BRIGHT, mWakefulness=Awake, mWakeLockSummary=0x1, mUserActivitySummary=0x1, mBootCompleted=true, screenBrightnessOverride=NaN, useAutoBrightness=true, mScreenBrightnessBoostInProgress=false, mIsVrModeEnabled= false, sQuiescent=false
06-14 17:40:46.352 0 0 E [ 1787.616152] link_delay_work_func: DTC_ETH: SQI=0, link=0
06-14 17:40:46.518 1556 1696 D CompatibilityChangeReporter: Compat change id reported: 168419799; UID 10108; state: DISABLED
06-14 17:40:47.388 1556 1689 W ActivityTaskManager: Activity stop timeout for ActivityRecord{52af99e u0 com.kugou.android/com.kugou.common.useraccount.app.KgUserLoginAndRegActivity taskAffinity=10117:android.task.kugou t1092}
06-14 17:40:47.388 1556 1689 I ActivityTaskManager: Activity reported stop, but no longer stopping: ActivityRecord{52af99e u0 com.kugou.android/com.kugou.common.useraccount.app.KgUserLoginAndRegActivity taskAffinity=10117:android.task.kugou t1092} STARTED
06-14 17:40:47.650 1556 1696 W BroadcastQueue: Background execution not allowed: receiving Intent { act=com.youku.accs.oneConfig flg=0x10 (has extras) } to com.youku.phone/com.youku.oneconfigbll.receiver.OneConfigCacheReceiver
06-14 17:40:48.856 0 0 E [ 1790.120139] msm_pcm_playback_close: CMD_EOS failed, cmd_pending 0x8
06-14 17:40:51.472 0 0 E [ 1792.736158] link_delay_work_func: DTC_ETH: SQI=0, link=0
06-14 17:40:51.573 31123 31123 I auditd : type=1400 audit(0.0:5401): avc: denied { read } for comm="CrashSDKBkgdHan" name="loadavg" dev="proc" ino=4026532243 scontext=u:r:untrusted_app:s0:c107,c256,c512,c768 tcontext=u:object_r:proc_loadavg:s0 tclass=file permissive=0 app=com.youku.phone
06-14 17:40:52.944 1931 1931 I sqlite_mem_released: 0
06-14 17:40:52.947 1931 1931 I force_gc: mem
06-14 17:40:55.020 1556 1819 D PowerManagerService: acquireWakeLockInternal: lock=118235607, flags=0x1, tag="*alarm*", ws=WorkSource{1000}, uid=1000, pid=1556
06-14 17:40:55.020 1556 1819 D PowerManagerService: updateWakeLockSummaryLocked: mWakefulness=Awake, mWakeLockSummary=0x1
06-14 17:40:55.020 1556 1819 D PowerManagerService: updateUserActivitySummaryLocked: groupId=0, mWakefulness=Awake, mUserActivitySummary=0x1, nextTimeout=1838694 (in 42407 ms)
06-14 17:40:55.020 1556 1819 D PowerManagerNotifier: onScreenPolicyUpdate: newPolicy=3
06-14 17:40:55.020 1556 1819 D PowerManagerService: updateDisplayPowerStateLocked: displayReady=true, groupId=0, policy=BRIGHT, mWakefulness=Awake, mWakeLockSummary=0x1, mUserActivitySummary=0x1, mBootCompleted=true, screenBrightnessOverride=NaN, useAutoBrightness=true, mScreenBrightnessBoostInProgress=false, mIsVrModeEnabled= false, sQuiescent=false
06-14 17:40:55.021 1556 1819 D PowerManagerNotifier: onWakeLockAcquired: flags=1, tag="*alarm*", packageName=android, ownerUid=1000, ownerPid=1556, workSource=WorkSource{1000}
06-14 17:40:55.027 1556 1819 W ActivityManager: Background start not allowed: service Intent { act=com.baidu.action.SOFIRE.VIEW cat=[com.baidu.category.SOFIRE,android.intent.category.DEFAULT] pkg=com.baidu.searchbox cmp=com.baidu.searchbox/com.baidu.sofire.MyService (has extras) } to com.baidu.searchbox/com.baidu.sofire.MyService from pid=-1 uid=10099 pkg=com.baidu.searchbox startFg?=false
06-14 17:40:55.031 1556 1850 D PowerManagerService: updateWakeLockWorkSourceInternal: lock=118235607 [*alarm*], ws=WorkSource{10108}
06-14 17:40:55.031 1556 1850 D PowerManagerNotifier: onWakeLockChanging: flags=1, tag="*alarm*", packageName=android, ownerUid=1000, ownerPid=1556, workSource=WorkSource{10108}
06-14 17:40:55.038 1556 1556 D PowerManagerService: updateWakeLockWorkSourceInternal: lock=118235607 [*alarm*], ws=WorkSource{10099}
06-14 17:40:55.038 1556 1556 D PowerManagerNotifier: onWakeLockChanging: flags=1, tag="*alarm*", packageName=android, ownerUid=1000, ownerPid=1556, workSource=WorkSource{10099}
06-14 17:40:55.038 1556 1556 D PowerManagerService: releaseWakeLockInternal: lock=118235607 [*alarm*], flags=0x0
06-14 17:40:55.038 1556 1556 D PowerManagerNotifier: onWakeLockReleased: flags=1, tag="*alarm*", packageName=android, ownerUid=1000, ownerPid=1556, workSource=WorkSource{10099}
06-14 17:40:55.038 1556 1556 D PowerManagerService: updateWakeLockSummaryLocked: mWakefulness=Awake, mWakeLockSummary=0x1
06-14 17:40:55.038 1556 1556 D PowerManagerService: updateUserActivitySummaryLocked: groupId=0, mWakefulness=Awake, mUserActivitySummary=0x1, nextTimeout=1838694 (in 42388 ms)
06-14 17:40:55.038 1556 1556 D PowerManagerNotifier: onScreenPolicyUpdate: newPolicy=3
06-14 17:40:55.039 1556 1556 D PowerManagerService: updateDisplayPowerStateLocked: displayReady=true, groupId=0, policy=BRIGHT, mWakefulness=Awake, mWakeLockSummary=0x1, mUserActivitySummary=0x1, mBootCompleted=true, screenBrightnessOverride=NaN, useAutoBrightness=true, mScreenBrightnessBoostInProgress=false, mIsVrModeEnabled= false, sQuiescent=false
06-14 17:40:55.040 1556 1556 D PowerManagerService: acquireWakeLockInternal: lock=147968051, flags=0x1, tag="*job*/com.tencent.android.qqdownloader.YYBLiveAccountProvider/com.tencent.android.qqdownloader.YYBLiveAccountProvider.account/应用宝:android", ws=WorkSource{10092}, uid=1000, pid=1556
06-14 17:40:55.040 1556 1556 D PowerManagerService: updateWakeLockSummaryLocked: mWakefulness=Awake, mWakeLockSummary=0x1
06-14 17:40:55.040 1556 1556 D PowerManagerService: updateUserActivitySummaryLocked: groupId=0, mWakefulness=Awake, mUserActivitySummary=0x1, nextTimeout=1838694 (in 42386 ms)
06-14 17:40:55.040 1556 1556 D PowerManagerNotifier: onScreenPolicyUpdate: newPolicy=3
06-14 17:40:55.040 1556 1556 D PowerManagerService: updateDisplayPowerStateLocked: displayReady=true, groupId=0, policy=BRIGHT, mWakefulness=Awake, mWakeLockSummary=0x1, mUserActivitySummary=0x1, mBootCompleted=true, screenBrightnessOverride=NaN, useAutoBrightness=true, mScreenBrightnessBoostInProgress=false, mIsVrModeEnabled= false, sQuiescent=false
06-14 17:40:55.041 1556 1556 D PowerManagerNotifier: onWakeLockAcquired: flags=1, tag="*job*/com.tencent.android.qqdownloader.YYBLiveAccountProvider/com.tencent.android.qqdownloader.YYBLiveAccountProvider.account/应用宝:android", packageName=android, ownerUid=1000, ownerPid=1556, workSource=WorkSource{10092}
06-14 17:40:55.042 1556 1914 D PowerManagerService: acquireWakeLockInternal: lock=42217132, flags=0x1, tag="SyncLoopWakeLock", ws=null, uid=1000, pid=1556
06-14 17:40:55.042 1556 1914 D PowerManagerService: updateWakeLockSummaryLocked: mWakefulness=Awake, mWakeLockSummary=0x1
06-14 17:40:55.042 1556 1914 D PowerManagerService: updateUserActivitySummaryLocked: groupId=0, mWakefulness=Awake, mUserActivitySummary=0x1, nextTimeout=1838694 (in 42385 ms)
06-14 17:40:55.042 1556 1914 D PowerManagerNotifier: onScreenPolicyUpdate: newPolicy=3
06-14 17:40:55.042 1556 1914 D PowerManagerService: updateDisplayPowerStateLocked: displayReady=true, groupId=0, policy=BRIGHT, mWakefulness=Awake, mWakeLockSummary=0x1, mUserActivitySummary=0x1, mBootCompleted=true, screenBrightnessOverride=NaN, useAutoBrightness=true, mScreenBrightnessBoostInProgress=false, mIsVrModeEnabled= false, sQuiescent=false
06-14 17:40:55.042 1556 1914 D PowerManagerNotifier: onWakeLockAcquired: flags=1, tag="SyncLoopWakeLock", packageName=android, ownerUid=1000, ownerPid=1556, workSource=null
06-14 17:40:55.043 1556 1914 I sync : [com.tencent.android.qqdownloader.YYBLiveAccountProvider,0,3,24220937]
06-14 17:40:55.043 1556 1914 D PowerManagerService: acquireWakeLockInternal: lock=187134257, flags=0x1, tag="*sync*/com.tencent.android.qqdownloader.YYBLiveAccountProvider/com.tencent.android.qqdownloader.YYBLiveAccountProvider.account/应用宝", ws=WorkSource{10092}, uid=1000, pid=1556
06-14 17:40:55.044 1556 1914 D PowerManagerService: updateWakeLockSummaryLocked: mWakefulness=Awake, mWakeLockSummary=0x1
06-14 17:40:55.044 1556 1914 D PowerManagerService: updateUserActivitySummaryLocked: groupId=0, mWakefulness=Awake, mUserActivitySummary=0x1, nextTimeout=1838694 (in 42383 ms)
06-14 17:40:55.044 1556 1914 D PowerManagerNotifier: onScreenPolicyUpdate: newPolicy=3
06-14 17:40:55.044 1556 1914 D PowerManagerService: updateDisplayPowerStateLocked: displayReady=true, groupId=0, policy=BRIGHT, mWakefulness=Awake, mWakeLockSummary=0x1, mUserActivitySummary=0x1, mBootCompleted=true, screenBrightnessOverride=NaN, useAutoBrightness=true, mScreenBrightnessBoostInProgress=false, mIsVrModeEnabled= false, sQuiescent=false
06-14 17:40:55.044 1556 1914 D PowerManagerNotifier: onWakeLockAcquired: flags=1, tag="*sync*/com.tencent.android.qqdownloader.YYBLiveAccountProvider/com.tencent.android.qqdownloader.YYBLiveAccountProvider.account/应用宝", packageName=android, ownerUid=1000, ownerPid=1556, workSource=WorkSource{10092}
06-14 17:40:55.050 1556 1914 D PowerManagerService: releaseWakeLockInternal: lock=42217132 [SyncLoopWakeLock], flags=0x0
06-14 17:40:55.050 1556 1914 D PowerManagerNotifier: onWakeLockReleased: flags=1, tag="SyncLoopWakeLock", packageName=android, ownerUid=1000, ownerPid=1556, workSource=null
06-14 17:40:55.050 1556 1914 D PowerManagerService: updateWakeLockSummaryLocked: mWakefulness=Awake, mWakeLockSummary=0x1
06-14 17:40:55.050 1556 1914 D PowerManagerService: updateUserActivitySummaryLocked: groupId=0, mWakefulness=Awake, mUserActivitySummary=0x1, nextTimeout=1838694 (in 42376 ms)
06-14 17:40:55.050 1556 1914 D PowerManagerNotifier: onScreenPolicyUpdate: newPolicy=3
06-14 17:40:55.050 1556 1914 D PowerManagerService: updateDisplayPowerStateLocked: displayReady=true, groupId=0, policy=BRIGHT, mWakefulness=Awake, mWakeLockSummary=0x1, mUserActivitySummary=0x1, mBootCompleted=true, screenBrightnessOverride=NaN, useAutoBrightness=true, mScreenBrightnessBoostInProgress=false, mIsVrModeEnabled= false, sQuiescent=false
06-14 17:40:55.065 1556 1914 D PowerManagerService: acquireWakeLockInternal: lock=42217132, flags=0x1, tag="SyncLoopWakeLock", ws=null, uid=1000, pid=1556
06-14 17:40:55.066 1556 1914 D PowerManagerService: updateWakeLockSummaryLocked: mWakefulness=Awake, mWakeLockSummary=0x1
06-14 17:40:55.066 1556 1914 D PowerManagerService: updateUserActivitySummaryLocked: groupId=0, mWakefulness=Awake, mUserActivitySummary=0x1, nextTimeout=1838694 (in 42361 ms)
06-14 17:40:55.066 1556 1914 D PowerManagerNotifier: onScreenPolicyUpdate: newPolicy=3
06-14 17:40:55.066 1556 1914 D PowerManagerService: updateDisplayPowerStateLocked: displayReady=true, groupId=0, policy=BRIGHT, mWakefulness=Awake, mWakeLockSummary=0x1, mUserActivitySummary=0x1, mBootCompleted=true, screenBrightnessOverride=NaN, useAutoBrightness=true, mScreenBrightnessBoostInProgress=false, mIsVrModeEnabled= false, sQuiescent=false
06-14 17:40:55.066 1556 1914 D PowerManagerNotifier: onWakeLockAcquired: flags=1, tag="SyncLoopWakeLock", packageName=android, ownerUid=1000, ownerPid=1556, workSource=null
06-14 17:40:55.067 1556 1914 D PowerManagerService: releaseWakeLockInternal: lock=42217132 [SyncLoopWakeLock], flags=0x0
06-14 17:40:55.067 1556 1914 D PowerManagerNotifier: onWakeLockReleased: flags=1, tag="SyncLoopWakeLock", packageName=android, ownerUid=1000, ownerPid=1556, workSource=null
06-14 17:40:55.068 1556 1914 D PowerManagerService: updateWakeLockSummaryLocked: mWakefulness=Awake, mWakeLockSummary=0x1
06-14 17:40:55.068 1556 1914 D PowerManagerService: updateUserActivitySummaryLocked: groupId=0, mWakefulness=Awake, mUserActivitySummary=0x1, nextTimeout=1838694 (in 42359 ms)
06-14 17:40:55.068 1556 1914 D PowerManagerNotifier: onScreenPolicyUpdate: newPolicy=3
06-14 17:40:55.068 1556 1914 D PowerManagerService: updateDisplayPowerStateLocked: displayReady=true, groupId=0, policy=BRIGHT, mWakefulness=Awake, mWakeLockSummary=0x1, mUserActivitySummary=0x1, mBootCompleted=true, screenBrightnessOverride=NaN, useAutoBrightness=true, mScreenBrightnessBoostInProgress=false, mIsVrModeEnabled= false, sQuiescent=false
06-14 17:40:55.077 1556 1914 D PowerManagerService: acquireWakeLockInternal: lock=42217132, flags=0x1, tag="SyncLoopWakeLock", ws=null, uid=1000, pid=1556
06-14 17:40:55.078 1556 1914 D PowerManagerService: updateWakeLockSummaryLocked: mWakefulness=Awake, mWakeLockSummary=0x1
06-14 17:40:55.078 1556 1914 D PowerManagerService: updateUserActivitySummaryLocked: groupId=0, mWakefulness=Awake, mUserActivitySummary=0x1, nextTimeout=1838694 (in 42349 ms)
06-14 17:40:55.078 1556 1914 D PowerManagerNotifier: onScreenPolicyUpdate: newPolicy=3
06-14 17:40:55.078 1556 1914 D PowerManagerService: updateDisplayPowerStateLocked: displayReady=true, groupId=0, policy=BRIGHT, mWakefulness=Awake, mWakeLockSummary=0x1, mUserActivitySummary=0x1, mBootCompleted=true, screenBrightnessOverride=NaN, useAutoBrightness=true, mScreenBrightnessBoostInProgress=false, mIsVrModeEnabled= false, sQuiescent=false
06-14 17:40:55.078 1556 1914 D PowerManagerNotifier: onWakeLockAcquired: flags=1, tag="SyncLoopWakeLock", packageName=android, ownerUid=1000, ownerPid=1556, workSource=null
06-14 17:40:55.089 1556 1556 D PowerManagerService: releaseWakeLockInternal: lock=147968051 [*job*/com.tencent.android.qqdownloader.YYBLiveAccountProvider/com.tencent.android.qqdownloader.YYBLiveAccountProvider.account/应用宝:android], flags=0x0
06-14 17:40:55.089 1556 1556 D PowerManagerNotifier: onWakeLockReleased: flags=1, tag="*job*/com.tencent.android.qqdownloader.YYBLiveAccountProvider/com.tencent.android.qqdownloader.YYBLiveAccountProvider.account/应用宝:android", packageName=android, ownerUid=1000, ownerPid=1556, workSource=WorkSource{10092}
06-14 17:40:55.089 1556 1556 D PowerManagerService: updateWakeLockSummaryLocked: mWakefulness=Awake, mWakeLockSummary=0x1
06-14 17:40:55.089 1556 1556 D PowerManagerService: updateUserActivitySummaryLocked: groupId=0, mWakefulness=Awake, mUserActivitySummary=0x1, nextTimeout=1838694 (in 42337 ms)
06-14 17:40:55.089 1556 1556 D PowerManagerNotifier: onScreenPolicyUpdate: newPolicy=3
06-14 17:40:55.089 1556 1556 D PowerManagerService: updateDisplayPowerStateLocked: displayReady=true, groupId=0, policy=BRIGHT, mWakefulness=Awake, mWakeLockSummary=0x1, mUserActivitySummary=0x1, mBootCompleted=true, screenBrightnessOverride=NaN, useAutoBrightness=true, mScreenBrightnessBoostInProgress=false, mIsVrModeEnabled= false, sQuiescent=false
06-14 17:40:55.090 1556 1914 D PowerManagerService: releaseWakeLockInternal: lock=187134257 [*sync*/com.tencent.android.qqdownloader.YYBLiveAccountProvider/com.tencent.android.qqdownloader.YYBLiveAccountProvider.account/应用宝], flags=0x0
06-14 17:40:55.090 1556 1914 D PowerManagerNotifier: onWakeLockReleased: flags=1, tag="*sync*/com.tencent.android.qqdownloader.YYBLiveAccountProvider/com.tencent.android.qqdownloader.YYBLiveAccountProvider.account/应用宝", packageName=android, ownerUid=1000, ownerPid=1556, workSource=WorkSource{10092}
06-14 17:40:55.090 1556 1914 D PowerManagerService: updateWakeLockSummaryLocked: mWakefulness=Awake, mWakeLockSummary=0x1
06-14 17:40:55.090 1556 1914 D PowerManagerService: updateUserActivitySummaryLocked: groupId=0, mWakefulness=Awake, mUserActivitySummary=0x1, nextTimeout=1838694 (in 42337 ms)
06-14 17:40:55.090 1556 1914 D PowerManagerNotifier: onScreenPolicyUpdate: newPolicy=3
06-14 17:40:55.090 1556 1914 D PowerManagerService: updateDisplayPowerStateLocked: displayReady=true, groupId=0, policy=BRIGHT, mWakefulness=Awake, mWakeLockSummary=0x1, mUserActivitySummary=0x1, mBootCompleted=true, screenBrightnessOverride=NaN, useAutoBrightness=true, mScreenBrightnessBoostInProgress=false, mIsVrModeEnabled= false, sQuiescent=false
06-14 17:40:55.091 1556 1914 I sync : [com.tencent.android.qqdownloader.YYBLiveAccountProvider,1,3,24220937]
06-14 17:40:55.125 1556 1914 I commit_sys_config_file: [sync-status,1779288]
06-14 17:40:55.125 1556 1914 D PowerManagerService: releaseWakeLockInternal: lock=42217132 [SyncLoopWakeLock], flags=0x0
06-14 17:40:55.125 1556 1914 D PowerManagerNotifier: onWakeLockReleased: flags=1, tag="SyncLoopWakeLock", packageName=android, ownerUid=1000, ownerPid=1556, workSource=null
06-14 17:40:55.126 1556 1914 D PowerManagerService: updateWakeLockSummaryLocked: mWakefulness=Awake, mWakeLockSummary=0x1
06-14 17:40:55.126 1556 1914 D PowerManagerService: updateUserActivitySummaryLocked: groupId=0, mWakefulness=Awake, mUserActivitySummary=0x1, nextTimeout=1838694 (in 42301 ms)
06-14 17:40:55.126 1556 1914 D PowerManagerNotifier: onScreenPolicyUpdate: newPolicy=3
06-14 17:40:55.126 1556 1914 D PowerManagerService: updateDisplayPowerStateLocked: displayReady=true, groupId=0, policy=BRIGHT, mWakefulness=Awake, mWakeLockSummary=0x1, mUserActivitySummary=0x1, mBootCompleted=true, screenBrightnessOverride=NaN, useAutoBrightness=true, mScreenBrightnessBoostInProgress=false, mIsVrModeEnabled= false, sQuiescent=false
06-14 17:40:55.126 1556 1914 D PowerManagerService: acquireWakeLockInternal: lock=42217132, flags=0x1, tag="SyncLoopWakeLock", ws=null, uid=1000, pid=1556
06-14 17:40:55.126 1556 1914 D PowerManagerService: updateWakeLockSummaryLocked: mWakefulness=Awake, mWakeLockSummary=0x1
06-14 17:40:55.126 1556 1914 D PowerManagerService: updateUserActivitySummaryLocked: groupId=0, mWakefulness=Awake, mUserActivitySummary=0x1, nextTimeout=1838694 (in 42301 ms)
06-14 17:40:55.126 1556 1914 D PowerManagerNotifier: onScreenPolicyUpdate: newPolicy=3
06-14 17:40:55.126 1556 1914 D PowerManagerService: updateDisplayPowerStateLocked: displayReady=true, groupId=0, policy=BRIGHT, mWakefulness=Awake, mWakeLockSummary=0x1, mUserActivitySummary=0x1, mBootCompleted=true, screenBrightnessOverride=NaN, useAutoBrightness=true, mScreenBrightnessBoostInProgress=false, mIsVrModeEnabled= false, sQuiescent=false
06-14 17:40:55.126 1556 1914 D PowerManagerNotifier: onWakeLockAcquired: flags=1, tag="SyncLoopWakeLock", packageName=android, ownerUid=1000, ownerPid=1556, workSource=null
06-14 17:40:55.132 1556 1914 D PowerManagerService: releaseWakeLockInternal: lock=42217132 [SyncLoopWakeLock], flags=0x0
06-14 17:40:55.132 1556 1914 D PowerManagerNotifier: onWakeLockReleased: flags=1, tag="SyncLoopWakeLock", packageName=android, ownerUid=1000, ownerPid=1556, workSource=null
06-14 17:40:55.132 1556 1914 D PowerManagerService: updateWakeLockSummaryLocked: mWakefulness=Awake, mWakeLockSummary=0x1
06-14 17:40:55.132 1556 1914 D PowerManagerService: updateUserActivitySummaryLocked: groupId=0, mWakefulness=Awake, mUserActivitySummary=0x1, nextTimeout=1838694 (in 42294 ms)
06-14 17:40:55.132 1556 1914 D PowerManagerNotifier: onScreenPolicyUpdate: newPolicy=3
06-14 17:40:55.133 1556 1914 D PowerManagerService: updateDisplayPowerStateLocked: displayReady=true, groupId=0, policy=BRIGHT, mWakefulness=Awake, mWakeLockSummary=0x1, mUserActivitySummary=0x1, mBootCompleted=true, screenBrightnessOverride=NaN, useAutoBrightness=true, mScreenBrightnessBoostInProgress=false, mIsVrModeEnabled= false, sQuiescent=false
06-14 17:40:55.133 1556 1556 D PowerManagerService: acquireWakeLockInternal: lock=49737414, flags=0x1, tag="*job*/com.tencent.android.qqdownloader.YYBLiveAccountProvider/com.tencent.android.qqdownloader.YYBLiveAccountProvider.account/应用宝:android", ws=WorkSource{10092}, uid=1000, pid=1556
06-14 17:40:55.133 1556 1556 D PowerManagerService: updateWakeLockSummaryLocked: mWakefulness=Awake, mWakeLockSummary=0x1
06-14 17:40:55.133 1556 1556 D PowerManagerService: updateUserActivitySummaryLocked: groupId=0, mWakefulness=Awake, mUserActivitySummary=0x1, nextTimeout=1838694 (in 42294 ms)
06-14 17:40:55.133 1556 1556 D PowerManagerNotifier: onScreenPolicyUpdate: newPolicy=3
06-14 17:40:55.133 1556 1556 D PowerManagerService: updateDisplayPowerStateLocked: displayReady=true, groupId=0, policy=BRIGHT, mWakefulness=Awake, mWakeLockSummary=0x1, mUserActivitySummary=0x1, mBootCompleted=true, screenBrightnessOverride=NaN, useAutoBrightness=true, mScreenBrightnessBoostInProgress=false, mIsVrModeEnabled= false, sQuiescent=false
06-14 17:40:55.133 1556 1556 D PowerManagerNotifier: onWakeLockAcquired: flags=1, tag="*job*/com.tencent.android.qqdownloader.YYBLiveAccountProvider/com.tencent.android.qqdownloader.YYBLiveAccountProvider.account/应用宝:android", packageName=android, ownerUid=1000, ownerPid=1556, workSource=WorkSource{10092}
06-14 17:40:55.134 1556 1914 D PowerManagerService: acquireWakeLockInternal: lock=42217132, flags=0x1, tag="SyncLoopWakeLock", ws=null, uid=1000, pid=1556
06-14 17:40:55.134 1556 1914 D PowerManagerService: updateWakeLockSummaryLocked: mWakefulness=Awake, mWakeLockSummary=0x1
06-14 17:40:55.134 1556 1914 D PowerManagerService: updateUserActivitySummaryLocked: groupId=0, mWakefulness=Awake, mUserActivitySummary=0x1, nextTimeout=1838694 (in 42293 ms)
06-14 17:40:55.134 1556 1914 D PowerManagerNotifier: onScreenPolicyUpdate: newPolicy=3
06-14 17:40:55.134 1556 1914 D PowerManagerService: updateDisplayPowerStateLocked: displayReady=true, groupId=0, policy=BRIGHT, mWakefulness=Awake, mWakeLockSummary=0x1, mUserActivitySummary=0x1, mBootCompleted=true, screenBrightnessOverride=NaN, useAutoBrightness=true, mScreenBrightnessBoostInProgress=false, mIsVrModeEnabled= false, sQuiescent=false
06-14 17:40:55.134 1556 1914 D PowerManagerNotifier: onWakeLockAcquired: flags=1, tag="SyncLoopWakeLock", packageName=android, ownerUid=1000, ownerPid=1556, workSource=null
06-14 17:40:55.135 1556 1914 I sync : [com.tencent.android.qqdownloader.YYBLiveAccountProvider,0,3,24220937]
06-14 17:40:55.135 1556 1914 D PowerManagerService: acquireWakeLockInternal: lock=187134257, flags=0x1, tag="*sync*/com.tencent.android.qqdownloader.YYBLiveAccountProvider/com.tencent.android.qqdownloader.YYBLiveAccountProvider.account/应用宝", ws=WorkSource{10092}, uid=1000, pid=1556
06-14 17:40:55.135 1556 1914 D PowerManagerService: updateWakeLockSummaryLocked: mWakefulness=Awake, mWakeLockSummary=0x1
06-14 17:40:55.135 1556 1914 D PowerManagerService: updateUserActivitySummaryLocked: groupId=0, mWakefulness=Awake, mUserActivitySummary=0x1, nextTimeout=1838694 (in 42292 ms)
06-14 17:40:55.135 1556 1914 D PowerManagerNotifier: onScreenPolicyUpdate: newPolicy=3
06-14 17:40:55.135 1556 1914 D PowerManagerService: updateDisplayPowerStateLocked: displayReady=true, groupId=0, policy=BRIGHT, mWakefulness=Awake, mWakeLockSummary=0x1, mUserActivitySummary=0x1, mBootCompleted=true, screenBrightnessOverride=NaN, useAutoBrightness=true, mScreenBrightnessBoostInProgress=false, mIsVrModeEnabled= false, sQuiescent=false
06-14 17:40:55.135 1556 1914 D PowerManagerNotifier: onWakeLockAcquired: flags=1, tag="*sync*/com.tencent.android.qqdownloader.YYBLiveAccountProvider/com.tencent.android.qqdownloader.YYBLiveAccountProvider.account/应用宝", packageName=android, ownerUid=1000, ownerPid=1556, workSource=WorkSource{10092}
06-14 17:40:55.138 1556 1914 D PowerManagerService: releaseWakeLockInternal: lock=42217132 [SyncLoopWakeLock], flags=0x0
06-14 17:40:55.138 1556 1914 D PowerManagerNotifier: onWakeLockReleased: flags=1, tag="SyncLoopWakeLock", packageName=android, ownerUid=1000, ownerPid=1556, workSource=null
06-14 17:40:55.138 1556 1914 D PowerManagerService: updateWakeLockSummaryLocked: mWakefulness=Awake, mWakeLockSummary=0x1
06-14 17:40:55.138 1556 1914 D PowerManagerService: updateUserActivitySummaryLocked: groupId=0, mWakefulness=Awake, mUserActivitySummary=0x1, nextTimeout=1838694 (in 42288 ms)
06-14 17:40:55.139 1556 1914 D PowerManagerNotifier: onScreenPolicyUpdate: newPolicy=3
06-14 17:40:55.139 1556 1914 D PowerManagerService: updateDisplayPowerStateLocked: displayReady=true, groupId=0, policy=BRIGHT, mWakefulness=Awake, mWakeLockSummary=0x1, mUserActivitySummary=0x1, mBootCompleted=true, screenBrightnessOverride=NaN, useAutoBrightness=true, mScreenBrightnessBoostInProgress=false, mIsVrModeEnabled= false, sQuiescent=false
06-14 17:40:55.145 1556 1914 D PowerManagerService: acquireWakeLockInternal: lock=42217132, flags=0x1, tag="SyncLoopWakeLock", ws=null, uid=1000, pid=1556
06-14 17:40:55.145 1556 1914 D PowerManagerService: updateWakeLockSummaryLocked: mWakefulness=Awake, mWakeLockSummary=0x1
06-14 17:40:55.145 1556 1914 D PowerManagerService: updateUserActivitySummaryLocked: groupId=0, mWakefulness=Awake, mUserActivitySummary=0x1, nextTimeout=1838694 (in 42282 ms)
06-14 17:40:55.145 1556 1914 D PowerManagerNotifier: onScreenPolicyUpdate: newPolicy=3
06-14 17:40:55.145 1556 1914 D PowerManagerService: updateDisplayPowerStateLocked: displayReady=true, groupId=0, policy=BRIGHT, mWakefulness=Awake, mWakeLockSummary=0x1, mUserActivitySummary=0x1, mBootCompleted=true, screenBrightnessOverride=NaN, useAutoBrightness=true, mScreenBrightnessBoostInProgress=false, mIsVrModeEnabled= false, sQuiescent=false
06-14 17:40:55.145 1556 1914 D PowerManagerNotifier: onWakeLockAcquired: flags=1, tag="SyncLoopWakeLock", packageName=android, ownerUid=1000, ownerPid=1556, workSource=null
06-14 17:40:55.146 1556 1914 D PowerManagerService: releaseWakeLockInternal: lock=42217132 [SyncLoopWakeLock], flags=0x0
06-14 17:40:55.146 1556 1914 D PowerManagerNotifier: onWakeLockReleased: flags=1, tag="SyncLoopWakeLock", packageName=android, ownerUid=1000, ownerPid=1556, workSource=null
06-14 17:40:55.146 1556 1914 D PowerManagerService: updateWakeLockSummaryLocked: mWakefulness=Awake, mWakeLockSummary=0x1
06-14 17:40:55.146 1556 1914 D PowerManagerService: updateUserActivitySummaryLocked: groupId=0, mWakefulness=Awake, mUserActivitySummary=0x1, nextTimeout=1838694 (in 42281 ms)
06-14 17:40:55.146 1556 1914 D PowerManagerNotifier: onScreenPolicyUpdate: newPolicy=3
06-14 17:40:55.146 1556 1914 D PowerManagerService: updateDisplayPowerStateLocked: displayReady=true, groupId=0, policy=BRIGHT, mWakefulness=Awake, mWakeLockSummary=0x1, mUserActivitySummary=0x1, mBootCompleted=true, screenBrightnessOverride=NaN, useAutoBrightness=true, mScreenBrightnessBoostInProgress=false, mIsVrModeEnabled= false, sQuiescent=false
06-14 17:40:55.153 1556 1914 D PowerManagerService: acquireWakeLockInternal: lock=42217132, flags=0x1, tag="SyncLoopWakeLock", ws=null, uid=1000, pid=1556
06-14 17:40:55.153 1556 1914 D PowerManagerService: updateWakeLockSummaryLocked: mWakefulness=Awake, mWakeLockSummary=0x1
06-14 17:40:55.153 1556 1914 D PowerManagerService: updateUserActivitySummaryLocked: groupId=0, mWakefulness=Awake, mUserActivitySummary=0x1, nextTimeout=1838694 (in 42274 ms)
06-14 17:40:55.153 1556 1914 D PowerManagerNotifier: onScreenPolicyUpdate: newPolicy=3
06-14 17:40:55.153 1556 1914 D PowerManagerService: updateDisplayPowerStateLocked: displayReady=true, groupId=0, policy=BRIGHT, mWakefulness=Awake, mWakeLockSummary=0x1, mUserActivitySummary=0x1, mBootCompleted=true, screenBrightnessOverride=NaN, useAutoBrightness=true, mScreenBrightnessBoostInProgress=false, mIsVrModeEnabled= false, sQuiescent=false
06-14 17:40:55.153 1556 1914 D PowerManagerNotifier: onWakeLockAcquired: flags=1, tag="SyncLoopWakeLock", packageName=android, ownerUid=1000, ownerPid=1556, workSource=null
06-14 17:40:55.153 1556 1556 D PowerManagerService: releaseWakeLockInternal: lock=49737414 [*job*/com.tencent.android.qqdownloader.YYBLiveAccountProvider/com.tencent.android.qqdownloader.YYBLiveAccountProvider.account/应用宝:android], flags=0x0
06-14 17:40:55.153 1556 1556 D PowerManagerNotifier: onWakeLockReleased: flags=1, tag="*job*/com.tencent.android.qqdownloader.YYBLiveAccountProvider/com.tencent.android.qqdownloader.YYBLiveAccountProvider.account/应用宝:android", packageName=android, ownerUid=1000, ownerPid=1556, workSource=WorkSource{10092}
06-14 17:40:55.154 1556 1556 D PowerManagerService: updateWakeLockSummaryLocked: mWakefulness=Awake, mWakeLockSummary=0x1
06-14 17:40:55.154 1556 1556 D PowerManagerService: updateUserActivitySummaryLocked: groupId=0, mWakefulness=Awake, mUserActivitySummary=0x1, nextTimeout=1838694 (in 42273 ms)
06-14 17:40:55.154 1556 1556 D PowerManagerNotifier: onScreenPolicyUpdate: newPolicy=3
06-14 17:40:55.154 1556 1556 D PowerManagerService: updateDisplayPowerStateLocked: displayReady=true, groupId=0, policy=BRIGHT, mWakefulness=Awake, mWakeLockSummary=0x1, mUserActivitySummary=0x1, mBootCompleted=true, screenBrightnessOverride=NaN, useAutoBrightness=true, mScreenBrightnessBoostInProgress=false, mIsVrModeEnabled= false, sQuiescent=false
06-14 17:40:55.155 1556 1914 D PowerManagerService: releaseWakeLockInternal: lock=187134257 [*sync*/com.tencent.android.qqdownloader.YYBLiveAccountProvider/com.tencent.android.qqdownloader.YYBLiveAccountProvider.account/应用宝], flags=0x0
06-14 17:40:55.155 1556 1914 D PowerManagerNotifier: onWakeLockReleased: flags=1, tag="*sync*/com.tencent.android.qqdownloader.YYBLiveAccountProvider/com.tencent.android.qqdownloader.YYBLiveAccountProvider.account/应用宝", packageName=android, ownerUid=1000, ownerPid=1556, workSource=WorkSource{10092}
06-14 17:40:55.155 1556 1914 D PowerManagerService: updateWakeLockSummaryLocked: mWakefulness=Awake, mWakeLockSummary=0x1
06-14 17:40:55.155 1556 1914 D PowerManagerService: updateUserActivitySummaryLocked: groupId=0, mWakefulness=Awake, mUserActivitySummary=0x1, nextTimeout=1838694 (in 42272 ms)
06-14 17:40:55.155 1556 1914 D PowerManagerNotifier: onScreenPolicyUpdate: newPolicy=3
06-14 17:40:55.155 1556 1914 D PowerManagerService: updateDisplayPowerStateLocked: displayReady=true, groupId=0, policy=BRIGHT, mWakefulness=Awake, mWakeLockSummary=0x1, mUserActivitySummary=0x1, mBootCompleted=true, screenBrightnessOverride=NaN, useAutoBrightness=true, mScreenBrightnessBoostInProgress=false, mIsVrModeEnabled= false, sQuiescent=false
06-14 17:40:55.158 1556 1914 I sync : [com.tencent.android.qqdownloader.YYBLiveAccountProvider,1,3,24220937]
06-14 17:40:55.160 1556 1914 I commit_sys_config_file: [sync-status,1779323]
06-14 17:40:55.160 1556 1914 D PowerManagerService: releaseWakeLockInternal: lock=42217132 [SyncLoopWakeLock], flags=0x0
06-14 17:40:55.160 1556 1914 D PowerManagerNotifier: onWakeLockReleased: flags=1, tag="SyncLoopWakeLock", packageName=android, ownerUid=1000, ownerPid=1556, workSource=null
06-14 17:40:55.161 1556 1914 D PowerManagerService: updateWakeLockSummaryLocked: mWakefulness=Awake, mWakeLockSummary=0x1
06-14 17:40:55.161 1556 1914 D PowerManagerService: updateUserActivitySummaryLocked: groupId=0, mWakefulness=Awake, mUserActivitySummary=0x1, nextTimeout=1838694 (in 42266 ms)
06-14 17:40:55.161 1556 1914 D PowerManagerNotifier: onScreenPolicyUpdate: newPolicy=3
06-14 17:40:55.161 1556 1914 D PowerManagerService: updateDisplayPowerStateLocked: displayReady=true, groupId=0, policy=BRIGHT, mWakefulness=Awake, mWakeLockSummary=0x1, mUserActivitySummary=0x1, mBootCompleted=true, screenBrightnessOverride=NaN, useAutoBrightness=true, mScreenBrightnessBoostInProgress=false, mIsVrModeEnabled= false, sQuiescent=false
