06-14 17:38:00.998 1556 6413 I wm_task_to_front: [0,1025]
06-14 17:38:00.998 1556 6413 I wm_create_task: [0,1025]
06-14 17:38:00.998 1556 6413 I wm_create_activity: [0,79787637,1025,com.ss.android.ugc.aweme/.splash.SplashActivity,android.intent.action.MAIN,NULL,NULL,270532608]
06-14 17:38:00.998 1556 6413 I wm_task_moved: [1025,1,8]
06-14 17:38:01.003 1556 1689 I am_uid_running: 10095
06-14 17:38:01.024 0 0 I [ 1622.291677] binder: 16829:16829 ioctl 40046210 ffc7d638 returned -22
06-14 17:38:01.009 1556 1697 I am_proc_start: [0,16829,10095,com.ss.android.ugc.aweme,top-activity,{com.ss.android.ugc.aweme/com.ss.android.ugc.aweme.splash.SplashActivity}]
06-14 17:38:01.013 19422 19422 I wm_on_top_resumed_lost_called: [21181973,com.tencent.assistantv2.activity.MainActivity,topStateChangedWhenResumed]
06-14 17:38:01.027 1556 6660 I am_proc_bound: [0,16829,com.ss.android.ugc.aweme]
06-14 17:38:01.031 1556 6660 I wm_restart_activity: [0,79787637,1025,com.ss.android.ugc.aweme/.splash.SplashActivity]
06-14 17:38:01.033 1556 6660 I wm_set_resumed_activity: [0,com.ss.android.ugc.aweme/.splash.SplashActivity,minimalResumeActivityLocked]
06-14 17:38:01.033 1556 6660 I wm_add_to_stopping: [0,21181973,com.tencent.android.qqdownloader/com.tencent.assistantv2.activity.MainActivity,makeInvisible]
06-14 17:38:01.043 1556 6660 I am_uid_active: 10095
06-14 17:38:01.048 1556 1828 I input_focus: [Focus leaving e912ee7 com.tencent.android.qqdownloader/com.tencent.assistantv2.activity.MainActivity (server),reason=NO_WINDOW]
06-14 17:38:01.143 0 0 W [ 1622.404744] perfetto: enabled ftrace
06-14 17:38:01.785 15466 15466 I auditd : type=1400 audit(0.0:3881): avc: granted { execute } for comm="GDT_SO_LOAD_THR" path="/data/data/com.qiyi.video/app_adnet/dynamic/libquickjs.so" dev="dm-10" ino=14709 scontext=u:r:untrusted_app:s0:c94,c256,c512,c768 tcontext=u:object_r:app_data_file:s0:c94,c256,c512,c768 tclass=file app=com.qiyi.video
06-14 17:38:01.860 0 0 I [ 1623.125207] binder: 15466:16995 ioctl 40046210 732b3fe974 returned -22
06-14 17:38:01.873 16829 16829 I auditd : type=1400 audit(0.0:3882): avc: granted { nlmsg_readpriv } for comm="TTNet-AN-IO" scontext=u:r:untrusted_app_29:s0:c95,c256,c512,c768 tcontext=u:r:untrusted_app_29:s0:c95,c256,c512,c768 tclass=netlink_route_socket app=com.ss.android.ugc.aweme
06-14 17:38:01.873 15466 15466 I auditd : type=1400 audit(0.0:3883): avc: denied { read } for comm="PlayerLoadLib" name="sdcard" dev="tmpfs" ino=2325 scontext=u:r:untrusted_app:s0:c94,c256,c512,c768 tcontext=u:object_r:mnt_sdcard_file:s0 tclass=lnk_file permissive=0 app=com.qiyi.video
06-14 17:38:01.873 15466 15466 I auditd : type=1400 audit(0.0:3884): avc: denied { read } for comm="PlayerLoadLib" name="sdcard" dev="tmpfs" ino=2325 scontext=u:r:untrusted_app:s0:c94,c256,c512,c768 tcontext=u:object_r:mnt_sdcard_file:s0 tclass=lnk_file permissive=0 app=com.qiyi.video
06-14 17:38:01.873 15466 15466 I auditd : type=1400 audit(0.0:3885): avc: denied { read } for comm="PlayerLoadLib" name="sdcard" dev="tmpfs" ino=2325 scontext=u:r:untrusted_app:s0:c94,c256,c512,c768 tcontext=u:object_r:mnt_sdcard_file:s0 tclass=lnk_file permissive=0 app=com.qiyi.video
06-14 17:38:01.884 0 0 W [ 1623.146456] audit: audit_lost=3193 audit_rate_limit=5 audit_backlog_limit=64
06-14 17:38:01.884 0 0 E [ 1623.146461] audit: rate limit exceeded
06-14 17:38:01.960 1556 1689 I wm_task_moved: [937,1,8]
06-14 17:38:01.961 1556 1689 I wm_set_resumed_activity: [0,com.android.launcher3/.uioverrides.QuickstepLauncher,positionChildAt]
06-14 17:38:01.961 1556 1689 I wm_task_moved: [938,1,2147483647]
06-14 17:38:01.961 1556 1689 I wm_task_to_front: [0,938]
06-14 17:38:01.961 1556 1689 I wm_focused_root_task: [0,0,937,1025,setFocusedTask]
06-14 17:38:01.961 1556 1689 I wm_set_resumed_activity: [0,com.android.launcher3/.uioverrides.QuickstepLauncher,setFocusedTask]
06-14 17:38:01.967 1556 1690 I input_focus: [Focus request fc034d7 com.android.launcher3/com.android.launcher3.uioverrides.QuickstepLauncher,reason=UpdateInputWindows]
06-14 17:38:01.978 1556 1828 I input_focus: [Focus entering fc034d7 com.android.launcher3/com.android.launcher3.uioverrides.QuickstepLauncher (server),reason=setFocusedWindow]
06-14 17:38:01.981 1556 1556 I service_manager_slow: [21,phone]
06-14 17:38:02.040 16829 16829 I wm_on_create_called: [79787637,com.ss.android.ugc.aweme.splash.SplashActivity,performCreate]
06-14 17:38:02.116 0 0 I [ 1623.375382] binder: 17055:17055 ioctl 40046210 7ff4300c84 returned -22
06-14 17:38:02.089 1556 1697 I am_proc_start: [0,17055,10107,com.youku.phone:channel,service,{com.youku.phone/com.alibaba.analytics.AnalyticsService}]
06-14 17:38:02.108 16829 16829 I wm_on_start_called: [79787637,com.ss.android.ugc.aweme.splash.SplashActivity,handleStartActivity]
06-14 17:38:02.110 1556 18734 I wm_task_moved: [1025,1,8]
06-14 17:38:02.110 1556 18734 I wm_task_to_front: [0,1025]
06-14 17:38:02.111 1556 18734 I wm_set_resumed_activity: [0,com.ss.android.ugc.aweme/.splash.SplashActivity,positionChildAt]
06-14 17:38:02.111 1556 18734 I wm_focused_root_task: [0,0,1025,937,bringingFoundTaskToFront]
06-14 17:38:02.111 1556 18734 I wm_set_resumed_activity: [0,com.ss.android.ugc.aweme/.splash.SplashActivity,bringingFoundTaskToFront]
06-14 17:38:02.111 1556 18734 I wm_new_intent: [0,79787637,1025,com.ss.android.ugc.aweme/.splash.SplashActivity,android.intent.action.MAIN,NULL,NULL,270532608]
06-14 17:38:02.112 1556 18734 I wm_task_moved: [1025,1,8]
06-14 17:38:02.112 1556 18734 I wm_set_resumed_activity: [0,com.ss.android.ugc.aweme/.splash.SplashActivity,positionChildAt]
06-14 17:38:02.119 1556 5833 I am_proc_bound: [0,17055,com.youku.phone:channel]
06-14 17:38:02.123 1556 5833 I service_manager_stats: [100,141,6394]
06-14 17:38:02.182 16829 16829 I wm_on_resume_called: [79787637,com.ss.android.ugc.aweme.splash.SplashActivity,RESUME_ACTIVITY]
06-14 17:38:02.504 0 0 I [ 1623.765284] binder: 17147:17147 ioctl 40046210 7ffc62c954 returned -22
06-14 17:38:02.500 511 511 I auditd : avc: denied { find } for pid=17147 uid=10094 name=window scontext=u:r:untrusted_app:s0:c94,c256,c512,c768 tcontext=u:object_r:window_service:s0 tclass=service_manager permissive=0
06-14 17:38:02.510 0 0 E [ 1623.776096] link_delay_work_func: DTC_ETH: SQI=0, link=0
06-14 17:38:02.565 1556 1690 I input_focus: [Focus request c06aae8 com.ss.android.ugc.aweme/com.ss.android.ugc.aweme.splash.SplashActivity,reason=UpdateInputWindows]
06-14 17:38:02.580 0 0 I [ 1623.845573] binder: 16829:16955 ioctl 40046210 ab1fdd38 returned -22
06-14 17:38:02.596 1556 1828 I input_focus: [Focus leaving fc034d7 com.android.launcher3/com.android.launcher3.uioverrides.QuickstepLauncher (server),reason=Waiting for window because NOT_VISIBLE]
06-14 17:38:02.616 0 0 I [ 1623.879701] binder: 17163:17163 ioctl 40046210 7fc28e4284 returned -22
06-14 17:38:02.669 16829 16829 I wm_on_top_resumed_gained_called: [79787637,com.ss.android.ugc.aweme.splash.SplashActivity,topStateChangedWhenResumed]
06-14 17:38:02.682 16829 16829 I wm_on_top_resumed_lost_called: [79787637,com.ss.android.ugc.aweme.splash.SplashActivity,topStateChangedWhenResumed]
06-14 17:38:02.694 1556 1686 I sysui_multi_action: [319,1734,322,1729,325,1622,757,761,758,7,759,2,806,com.ss.android.ugc.aweme,871,com.ss.android.ugc.aweme.splash.SplashActivity,904,com.android.launcher3,905,0,945,88,1320,4,1321,4]
06-14 17:38:02.694 1556 1686 I wm_activity_launch_time: [0,79787637,com.ss.android.ugc.aweme/.splash.SplashActivity,1729]
06-14 17:38:02.695 1556 1828 I input_focus: [Focus entering c06aae8 com.ss.android.ugc.aweme/com.ss.android.ugc.aweme.splash.SplashActivity (server),reason=Window became focusable. Previous reason: NOT_VISIBLE]
06-14 17:38:02.712 0 0 I [ 1623.977962] binder: 17175:17175 ioctl 40046210 7fc0a9dc14 returned -22
06-14 17:38:02.745 16829 16829 I wm_on_paused_called: [79787637,com.ss.android.ugc.aweme.splash.SplashActivity,performPause]
06-14 17:38:02.752 16829 16829 I wm_on_resume_called: [79787637,com.ss.android.ugc.aweme.splash.SplashActivity,LIFECYCLER_RESUME_ACTIVITY]
06-14 17:38:02.832 0 0 I [ 1624.097939] binder: 17194:17194 ioctl 40046210 7fe7523584 returned -22
06-14 17:38:02.831 511 511 I auditd : avc: denied { find } for pid=17194 uid=10094 name=window scontext=u:r:untrusted_app:s0:c94,c256,c512,c768 tcontext=u:object_r:window_service:s0 tclass=service_manager permissive=0
06-14 17:38:02.901 16829 16829 I wm_on_top_resumed_gained_called: [79787637,com.ss.android.ugc.aweme.splash.SplashActivity,topStateChangedWhenResumed]
06-14 17:38:02.958 1556 1689 I wm_stop_activity: [0,21181973,com.tencent.android.qqdownloader/com.tencent.assistantv2.activity.MainActivity]
06-14 17:38:02.961 17204 17204 I auditd : type=1400 audit(0.0:3910): avc: denied { read } for comm="ps" name="pid_max" dev="proc" ino=536449 scontext=u:r:untrusted_app:s0:c94,c256,c512,c768 tcontext=u:object_r:proc_pid_max:s0 tclass=file permissive=0 app=com.qiyi.video
06-14 17:38:02.990 19422 19422 I wm_on_paused_called: [21181973,com.tencent.assistantv2.activity.MainActivity,performPause]
06-14 17:38:02.997 19422 19422 I wm_on_stop_called: [21181973,com.tencent.assistantv2.activity.MainActivity,STOP_ACTIVITY_ITEM]
06-14 17:38:03.053 17231 17231 I auditd : type=1400 audit(0.0:3911): avc: denied { read } for comm="ps" name="pid_max" dev="proc" ino=536510 scontext=u:r:untrusted_app:s0:c94,c256,c512,c768 tcontext=u:object_r:proc_pid_max:s0 tclass=file permissive=0 app=com.qiyi.video
06-14 17:38:03.077 15466 15466 I auditd : type=1400 audit(0.0:3912): avc: denied { read } for comm="Thread-51" name="u:object_r:oem_unlock_prop:s0" dev="tmpfs" ino=13564 scontext=u:r:untrusted_app:s0:c94,c256,c512,c768 tcontext=u:object_r:oem_unlock_prop:s0 tclass=file permissive=0 app=com.qiyi.video
06-14 17:38:03.182 0 0 I [ 1624.448378] binder: 17248:17248 ioctl 40046210 7fe8746994 returned -22
06-14 17:38:03.217 17230 17230 I auditd : type=1400 audit(0.0:3913): avc: denied { read } for comm="ps" name="pid_max" dev="proc" ino=536510 scontext=u:r:untrusted_app:s0:c107,c256,c512,c768 tcontext=u:object_r:proc_pid_max:s0 tclass=file permissive=0 app=com.youku.phone
06-14 17:38:03.253 17055 17055 I auditd : type=1400 audit(0.0:3914): avc: denied { read } for comm="CrashSDKBkgdHan" name="loadavg" dev="proc" ino=4026532243 scontext=u:r:untrusted_app:s0:c107,c256,c512,c768 tcontext=u:object_r:proc_loadavg:s0 tclass=file permissive=0 app=com.youku.phone
06-14 17:38:03.343 1556 18734 D TelephonyRegistry: listen oscl: mHasNotifySubscriptionInfoChangedOccurred==false no callback
06-14 17:38:04.093 13988 13988 I auditd : type=1400 audit(0.0:3915): avc: granted { execute } for comm=416C7068612053696D706C65205468 path="/data/data/com.youku.phone/files/solid-11.0.29/libProtoDB.so" dev="dm-10" ino=123279 scontext=u:r:untrusted_app:s0:c107,c256,c512,c768 tcontext=u:object_r:app_data_file:s0:c107,c256,c512,c768 tclass=file app=com.youku.phone
06-14 17:38:04.184 0 0 W [ 1625.450531] audit: audit_lost=3217 audit_rate_limit=5 audit_backlog_limit=64
06-14 17:38:04.184 0 0 E [ 1625.450536] audit: rate limit exceeded
06-14 17:38:04.177 17055 17055 I auditd : type=1400 audit(0.0:3916): avc: denied { read } for comm="DaemonThread-6" name="cache" dev="dm-5" ino=16 scontext=u:r:untrusted_app:s0:c107,c256,c512,c768 tcontext=u:object_r:cache_file:s0 tclass=lnk_file permissive=0 app=com.youku.phone
06-14 17:38:04.177 17055 17055 I auditd : type=1400 audit(0.0:3917): avc: denied { read } for comm="DaemonThread-6" name="cache" dev="dm-5" ino=16 scontext=u:r:untrusted_app:s0:c107,c256,c512,c768 tcontext=u:object_r:cache_file:s0 tclass=lnk_file permissive=0 app=com.youku.phone
06-14 17:38:04.177 17055 17055 I auditd : type=1400 audit(0.0:3918): avc: denied { getattr } for comm="DaemonThread-6" path="/proc/kmsg" dev="proc" ino=4026532249 scontext=u:r:untrusted_app:s0:c107,c256,c512,c768 tcontext=u:object_r:proc_kmsg:s0 tclass=file permissive=0 app=com.youku.phone
06-14 17:38:04.177 17055 17055 I auditd : type=1400 audit(0.0:3919): avc: denied { getattr } for comm="DaemonThread-6" path="/proc/keys" dev="proc" ino=4026532299 scontext=u:r:untrusted_app:s0:c107,c256,c512,c768 tcontext=u:object_r:proc_keys:s0 tclass=file permissive=0 app=com.youku.phone
06-14 17:38:04.504 0 0 E [ 1625.768061] msm_pcm_playback_close: CMD_EOS failed, cmd_pending 0x8
06-14 17:38:05.072 0 0 I [ 1626.337942] binder: 17425:17425 ioctl 40046210 7fd3e12634 returned -22
06-14 17:38:05.169 13988 13988 I auditd : type=1400 audit(0.0:3925): avc: denied { read } for comm="Thread-54" name="drivers" dev="proc" ino=4026531852 scontext=u:r:untrusted_app:s0:c107,c256,c512,c768 tcontext=u:object_r:proc_tty_drivers:s0 tclass=file permissive=0 app=com.youku.phone
06-14 17:38:05.177 0 0 I [ 1626.441532] msm_vidc: high: 00000002: ....d: Opening video instance: 0000000000000000, 1
06-14 17:38:05.177 0 0 I [ 1626.441568] msm_vidc: err : 00000002: ....d: Failed to create debugfs for msm_vidc
06-14 17:38:05.207 0 0 I [ 1626.469229] binder: 17442:17442 ioctl 40046210 7ffc458094 returned -22
06-14 17:38:05.208 0 0 I [ 1626.475379] init: processing action (sys.tlog.tlogdshc.active=1) from (/system/etc/init/tlogd.rc:195)
06-14 17:38:05.208 0 0 I [ 1626.475588] init: starting service 'tlogdshc'...
06-14 17:38:05.237 15466 15466 I auditd : type=1400 audit(0.0:3926): avc: denied { search } for comm="Thread-51" name="input" dev="tmpfs" ino=1080 scontext=u:r:untrusted_app:s0:c94,c256,c512,c768 tcontext=u:object_r:input_device:s0 tclass=dir permissive=0 app=com.qiyi.video
06-14 17:38:05.268 0 0 I [ 1626.533459] init: Command 'start tlogdshc' action=sys.tlog.tlogdshc.active=1 (/system/etc/init/tlogd.rc:196) took 58ms and succeeded
06-14 17:38:05.332 0 0 I [ 1626.597898] init: Service 'tlogdshc' (pid 17454) exited with status 0 oneshot service took 0.121000 seconds in background
06-14 17:38:05.332 0 0 I [ 1626.597905] init: Sending signal 9 to service 'tlogdshc' (pid 17454) process group...
06-14 17:38:05.332 0 0 I [ 1626.597984] libprocessgroup: Successfully killed process cgroup uid 0 pid 17454 in 0ms
06-14 17:38:05.361 17478 17478 I auditd : type=1400 audit(0.0:3927): avc: denied { read } for comm="ps" name="pid_max" dev="proc" ino=547854 scontext=u:r:untrusted_app:s0:c94,c256,c512,c768 tcontext=u:object_r:proc_pid_max:s0 tclass=file permissive=0 app=com.qiyi.video
06-14 17:38:05.372 1556 1847 I netstats_mobile_sample: [0,0,0,0,0,0,0,0,0,0,0,0,1686735485371]
06-14 17:38:05.372 1556 1847 I netstats_wifi_sample: [62322998,65623,10534835,42802,62322998,65623,10534835,42802,65214240,71343,9964487,41096,1686735485371]
06-14 17:38:05.421 17495 17495 I auditd : type=1400 audit(0.0:3928): avc: denied { bind } for comm="ip" scontext=u:r:untrusted_app:s0:c94,c256,c512,c768 tcontext=u:r:untrusted_app:s0:c94,c256,c512,c768 tclass=netlink_route_socket permissive=0 bug=b/155595000
06-14 17:38:05.433 17496 17496 I auditd : type=1400 audit(0.0:3929): avc: denied { read } for comm="ps" name="pid_max" dev="proc" ino=547854 scontext=u:r:untrusted_app:s0:c94,c256,c512,c768 tcontext=u:object_r:proc_pid_max:s0 tclass=file permissive=0 app=com.qiyi.video
06-14 17:38:05.457 0 0 W [ 1626.724107] audit: audit_lost=3222 audit_rate_limit=5 audit_backlog_limit=64
06-14 17:38:05.457 0 0 E [ 1626.724112] audit: rate limit exceeded
06-14 17:38:05.585 1556 1697 I am_proc_start: [0,17513,10107,com.youku.phone:sandboxed_privilege_process0,service,{com.youku.phone/com.taobao.uc.service.SandboxedPrivilegedProcessService0}]
06-14 17:38:05.604 1556 1697 I am_proc_start: [0,17529,10107,com.youku.phone:gpu_process,service,{com.youku.phone/com.taobao.uc.service.GpuProcessService0}]
06-14 17:38:05.604 0 0 I [ 1626.869935] binder: 17513:17513 ioctl 40046210 7ff4300c84 returned -22
06-14 17:38:05.616 0 0 I [ 1626.882434] binder: 17529:17529 ioctl 40046210 7ff4300c84 returned -22
06-14 17:38:05.621 1556 6413 I am_proc_bound: [0,17513,com.youku.phone:sandboxed_privilege_process0]
06-14 17:38:05.624 1556 6193 I am_proc_bound: [0,17529,com.youku.phone:gpu_process]
06-14 17:38:05.650 1556 1690 I input_focus: [Focus request 97db4b com.ss.android.ugc.aweme/com.ss.android.ugc.aweme.splash.SplashActivity,reason=UpdateInputWindows]
06-14 17:38:05.664 1556 1828 I input_focus: [Focus leaving c06aae8 com.ss.android.ugc.aweme/com.ss.android.ugc.aweme.splash.SplashActivity (server),reason=Waiting for window because NOT_VISIBLE]
06-14 17:38:05.681 1556 1828 I input_focus: [Focus entering 97db4b com.ss.android.ugc.aweme/com.ss.android.ugc.aweme.splash.SplashActivity (server),reason=Window became focusable. Previous reason: NOT_VISIBLE]
06-14 17:38:05.758 0 0 I [ 1627.018262] binder: 17558:17558 ioctl 40046210 7fcef84224 returned -22
06-14 17:38:06.047 1556 6413 I wm_task_created: [1026,-1]
06-14 17:38:06.052 1556 6413 I wm_task_moved: [1026,1,9]
06-14 17:38:06.052 1556 6413 I wm_task_to_front: [0,1026]
06-14 17:38:06.052 1556 6413 I wm_create_task: [0,1026]
06-14 17:38:06.052 1556 6413 I wm_create_activity: [0,39773467,1026,com.kugou.android/.app.splash.SplashActivity,android.intent.action.MAIN,NULL,NULL,270532608]
06-14 17:38:06.052 1556 6413 I wm_task_moved: [1026,1,9]
06-14 17:38:06.053 16829 16829 I wm_on_top_resumed_lost_called: [79787637,com.ss.android.ugc.aweme.splash.SplashActivity,topStateChangedWhenResumed]
06-14 17:38:06.054 1556 6413 I wm_finish_activity: [0,52621820,1019,com.tencent.mm/.ui.LauncherUI,recent-task-trimmed]
06-14 17:38:06.055 1556 6413 I wm_destroy_activity: [0,52621820,1019,com.tencent.mm/.ui.LauncherUI,finish-imm:finishIfPossible]
06-14 17:38:06.055 1556 6413 I wm_finish_activity: [0,156308687,1019,com.tencent.mm/.plugin.account.ui.WelcomeActivity,recent-task-trimmed]
06-14 17:38:06.056 1556 6413 I wm_destroy_activity: [0,156308687,1019,com.tencent.mm/.plugin.account.ui.WelcomeActivity,finish-imm:finishIfPossible]
06-14 17:38:06.057 1556 6413 I wm_finish_activity: [0,39773467,1026,com.kugou.android/.app.splash.SplashActivity,startActivity]
06-14 17:38:06.057 1556 6413 I wm_task_moved: [1025,1,9]
06-14 17:38:06.057 1556 6413 I wm_task_to_front: [0,1025]
06-14 17:38:06.057 1556 6413 I wm_set_resumed_activity: [0,com.ss.android.ugc.aweme/.splash.SplashActivity,positionChildAt]
06-14 17:38:06.057 1556 6413 I wm_focused_root_task: [0,0,1025,1026,finish-top adjustFocusToNextFocusableTask]
06-14 17:38:06.057 1556 6413 I wm_set_resumed_activity: [0,com.ss.android.ugc.aweme/.splash.SplashActivity,finish-top]
06-14 17:38:06.057 1556 6413 I wm_destroy_activity: [0,39773467,1026,com.kugou.android/.app.splash.SplashActivity,finish-imm:finishIfPossible]
06-14 17:38:06.057 1556 6413 I wm_task_removed: [1026,removeChild:removeChild last r=ActivityRecord{25ee51b u0 com.kugou.android/.app.splash.SplashActivity taskAffinity=10117:android.task.kugou t-1 f}} in t=Task{28af7f6 #1026 type=standard A=10117:android.task.kugou U=0 visible=false mode=freeform translucent=true sz=0 visible freeform task=true rootAffinity=10117:android.task.kugou isMini=false}]
06-14 17:38:06.057 1556 6413 I wm_task_removed: [1026,removeChild]
06-14 17:38:06.061 16829 16829 I wm_on_top_resumed_gained_called: [79787637,com.ss.android.ugc.aweme.splash.SplashActivity,topStateChangedWhenResumed]
06-14 17:38:06.062 1556 1689 I am_uid_running: 10117
06-14 17:38:06.068 1556 1697 I am_proc_start: [0,17594,10117,com.kugou.android,top-activity,{com.kugou.android/com.kugou.android.app.splash.SplashActivity}]
06-14 17:38:06.084 0 0 I [ 1627.349134] binder: 17594:17594 ioctl 40046210 7ff4300c84 returned -22
06-14 17:38:06.086 1556 18734 I am_proc_bound: [0,17594,com.kugou.android]
06-14 17:38:06.090 1556 18734 I am_stop_idle_service: [10117,com.kugou.android/com.kugou.framework.service.ipc.peripheral.connect.EmptyService]
06-14 17:38:06.091 1556 18734 I am_stop_idle_service: [10117,com.kugou.android/com.qq.e.comm.DownloadService]
06-14 17:38:06.091 1556 18734 I am_stop_idle_service: [10117,com.kugou.android/com.kugou.framework.service.ipc.peripheral.connect.SupportService]
06-14 17:38:06.141 0 0 W [ 1627.404783] perfetto: disabled ftrace
06-14 17:38:06.179 13343 13343 I wm_on_destroy_called: [52621820,com.tencent.mm.ui.LauncherUI,performDestroy]
06-14 17:38:06.207 1556 1556 I notification_enqueue: [10092,19346,com.tencent.android.qqdownloader,127,NULL,0,Notification(channel=channel_id_default_silent shortcut=null contentView=com.tencent.android.qqdownloader/0x7f0a01c2 vibrate=null sound=null defaults=0x0 flags=0x2a2 color=0x00000000 groupKey=com.tencent.android.qqdownloader vis=PRIVATE),1]
06-14 17:38:06.213 17513 17513 I auditd : type=1400 audit(0.0:3938): avc: denied { read } for comm="vilege_process0" name="version" dev="proc" ino=4026532247 scontext=u:r:untrusted_app:s0:c107,c256,c512,c768 tcontext=u:object_r:proc_version:s0 tclass=file permissive=0 app=com.youku.phone
06-14 17:38:06.241 17529 17529 I auditd : type=1400 audit(0.0:3939): avc: denied { read } for comm="one:gpu_process" name="version" dev="proc" ino=4026532247 scontext=u:r:untrusted_app:s0:c107,c256,c512,c768 tcontext=u:object_r:proc_version:s0 tclass=file permissive=0 app=com.youku.phone
06-14 17:38:06.441 17641 17641 I auditd : type=1400 audit(0.0:3940): avc: denied { read } for comm="ps" name="pid_max" dev="proc" ino=545960 scontext=u:r:untrusted_app:s0:c107,c256,c512,c768 tcontext=u:object_r:proc_pid_max:s0 tclass=file permissive=0 app=com.youku.phone
06-14 17:38:06.649 17529 17529 I auditd : type=1400 audit(0.0:3941): avc: denied { read } for comm="CrashSDKBkgdHan" name="loadavg" dev="proc" ino=4026532243 scontext=u:r:untrusted_app:s0:c107,c256,c512,c768 tcontext=u:object_r:proc_loadavg:s0 tclass=file permissive=0 app=com.youku.phone
06-14 17:38:06.697 17513 17513 I auditd : type=1400 audit(0.0:3942): avc: granted { execute } for comm="vilege_process0" path="/data/data/com.youku.phone/app_ucmsdk/updates/599724205/20466323_0/lib/arm64-v8a/libwebviewuc.so" dev="dm-10" ino=118776 scontext=u:r:untrusted_app:s0:c107,c256,c512,c768 tcontext=u:object_r:app_data_file:s0:c107,c256,c512,c768 tclass=file app=com.youku.phone
06-14 17:38:06.824 0 0 W [ 1628.091331] audit: audit_lost=3230 audit_rate_limit=5 audit_backlog_limit=64
06-14 17:38:06.824 0 0 E [ 1628.091336] audit: rate limit exceeded
06-14 17:38:06.960 1556 1695 I sysui_multi_action: [757,1717,758,1,759,0]
06-14 17:38:06.960 1556 1695 I sysui_multi_action: [757,1717,758,2,759,0]
06-14 17:38:06.960 1556 1695 I sysui_multi_action: [757,1717,758,3,759,0]
06-14 17:38:07.123 1556 6413 I wm_task_created: [1027,-1]
06-14 17:38:07.140 1556 6413 I wm_task_moved: [1027,1,9]
06-14 17:38:07.140 1556 6413 I wm_task_to_front: [0,1027]
06-14 17:38:07.140 1556 6413 I wm_create_task: [0,1027]
06-14 17:38:07.140 1556 6413 I wm_create_activity: [0,184727545,1027,com.kugou.android/.app.splash.SplashActivity,android.intent.action.MAIN,NULL,NULL,270532608]
06-14 17:38:07.140 1556 6413 I wm_task_moved: [1027,1,9]
06-14 17:38:07.140 16829 16829 I wm_on_top_resumed_lost_called: [79787637,com.ss.android.ugc.aweme.splash.SplashActivity,topStateChangedWhenResumed]
06-14 17:38:07.142 1556 6413 I wm_restart_activity: [0,184727545,1027,com.kugou.android/.app.splash.SplashActivity]
06-14 17:38:07.144 1556 6413 I wm_set_resumed_activity: [0,com.kugou.android/.app.splash.SplashActivity,minimalResumeActivityLocked]
06-14 17:38:07.144 1556 6413 I wm_add_to_stopping: [0,79787637,com.ss.android.ugc.aweme/.splash.SplashActivity,makeInvisible]
06-14 17:38:07.147 1556 1689 I am_uid_active: 10117
06-14 17:38:07.162 1556 1828 I input_focus: [Focus leaving 97db4b com.ss.android.ugc.aweme/com.ss.android.ugc.aweme.splash.SplashActivity (server),reason=NO_WINDOW]
06-14 17:38:07.636 0 0 E [ 1628.901032] link_delay_work_func: DTC_ETH: SQI=0, link=0
06-14 17:38:07.973 17594 17594 I wm_on_create_called: [184727545,com.kugou.android.app.splash.SplashActivity,performCreate]
06-14 17:38:07.991 17594 17594 I wm_on_start_called: [184727545,com.kugou.android.app.splash.SplashActivity,handleStartActivity]
06-14 17:38:07.992 17594 17594 I wm_on_resume_called: [184727545,com.kugou.android.app.splash.SplashActivity,RESUME_ACTIVITY]
06-14 17:38:07.998 17594 17594 I wm_on_top_resumed_gained_called: [184727545,com.kugou.android.app.splash.SplashActivity,topStateChangedWhenResumed]
06-14 17:38:08.017 1556 1690 I input_focus: [Focus request ebf9e50 com.kugou.android/com.kugou.android.app.splash.SplashActivity,reason=UpdateInputWindows]
06-14 17:38:08.033 0 0 I [ 1629.297673] binder: 17594:17803 ioctl 40046210 73dd9d11f4 returned -22
06-14 17:38:08.045 1556 1556 I notification_enqueue: [10117,17594,com.kugou.android,99,NULL,0,Notification(channel=kg_normal shortcut=null contentView=null vibrate=null sound=null defaults=0x0 flags=0x40 color=0x00000000 vis=PRIVATE),0]
06-14 17:38:08.063 1556 1828 I input_focus: [Focus entering ebf9e50 com.kugou.android/com.kugou.android.app.splash.SplashActivity (server),reason=Window became focusable. Previous reason: NOT_VISIBLE]
06-14 17:38:08.065 1556 1686 I sysui_multi_action: [319,936,322,925,325,1628,757,761,758,8,759,2,806,com.kugou.android,871,com.kugou.android.app.splash.SplashActivity,904,com.android.launcher3,905,0,1320,4,1321,4]
06-14 17:38:08.066 1556 1686 I wm_activity_launch_time: [0,184727545,com.kugou.android/.app.splash.SplashActivity,925]
06-14 17:38:08.089 17594 17594 I auditd : type=1400 audit(0.0:3946): avc: granted { execute } for comm="AMS-loadSubDexA" path="/data/user/0/com.kugou.android/app_e_qq_com_plugin_new_69cdb90e184b6179c4f50a78f8e8a42e/libhippy.so" dev="dm-10" ino=75846 scontext=u:r:untrusted_app_27:s0:c117,c256,c512,c768 tcontext=u:object_r:app_data_file:s0:c117,c256,c512,c768 tclass=file app=com.kugou.android
06-14 17:38:08.121 17594 17594 I auditd : type=1400 audit(0.0:3947): avc: granted { execute } for comm="AMS-loadSubDexA" path="/data/user/0/com.kugou.android/app_e_qq_com_plugin_new_69cdb90e184b6179c4f50a78f8e8a42e/libflexbox.so" dev="dm-10" ino=75660 scontext=u:r:untrusted_app_27:s0:c117,c256,c512,c768 tcontext=u:object_r:app_data_file:s0:c117,c256,c512,c768 tclass=file app=com.kugou.android
06-14 17:38:08.246 1556 1556 I sysui_multi_action: [757,1501,758,1,793,201,794,0,795,201,796,99,806,com.kugou.android,857,kg_normal,858,2,947,0,1500,0,1688,1]
06-14 17:38:08.246 1556 1556 I sysui_multi_action: [757,804,799,note_interruptive,801,0,802,1]
06-14 17:38:08.332 1556 1689 I wm_stop_activity: [0,79787637,com.ss.android.ugc.aweme/.splash.SplashActivity]
06-14 17:38:08.453 1556 1697 I am_proc_start: [0,17963,10117,com.kugou.android.support,service,{com.kugou.android/com.kugou.framework.service.ipc.peripheral.connect.SupportService}]
06-14 17:38:08.467 0 0 I [ 1629.733588] binder: 17963:17963 ioctl 40046210 7ff4300c84 returned -22
06-14 17:38:08.470 1556 18734 I am_proc_bound: [0,17963,com.kugou.android.support]
06-14 17:38:08.544 16829 16829 I wm_on_paused_called: [79787637,com.ss.android.ugc.aweme.splash.SplashActivity,performPause]
06-14 17:38:08.624 16829 16829 I wm_on_stop_called: [79787637,com.ss.android.ugc.aweme.splash.SplashActivity,STOP_ACTIVITY_ITEM]
06-14 17:38:08.793 1556 6413 I wm_task_moved: [1019,1,9]
06-14 17:38:08.793 1556 6413 I wm_task_to_front: [0,1019]
06-14 17:38:08.793 1556 6413 I wm_focused_root_task: [0,0,1019,1027,bringingFoundTaskToFront]
06-14 17:38:08.794 17594 17594 I wm_on_top_resumed_lost_called: [184727545,com.kugou.android.app.splash.SplashActivity,topStateChangedWhenResumed]
06-14 17:38:08.794 1556 6413 I wm_set_resumed_activity: [0,com.tencent.mm/.plugin.account.ui.WelcomeActivity,bringingFoundTaskToFront]
06-14 17:38:08.796 1556 6413 I wm_set_resumed_activity: [0,com.tencent.mm/.plugin.account.ui.WelcomeActivity,resumeTopActivityInnerLocked]
06-14 17:38:08.796 1556 1696 I am_wtf : [0,1556,system_server,-1,ActivityTaskManager,Task with inRecent not in recents: Task{7a4f0b #1019 type=standard A=10108:com.tencent.mm U=0 visible=true mode=freeform translucent=true sz=1 visible freeform task=false rootAffinity=10108:com.tencent.mm isMini=false}]
06-14 17:38:08.796 1556 6413 I wm_finish_activity: [0,21181973,1024,com.tencent.android.qqdownloader/com.tencent.assistantv2.activity.MainActivity,recent-task-trimmed]
06-14 17:38:08.797 1556 6413 I wm_add_to_stopping: [0,28663478,com.tencent.mm/.plugin.account.ui.WelcomeActivity,makeInvisible]
06-14 17:38:08.797 1556 6413 I wm_add_to_stopping: [0,79787637,com.ss.android.ugc.aweme/.splash.SplashActivity,makeInvisible]
06-14 17:38:08.800 1556 6413 I wm_resume_activity: [0,79787637,1025,com.ss.android.ugc.aweme/.splash.SplashActivity]
06-14 17:38:08.800 1556 6413 I wm_add_to_stopping: [0,184727545,com.kugou.android/.app.splash.SplashActivity,makeInvisible]
06-14 17:38:08.800 1556 6413 I wm_add_to_stopping: [0,79787637,com.ss.android.ugc.aweme/.splash.SplashActivity,makeInvisible]
06-14 17:38:08.800 1556 6413 I wm_destroy_activity: [0,21181973,1024,com.tencent.android.qqdownloader/com.tencent.assistantv2.activity.MainActivity,finish-imm:finishIfPossible]
06-14 17:38:08.803 1556 6413 I wm_resume_activity: [0,28663478,1019,com.tencent.mm/.plugin.account.ui.WelcomeActivity]
06-14 17:38:08.809 1556 1689 I wm_stop_activity: [0,79787637,com.ss.android.ugc.aweme/.splash.SplashActivity]
06-14 17:38:08.811 1556 1689 I sysui_multi_action: [757,803,799,window_time_2,802,10]
06-14 17:38:08.812 1556 1828 I input_focus: [Focus leaving ebf9e50 com.kugou.android/com.kugou.android.app.splash.SplashActivity (server),reason=NO_WINDOW]
06-14 17:38:08.815 13343 13343 I wm_on_restart_called: [28663478,com.tencent.mm.plugin.account.ui.WelcomeActivity,performRestartActivity]
06-14 17:38:08.819 13343 13343 I wm_on_start_called: [28663478,com.tencent.mm.plugin.account.ui.WelcomeActivity,handleStartActivity]
06-14 17:38:08.823 13343 13343 I wm_on_resume_called: [28663478,com.tencent.mm.plugin.account.ui.WelcomeActivity,RESUME_ACTIVITY]
06-14 17:38:08.827 13343 13343 I wm_on_top_resumed_gained_called: [28663478,com.tencent.mm.plugin.account.ui.WelcomeActivity,topStateChangedWhenResumed]
06-14 17:38:08.837 1556 1690 I input_focus: [Focus request fa37c33 com.tencent.mm/com.tencent.mm.plugin.account.ui.WelcomeActivity,reason=UpdateInputWindows]
06-14 17:38:08.849 16829 16829 I wm_on_restart_called: [79787637,com.ss.android.ugc.aweme.splash.SplashActivity,performRestartActivity]
06-14 17:38:08.876 1556 1686 I sysui_multi_action: [319,80,322,75,325,1630,757,761,758,9,759,2,806,com.tencent.mm,871,com.tencent.mm.plugin.account.ui.WelcomeActivity,904,com.tencent.mm,905,0,1320,4,1321,4]
06-14 17:38:08.879 1556 1828 I input_focus: [Focus entering fa37c33 com.tencent.mm/com.tencent.mm.plugin.account.ui.WelcomeActivity (server),reason=Window became focusable. Previous reason: NOT_VISIBLE]
06-14 17:38:08.880 1556 1689 I wm_stop_activity: [0,184727545,com.kugou.android/.app.splash.SplashActivity]
06-14 17:38:08.891 17594 17594 I wm_on_paused_called: [184727545,com.kugou.android.app.splash.SplashActivity,performPause]
06-14 17:38:08.894 17594 17594 I wm_on_stop_called: [184727545,com.kugou.android.app.splash.SplashActivity,STOP_ACTIVITY_ITEM]
06-14 17:38:08.924 16829 16829 I wm_on_start_called: [79787637,com.ss.android.ugc.aweme.splash.SplashActivity,handleStartActivity]
06-14 17:38:08.966 16829 16829 I wm_on_resume_called: [79787637,com.ss.android.ugc.aweme.splash.SplashActivity,RESUME_ACTIVITY]
06-14 17:38:09.061 16829 16829 I wm_on_paused_called: [79787637,com.ss.android.ugc.aweme.splash.SplashActivity,performPause]
06-14 17:38:09.160 16829 16829 I wm_on_stop_called: [79787637,com.ss.android.ugc.aweme.splash.SplashActivity,STOP_ACTIVITY_ITEM]
06-14 17:38:09.317 19422 19422 I wm_on_destroy_called: [21181973,com.tencent.assistantv2.activity.MainActivity,performDestroy]
06-14 17:38:09.320 1556 18734 I wm_task_removed: [1024,removeChild:removeChild last r=ActivityRecord{1433615 u0 com.tencent.android.qqdownloader/com.tencent.assistantv2.activity.MainActivity taskAffinity=10092:com.tencent.android.qqdownloader t-1 f}} in t=Task{d569d2a #1024 type=standard A=10092:com.tencent.android.qqdownloader U=0 visible=false mode=freeform translucent=true sz=0 visible freeform task=false rootAffinity=10092:com.tencent.android.qqdownloader isMini=false}]
06-14 17:38:09.320 1556 18734 I wm_task_removed: [1024,removeChild]
06-14 17:38:09.323 1556 18734 I wm_add_to_stopping: [0,184727545,com.kugou.android/.app.splash.SplashActivity,makeInvisible]
06-14 17:38:09.326 1556 18734 I wm_resume_activity: [0,184727545,1027,com.kugou.android/.app.splash.SplashActivity]
06-14 17:38:09.326 1556 18734 I wm_add_to_stopping: [0,184727545,com.kugou.android/.app.splash.SplashActivity,makeInvisible]
06-14 17:38:09.328 1556 18734 I wm_add_to_stopping: [0,79787637,com.ss.android.ugc.aweme/.splash.SplashActivity,makeInvisible]
06-14 17:38:09.330 1556 18734 I wm_resume_activity: [0,79787637,1025,com.ss.android.ugc.aweme/.splash.SplashActivity]
06-14 17:38:09.330 1556 18734 I wm_add_to_stopping: [0,79787637,com.ss.android.ugc.aweme/.splash.SplashActivity,makeInvisible]
06-14 17:38:09.335 1556 1689 I wm_stop_activity: [0,79787637,com.ss.android.ugc.aweme/.splash.SplashActivity]
06-14 17:38:09.335 1556 1689 I wm_stop_activity: [0,184727545,com.kugou.android/.app.splash.SplashActivity]
06-14 17:38:09.338 17594 17594 I wm_on_restart_called: [184727545,com.kugou.android.app.splash.SplashActivity,performRestartActivity]
06-14 17:38:09.339 17594 17594 I wm_on_start_called: [184727545,com.kugou.android.app.splash.SplashActivity,handleStartActivity]
06-14 17:38:09.349 17594 17594 I wm_on_resume_called: [184727545,com.kugou.android.app.splash.SplashActivity,RESUME_ACTIVITY]
06-14 17:38:09.351 17594 17594 I wm_on_paused_called: [184727545,com.kugou.android.app.splash.SplashActivity,performPause]
06-14 17:38:09.356 17594 17594 I wm_on_stop_called: [184727545,com.kugou.android.app.splash.SplashActivity,STOP_ACTIVITY_ITEM]
06-14 17:38:09.369 16829 16829 I wm_on_restart_called: [79787637,com.ss.android.ugc.aweme.splash.SplashActivity,performRestartActivity]
06-14 17:38:09.411 16829 16829 I wm_on_start_called: [79787637,com.ss.android.ugc.aweme.splash.SplashActivity,handleStartActivity]
06-14 17:38:09.447 16829 16829 I wm_on_resume_called: [79787637,com.ss.android.ugc.aweme.splash.SplashActivity,RESUME_ACTIVITY]
06-14 17:38:09.563 16829 16829 I wm_on_paused_called: [79787637,com.ss.android.ugc.aweme.splash.SplashActivity,performPause]
06-14 17:38:09.614 16829 16829 I wm_on_stop_called: [79787637,com.ss.android.ugc.aweme.splash.SplashActivity,STOP_ACTIVITY_ITEM]
06-14 17:38:09.834 1556 6532 I wm_task_created: [1028,-1]
06-14 17:38:09.842 1556 6532 I wm_task_moved: [1028,1,9]
06-14 17:38:09.842 1556 6532 I wm_task_to_front: [0,1028]
06-14 17:38:09.842 1556 6532 I wm_create_task: [0,1028]
06-14 17:38:09.842 1556 6532 I wm_create_activity: [0,99508537,1028,com.hunantv.imgo.activity/.MainActivity,android.intent.action.MAIN,NULL,NULL,270532608]
06-14 17:38:09.842 1556 6532 I wm_task_moved: [1028,1,9]
06-14 17:38:09.843 1556 6532 I wm_pause_activity: [0,106812043,com.android.launcher3/.uioverrides.QuickstepLauncher,userLeaving=true,pauseBackTasks]
06-14 17:38:09.844 1556 6532 I wm_finish_activity: [0,184727545,1027,com.kugou.android/.app.splash.SplashActivity,recent-task-trimmed]
06-14 17:38:09.845 1556 6532 I wm_destroy_activity: [0,184727545,1027,com.kugou.android/.app.splash.SplashActivity,finish-imm:finishIfPossible]
06-14 17:38:09.849 1556 1689 I am_kill : [0,17594,com.kugou.android,0,remove task]
06-14 17:38:09.849 1556 1689 I am_kill : [0,17963,com.kugou.android.support,0,remove task]
06-14 17:38:09.851 18952 18952 I wm_on_paused_called: [106812043,com.android.launcher3.uioverrides.QuickstepLauncher,performPause]
06-14 17:38:09.851 1556 1689 I sysui_multi_action: [757,803,799,window_time_2,802,1]
06-14 17:38:09.854 1556 18734 I wm_add_to_stopping: [0,106812043,com.android.launcher3/.uioverrides.QuickstepLauncher,makeInvisible]
06-14 17:38:09.854 1556 18734 I wm_restart_activity: [0,99508537,1028,com.hunantv.imgo.activity/.MainActivity]
06-14 17:38:09.856 1556 18734 I wm_set_resumed_activity: [0,com.hunantv.imgo.activity/.MainActivity,minimalResumeActivityLocked]
06-14 17:38:09.858 1556 1689 I am_uid_active: 10101
06-14 17:38:09.859 13343 13343 I wm_on_top_resumed_lost_called: [28663478,com.tencent.mm.plugin.account.ui.WelcomeActivity,topStateChangedWhenResumed]
06-14 17:38:09.871 1556 1689 I sysui_multi_action: [757,803,799,window_time_0,802,0]
06-14 17:38:09.894 0 0 I [ 1631.160901] binder: undelivered transaction 760159, process died.
06-14 17:38:09.894 0 0 I [ 1631.160927] binder: undelivered transaction 760160, process died.
06-14 17:38:09.894 0 0 I [ 1631.160929] binder: undelivered transaction 760213, process died.
06-14 17:38:09.894 0 0 I [ 1631.160930] binder: undelivered transaction 760214, process died.
06-14 17:38:09.894 0 0 I [ 1631.160930] binder: undelivered transaction 760215, process died.
06-14 17:38:09.895 1556 5961 I am_proc_died: [0,17594,com.kugou.android,0,4]
06-14 17:38:09.899 1556 5961 I am_schedule_service_restart: [0,com.kugou.android/com.kugou.framework.service.ipc.peripheral.connect.ForeService,1000]
06-14 17:38:09.899 1556 5961 I am_schedule_service_restart: [0,com.kugou.android/com.qq.e.comm.DownloadService,11000]
06-14 17:38:09.899 1556 5961 I am_schedule_service_restart: [0,com.kugou.android/com.kugou.framework.service.ipc.peripheral.connect.EmptyService,21000]
06-14 17:38:09.900 1556 1556 I sysui_multi_action: [757,128,758,5,759,8,793,1855,794,0,795,1855,796,99,806,com.kugou.android,857,kg_normal,858,2,947,0,1500,1654,1688,1]
06-14 17:38:09.900 1556 1556 I notification_canceled: [0|com.kugou.android|99|null|10117,8,1855,1855,0,-1,-1,NULL]
06-14 17:38:09.900 1556 5961 I wm_task_removed: [1027,removeChild:removeChild last r=ActivityRecord{b02b7f9 u0 com.kugou.android/.app.splash.SplashActivity taskAffinity=10117:android.task.kugou t-1 f}} in t=Task{837559f #1027 type=standard A=10117:android.task.kugou U=0 visible=false mode=freeform translucent=true sz=0 visible freeform task=false rootAffinity=10117:android.task.kugou isMini=false}]
06-14 17:38:09.900 1556 5961 I wm_task_removed: [1027,removeChild]
06-14 17:38:09.912 0 0 I [ 1631.177629] binder: undelivered transaction 760588, process died.
06-14 17:38:09.912 1556 3120 I am_proc_died: [0,17963,com.kugou.android.support,0,10]
06-14 17:38:09.920 1556 3120 I am_schedule_service_restart: [0,com.kugou.android/com.kugou.framework.service.ipc.peripheral.connect.SupportService,30978]
06-14 17:38:09.921 1556 3120 I am_uid_stopped: 10117
06-14 17:38:09.937 1556 1695 I am_pss : [13416,10114,com.kugou.android.auto,17532928,11223040,3339264,97038336,0,19,7]
06-14 17:38:09.943 16092 16092 I wm_on_create_called: [99508537,com.hunantv.imgo.activity.MainActivity,performCreate]
06-14 17:38:09.946 1556 1817 I commit_sys_config_file: [settings-2-0,3]
06-14 17:38:09.952 1556 1695 I am_pss : [13368,10106,com.dragon.read,49744896,42582016,485376,121757696,0,19,7]
06-14 17:38:09.957 16092 16092 I wm_on_start_called: [99508537,com.hunantv.imgo.activity.MainActivity,handleStartActivity]
06-14 17:38:09.959 1556 1695 I am_pss : [13367,10033,com.android.documentsui,18310144,8945664,7165952,73900032,0,19,5]
06-14 17:38:09.960 16092 16092 I wm_on_resume_called: [99508537,com.hunantv.imgo.activity.MainActivity,RESUME_ACTIVITY]
06-14 17:38:09.967 16092 16092 I wm_on_top_resumed_gained_called: [99508537,com.hunantv.imgo.activity.MainActivity,topStateChangedWhenResumed]
06-14 17:38:09.972 1556 1695 I am_pss : [13364,1000,com.android.settings,23293952,14802944,7129088,70541312,0,19,5]
06-14 17:38:09.985 1556 1690 I input_focus: [Focus request a8255b6 com.hunantv.imgo.activity/com.hunantv.imgo.activity.MainActivity,reason=UpdateInputWindows]
06-14 17:38:10.008 0 0 I [ 1631.275731] binder: 16092:18162 ioctl 40046210 7467f931f4 returned -22
06-14 17:38:10.012 1556 1828 I input_focus: [Focus leaving fa37c33 com.tencent.mm/com.tencent.mm.plugin.account.ui.WelcomeActivity (server),reason=Waiting for window because NOT_VISIBLE]
06-14 17:38:10.037 1556 1686 I sysui_multi_action: [319,86,321,81,322,205,325,1631,757,761,758,8,759,1,806,com.hunantv.imgo.activity,871,com.hunantv.imgo.activity.MainActivity,904,com.android.launcher3,905,0,1320,4,1321,4]
06-14 17:38:10.038 1556 1686 I wm_activity_launch_time: [0,99508537,com.hunantv.imgo.activity/.MainActivity,205]
06-14 17:38:10.045 1556 1828 I input_focus: [Focus entering a8255b6 com.hunantv.imgo.activity/com.hunantv.imgo.activity.MainActivity (server),reason=Window became focusable. Previous reason: NOT_VISIBLE]
06-14 17:38:10.445 1556 1689 I wm_stop_activity: [0,106812043,com.android.launcher3/.uioverrides.QuickstepLauncher]
06-14 17:38:10.465 18952 18952 I wm_on_stop_called: [106812043,com.android.launcher3.uioverrides.QuickstepLauncher,STOP_ACTIVITY_ITEM]
06-14 17:38:10.568 16829 16907 I liblog : 119
06-14 17:38:10.568 16829 16907 I liblog : 1
06-14 17:38:10.760 1556 1828 I input_interaction: Interaction with: Letterbox_right_ActivityRecord{5ee6139 u0 com.hunantv.imgo.activity/.MainActivity taskAffinity=10101:com.hunantv.imgo.activity t1028} (server), edge-swipe (server), swipe-up (server), PointerEventDispatcher0 (server),
06-14 17:38:10.763 1556 18734 I wm_task_moved: [937,0,0]
06-14 17:38:10.763 1556 18734 I wm_task_moved: [937,0,7]
06-14 17:38:10.775 18952 18952 I wm_on_restart_called: [106812043,com.android.launcher3.uioverrides.QuickstepLauncher,performRestartActivity]
06-14 17:38:10.776 1556 1690 I input_focus: [Focus request recents_animation_input_consumer,reason=UpdateInputWindows]
06-14 17:38:10.777 1556 1828 I input_interaction: Interaction with: edge-swipe (server), swipe-up (server), PointerEventDispatcher0 (server),
06-14 17:38:10.795 1556 1828 I input_focus: [Focus leaving a8255b6 com.hunantv.imgo.activity/com.hunantv.imgo.activity.MainActivity (server),reason=NOT_FOCUSABLE]
06-14 17:38:10.795 1556 1828 I input_focus: [Focus entering recents_animation_input_consumer (server),reason=setFocusedWindow]
06-14 17:38:10.836 18952 18952 I wm_on_start_called: [106812043,com.android.launcher3.uioverrides.QuickstepLauncher,handleStartActivity]
06-14 17:38:10.846 18952 18952 I sysui_latency: [1,87]
06-14 17:38:10.856 1556 1686 I sysui_multi_action: [319,3,322,88,325,1632,757,761,758,9,759,5,806,com.android.launcher3,871,com.android.launcher3.uioverrides.QuickstepLauncher,904,com.android.launcher3,905,0,1320,8,1321,5]
06-14 17:38:10.899 1556 1696 I am_uid_running: 10117
06-14 17:38:10.904 1556 1697 I am_proc_start: [0,18206,10117,com.kugou.android,service,{com.kugou.android/com.kugou.framework.service.ipc.peripheral.connect.ForeService}]
06-14 17:38:10.913 0 0 I [ 1632.181154] binder: 18206:18206 ioctl 40046210 7ff4300c84 returned -22
06-14 17:38:10.916 1556 15732 I am_proc_bound: [0,18206,com.kugou.android]
06-14 17:38:10.919 1556 15732 I am_stop_idle_service: [10117,com.kugou.android/com.kugou.framework.service.ipc.peripheral.connect.EmptyService]
06-14 17:38:10.919 1556 15732 I am_stop_idle_service: [10117,com.kugou.android/com.qq.e.comm.DownloadService]
06-14 17:38:10.919 1556 15732 I am_stop_idle_service: [10117,com.kugou.android/com.kugou.framework.service.ipc.peripheral.connect.ForeService]
06-14 17:38:10.919 1556 15732 I am_stop_idle_service: [10117,com.kugou.android/com.kugou.framework.service.ipc.peripheral.connect.SupportService]
06-14 17:38:11.037 1556 1817 I commit_sys_config_file: [settings-1-0,2]
06-14 17:38:11.152 1556 1695 I sysui_latency: [8,90]
06-14 17:38:11.229 1556 1828 I input_interaction: Interaction with: recents_animation_input_consumer (server), edge-swipe (server), swipe-up (server), PointerEventDispatcher0 (server),
06-14 17:38:11.247 1556 18234 I wm_task_moved: [937,1,8]
06-14 17:38:11.248 1556 18234 I wm_task_moved: [938,1,2147483647]
06-14 17:38:11.248 1556 18234 I wm_task_to_front: [0,938]
06-14 17:38:11.248 1556 18234 I wm_focused_root_task: [0,0,937,1028,RecentsAnimation.onAnimationFinished()]
06-14 17:38:11.248 16092 16092 I wm_on_top_resumed_lost_called: [99508537,com.hunantv.imgo.activity.MainActivity,topStateChangedWhenResumed]
06-14 17:38:11.248 1556 18234 I wm_set_resumed_activity: [0,com.android.launcher3/.uioverrides.QuickstepLauncher,RecentsAnimation.onAnimationFinished()]
06-14 17:38:11.249 1556 18234 I wm_pause_activity: [0,99508537,com.hunantv.imgo.activity/.MainActivity,userLeaving=true,pauseBackTasks]
06-14 17:38:11.249 1556 18234 I wm_add_to_stopping: [0,99508537,com.hunantv.imgo.activity/.MainActivity,makeInvisible]
06-14 17:38:11.249 1556 18234 I wm_set_resumed_activity: [0,com.android.launcher3/.uioverrides.QuickstepLauncher,resumeTopActivityInnerLocked]
06-14 17:38:11.251 1556 18234 I wm_resume_activity: [0,106812043,938,com.android.launcher3/.uioverrides.QuickstepLauncher]
06-14 17:38:11.254 1556 1690 I input_focus: [Focus request fc034d7 com.android.launcher3/com.android.launcher3.uioverrides.QuickstepLauncher,reason=UpdateInputWindows]
06-14 17:38:11.255 16092 16092 I wm_on_paused_called: [99508537,com.hunantv.imgo.activity.MainActivity,performPause]
06-14 17:38:11.258 1556 18234 I wm_task_created: [1029,-1]
06-14 17:38:11.259 1556 18234 I wm_task_created: [1030,-1]
06-14 17:38:11.260 1556 18234 I wm_task_moved: [1030,0,-2147483648]
06-14 17:38:11.262 1556 18234 I wm_create_task: [0,1030]
06-14 17:38:11.262 1556 18234 I wm_create_activity: [0,211555128,1030,com.android.launcher3/com.android.quickstep.RecentsActivity,NULL,NULL,NULL,276889600]
06-14 17:38:11.262 1556 1828 I input_focus: [Focus leaving recents_animation_input_consumer (server),reason=NOT_VISIBLE]
06-14 17:38:11.262 1556 18234 I wm_task_moved: [1029,0,0]
06-14 17:38:11.262 1556 18234 I wm_task_moved: [1029,0,8]
06-14 17:38:11.263 18952 18952 I wm_on_resume_called: [106812043,com.android.launcher3.uioverrides.QuickstepLauncher,RESUME_ACTIVITY]
06-14 17:38:11.263 18952 18952 I wm_on_top_resumed_gained_called: [106812043,com.android.launcher3.uioverrides.QuickstepLauncher,topStateChangedWhenResumed]
06-14 17:38:11.266 1556 18234 I wm_restart_activity: [0,211555128,1030,com.android.launcher3/com.android.quickstep.RecentsActivity]
06-14 17:38:11.274 1556 1689 I wm_stop_activity: [0,99508537,com.hunantv.imgo.activity/.MainActivity]
06-14 17:38:11.274 1556 1689 I sysui_multi_action: [757,803,799,window_time_0,802,1]
06-14 17:38:11.277 16092 16092 I wm_on_stop_called: [99508537,com.hunantv.imgo.activity.MainActivity,STOP_ACTIVITY_ITEM]
06-14 17:38:11.280 1556 1828 I input_focus: [Focus entering fc034d7 com.android.launcher3/com.android.launcher3.uioverrides.QuickstepLauncher (server),reason=setFocusedWindow]
06-14 17:38:11.292 1556 1689 I sysui_multi_action: [757,803,799,window_time_0,802,0]
06-14 17:38:11.293 1556 6660 I wm_task_moved: [1029,1,9]
06-14 17:38:11.293 1556 6660 I wm_focused_root_task: [0,0,1029,937,RecentsAnimation.onAnimationFinished()]
06-14 17:38:11.294 1556 6660 I wm_pause_activity: [0,106812043,com.android.launcher3/.uioverrides.QuickstepLauncher,userLeaving=false,pauseBackTasks]
06-14 17:38:11.295 1556 6660 I wm_set_resumed_activity: [0,com.android.launcher3/com.android.quickstep.RecentsActivity,resumeTopActivityInnerLocked]
06-14 17:38:11.295 1556 6660 I wm_resume_activity: [0,211555128,1030,com.android.launcher3/com.android.quickstep.RecentsActivity]
06-14 17:38:11.297 1556 18234 I wm_finish_activity: [0,211555128,1030,com.android.launcher3/com.android.quickstep.RecentsActivity,app-request]
06-14 17:38:11.297 1556 18234 I wm_task_moved: [937,1,9]
06-14 17:38:11.297 1556 18234 I wm_task_moved: [938,1,2147483647]
06-14 17:38:11.297 1556 18234 I wm_focused_root_task: [0,0,937,-1,finish-top adjustFocusToNextFocusableTask]
06-14 17:38:11.297 1556 18234 I wm_pause_activity: [0,211555128,com.android.launcher3/com.android.quickstep.RecentsActivity,userLeaving=false,finish]
06-14 17:38:11.298 18952 18952 I wm_on_create_called: [211555128,com.android.quickstep.RecentsActivity,performCreate]
06-14 17:38:11.302 18952 18952 I wm_on_top_resumed_lost_called: [106812043,com.android.launcher3.uioverrides.QuickstepLauncher,topStateChangedWhenResumed]
06-14 17:38:11.302 18952 18952 I wm_on_paused_called: [106812043,com.android.launcher3.uioverrides.QuickstepLauncher,performPause]
06-14 17:38:11.306 1556 18234 I wm_set_resumed_activity: [0,com.android.launcher3/.uioverrides.QuickstepLauncher,resumeTopActivityInnerLocked]
06-14 17:38:11.306 1556 18234 I wm_resume_activity: [0,106812043,938,com.android.launcher3/.uioverrides.QuickstepLauncher]
06-14 17:38:11.318 18952 18952 I wm_on_resume_called: [106812043,com.android.launcher3.uioverrides.QuickstepLauncher,RESUME_ACTIVITY]
06-14 17:38:11.318 18952 18952 I wm_on_top_resumed_gained_called: [106812043,com.android.launcher3.uioverrides.QuickstepLauncher,topWhenResuming]
06-14 17:38:11.325 1556 1689 I sysui_multi_action: [757,803,799,window_time_0,802,0]
06-14 17:38:11.326 1556 1689 I sysui_multi_action: [757,1144,758,8,806,com.android.launcher3,871,com.android.quickstep.RecentsActivity]
06-14 17:38:11.330 1556 1689 I sysui_multi_action: [757,803,799,window_time_0,802,0]
06-14 17:38:11.331 1556 1689 I sysui_multi_action: [757,803,799,window_time_0,802,0]
06-14 17:38:11.339 1556 6413 I wm_task_created: [1031,-1]
06-14 17:38:11.348 1556 6413 I wm_task_moved: [1031,1,10]
06-14 17:38:11.348 1556 6413 I wm_task_to_front: [0,1031]
06-14 17:38:11.348 1556 6413 I wm_create_task: [0,1031]
06-14 17:38:11.348 1556 6413 I wm_create_activity: [0,75253855,1031,com.kugou.android/.app.splash.SplashActivity,android.intent.action.MAIN,NULL,NULL,270532608]
06-14 17:38:11.348 1556 6413 I wm_task_moved: [1031,1,10]
06-14 17:38:11.351 1556 6413 I wm_restart_activity: [0,75253855,1031,com.kugou.android/.app.splash.SplashActivity]
06-14 17:38:11.353 1556 6413 I wm_set_resumed_activity: [0,com.kugou.android/.app.splash.SplashActivity,minimalResumeActivityLocked]
06-14 17:38:11.353 1556 6413 I wm_finish_activity: [0,79787637,1025,com.ss.android.ugc.aweme/.splash.SplashActivity,recent-task-trimmed]
