06-14 17:38:11.353 1556 6413 I wm_destroy_activity: [0,79787637,1025,com.ss.android.ugc.aweme/.splash.SplashActivity,finish-imm:finishIfPossible]
06-14 17:38:11.357 1556 6413 I service_manager_stats: [100,72,9234]
06-14 17:38:11.358 1556 6413 I wm_add_to_stopping: [0,28663478,com.tencent.mm/.plugin.account.ui.WelcomeActivity,makeInvisible]
06-14 17:38:11.360 1556 1689 I am_uid_active: 10117
06-14 17:38:11.367 18952 18952 I wm_on_top_resumed_lost_called: [106812043,com.android.launcher3.uioverrides.QuickstepLauncher,topStateChangedWhenResumed]
06-14 17:38:11.370 1556 18234 I wm_destroy_activity: [0,211555128,1030,com.android.launcher3/com.android.quickstep.RecentsActivity,finish-idle]
06-14 17:38:11.371 18952 18952 I wm_on_destroy_called: [211555128,com.android.quickstep.RecentsActivity,performDestroy]
06-14 17:38:11.372 1556 18234 I wm_task_removed: [1030,cleanUpResourcesForDestroy]
06-14 17:38:11.372 1556 18234 I wm_task_removed: [1029,removeChild:removeChild last r=Task{19f6f11 #1030 type=recents I=com.android.launcher3/com.android.quickstep.RecentsActivity U=0 visible=false mode=fullscreen translucent=true sz=0 visible freeform task=true rootAffinity=null isMini=false} in t=Task{6673705 #1029 type=recents ?? U=0 visible=false mode=fullscreen translucent=true sz=0 visible freeform task=true rootAffinity=null isMini=false}]
06-14 17:38:11.372 1556 18234 I wm_task_removed: [1029,removeChild]
06-14 17:38:11.372 1556 18234 I wm_task_removed: [1030,removeChild:removeChild last r=ActivityRecord{c9c1338 u0 com.android.launcher3/com.android.quickstep.RecentsActivity taskAffinity=null t-1 f}} in t=Task{19f6f11 #1030 type=recents I=com.android.launcher3/com.android.quickstep.RecentsActivity U=0 visible=false mode=fullscreen translucent=true sz=0 visible freeform task=true rootAffinity=null isMini=false}]
06-14 17:38:11.372 1556 18234 I wm_task_removed: [1030,removeChild]
06-14 17:38:11.375 1556 1689 I sysui_multi_action: [757,803,799,window_time_0,802,0]
06-14 17:38:11.467 16829 16829 I wm_on_destroy_called: [79787637,com.ss.android.ugc.aweme.splash.SplashActivity,performDestroy]
06-14 17:38:11.475 1556 6660 I am_kill : [0,16829,com.ss.android.ugc.aweme,1001,remove task]
06-14 17:38:11.479 1556 1696 I am_uid_stopped: 10095
06-14 17:38:11.479 1556 1696 I am_uid_running: 10095
06-14 17:38:11.520 0 0 I [ 1632.786769] binder: undelivered transaction 765493, process died.
06-14 17:38:11.525 1556 6660 I am_proc_died: [0,16829,com.ss.android.ugc.aweme,1001,10]
06-14 17:38:11.533 1556 1697 I am_proc_start: [0,18247,10095,com.ss.android.ugc.aweme,broadcast,{com.ss.android.ugc.aweme/com.ss.android.ugc.aweme.search.widget.appwidget.SearchWidgetWordWithHotspotProvider}]
06-14 17:38:11.544 1556 6660 I am_proc_bound: [0,18247,com.ss.android.ugc.aweme]
06-14 17:38:11.544 0 0 I [ 1632.809267] binder: 18247:18247 ioctl 40046210 ffc7d638 returned -22
06-14 17:38:11.624 0 0 I [ 1632.890029] msm_vidc: high: 00000002: h265d: Closed video instance: 0000000000000000
06-14 17:38:11.671 1556 1847 I netstats_mobile_sample: [0,0,0,0,0,0,0,0,0,0,0,0,1686735491671]
06-14 17:38:11.672 1556 1847 I netstats_wifi_sample: [63477885,66792,10738875,43908,63477885,66792,10738875,43908,66375806,72508,10170184,42207,1686735491671]
06-14 17:38:11.706 1556 1828 I input_interaction: Interaction with: fc034d7 com.android.launcher3/com.android.launcher3.uioverrides.QuickstepLauncher (server), 1c9764a com.android.systemui.ImageWallpaper (server), edge-swipe (server), swipe-up (server), PointerEventDispatcher0 (server),
06-14 17:38:11.809 1556 18234 I wm_task_created: [1032,-1]
06-14 17:38:11.812 1556 18234 I wm_task_moved: [1032,1,10]
06-14 17:38:11.812 1556 18234 I wm_task_to_front: [0,1032]
06-14 17:38:11.813 1556 18234 I wm_create_task: [0,1032]
06-14 17:38:11.813 1556 18234 I wm_create_activity: [0,36528851,1032,com.qiyi.video/.WelcomeActivity,android.intent.action.MAIN,NULL,NULL,270532608]
06-14 17:38:11.813 1556 18234 I wm_task_moved: [1032,1,10]
06-14 17:38:11.817 1556 18234 I wm_pause_activity: [0,106812043,com.android.launcher3/.uioverrides.QuickstepLauncher,userLeaving=true,pauseBackTasks]
06-14 17:38:11.818 1556 18234 I wm_pause_activity: [0,28663478,com.tencent.mm/.plugin.account.ui.WelcomeActivity,userLeaving=true,pauseBackTasks]
06-14 17:38:11.819 1556 18234 I wm_finish_activity: [0,99508537,1028,com.hunantv.imgo.activity/.MainActivity,recent-task-trimmed]
06-14 17:38:11.819 1556 18234 I wm_destroy_activity: [0,99508537,1028,com.hunantv.imgo.activity/.MainActivity,finish-imm:finishIfPossible]
06-14 17:38:11.822 18952 18952 I wm_on_paused_called: [106812043,com.android.launcher3.uioverrides.QuickstepLauncher,performPause]
06-14 17:38:11.823 1556 1689 I am_kill : [0,16092,com.hunantv.imgo.activity,900,remove task]
06-14 17:38:11.830 1556 18234 I wm_add_to_stopping: [0,106812043,com.android.launcher3/.uioverrides.QuickstepLauncher,makeInvisible]
06-14 17:38:11.833 1556 1689 I sysui_multi_action: [757,803,799,window_time_2,802,1]
06-14 17:38:11.835 1556 1689 I sysui_multi_action: [757,803,799,window_time_0,802,0]
06-14 17:38:11.845 1556 1828 I input_focus: [Focus leaving fc034d7 com.android.launcher3/com.android.launcher3.uioverrides.QuickstepLauncher (server),reason=NO_WINDOW]
06-14 17:38:11.862 13343 13343 I wm_on_paused_called: [28663478,com.tencent.mm.plugin.account.ui.WelcomeActivity,performPause]
06-14 17:38:11.864 1556 1589 I wm_restart_activity: [0,36528851,1032,com.qiyi.video/.WelcomeActivity]
06-14 17:38:11.864 1556 1589 I wm_set_resumed_activity: [0,com.qiyi.video/.WelcomeActivity,minimalResumeActivityLocked]
06-14 17:38:11.866 1556 1689 I am_uid_active: 10094
06-14 17:38:11.867 1556 1689 I sysui_multi_action: [757,803,799,window_time_0,802,0]
06-14 17:38:11.897 15466 15466 I wm_on_create_called: [36528851,com.qiyi.video.WelcomeActivity,performCreate]
06-14 17:38:11.908 1556 1589 I am_proc_died: [0,16092,com.hunantv.imgo.activity,900,19]
06-14 17:38:11.910 1556 1589 I am_uid_stopped: 10101
06-14 17:38:11.914 1556 1589 I wm_task_removed: [1028,removeChild:removeChild last r=ActivityRecord{5ee6139 u0 com.hunantv.imgo.activity/.MainActivity taskAffinity=10101:com.hunantv.imgo.activity t-1 f}} in t=Task{334f37e #1028 type=standard A=10101:com.hunantv.imgo.activity U=0 visible=false mode=fullscreen translucent=true sz=0 visible freeform task=true rootAffinity=10101:com.hunantv.imgo.activity isMini=false}]
06-14 17:38:11.914 1556 1589 I wm_task_removed: [1028,removeChild]
06-14 17:38:11.914 15466 15466 I wm_on_start_called: [36528851,com.qiyi.video.WelcomeActivity,handleStartActivity]
06-14 17:38:11.927 15466 15466 I wm_on_resume_called: [36528851,com.qiyi.video.WelcomeActivity,RESUME_ACTIVITY]
06-14 17:38:11.931 1556 1689 I am_uid_running: 10101
06-14 17:38:11.933 1556 1697 I am_proc_start: [0,18341,10094,com.qiyi.video:plugin1,service,{com.qiyi.video/org.qiyi.android.plugin.ipc.IPCService1}]
06-14 17:38:11.949 1556 1697 I am_proc_start: [0,18348,10101,com.hunantv.imgo.activity,NULL,]
06-14 17:38:11.963 0 0 I [ 1633.230319] binder: 18341:18341 ioctl 40046210 7ff4300c84 returned -22
06-14 17:38:11.970 1556 6193 I am_proc_bound: [0,18341,com.qiyi.video:plugin1]
06-14 17:38:11.976 0 0 I [ 1633.243142] binder: 18348:18348 ioctl 40046210 7ff4300c84 returned -22
06-14 17:38:11.977 1556 1690 I input_focus: [Focus request f7f186e com.qiyi.video/com.qiyi.video.WelcomeActivity,reason=UpdateInputWindows]
06-14 17:38:11.988 1556 1589 I am_proc_bound: [0,18348,com.hunantv.imgo.activity]
06-14 17:38:12.229 18341 18341 I auditd : type=1400 audit(0.0:3948): avc: granted { execute } for comm="tmn-5-0" path="/data/data/com.qiyi.video/app_native_lib/com.iqiyi.fastdns/1.1.3.52/arm64-v8a/libfastdns.so" dev="dm-10" ino=75351 scontext=u:r:untrusted_app:s0:c94,c256,c512,c768 tcontext=u:object_r:app_data_file:s0:c94,c256,c512,c768 tclass=file app=com.qiyi.video
06-14 17:38:12.327 15466 15466 I wm_on_top_resumed_gained_called: [36528851,com.qiyi.video.WelcomeActivity,topStateChangedWhenResumed]
06-14 17:38:12.491 18206 18206 I wm_on_create_called: [75253855,com.kugou.android.app.splash.SplashActivity,performCreate]
06-14 17:38:12.519 18206 18206 I wm_on_start_called: [75253855,com.kugou.android.app.splash.SplashActivity,handleStartActivity]
06-14 17:38:12.520 18206 18206 I wm_on_resume_called: [75253855,com.kugou.android.app.splash.SplashActivity,RESUME_ACTIVITY]
06-14 17:38:12.531 0 0 I [ 1633.793447] msm_vidc: high: 00000002: ....d: Opening video instance: 0000000000000000, 1
06-14 17:38:12.531 0 0 I [ 1633.793483] msm_vidc: err : 00000002: ....d: Failed to create debugfs for msm_vidc
06-14 17:38:12.535 18206 18206 I wm_on_top_resumed_gained_called: [75253855,com.kugou.android.app.splash.SplashActivity,topStateChangedWhenResumed]
06-14 17:38:12.535 18206 18206 I wm_on_top_resumed_lost_called: [75253855,com.kugou.android.app.splash.SplashActivity,topStateChangedWhenResumed]
06-14 17:38:12.623 0 0 I [ 1633.882289] binder: 18206:18596 ioctl 40046210 73d99c21f4 returned -22
06-14 17:38:12.705 1556 1556 I notification_enqueue: [10117,18206,com.kugou.android,99,NULL,0,Notification(channel=kg_normal shortcut=null contentView=null vibrate=null sound=null defaults=0x0 flags=0x40 color=0x00000000 vis=PRIVATE),0]
06-14 17:38:12.748 1556 1690 I wm_task_removed: [1025,removeChild:removeChild last r=ActivityRecord{4c17675 u0 com.ss.android.ugc.aweme/.splash.SplashActivity taskAffinity=10095:com.ss.android.ugc.aweme t-1 f}} in t=Task{bf5460a #1025 type=standard A=10095:com.ss.android.ugc.aweme U=0 visible=false mode=freeform translucent=true sz=0 visible freeform task=false rootAffinity=10095:com.ss.android.ugc.aweme isMini=false}]
06-14 17:38:12.748 1556 1690 I wm_task_removed: [1025,removeChild]
06-14 17:38:12.752 0 0 E [ 1634.016614] link_delay_work_func: DTC_ETH: SQI=0, link=0
06-14 17:38:12.755 1556 1686 I sysui_multi_action: [319,1408,322,1375,325,1632,757,761,758,8,759,2,806,com.kugou.android,871,com.kugou.android.app.splash.SplashActivity,904,com.android.launcher3,905,0,1320,4,1321,4]
06-14 17:38:12.756 1556 1686 I wm_activity_launch_time: [0,75253855,com.kugou.android/.app.splash.SplashActivity,1375]
06-14 17:38:12.761 1556 1686 I sysui_multi_action: [319,938,321,49,322,669,325,1633,757,761,758,8,759,2,806,com.qiyi.video,871,com.qiyi.video.WelcomeActivity,904,com.android.launcher3,905,0,1320,4,1321,4]
06-14 17:38:12.761 1556 1686 I wm_activity_launch_time: [0,36528851,com.qiyi.video/.WelcomeActivity,669]
06-14 17:38:12.762 1556 3120 I wm_stop_activity: [0,28663478,com.tencent.mm/.plugin.account.ui.WelcomeActivity]
06-14 17:38:12.765 1556 1828 I input_focus: [Focus entering f7f186e com.qiyi.video/com.qiyi.video.WelcomeActivity (server),reason=Window became focusable. Previous reason: NOT_VISIBLE]
06-14 17:38:12.766 13343 13343 I wm_on_stop_called: [28663478,com.tencent.mm.plugin.account.ui.WelcomeActivity,STOP_ACTIVITY_ITEM]
06-14 17:38:12.877 18206 18206 I auditd : type=1400 audit(0.0:3949): avc: granted { execute } for comm="AMS-loadSubDexA" path="/data/user/0/com.kugou.android/app_e_qq_com_plugin_new_69cdb90e184b6179c4f50a78f8e8a42e/libhippy.so" dev="dm-10" ino=75846 scontext=u:r:untrusted_app_27:s0:c117,c256,c512,c768 tcontext=u:object_r:app_data_file:s0:c117,c256,c512,c768 tclass=file app=com.kugou.android
06-14 17:38:12.906 1556 1556 I sysui_multi_action: [757,1501,758,1,793,201,794,0,795,201,796,99,806,com.kugou.android,857,kg_normal,858,2,947,0,1500,0,1688,1]
06-14 17:38:12.906 1556 1556 I sysui_multi_action: [757,804,799,note_interruptive,801,0,802,1]
06-14 17:38:12.901 18206 18206 I auditd : type=1400 audit(0.0:3950): avc: granted { execute } for comm="AMS-loadSubDexA" path="/data/user/0/com.kugou.android/app_e_qq_com_plugin_new_69cdb90e184b6179c4f50a78f8e8a42e/libflexbox.so" dev="dm-10" ino=75660 scontext=u:r:untrusted_app_27:s0:c117,c256,c512,c768 tcontext=u:object_r:app_data_file:s0:c117,c256,c512,c768 tclass=file app=com.kugou.android
06-14 17:38:13.236 18206 18604 I liblog : 94
06-14 17:38:13.299 1556 1689 I wm_stop_activity: [0,106812043,com.android.launcher3/.uioverrides.QuickstepLauncher]
06-14 17:38:13.329 18952 18952 I wm_on_stop_called: [106812043,com.android.launcher3.uioverrides.QuickstepLauncher,STOP_ACTIVITY_ITEM]
06-14 17:38:13.338 1556 1688 I commit_sys_config_file: [notification-policy,1624526]
06-14 17:38:13.352 1556 1695 I am_pss : [11232,1000,com.qti.diagservices,12335104,3194880,7616512,59256832,0,10,6]
06-14 17:38:13.465 15466 15466 I auditd : type=1400 audit(0.0:3951): avc: denied { read } for comm="" name="cache" dev="dm-5" ino=16 scontext=u:r:untrusted_app:s0:c94,c256,c512,c768 tcontext=u:object_r:cache_file:s0 tclass=lnk_file permissive=0 app=com.qiyi.video
06-14 17:38:13.465 15466 15466 I auditd : type=1400 audit(0.0:3952): avc: denied { read } for comm="" name="cache" dev="dm-5" ino=16 scontext=u:r:untrusted_app:s0:c94,c256,c512,c768 tcontext=u:object_r:cache_file:s0 tclass=lnk_file permissive=0 app=com.qiyi.video
06-14 17:38:13.465 15466 15466 I auditd : type=1400 audit(0.0:3953): avc: denied { read } for comm="" name="cache" dev="dm-5" ino=16 scontext=u:r:untrusted_app:s0:c94,c256,c512,c768 tcontext=u:object_r:cache_file:s0 tclass=lnk_file permissive=0 app=com.qiyi.video
06-14 17:38:13.489 18247 18247 I auditd : type=1400 audit(0.0:3954): avc: granted { nlmsg_readpriv } for comm="TTNet-AN-IO" scontext=u:r:untrusted_app_29:s0:c95,c256,c512,c768 tcontext=u:r:untrusted_app_29:s0:c95,c256,c512,c768 tclass=netlink_route_socket app=com.ss.android.ugc.aweme
06-14 17:38:13.651 0 0 I [ 1634.915880] msm_vidc: high: 00000003: ....d: Opening video instance: 0000000000000000, 1
06-14 17:38:13.651 0 0 I [ 1634.915919] msm_vidc: err : 00000003: ....d: Failed to create debugfs for msm_vidc
06-14 17:38:13.680 1556 1828 I input_interaction: Interaction with: Letterbox_right_ActivityRecord{22d62d3 u0 com.qiyi.video/.WelcomeActivity taskAffinity=10094:com.qiyi.video t1032} (server), edge-swipe (server), swipe-up (server), PointerEventDispatcher0 (server),
06-14 17:38:13.689 1556 3120 I wm_task_moved: [937,0,0]
06-14 17:38:13.689 1556 3120 I wm_task_moved: [937,0,7]
06-14 17:38:13.714 18952 18952 I wm_on_restart_called: [106812043,com.android.launcher3.uioverrides.QuickstepLauncher,performRestartActivity]
06-14 17:38:13.763 18952 18952 I wm_on_start_called: [106812043,com.android.launcher3.uioverrides.QuickstepLauncher,handleStartActivity]
06-14 17:38:13.771 1556 1690 I input_focus: [Focus request recents_animation_input_consumer,reason=UpdateInputWindows]
06-14 17:38:13.810 1556 1828 I input_focus: [Focus leaving f7f186e com.qiyi.video/com.qiyi.video.WelcomeActivity (server),reason=NOT_FOCUSABLE]
06-14 17:38:13.810 1556 1828 I input_focus: [Focus entering recents_animation_input_consumer (server),reason=setFocusedWindow]
06-14 17:38:13.810 1556 2360 I service_manager_slow: [19,platform_compat]
06-14 17:38:13.891 0 0 I [ 1635.153222] binder: 19031:19031 ioctl 40046210 7ff4300c84 returned -22
06-14 17:38:13.859 18952 18952 I sysui_latency: [1,178]
06-14 17:38:13.866 1556 1697 I am_proc_start: [0,19031,10117,com.kugou.android.support,service,{com.kugou.android/com.kugou.framework.service.ipc.peripheral.connect.SupportService}]
06-14 17:38:13.873 1556 1686 I sysui_multi_action: [319,5,322,182,325,1634,757,761,758,9,759,5,806,com.android.launcher3,871,com.android.launcher3.uioverrides.QuickstepLauncher,904,com.android.launcher3,905,0,1320,8,1321,5]
06-14 17:38:13.912 1556 1589 I am_proc_bound: [0,19031,com.kugou.android.support]
06-14 17:38:13.965 1556 1817 I commit_sys_config_file: [settings-1-0,2]
06-14 17:38:13.996 0 0 D : [ 1635.262897] F2FS-fs (dm-10): Retry to write fsync mark: ino=24435, idx=5f73
06-14 17:38:14.173 1556 1695 I sysui_latency: [8,189]
06-14 17:38:14.229 17055 17055 I auditd : type=1400 audit(0.0:3955): avc: denied { read } for comm="OneNativeThread" name="unix" dev="proc" ino=4026532271 scontext=u:r:untrusted_app:s0:c107,c256,c512,c768 tcontext=u:object_r:proc_net:s0 tclass=file permissive=0 app=com.youku.phone
06-14 17:38:14.415 1556 1828 I input_interaction: Interaction with: recents_animation_input_consumer (server), edge-swipe (server), swipe-up (server), PointerEventDispatcher0 (server),
06-14 17:38:14.462 1556 2320 I wm_task_moved: [937,1,8]
06-14 17:38:14.462 1556 2320 I wm_task_moved: [938,1,2147483647]
06-14 17:38:14.462 1556 2320 I wm_task_to_front: [0,938]
06-14 17:38:14.462 1556 2320 I wm_focused_root_task: [0,0,937,1032,RecentsAnimation.onAnimationFinished()]
06-14 17:38:14.463 1556 2320 I wm_set_resumed_activity: [0,com.android.launcher3/.uioverrides.QuickstepLauncher,RecentsAnimation.onAnimationFinished()]
06-14 17:38:14.463 15466 15466 I wm_on_top_resumed_lost_called: [36528851,com.qiyi.video.WelcomeActivity,topStateChangedWhenResumed]
06-14 17:38:14.463 1556 2320 I wm_pause_activity: [0,36528851,com.qiyi.video/.WelcomeActivity,userLeaving=true,pauseBackTasks]
06-14 17:38:14.464 1556 2320 I wm_add_to_stopping: [0,36528851,com.qiyi.video/.WelcomeActivity,makeInvisible]
06-14 17:38:14.464 1556 2320 I wm_set_resumed_activity: [0,com.android.launcher3/.uioverrides.QuickstepLauncher,resumeTopActivityInnerLocked]
06-14 17:38:14.474 1556 2320 I wm_resume_activity: [0,106812043,938,com.android.launcher3/.uioverrides.QuickstepLauncher]
06-14 17:38:14.474 18952 18952 I wm_on_resume_called: [106812043,com.android.launcher3.uioverrides.QuickstepLauncher,RESUME_ACTIVITY]
06-14 17:38:14.479 1556 1690 I input_focus: [Focus request fc034d7 com.android.launcher3/com.android.launcher3.uioverrides.QuickstepLauncher,reason=UpdateInputWindows]
06-14 17:38:14.484 1556 1689 I wm_stop_activity: [0,36528851,com.qiyi.video/.WelcomeActivity]
06-14 17:38:14.484 1556 1689 I sysui_multi_action: [757,803,799,window_time_0,802,2]
06-14 17:38:14.496 1556 1828 I input_focus: [Focus leaving recents_animation_input_consumer (server),reason=NOT_VISIBLE]
06-14 17:38:14.496 1556 1828 I input_focus: [Focus entering fc034d7 com.android.launcher3/com.android.launcher3.uioverrides.QuickstepLauncher (server),reason=setFocusedWindow]
06-14 17:38:14.499 1556 2199 I wm_task_created: [1033,-1]
06-14 17:38:14.500 15466 15466 I wm_on_paused_called: [36528851,com.qiyi.video.WelcomeActivity,performPause]
06-14 17:38:14.503 1556 2199 I wm_task_created: [1034,-1]
06-14 17:38:14.504 1556 2199 I wm_task_moved: [1034,0,-2147483648]
06-14 17:38:14.505 1556 2199 I wm_create_task: [0,1034]
06-14 17:38:14.505 1556 2199 I wm_create_activity: [0,236418957,1034,com.android.launcher3/com.android.quickstep.RecentsActivity,NULL,NULL,NULL,276889600]
06-14 17:38:14.506 1556 2199 I wm_task_moved: [1033,0,0]
06-14 17:38:14.506 1556 2199 I wm_task_moved: [1033,0,8]
06-14 17:38:14.510 1556 2199 I wm_restart_activity: [0,236418957,1034,com.android.launcher3/com.android.quickstep.RecentsActivity]
06-14 17:38:14.515 1556 1689 I sysui_multi_action: [757,803,799,window_time_0,802,0]
06-14 17:38:14.517 18952 18952 I wm_on_top_resumed_gained_called: [106812043,com.android.launcher3.uioverrides.QuickstepLauncher,topStateChangedWhenResumed]
06-14 17:38:14.553 0 0 I [ 1635.819711] msm_vidc: high: 00000002: h264d: Closed video instance: 0000000000000000
06-14 17:38:14.534 1556 1590 I wm_task_moved: [1033,1,9]
06-14 17:38:14.534 1556 1590 I wm_focused_root_task: [0,0,1033,937,RecentsAnimation.onAnimationFinished()]
06-14 17:38:14.535 1556 1590 I wm_pause_activity: [0,106812043,com.android.launcher3/.uioverrides.QuickstepLauncher,userLeaving=false,pauseBackTasks]
06-14 17:38:14.536 1556 1590 I wm_set_resumed_activity: [0,com.android.launcher3/com.android.quickstep.RecentsActivity,resumeTopActivityInnerLocked]
06-14 17:38:14.537 1556 1590 I wm_resume_activity: [0,236418957,1034,com.android.launcher3/com.android.quickstep.RecentsActivity]
06-14 17:38:14.541 1556 18734 I wm_finish_activity: [0,236418957,1034,com.android.launcher3/com.android.quickstep.RecentsActivity,app-request]
06-14 17:38:14.541 1556 18734 I wm_task_moved: [937,1,9]
06-14 17:38:14.541 1556 18734 I wm_task_moved: [938,1,2147483647]
06-14 17:38:14.541 1556 18734 I wm_focused_root_task: [0,0,937,-1,finish-top adjustFocusToNextFocusableTask]
06-14 17:38:14.541 1556 18734 I wm_pause_activity: [0,236418957,com.android.launcher3/com.android.quickstep.RecentsActivity,userLeaving=false,finish]
06-14 17:38:14.546 18952 18952 I wm_on_create_called: [236418957,com.android.quickstep.RecentsActivity,performCreate]
06-14 17:38:14.550 1556 1689 I sysui_multi_action: [757,803,799,window_time_0,802,0]
06-14 17:38:14.551 1556 1689 I sysui_multi_action: [757,1144,758,8,806,com.android.launcher3,871,com.android.quickstep.RecentsActivity]
06-14 17:38:14.552 1556 1689 I sysui_multi_action: [757,803,799,window_time_0,802,0]
06-14 17:38:14.601 1556 1589 I wm_task_created: [1035,-1]
06-14 17:38:14.607 1556 1589 I wm_task_moved: [1035,1,10]
06-14 17:38:14.607 1556 1589 I wm_task_to_front: [0,1035]
06-14 17:38:14.608 1556 1589 I wm_create_task: [0,1035]
06-14 17:38:14.608 1556 1589 I wm_create_activity: [0,152622403,1035,com.tencent.tmgp.sgame/.SGameActivity,android.intent.action.MAIN,NULL,NULL,270532608]
06-14 17:38:14.608 1556 1589 I wm_task_moved: [1035,1,10]
06-14 17:38:14.609 1556 1589 I wm_finish_activity: [0,28663478,1019,com.tencent.mm/.plugin.account.ui.WelcomeActivity,recent-task-trimmed]
06-14 17:38:14.610 1556 1589 I wm_destroy_activity: [0,28663478,1019,com.tencent.mm/.plugin.account.ui.WelcomeActivity,finish-imm:finishIfPossible]
06-14 17:38:14.617 18952 18952 I wm_on_top_resumed_lost_called: [106812043,com.android.launcher3.uioverrides.QuickstepLauncher,topStateChangedWhenResumed]
06-14 17:38:14.617 18952 18952 I wm_on_paused_called: [106812043,com.android.launcher3.uioverrides.QuickstepLauncher,performPause]
06-14 17:38:14.617 1556 1689 I am_kill : [0,13343,com.tencent.mm,700,remove task]
06-14 17:38:14.619 1556 1689 I sysui_multi_action: [757,803,799,window_time_0,802,0]
06-14 17:38:14.621 1556 2360 I am_kill : [0,15312,com.tencent.mm:push,800,remove task]
06-14 17:38:14.621 1556 1932 I wm_add_to_stopping: [0,236418957,com.android.launcher3/com.android.quickstep.RecentsActivity,completeFinishing]
06-14 17:38:14.622 1556 1932 I wm_add_to_stopping: [0,106812043,com.android.launcher3/.uioverrides.QuickstepLauncher,makeInvisible]
06-14 17:38:14.632 1556 1932 I wm_destroy_activity: [0,236418957,1034,com.android.launcher3/com.android.quickstep.RecentsActivity,finish-imm:idle]
06-14 17:38:14.632 18952 18952 I wm_on_destroy_called: [236418957,com.android.quickstep.RecentsActivity,performDestroy]
06-14 17:38:14.645 1556 1828 I input_focus: [Focus leaving fc034d7 com.android.launcher3/com.android.launcher3.uioverrides.QuickstepLauncher (server),reason=NO_WINDOW]
06-14 17:38:14.713 0 0 I [ 1635.979194] binder: 19305:19305 ioctl 40046210 7ff4300c84 returned -22
06-14 17:38:14.669 1556 1689 I am_uid_running: 10093
06-14 17:38:14.670 1556 1932 I wm_task_removed: [1034,cleanUpResourcesForDestroy]
06-14 17:38:14.670 1556 1932 I wm_task_removed: [1033,removeChild:removeChild last r=Task{a790d42 #1034 type=recents I=com.android.launcher3/com.android.quickstep.RecentsActivity U=0 visible=false mode=fullscreen translucent=true sz=0 visible freeform task=true rootAffinity=null isMini=false} in t=Task{bac16c1 #1033 type=recents ?? U=0 visible=false mode=fullscreen translucent=true sz=0 visible freeform task=true rootAffinity=null isMini=false}]
06-14 17:38:14.670 1556 1932 I wm_task_removed: [1033,removeChild]
06-14 17:38:14.670 1556 1932 I wm_task_removed: [1034,removeChild:removeChild last r=ActivityRecord{e17778d u0 com.android.launcher3/com.android.quickstep.RecentsActivity taskAffinity=null t-1 f}} in t=Task{a790d42 #1034 type=recents I=com.android.launcher3/com.android.quickstep.RecentsActivity U=0 visible=false mode=fullscreen translucent=true sz=0 visible freeform task=true rootAffinity=null isMini=false}]
06-14 17:38:14.670 1556 1932 I wm_task_removed: [1034,removeChild]
06-14 17:38:14.673 15466 15466 I wm_on_stop_called: [36528851,com.qiyi.video.WelcomeActivity,STOP_ACTIVITY_ITEM]
06-14 17:38:14.679 1556 1690 I input_focus: [Focus request 46a2595 com.kugou.android/com.kugou.android.app.splash.SplashActivity,reason=UpdateInputWindows]
06-14 17:38:14.679 1556 1689 I sysui_multi_action: [757,803,799,window_time_0,802,0]
06-14 17:38:14.682 1556 1697 I am_proc_start: [0,19305,10093,com.tencent.tmgp.sgame,top-activity,{com.tencent.tmgp.sgame/com.tencent.tmgp.sgame.SGameActivity}]
06-14 17:38:14.695 1556 1828 I input_focus: [Focus entering 46a2595 com.kugou.android/com.kugou.android.app.splash.SplashActivity (server),reason=setFocusedWindow]
06-14 17:38:14.825 0 0 E [ 1636.008088] msm_pcm_playback_close: CMD_EOS failed, cmd_pending 0x8
06-14 17:38:14.722 1556 18734 I am_proc_bound: [0,19305,com.tencent.tmgp.sgame]
06-14 17:38:14.728 1556 18734 I wm_restart_activity: [0,152622403,1035,com.tencent.tmgp.sgame/.SGameActivity]
06-14 17:38:14.731 1556 18734 I wm_set_resumed_activity: [0,com.tencent.tmgp.sgame/.SGameActivity,minimalResumeActivityLocked]
06-14 17:38:14.733 1556 1689 I am_uid_active: 10093
06-14 17:38:14.767 1556 1589 I am_proc_died: [0,15312,com.tencent.mm:push,800,10]
06-14 17:38:14.768 1556 1589 I am_schedule_service_restart: [0,com.tencent.mm/.ipcinvoker.wx_extension.service.PushProcessIPCService,1000]
06-14 17:38:14.768 1556 1589 I am_schedule_service_restart: [0,com.tencent.mm/com.tencent.matrix.lifecycle.supervisor.SupervisorService,11000]
06-14 17:38:14.768 1556 1589 I am_schedule_service_restart: [0,com.tencent.mm/.booter.CoreService,21000]
06-14 17:38:14.839 19031 19031 I liblog : 57
06-14 17:38:15.200 19305 19305 I wm_on_create_called: [152622403,com.tencent.tmgp.sgame.SGameActivity,performCreate]
06-14 17:38:15.200 19305 19305 I wm_on_start_called: [152622403,com.tencent.tmgp.sgame.SGameActivity,handleStartActivity]
06-14 17:38:15.201 19305 19305 I wm_on_resume_called: [152622403,com.tencent.tmgp.sgame.SGameActivity,RESUME_ACTIVITY]
06-14 17:38:15.203 19305 19305 I wm_on_top_resumed_gained_called: [152622403,com.tencent.tmgp.sgame.SGameActivity,topStateChangedWhenResumed]
06-14 17:38:15.216 1556 1690 I input_focus: [Focus request 4766068 com.tencent.tmgp.sgame/com.tencent.tmgp.sgame.SGameActivity,reason=UpdateInputWindows]
06-14 17:38:15.253 0 0 I [ 1636.517760] binder: 19305:19540 ioctl 40046210 73f94291f4 returned -22
06-14 17:38:15.246 1556 1828 I input_focus: [Focus leaving 46a2595 com.kugou.android/com.kugou.android.app.splash.SplashActivity (server),reason=Waiting for window because NOT_VISIBLE]
06-14 17:38:15.281 1556 1589 I wm_stop_activity: [0,106812043,com.android.launcher3/.uioverrides.QuickstepLauncher]
06-14 17:38:15.284 1556 1686 I wm_activity_launch_time: [0,152622403,com.tencent.tmgp.sgame/.SGameActivity,790]
06-14 17:38:15.284 18952 18952 I wm_on_stop_called: [106812043,com.android.launcher3.uioverrides.QuickstepLauncher,STOP_ACTIVITY_ITEM]
06-14 17:38:15.299 1556 1828 I input_focus: [Focus entering 4766068 com.tencent.tmgp.sgame/com.tencent.tmgp.sgame.SGameActivity (server),reason=Window became focusable. Previous reason: NOT_VISIBLE]
06-14 17:38:15.318 1556 4975 I am_proc_died: [0,13343,com.tencent.mm,700,15]
06-14 17:38:15.322 1556 4975 I am_uid_stopped: 10108
06-14 17:38:15.324 1556 4975 I wm_task_removed: [1019,removeChild:removeChild last r=ActivityRecord{1b55eb6 u0 com.tencent.mm/.plugin.account.ui.WelcomeActivity taskAffinity=10108:com.tencent.mm t-1 f}} in t=Task{7a4f0b #1019 type=standard A=10108:com.tencent.mm U=0 visible=false mode=freeform translucent=true sz=0 visible freeform task=false rootAffinity=10108:com.tencent.mm isMini=false}]
06-14 17:38:15.324 1556 4975 I wm_task_removed: [1019,removeChild]
06-14 17:38:15.335 1556 1689 I am_uid_running: 10108
06-14 17:38:15.345 1556 1697 I am_proc_start: [0,19743,10108,com.tencent.mm,NULL,]
06-14 17:38:15.365 1556 4975 I am_proc_bound: [0,19743,com.tencent.mm]
06-14 17:38:15.367 0 0 I [ 1636.630002] binder: 19743:19743 ioctl 40046210 7ff4300c84 returned -22
06-14 17:38:15.368 1556 4975 I am_stop_idle_service: [10108,com.tencent.mm/com.tencent.matrix.lifecycle.supervisor.SupervisorService]
06-14 17:38:15.486 1556 1828 I input_interaction: Interaction with: 4766068 com.tencent.tmgp.sgame/com.tencent.tmgp.sgame.SGameActivity (server), edge-swipe (server), swipe-up (server), PointerEventDispatcher0 (server),
06-14 17:38:15.494 1556 5363 I wm_task_moved: [937,0,0]
06-14 17:38:15.494 1556 5363 I wm_task_moved: [937,0,7]
06-14 17:38:15.511 19305 19305 I view_enqueue_input_event: [Motion - Cancel,com.tencent.tmgp.sgame/com.tencent.tmgp.sgame.SGameActivity]
06-14 17:38:15.513 1556 1828 I input_interaction: Interaction with: edge-swipe (server), swipe-up (server), PointerEventDispatcher0 (server),
06-14 17:38:15.514 1556 1690 I input_focus: [Focus request recents_animation_input_consumer,reason=UpdateInputWindows]
06-14 17:38:15.517 18952 18952 I wm_on_restart_called: [106812043,com.android.launcher3.uioverrides.QuickstepLauncher,performRestartActivity]
06-14 17:38:15.529 1556 1828 I input_focus: [Focus leaving 4766068 com.tencent.tmgp.sgame/com.tencent.tmgp.sgame.SGameActivity (server),reason=NOT_FOCUSABLE]
06-14 17:38:15.529 1556 1828 I input_focus: [Focus entering recents_animation_input_consumer (server),reason=setFocusedWindow]
06-14 17:38:15.588 18952 18952 I wm_on_start_called: [106812043,com.android.launcher3.uioverrides.QuickstepLauncher,handleStartActivity]
06-14 17:38:15.597 18206 18206 I auditd : type=1400 audit(0.0:3956): avc: granted { nlmsg_readpriv } for comm="pool-14-thread-" scontext=u:r:untrusted_app_27:s0:c117,c256,c512,c768 tcontext=u:r:untrusted_app_27:s0:c117,c256,c512,c768 tclass=netlink_route_socket app=com.kugou.android
06-14 17:38:15.601 18952 18952 I sysui_latency: [1,115]
06-14 17:38:15.618 1556 1686 I sysui_multi_action: [319,4,322,120,325,1636,757,761,758,9,759,5,806,com.android.launcher3,871,com.android.launcher3.uioverrides.QuickstepLauncher,904,com.android.launcher3,905,0,1320,8,1321,5]
06-14 17:38:15.621 1556 1695 I am_kill : [0,21249,com.tencent.ilink.ServiceProcess,100,remove task]
06-14 17:38:15.749 1556 2199 I am_proc_died: [0,21249,com.tencent.ilink.ServiceProcess,100,5]
06-14 17:38:15.750 1556 2199 I am_schedule_service_restart: [0,com.tencent.android.qqdownloader/com.tencent.luggage.services.WxaStartUpService,1000]
06-14 17:38:15.789 1556 1817 I commit_sys_config_file: [settings-1-0,1]
06-14 17:38:15.916 1556 1695 I sysui_latency: [8,124]
06-14 17:38:15.971 0 0 I [ 1637.238980] binder: 19346:19498 transaction failed 29189/-22, size 220-8 line 3071
06-14 17:38:15.948 18206 19976 I liblog : 254
06-14 17:38:15.948 18206 19976 I liblog : 1
06-14 17:38:15.975 18206 18861 I liblog : 312
06-14 17:38:16.077 0 0 E [ 1637.344047] msm_pcm_playback_close: CMD_EOS failed, cmd_pending 0x8
06-14 17:38:16.216 1556 18734 I wm_task_moved: [937,1,8]
06-14 17:38:16.216 1556 18734 I wm_task_moved: [938,1,2147483647]
06-14 17:38:16.216 1556 18734 I wm_task_to_front: [0,938]
06-14 17:38:16.217 1556 18734 I wm_focused_root_task: [0,0,937,1035,RecentsAnimation.onAnimationFinished()]
06-14 17:38:16.217 19305 19305 I wm_on_top_resumed_lost_called: [152622403,com.tencent.tmgp.sgame.SGameActivity,topStateChangedWhenResumed]
06-14 17:38:16.217 1556 18734 I wm_set_resumed_activity: [0,com.android.launcher3/.uioverrides.QuickstepLauncher,RecentsAnimation.onAnimationFinished()]
06-14 17:38:16.217 1556 18734 I wm_pause_activity: [0,152622403,com.tencent.tmgp.sgame/.SGameActivity,userLeaving=true,pauseBackTasks]
06-14 17:38:16.218 1556 18734 I wm_add_to_stopping: [0,152622403,com.tencent.tmgp.sgame/.SGameActivity,makeInvisible]
06-14 17:38:16.218 1556 18734 I wm_set_resumed_activity: [0,com.android.launcher3/.uioverrides.QuickstepLauncher,resumeTopActivityInnerLocked]
06-14 17:38:16.223 1556 18734 I wm_resume_activity: [0,106812043,938,com.android.launcher3/.uioverrides.QuickstepLauncher]
06-14 17:38:16.227 1556 1690 I input_focus: [Focus request fc034d7 com.android.launcher3/com.android.launcher3.uioverrides.QuickstepLauncher,reason=UpdateInputWindows]
06-14 17:38:16.228 19305 19305 I wm_on_paused_called: [152622403,com.tencent.tmgp.sgame.SGameActivity,performPause]
06-14 17:38:16.229 18952 18952 I wm_on_resume_called: [106812043,com.android.launcher3.uioverrides.QuickstepLauncher,RESUME_ACTIVITY]
06-14 17:38:16.229 18952 18952 I wm_on_top_resumed_gained_called: [106812043,com.android.launcher3.uioverrides.QuickstepLauncher,topStateChangedWhenResumed]
06-14 17:38:16.230 1556 1828 I input_focus: [Focus leaving recents_animation_input_consumer (server),reason=NOT_VISIBLE]
06-14 17:38:16.231 1556 6270 I wm_task_created: [1036,-1]
06-14 17:38:16.232 1556 6270 I wm_task_created: [1037,-1]
06-14 17:38:16.233 1556 6270 I wm_task_moved: [1037,0,-2147483648]
06-14 17:38:16.234 1556 6270 I wm_create_task: [0,1037]
06-14 17:38:16.234 1556 6270 I wm_create_activity: [0,163671519,1037,com.android.launcher3/com.android.quickstep.RecentsActivity,NULL,NULL,NULL,276889600]
06-14 17:38:16.234 1556 6270 I wm_task_moved: [1036,0,0]
06-14 17:38:16.234 1556 6270 I wm_task_moved: [1036,0,8]
06-14 17:38:16.236 1556 6270 I wm_restart_activity: [0,163671519,1037,com.android.launcher3/com.android.quickstep.RecentsActivity]
06-14 17:38:16.246 1556 18234 I wm_task_moved: [1036,1,9]
06-14 17:38:16.247 1556 18234 I wm_focused_root_task: [0,0,1036,937,RecentsAnimation.onAnimationFinished()]
06-14 17:38:16.247 1556 18234 I wm_pause_activity: [0,106812043,com.android.launcher3/.uioverrides.QuickstepLauncher,userLeaving=false,pauseBackTasks]
06-14 17:38:16.248 1556 18234 I wm_set_resumed_activity: [0,com.android.launcher3/com.android.quickstep.RecentsActivity,resumeTopActivityInnerLocked]
06-14 17:38:16.248 1556 18234 I wm_resume_activity: [0,163671519,1037,com.android.launcher3/com.android.quickstep.RecentsActivity]
06-14 17:38:16.251 1556 1828 I input_focus: [Focus entering fc034d7 com.android.launcher3/com.android.launcher3.uioverrides.QuickstepLauncher (server),reason=setFocusedWindow]
06-14 17:38:16.253 1556 1689 I wm_stop_activity: [0,152622403,com.tencent.tmgp.sgame/.SGameActivity]
06-14 17:38:16.262 1556 1689 I sysui_multi_action: [757,803,799,window_time_0,802,2]
06-14 17:38:16.262 18206 18639 D SubscriptionManager: [getSubId]- fail
06-14 17:38:16.262 18206 18639 D SubscriptionManager: [getSubId]- fail
06-14 17:38:16.266 1556 1689 I sysui_multi_action: [757,803,799,window_time_0,802,0]
06-14 17:38:16.267 19305 19305 I wm_on_stop_called: [152622403,com.tencent.tmgp.sgame.SGameActivity,STOP_ACTIVITY_ITEM]
06-14 17:38:16.269 1556 1828 I input_interaction: Interaction with: fc034d7 com.android.launcher3/com.android.launcher3.uioverrides.QuickstepLauncher (server), 1c9764a com.android.systemui.ImageWallpaper (server), edge-swipe (server), swipe-up (server), PointerEventDispatcher0 (server),
06-14 17:38:16.273 1556 1689 I sysui_multi_action: [757,803,799,window_time_0,802,0]
06-14 17:38:16.279 1556 1689 I sysui_multi_action: [757,803,799,window_time_0,802,0]
06-14 17:38:16.283 1556 1817 I commit_sys_config_file: [settings-2-0,2]
06-14 17:38:16.283 1556 6413 I wm_finish_activity: [0,163671519,1037,com.android.launcher3/com.android.quickstep.RecentsActivity,app-request]
06-14 17:38:16.284 1556 6413 I wm_task_moved: [937,1,9]
06-14 17:38:16.284 1556 6413 I wm_task_moved: [938,1,2147483647]
06-14 17:38:16.284 1556 6413 I wm_focused_root_task: [0,0,937,-1,finish-top adjustFocusToNextFocusableTask]
06-14 17:38:16.284 1556 6413 I wm_pause_activity: [0,163671519,com.android.launcher3/com.android.quickstep.RecentsActivity,userLeaving=false,finish]
06-14 17:38:16.285 18952 18952 I wm_on_create_called: [163671519,com.android.quickstep.RecentsActivity,performCreate]
06-14 17:38:16.285 1556 1690 I input_focus: [Focus request fc034d7 com.android.launcher3/com.android.launcher3.uioverrides.QuickstepLauncher,reason=UpdateInputWindows]
06-14 17:38:16.290 18952 18952 I wm_on_top_resumed_lost_called: [106812043,com.android.launcher3.uioverrides.QuickstepLauncher,topStateChangedWhenResumed]
06-14 17:38:16.291 18952 18952 I wm_on_paused_called: [106812043,com.android.launcher3.uioverrides.QuickstepLauncher,performPause]
06-14 17:38:16.292 1556 1689 I sysui_multi_action: [757,1144,758,8,806,com.android.launcher3,871,com.android.quickstep.RecentsActivity]
06-14 17:38:16.293 1556 15732 I wm_set_resumed_activity: [0,com.android.launcher3/.uioverrides.QuickstepLauncher,resumeTopActivityInnerLocked]
06-14 17:38:16.294 1556 15732 I wm_resume_activity: [0,106812043,938,com.android.launcher3/.uioverrides.QuickstepLauncher]
06-14 17:38:16.298 18952 18952 I wm_on_resume_called: [106812043,com.android.launcher3.uioverrides.QuickstepLauncher,RESUME_ACTIVITY]
06-14 17:38:16.298 18952 18952 I wm_on_top_resumed_gained_called: [106812043,com.android.launcher3.uioverrides.QuickstepLauncher,topWhenResuming]
06-14 17:38:16.299 1556 1689 I sysui_multi_action: [757,803,799,window_time_0,802,0]
06-14 17:38:16.313 1556 18234 I wm_destroy_activity: [0,163671519,1037,com.android.launcher3/com.android.quickstep.RecentsActivity,finish-idle]
06-14 17:38:16.313 18952 18952 I wm_on_destroy_called: [163671519,com.android.quickstep.RecentsActivity,performDestroy]
06-14 17:38:16.314 1556 18234 I wm_task_removed: [1037,cleanUpResourcesForDestroy]
06-14 17:38:16.314 1556 18234 I wm_task_removed: [1036,removeChild:removeChild last r=Task{4fea2c #1037 type=recents I=com.android.launcher3/com.android.quickstep.RecentsActivity U=0 visible=false mode=fullscreen translucent=true sz=0 visible freeform task=true rootAffinity=null isMini=false} in t=Task{6352c4 #1036 type=recents ?? U=0 visible=false mode=fullscreen translucent=true sz=0 visible freeform task=true rootAffinity=null isMini=false}]
06-14 17:38:16.314 1556 18234 I wm_task_removed: [1036,removeChild]
06-14 17:38:16.314 1556 18234 I wm_task_removed: [1037,removeChild:removeChild last r=ActivityRecord{9c16ddf u0 com.android.launcher3/com.android.quickstep.RecentsActivity taskAffinity=null t-1 f}} in t=Task{4fea2c #1037 type=recents I=com.android.launcher3/com.android.quickstep.RecentsActivity U=0 visible=false mode=fullscreen translucent=true sz=0 visible freeform task=true rootAffinity=null isMini=false}]
06-14 17:38:16.314 1556 18234 I wm_task_removed: [1037,removeChild]
06-14 17:38:16.374 1556 6532 I wm_task_created: [1038,-1]
06-14 17:38:16.379 1556 6532 I wm_task_moved: [1038,1,9]
06-14 17:38:16.379 1556 6532 I wm_task_to_front: [0,1038]
06-14 17:38:16.379 1556 6532 I wm_create_task: [0,1038]
06-14 17:38:16.379 1556 6532 I wm_create_activity: [0,80446962,1038,com.tencent.tmgp.speedmobile/com.tencent.gcloud.msdk.core.policy.MSDKPolicyActivity,android.intent.action.MAIN,NULL,NULL,270532608]
06-14 17:38:16.379 1556 6532 I wm_task_moved: [1038,1,9]
06-14 17:38:16.383 1556 6532 I wm_pause_activity: [0,106812043,com.android.launcher3/.uioverrides.QuickstepLauncher,userLeaving=true,pauseBackTasks]
06-14 17:38:16.384 1556 6532 I wm_finish_activity: [0,36528851,1032,com.qiyi.video/.WelcomeActivity,recent-task-trimmed]
06-14 17:38:16.384 1556 6532 I wm_destroy_activity: [0,36528851,1032,com.qiyi.video/.WelcomeActivity,finish-imm:finishIfPossible]
06-14 17:38:16.387 18952 18952 I wm_on_top_resumed_lost_called: [106812043,com.android.launcher3.uioverrides.QuickstepLauncher,topStateChangedWhenResumed]
06-14 17:38:16.387 1556 1689 I am_uid_running: 10100
06-14 17:38:16.388 18952 18952 I wm_on_paused_called: [106812043,com.android.launcher3.uioverrides.QuickstepLauncher,performPause]
06-14 17:38:16.391 1556 18234 I wm_add_to_stopping: [0,106812043,com.android.launcher3/.uioverrides.QuickstepLauncher,makeInvisible]
06-14 17:38:16.400 1556 1828 I input_focus: [Focus leaving fc034d7 com.android.launcher3/com.android.launcher3.uioverrides.QuickstepLauncher (server),reason=NO_WINDOW]
06-14 17:38:16.401 1556 1689 I sysui_multi_action: [757,803,799,window_time_0,802,0]
06-14 17:38:16.402 1556 1697 I am_proc_start: [0,20167,10100,com.tencent.tmgp.speedmobile,pre-top-activity,{com.tencent.tmgp.speedmobile/com.tencent.gcloud.msdk.core.policy.MSDKPolicyActivity}]
06-14 17:38:16.403 1556 1689 I sysui_multi_action: [757,803,799,window_time_0,802,0]
06-14 17:38:16.444 0 0 I [ 1637.709701] msm_vidc: high: 00000003: h264d: Closed video instance: 0000000000000000
06-14 17:38:16.453 0 0 I [ 1637.719751] binder: 20167:20167 ioctl 40046210 7ff4300c84 returned -22
06-14 17:38:16.458 1556 15732 I am_proc_bound: [0,20167,com.tencent.tmgp.speedmobile]
06-14 17:38:16.462 1556 15732 I wm_restart_activity: [0,80446962,1038,com.tencent.tmgp.speedmobile/com.tencent.gcloud.msdk.core.policy.MSDKPolicyActivity]
06-14 17:38:16.463 1556 15732 I wm_set_resumed_activity: [0,com.tencent.tmgp.speedmobile/com.tencent.gcloud.msdk.core.policy.MSDKPolicyActivity,minimalResumeActivityLocked]
06-14 17:38:16.464 1556 1689 I am_uid_active: 10100
06-14 17:38:16.552 1556 1556 I notification_enqueue: [10117,19031,com.kugou.android,99,NULL,0,Notification(channel=kg_play shortcut=null contentView=null vibrate=null sound=null defaults=0x0 flags=0x42 color=0x00000000 vis=PRIVATE),1]
06-14 17:38:16.564 1556 1556 I notification_enqueue: [10117,19031,com.kugou.android,99,NULL,0,Notification(channel=kg_play shortcut=null contentView=null vibrate=null sound=null defaults=0x0 flags=0x42 color=0x00000000 vis=PRIVATE),1]
06-14 17:38:16.570 15466 15466 I wm_on_destroy_called: [36528851,com.qiyi.video.WelcomeActivity,performDestroy]
06-14 17:38:16.584 1556 6192 I wm_task_removed: [1032,removeChild:removeChild last r=ActivityRecord{22d62d3 u0 com.qiyi.video/.WelcomeActivity taskAffinity=10094:com.qiyi.video t-1 f}} in t=Task{3a18e10 #1032 type=standard A=10094:com.qiyi.video U=0 visible=false mode=fullscreen translucent=true sz=0 visible freeform task=true rootAffinity=10094:com.qiyi.video isMini=false}]
06-14 17:38:16.584 1556 6192 I wm_task_removed: [1032,removeChild]
06-14 17:38:16.585 1556 5961 I am_kill : [0,18341,com.qiyi.video:plugin1,0,remove task]
06-14 17:38:16.588 1556 5961 I am_kill : [0,15466,com.qiyi.video,905,remove task]
06-14 17:38:16.589 19031 19031 I auditd : type=1400 audit(0.0:3957): avc: granted { nlmsg_readpriv } for comm="pool-3-thread-9" scontext=u:r:untrusted_app_27:s0:c117,c256,c512,c768 tcontext=u:r:untrusted_app_27:s0:c117,c256,c512,c768 tclass=netlink_route_socket app=com.kugou.android
06-14 17:38:16.599 1556 5961 I am_wtf : [0,19743,com.tencent.mm,949501508,FirebaseApp,Remote stack trace:
06-14 17:38:16.599 1556 5961 I am_wtf : at com.android.server.content.ContentService.registerContentObserver(ContentService.java:357)
06-14 17:38:16.599 1556 5961 I am_wtf : at android.content.IContentService$Stub.onTransact(IContentService.java:484)
06-14 17:38:16.599 1556 5961 I am_wtf : at android.os.Binder.execTransactInternal(Binder.java:1179)
06-14 17:38:16.599 1556 5961 I am_wtf : at android.os.Binder.execTransact(Binder.java:1143)
06-14 17:38:16.599 1556 5961 I am_wtf : ]
06-14 17:38:16.607 20167 20167 I wm_on_create_called: [80446962,com.tencent.gcloud.msdk.core.policy.MSDKPolicyActivity,performCreate]
06-14 17:38:16.607 20167 20167 I wm_on_start_called: [80446962,com.tencent.gcloud.msdk.core.policy.MSDKPolicyActivity,handleStartActivity]
06-14 17:38:16.608 20167 20167 I wm_on_resume_called: [80446962,com.tencent.gcloud.msdk.core.policy.MSDKPolicyActivity,RESUME_ACTIVITY]
06-14 17:38:16.615 20167 20167 I wm_on_top_resumed_gained_called: [80446962,com.tencent.gcloud.msdk.core.policy.MSDKPolicyActivity,topStateChangedWhenResumed]
06-14 17:38:16.631 1556 6192 I am_proc_died: [0,18341,com.qiyi.video:plugin1,0,10]
06-14 17:38:16.632 1556 6192 I am_schedule_service_restart: [0,com.qiyi.video/org.qiyi.android.plugin.ipc.IPCService1,10118]
06-14 17:38:16.636 1556 1690 I input_focus: [Focus request e3c2b77 com.tencent.tmgp.speedmobile/com.tencent.gcloud.msdk.core.policy.MSDKPolicyActivity,reason=UpdateInputWindows]
06-14 17:38:16.657 0 0 I [ 1637.924540] binder: 20167:20215 ioctl 40046210 7460ff81f4 returned -22
06-14 17:38:16.693 1556 1686 I wm_activity_launch_time: [0,80446962,com.tencent.tmgp.speedmobile/com.tencent.gcloud.msdk.core.policy.MSDKPolicyActivity,463]
06-14 17:38:16.695 1556 1828 I input_focus: [Focus entering e3c2b77 com.tencent.tmgp.speedmobile/com.tencent.gcloud.msdk.core.policy.MSDKPolicyActivity (server),reason=Window became focusable. Previous reason: NOT_VISIBLE]
06-14 17:38:16.720 1556 2360 I am_proc_died: [0,15466,com.qiyi.video,905,10]
06-14 17:38:16.722 0 0 I [ 1637.987931] binder: undelivered transaction 789943, process died.
06-14 17:38:16.722 0 0 I [ 1637.987933] binder: undelivered transaction 789945, process died.
06-14 17:38:16.722 0 0 I [ 1637.987934] binder: undelivered transaction 789946, process died.
06-14 17:38:16.721 1556 2360 I am_schedule_service_restart: [0,com.qiyi.video/org.qiyi.video.module.icommunication.ipc.HostService,10029]
06-14 17:38:16.721 1556 2360 I am_uid_stopped: 10094
06-14 17:38:16.732 0 0 I [ 1637.994251] binder: undelivered transaction 789940, process died.
06-14 17:38:16.756 1556 1689 I am_uid_running: 10094
06-14 17:38:16.757 1556 1697 I am_proc_start: [0,20267,10092,com.tencent.ilink.ServiceProcess,service,{com.tencent.android.qqdownloader/com.tencent.luggage.services.WxaStartUpService}]
06-14 17:38:16.767 1556 1697 I am_proc_start: [0,20269,10094,com.qiyi.video,NULL,]
06-14 17:38:16.788 0 0 I [ 1638.055206] binder: 20267:20267 ioctl 40046210 ffc7d638 returned -22
06-14 17:38:16.792 1556 2043 I am_proc_bound: [0,20267,com.tencent.ilink.ServiceProcess]
06-14 17:38:16.794 0 0 I [ 1638.058046] binder: 20269:20269 ioctl 40046210 7ff4300c84 returned -22
06-14 17:38:16.802 1556 2043 I am_proc_bound: [0,20269,com.qiyi.video]
06-14 17:38:16.805 1556 2043 I am_stop_idle_service: [10094,com.qiyi.video/org.qiyi.video.module.icommunication.ipc.HostService]
06-14 17:38:16.939 1556 1556 I notification_enqueue: [10117,19031,com.kugou.android,99,NULL,0,Notification(channel=kg_play shortcut=null contentView=null vibrate=null sound=null defaults=0x0 flags=0x42 color=0x00000000 category=transport actions=5 vis=PUBLIC),1]
06-14 17:38:16.964 1556 1689 I wm_stop_activity: [0,106812043,com.android.launcher3/.uioverrides.QuickstepLauncher]
06-14 17:38:16.976 1556 1828 I input_interaction: Interaction with: edge-swipe (server), swipe-up (server), PointerEventDispatcher0 (server),
06-14 17:38:16.982 1556 6192 I wm_task_moved: [937,0,0]
06-14 17:38:16.983 1556 6192 I wm_task_moved: [937,0,7]
06-14 17:38:16.991 18952 18952 I wm_on_stop_called: [106812043,com.android.launcher3.uioverrides.QuickstepLauncher,STOP_ACTIVITY_ITEM]
06-14 17:38:16.993 18952 18952 I wm_on_restart_called: [106812043,com.android.launcher3.uioverrides.QuickstepLauncher,performRestartActivity]
06-14 17:38:16.993 18952 18952 I wm_on_start_called: [106812043,com.android.launcher3.uioverrides.QuickstepLauncher,handleStartActivity]
06-14 17:38:17.093 19031 19031 I auditd : type=1400 audit(0.0:3958): avc: granted { nlmsg_readpriv } for comm="pool-3-thread-4" scontext=u:r:untrusted_app_27:s0:c117,c256,c512,c768 tcontext=u:r:untrusted_app_27:s0:c117,c256,c512,c768 tclass=netlink_route_socket app=com.kugou.android
06-14 17:38:17.098 18952 18952 I sysui_latency: [1,5]
06-14 17:38:17.099 1556 1690 I input_focus: [Focus request recents_animation_input_consumer,reason=UpdateInputWindows]
06-14 17:38:17.114 1556 1828 I input_focus: [Focus leaving e3c2b77 com.tencent.tmgp.speedmobile/com.tencent.gcloud.msdk.core.policy.MSDKPolicyActivity (server),reason=NOT_FOCUSABLE]
06-14 17:38:17.114 1556 1828 I input_focus: [Focus entering recents_animation_input_consumer (server),reason=setFocusedWindow]
06-14 17:38:17.158 1556 1556 I sysui_multi_action: [757,128,758,5,759,8,793,128395,794,0,795,128395,796,1,797,empty_media,806,com.android.systemui,857,empty_media_style_id,858,4,946,empty_media,947,0,1500,128195,1641,transport,1688,1,1745,1043716538]
06-14 17:38:17.158 1556 1556 I notification_canceled: [0|com.android.systemui|1|empty_media|10075,8,128395,128395,0,-1,-1,NULL]
06-14 17:38:17.209 20267 20267 I auditd : type=1400 audit(0.0:3959): avc: granted { execute } for comm=".ServiceProcess" path="/data/user/0/com.tencent.android.qqdownloader/files/shell/4_8434130_8479/lib/armeabi/libmmkv.so" dev="dm-10" ino=5169 scontext=u:r:untrusted_app_27:s0:c512,c768 tcontext=u:object_r:app_data_file:s0:c512,c768 tclass=file app=com.tencent.android.qqdownloader
06-14 17:38:17.245 20267 20267 I auditd : type=1400 audit(0.0:3960): avc: granted { execute } for comm="temporary-1" path="/data/user/0/com.tencent.android.qqdownloader/files/shell/4_8434130_8479/lib/armeabi/libmarsxlog.so" dev="dm-10" ino=5168 scontext=u:r:untrusted_app_27:s0:c512,c768 tcontext=u:object_r:app_data_file:s0:c512,c768 tclass=file app=com.tencent.android.qqdownloader
06-14 17:38:17.298 1556 1817 I commit_sys_config_file: [settings-1-0,1]
06-14 17:38:17.357 20267 20267 I auditd : type=1400 audit(0.0:3961): avc: granted { execute } for comm=".ServiceProcess" path="/data/user/0/com.tencent.android.qqdownloader/files/res_hub/yyb/online/wx_sdk_so_3_32_20/armeabi-v7a/libc++_shared.so" dev="dm-10" ino=37494 scontext=u:r:untrusted_app_27:s0:c512,c768 tcontext=u:object_r:app_data_file:s0:c512,c768 tclass=file app=com.tencent.android.qqdownloader
06-14 17:38:17.369 20267 20267 I auditd : type=1400 audit(0.0:3962): avc: granted { execute } for comm=".ServiceProcess" path="/data/user/0/com.tencent.android.qqdownloader/files/res_hub/yyb/online/wx_sdk_so_3_32_20/armeabi-v7a/libwechatxlog.so" dev="dm-10" ino=37510 scontext=u:r:untrusted_app_27:s0:c512,c768 tcontext=u:object_r:app_data_file:s0:c512,c768 tclass=file app=com.tencent.android.qqdownloader
