06-14 17:38:33.693 1556 2360 I wm_set_resumed_activity: [0,com.kugou.android/com.kugou.crash.snow.JonSnow$HintActivity,positionChildAt]
06-14 17:38:33.693 1556 2360 I wm_create_activity: [0,135626228,1031,com.kugou.android/.app.splash.SplashActivity,android.intent.action.MAIN,NULL,NULL,274726912]
06-14 17:38:33.694 1556 2360 I wm_pause_activity: [0,105459777,com.kugou.android/com.kugou.crash.snow.JonSnow$HintActivity,userLeaving=true,resumeTopActivityInnerLocked]
06-14 17:38:33.696 1556 1690 I input_focus: [Focus request fea8a7e com.kugou.android/com.kugou.crash.snow.JonSnow$HintActivity,reason=UpdateInputWindows]
06-14 17:38:33.697 18952 18952 I wm_on_top_resumed_lost_called: [106812043,com.android.launcher3.uioverrides.QuickstepLauncher,topStateChangedWhenResumed]
06-14 17:38:33.702 18206 18206 I wm_on_paused_called: [105459777,com.kugou.crash.snow.JonSnow$HintActivity,performPause]
06-14 17:38:33.704 1556 5363 I wm_restart_activity: [0,135626228,1031,com.kugou.android/.app.splash.SplashActivity]
06-14 17:38:33.705 1556 5363 I wm_set_resumed_activity: [0,com.kugou.android/.app.splash.SplashActivity,minimalResumeActivityLocked]
06-14 17:38:33.708 1556 1689 I sysui_multi_action: [757,803,799,window_time_0,802,2]
06-14 17:38:33.714 1556 1828 I input_focus: [Focus leaving fc034d7 com.android.launcher3/com.android.launcher3.uioverrides.QuickstepLauncher (server),reason=setFocusedWindow]
06-14 17:38:33.714 1556 1828 I input_focus: [Focus entering fea8a7e com.kugou.android/com.kugou.crash.snow.JonSnow$HintActivity (server),reason=setFocusedWindow]
06-14 17:38:33.727 1556 1695 I am_pss : [18206,10117,com.kugou.android,280645632,188600320,32768,495112192,0,2,21]
06-14 17:38:33.729 1556 5961 I wm_finish_activity: [0,135626228,1031,com.kugou.android/.app.splash.SplashActivity,app-request]
06-14 17:38:33.736 1556 5961 I wm_pause_activity: [0,135626228,com.kugou.android/.app.splash.SplashActivity,userLeaving=false,finish]
06-14 17:38:33.742 18206 18206 I wm_on_create_called: [135626228,com.kugou.android.app.splash.SplashActivity,performCreate]
06-14 17:38:33.751 1556 5961 I wm_set_resumed_activity: [0,com.kugou.android/com.kugou.crash.snow.JonSnow$HintActivity,resumeTopActivityInnerLocked]
06-14 17:38:33.751 1556 5961 I wm_resume_activity: [0,105459777,1031,com.kugou.android/com.kugou.crash.snow.JonSnow$HintActivity]
06-14 17:38:33.755 1556 1690 I input_focus: [Focus request fea8a7e com.kugou.android/com.kugou.crash.snow.JonSnow$HintActivity,reason=UpdateInputWindows]
06-14 17:38:33.755 1556 1689 I sysui_multi_action: [757,803,799,window_time_2,802,1]
06-14 17:38:33.763 18206 18206 I wm_on_resume_called: [105459777,com.kugou.crash.snow.JonSnow$HintActivity,RESUME_ACTIVITY]
06-14 17:38:33.763 18206 18206 I wm_on_top_resumed_gained_called: [105459777,com.kugou.crash.snow.JonSnow$HintActivity,topWhenResuming]
06-14 17:38:33.765 1556 5363 I wm_destroy_activity: [0,135626228,1031,com.kugou.android/.app.splash.SplashActivity,finish-idle]
06-14 17:38:33.770 18206 18206 I wm_on_destroy_called: [135626228,com.kugou.android.app.splash.SplashActivity,performDestroy]
06-14 17:38:34.081 1556 2360 I wm_task_created: [1044,-1]
06-14 17:38:34.084 1556 2360 I wm_task_moved: [1044,1,9]
06-14 17:38:34.084 1556 2360 I wm_task_to_front: [0,1044]
06-14 17:38:34.084 1556 2360 I wm_create_task: [0,1044]
06-14 17:38:34.084 1556 2360 I wm_create_activity: [0,69262217,1044,com.tencent.mm/.ui.LauncherUI,android.intent.action.MAIN,NULL,NULL,270532608]
06-14 17:38:34.084 1556 2360 I wm_task_moved: [1044,1,9]
06-14 17:38:34.084 18206 18206 I wm_on_top_resumed_lost_called: [105459777,com.kugou.crash.snow.JonSnow$HintActivity,topStateChangedWhenResumed]
06-14 17:38:34.086 1556 2360 I wm_restart_activity: [0,69262217,1044,com.tencent.mm/.ui.LauncherUI]
06-14 17:38:34.087 1556 2360 I wm_set_resumed_activity: [0,com.tencent.mm/.ui.LauncherUI,minimalResumeActivityLocked]
06-14 17:38:34.087 1556 2360 I wm_finish_activity: [0,80446962,1038,com.tencent.tmgp.speedmobile/com.tencent.gcloud.msdk.core.policy.MSDKPolicyActivity,recent-task-trimmed]
06-14 17:38:34.088 1556 2360 I wm_destroy_activity: [0,80446962,1038,com.tencent.tmgp.speedmobile/com.tencent.gcloud.msdk.core.policy.MSDKPolicyActivity,finish-imm:finishIfPossible]
06-14 17:38:34.088 1556 2360 I wm_add_to_stopping: [0,105459777,com.kugou.android/com.kugou.crash.snow.JonSnow$HintActivity,makeInvisible]
06-14 17:38:34.088 1556 2360 I wm_add_to_stopping: [0,165519259,com.kugou.android/com.kugou.common.useraccount.app.KgUserLoginAndRegActivity,makeInvisible]
06-14 17:38:34.088 1556 2360 I wm_add_to_stopping: [0,43458523,com.kugou.android/.app.MediaActivity,makeInvisible]
06-14 17:38:34.088 20167 20167 I wm_on_destroy_called: [80446962,com.tencent.gcloud.msdk.core.policy.MSDKPolicyActivity,performDestroy]
06-14 17:38:34.091 1556 1689 I am_uid_active: 10108
06-14 17:38:34.094 1556 1689 I am_kill : [0,20167,com.tencent.tmgp.speedmobile,900,remove task]
06-14 17:38:34.098 1556 1689 I sysui_multi_action: [757,803,799,window_time_2,802,0]
06-14 17:38:34.112 1556 1828 I input_focus: [Focus leaving fea8a7e com.kugou.android/com.kugou.crash.snow.JonSnow$HintActivity (server),reason=NO_WINDOW]
06-14 17:38:34.129 0 0 I [ 1655.396736] binder: undelivered TRANSACTION_COMPLETE
06-14 17:38:34.129 0 0 I [ 1655.396744] binder: undelivered transaction 818822, process died.
06-14 17:38:34.130 1556 2320 I am_proc_died: [0,20167,com.tencent.tmgp.speedmobile,900,19]
06-14 17:38:34.130 1556 2320 I am_uid_stopped: 10100
06-14 17:38:34.131 1556 2320 I wm_task_removed: [1038,removeChild:removeChild last r=ActivityRecord{4cb85f2 u0 com.tencent.tmgp.speedmobile/com.tencent.gcloud.msdk.core.policy.MSDKPolicyActivity taskAffinity=10100:com.tencent.tmgp.speedmobile t-1 f}} in t=Task{8a3f443 #1038 type=standard A=10100:com.tencent.tmgp.speedmobile U=0 visible=false mode=fullscreen translucent=true sz=0 visible freeform task=true rootAffinity=10100:com.tencent.tmgp.speedmobile isMini=false}]
06-14 17:38:34.131 1556 2320 I wm_task_removed: [1038,removeChild]
06-14 17:38:34.176 1556 1697 I am_proc_start: [0,21715,10108,com.tencent.mm:push,service,{com.tencent.mm/com.tencent.mm.booter.CoreService}]
06-14 17:38:34.181 1556 5836 I wm_task_moved: [1044,1,8]
06-14 17:38:34.181 1556 5836 I wm_set_resumed_activity: [0,com.tencent.mm/.ui.LauncherUI,positionChildAt]
06-14 17:38:34.181 1556 5836 I wm_create_activity: [0,246729708,1044,com.tencent.mm/.plugin.account.ui.WelcomeActivity,NULL,NULL,NULL,536870912]
06-14 17:38:34.181 1556 5836 I wm_pause_activity: [0,69262217,com.tencent.mm/.ui.LauncherUI,userLeaving=true,resumeTopActivityInnerLocked]
06-14 17:38:34.187 0 0 I [ 1655.453876] binder: 21715:21715 ioctl 40046210 7ff4300c84 returned -22
06-14 17:38:34.190 19743 19743 I wm_on_create_called: [69262217,com.tencent.mm.ui.LauncherUI,performCreate]
06-14 17:38:34.195 1556 6132 I am_proc_bound: [0,21715,com.tencent.mm:push]
06-14 17:38:34.203 19743 19743 I wm_on_start_called: [69262217,com.tencent.mm.ui.LauncherUI,handleStartActivity]
06-14 17:38:34.224 1556 6132 I wm_task_moved: [1044,1,8]
06-14 17:38:34.225 1556 6132 I wm_create_activity: [0,259330355,1044,com.tencent.mm/.plugin.account.ui.WelcomeActivity,NULL,NULL,NULL,536870912]
06-14 17:38:34.236 19743 19743 I wm_on_resume_called: [69262217,com.tencent.mm.ui.LauncherUI,RESUME_ACTIVITY]
06-14 17:38:34.243 19743 19743 I wm_on_top_resumed_gained_called: [69262217,com.tencent.mm.ui.LauncherUI,topStateChangedWhenResumed]
06-14 17:38:34.245 19743 19743 I wm_on_top_resumed_lost_called: [69262217,com.tencent.mm.ui.LauncherUI,topStateChangedWhenResumed]
06-14 17:38:34.250 19743 19743 I wm_on_paused_called: [69262217,com.tencent.mm.ui.LauncherUI,performPause]
06-14 17:38:34.252 1556 2320 I wm_restart_activity: [0,259330355,1044,com.tencent.mm/.plugin.account.ui.WelcomeActivity]
06-14 17:38:34.252 1556 2320 I wm_set_resumed_activity: [0,com.tencent.mm/.plugin.account.ui.WelcomeActivity,minimalResumeActivityLocked]
06-14 17:38:34.255 1556 1689 I sysui_multi_action: [757,803,799,window_time_2,802,0]
06-14 17:38:34.261 21715 21715 I auditd : type=1400 audit(0.0:4088): avc: denied { read } for comm="tencent.mm:push" name="anr" dev="dm-10" ino=22 scontext=u:r:untrusted_app_29:s0:c108,c256,c512,c768 tcontext=u:object_r:anr_data_file:s0 tclass=dir permissive=0 app=com.tencent.mm
06-14 17:38:34.272 1556 1689 I wm_task_moved: [937,1,8]
06-14 17:38:34.275 1556 1689 I wm_set_resumed_activity: [0,com.android.launcher3/.uioverrides.QuickstepLauncher,positionChildAt]
06-14 17:38:34.275 1556 1689 I wm_task_moved: [938,1,2147483647]
06-14 17:38:34.275 1556 1689 I wm_task_to_front: [0,938]
06-14 17:38:34.275 1556 1689 I wm_focused_root_task: [0,0,937,1044,setFocusedTask]
06-14 17:38:34.275 1556 1689 I wm_set_resumed_activity: [0,com.android.launcher3/.uioverrides.QuickstepLauncher,setFocusedTask]
06-14 17:38:34.275 1556 1690 I input_focus: [Focus request fc034d7 com.android.launcher3/com.android.launcher3.uioverrides.QuickstepLauncher,reason=UpdateInputWindows]
06-14 17:38:34.279 1556 1828 I input_focus: [Focus entering fc034d7 com.android.launcher3/com.android.launcher3.uioverrides.QuickstepLauncher (server),reason=setFocusedWindow]
06-14 17:38:34.289 0 0 I [ 1655.556187] binder: 19743:21709 ioctl 40046210 74680fd1f4 returned -22
06-14 17:38:34.342 19743 19743 I wm_on_create_called: [259330355,com.tencent.mm.plugin.account.ui.WelcomeActivity,performCreate]
06-14 17:38:34.343 19743 19743 I wm_on_start_called: [259330355,com.tencent.mm.plugin.account.ui.WelcomeActivity,handleStartActivity]
06-14 17:38:34.346 19743 19743 I wm_on_resume_called: [259330355,com.tencent.mm.plugin.account.ui.WelcomeActivity,RESUME_ACTIVITY]
06-14 17:38:34.349 19743 19743 I wm_on_top_resumed_gained_called: [259330355,com.tencent.mm.plugin.account.ui.WelcomeActivity,topStateChangedWhenResumed]
06-14 17:38:34.373 19743 19743 I wm_on_top_resumed_lost_called: [259330355,com.tencent.mm.plugin.account.ui.WelcomeActivity,topStateChangedWhenResumed]
06-14 17:38:34.385 1556 1689 I wm_stop_activity: [0,43458523,com.kugou.android/.app.MediaActivity]
06-14 17:38:34.385 1556 1689 I wm_stop_activity: [0,165519259,com.kugou.android/com.kugou.common.useraccount.app.KgUserLoginAndRegActivity]
06-14 17:38:34.385 1556 1689 I wm_stop_activity: [0,105459777,com.kugou.android/com.kugou.crash.snow.JonSnow$HintActivity]
06-14 17:38:34.385 18952 18952 I wm_on_top_resumed_gained_called: [106812043,com.android.launcher3.uioverrides.QuickstepLauncher,topStateChangedWhenResumed]
06-14 17:38:34.409 18206 18206 I wm_on_stop_called: [43458523,com.kugou.android.app.MediaActivity,STOP_ACTIVITY_ITEM]
06-14 17:38:34.418 1556 2320 I wm_task_moved: [1044,1,8]
06-14 17:38:34.418 1556 2320 I wm_task_to_front: [0,1044]
06-14 17:38:34.419 1556 2320 I wm_set_resumed_activity: [0,com.tencent.mm/.plugin.account.ui.WelcomeActivity,positionChildAt]
06-14 17:38:34.419 1556 2320 I wm_focused_root_task: [0,0,1044,937,bringingFoundTaskToFront]
06-14 17:38:34.419 1556 2320 I wm_set_resumed_activity: [0,com.tencent.mm/.plugin.account.ui.WelcomeActivity,bringingFoundTaskToFront]
06-14 17:38:34.419 1556 2320 I wm_task_moved: [1044,1,8]
06-14 17:38:34.419 1556 2320 I wm_set_resumed_activity: [0,com.tencent.mm/.plugin.account.ui.WelcomeActivity,positionChildAt]
06-14 17:38:34.421 18206 18206 I wm_on_start_called: [165519259,com.kugou.common.useraccount.app.KgUserLoginAndRegActivity,handleStartActivity]
06-14 17:38:34.424 1556 1690 I input_focus: [Focus request 961f911 com.tencent.mm/com.tencent.mm.plugin.account.ui.WelcomeActivity,reason=UpdateInputWindows]
06-14 17:38:34.425 18952 18952 I wm_on_top_resumed_lost_called: [106812043,com.android.launcher3.uioverrides.QuickstepLauncher,topStateChangedWhenResumed]
06-14 17:38:34.427 19743 19743 I wm_on_top_resumed_gained_called: [259330355,com.tencent.mm.plugin.account.ui.WelcomeActivity,topStateChangedWhenResumed]
06-14 17:38:34.431 18206 18206 I wm_on_resume_called: [165519259,com.kugou.common.useraccount.app.KgUserLoginAndRegActivity,LIFECYCLER_RESUME_ACTIVITY]
06-14 17:38:34.448 1556 1828 I input_focus: [Focus leaving fc034d7 com.android.launcher3/com.android.launcher3.uioverrides.QuickstepLauncher (server),reason=setFocusedWindow]
06-14 17:38:34.448 1556 1828 I input_focus: [Focus entering 961f911 com.tencent.mm/com.tencent.mm.plugin.account.ui.WelcomeActivity (server),reason=setFocusedWindow]
06-14 17:38:34.488 1556 18791 I netstats_mobile_sample: [0,0,0,0,0,0,0,0,0,0,0,0,1686735514488]
06-14 17:38:34.488 1556 18791 I netstats_wifi_sample: [66040443,70735,11575798,47811,66040443,70735,11575798,47811,68964732,76408,11005092,46091,1686735514488]
06-14 17:38:34.491 18206 18206 I wm_on_paused_called: [105459777,com.kugou.crash.snow.JonSnow$HintActivity,performPause]
06-14 17:38:34.493 18206 18206 I wm_on_stop_called: [105459777,com.kugou.crash.snow.JonSnow$HintActivity,STOP_ACTIVITY_ITEM]
06-14 17:38:34.537 21892 21892 I auditd : type=1400 audit(0.0:4089): avc: granted { bind } for comm="ip" scontext=u:r:untrusted_app_29:s0:c108,c256,c512,c768 tcontext=u:r:untrusted_app_29:s0:c108,c256,c512,c768 tclass=netlink_route_socket app=com.tencent.mm
06-14 17:38:34.549 21715 21715 I auditd : type=1400 audit(0.0:4090): avc: granted { nlmsg_readpriv } for comm="mars::21887" scontext=u:r:untrusted_app_29:s0:c108,c256,c512,c768 tcontext=u:r:untrusted_app_29:s0:c108,c256,c512,c768 tclass=netlink_route_socket app=com.tencent.mm
06-14 17:38:34.549 21715 21715 I auditd : type=1400 audit(0.0:4091): avc: granted { nlmsg_readpriv } for comm="mars::21887" scontext=u:r:untrusted_app_29:s0:c108,c256,c512,c768 tcontext=u:r:untrusted_app_29:s0:c108,c256,c512,c768 tclass=netlink_route_socket app=com.tencent.mm
06-14 17:38:34.601 21715 21715 I auditd : type=1400 audit(0.0:4092): avc: granted { nlmsg_readpriv } for comm="mars::21887" scontext=u:r:untrusted_app_29:s0:c108,c256,c512,c768 tcontext=u:r:untrusted_app_29:s0:c108,c256,c512,c768 tclass=netlink_route_socket app=com.tencent.mm
06-14 17:38:34.601 21715 21715 I auditd : type=1400 audit(0.0:4093): avc: granted { nlmsg_readpriv } for comm="mars::21887" scontext=u:r:untrusted_app_29:s0:c108,c256,c512,c768 tcontext=u:r:untrusted_app_29:s0:c108,c256,c512,c768 tclass=netlink_route_socket app=com.tencent.mm
06-14 17:38:34.624 0 0 W [ 1655.891620] audit: audit_lost=3331 audit_rate_limit=5 audit_backlog_limit=64
06-14 17:38:34.624 0 0 E [ 1655.891623] audit: rate limit exceeded
06-14 17:38:35.002 1556 1914 I sync : [com.tencent.android.qqdownloader.YYBLiveAccountProvider,0,3,24220937]
06-14 17:38:35.012 1556 1914 I sync : [com.tencent.android.qqdownloader.YYBLiveAccountProvider,1,3,24220937]
06-14 17:38:35.013 1556 1914 I commit_sys_config_file: [sync-status,1639177]
06-14 17:38:35.016 1556 1914 I sync : [com.tencent.android.qqdownloader.YYBLiveAccountProvider,0,3,24220937]
06-14 17:38:35.028 1556 1914 I sync : [com.tencent.android.qqdownloader.YYBLiveAccountProvider,1,3,24220937]
06-14 17:38:35.029 1556 1914 I commit_sys_config_file: [sync-status,1639192]
06-14 17:38:35.208 0 0 I [ 1656.475944] init: processing action (sys.tlog.tlogdshc.active=1) from (/system/etc/init/tlogd.rc:195)
06-14 17:38:35.208 0 0 I [ 1656.476156] init: starting service 'tlogdshc'...
06-14 17:38:35.224 0 0 E [ 1656.488088] msm_pcm_playback_close: CMD_EOS failed, cmd_pending 0x8
06-14 17:38:35.243 0 0 I [ 1656.510933] init: Service 'tlogdshc' (pid 22005) exited with status 0 oneshot service took 0.034000 seconds in background
06-14 17:38:35.243 0 0 I [ 1656.510940] init: Sending signal 9 to service 'tlogdshc' (pid 22005) process group...
06-14 17:38:35.243 0 0 I [ 1656.510996] libprocessgroup: Successfully killed process cgroup uid 0 pid 22005 in 0ms
06-14 17:38:35.301 1556 6132 I wm_task_moved: [1031,1,8]
06-14 17:38:35.301 1556 6132 I wm_task_to_front: [0,1031]
06-14 17:38:35.302 1556 6132 I wm_focused_root_task: [0,0,1031,1044,bringingFoundTaskToFront]
06-14 17:38:35.303 1556 6132 I wm_set_resumed_activity: [0,com.kugou.android/com.kugou.crash.snow.JonSnow$HintActivity,bringingFoundTaskToFront]
06-14 17:38:35.305 1556 6132 I wm_task_moved: [1031,1,8]
06-14 17:38:35.305 1556 6132 I wm_create_activity: [0,69970730,1031,com.kugou.android/.app.splash.SplashActivity,android.intent.action.MAIN,NULL,NULL,274726912]
06-14 17:38:35.306 1556 6132 I wm_restart_activity: [0,69970730,1031,com.kugou.android/.app.splash.SplashActivity]
06-14 17:38:35.307 1556 6132 I wm_set_resumed_activity: [0,com.kugou.android/.app.splash.SplashActivity,minimalResumeActivityLocked]
06-14 17:38:35.308 1556 6132 I wm_add_to_stopping: [0,259330355,com.tencent.mm/.plugin.account.ui.WelcomeActivity,makeInvisible]
06-14 17:38:35.308 1556 6132 I wm_add_to_stopping: [0,246729708,com.tencent.mm/.plugin.account.ui.WelcomeActivity,makeInvisible]
06-14 17:38:35.308 1556 6132 I wm_add_to_stopping: [0,69262217,com.tencent.mm/.ui.LauncherUI,makeInvisible]
06-14 17:38:35.313 1556 18791 I wm_finish_activity: [0,69970730,1031,com.kugou.android/.app.splash.SplashActivity,app-request]
06-14 17:38:35.313 1556 18791 I wm_pause_activity: [0,69970730,com.kugou.android/.app.splash.SplashActivity,userLeaving=false,finish]
06-14 17:38:35.319 18206 18206 I wm_on_create_called: [69970730,com.kugou.android.app.splash.SplashActivity,performCreate]
06-14 17:38:35.323 18206 18206 I wm_on_restart_called: [105459777,com.kugou.crash.snow.JonSnow$HintActivity,performRestartActivity]
06-14 17:38:35.323 18206 18206 I wm_on_start_called: [105459777,com.kugou.crash.snow.JonSnow$HintActivity,handleStartActivity]
06-14 17:38:35.323 19743 19743 I wm_on_top_resumed_lost_called: [259330355,com.tencent.mm.plugin.account.ui.WelcomeActivity,topStateChangedWhenResumed]
06-14 17:38:35.324 18206 18206 I wm_on_restart_called: [43458523,com.kugou.android.app.MediaActivity,performRestartActivity]
06-14 17:38:35.328 18206 18206 I wm_on_start_called: [43458523,com.kugou.android.app.MediaActivity,handleStartActivity]
06-14 17:38:35.329 1556 1828 I input_focus: [Focus leaving 961f911 com.tencent.mm/com.tencent.mm.plugin.account.ui.WelcomeActivity (server),reason=NO_WINDOW]
06-14 17:38:35.359 1556 6270 I wm_add_to_stopping: [0,69970730,com.kugou.android/.app.splash.SplashActivity,completeFinishing]
06-14 17:38:35.361 1556 6270 I wm_set_resumed_activity: [0,com.kugou.android/com.kugou.crash.snow.JonSnow$HintActivity,resumeTopActivityInnerLocked]
06-14 17:38:35.362 1556 6270 I wm_resume_activity: [0,105459777,1031,com.kugou.android/com.kugou.crash.snow.JonSnow$HintActivity]
06-14 17:38:35.364 1556 1690 I input_focus: [Focus request fea8a7e com.kugou.android/com.kugou.crash.snow.JonSnow$HintActivity,reason=UpdateInputWindows]
06-14 17:38:35.365 1556 1689 I wm_destroy_activity: [0,69970730,1031,com.kugou.android/.app.splash.SplashActivity,finish-imm:idle]
06-14 17:38:35.367 1556 1689 I sysui_multi_action: [757,803,799,window_time_2,802,1]
06-14 17:38:35.382 18206 18206 I wm_on_resume_called: [105459777,com.kugou.crash.snow.JonSnow$HintActivity,RESUME_ACTIVITY]
06-14 17:38:35.382 18206 18206 I wm_on_top_resumed_gained_called: [105459777,com.kugou.crash.snow.JonSnow$HintActivity,topWhenResuming]
06-14 17:38:35.387 18206 18206 I wm_on_destroy_called: [69970730,com.kugou.android.app.splash.SplashActivity,performDestroy]
06-14 17:38:36.693 21715 21715 I auditd : type=1400 audit(0.0:4104): avc: granted { nlmsg_readpriv } for comm="mars::21982" scontext=u:r:untrusted_app_29:s0:c108,c256,c512,c768 tcontext=u:r:untrusted_app_29:s0:c108,c256,c512,c768 tclass=netlink_route_socket app=com.tencent.mm
06-14 17:38:36.693 21715 21715 I auditd : type=1400 audit(0.0:4105): avc: granted { nlmsg_readpriv } for comm="mars::21982" scontext=u:r:untrusted_app_29:s0:c108,c256,c512,c768 tcontext=u:r:untrusted_app_29:s0:c108,c256,c512,c768 tclass=netlink_route_socket app=com.tencent.mm
06-14 17:38:36.701 22036 22036 I auditd : type=1400 audit(0.0:4106): avc: granted { bind } for comm="ip" scontext=u:r:untrusted_app_29:s0:c108,c256,c512,c768 tcontext=u:r:untrusted_app_29:s0:c108,c256,c512,c768 tclass=netlink_route_socket app=com.tencent.mm
06-14 17:38:36.819 1556 6270 I service_manager_stats: [100,49,17906]
06-14 17:38:37.015 1556 1688 I commit_sys_config_file: [jobs,1]
06-14 17:38:37.234 1556 1695 I am_pss : [20267,10092,com.tencent.ilink.ServiceProcess,91337728,79081472,137216,174391296,0,5,9]
06-14 17:38:38.352 0 0 E [ 1659.616322] link_delay_work_func: DTC_ETH: SQI=0, link=0
06-14 17:38:38.942 1556 6270 I wm_task_moved: [1031,1,8]
06-14 17:38:38.942 1556 6270 I wm_set_resumed_activity: [0,com.kugou.android/com.kugou.crash.snow.JonSnow$HintActivity,positionChildAt]
06-14 17:38:38.942 1556 6270 I wm_create_activity: [0,213457011,1031,com.kugou.android/.app.splash.SplashActivity,android.intent.action.MAIN,NULL,NULL,270532608]
06-14 17:38:38.943 1556 6270 I wm_pause_activity: [0,105459777,com.kugou.android/com.kugou.crash.snow.JonSnow$HintActivity,userLeaving=true,resumeTopActivityInnerLocked]
06-14 17:38:38.943 18206 18206 I wm_on_top_resumed_lost_called: [105459777,com.kugou.crash.snow.JonSnow$HintActivity,topStateChangedWhenResumed]
06-14 17:38:38.951 18206 18206 I wm_on_paused_called: [105459777,com.kugou.crash.snow.JonSnow$HintActivity,performPause]
06-14 17:38:38.952 1556 6270 I wm_restart_activity: [0,213457011,1031,com.kugou.android/.app.splash.SplashActivity]
06-14 17:38:38.953 1556 6270 I wm_set_resumed_activity: [0,com.kugou.android/.app.splash.SplashActivity,minimalResumeActivityLocked]
06-14 17:38:38.956 1556 1689 I sysui_multi_action: [757,803,799,window_time_2,802,4]
06-14 17:38:38.958 1556 6132 I wm_finish_activity: [0,213457011,1031,com.kugou.android/.app.splash.SplashActivity,app-request]
06-14 17:38:38.959 1556 6132 I wm_pause_activity: [0,213457011,com.kugou.android/.app.splash.SplashActivity,userLeaving=false,finish]
06-14 17:38:38.965 18206 18206 I wm_on_create_called: [213457011,com.kugou.android.app.splash.SplashActivity,performCreate]
06-14 17:38:38.968 1556 2320 I wm_add_to_stopping: [0,213457011,com.kugou.android/.app.splash.SplashActivity,completeFinishing]
06-14 17:38:38.969 1556 2320 I wm_set_resumed_activity: [0,com.kugou.android/com.kugou.crash.snow.JonSnow$HintActivity,resumeTopActivityInnerLocked]
06-14 17:38:38.970 1556 2320 I wm_resume_activity: [0,105459777,1031,com.kugou.android/com.kugou.crash.snow.JonSnow$HintActivity]
06-14 17:38:38.973 1556 1689 I wm_destroy_activity: [0,213457011,1031,com.kugou.android/.app.splash.SplashActivity,finish-imm:idle]
06-14 17:38:38.973 1556 1690 I input_focus: [Focus request fea8a7e com.kugou.android/com.kugou.crash.snow.JonSnow$HintActivity,reason=UpdateInputWindows]
06-14 17:38:38.974 1556 1689 I sysui_multi_action: [757,803,799,window_time_2,802,0]
06-14 17:38:38.979 18206 18206 I wm_on_resume_called: [105459777,com.kugou.crash.snow.JonSnow$HintActivity,RESUME_ACTIVITY]
06-14 17:38:38.979 18206 18206 I wm_on_top_resumed_gained_called: [105459777,com.kugou.crash.snow.JonSnow$HintActivity,topWhenResuming]
06-14 17:38:38.984 18206 18206 I wm_on_destroy_called: [213457011,com.kugou.android.app.splash.SplashActivity,performDestroy]
06-14 17:38:41.753 13988 13988 I auditd : type=1400 audit(0.0:4107): avc: denied { read } for comm="CrashSDKBkgdHan" name="loadavg" dev="proc" ino=4026532243 scontext=u:r:untrusted_app:s0:c107,c256,c512,c768 tcontext=u:object_r:proc_loadavg:s0 tclass=file permissive=0 app=com.youku.phone
06-14 17:38:43.108 1556 6270 I wm_task_moved: [1041,1,8]
06-14 17:38:43.108 1556 6270 I wm_task_to_front: [0,1041]
06-14 17:38:43.109 1556 6270 I wm_focused_root_task: [0,0,1041,1031,bringingFoundTaskToFront]
06-14 17:38:43.109 18206 18206 I wm_on_top_resumed_lost_called: [105459777,com.kugou.crash.snow.JonSnow$HintActivity,topStateChangedWhenResumed]
06-14 17:38:43.111 1556 6270 I wm_set_resumed_activity: [0,com.hunantv.imgo.activity/.MainActivity,bringingFoundTaskToFront]
06-14 17:38:43.112 1556 6270 I wm_new_intent: [0,162903211,1041,com.hunantv.imgo.activity/.MainActivity,android.intent.action.MAIN,NULL,NULL,270532608]
06-14 17:38:43.115 1556 6270 I wm_pause_activity: [0,259330355,com.tencent.mm/.plugin.account.ui.WelcomeActivity,userLeaving=true,pauseBackTasks]
06-14 17:38:43.117 1556 6270 I wm_pause_activity: [0,106812043,com.android.launcher3/.uioverrides.QuickstepLauncher,userLeaving=true,pauseBackTasks]
06-14 17:38:43.122 18952 18952 I wm_on_paused_called: [106812043,com.android.launcher3.uioverrides.QuickstepLauncher,performPause]
06-14 17:38:43.126 1556 6270 I wm_add_to_stopping: [0,106812043,com.android.launcher3/.uioverrides.QuickstepLauncher,makeInvisible]
06-14 17:38:43.149 19743 19743 I wm_on_paused_called: [259330355,com.tencent.mm.plugin.account.ui.WelcomeActivity,performPause]
06-14 17:38:43.151 1556 1689 I sysui_multi_action: [757,803,799,window_time_2,802,4]
06-14 17:38:43.153 1556 6413 I wm_set_resumed_activity: [0,com.hunantv.imgo.activity/.MainActivity,resumeTopActivityInnerLocked]
06-14 17:38:43.157 1556 6413 I wm_resume_activity: [0,162903211,1041,com.hunantv.imgo.activity/.MainActivity]
06-14 17:38:43.158 18348 18348 I wm_on_restart_called: [162903211,com.hunantv.imgo.activity.MainActivity,performRestartActivity]
06-14 17:38:43.159 18348 18348 I wm_on_start_called: [162903211,com.hunantv.imgo.activity.MainActivity,handleStartActivity]
06-14 17:38:43.163 18348 18348 I wm_on_resume_called: [162903211,com.hunantv.imgo.activity.MainActivity,RESUME_ACTIVITY]
06-14 17:38:43.163 18348 18348 I wm_on_top_resumed_gained_called: [162903211,com.hunantv.imgo.activity.MainActivity,topWhenResuming]
06-14 17:38:43.165 1556 1689 I sysui_multi_action: [757,803,799,window_time_0,802,0]
06-14 17:38:43.169 1556 1690 I input_focus: [Focus request afd968 com.hunantv.imgo.activity/com.hunantv.imgo.activity.MainActivity,reason=UpdateInputWindows]
06-14 17:38:43.176 1556 1695 I am_pss : [19031,10117,com.kugou.android.support,154737664,69931008,33792,345030656,0,4,17]
06-14 17:38:43.188 1556 1695 I am_pss : [16630,10104,com.tencent.qqlive,94208000,90132480,337920,192139264,0,19,10]
06-14 17:38:43.472 0 0 E [ 1664.736128] link_delay_work_func: DTC_ETH: SQI=0, link=0
06-14 17:38:43.756 1556 1828 I input_interaction: Interaction with: edge-swipe (server), swipe-up (server), PointerEventDispatcher0 (server),
06-14 17:38:44.284 1556 1695 I am_pss : [19743,10108,com.tencent.mm,190029824,136466432,31744,360513536,0,2,21]
06-14 17:38:45.464 0 0 E [ 1666.728083] msm_pcm_playback_close: CMD_EOS failed, cmd_pending 0x8
06-14 17:38:48.186 1556 1689 I wm_stop_activity: [0,69262217,com.tencent.mm/.ui.LauncherUI]
06-14 17:38:48.187 1556 1689 I wm_stop_activity: [0,259330355,com.tencent.mm/.plugin.account.ui.WelcomeActivity]
06-14 17:38:48.198 1556 1828 I input_focus: [Focus entering afd968 com.hunantv.imgo.activity/com.hunantv.imgo.activity.MainActivity (server),reason=Window became focusable. Previous reason: NOT_VISIBLE]
06-14 17:38:48.226 19743 19743 I wm_on_stop_called: [69262217,com.tencent.mm.ui.LauncherUI,STOP_ACTIVITY_ITEM]
06-14 17:38:48.231 1556 1695 I am_pss : [20269,10094,com.qiyi.video,184614912,177270784,32768,298778624,0,19,19]
06-14 17:38:48.240 19743 19743 I wm_on_stop_called: [259330355,com.tencent.mm.plugin.account.ui.WelcomeActivity,STOP_ACTIVITY_ITEM]
06-14 17:38:48.274 1556 6413 I wm_task_moved: [937,0,0]
06-14 17:38:48.275 1556 6413 I wm_task_moved: [937,0,7]
06-14 17:38:48.348 18952 18952 I sysui_latency: [1,7]
06-14 17:38:48.351 1556 1690 I input_focus: [Focus request recents_animation_input_consumer,reason=UpdateInputWindows]
06-14 17:38:48.379 1556 1828 I input_focus: [Focus leaving afd968 com.hunantv.imgo.activity/com.hunantv.imgo.activity.MainActivity (server),reason=NOT_FOCUSABLE]
06-14 17:38:48.379 1556 1828 I input_focus: [Focus entering recents_animation_input_consumer (server),reason=setFocusedWindow]
06-14 17:38:48.555 1556 1817 I commit_sys_config_file: [settings-1-0,7]
06-14 17:38:48.592 0 0 E [ 1669.856198] link_delay_work_func: DTC_ETH: SQI=0, link=0
06-14 17:38:49.058 1556 6193 I wm_task_moved: [937,1,8]
06-14 17:38:49.060 1556 6193 I wm_task_moved: [938,1,2147483647]
06-14 17:38:49.060 1556 6193 I wm_task_to_front: [0,938]
06-14 17:38:49.060 1556 6193 I wm_focused_root_task: [0,0,937,1041,RecentsAnimation.onAnimationFinished()]
06-14 17:38:49.060 18348 18348 I wm_on_top_resumed_lost_called: [162903211,com.hunantv.imgo.activity.MainActivity,topStateChangedWhenResumed]
06-14 17:38:49.062 1556 6193 I wm_set_resumed_activity: [0,com.android.launcher3/.uioverrides.QuickstepLauncher,RecentsAnimation.onAnimationFinished()]
06-14 17:38:49.064 1556 6193 I wm_pause_activity: [0,162903211,com.hunantv.imgo.activity/.MainActivity,userLeaving=true,pauseBackTasks]
06-14 17:38:49.066 1556 6193 I wm_add_to_stopping: [0,162903211,com.hunantv.imgo.activity/.MainActivity,makeInvisible]
06-14 17:38:49.067 1556 6193 I wm_set_resumed_activity: [0,com.android.launcher3/.uioverrides.QuickstepLauncher,resumeTopActivityInnerLocked]
06-14 17:38:49.070 1556 6193 I wm_resume_activity: [0,106812043,938,com.android.launcher3/.uioverrides.QuickstepLauncher]
06-14 17:38:49.071 18952 18952 I wm_on_resume_called: [106812043,com.android.launcher3.uioverrides.QuickstepLauncher,RESUME_ACTIVITY]
06-14 17:38:49.092 1556 5833 I wm_task_created: [1045,-1]
06-14 17:38:49.093 1556 5833 I wm_task_created: [1046,-1]
06-14 17:38:49.093 1556 5833 I wm_task_moved: [1046,0,-2147483648]
06-14 17:38:49.094 1556 5833 I wm_create_task: [0,1046]
06-14 17:38:49.094 1556 5833 I wm_create_activity: [0,94758775,1046,com.android.launcher3/com.android.quickstep.RecentsActivity,NULL,NULL,NULL,276889600]
06-14 17:38:49.094 1556 5833 I wm_task_moved: [1045,0,0]
06-14 17:38:49.094 1556 5833 I wm_task_moved: [1045,0,8]
06-14 17:38:49.097 1556 5833 I wm_restart_activity: [0,94758775,1046,com.android.launcher3/com.android.quickstep.RecentsActivity]
06-14 17:38:49.097 1556 1828 I input_focus: [Focus leaving recents_animation_input_consumer (server),reason=NOT_VISIBLE]
06-14 17:38:49.100 1556 1690 I input_focus: [Focus request fc034d7 com.android.launcher3/com.android.launcher3.uioverrides.QuickstepLauncher,reason=UpdateInputWindows]
06-14 17:38:49.100 18348 18348 I wm_on_paused_called: [162903211,com.hunantv.imgo.activity.MainActivity,performPause]
06-14 17:38:49.107 1556 6487 I wm_stop_activity: [0,162903211,com.hunantv.imgo.activity/.MainActivity]
06-14 17:38:49.108 1556 15732 I wm_task_moved: [1045,1,9]
06-14 17:38:49.108 1556 15732 I wm_focused_root_task: [0,0,1045,937,RecentsAnimation.onAnimationFinished()]
06-14 17:38:49.109 1556 15732 I wm_pause_activity: [0,106812043,com.android.launcher3/.uioverrides.QuickstepLauncher,userLeaving=false,pauseBackTasks]
06-14 17:38:49.110 1556 15732 I wm_set_resumed_activity: [0,com.android.launcher3/com.android.quickstep.RecentsActivity,resumeTopActivityInnerLocked]
06-14 17:38:49.110 1556 15732 I wm_resume_activity: [0,94758775,1046,com.android.launcher3/com.android.quickstep.RecentsActivity]
06-14 17:38:49.113 1556 1689 I sysui_multi_action: [757,803,799,window_time_0,802,6]
06-14 17:38:49.113 1556 1828 I input_focus: [Focus entering fc034d7 com.android.launcher3/com.android.launcher3.uioverrides.QuickstepLauncher (server),reason=setFocusedWindow]
06-14 17:38:49.115 1556 6132 I wm_finish_activity: [0,94758775,1046,com.android.launcher3/com.android.quickstep.RecentsActivity,app-request]
06-14 17:38:49.116 1556 6132 I wm_task_moved: [937,1,9]
06-14 17:38:49.116 1556 6132 I wm_task_moved: [938,1,2147483647]
06-14 17:38:49.116 1556 6132 I wm_focused_root_task: [0,0,937,-1,finish-top adjustFocusToNextFocusableTask]
06-14 17:38:49.116 1556 6132 I wm_pause_activity: [0,94758775,com.android.launcher3/com.android.quickstep.RecentsActivity,userLeaving=false,finish]
06-14 17:38:49.117 18952 18952 I wm_on_create_called: [94758775,com.android.quickstep.RecentsActivity,performCreate]
06-14 17:38:49.117 1556 1690 I input_focus: [Focus request fc034d7 com.android.launcher3/com.android.launcher3.uioverrides.QuickstepLauncher,reason=UpdateInputWindows]
06-14 17:38:49.119 1556 1689 I sysui_multi_action: [757,803,799,window_time_0,802,0]
06-14 17:38:49.119 18952 18952 I wm_on_top_resumed_gained_called: [106812043,com.android.launcher3.uioverrides.QuickstepLauncher,topStateChangedWhenResumed]
06-14 17:38:49.119 18348 18348 I wm_on_stop_called: [162903211,com.hunantv.imgo.activity.MainActivity,STOP_ACTIVITY_ITEM]
06-14 17:38:49.119 18952 18952 I wm_on_top_resumed_lost_called: [106812043,com.android.launcher3.uioverrides.QuickstepLauncher,topStateChangedWhenResumed]
06-14 17:38:49.119 18952 18952 I wm_on_paused_called: [106812043,com.android.launcher3.uioverrides.QuickstepLauncher,performPause]
06-14 17:38:49.121 1556 18791 I wm_set_resumed_activity: [0,com.android.launcher3/.uioverrides.QuickstepLauncher,resumeTopActivityInnerLocked]
06-14 17:38:49.121 1556 18791 I wm_resume_activity: [0,106812043,938,com.android.launcher3/.uioverrides.QuickstepLauncher]
06-14 17:38:49.124 1556 1689 I sysui_multi_action: [757,803,799,window_time_0,802,0]
06-14 17:38:49.125 18952 18952 I wm_on_resume_called: [106812043,com.android.launcher3.uioverrides.QuickstepLauncher,RESUME_ACTIVITY]
06-14 17:38:49.125 18952 18952 I wm_on_top_resumed_gained_called: [106812043,com.android.launcher3.uioverrides.QuickstepLauncher,topWhenResuming]
06-14 17:38:49.129 1556 1689 I sysui_multi_action: [757,1144,758,8,806,com.android.launcher3,871,com.android.quickstep.RecentsActivity]
06-14 17:38:49.131 1556 1689 I sysui_multi_action: [757,803,799,window_time_0,802,0]
06-14 17:38:49.131 1556 1689 I sysui_multi_action: [757,803,799,window_time_0,802,0]
06-14 17:38:49.133 1556 6193 I wm_destroy_activity: [0,94758775,1046,com.android.launcher3/com.android.quickstep.RecentsActivity,finish-idle]
06-14 17:38:49.133 18952 18952 I wm_on_destroy_called: [94758775,com.android.quickstep.RecentsActivity,performDestroy]
06-14 17:38:49.133 1556 6193 I wm_task_removed: [1046,cleanUpResourcesForDestroy]
06-14 17:38:49.133 1556 6193 I wm_task_removed: [1045,removeChild:removeChild last r=Task{133ffe4 #1046 type=recents I=com.android.launcher3/com.android.quickstep.RecentsActivity U=0 visible=false mode=fullscreen translucent=true sz=0 visible freeform task=true rootAffinity=null isMini=false} in t=Task{694205a #1045 type=recents ?? U=0 visible=false mode=fullscreen translucent=true sz=0 visible freeform task=true rootAffinity=null isMini=false}]
06-14 17:38:49.133 1556 6193 I wm_task_removed: [1045,removeChild]
06-14 17:38:49.134 1556 6193 I wm_task_removed: [1046,removeChild:removeChild last r=ActivityRecord{5a5e777 u0 com.android.launcher3/com.android.quickstep.RecentsActivity taskAffinity=null t-1 f}} in t=Task{133ffe4 #1046 type=recents I=com.android.launcher3/com.android.quickstep.RecentsActivity U=0 visible=false mode=fullscreen translucent=true sz=0 visible freeform task=true rootAffinity=null isMini=false}]
06-14 17:38:49.134 1556 6193 I wm_task_removed: [1046,removeChild]
06-14 17:38:49.867 1556 1828 I input_interaction: Interaction with: fc034d7 com.android.launcher3/com.android.launcher3.uioverrides.QuickstepLauncher (server), 1c9764a com.android.systemui.ImageWallpaper (server), edge-swipe (server), swipe-up (server), PointerEventDispatcher0 (server),
06-14 17:38:49.990 1556 6193 I wm_task_moved: [1044,1,8]
06-14 17:38:49.990 1556 6193 I wm_task_to_front: [0,1044]
06-14 17:38:49.990 1556 6193 I wm_focused_root_task: [0,0,1044,937,bringingFoundTaskToFront]
06-14 17:38:49.991 1556 6193 I wm_set_resumed_activity: [0,com.tencent.mm/.plugin.account.ui.WelcomeActivity,bringingFoundTaskToFront]
06-14 17:38:49.992 1556 6193 I wm_set_resumed_activity: [0,com.tencent.mm/.plugin.account.ui.WelcomeActivity,resumeTopActivityInnerLocked]
06-14 17:38:49.992 1556 6193 I wm_add_to_stopping: [0,259330355,com.tencent.mm/.plugin.account.ui.WelcomeActivity,makeInvisible]
06-14 17:38:49.994 1556 6193 I wm_resume_activity: [0,259330355,1044,com.tencent.mm/.plugin.account.ui.WelcomeActivity]
06-14 17:38:49.995 1556 6193 I wm_restart_activity: [0,246729708,1044,com.tencent.mm/.plugin.account.ui.WelcomeActivity]
06-14 17:38:49.996 1556 6193 I wm_add_to_stopping: [0,105459777,com.kugou.android/com.kugou.crash.snow.JonSnow$HintActivity,makeInvisible]
06-14 17:38:49.996 1556 6193 I wm_add_to_stopping: [0,165519259,com.kugou.android/com.kugou.common.useraccount.app.KgUserLoginAndRegActivity,makeInvisible]
06-14 17:38:49.996 1556 6193 I wm_add_to_stopping: [0,43458523,com.kugou.android/.app.MediaActivity,makeInvisible]
06-14 17:38:49.998 18952 18952 I wm_on_top_resumed_lost_called: [106812043,com.android.launcher3.uioverrides.QuickstepLauncher,topStateChangedWhenResumed]
06-14 17:38:50.002 19743 19743 I wm_on_restart_called: [259330355,com.tencent.mm.plugin.account.ui.WelcomeActivity,performRestartActivity]
06-14 17:38:50.004 19743 19743 I wm_on_start_called: [259330355,com.tencent.mm.plugin.account.ui.WelcomeActivity,handleStartActivity]
06-14 17:38:50.010 19743 19743 I wm_on_resume_called: [259330355,com.tencent.mm.plugin.account.ui.WelcomeActivity,RESUME_ACTIVITY]
06-14 17:38:50.040 19743 19743 I wm_on_create_called: [246729708,com.tencent.mm.plugin.account.ui.WelcomeActivity,performCreate]
06-14 17:38:50.041 19743 19743 I wm_on_start_called: [246729708,com.tencent.mm.plugin.account.ui.WelcomeActivity,handleStartActivity]
06-14 17:38:50.044 19743 19743 I wm_on_resume_called: [246729708,com.tencent.mm.plugin.account.ui.WelcomeActivity,LIFECYCLER_RESUME_ACTIVITY]
06-14 17:38:50.050 19743 19743 I wm_on_paused_called: [246729708,com.tencent.mm.plugin.account.ui.WelcomeActivity,performPause]
06-14 17:38:50.050 19743 19743 I wm_on_restart_called: [69262217,com.tencent.mm.ui.LauncherUI,performRestartActivity]
06-14 17:38:50.051 19743 19743 I wm_on_start_called: [69262217,com.tencent.mm.ui.LauncherUI,handleStartActivity]
06-14 17:38:50.052 19743 19743 I wm_on_top_resumed_gained_called: [259330355,com.tencent.mm.plugin.account.ui.WelcomeActivity,topStateChangedWhenResumed]
06-14 17:38:50.055 1556 1690 I input_focus: [Focus request 961f911 com.tencent.mm/com.tencent.mm.plugin.account.ui.WelcomeActivity,reason=UpdateInputWindows]
06-14 17:38:50.064 1556 1828 I input_focus: [Focus leaving fc034d7 com.android.launcher3/com.android.launcher3.uioverrides.QuickstepLauncher (server),reason=Waiting for window because NOT_VISIBLE]
06-14 17:38:50.098 1556 1828 I input_focus: [Focus entering 961f911 com.tencent.mm/com.tencent.mm.plugin.account.ui.WelcomeActivity (server),reason=Window became focusable. Previous reason: NOT_VISIBLE]
06-14 17:38:50.920 1556 5833 I wm_task_moved: [1031,1,8]
06-14 17:38:50.920 1556 5833 I wm_task_to_front: [0,1031]
06-14 17:38:50.921 1556 5833 I wm_set_resumed_activity: [0,com.kugou.android/com.kugou.crash.snow.JonSnow$HintActivity,positionChildAt]
06-14 17:38:50.921 1556 5833 I wm_focused_root_task: [0,0,1031,1044,bringingFoundTaskToFront]
06-14 17:38:50.921 1556 5833 I wm_set_resumed_activity: [0,com.kugou.android/com.kugou.crash.snow.JonSnow$HintActivity,bringingFoundTaskToFront]
06-14 17:38:50.923 1556 5833 I wm_task_moved: [1031,1,8]
06-14 17:38:50.923 1556 5833 I wm_set_resumed_activity: [0,com.kugou.android/com.kugou.crash.snow.JonSnow$HintActivity,positionChildAt]
06-14 17:38:50.923 1556 5833 I wm_create_activity: [0,80438071,1031,com.kugou.android/.app.splash.SplashActivity,android.intent.action.MAIN,NULL,NULL,274726912]
06-14 17:38:50.923 1556 5833 I wm_pause_activity: [0,105459777,com.kugou.android/com.kugou.crash.snow.JonSnow$HintActivity,userLeaving=true,resumeTopActivityInnerLocked]
06-14 17:38:50.928 19743 19743 I wm_on_top_resumed_lost_called: [259330355,com.tencent.mm.plugin.account.ui.WelcomeActivity,topStateChangedWhenResumed]
06-14 17:38:50.934 18206 18206 I wm_on_paused_called: [105459777,com.kugou.crash.snow.JonSnow$HintActivity,performPause]
06-14 17:38:50.936 1556 5833 I wm_restart_activity: [0,80438071,1031,com.kugou.android/.app.splash.SplashActivity]
06-14 17:38:50.936 1556 5833 I wm_set_resumed_activity: [0,com.kugou.android/.app.splash.SplashActivity,minimalResumeActivityLocked]
06-14 17:38:50.937 1556 5833 I wm_add_to_stopping: [0,259330355,com.tencent.mm/.plugin.account.ui.WelcomeActivity,makeInvisible]
06-14 17:38:50.937 1556 5833 I wm_add_to_stopping: [0,246729708,com.tencent.mm/.plugin.account.ui.WelcomeActivity,makeInvisible]
06-14 17:38:50.937 1556 5833 I wm_add_to_stopping: [0,69262217,com.tencent.mm/.ui.LauncherUI,makeInvisible]
06-14 17:38:50.941 1556 1689 I sysui_multi_action: [757,803,799,window_time_0,802,2]
06-14 17:38:50.943 1556 15732 I wm_finish_activity: [0,80438071,1031,com.kugou.android/.app.splash.SplashActivity,app-request]
06-14 17:38:50.943 1556 15732 I wm_pause_activity: [0,80438071,com.kugou.android/.app.splash.SplashActivity,userLeaving=false,finish]
06-14 17:38:50.948 1556 1828 I input_focus: [Focus leaving 961f911 com.tencent.mm/com.tencent.mm.plugin.account.ui.WelcomeActivity (server),reason=NO_WINDOW]
06-14 17:38:50.951 18206 18206 I wm_on_create_called: [80438071,com.kugou.android.app.splash.SplashActivity,performCreate]
06-14 17:38:50.979 1556 15732 I wm_add_to_stopping: [0,80438071,com.kugou.android/.app.splash.SplashActivity,completeFinishing]
06-14 17:38:50.980 1556 15732 I wm_set_resumed_activity: [0,com.kugou.android/com.kugou.crash.snow.JonSnow$HintActivity,resumeTopActivityInnerLocked]
06-14 17:38:50.981 1556 15732 I wm_resume_activity: [0,105459777,1031,com.kugou.android/com.kugou.crash.snow.JonSnow$HintActivity]
06-14 17:38:50.983 1556 1689 I wm_destroy_activity: [0,80438071,1031,com.kugou.android/.app.splash.SplashActivity,finish-imm:idle]
06-14 17:38:50.986 1556 1690 I input_focus: [Focus request fea8a7e com.kugou.android/com.kugou.crash.snow.JonSnow$HintActivity,reason=UpdateInputWindows]
06-14 17:38:50.986 1556 1689 I sysui_multi_action: [757,803,799,window_time_2,802,0]
06-14 17:38:51.002 18206 18206 I wm_on_resume_called: [105459777,com.kugou.crash.snow.JonSnow$HintActivity,RESUME_ACTIVITY]
06-14 17:38:51.002 18206 18206 I wm_on_top_resumed_gained_called: [105459777,com.kugou.crash.snow.JonSnow$HintActivity,topWhenResuming]
06-14 17:38:51.006 18206 18206 I wm_on_destroy_called: [80438071,com.kugou.android.app.splash.SplashActivity,performDestroy]
06-14 17:38:51.788 0 0 I [ 1673.052670] logd: logdr: UID=10107 GID=10107 PID=13988 n tail=0 logMask=d pid=0 start=0ns deadline=0ns
06-14 17:38:51.809 13988 13988 I auditd : type=1400 audit(0.0:4108): avc: denied { read } for comm="CrashSDKBkgdHan" name="anr" dev="dm-10" ino=22 scontext=u:r:untrusted_app:s0:c107,c256,c512,c768 tcontext=u:object_r:anr_data_file:s0 tclass=dir permissive=0 app=com.youku.phone
06-14 17:38:52.537 1556 15732 I wm_task_moved: [1041,1,8]
06-14 17:38:52.537 1556 15732 I wm_task_to_front: [0,1041]
06-14 17:38:52.537 1556 15732 I wm_focused_root_task: [0,0,1041,1031,bringingFoundTaskToFront]
06-14 17:38:52.537 18206 18206 I wm_on_top_resumed_lost_called: [105459777,com.kugou.crash.snow.JonSnow$HintActivity,topStateChangedWhenResumed]
06-14 17:38:52.538 1556 15732 I wm_set_resumed_activity: [0,com.hunantv.imgo.activity/.MainActivity,bringingFoundTaskToFront]
06-14 17:38:52.538 1556 15732 I wm_new_intent: [0,162903211,1041,com.hunantv.imgo.activity/.MainActivity,android.intent.action.MAIN,NULL,NULL,270532608]
06-14 17:38:52.539 1556 15732 I wm_pause_activity: [0,259330355,com.tencent.mm/.plugin.account.ui.WelcomeActivity,userLeaving=true,pauseBackTasks]
06-14 17:38:52.539 1556 15732 I wm_pause_activity: [0,106812043,com.android.launcher3/.uioverrides.QuickstepLauncher,userLeaving=true,pauseBackTasks]
06-14 17:38:52.542 18952 18952 I wm_on_paused_called: [106812043,com.android.launcher3.uioverrides.QuickstepLauncher,performPause]
06-14 17:38:52.545 1556 5833 I wm_add_to_stopping: [0,106812043,com.android.launcher3/.uioverrides.QuickstepLauncher,makeInvisible]
06-14 17:38:52.547 1556 1689 I sysui_multi_action: [757,803,799,window_time_2,802,1]
06-14 17:38:52.557 19743 19743 I wm_on_paused_called: [259330355,com.tencent.mm.plugin.account.ui.WelcomeActivity,performPause]
06-14 17:38:52.558 1556 15732 I wm_set_resumed_activity: [0,com.hunantv.imgo.activity/.MainActivity,resumeTopActivityInnerLocked]
06-14 17:38:52.560 1556 15732 I wm_resume_activity: [0,162903211,1041,com.hunantv.imgo.activity/.MainActivity]
06-14 17:38:52.563 1556 1689 I sysui_multi_action: [757,803,799,window_time_0,802,0]
06-14 17:38:52.564 18348 18348 I wm_on_restart_called: [162903211,com.hunantv.imgo.activity.MainActivity,performRestartActivity]
06-14 17:38:52.564 18348 18348 I wm_on_start_called: [162903211,com.hunantv.imgo.activity.MainActivity,handleStartActivity]
06-14 17:38:52.566 18348 18348 I wm_on_resume_called: [162903211,com.hunantv.imgo.activity.MainActivity,RESUME_ACTIVITY]
06-14 17:38:52.566 18348 18348 I wm_on_top_resumed_gained_called: [162903211,com.hunantv.imgo.activity.MainActivity,topWhenResuming]
06-14 17:38:52.581 1556 1690 I input_focus: [Focus request afd968 com.hunantv.imgo.activity/com.hunantv.imgo.activity.MainActivity,reason=UpdateInputWindows]
06-14 17:38:52.857 17055 17055 I auditd : type=1400 audit(0.0:4109): avc: denied { read } for comm="CrashSDKBkgdHan" name="loadavg" dev="proc" ino=4026532243 scontext=u:r:untrusted_app:s0:c107,c256,c512,c768 tcontext=u:object_r:proc_loadavg:s0 tclass=file permissive=0 app=com.youku.phone
06-14 17:38:53.077 1556 1828 I input_interaction: Interaction with: edge-swipe (server), swipe-up (server), PointerEventDispatcher0 (server),
06-14 17:38:53.713 0 0 E [ 1674.976186] link_delay_work_func: DTC_ETH: SQI=0, link=0
06-14 17:38:55.705 0 0 E [ 1676.968090] msm_pcm_playback_close: CMD_EOS failed, cmd_pending 0x8
06-14 17:38:56.345 17513 17513 I auditd : type=1400 audit(0.0:4110): avc: denied { read } for comm="CrashSDKBkgdHan" name="loadavg" dev="proc" ino=4026532243 scontext=u:r:untrusted_app:s0:c107,c256,c512,c768 tcontext=u:object_r:proc_loadavg:s0 tclass=file permissive=0 app=com.youku.phone
06-14 17:38:56.397 17529 17529 I auditd : type=1400 audit(0.0:4111): avc: denied { read } for comm="CrashSDKBkgdHan" name="loadavg" dev="proc" ino=4026532243 scontext=u:r:untrusted_app:s0:c107,c256,c512,c768 tcontext=u:object_r:proc_loadavg:s0 tclass=file permissive=0 app=com.youku.phone
06-14 17:38:57.602 1556 1689 I wm_stop_activity: [0,69262217,com.tencent.mm/.ui.LauncherUI]
06-14 17:38:57.602 1556 1689 I wm_stop_activity: [0,246729708,com.tencent.mm/.plugin.account.ui.WelcomeActivity]
06-14 17:38:57.603 1556 1689 I wm_stop_activity: [0,259330355,com.tencent.mm/.plugin.account.ui.WelcomeActivity]
06-14 17:38:57.616 1556 1828 I input_focus: [Focus entering afd968 com.hunantv.imgo.activity/com.hunantv.imgo.activity.MainActivity (server),reason=Window became focusable. Previous reason: NOT_VISIBLE]
06-14 17:38:57.620 1931 1931 I sqlite_mem_released: 0
06-14 17:38:57.621 1931 1931 I force_gc: mem
06-14 17:38:57.637 1556 1695 I am_pss : [20267,10092,com.tencent.ilink.ServiceProcess,91558912,79302656,137216,174612480,0,5,10]
06-14 17:38:57.654 19743 19743 I wm_on_stop_called: [69262217,com.tencent.mm.ui.LauncherUI,STOP_ACTIVITY_ITEM]
06-14 17:38:57.658 19743 19743 I wm_on_stop_called: [246729708,com.tencent.mm.plugin.account.ui.WelcomeActivity,STOP_ACTIVITY_ITEM]
06-14 17:38:57.663 19743 19743 I wm_on_stop_called: [259330355,com.tencent.mm.plugin.account.ui.WelcomeActivity,STOP_ACTIVITY_ITEM]
06-14 17:38:57.670 1556 1695 I am_pss : [18247,10095,com.ss.android.ugc.aweme,481661952,461778944,78848,580063232,0,19,30]
06-14 17:38:57.689 1556 1695 I am_pss : [19031,10117,com.kugou.android.support,150517760,64249856,33792,337690624,0,4,16]
06-14 17:38:58.154 1556 1689 I wm_stop_activity: [0,106812043,com.android.launcher3/.uioverrides.QuickstepLauncher]
06-14 17:38:58.183 18952 18952 I wm_on_stop_called: [106812043,com.android.launcher3.uioverrides.QuickstepLauncher,STOP_ACTIVITY_ITEM]
06-14 17:38:58.832 0 0 E [ 1680.096261] link_delay_work_func: DTC_ETH: SQI=0, link=0
06-14 17:38:59.046 1556 1828 I input_interaction: Interaction with: afd968 com.hunantv.imgo.activity/com.hunantv.imgo.activity.MainActivity (server), edge-swipe (server), swipe-up (server), PointerEventDispatcher0 (server),
06-14 17:38:59.061 1556 6193 I wm_task_moved: [937,0,0]
06-14 17:38:59.062 1556 6193 I wm_task_moved: [937,0,7]
06-14 17:38:59.069 18348 18348 I view_enqueue_input_event: [Motion - Cancel,com.hunantv.imgo.activity/com.hunantv.imgo.activity.MainActivity]
06-14 17:38:59.076 1556 1828 I input_interaction: Interaction with: edge-swipe (server), swipe-up (server), PointerEventDispatcher0 (server),
06-14 17:38:59.079 18952 18952 I wm_on_restart_called: [106812043,com.android.launcher3.uioverrides.QuickstepLauncher,performRestartActivity]
06-14 17:38:59.128 18952 18952 I wm_on_start_called: [106812043,com.android.launcher3.uioverrides.QuickstepLauncher,handleStartActivity]
06-14 17:38:59.141 1556 1690 I input_focus: [Focus request recents_animation_input_consumer,reason=UpdateInputWindows]
06-14 17:38:59.146 1556 1828 I input_focus: [Focus leaving afd968 com.hunantv.imgo.activity/com.hunantv.imgo.activity.MainActivity (server),reason=NOT_FOCUSABLE]
06-14 17:38:59.146 1556 1828 I input_focus: [Focus entering recents_animation_input_consumer (server),reason=setFocusedWindow]
06-14 17:38:59.151 1556 1556 I service_manager_stats: [100,61,22332]
06-14 17:38:59.153 18952 18952 I sysui_latency: [1,107]
06-14 17:38:59.169 1556 1686 I sysui_multi_action: [319,16,322,100,325,1680,757,761,758,9,759,5,806,com.android.launcher3,871,com.android.launcher3.uioverrides.QuickstepLauncher,904,com.android.launcher3,905,0,1320,8,1321,5]
06-14 17:38:59.337 1556 1817 I commit_sys_config_file: [settings-1-0,10]
06-14 17:38:59.464 1556 1695 I sysui_latency: [8,111]
06-14 17:38:59.818 1556 18791 I wm_task_moved: [937,1,8]
06-14 17:38:59.818 1556 18791 I wm_task_moved: [938,1,2147483647]
06-14 17:38:59.818 1556 18791 I wm_task_to_front: [0,938]
06-14 17:38:59.818 1556 18791 I wm_focused_root_task: [0,0,937,1041,RecentsAnimation.onAnimationFinished()]
