--------- beginning of radio
06-14 17:11:08.497 1556 1556 D TelephonyRegistry: listen oscl: mHasNotifySubscriptionInfoChangedOccurred==false no callback
06-14 17:11:09.197 1556 1847 D TelephonyRegistry: listen oscl: mHasNotifySubscriptionInfoChangedOccurred==false no callback
06-14 17:11:09.217 1556 1556 D TelephonyRegistry: listen oscl: mHasNotifySubscriptionInfoChangedOccurred==false no callback
06-14 17:11:09.225 1556 1848 D TelephonyRegistry: listen oscl: mHasNotifySubscriptionInfoChangedOccurred==false no callback
06-14 17:11:09.241 1556 1556 D TelephonyRegistry: listen oscl: mHasNotifySubscriptionInfoChangedOccurred==false no callback
06-14 17:11:09.258 1556 1686 W CarrierConfigManager: Error getting config for subId -1 ICarrierConfigLoader is null
06-14 17:11:09.272 1556 1556 D TelephonyRegistry: systemRunning register for intents
06-14 17:11:09.608 1556 1695 D TelephonyRegistry: listen oscl: mHasNotifySubscriptionInfoChangedOccurred==false no callback
06-14 17:11:09.714 1556 1590 D TelephonyRegistry: listen oscl: mHasNotifySubscriptionInfoChangedOccurred==false no callback
06-14 17:11:10.078 1556 1556 D TelephonyRegistry: listen oscl: mHasNotifySubscriptionInfoChangedOccurred==false no callback
06-14 17:11:10.081 1931 1931 W CarrierConfigManager: Error getting config for subId -1 ICarrierConfigLoader is null
06-14 17:11:10.096 1556 1932 D TelephonyRegistry: listen oscl: mHasNotifySubscriptionInfoChangedOccurred==false no callback
06-14 17:11:10.097 1556 1556 D TelephonyRegistry: notifyCellLocationForSubscriber: subId=2147483647 cellIdentity=null
06-14 17:11:10.930 1556 2323 D TelephonyRegistry: listen oscl: mHasNotifySubscriptionInfoChangedOccurred==false no callback
06-14 17:11:11.519 1556 2199 D TelephonyRegistry: listen oscl: mHasNotifySubscriptionInfoChangedOccurred==false no callback
06-14 17:11:11.586 1556 2320 D TelephonyRegistry: listen oscl: mHasNotifySubscriptionInfoChangedOccurred==false no callback
06-14 17:11:21.689 2397 2397 W CarrierConfigManager: Error getting config for subId -1 ICarrierConfigLoader is null
06-14 17:11:21.733 1556 2360 D TelephonyRegistry: listen oscl: mHasNotifySubscriptionInfoChangedOccurred==false no callback
06-14 17:11:21.739 1556 2360 D TelephonyRegistry: listen oscl: mHasNotifySubscriptionInfoChangedOccurred==false no callback
06-14 17:15:42.342 18975 18975 W CarrierConfigManager: Error getting config for subId -1 ICarrierConfigLoader is null
06-14 17:15:42.369 1556 6192 D TelephonyRegistry: listen oscl: mHasNotifySubscriptionInfoChangedOccurred==false no callback
06-14 17:15:42.372 1556 6192 D TelephonyRegistry: listen oscl: mHasNotifySubscriptionInfoChangedOccurred==false no callback
06-14 17:23:47.335 23310 23310 W CarrierConfigManager: Error getting config for subId -1 ICarrierConfigLoader is null
06-14 17:23:47.365 1556 1590 D TelephonyRegistry: listen oscl: mHasNotifySubscriptionInfoChangedOccurred==false no callback
06-14 17:23:47.369 1556 2360 D TelephonyRegistry: listen oscl: mHasNotifySubscriptionInfoChangedOccurred==false no callback
06-14 17:35:14.518 24294 24376 D SubscriptionManager: [getSubId]- fail
06-14 17:35:14.518 24294 24376 D SubscriptionManager: [getSubId]- fail
06-14 17:35:22.322 1556 5961 D TelephonyRegistry: listen oscl: mHasNotifySubscriptionInfoChangedOccurred==false no callback
06-14 17:35:26.082 26176 26877 D SubscriptionManager: [getSubId]- fail
06-14 17:35:26.082 26176 26877 D SubscriptionManager: [getSubId]- fail
06-14 17:35:27.088 26176 26312 D SubscriptionManager: [getSubId]- fail
06-14 17:35:27.090 26176 26312 D SubscriptionManager: [getSubId]- fail
06-14 17:35:30.317 1556 6192 D TelephonyRegistry: listen oscl: mHasNotifySubscriptionInfoChangedOccurred==false no callback
06-14 17:35:38.886 1556 18234 D TelephonyRegistry: listen oscl: mHasNotifySubscriptionInfoChangedOccurred==false no callback
06-14 17:35:51.777 30392 30650 D SubscriptionManager: [getSubId]- fail
06-14 17:35:51.777 30392 30650 D SubscriptionManager: [getSubId]- fail
06-14 17:36:01.476 1556 15732 D TelephonyRegistry: listen oscl: mHasNotifySubscriptionInfoChangedOccurred==false no callback
06-14 17:36:10.058 1556 1589 D TelephonyRegistry: listen oscl: mHasNotifySubscriptionInfoChangedOccurred==false no callback
06-14 17:36:19.021 1556 2273 D TelephonyRegistry: listen oscl: mHasNotifySubscriptionInfoChangedOccurred==false no callback --------- beginning of kernel
06-14 17:36:50.829 0 0 E [ 1552.096157] link_delay_work_func: DTC_ETH: SQI=0, link=0
06-14 17:36:55.952 0 0 E [ 1557.216295] link_delay_work_func: DTC_ETH: SQI=0, link=0
06-14 17:36:57.945 0 0 E [ 1559.208101] msm_pcm_playback_close: CMD_EOS failed, cmd_pending 0x8
06-14 17:36:57.952 0 0 I [ 1559.217076] afe_close: port_id = 0x9000
06-14 17:36:57.972 0 0 I [ 1559.239764] afe_find_cal_topo_id_by_port: port id: 0x9000, dev_acdb_id: 15
06-14 17:36:57.972 0 0 I [ 1559.239771] afe_find_cal_topo_id_by_port: top_id:112fc acdb_id:15 afe_port_id:0x9000
06-14 17:36:57.972 0 0 I [ 1559.239776] afe_get_cal_topology_id: port_id = 0x9000 acdb_id = 15 topology_id = 0x112fc cal_type_index=8 ret=0
06-14 17:36:57.972 0 0 I [ 1559.239991] afe_send_port_topology_id: AFE set topology id 0x112fc enable for port 0x9000 ret 0
06-14 17:36:57.972 0 0 I [ 1559.239994] send_afe_cal_type: cal_index is 0
06-14 17:36:57.972 0 0 I [ 1559.239998] send_afe_cal_type: dev_acdb_id[55] is 15
06-14 17:36:57.972 0 0 I [ 1559.240001] afe_find_cal: cal_index 0 port_id 0x9000 port_index 55
06-14 17:36:57.972 0 0 I [ 1559.240005] afe_find_cal: acdb_id 15 dev_acdb_id 15 sample_rate 48000 afe_sample_rates 48000
06-14 17:36:57.972 0 0 I [ 1559.240007] afe_find_cal: cal block is a match, size is 0
06-14 17:36:57.972 0 0 I [ 1559.240010] send_afe_cal_type: Sending cal_index cal 0
06-14 17:36:57.972 0 0 E [ 1559.240013] send_afe_cal_type: No cal sent for cal_index 0, port_id = 0x9000! ret -22
06-14 17:36:57.976 0 0 I [ 1559.240316] afe_send_hw_delay: port_id 0x9000 rate 48000 delay_usec 474 status 0
06-14 17:36:59.976 0 0 I [ 1561.241210] logd: logdr: UID=2000 GID=2000 PID=4232 b tail=0 logMask=bf pid=0 start=0ns deadline=0ns
06-14 17:37:01.069 0 0 E [ 1562.336212] link_delay_work_func: DTC_ETH: SQI=0, link=0
06-14 17:37:02.946 0 0 I [ 1564.213442] binder: 2382:4253 ioctl 40046210 7467f901f4 returned -22
06-14 17:37:04.166 0 0 I [ 1565.433604] binder: 3947:4296 ioctl 40046210 74680c01f4 returned -22
06-14 17:37:04.491 0 0 I [ 1565.757061] binder: 4416:4416 ioctl 40046210 7ff4300c84 returned -22
06-14 17:37:05.136 0 0 I [ 1566.403533] binder: 4534:4534 ioctl 40046210 7ff4300c84 returned -22
06-14 17:37:05.200 0 0 I [ 1566.467415] init: processing action (sys.tlog.tlogdshc.active=1) from (/system/etc/init/tlogd.rc:195)
06-14 17:37:05.200 0 0 I [ 1566.467590] init: starting service 'tlogdshc'...
06-14 17:37:05.250 0 0 I [ 1566.516684] binder: 4572:4572 ioctl 40046210 7ff4300c84 returned -22
06-14 17:37:05.316 0 0 I [ 1566.582553] init: Service 'tlogdshc' (pid 4563) exited with status 0 oneshot service took 0.114000 seconds in background
06-14 17:37:05.316 0 0 I [ 1566.582564] init: Sending signal 9 to service 'tlogdshc' (pid 4563) process group...
06-14 17:37:05.316 0 0 I [ 1566.582697] libprocessgroup: Successfully killed process cgroup uid 0 pid 4563 in 0ms
06-14 17:37:05.724 0 0 I [ 1566.991243] msm_vidc: high: 00000001: ....d: Opening video instance: 0000000000000000, 1
06-14 17:37:05.724 0 0 I [ 1566.991275] msm_vidc: err : 00000001: ....d: Failed to create debugfs for msm_vidc
06-14 17:37:06.189 0 0 E [ 1567.456122] link_delay_work_func: DTC_ETH: SQI=0, link=0
06-14 17:37:06.438 0 0 I [ 1567.705195] msm_vidc: high: 00000002: ....d: Opening video instance: 0000000000000000, 1
06-14 17:37:06.438 0 0 I [ 1567.705295] msm_vidc: err : 00000002: ....d: Failed to create debugfs for msm_vidc
06-14 17:37:06.725 0 0 I [ 1567.991767] msm_vidc: high: 00000001: h264d: Closed video instance: 0000000000000000
06-14 17:37:07.252 0 0 I [ 1568.516658] binder: 4534:4990 ioctl 40046210 73e7a1d1f4 returned -22
06-14 17:37:07.584 0 0 I [ 1568.849171] binder: 5107:5107 ioctl 40046210 7ff4300c84 returned -22
06-14 17:37:08.308 0 0 I [ 1569.575590] binder: 5249:5249 ioctl 40046210 7ff4300c84 returned -22
06-14 17:37:08.343 0 0 I [ 1569.608695] binder: 5265:5265 ioctl 40046210 7ff4300c84 returned -22
06-14 17:37:08.437 0 0 E [ 1569.704180] msm_pcm_playback_close: CMD_EOS failed, cmd_pending 0x8
06-14 17:37:08.491 0 0 I [ 1569.756854] binder: 2275:5240 ioctl 40046210 746810a1f4 returned -22
06-14 17:37:08.888 0 0 W [ 1570.155007] audit: audit_lost=2890 audit_rate_limit=5 audit_backlog_limit=64
06-14 17:37:08.888 0 0 E [ 1570.155012] audit: rate limit exceeded
06-14 17:37:09.496 0 0 I [ 1570.761701] binder: 1591:5608 ioctl 40046210 73a58dd1f4 returned -22
06-14 17:37:10.121 0 0 I [ 1571.387578] logd: logdr: UID=10094 GID=10094 PID=5777 n tail=200 logMask=99 pid=0 start=0ns deadline=0ns
06-14 17:37:10.236 0 0 I [ 1571.503020] logd: logdr: UID=10094 GID=10094 PID=5802 n tail=200 logMask=4 pid=0 start=0ns deadline=0ns
06-14 17:37:10.460 4534 4998 D SubscriptionManager: [getSubId]- fail
06-14 17:37:10.460 4534 4998 D SubscriptionManager: [getSubId]- fail
06-14 17:37:10.700 0 0 I [ 1571.967799] logd: logdr: UID=10094 GID=10094 PID=5909 n tail=200 logMask=99 pid=0 start=0ns deadline=0ns
06-14 17:37:10.716 0 0 I [ 1571.972485] binder: undelivered TRANSACTION_COMPLETE
06-14 17:37:10.716 0 0 I [ 1571.972489] binder: undelivered transaction 603000, process died.
06-14 17:37:10.716 0 0 I [ 1571.979770] binder: release 5107:5107 transaction 598576 out, still active
06-14 17:37:10.716 0 0 I [ 1571.979773] binder: undelivered TRANSACTION_COMPLETE
06-14 17:37:10.742 0 0 I [ 1572.008578] logd: logdr: UID=10094 GID=10094 PID=5918 n tail=200 logMask=4 pid=0 start=0ns deadline=0ns
06-14 17:37:10.783 0 0 I [ 1572.050249] binder: release 4534:4969 transaction 594526 out, still active
06-14 17:37:10.783 0 0 I [ 1572.050255] binder: undelivered TRANSACTION_COMPLETE
06-14 17:37:10.784 0 0 I [ 1572.051431] binder: undelivered transaction 604166, process died.
06-14 17:37:10.785 0 0 I [ 1572.052910] init: Untracked pid 5895 exited with status 0
06-14 17:37:10.804 0 0 W [ 1572.070647] audit: audit_lost=2909 audit_rate_limit=5 audit_backlog_limit=64
06-14 17:37:10.804 0 0 E [ 1572.070650] audit: rate limit exceeded
06-14 17:37:10.887 0 0 I [ 1572.154364] binder: undelivered TRANSACTION_COMPLETE
06-14 17:37:10.887 0 0 I [ 1572.154370] binder: undelivered transaction 603885, process died.
06-14 17:37:10.888 0 0 I [ 1572.154419] binder: undelivered TRANSACTION_COMPLETE
06-14 17:37:10.888 0 0 I [ 1572.154422] binder: undelivered transaction 603876, process died.
06-14 17:37:10.890 0 0 I [ 1572.157314] init: Untracked pid 3685 exited with status 1
06-14 17:37:10.908 0 0 I [ 1572.174357] binder: 5930:5930 ioctl 40046210 7ff4300c84 returned -22
06-14 17:37:11.314 0 0 E [ 1572.576093] link_delay_work_func: DTC_ETH: SQI=0, link=0
06-14 17:37:11.716 0 0 I [ 1572.981651] binder: 6140:6140 ioctl 40046210 7ff4300c84 returned -22
06-14 17:37:11.875 0 0 I [ 1573.005584] binder: 6158:6158 ioctl 40046210 7ff4300c84 returned -22
06-14 17:37:11.875 0 0 I [ 1573.080969] binder: 6140:6182 ioctl 40046210 746102e1f4 returned -22
06-14 17:37:11.979 0 0 W [ 1573.246366] audit: audit_lost=2912 audit_rate_limit=5 audit_backlog_limit=64
06-14 17:37:11.979 0 0 E [ 1573.246368] audit: rate limit exceeded
06-14 17:37:12.055 1556 2320 D TelephonyRegistry: listen oscl: mHasNotifySubscriptionInfoChangedOccurred==false no callback
06-14 17:37:12.739 0 0 I [ 1574.002447] msm_vidc: high: 00000001: ....d: Opening video instance: 0000000000000000, 1
06-14 17:37:12.739 0 0 I [ 1574.002479] msm_vidc: err : 00000001: ....d: Failed to create debugfs for msm_vidc
06-14 17:37:12.934 0 0 I [ 1574.195665] msm_vidc: high: 00000001: h265d: Closed video instance: 0000000000000000
06-14 17:37:12.942 0 0 I [ 1574.202058] msm_vidc: high: 00000001: ....d: Opening video instance: 0000000000000000, 1
06-14 17:37:12.942 0 0 I [ 1574.202091] msm_vidc: err : 00000001: ....d: Failed to create debugfs for msm_vidc
06-14 17:37:13.014 0 0 W [ 1574.271598] audit: audit_lost=2921 audit_rate_limit=5 audit_backlog_limit=64
06-14 17:37:13.014 0 0 E [ 1574.271600] audit: rate limit exceeded --------- beginning of crash
06-14 17:37:14.198 6477 6477 F DEBUG : *** *** *** *** *** *** *** *** *** *** *** *** *** *** *** ***
06-14 17:37:14.198 6477 6477 F DEBUG : Build fingerprint: 'HiPhi/PassengerDisplay_CN/PassengerDisplay:12/SKQ1.220201.001/3983:user/test-keys'
06-14 17:37:14.198 6477 6477 F DEBUG : Revision: '0'
06-14 17:37:14.198 6477 6477 F DEBUG : ABI: 'arm'
06-14 17:37:14.198 6477 6477 F DEBUG : Timestamp: 2023-06-14 17:37:14.120470911+0800
06-14 17:37:14.198 6477 6477 F DEBUG : Process uptime: 0s
06-14 17:37:14.198 6477 6477 F DEBUG : Cmdline: /vendor/bin/hw/android.hardware.audio.service
06-14 17:37:14.198 6477 6477 F DEBUG : pid: 797, tid: 797, name: audio.service >>> /vendor/bin/hw/android.hardware.audio.service <<<
06-14 17:37:14.198 6477 6477 F DEBUG : uid: 1041
06-14 17:37:14.198 6477 6477 F DEBUG : signal 35 (), code -1 (SI_QUEUE from pid 976, uid 1041), fault addr --------
06-14 17:37:14.199 6477 6477 F DEBUG : r0 00000004 r1 c0306201 r2 ffeb2538 r3 ffeb248c
06-14 17:37:14.199 6477 6477 F DEBUG : r4 491c3e50 r5 f5b98138 r6 ffeb2538 r7 00000036
06-14 17:37:14.199 6477 6477 F DEBUG : r8 00000000 r9 f5303ae4 r10 ffeb2548 r11 ffeb2538
06-14 17:37:14.199 6477 6477 F DEBUG : ip 00000100 sp ffeb2470 lr f5b462cb pc f5b785a8
06-14 17:37:14.199 6477 6477 F DEBUG : backtrace:
06-14 17:37:14.199 6477 6477 F DEBUG : #00 pc 000715a8 /apex/com.android.runtime/lib/bionic/libc.so (__ioctl+8) (BuildId: cc194ef76ee932851b23cc2e4f46d55f)
06-14 17:37:14.199 6477 6477 F DEBUG : #01 pc 0003f2c7 /apex/com.android.runtime/lib/bionic/libc.so (ioctl+26) (BuildId: cc194ef76ee932851b23cc2e4f46d55f)
06-14 17:37:14.199 6477 6477 F DEBUG : #02 pc 0005ff09 /apex/com.android.vndk.v30/lib/libhidlbase.so (android::hardware::IPCThreadState::getAndExecuteCommand()+160) (BuildId: ae84f31d0a55afdbe06ed13729dae8a2)
06-14 17:37:14.199 6477 6477 F DEBUG : #03 pc 0006100d /apex/com.android.vndk.v30/lib/libhidlbase.so (android::hardware::IPCThreadState::joinThreadPool(bool)+56) (BuildId: ae84f31d0a55afdbe06ed13729dae8a2)
06-14 17:37:14.199 6477 6477 F DEBUG : #04 pc 000026b5 /vendor/bin/hw/android.hardware.audio.service (main+2564) (BuildId: b5ba2845ffd2ad1c80c85239344b8c71)
06-14 17:37:14.199 6477 6477 F DEBUG : #05 pc 0003248b /apex/com.android.runtime/lib/bionic/libc.so (__libc_init+54) (BuildId: cc194ef76ee932851b23cc2e4f46d55f)
06-14 17:37:14.210 0 0 I [ 1575.474328] init: Untracked pid 6477 exited with status 0
06-14 17:37:14.216 0 0 I [ 1575.481464] init: Untracked pid 6479 exited with status 0
06-14 17:37:14.320 0 0 W [ 1575.587916] audit: audit_lost=2925 audit_rate_limit=5 audit_backlog_limit=64
06-14 17:37:14.320 0 0 E [ 1575.587918] audit: rate limit exceeded
06-14 17:37:15.020 0 0 I [ 1576.286580] logd: logdr: UID=10094 GID=10094 PID=6508 n tail=200 logMask=99 pid=0 start=0ns deadline=0ns
06-14 17:37:15.044 0 0 I [ 1576.308369] logd: logdr: UID=10094 GID=10094 PID=6510 n tail=200 logMask=4 pid=0 start=0ns deadline=0ns
06-14 17:37:15.080 976 1869 F libc : Fatal signal 6 (SIGABRT), code -1 (SI_QUEUE) in tid 1869 (TimeCheckThread), pid 976 (audioserver)
06-14 17:37:15.231 6519 6519 F DEBUG : *** *** *** *** *** *** *** *** *** *** *** *** *** *** *** ***
06-14 17:37:15.231 6519 6519 F DEBUG : Build fingerprint: 'HiPhi/PassengerDisplay_CN/PassengerDisplay:12/SKQ1.220201.001/3983:user/test-keys'
06-14 17:37:15.231 6519 6519 F DEBUG : Revision: '0'
06-14 17:37:15.231 6519 6519 F DEBUG : ABI: 'arm64'
06-14 17:37:15.231 6519 6519 F DEBUG : Timestamp: 2023-06-14 17:37:15.101172004+0800
06-14 17:37:15.231 6519 6519 F DEBUG : Process uptime: 0s
06-14 17:37:15.231 6519 6519 F DEBUG : Cmdline: /system/bin/audioserver
06-14 17:37:15.231 6519 6519 F DEBUG : pid: 976, tid: 1869, name: TimeCheckThread >>> /system/bin/audioserver <<<
06-14 17:37:15.231 6519 6519 F DEBUG : uid: 1041
06-14 17:37:15.231 6519 6519 F DEBUG : signal 6 (SIGABRT), code -1 (SI_QUEUE), fault addr --------
06-14 17:37:15.231 6519 6519 F DEBUG : Abort message: 'TimeCheck timeout for IAudioFlinger command 23'
06-14 17:37:15.231 6519 6519 F DEBUG : x0 0000000000000000 x1 000000000000074d x2 0000000000000006 x3 0000007112b06530
06-14 17:37:15.231 6519 6519 F DEBUG : x4 6d686b456e686374 x5 6d686b456e686374 x6 6d686b456e686374 x7 7f7f7f7f7f7f7f7f
06-14 17:37:15.231 6519 6519 F DEBUG : x8 00000000000000f0 x9 cb9dd3aaf0ab4c77 x10 0000000000000000 x11 ffffff80ffffffdf
06-14 17:37:15.231 6519 6519 F DEBUG : x12 0000000000000001 x13 000000000000002f x14 0000007112b066c0 x15 0000000034155555
06-14 17:37:15.231 6519 6519 F DEBUG : x16 000000745a352060 x17 000000745a32e560 x18 000000710ef08000 x19 00000000000003d0
06-14 17:37:15.231 6519 6519 F DEBUG : x20 000000000000074d x21 00000000ffffffff x22 b40000717293b0d0 x23 b400007152930c54
06-14 17:37:15.231 6519 6519 F DEBUG : x24 b400007152930c54 x25 0000007112b06cb0 x26 0000007112b06ff8 x27 00000000000fc000
06-14 17:37:15.231 6519 6519 F DEBUG : x28 0000007112a0e000 x29 0000007112b065b0
06-14 17:37:15.231 6519 6519 F DEBUG : lr 000000745a2de95c sp 0000007112b06510 pc 000000745a2de988 pst 0000000000001000
06-14 17:37:15.231 6519 6519 F DEBUG : backtrace:
06-14 17:37:15.231 6519 6519 F DEBUG : #00 pc 0000000000051988 /apex/com.android.runtime/lib64/bionic/libc.so (abort+168) (BuildId: 369edc656806aeaf384cbeb8f7a347af)
06-14 17:37:15.231 6519 6519 F DEBUG : #01 pc 00000000000063b8 /system/lib64/liblog.so (__android_log_default_aborter+16) (BuildId: 467c2038cdfa767245f9280e657fdb85)
06-14 17:37:15.231 6519 6519 F DEBUG : #02 pc 0000000000006f14 /system/lib64/liblog.so (__android_log_assert+312) (BuildId: 467c2038cdfa767245f9280e657fdb85)
06-14 17:37:15.231 6519 6519 F DEBUG : #03 pc 0000000000035294 /system/lib64/libmediautils.so (android::TimeCheck::TimeCheckThread::threadLoop()+908) (BuildId: d1ac2ddd5dabaddcca37691821970832)
06-14 17:37:15.231 6519 6519 F DEBUG : #04 pc 0000000000013654 /system/lib64/libutils.so (android::Thread::_threadLoop(void*)+464) (BuildId: b940f836006eead456c936e97e64d2d4)
06-14 17:37:15.231 6519 6519 F DEBUG : #05 pc 0000000000012de8 /system/lib64/libutils.so (thread_data_t::trampoline(thread_data_t const*)+408) (BuildId: b940f836006eead456c936e97e64d2d4)
06-14 17:37:15.231 6519 6519 F DEBUG : #06 pc 00000000000b6a24 /apex/com.android.runtime/lib64/bionic/libc.so (__pthread_start(void*)+264) (BuildId: 369edc656806aeaf384cbeb8f7a347af)
06-14 17:37:15.231 6519 6519 F DEBUG : #07 pc 00000000000532bc /apex/com.android.runtime/lib64/bionic/libc.so (__start_thread+68) (BuildId: 369edc656806aeaf384cbeb8f7a347af)
06-14 17:37:15.242 0 0 I [ 1576.508189] init: Untracked pid 6519 exited with status 0
06-14 17:37:15.242 0 0 I [ 1576.509603] init: Untracked pid 6521 exited with status 0
06-14 17:37:15.244 0 0 I [ 1576.511961] binder: release 976:976 transaction 595975 in, still active
06-14 17:37:15.244 0 0 I [ 1576.511964] binder: send failed reply for transaction 595975 to 1205:2657
06-14 17:37:15.244 0 0 I [ 1576.511974] binder: release 976:1334 transaction 612876 in, still active
06-14 17:37:15.244 0 0 I [ 1576.511975] binder: send failed reply for transaction 612876 to 19422:6408
06-14 17:37:15.244 0 0 I [ 1576.511981] binder: release 976:1338 transaction 598576 in, still active
06-14 17:37:15.244 0 0 I [ 1576.511982] binder: send failed reply for transaction 598576, target dead
06-14 17:37:15.244 0 0 I [ 1576.511990] binder: release 976:2057 transaction 595960 in, still active
06-14 17:37:15.244 0 0 I [ 1576.511991] binder: send failed reply for transaction 595960 to 2492:2492
06-14 17:37:15.244 0 0 I [ 1576.511997] binder: release 976:4835 transaction 594526 in, still active
06-14 17:37:15.244 0 0 I [ 1576.511997] binder: send failed reply for transaction 594526, target dead
06-14 17:37:15.244 0 0 I [ 1576.512144] binder: undelivered transaction 613991, process died.
06-14 17:37:15.244 0 0 I [ 1576.512145] binder: undelivered transaction 615258, process died.
06-14 17:37:15.244 0 0 I [ 1576.512146] binder: undelivered transaction 616167, process died.
06-14 17:37:15.244 0 0 I [ 1576.512147] binder: undelivered transaction 616168, process died.
06-14 17:37:15.244 0 0 I [ 1576.512147] binder: undelivered transaction 616169, process died.
06-14 17:37:15.245 0 0 I [ 1576.512286] binder: undelivered death notification, b4000071d292ab10
06-14 17:37:15.248 0 0 I [ 1576.515224] init: Service 'audioserver' (pid 976) received signal 6
06-14 17:37:15.248 0 0 I [ 1576.515233] init: Sending signal 9 to service 'audioserver' (pid 976) process group...
06-14 17:37:15.248 0 0 I [ 1576.515376] libprocessgroup: Successfully killed process cgroup uid 1041 pid 976 in 0ms
06-14 17:37:15.252 0 0 I [ 1576.517728] init: Sending signal 9 to service 'vendor.audio-hal' (pid 797) process group...
06-14 17:37:15.276 0 0 I [ 1576.541765] msm_vidc: high: 00000002: h264d: Closed video instance: 0000000000000000
06-14 17:37:15.280 0 0 I [ 1576.546846] msm_vidc: high: 00000001: h265d: Closed video instance: 0000000000000000
06-14 17:37:15.340 0 0 I [ 1576.608270] binder: 6527:6527 ioctl 40046210 7fd1c96824 returned -22
06-14 17:37:15.341 0 0 I [ 1576.608332] binder: 6527:6527 ioctl 40046210 7fd1c96844 returned -22
06-14 17:37:15.400 0 0 I [ 1576.666011] binder: 6575:6575 ioctl 40046210 7ff4300c84 returned -22
06-14 17:37:15.456 0 0 E [ 1576.720037] msm_pcm_playback_close: CMD_EOS failed, cmd_pending 0x8
06-14 17:37:15.460 0 0 I [ 1576.725920] afe_close: port_id = 0x9000
06-14 17:37:15.660 0 0 W [ 1576.927588] audit: audit_lost=2929 audit_rate_limit=5 audit_backlog_limit=64
06-14 17:37:15.660 0 0 E [ 1576.927592] audit: rate limit exceeded
06-14 17:37:16.142 0 0 E : [ 1577.404227] msm_qti_pp_get_rms_value_control, back not active to query rms be_idx:3
06-14 17:37:16.156 0 0 I [ 1577.415159] core_get_license_status: cmdrsp_license_result.result = 0x15 for module 0x131ff
06-14 17:37:16.156 0 0 E [ 1577.415736] msm_ext_disp_update_audio_ops: Display not found (EXT_DISPLAY_TYPE_DP) ctld (0) stream (0)
06-14 17:37:16.156 0 0 E [ 1577.415777] msm_ext_disp_update_audio_ops: Display not found (EXT_DISPLAY_TYPE_HDMI) ctld (0) stream (0)
06-14 17:37:16.156 0 0 E [ 1577.415816] msm_ext_disp_update_audio_ops: Display not found (EXT_DISPLAY_TYPE_DP) ctld (0) stream (0)
06-14 17:37:16.156 0 0 E [ 1577.415855] msm_ext_disp_update_audio_ops: Display not found (EXT_DISPLAY_TYPE_DP) ctld (0) stream (0)
06-14 17:37:16.156 0 0 E [ 1577.416126] msm_ext_disp_update_audio_ops: Display not found (EXT_DISPLAY_TYPE_DP) ctld (0) stream (0)
06-14 17:37:16.156 0 0 E : [ 1577.416132] msm-ext-disp-audio-codec-rx soc:qcom,msm-ext-disp:qcom,msm-ext-disp-audio-codec-rx: msm_ext_disp_audio_type_get: get_audio_edid_blk() or get_intf_id is NULL
06-14 17:37:16.156 0 0 E [ 1577.416388] msm_ext_disp_update_audio_ops: Display not found (EXT_DISPLAY_TYPE_DP) ctld (0) stream (0)
06-14 17:37:16.156 0 0 E : [ 1577.416390] msm-ext-disp-audio-codec-rx soc:qcom,msm-ext-disp:qcom,msm-ext-disp-audio-codec-rx: msm_ext_disp_audio_type_get: get_audio_edid_blk() or get_intf_id is NULL
06-14 17:37:16.156 0 0 E [ 1577.416647] msm_ext_disp_update_audio_ops: Display not found (EXT_DISPLAY_TYPE_DP) ctld (0) stream (0)
06-14 17:37:16.156 0 0 E : [ 1577.416649] msm-ext-disp-audio-codec-rx soc:qcom,msm-ext-disp:qcom,msm-ext-disp-audio-codec-rx: msm_ext_disp_audio_type_get: get_audio_edid_blk() or get_intf_id is NULL
06-14 17:37:16.156 0 0 E : [ 1577.417764] msm-ext-disp-audio-codec-rx soc:qcom,msm-ext-disp:qcom,msm-ext-disp-audio-codec-rx: msm_ext_disp_audio_device_get: invalid dai id: 4
06-14 17:37:16.168 0 0 E [ 1577.435890] msm_pcm_chmap_ctl_get: substream ref_count:0 invalid
06-14 17:37:16.189 0 0 E : [ 1577.452184] msm_qti_pp_get_rms_value_control, back not active to query rms be_idx:3
06-14 17:37:16.193 0 0 E : [ 1577.459813] msm_pcm_volume_ctl_get substream not found
06-14 17:37:16.200 0 0 I [ 1577.464038] core_get_license_status: cmdrsp_license_result.result = 0x15 for module 0x131ff
06-14 17:37:16.200 0 0 E [ 1577.464602] msm_ext_disp_update_audio_ops: Display not found (EXT_DISPLAY_TYPE_DP) ctld (0) stream (0)
06-14 17:37:16.200 0 0 E [ 1577.464654] msm_ext_disp_update_audio_ops: Display not found (EXT_DISPLAY_TYPE_HDMI) ctld (0) stream (0)
06-14 17:37:16.200 0 0 E [ 1577.464699] msm_ext_disp_update_audio_ops: Display not found (EXT_DISPLAY_TYPE_DP) ctld (0) stream (0)
06-14 17:37:16.200 0 0 E [ 1577.464745] msm_ext_disp_update_audio_ops: Display not found (EXT_DISPLAY_TYPE_DP) ctld (0) stream (0)
06-14 17:37:16.200 0 0 E [ 1577.465009] msm_ext_disp_update_audio_ops: Display not found (EXT_DISPLAY_TYPE_DP) ctld (0) stream (0)
06-14 17:37:16.200 0 0 E : [ 1577.465013] msm-ext-disp-audio-codec-rx soc:qcom,msm-ext-disp:qcom,msm-ext-disp-audio-codec-rx: msm_ext_disp_audio_type_get: get_audio_edid_blk() or get_intf_id is NULL
06-14 17:37:16.200 0 0 E [ 1577.465253] msm_ext_disp_update_audio_ops: Display not found (EXT_DISPLAY_TYPE_DP) ctld (0) stream (0)
06-14 17:37:16.200 0 0 E : [ 1577.465255] msm-ext-disp-audio-codec-rx soc:qcom,msm-ext-disp:qcom,msm-ext-disp-audio-codec-rx: msm_ext_disp_audio_type_get: get_audio_edid_blk() or get_intf_id is NULL
06-14 17:37:16.200 0 0 E [ 1577.465489] msm_ext_disp_update_audio_ops: Display not found (EXT_DISPLAY_TYPE_DP) ctld (0) stream (0)
06-14 17:37:16.200 0 0 E : [ 1577.465491] msm-ext-disp-audio-codec-rx soc:qcom,msm-ext-disp:qcom,msm-ext-disp-audio-codec-rx: msm_ext_disp_audio_type_get: get_audio_edid_blk() or get_intf_id is NULL
06-14 17:37:16.200 0 0 E [ 1577.466061] msm_pcm_chmap_ctl_get: substream ref_count:0 invalid
06-14 17:37:16.200 0 0 E : [ 1577.466673] msm-ext-disp-audio-codec-rx soc:qcom,msm-ext-disp:qcom,msm-ext-disp-audio-codec-rx: msm_ext_disp_audio_device_get: invalid dai id: 4
06-14 17:37:16.220 0 0 E [ 1577.485843] msm_pcm_chmap_ctl_get: substream ref_count:0 invalid
06-14 17:37:16.250 0 0 E : [ 1577.512231] msm_pcm_volume_ctl_get substream not found
06-14 17:37:16.252 0 0 E [ 1577.519132] msm_pcm_chmap_ctl_get: substream ref_count:0 invalid
06-14 17:37:16.433 0 0 E [ 1577.696863] link_delay_work_func: DTC_ETH: SQI=0, link=0
06-14 17:37:16.624 0 0 E [ 1577.888240] HL6111R: is_dc_online: DC psy unavailable
06-14 17:37:16.785 0 0 I [ 1578.048923] binder: 5249:6806 ioctl 40046210 746801d1f4 returned -22
06-14 17:37:16.930 0 0 W [ 1578.195830] audit: audit_lost=2930 audit_rate_limit=5 audit_backlog_limit=64
06-14 17:37:16.942 0 0 E [ 1578.195834] audit: rate limit exceeded
06-14 17:37:18.020 0 0 I [ 1579.284498] binder: 6575:6998 ioctl 40046210 731e43a974 returned -22
06-14 17:37:18.068 0 0 W [ 1579.332998] audit: audit_lost=2974 audit_rate_limit=5 audit_backlog_limit=64
06-14 17:37:18.068 0 0 E [ 1579.333002] audit: rate limit exceeded
06-14 17:37:18.245 0 0 I [ 1579.510492] binder: 7055:7055 ioctl 40046210 7ff4300c84 returned -22
06-14 17:37:18.556 0 0 I [ 1579.823359] binder: 7104:7104 ioctl 40046210 7ff7066b34 returned -22
06-14 17:37:18.604 0 0 I [ 1579.868537] binder: 7110:7110 ioctl 40046210 7fd6115554 returned -22
06-14 17:37:18.645 0 0 I [ 1579.908104] binder: 7114:7114 ioctl 40046210 7fd275f994 returned -22
06-14 17:37:18.680 0 0 I [ 1579.947851] binder: 7118:7118 ioctl 40046210 7fd1e7a514 returned -22
06-14 17:37:18.804 0 0 I [ 1580.066109] binder: 7139:7139 ioctl 40046210 7ff65f7df4 returned -22
06-14 17:37:19.628 0 0 I [ 1580.892096] binder: 7239:7239 ioctl 40046210 7ff4300c84 returned -22
06-14 17:37:20.709 0 0 I [ 1581.975758] binder: 7360:7360 ioctl 40046210 7ff7289554 returned -22
06-14 17:37:20.867 0 0 W [ 1582.133914] audit: audit_lost=3000 audit_rate_limit=5 audit_backlog_limit=64
06-14 17:37:20.867 0 0 E [ 1582.133917] audit: rate limit exceeded
06-14 17:37:20.868 0 0 I [ 1582.135602] binder: 7440:7440 ioctl 40046210 7ff4300c84 returned -22
06-14 17:37:20.883 0 0 I [ 1582.150155] binder: 7239:7315 ioctl 40046210 73dd5911f4 returned -22
06-14 17:37:21.152 0 0 I [ 1582.418619] binder: 7542:7542 ioctl 40046210 7ff4300c84 returned -22
06-14 17:37:21.156 0 0 I [ 1582.422189] binder: 7544:7544 ioctl 40046210 7ff3883e84 returned -22
06-14 17:37:21.208 0 0 I [ 1582.474035] binder: 7568:7568 ioctl 40046210 7fd9311844 returned -22
06-14 17:37:21.492 1556 2043 D TelephonyRegistry: listen oscl: mHasNotifySubscriptionInfoChangedOccurred==false no callback
06-14 17:37:21.552 0 0 E [ 1582.816093] link_delay_work_func: DTC_ETH: SQI=0, link=0
06-14 17:37:22.292 0 0 W [ 1583.559845] audit: audit_lost=3007 audit_rate_limit=5 audit_backlog_limit=64
06-14 17:37:22.293 0 0 E [ 1583.559850] audit: rate limit exceeded
06-14 17:37:22.557 0 0 I [ 1583.822389] msm_vidc: high: 00000001: ....d: Opening video instance: 0000000000000000, 1
06-14 17:37:22.557 0 0 I [ 1583.822423] msm_vidc: err : 00000001: ....d: Failed to create debugfs for msm_vidc
06-14 17:37:22.821 0 0 I [ 1584.087674] afe_find_cal_topo_id_by_port: port id: 0x9000, dev_acdb_id: 15
06-14 17:37:22.822 0 0 I [ 1584.087676] afe_find_cal_topo_id_by_port: top_id:112fc acdb_id:15 afe_port_id:0x9000
06-14 17:37:22.822 0 0 I [ 1584.087678] afe_get_cal_topology_id: port_id = 0x9000 acdb_id = 15 topology_id = 0x112fc cal_type_index=8 ret=0
06-14 17:37:22.822 0 0 I [ 1584.087897] afe_send_port_topology_id: AFE set topology id 0x112fc enable for port 0x9000 ret 0
06-14 17:37:22.822 0 0 I [ 1584.087899] send_afe_cal_type: cal_index is 0
06-14 17:37:22.822 0 0 I [ 1584.087900] send_afe_cal_type: dev_acdb_id[55] is 15
06-14 17:37:22.822 0 0 I [ 1584.087902] afe_find_cal: cal_index 0 port_id 0x9000 port_index 55
06-14 17:37:22.822 0 0 I [ 1584.087903] afe_find_cal: acdb_id 15 dev_acdb_id 15 sample_rate 48000 afe_sample_rates 48000
06-14 17:37:22.822 0 0 I [ 1584.087904] afe_find_cal: cal block is a match, size is 0
06-14 17:37:22.822 0 0 I [ 1584.087905] send_afe_cal_type: Sending cal_index cal 0
06-14 17:37:22.822 0 0 E [ 1584.087906] send_afe_cal_type: No cal sent for cal_index 0, port_id = 0x9000! ret -22
06-14 17:37:22.822 0 0 I [ 1584.088126] afe_send_hw_delay: port_id 0x9000 rate 48000 delay_usec 474 status 0
06-14 17:37:23.960 7239 7314 D SubscriptionManager: [getSubId]- fail
06-14 17:37:23.960 7239 7314 D SubscriptionManager: [getSubId]- fail
06-14 17:37:24.111 0 0 I [ 1585.371997] binder: 8219:8219 ioctl 40046210 7ff4300c84 returned -22
06-14 17:37:24.191 0 0 W [ 1585.453831] add_to_oom_reaper: 1 callbacks suppressed
06-14 17:37:24.199 0 0 I [ 1585.463227] oom_reaper: reaped process 22980 (ox:bdservice_v1), now anon-rss:0kB, file-rss:4kB, shmem-rss:420kB
06-14 17:37:24.232 0 0 I [ 1585.497006] binder: 21019:21033 ioctl c0306201 74666e19f8 returned -14
06-14 17:37:24.233 0 0 I [ 1585.497139] binder: 21019:21780 ioctl c0306201 7467f9b9f8 returned -14
06-14 17:37:24.237 0 0 I [ 1585.503240] oom_reaper: reaped process 21019 (omm.screensaver), now anon-rss:0kB, file-rss:10936kB, shmem-rss:452kB
06-14 17:37:24.286 0 0 I [ 1585.543941] binder: 19275:19291 ioctl c0306201 74668f39f8 returned -14
06-14 17:37:24.286 0 0 I [ 1585.544250] binder: 19275:19292 ioctl c0306201 74667f59f8 returned -14
06-14 17:37:24.286 0 0 I [ 1585.544491] binder: 19275:19293 ioctl c0306201 74666f79f8 returned -14
06-14 17:37:24.286 0 0 I [ 1585.544700] binder: 19275:23733 ioctl c0306201 7467ff19f8 returned -14
06-14 17:37:24.286 0 0 I [ 1585.544776] binder: 19275:23734 ioctl c0306201 7467ef39f8 returned -14
06-14 17:37:24.286 0 0 I [ 1585.544855] binder: 19275:23744 ioctl c0306201 7467af39f8 returned -14
06-14 17:37:24.286 0 0 I [ 1585.547303] binder: 19275:19302 ioctl c0306201 74664449f8 returned -14
06-14 17:37:24.286 0 0 I [ 1585.547928] oom_reaper: reaped process 19275 (externalstorage), now anon-rss:0kB, file-rss:0kB, shmem-rss:528kB
06-14 17:37:24.377 0 0 I [ 1585.601771] binder: undelivered transaction 647494, process died.
06-14 17:37:24.412 0 0 I [ 1585.677203] oom_reaper: reaped process 27192 (com.dragon.read), now anon-rss:0kB, file-rss:88kB, shmem-rss:452kB
06-14 17:37:24.454 0 0 I [ 1585.721067] oom_reaper: reaped process 28142 (ou.android.auto), now anon-rss:0kB, file-rss:4kB, shmem-rss:488kB
06-14 17:37:24.488 0 0 I [ 1585.752912] binder: 8288:8288 ioctl 40046210 ffc7d638 returned -22
06-14 17:37:24.545 0 0 I [ 1585.809033] oom_reaper: reaped process 22313 (ssioncontroller), now anon-rss:0kB, file-rss:0kB, shmem-rss:436kB
06-14 17:37:24.626 0 0 I [ 1585.864258] oom_reaper: reaped process 2384 (ndroid.settings), now anon-rss:0kB, file-rss:0kB, shmem-rss:432kB
06-14 17:37:24.667 0 0 I [ 1585.928295] binder: 2491:2505 ioctl c0306201 74668ec9f8 returned -14
06-14 17:37:24.667 0 0 I [ 1585.929997] binder: 2491:2508 ioctl c0306201 74667ee9f8 returned -14
06-14 17:37:24.686 0 0 I [ 1585.954038] oom_reaper: reaped process 2491 (oid.documentsui), now anon-rss:0kB, file-rss:0kB, shmem-rss:432kB
06-14 17:37:24.720 0 0 I [ 1585.985252] binder: 8361:8361 ioctl 40046210 7ff4300c84 returned -22
06-14 17:37:24.728 0 0 I [ 1585.993302] binder: 7542:7799 ioctl c0306201 73ca3319f8 returned -14
06-14 17:37:24.750 0 0 I [ 1586.017481] binder: 8359:8359 ioctl 40046210 7ff4300c84 returned -22
06-14 17:37:24.773 0 0 I [ 1586.039589] oom_reaper: reaped process 7542 (u.phone:channel), now anon-rss:0kB, file-rss:168kB, shmem-rss:724kB
06-14 17:37:24.794 0 0 I [ 1586.047482] binder: 8394:8394 ioctl 40046210 7ff4300c84 returned -22
06-14 17:37:24.909 0 0 I [ 1586.166170] oom_reaper: reaped process 5930 (com.youku.phone), now anon-rss:0kB, file-rss:240kB, shmem-rss:940kB
06-14 17:37:24.909 0 0 I [ 1586.170587] binder: 8219:8239 ioctl c0306201 74667e09f8 returned -14
06-14 17:37:24.926 0 0 I [ 1586.191161] oom_reaper: reaped process 8219 (v.imgo.activity), now anon-rss:0kB, file-rss:0kB, shmem-rss:380kB
06-14 17:37:24.963 0 0 I [ 1586.225371] oom_reaper: reaped process 8288 (com.dragon.read), now anon-rss:0kB, file-rss:0kB, shmem-rss:380kB
06-14 17:37:24.966 0 0 I [ 1586.233020] binder: 8445:8445 ioctl 40046210 7ff4300c84 returned -22
06-14 17:37:24.992 0 0 I [ 1586.254820] binder: 8454:8454 ioctl 40046210 7ff4300c84 returned -22
06-14 17:37:25.009 0 0 I [ 1586.269503] oom_reaper: reaped process 8361 (ou.android.auto), now anon-rss:0kB, file-rss:0kB, shmem-rss:380kB
06-14 17:37:25.009 0 0 I [ 1586.273774] binder: 8465:8465 ioctl 40046210 ffc7d638 returned -22
06-14 17:37:25.015 0 0 I [ 1586.277857] init: Untracked pid 8214 received signal 9
06-14 17:37:25.046 0 0 I [ 1586.313186] oom_reaper: reaped process 8394 (oid.documentsui), now anon-rss:0kB, file-rss:0kB, shmem-rss:380kB
06-14 17:37:25.055 0 0 I [ 1586.320416] binder: undelivered TRANSACTION_COMPLETE
06-14 17:37:25.055 0 0 I [ 1586.320419] binder: undelivered transaction 651183, process died.
06-14 17:37:25.062 0 0 I [ 1586.324587] binder: 8359:8429 ioctl c0306201 74668029f8 returned -14
06-14 17:37:25.062 0 0 I [ 1586.327719] oom_reaper: reaped process 8359 (ndroid.settings), now anon-rss:0kB, file-rss:0kB, shmem-rss:380kB
06-14 17:37:25.084 0 0 I [ 1586.351382] oom_reaper: reaped process 8445 (com.youku.phone), now anon-rss:0kB, file-rss:0kB, shmem-rss:372kB
06-14 17:37:25.088 0 0 I [ 1586.353046] binder: 8445:8463 ioctl c0306201 74668e99f8 returned -14
06-14 17:37:25.088 0 0 I [ 1586.353560] binder: undelivered TRANSACTION_COMPLETE
06-14 17:37:25.088 0 0 I [ 1586.353563] binder: undelivered transaction 650917, process died.
06-14 17:37:25.088 0 0 I [ 1586.353763] binder: send failed reply for transaction 650928 to 7239:7341
06-14 17:37:25.088 0 0 I [ 1586.353768] binder: undelivered transaction 650929, process died.
06-14 17:37:25.088 0 0 I [ 1586.353769] binder: send failed reply for transaction 650973 to 7239:7372
06-14 17:37:25.088 0 0 I [ 1586.353773] binder: send failed reply for transaction 651073 to 7239:7239
06-14 17:37:25.088 0 0 I [ 1586.354051] binder: 8445:8486 ioctl c0306201 74667eb9f8 returned -14
06-14 17:37:25.138 0 0 I [ 1586.401967] binder: undelivered TRANSACTION_COMPLETE
06-14 17:37:25.138 0 0 I [ 1586.401973] binder: undelivered transaction 651359, process died.
06-14 17:37:25.147 0 0 I [ 1586.409723] binder: 8560:8560 ioctl 40046210 7ff4300c84 returned -22
06-14 17:37:25.165 0 0 I [ 1586.431055] oom_reaper: reaped process 8454 (v.imgo.activity), now anon-rss:0kB, file-rss:0kB, shmem-rss:380kB
06-14 17:37:25.168 0 0 I [ 1586.435409] binder: 8543:8543 ioctl 40046210 7ff4300c84 returned -22
06-14 17:37:25.212 0 0 I [ 1586.472395] binder: undelivered transaction 651695, process died.
06-14 17:37:25.222 0 0 I [ 1586.481877] binder: 8610:8610 ioctl 40046210 7ff4300c84 returned -22
06-14 17:37:25.232 0 0 I [ 1586.495645] binder: undelivered transaction 651799, process died.
06-14 17:37:25.236 0 0 I [ 1586.500763] binder: 8614:8614 ioctl 40046210 7ff4300c84 returned -22
06-14 17:37:25.252 0 0 I [ 1586.514391] binder: 8648:8648 ioctl 40046210 7ff4300c84 returned -22
06-14 17:37:25.293 0 0 I [ 1586.538688] binder: 8649:8649 ioctl 40046210 7ff4300c84 returned -22
06-14 17:37:25.310 0 0 I [ 1586.575075] binder: 8686:8686 ioctl 40046210 7ff4300c84 returned -22
06-14 17:37:25.312 0 0 I [ 1586.579649] binder: 8685:8685 ioctl 40046210 ffc7d638 returned -22
06-14 17:37:25.312 0 0 I [ 1586.579853] binder: undelivered TRANSACTION_COMPLETE
06-14 17:37:25.313 0 0 I [ 1586.579858] binder: undelivered transaction 652081, process died.
06-14 17:37:25.313 0 0 I [ 1586.580006] binder: undelivered transaction 652056, process died.
06-14 17:37:25.333 0 0 I [ 1586.599260] binder: 8703:8703 ioctl 40046210 7ff4300c84 returned -22
06-14 17:37:25.314 7239 7314 D SubscriptionManager: [getSubId]- fail
06-14 17:37:25.314 7239 7314 D SubscriptionManager: [getSubId]- fail
06-14 17:37:25.341 0 0 I [ 1586.608679] oom_reaper: reaped process 8614 (ndroid.settings), now anon-rss:0kB, file-rss:0kB, shmem-rss:380kB
06-14 17:37:25.361 0 0 I [ 1586.628151] binder: 8729:8729 ioctl 40046210 7ff4300c84 returned -22
06-14 17:37:25.386 0 0 I [ 1586.646684] oom_reaper: reaped process 8648 (com.youku.phone), now anon-rss:0kB, file-rss:0kB, shmem-rss:380kB
06-14 17:37:25.416 0 0 I [ 1586.682557] binder: 8745:8745 ioctl 40046210 7ff4300c84 returned -22
06-14 17:37:25.447 0 0 I [ 1586.711829] oom_reaper: reaped process 8685 (com.dragon.read), now anon-rss:0kB, file-rss:0kB, shmem-rss:380kB
06-14 17:37:25.464 0 0 I [ 1586.730787] oom_reaper: reaped process 8703 (oid.documentsui), now anon-rss:0kB, file-rss:0kB, shmem-rss:380kB
06-14 17:37:25.487 0 0 I [ 1586.750410] binder: 8686:8704 ioctl c0306201 74668dd9f8 returned -14
06-14 17:37:25.488 0 0 I [ 1586.750769] binder: 8686:8726 ioctl c0306201 74667df9f8 returned -14
06-14 17:37:25.488 0 0 I [ 1586.750979] binder: 8686:8747 ioctl c0306201 74666e19f8 returned -14
06-14 17:37:25.502 0 0 I [ 1586.765278] oom_reaper: reaped process 8686 (ou.android.auto), now anon-rss:0kB, file-rss:0kB, shmem-rss:380kB
06-14 17:37:25.502 0 0 I [ 1586.768155] binder: 8766:8766 ioctl 40046210 7ff4300c84 returned -22
06-14 17:37:25.510 0 0 I [ 1586.771471] binder: 8774:8774 ioctl 40046210 ffc7d638 returned -22
06-14 17:37:25.548 0 0 I [ 1586.809546] binder: 8800:8800 ioctl 40046210 7ff4300c84 returned -22
06-14 17:37:25.574 0 0 I [ 1586.814329] oom_reaper: reaped process 8729 (v.imgo.activity), now anon-rss:0kB, file-rss:0kB, shmem-rss:380kB
06-14 17:37:25.607 0 0 I [ 1586.873847] oom_reaper: reaped process 8745 (ndroid.settings), now anon-rss:0kB, file-rss:0kB, shmem-rss:380kB
06-14 17:37:25.690 0 0 I [ 1586.956664] oom_reaper: reaped process 8766 (com.youku.phone), now anon-rss:0kB, file-rss:0kB, shmem-rss:380kB
06-14 17:37:25.699 0 0 I [ 1586.965346] binder: 8774:8794 ioctl c0306201 e1873068 returned -14
06-14 17:37:25.699 0 0 I [ 1586.966219] binder: 8774:8797 ioctl c0306201 e1772068 returned -14
06-14 17:37:25.699 0 0 I [ 1586.967202] oom_reaper: reaped process 8774 (com.dragon.read), now anon-rss:0kB, file-rss:0kB, shmem-rss:380kB
06-14 17:37:25.736 0 0 I [ 1587.001764] oom_reaper: reaped process 8800 (oid.documentsui), now anon-rss:0kB, file-rss:0kB, shmem-rss:380kB
06-14 17:37:25.745 0 0 I [ 1587.011445] binder: 8832:8832 ioctl 40046210 7ff4300c84 returned -22
06-14 17:37:25.764 0 0 I [ 1587.028288] binder: 19752:19766 ioctl c0306201 74668f49f8 returned -14
06-14 17:37:25.769 0 0 I [ 1587.034269] binder: 8840:8840 ioctl 40046210 7ff4300c84 returned -22
06-14 17:37:25.770 0 0 I [ 1587.034689] binder: 8829:8829 ioctl 40046210 7ff4300c84 returned -22
06-14 17:37:25.770 0 0 I [ 1587.037218] binder: 8848:8848 ioctl 40046210 7ff4300c84 returned -22
06-14 17:37:25.779 0 0 I [ 1587.045543] oom_reaper: reaped process 19752 (ti.diagservices), now anon-rss:0kB, file-rss:0kB, shmem-rss:428kB
06-14 17:37:25.804 0 0 I [ 1587.069901] binder: 8893:8893 ioctl 40046210 ffc7d638 returned -22
06-14 17:37:25.824 0 0 I [ 1587.089359] oom_reaper: reaped process 8832 (com.youku.phone), now anon-rss:0kB, file-rss:0kB, shmem-rss:372kB
06-14 17:37:25.847 0 0 I [ 1587.114582] binder: 8909:8909 ioctl 40046210 7ff4300c84 returned -22
06-14 17:37:25.856 0 0 I [ 1587.122548] binder: undelivered transaction 653851, process died.
06-14 17:37:25.869 0 0 I [ 1587.129446] binder: 8840:8874 ioctl c0306201 74668fc9f8 returned -14
06-14 17:37:25.869 0 0 I [ 1587.129538] binder: 8840:8886 ioctl c0306201 74667fe9f8 returned -14
06-14 17:37:25.869 0 0 I [ 1587.130802] oom_reaper: reaped process 8840 (ndroid.settings), now anon-rss:0kB, file-rss:0kB, shmem-rss:380kB
06-14 17:37:25.893 0 0 I [ 1587.159492] oom_reaper: reaped process 8848 (ou.android.auto), now anon-rss:0kB, file-rss:0kB, shmem-rss:380kB
06-14 17:37:25.900 0 0 I [ 1587.166893] binder: 8933:8933 ioctl 40046210 7ff4300c84 returned -22
06-14 17:37:25.960 0 0 I [ 1587.217789] binder: 8949:8949 ioctl 40046210 7ff4300c84 returned -22
06-14 17:37:25.965 0 0 I [ 1587.231332] oom_reaper: reaped process 8829 (v.imgo.activity), now anon-rss:0kB, file-rss:0kB, shmem-rss:380kB
06-14 17:37:26.008 0 0 I [ 1587.272539] oom_reaper: reaped process 8893 (com.dragon.read), now anon-rss:0kB, file-rss:0kB, shmem-rss:380kB
06-14 17:37:26.014 0 0 I [ 1587.280145] binder: 8909:8930 ioctl c0306201 74666eb9f8 returned -14
06-14 17:37:26.020 0 0 I [ 1587.283717] oom_reaper: reaped process 8909 (oid.documentsui), now anon-rss:0kB, file-rss:0kB, shmem-rss:380kB
06-14 17:37:26.114 0 0 I [ 1587.376298] oom_reaper: reaped process 8933 (com.youku.phone), now anon-rss:0kB, file-rss:0kB, shmem-rss:380kB
06-14 17:37:26.129 0 0 I [ 1587.395258] binder: 8965:8965 ioctl 40046210 7ff4300c84 returned -22
06-14 17:37:26.140 0 0 I [ 1587.401103] oom_reaper: reaped process 8949 (ndroid.settings), now anon-rss:0kB, file-rss:0kB, shmem-rss:380kB
06-14 17:37:26.221 0 0 I [ 1587.486756] binder: 8985:8985 ioctl 40046210 7ff4300c84 returned -22
06-14 17:37:26.245 0 0 I [ 1587.497852] binder: 8965:8983 ioctl c0306201 74668e79f8 returned -14
06-14 17:37:26.245 0 0 I [ 1587.500526] oom_reaper: reaped process 8965 (re-initialized>), now anon-rss:0kB, file-rss:0kB, shmem-rss:12kB
06-14 17:37:26.245 0 0 I [ 1587.505402] msm_vidc: high: 00000001: h264d: Closed video instance: 0000000000000000
06-14 17:37:26.270 0 0 I [ 1587.535642] binder: 8992:8992 ioctl 40046210 ffc7d638 returned -22
06-14 17:37:26.311 0 0 I [ 1587.578116] binder: 8985:9006 ioctl c0306201 74668e79f8 returned -14
06-14 17:37:26.315 0 0 I [ 1587.580776] oom_reaper: reaped process 8985 (ou.android.auto), now anon-rss:0kB, file-rss:0kB, shmem-rss:100kB
06-14 17:37:26.323 0 0 I [ 1587.584320] binder: 8985:9009 ioctl c0306201 74667e99f8 returned -14
06-14 17:37:26.323 0 0 I [ 1587.587947] binder: 8985:8985 ioctl c0306201 7ff4300618 returned -14
06-14 17:37:26.364 0 0 I [ 1587.630642] binder: undelivered TRANSACTION_COMPLETE
06-14 17:37:26.396 0 0 I [ 1587.657906] oom_reaper: reaped process 8992 (com.dragon.read), now anon-rss:0kB, file-rss:0kB, shmem-rss:372kB
06-14 17:37:26.396 0 0 I [ 1587.660499] binder: 8992:9022 ioctl c0306201 e1873068 returned -14
06-14 17:37:26.396 0 0 I [ 1587.660593] binder: 8992:9023 ioctl c0306201 e1772068 returned -14
06-14 17:37:26.396 0 0 I [ 1587.661567] binder: 9031:9031 ioctl 40046210 7ff4300c84 returned -22
06-14 17:37:26.428 0 0 I [ 1587.695766] binder: 9042:9042 ioctl 40046210 7ff4300c84 returned -22
06-14 17:37:26.440 0 0 I [ 1587.705672] oom_reaper: reaped process 9031 (com.youku.phone), now anon-rss:0kB, file-rss:0kB, shmem-rss:100kB
06-14 17:37:26.440 0 0 I [ 1587.706777] binder: 9031:9044 ioctl c0306201 74668f09f8 returned -14
06-14 17:37:26.440 0 0 I [ 1587.707818] binder: 9031:9045 ioctl c0306201 74667f29f8 returned -14
06-14 17:37:26.445 0 0 I [ 1587.709200] binder: 9031:9060 ioctl c0306201 74666f49f8 returned -14
06-14 17:37:26.678 0 0 I [ 1587.714739] binder: 9031:9031 ioctl c0306201 7ff4300618 returned -14
06-14 17:37:26.678 0 0 I [ 1587.734708] binder: 9027:9027 ioctl 40046210 7ff4300c84 returned -22
06-14 17:37:26.678 0 0 I [ 1587.749467] binder: 9046:9046 ioctl 40046210 7ff4300c84 returned -22
06-14 17:37:26.678 0 0 I [ 1587.751452] binder: undelivered TRANSACTION_COMPLETE
06-14 17:37:26.678 0 0 I [ 1587.757579] binder: 9086:9086 ioctl 40046210 7ff4300c84 returned -22
06-14 17:37:26.678 0 0 I [ 1587.760685] binder: 9080:9080 ioctl 40046210 ffc7d638 returned -22
06-14 17:37:26.678 0 0 I [ 1587.791477] binder: 9134:9134 ioctl 40046210 7ff4300c84 returned -22
06-14 17:37:26.678 0 0 I [ 1587.872753] binder: 9165:9165 ioctl 40046210 7ff4300c84 returned -22
06-14 17:37:26.678 0 0 I [ 1587.918252] binder: 9183:9183 ioctl 40046210 7ff4300c84 returned -22
06-14 17:37:26.678 0 0 I [ 1587.923589] oom_reaper: reaped process 9042 (re-initialized>), now anon-rss:0kB, file-rss:0kB, shmem-rss:16kB
06-14 17:37:26.678 0 0 I [ 1587.926676] oom_reaper: reaped process 9080 (com.dragon.read), now anon-rss:0kB, file-rss:0kB, shmem-rss:380kB
06-14 17:37:26.678 0 0 E [ 1587.942546] link_delay_work_func: DTC_ETH: SQI=0, link=0
06-14 17:37:26.678 0 0 I [ 1587.943677] binder: 9134:9162 ioctl c0306201 74666de9f8 returned -14
06-14 17:37:26.692 0 0 I [ 1587.950152] binder: 9191:9191 ioctl 40046210 7ff4300c84 returned -22
06-14 17:37:26.692 0 0 I [ 1587.955646] oom_reaper: reaped process 9134 (com.youku.phone), now anon-rss:0kB, file-rss:0kB, shmem-rss:380kB
06-14 17:37:26.711 0 0 I [ 1587.968104] binder: undelivered TRANSACTION_COMPLETE
06-14 17:37:26.779 0 0 I [ 1587.976366] binder: 9165:9177 ioctl c0306201 74668ec9f8 returned -14
06-14 17:37:26.779 0 0 I [ 1587.976406] binder: 9165:9179 ioctl c0306201 74666f09f8 returned -14
06-14 17:37:26.779 0 0 I [ 1587.977531] binder: 9165:9178 ioctl c0306201 74667ee9f8 returned -14
06-14 17:37:26.779 0 0 I [ 1587.980637] oom_reaper: reaped process 9165 (oid.documentsui), now anon-rss:0kB, file-rss:0kB, shmem-rss:104kB
06-14 17:37:26.779 0 0 I [ 1587.985090] binder: 9217:9217 ioctl 40046210 ffc7d638 returned -22
06-14 17:37:26.779 0 0 I [ 1587.991853] binder: 9215:9215 ioctl 40046210 7ff4300c84 returned -22
06-14 17:37:26.779 0 0 I [ 1588.019866] binder: 9245:9245 ioctl 40046210 7ff4300c84 returned -22
06-14 17:37:26.779 0 0 I [ 1588.035057] oom_reaper: reaped process 9183 (v.imgo.activity), now anon-rss:0kB, file-rss:0kB, shmem-rss:380kB
06-14 17:37:26.789 0 0 I [ 1588.056938] binder: 9262:9262 ioctl 40046210 7ff4300c84 returned -22
06-14 17:37:26.800 0 0 I [ 1588.065903] oom_reaper: reaped process 9191 (ou.android.auto), now anon-rss:0kB, file-rss:0kB, shmem-rss:108kB
06-14 17:37:26.839 0 0 I [ 1588.101554] binder: 9285:9285 ioctl 40046210 7ff4300c84 returned -22
06-14 17:37:26.844 0 0 I [ 1588.111991] binder: 9294:9294 ioctl 40046210 7ff4300c84 returned -22
06-14 17:37:26.908 0 0 I [ 1588.167098] oom_reaper: reaped process 9217 (com.dragon.read), now anon-rss:0kB, file-rss:0kB, shmem-rss:380kB
06-14 17:37:26.934 0 0 I [ 1588.200472] oom_reaper: reaped process 9215 (ndroid.settings), now anon-rss:0kB, file-rss:0kB, shmem-rss:380kB
06-14 17:37:26.978 0 0 I [ 1588.241152] binder: 9324:9324 ioctl 40046210 ffc7d638 returned -22
06-14 17:37:26.978 0 0 I [ 1588.243645] binder: 9325:9325 ioctl 40046210 7ff4300c84 returned -22
06-14 17:37:26.995 0 0 I [ 1588.249430] oom_reaper: reaped process 9245 (com.youku.phone), now anon-rss:0kB, file-rss:0kB, shmem-rss:372kB
06-14 17:37:26.995 0 0 I [ 1588.252752] binder: 9245:9260 ioctl c0306201 74668fd9f8 returned -14
06-14 17:37:26.995 0 0 I [ 1588.253020] binder: 9245:9261 ioctl c0306201 74667ff9f8 returned -14
06-14 17:37:27.056 0 0 I [ 1588.322148] oom_reaper: reaped process 9262 (oid.documentsui), now anon-rss:0kB, file-rss:0kB, shmem-rss:380kB
06-14 17:37:27.060 0 0 I [ 1588.325613] binder: 9374:9374 ioctl 40046210 7ff4300c84 returned -22
06-14 17:37:27.061 0 0 I [ 1588.326439] binder: 9368:9368 ioctl 40046210 7ff4300c84 returned -22
06-14 17:37:27.091 0 0 I [ 1588.356849] binder: 9285:9301 ioctl c0306201 74667ec9f8 returned -14
06-14 17:37:27.091 0 0 I [ 1588.357393] binder: 9285:9315 ioctl c0306201 74666ee9f8 returned -14
06-14 17:37:27.091 0 0 I [ 1588.357923] oom_reaper: reaped process 9285 (v.imgo.activity), now anon-rss:0kB, file-rss:0kB, shmem-rss:380kB
06-14 17:37:27.117 0 0 I [ 1588.384465] oom_reaper: reaped process 9324 (com.dragon.read), now anon-rss:0kB, file-rss:0kB, shmem-rss:380kB
06-14 17:37:27.128 0 0 I [ 1588.395290] binder: 9398:9398 ioctl 40046210 7ff4300c84 returned -22
06-14 17:37:27.144 0 0 I [ 1588.410940] oom_reaper: reaped process 9325 (ou.android.auto), now anon-rss:0kB, file-rss:0kB, shmem-rss:372kB
06-14 17:37:27.144 0 0 I [ 1588.411443] binder: 9325:9357 ioctl c0306201 74668069f8 returned -14
06-14 17:37:27.144 0 0 I [ 1588.411536] binder: 9325:9367 ioctl c0306201 74667089f8 returned -14
06-14 17:37:27.169 0 0 I [ 1588.433629] oom_reaper: reaped process 9374 (com.youku.phone), now anon-rss:0kB, file-rss:0kB, shmem-rss:380kB
06-14 17:37:27.178 0 0 I [ 1588.443076] binder: 9399:9399 ioctl 40046210 7ff4300c84 returned -22
06-14 17:37:27.200 0 0 I [ 1588.465230] binder: 9427:9427 ioctl 40046210 ffc7d638 returned -22
