06-14 17:39:48.693 1556 1689 D CompatibilityChangeReporter: Compat change id reported: 177438394; UID 10107; state: DISABLED
06-14 17:39:48.693 1556 1689 D CompatibilityChangeReporter: Compat change id reported: 135772972; UID 10107; state: DISABLED
06-14 17:39:48.693 1556 1689 D CompatibilityChangeReporter: Compat change id reported: 135754954; UID 10107; state: ENABLED
06-14 17:39:48.693 1556 1689 I am_uid_running: 10106
06-14 17:39:48.693 1556 1689 D CompatibilityChangeReporter: Compat change id reported: 135634846; UID 10106; state: DISABLED
06-14 17:39:48.695 1556 1689 D CompatibilityChangeReporter: Compat change id reported: 135634846; UID 1000; state: DISABLED
06-14 17:39:48.695 1556 1689 D CompatibilityChangeReporter: Compat change id reported: 177438394; UID 1000; state: DISABLED
06-14 17:39:48.695 1556 1689 D CompatibilityChangeReporter: Compat change id reported: 135772972; UID 1000; state: DISABLED
06-14 17:39:48.695 1556 1689 D CompatibilityChangeReporter: Compat change id reported: 135754954; UID 1000; state: ENABLED
06-14 17:39:48.695 1556 1689 I am_uid_running: 10033
06-14 17:39:48.695 1556 1689 D CompatibilityChangeReporter: Compat change id reported: 135634846; UID 10033; state: DISABLED
06-14 17:39:48.695 1556 1689 D CompatibilityChangeReporter: Compat change id reported: 177438394; UID 10033; state: DISABLED
06-14 17:39:48.695 1556 1689 D CompatibilityChangeReporter: Compat change id reported: 135772972; UID 10033; state: DISABLED
06-14 17:39:48.695 1556 1689 D CompatibilityChangeReporter: Compat change id reported: 135754954; UID 10033; state: ENABLED
06-14 17:39:48.697 1556 1689 I am_uid_running: 10095
06-14 17:39:48.698 1556 1689 D CompatibilityChangeReporter: Compat change id reported: 135634846; UID 10095; state: DISABLED
06-14 17:39:48.698 1556 1689 I am_uid_running: 10114
06-14 17:39:48.699 1556 1689 D CompatibilityChangeReporter: Compat change id reported: 135634846; UID 10114; state: DISABLED
06-14 17:39:48.699 1556 1689 D CompatibilityChangeReporter: Compat change id reported: 177438394; UID 10114; state: DISABLED
06-14 17:39:48.699 1556 1689 D CompatibilityChangeReporter: Compat change id reported: 135772972; UID 10114; state: DISABLED
06-14 17:39:48.699 1556 1689 D CompatibilityChangeReporter: Compat change id reported: 135754954; UID 10114; state: DISABLED
06-14 17:39:48.700 1556 1689 I am_uid_running: 10104
06-14 17:39:48.700 1556 1689 D CompatibilityChangeReporter: Compat change id reported: 135634846; UID 10104; state: DISABLED
06-14 17:39:48.700 1556 1689 D CompatibilityChangeReporter: Compat change id reported: 177438394; UID 10104; state: DISABLED
06-14 17:39:48.700 1556 1689 D CompatibilityChangeReporter: Compat change id reported: 135772972; UID 10104; state: DISABLED
06-14 17:39:48.700 1556 1689 D CompatibilityChangeReporter: Compat change id reported: 135754954; UID 10104; state: ENABLED
06-14 17:39:48.703 1556 1697 I am_proc_start: [0,29288,10108,com.tencent.mm,NULL,]
06-14 17:39:48.703 1556 1697 I ActivityManager: Start proc 29288:com.tencent.mm/u0a108 for null
06-14 17:39:48.717 1556 1697 D CompatibilityChangeReporter: Compat change id reported: 143937733; UID 10101; state: ENABLED
06-14 17:39:48.728 0 0 I [ 1729.989107] oom_reaper: reaped process 27341 (i.video:plugin1), now anon-rss:0kB, file-rss:2036kB, shmem-rss:448kB
06-14 17:39:48.740 0 0 I [ 1730.005769] binder_alloc: 27341: binder_alloc_buf, no vma
06-14 17:39:48.740 0 0 I [ 1730.005774] binder: 1556:1696 transaction failed 29189/-3, size 292-8 line 3240
06-14 17:39:48.736 1556 1697 I am_proc_start: [0,29296,10101,com.hunantv.imgo.activity,NULL,]
06-14 17:39:48.736 1556 1697 I ActivityManager: Start proc 29296:com.hunantv.imgo.activity/u0a101 for null
06-14 17:39:48.736 1556 1697 D CompatibilityChangeReporter: Compat change id reported: 143937733; UID 10107; state: ENABLED
06-14 17:39:48.736 24095 24095 I wm_on_resume_called: [256935812,com.kugou.crash.snow.JonSnow$HintActivity,RESUME_ACTIVITY]
06-14 17:39:48.738 1556 1696 W BroadcastQueue: Can't deliver broadcast to com.qiyi.video:plugin1 (pid 27341). Crashing it.
06-14 17:39:48.738 1556 1696 I ActivityManager: Killing 27341:com.qiyi.video:plugin1/u0a94 (adj 500): scheduleCrash for 'can't deliver broadcast' failed
06-14 17:39:48.738 1556 1696 I am_kill : [0,27341,com.qiyi.video:plugin1,500,scheduleCrash for 'can't deliver broadcast' failed]
06-14 17:39:48.740 1556 1696 W BroadcastQueue: Failure sending broadcast Intent { act=com.qiyi.video.mm.sync flg=0x10 (has extras) }
06-14 17:39:48.740 1556 1696 W BroadcastQueue: android.os.DeadObjectException
06-14 17:39:48.740 1556 1696 W BroadcastQueue: at android.os.BinderProxy.transactNative(Native Method)
06-14 17:39:48.740 1556 1696 W BroadcastQueue: at android.os.BinderProxy.transact(BinderProxy.java:571)
06-14 17:39:48.740 1556 1696 W BroadcastQueue: at android.app.IApplicationThread$Stub$Proxy.scheduleRegisteredReceiver(IApplicationThread.java:1854)
06-14 17:39:48.740 1556 1696 W BroadcastQueue: at com.android.server.am.BroadcastQueue.performReceiveLocked(BroadcastQueue.java:593)
06-14 17:39:48.740 1556 1696 W BroadcastQueue: at com.android.server.am.BroadcastQueue.deliverToRegisteredReceiverLocked(BroadcastQueue.java:832)
06-14 17:39:48.740 1556 1696 W BroadcastQueue: at com.android.server.am.BroadcastQueue.processNextBroadcastLocked(BroadcastQueue.java:1034)
06-14 17:39:48.740 1556 1696 W BroadcastQueue: at com.android.server.am.BroadcastQueue.processNextBroadcast(BroadcastQueue.java:987)
06-14 17:39:48.740 1556 1696 W BroadcastQueue: at com.android.server.am.BroadcastQueue.access$000(BroadcastQueue.java:79)
06-14 17:39:48.740 1556 1696 W BroadcastQueue: at com.android.server.am.BroadcastQueue$BroadcastHandler.handleMessage(BroadcastQueue.java:197)
06-14 17:39:48.740 1556 1696 W BroadcastQueue: at android.os.Handler.dispatchMessage(Handler.java:106)
06-14 17:39:48.740 1556 1696 W BroadcastQueue: at android.os.Looper.loopOnce(Looper.java:201)
06-14 17:39:48.740 1556 1696 W BroadcastQueue: at android.os.Looper.loop(Looper.java:288)
06-14 17:39:48.740 1556 1696 W BroadcastQueue: at android.os.HandlerThread.run(HandlerThread.java:67)
06-14 17:39:48.740 1556 1696 W BroadcastQueue: at com.android.server.ServiceThread.run(ServiceThread.java:44)
06-14 17:39:48.752 0 0 I [ 1730.019953] binder: 29288:29288 ioctl 40046210 7ff4300c84 returned -22
06-14 17:39:48.774 0 0 I [ 1730.031794] binder: 29299:29299 ioctl 40046210 7ff4300c84 returned -22
06-14 17:39:48.774 0 0 I [ 1730.034496] binder: 29296:29296 ioctl 40046210 7ff4300c84 returned -22
06-14 17:39:48.749 1556 1697 W ActivityManager: Slow operation: 56ms so far, now at startProcess: returned from zygote!
06-14 17:39:48.749 1556 1697 W ActivityManager: Slow operation: 56ms so far, now at startProcess: done updating battery stats
06-14 17:39:48.749 1556 1697 I am_proc_start: [0,29299,10107,com.youku.phone,NULL,]
06-14 17:39:48.749 1556 1697 W ActivityManager: Slow operation: 56ms so far, now at startProcess: building log message
06-14 17:39:48.749 1556 1697 I ActivityManager: Start proc 29299:com.youku.phone/u0a107 for null
06-14 17:39:48.749 1556 1697 W ActivityManager: Slow operation: 56ms so far, now at startProcess: starting to update pids map
06-14 17:39:48.749 1556 1697 W ActivityManager: Slow operation: 56ms so far, now at startProcess: done updating pids map
06-14 17:39:48.749 1556 1697 W ActivityManager: Slow operation: 55ms so far, now at startProcess: asking zygote to start proc
06-14 17:39:48.749 1556 1697 D CompatibilityChangeReporter: Compat change id reported: 143937733; UID 10106; state: DISABLED
06-14 17:39:48.751 1556 6413 I am_proc_died: [0,27341,com.qiyi.video:plugin1,500,10]
06-14 17:39:48.753 1556 1697 W ActivityManager: Slow operation: 60ms so far, now at startProcess: returned from zygote!
06-14 17:39:48.757 1556 6413 D PowerManagerService: releaseWakeLockInternal: lock=110154549 [*launch*], flags=0x0
06-14 17:39:48.757 1556 6413 D PowerManagerNotifier: onWakeLockReleased: flags=1, tag="*launch*", packageName=android, ownerUid=1000, ownerPid=1556, workSource=WorkSource{10117}
06-14 17:39:48.757 1556 6413 D PowerManagerService: updateWakeLockSummaryLocked: mWakefulness=Awake, mWakeLockSummary=0x1
06-14 17:39:48.757 1556 6413 D PowerManagerService: updateUserActivitySummaryLocked: groupId=0, mWakefulness=Awake, mUserActivitySummary=0x1, nextTimeout=1789818 (in 59794 ms)
06-14 17:39:48.757 1556 6413 D PowerManagerNotifier: onScreenPolicyUpdate: newPolicy=3
06-14 17:39:48.757 1556 6413 D PowerManagerService: updateDisplayPowerStateLocked: displayReady=true, groupId=0, policy=BRIGHT, mWakefulness=Awake, mWakeLockSummary=0x1, mUserActivitySummary=0x1, mBootCompleted=true, screenBrightnessOverride=NaN, useAutoBrightness=true, mScreenBrightnessBoostInProgress=false, mIsVrModeEnabled= false, sQuiescent=false
06-14 17:39:48.757 1556 1697 W ActivityManager: Slow operation: 64ms so far, now at startProcess: done updating battery stats
06-14 17:39:48.757 1556 1697 I am_proc_start: [0,29306,10106,com.dragon.read,NULL,]
06-14 17:39:48.757 1556 1697 W ActivityManager: Slow operation: 64ms so far, now at startProcess: building log message
06-14 17:39:48.757 1556 1697 I ActivityManager: Start proc 29306:com.dragon.read/u0a106 for null
06-14 17:39:48.757 1556 1697 W ActivityManager: Slow operation: 64ms so far, now at startProcess: starting to update pids map
06-14 17:39:48.758 1556 6413 I wm_destroy_activity: [0,65031049,1069,com.kugou.android/.app.splash.SplashActivity,finish-imm:idle]
06-14 17:39:48.759 1556 1697 W ActivityManager: Slow operation: 65ms so far, now at startProcess: done updating pids map
06-14 17:39:48.759 1556 1697 W ActivityManager: Slow operation: 65ms so far, now at startProcess: asking zygote to start proc
06-14 17:39:48.759 1556 2200 I am_proc_bound: [0,29288,com.tencent.mm]
06-14 17:39:48.767 24095 24095 I wm_on_destroy_called: [65031049,com.kugou.android.app.splash.SplashActivity,performDestroy]
06-14 17:39:48.773 1556 18791 I am_proc_bound: [0,29296,com.hunantv.imgo.activity]
06-14 17:39:48.774 1556 1697 W ActivityManager: Slow operation: 81ms so far, now at startProcess: returned from zygote!
06-14 17:39:48.776 1556 18791 D CompatibilityChangeReporter: Compat change id reported: 168419799; UID 10101; state: DISABLED
06-14 17:39:48.779 1556 2200 D ActivityTaskManager: Skipping, freeform mode : Task{5467172 #1069 type=standard A=10117:android.task.kugou U=0 visible=true mode=freeform translucent=false sz=3 visible freeform task=true rootAffinity=10117:android.task.kugou isMini=false}
06-14 17:39:48.779 1556 2200 D ActivityTaskManager: Skipping, freeform mode : Task{3765a5b #1054 type=standard A=10108:com.tencent.mm U=0 visible=false mode=freeform translucent=true sz=0 visible freeform task=false rootAffinity=10108:com.tencent.mm isMini=false}
06-14 17:39:48.781 0 0 I [ 1730.046624] binder: 29306:29306 ioctl 40046210 ffc7d638 returned -22
06-14 17:39:48.781 1556 18234 I am_proc_bound: [0,29299,com.youku.phone]
06-14 17:39:48.785 1556 18234 D CompatibilityChangeReporter: Compat change id reported: 168419799; UID 10107; state: DISABLED
06-14 17:39:48.786 510 510 I killinfo: [29288,10108,905,800,61460,-1,7896244,1355480,3446232,62872,1000,27856,108720,4194300,4082956,1477344,207884,1004760,2307452,94832,223156,51920,80720,0,0,252240,1276,20,61,0,1736,0]
06-14 17:39:48.787 1556 1697 W ActivityManager: Slow operation: 93ms so far, now at startProcess: done updating battery stats
06-14 17:39:48.787 1556 1697 I am_proc_start: [0,29336,1000,com.android.settings,NULL,]
06-14 17:39:48.787 1556 1697 W ActivityManager: Slow operation: 93ms so far, now at startProcess: building log message
06-14 17:39:48.787 1556 1697 I ActivityManager: Start proc 29336:com.android.settings/1000 for null
06-14 17:39:48.787 1556 1697 W ActivityManager: Slow operation: 93ms so far, now at startProcess: starting to update pids map
06-14 17:39:48.787 1556 1697 W ActivityManager: Slow operation: 94ms so far, now at startProcess: done updating pids map
06-14 17:39:48.787 1556 1697 W ActivityManager: Slow operation: 93ms so far, now at startProcess: asking zygote to start proc
06-14 17:39:48.787 1556 1697 D CompatibilityChangeReporter: Compat change id reported: 143937733; UID 10033; state: ENABLED
06-14 17:39:48.789 0 0 I [ 1730.056595] oom_reaper: reaped process 29288 (re-initialized>), now anon-rss:0kB, file-rss:0kB, shmem-rss:16kB
06-14 17:39:48.789 1556 18791 I am_proc_bound: [0,29306,com.dragon.read]
06-14 17:39:48.792 1556 18791 D CompatibilityChangeReporter: Compat change id reported: 168419799; UID 10106; state: DISABLED
06-14 17:39:48.796 1556 1697 W ActivityManager: Slow operation: 101ms so far, now at startProcess: returned from zygote!
06-14 17:39:48.796 1556 1697 W ActivityManager: Slow operation: 101ms so far, now at startProcess: done updating battery stats
06-14 17:39:48.796 1556 1697 I am_proc_start: [0,29352,10033,com.android.documentsui,NULL,]
06-14 17:39:48.796 1556 1697 W ActivityManager: Slow operation: 101ms so far, now at startProcess: building log message
06-14 17:39:48.796 1556 1697 I ActivityManager: Start proc 29352:com.android.documentsui/u0a33 for null
06-14 17:39:48.796 1556 1697 W ActivityManager: Slow operation: 101ms so far, now at startProcess: starting to update pids map
06-14 17:39:48.796 1556 1697 W ActivityManager: Slow operation: 101ms so far, now at startProcess: done updating pids map
06-14 17:39:48.796 1556 1697 W ActivityManager: Slow operation: 98ms so far, now at startProcess: asking zygote to start proc
06-14 17:39:48.796 1556 1697 D CompatibilityChangeReporter: Compat change id reported: 143937733; UID 10095; state: DISABLED
06-14 17:39:48.801 0 0 I [ 1730.067160] binder: 29336:29336 ioctl 40046210 7ff4300c84 returned -22
06-14 17:39:48.801 1556 1697 W ActivityManager: Slow operation: 103ms so far, now at startProcess: returned from zygote!
06-14 17:39:48.801 1556 1697 W ActivityManager: Slow operation: 103ms so far, now at startProcess: done updating battery stats
06-14 17:39:48.801 1556 1697 I am_proc_start: [0,29365,10095,com.ss.android.ugc.aweme,NULL,]
06-14 17:39:48.801 1556 1697 W ActivityManager: Slow operation: 103ms so far, now at startProcess: building log message
06-14 17:39:48.801 1556 1697 I ActivityManager: Start proc 29365:com.ss.android.ugc.aweme/u0a95 for null
06-14 17:39:48.801 1556 1697 W ActivityManager: Slow operation: 103ms so far, now at startProcess: starting to update pids map
06-14 17:39:48.801 1556 1697 W ActivityManager: Slow operation: 103ms so far, now at startProcess: done updating pids map
06-14 17:39:48.801 1556 1697 W ActivityManager: Slow operation: 102ms so far, now at startProcess: asking zygote to start proc
06-14 17:39:48.801 1556 1697 D CompatibilityChangeReporter: Compat change id reported: 143937733; UID 10114; state: DISABLED
06-14 17:39:48.802 1556 18234 I am_proc_bound: [0,29336,com.android.settings]
06-14 17:39:48.804 1556 18234 D CompatibilityChangeReporter: Compat change id reported: 168419799; UID 1000; state: DISABLED
06-14 17:39:48.808 1556 1697 W ActivityManager: Slow operation: 110ms so far, now at startProcess: returned from zygote!
06-14 17:39:48.809 1556 1697 W ActivityManager: Slow operation: 110ms so far, now at startProcess: done updating battery stats
06-14 17:39:48.809 1556 1697 I am_proc_start: [0,29369,10114,com.kugou.android.auto,NULL,]
06-14 17:39:48.809 1556 1697 W ActivityManager: Slow operation: 110ms so far, now at startProcess: building log message
06-14 17:39:48.809 1556 1697 I ActivityManager: Start proc 29369:com.kugou.android.auto/u0a114 for null
06-14 17:39:48.809 1556 1697 W ActivityManager: Slow operation: 110ms so far, now at startProcess: starting to update pids map
06-14 17:39:48.809 1556 1697 W ActivityManager: Slow operation: 110ms so far, now at startProcess: done updating pids map
06-14 17:39:48.809 1556 1697 W ActivityManager: Slow operation: 109ms so far, now at startProcess: asking zygote to start proc
06-14 17:39:48.809 1556 1697 D CompatibilityChangeReporter: Compat change id reported: 143937733; UID 10104; state: ENABLED
06-14 17:39:48.815 1556 1697 W ActivityManager: Slow operation: 115ms so far, now at startProcess: returned from zygote!
06-14 17:39:48.815 1556 1697 W ActivityManager: Slow operation: 116ms so far, now at startProcess: done updating battery stats
06-14 17:39:48.815 1556 1697 I am_proc_start: [0,29383,10104,com.tencent.qqlive,NULL,]
06-14 17:39:48.815 1556 1697 W ActivityManager: Slow operation: 116ms so far, now at startProcess: building log message
06-14 17:39:48.815 1556 1697 I ActivityManager: Start proc 29383:com.tencent.qqlive/u0a104 for null
06-14 17:39:48.815 1556 1697 W ActivityManager: Slow operation: 116ms so far, now at startProcess: starting to update pids map
06-14 17:39:48.815 1556 1697 W ActivityManager: Slow operation: 116ms so far, now at startProcess: done updating pids map
06-14 17:39:48.816 1556 2200 I am_proc_bound: [0,29352,com.android.documentsui]
06-14 17:39:48.827 0 0 I [ 1730.079718] binder: 29352:29352 ioctl 40046210 7ff4300c84 returned -22
06-14 17:39:48.827 0 0 I [ 1730.086245] binder: 29365:29365 ioctl 40046210 ffc7d638 returned -22
06-14 17:39:48.827 0 0 I [ 1730.091487] binder: undelivered transaction 976477, process died.
06-14 17:39:48.827 0 0 I [ 1730.091490] binder: undelivered transaction 976479, process died.
06-14 17:39:48.828 0 0 I [ 1730.095183] binder: 29369:29369 ioctl 40046210 7ff4300c84 returned -22
06-14 17:39:48.829 0 0 I [ 1730.096284] binder: 29383:29383 ioctl 40046210 7ff4300c84 returned -22
06-14 17:39:48.829 510 510 I killinfo: [29296,10101,905,800,72412,-1,7896244,1337744,3457796,62872,1000,27856,108720,4194300,4083064,1480728,207884,1004760,2319084,94832,223156,52608,84144,0,0,252240,1316,40,62,0,1712,0]
06-14 17:39:48.829 1556 2200 I service_manager_slow: [11,platform_compat]
06-14 17:39:48.829 1556 2200 D CompatibilityChangeReporter: Compat change id reported: 168419799; UID 10033; state: DISABLED
06-14 17:39:48.832 1556 18234 I ActivityManager: Process com.tencent.mm (pid 29288) has died: cch+5 CEM
06-14 17:39:48.833 1556 18234 I am_proc_died: [0,29288,com.tencent.mm,905,19]
06-14 17:39:48.836 1556 2200 I am_proc_bound: [0,29369,com.kugou.android.auto]
06-14 17:39:48.842 1556 2200 D CompatibilityChangeReporter: Compat change id reported: 168419799; UID 10114; state: DISABLED
06-14 17:39:48.845 0 0 I [ 1730.113197] oom_reaper: reaped process 29296 (v.imgo.activity), now anon-rss:0kB, file-rss:0kB, shmem-rss:380kB
06-14 17:39:48.845 1556 6413 I am_proc_bound: [0,29383,com.tencent.qqlive]
06-14 17:39:48.847 1556 6413 D CompatibilityChangeReporter: Compat change id reported: 168419799; UID 10104; state: DISABLED
06-14 17:39:48.848 1556 2047 I am_proc_bound: [0,29365,com.ss.android.ugc.aweme]
06-14 17:39:48.850 1556 2047 D CompatibilityChangeReporter: Compat change id reported: 168419799; UID 10095; state: DISABLED
06-14 17:39:48.852 1556 1689 D CompatibilityChangeReporter: Compat change id reported: 135634846; UID 10108; state: DISABLED
06-14 17:39:48.852 1556 1689 D CompatibilityChangeReporter: Compat change id reported: 177438394; UID 10108; state: DISABLED
06-14 17:39:48.852 1556 1689 D CompatibilityChangeReporter: Compat change id reported: 135772972; UID 10108; state: DISABLED
06-14 17:39:48.852 1556 1697 D CompatibilityChangeReporter: Compat change id reported: 143937733; UID 10108; state: DISABLED
06-14 17:39:48.858 1556 1697 I am_proc_start: [0,29425,10108,com.tencent.mm,NULL,]
06-14 17:39:48.858 1556 1697 I ActivityManager: Start proc 29425:com.tencent.mm/u0a108 for null
06-14 17:39:48.865 0 0 I [ 1730.128897] binder: 29299:29328 ioctl c0306201 746680d9f8 returned -14
06-14 17:39:48.873 0 0 I [ 1730.134262] binder: undelivered transaction 976760, process died.
06-14 17:39:48.873 0 0 I [ 1730.140781] oom_reaper: reaped process 29299 (com.youku.phone), now anon-rss:0kB, file-rss:0kB, shmem-rss:380kB
06-14 17:39:48.863 510 510 I killinfo: [29299,10107,935,800,73256,-1,7896244,1331908,3466696,62872,1000,27916,108720,4194300,4083064,1475024,207488,1004780,2327796,94816,223000,52788,84588,0,0,252244,1352,36,63,0,1712,0]
06-14 17:39:48.866 1556 2047 I ActivityManager: Process com.hunantv.imgo.activity (pid 29296) has died: cch+45 CEM
06-14 17:39:48.867 1556 2047 I am_proc_died: [0,29296,com.hunantv.imgo.activity,945,19]
06-14 17:39:48.867 1556 2047 I am_uid_stopped: 10101
06-14 17:39:48.876 0 0 I [ 1730.142585] binder: 29425:29425 ioctl 40046210 7ff4300c84 returned -22
06-14 17:39:48.877 1556 2047 I am_proc_bound: [0,29425,com.tencent.mm]
06-14 17:39:48.890 0 0 I [ 1730.157052] binder: 29306:29349 ioctl c0306201 e1772068 returned -14
06-14 17:39:48.890 0 0 I [ 1730.157495] binder: 29306:29368 ioctl c0306201 e1671068 returned -14
06-14 17:39:48.892 0 0 I [ 1730.159847] oom_reaper: reaped process 29306 (com.dragon.read), now anon-rss:0kB, file-rss:0kB, shmem-rss:380kB
06-14 17:39:48.885 1556 6413 I ActivityManager: Process com.youku.phone (pid 29299) has died: cch+65 CEM
06-14 17:39:48.885 1556 6413 I am_proc_died: [0,29299,com.youku.phone,965,19]
06-14 17:39:48.885 1556 6413 I am_uid_stopped: 10107
06-14 17:39:48.890 510 510 I killinfo: [29306,10106,955,800,60140,-1,7896244,1322640,3474876,62872,1000,27932,108720,4194300,4083064,1476104,207504,1004780,2336008,94832,223000,52760,84060,0,0,252244,1380,28,64,0,1828,0]
06-14 17:39:48.897 510 510 I killinfo: [29336,1000,955,800,71700,-1,7896244,1353492,3456160,62872,1000,27932,108720,4194300,4083064,1474280,207504,995712,2325668,94832,223000,52572,83308,0,0,252244,1388,8,65,0,1716,0]
06-14 17:39:48.898 1556 2047 I ActivityManager: Process com.dragon.read (pid 29306) has died: cch+65 CEM
06-14 17:39:48.898 1556 2047 I am_proc_died: [0,29306,com.dragon.read,965,19]
06-14 17:39:48.898 1556 2047 I am_uid_stopped: 10106
06-14 17:39:48.912 1556 2200 I ActivityManager: Process com.android.settings (pid 29336) has died: cch+55 CEM
06-14 17:39:48.912 1556 2200 I am_proc_died: [0,29336,com.android.settings,955,19]
06-14 17:39:48.918 510 510 I killinfo: [29352,10033,945,800,67436,-1,7896244,1351752,3460692,62872,1000,27932,108720,4194300,4083064,1472264,207504,996232,2330164,94832,223000,52444,82556,0,0,252244,1404,16,66,0,1728,0]
06-14 17:39:48.922 0 0 I [ 1730.177319] oom_reaper: reaped process 29336 (ndroid.settings), now anon-rss:0kB, file-rss:0kB, shmem-rss:380kB
06-14 17:39:48.927 0 0 I [ 1730.190083] oom_reaper: reaped process 29352 (oid.documentsui), now anon-rss:0kB, file-rss:0kB, shmem-rss:380kB
06-14 17:39:48.923 1556 2200 D PowerManagerService: acquireWakeLockInternal: lock=87592347, flags=0x1, tag="PlatformComm", ws=null, uid=10108, pid=22696
06-14 17:39:48.923 1556 2200 D PowerManagerService: updateWakeLockSummaryLocked: mWakefulness=Awake, mWakeLockSummary=0x1
06-14 17:39:48.923 1556 2200 D PowerManagerService: updateUserActivitySummaryLocked: groupId=0, mWakefulness=Awake, mUserActivitySummary=0x1, nextTimeout=1789818 (in 59627 ms)
06-14 17:39:48.924 1556 2200 D PowerManagerNotifier: onScreenPolicyUpdate: newPolicy=3
06-14 17:39:48.924 1556 2200 D PowerManagerService: updateDisplayPowerStateLocked: displayReady=true, groupId=0, policy=BRIGHT, mWakefulness=Awake, mWakeLockSummary=0x1, mUserActivitySummary=0x1, mBootCompleted=true, screenBrightnessOverride=NaN, useAutoBrightness=true, mScreenBrightnessBoostInProgress=false, mIsVrModeEnabled= false, sQuiescent=false
06-14 17:39:48.924 1556 2200 D PowerManagerNotifier: onWakeLockAcquired: flags=1, tag="PlatformComm", packageName=com.tencent.mm, ownerUid=10108, ownerPid=22696, workSource=null
06-14 17:39:48.928 1556 2200 I ActivityManager: Process com.android.documentsui (pid 29352) has died: cch+45 CEM
06-14 17:39:48.929 1556 2200 I am_proc_died: [0,29352,com.android.documentsui,945,19]
06-14 17:39:48.929 1556 2200 I am_uid_stopped: 10033
06-14 17:39:48.929 510 510 I killinfo: [29369,10114,935,800,72424,-1,7896244,1351476,3464432,62872,1000,27932,108720,4194300,4083064,1470320,207504,996232,2333812,94832,223000,52316,81804,0,0,252244,1420,16,67,0,1712,0]
06-14 17:39:48.931 1556 6413 D PowerManagerService: releaseWakeLockInternal: lock=197333699 [AudioMix], flags=0x0
06-14 17:39:48.931 1556 6413 D PowerManagerNotifier: onWakeLockReleased: flags=1, tag="AudioMix", packageName=audioserver, ownerUid=1041, ownerPid=0, workSource=null
06-14 17:39:48.931 1556 6413 D PowerManagerService: updateWakeLockSummaryLocked: mWakefulness=Awake, mWakeLockSummary=0x1
06-14 17:39:48.931 1556 6413 D PowerManagerService: updateUserActivitySummaryLocked: groupId=0, mWakefulness=Awake, mUserActivitySummary=0x1, nextTimeout=1789818 (in 59620 ms)
06-14 17:39:48.931 1556 6413 D PowerManagerNotifier: onScreenPolicyUpdate: newPolicy=3
06-14 17:39:48.931 1556 6413 D PowerManagerService: updateDisplayPowerStateLocked: displayReady=true, groupId=0, policy=BRIGHT, mWakefulness=Awake, mWakeLockSummary=0x1, mUserActivitySummary=0x1, mBootCompleted=true, screenBrightnessOverride=NaN, useAutoBrightness=true, mScreenBrightnessBoostInProgress=false, mIsVrModeEnabled= false, sQuiescent=false
06-14 17:39:48.934 1556 6413 D PowerManagerService: releaseWakeLockInternal: lock=194121330 [AudioMix], flags=0x0
06-14 17:39:48.934 1556 6413 D PowerManagerNotifier: onWakeLockReleased: flags=1, tag="AudioMix", packageName=audioserver, ownerUid=1041, ownerPid=0, workSource=null
06-14 17:39:48.934 1556 6413 D PowerManagerService: updateWakeLockSummaryLocked: mWakefulness=Awake, mWakeLockSummary=0x1
06-14 17:39:48.934 1556 6413 D PowerManagerService: updateUserActivitySummaryLocked: groupId=0, mWakefulness=Awake, mUserActivitySummary=0x1, nextTimeout=1789818 (in 59617 ms)
06-14 17:39:48.934 1556 6413 D PowerManagerNotifier: onScreenPolicyUpdate: newPolicy=3
06-14 17:39:48.934 1556 6413 D PowerManagerService: updateDisplayPowerStateLocked: displayReady=true, groupId=0, policy=BRIGHT, mWakefulness=Awake, mWakeLockSummary=0x1, mUserActivitySummary=0x1, mBootCompleted=true, screenBrightnessOverride=NaN, useAutoBrightness=true, mScreenBrightnessBoostInProgress=false, mIsVrModeEnabled= false, sQuiescent=false
06-14 17:39:48.936 1556 2047 D PowerManagerService: releaseWakeLockInternal: lock=127440704 [AudioMix], flags=0x0
06-14 17:39:48.936 1556 2047 D PowerManagerNotifier: onWakeLockReleased: flags=1, tag="AudioMix", packageName=audioserver, ownerUid=1041, ownerPid=0, workSource=null
06-14 17:39:48.936 1556 2047 D PowerManagerService: updateWakeLockSummaryLocked: mWakefulness=Awake, mWakeLockSummary=0x1
06-14 17:39:48.936 1556 2047 D PowerManagerService: updateUserActivitySummaryLocked: groupId=0, mWakefulness=Awake, mUserActivitySummary=0x1, nextTimeout=1789818 (in 59615 ms)
06-14 17:39:48.936 1556 2047 D PowerManagerNotifier: onScreenPolicyUpdate: newPolicy=3
06-14 17:39:48.936 1556 2047 D PowerManagerService: updateDisplayPowerStateLocked: displayReady=true, groupId=0, policy=BRIGHT, mWakefulness=Awake, mWakeLockSummary=0x1, mUserActivitySummary=0x1, mBootCompleted=true, screenBrightnessOverride=NaN, useAutoBrightness=true, mScreenBrightnessBoostInProgress=false, mIsVrModeEnabled= false, sQuiescent=false
06-14 17:39:48.940 0 0 I [ 1730.196103] binder: undelivered TRANSACTION_COMPLETE
06-14 17:39:48.941 0 0 I [ 1730.196105] binder: undelivered transaction 976982, process died.
06-14 17:39:48.941 0 0 I [ 1730.205572] oom_reaper: reaped process 29369 (ou.android.auto), now anon-rss:0kB, file-rss:0kB, shmem-rss:380kB
06-14 17:39:48.945 1556 2200 I ActivityManager: Process com.kugou.android.auto (pid 29369) has died: cch+35 CEM
06-14 17:39:48.945 1556 2200 I am_proc_died: [0,29369,com.kugou.android.auto,935,19]
06-14 17:39:48.946 510 510 I killinfo: [29383,10104,925,800,71400,-1,7896244,1349856,3468316,62872,1000,27680,108720,4194300,4083064,1467900,207448,996256,2337716,94744,222824,51952,81008,0,0,252248,1436,16,68,0,1716,0]
06-14 17:39:48.949 1556 2200 I am_uid_stopped: 10114
06-14 17:39:48.960 0 0 I [ 1730.225558] oom_reaper: reaped process 29383 (.tencent.qqlive), now anon-rss:0kB, file-rss:0kB, shmem-rss:380kB
06-14 17:39:48.965 510 510 I killinfo: [29365,10095,915,800,59696,-1,7896244,1350376,3471192,62872,1000,27680,108720,4194300,4083064,1465772,207448,996492,2340328,94744,222824,51760,80260,0,0,252248,1452,16,69,0,1832,0]
06-14 17:39:48.970 0 0 I [ 1730.233232] oom_reaper: reaped process 29365 (droid.ugc.aweme), now anon-rss:0kB, file-rss:0kB, shmem-rss:372kB
06-14 17:39:48.970 0 0 I [ 1730.233477] binder: 29365:29406 ioctl c0306201 e1772068 returned -14
06-14 17:39:48.970 1556 2200 I ActivityManager: Process com.tencent.qqlive (pid 29383) has died: cch+25 CEM
06-14 17:39:48.970 1556 2200 I am_proc_died: [0,29383,com.tencent.qqlive,925,19]
06-14 17:39:48.971 1556 2200 I am_uid_stopped: 10104
06-14 17:39:48.972 0 0 I [ 1730.238553] binder: 29425:29439 ioctl c0306201 74667d69f8 returned -14
06-14 17:39:48.972 0 0 I [ 1730.238587] binder: 29425:29442 ioctl c0306201 74666d89f8 returned -14
06-14 17:39:48.973 1556 18791 I ActivityManager: Process com.ss.android.ugc.aweme (pid 29365) has died: cch+15 CEM
06-14 17:39:48.973 1556 2047 D PowerManagerService: releaseWakeLockInternal: lock=87592347 [PlatformComm], flags=0x0
06-14 17:39:48.973 510 510 I killinfo: [29425,10108,905,800,72456,-1,7896244,1347060,3476964,62872,1000,27664,108720,4194300,4083064,1463724,207432,1000632,2342360,94744,222824,51584,79376,0,0,252248,1460,8,70,0,1712,0]
06-14 17:39:48.973 1556 2047 D PowerManagerNotifier: onWakeLockReleased: flags=1, tag="PlatformComm", packageName=com.tencent.mm, ownerUid=10108, ownerPid=22696, workSource=null
06-14 17:39:48.973 1556 18791 I am_proc_died: [0,29365,com.ss.android.ugc.aweme,915,19]
06-14 17:39:48.973 1556 2047 D PowerManagerService: updateWakeLockSummaryLocked: mWakefulness=Awake, mWakeLockSummary=0x1
06-14 17:39:48.973 1556 2047 D PowerManagerService: updateUserActivitySummaryLocked: groupId=0, mWakefulness=Awake, mUserActivitySummary=0x1, nextTimeout=1789818 (in 59578 ms)
06-14 17:39:48.973 1556 2047 D PowerManagerNotifier: onScreenPolicyUpdate: newPolicy=3
06-14 17:39:48.973 1556 2047 D PowerManagerService: updateDisplayPowerStateLocked: displayReady=true, groupId=0, policy=BRIGHT, mWakefulness=Awake, mWakeLockSummary=0x1, mUserActivitySummary=0x1, mBootCompleted=true, screenBrightnessOverride=NaN, useAutoBrightness=true, mScreenBrightnessBoostInProgress=false, mIsVrModeEnabled= false, sQuiescent=false
06-14 17:39:48.973 1556 18791 I am_uid_stopped: 10095
06-14 17:39:48.976 0 0 I [ 1730.241033] oom_reaper: reaped process 29425 (com.tencent.mm), now anon-rss:0kB, file-rss:0kB, shmem-rss:380kB
06-14 17:39:48.977 1556 2047 I ActivityManager: Process com.tencent.mm (pid 29425) has died: cch+5 CEM
06-14 17:39:48.977 1556 2047 I am_proc_died: [0,29425,com.tencent.mm,905,19]
06-14 17:39:48.977 1556 2047 I am_low_memory: 46
06-14 17:39:48.979 1556 1689 D CompatibilityChangeReporter: Compat change id reported: 135634846; UID 10108; state: DISABLED
06-14 17:39:48.979 1556 1689 D CompatibilityChangeReporter: Compat change id reported: 177438394; UID 10108; state: DISABLED
06-14 17:39:48.979 1556 1689 D CompatibilityChangeReporter: Compat change id reported: 135772972; UID 10108; state: DISABLED
06-14 17:39:48.979 1556 1689 I am_uid_running: 10101
06-14 17:39:48.979 1556 1689 D CompatibilityChangeReporter: Compat change id reported: 135634846; UID 10101; state: DISABLED
06-14 17:39:48.979 1556 1689 D CompatibilityChangeReporter: Compat change id reported: 177438394; UID 10101; state: DISABLED
06-14 17:39:48.979 1556 1689 D CompatibilityChangeReporter: Compat change id reported: 135772972; UID 10101; state: DISABLED
06-14 17:39:48.979 1556 1689 D CompatibilityChangeReporter: Compat change id reported: 135754954; UID 10101; state: ENABLED
06-14 17:39:48.980 1556 1689 I am_uid_running: 10107
06-14 17:39:48.980 1556 1689 D CompatibilityChangeReporter: Compat change id reported: 135634846; UID 10107; state: DISABLED
06-14 17:39:48.980 1556 1689 D CompatibilityChangeReporter: Compat change id reported: 177438394; UID 10107; state: DISABLED
06-14 17:39:48.980 1556 1689 D CompatibilityChangeReporter: Compat change id reported: 135772972; UID 10107; state: DISABLED
06-14 17:39:48.980 1556 1689 D CompatibilityChangeReporter: Compat change id reported: 135754954; UID 10107; state: ENABLED
06-14 17:39:48.980 1556 1689 I am_uid_running: 10106
06-14 17:39:48.980 1556 1689 D CompatibilityChangeReporter: Compat change id reported: 135634846; UID 10106; state: DISABLED
06-14 17:39:48.981 1556 1689 D CompatibilityChangeReporter: Compat change id reported: 135634846; UID 1000; state: DISABLED
06-14 17:39:48.981 1556 1689 D CompatibilityChangeReporter: Compat change id reported: 177438394; UID 1000; state: DISABLED
06-14 17:39:48.981 1556 1689 D CompatibilityChangeReporter: Compat change id reported: 135772972; UID 1000; state: DISABLED
06-14 17:39:48.981 1556 1689 D CompatibilityChangeReporter: Compat change id reported: 135754954; UID 1000; state: ENABLED
06-14 17:39:48.982 1556 1689 I am_uid_running: 10033
06-14 17:39:48.982 1556 1689 D CompatibilityChangeReporter: Compat change id reported: 135634846; UID 10033; state: DISABLED
06-14 17:39:48.982 1556 1689 D CompatibilityChangeReporter: Compat change id reported: 177438394; UID 10033; state: DISABLED
06-14 17:39:48.982 1556 1689 D CompatibilityChangeReporter: Compat change id reported: 135772972; UID 10033; state: DISABLED
06-14 17:39:48.982 1556 1689 D CompatibilityChangeReporter: Compat change id reported: 135754954; UID 10033; state: ENABLED
06-14 17:39:48.982 1556 1689 I am_uid_running: 10095
06-14 17:39:48.982 1556 1689 D CompatibilityChangeReporter: Compat change id reported: 135634846; UID 10095; state: DISABLED
06-14 17:39:48.982 1556 1689 I am_uid_running: 10114
06-14 17:39:48.983 1556 1689 D CompatibilityChangeReporter: Compat change id reported: 135634846; UID 10114; state: DISABLED
06-14 17:39:48.983 1556 1689 D CompatibilityChangeReporter: Compat change id reported: 177438394; UID 10114; state: DISABLED
06-14 17:39:48.983 1556 1689 D CompatibilityChangeReporter: Compat change id reported: 135772972; UID 10114; state: DISABLED
06-14 17:39:48.983 1556 1689 D CompatibilityChangeReporter: Compat change id reported: 135754954; UID 10114; state: DISABLED
06-14 17:39:48.983 1556 1689 I am_uid_running: 10104
06-14 17:39:48.983 1556 1689 D CompatibilityChangeReporter: Compat change id reported: 135634846; UID 10104; state: DISABLED
06-14 17:39:48.983 1556 1689 D CompatibilityChangeReporter: Compat change id reported: 177438394; UID 10104; state: DISABLED
06-14 17:39:48.983 1556 1689 D CompatibilityChangeReporter: Compat change id reported: 135772972; UID 10104; state: DISABLED
06-14 17:39:48.983 1556 1689 D CompatibilityChangeReporter: Compat change id reported: 135754954; UID 10104; state: ENABLED
06-14 17:39:48.984 1556 1697 D CompatibilityChangeReporter: Compat change id reported: 143937733; UID 10108; state: DISABLED
06-14 17:39:48.988 1556 1697 I am_proc_start: [0,29450,10108,com.tencent.mm,NULL,]
06-14 17:39:48.988 1556 1697 I ActivityManager: Start proc 29450:com.tencent.mm/u0a108 for null
06-14 17:39:48.988 1556 1697 D CompatibilityChangeReporter: Compat change id reported: 143937733; UID 10101; state: ENABLED
06-14 17:39:48.994 1556 2200 D CompatibilityChangeReporter: Compat change id reported: 171306433; UID 10108; state: DISABLED
06-14 17:39:48.995 1556 1697 I am_proc_start: [0,29452,10101,com.hunantv.imgo.activity,NULL,]
06-14 17:39:48.995 1556 1697 I ActivityManager: Start proc 29452:com.hunantv.imgo.activity/u0a101 for null
06-14 17:39:48.995 1556 1697 D CompatibilityChangeReporter: Compat change id reported: 143937733; UID 10107; state: ENABLED
06-14 17:39:49.002 1556 1697 I am_proc_start: [0,29464,10107,com.youku.phone,NULL,]
06-14 17:39:49.002 1556 1697 I ActivityManager: Start proc 29464:com.youku.phone/u0a107 for null
06-14 17:39:49.002 1556 1697 D CompatibilityChangeReporter: Compat change id reported: 143937733; UID 10106; state: DISABLED
06-14 17:39:49.004 0 0 I [ 1730.269092] binder: 29450:29450 ioctl 40046210 7ff4300c84 returned -22
06-14 17:39:49.004 1556 2200 I am_proc_bound: [0,29450,com.tencent.mm]
06-14 17:39:49.007 1556 1697 I am_proc_start: [0,29467,10106,com.dragon.read,NULL,]
06-14 17:39:49.007 1556 1697 I ActivityManager: Start proc 29467:com.dragon.read/u0a106 for null
06-14 17:39:49.012 0 0 I [ 1730.279299] binder: 29452:29452 ioctl 40046210 7ff4300c84 returned -22
06-14 17:39:49.017 29451 29451 I auditd : type=1400 audit(0.0:4313): avc: granted { bind } for comm="ip" scontext=u:r:untrusted_app_29:s0:c108,c256,c512,c768 tcontext=u:r:untrusted_app_29:s0:c108,c256,c512,c768 tclass=netlink_route_socket app=com.tencent.mm
06-14 17:39:49.013 1556 1697 I am_proc_start: [0,29483,1000,com.android.settings,NULL,]
06-14 17:39:49.013 1556 1697 I ActivityManager: Start proc 29483:com.android.settings/1000 for null
06-14 17:39:49.013 1556 1697 D CompatibilityChangeReporter: Compat change id reported: 143937733; UID 10033; state: ENABLED
06-14 17:39:49.016 510 510 I killinfo: [29450,10108,905,800,67532,-1,7896244,1344188,3482996,62872,1000,27664,108720,4194300,4083064,1466404,207432,998968,2349548,94744,222664,51600,81924,0,0,252248,1508,12,74,0,1724,0]
06-14 17:39:49.020 1556 1697 I am_proc_start: [0,29485,10033,com.android.documentsui,NULL,]
06-14 17:39:49.020 1556 1697 I ActivityManager: Start proc 29485:com.android.documentsui/u0a33 for null
06-14 17:39:49.020 1556 1697 D CompatibilityChangeReporter: Compat change id reported: 143937733; UID 10095; state: DISABLED
06-14 17:39:49.022 1556 2200 I am_proc_bound: [0,29452,com.hunantv.imgo.activity]
06-14 17:39:49.030 1556 1697 I am_proc_start: [0,29497,10095,com.ss.android.ugc.aweme,NULL,]
06-14 17:39:49.030 1556 1697 I ActivityManager: Start proc 29497:com.ss.android.ugc.aweme/u0a95 for null
06-14 17:39:49.031 1556 1697 D CompatibilityChangeReporter: Compat change id reported: 143937733; UID 10114; state: DISABLED
06-14 17:39:49.032 1556 18791 I am_proc_bound: [0,29464,com.youku.phone]
06-14 17:39:49.033 0 0 I [ 1730.294730] binder: 29467:29467 ioctl 40046210 ffc7d638 returned -22
06-14 17:39:49.033 0 0 I [ 1730.296180] binder: 29464:29464 ioctl 40046210 7ff4300c84 returned -22
06-14 17:39:49.037 1556 2200 I am_proc_bound: [0,29467,com.dragon.read]
06-14 17:39:49.043 1556 1697 W ActivityManager: Slow operation: 61ms so far, now at startProcess: returned from zygote!
06-14 17:39:49.044 1556 1697 W ActivityManager: Slow operation: 61ms so far, now at startProcess: done updating battery stats
06-14 17:39:49.044 1556 1697 I am_proc_start: [0,29520,10114,com.kugou.android.auto,NULL,]
06-14 17:39:49.044 1556 1697 W ActivityManager: Slow operation: 61ms so far, now at startProcess: building log message
06-14 17:39:49.044 1556 1697 I ActivityManager: Start proc 29520:com.kugou.android.auto/u0a114 for null
06-14 17:39:49.044 1556 1697 W ActivityManager: Slow operation: 61ms so far, now at startProcess: starting to update pids map
06-14 17:39:49.044 1556 1697 W ActivityManager: Slow operation: 61ms so far, now at startProcess: done updating pids map
06-14 17:39:49.044 1556 1697 W ActivityManager: Slow operation: 61ms so far, now at startProcess: asking zygote to start proc
06-14 17:39:49.044 1556 1697 D CompatibilityChangeReporter: Compat change id reported: 143937733; UID 10104; state: ENABLED
06-14 17:39:49.050 510 510 I killinfo: [29467,10106,905,800,50528,-1,7896244,1353684,3474276,62872,1000,27664,108720,4194300,4083064,1472104,207432,999424,2339844,94744,222664,52112,83428,0,0,252248,1540,32,75,0,1856,0]
06-14 17:39:49.056 0 0 I [ 1730.322083] binder: 29497:29497 ioctl 40046210 ffc7d638 returned -22
06-14 17:39:49.063 0 0 I [ 1730.326061] binder: undelivered transaction 977434, process died.
06-14 17:39:49.063 0 0 I [ 1730.327709] binder: 29485:29485 ioctl 40046210 7ff4300c84 returned -22
06-14 17:39:49.063 0 0 I [ 1730.328745] binder: 29483:29483 ioctl 40046210 7ff4300c84 returned -22
06-14 17:39:49.057 22696 22696 I auditd : type=1400 audit(0.0:4314): avc: granted { nlmsg_readpriv } for comm="mars::29448" scontext=u:r:untrusted_app_29:s0:c108,c256,c512,c768 tcontext=u:r:untrusted_app_29:s0:c108,c256,c512,c768 tclass=netlink_route_socket app=com.tencent.mm
06-14 17:39:49.061 22696 22696 I auditd : type=1400 audit(0.0:4315): avc: granted { nlmsg_readpriv } for comm="mars::29448" scontext=u:r:untrusted_app_29:s0:c108,c256,c512,c768 tcontext=u:r:untrusted_app_29:s0:c108,c256,c512,c768 tclass=netlink_route_socket app=com.tencent.mm
06-14 17:39:49.052 1556 18791 I ActivityManager: Process com.tencent.mm (pid 29450) has died: cch+5 CEM
06-14 17:39:49.052 1556 18791 I am_proc_died: [0,29450,com.tencent.mm,905,19]
06-14 17:39:49.058 1556 18791 I ActivityManager: Process com.dragon.read (pid 29467) has died: cch+5 CEM
06-14 17:39:49.059 1556 18791 I am_proc_died: [0,29467,com.dragon.read,905,19]
06-14 17:39:49.059 1556 18791 I am_uid_stopped: 10106
06-14 17:39:49.061 510 510 I killinfo: [29452,10101,925,800,72404,-1,7896244,1357612,3471292,62872,1000,27664,108720,4194300,4083064,1472332,207432,999424,2337300,94744,222664,52112,83428,0,0,252248,1552,12,76,0,1712,0]
06-14 17:39:49.064 1556 18791 I am_proc_bound: [0,29497,com.ss.android.ugc.aweme]
06-14 17:39:49.067 1556 2200 I am_proc_bound: [0,29485,com.android.documentsui]
06-14 17:39:49.070 1556 1697 W ActivityManager: Slow operation: 87ms so far, now at startProcess: returned from zygote!
06-14 17:39:49.072 1556 18791 I am_proc_bound: [0,29483,com.android.settings]
06-14 17:39:49.074 1556 1697 W ActivityManager: Slow operation: 91ms so far, now at startProcess: done updating battery stats
06-14 17:39:49.074 1556 1697 I am_proc_start: [0,29560,10104,com.tencent.qqlive,NULL,]
06-14 17:39:49.074 1556 1697 W ActivityManager: Slow operation: 92ms so far, now at startProcess: building log message
06-14 17:39:49.074 1556 1697 I ActivityManager: Start proc 29560:com.tencent.qqlive/u0a104 for null
06-14 17:39:49.074 1556 1697 W ActivityManager: Slow operation: 92ms so far, now at startProcess: starting to update pids map
06-14 17:39:49.074 1556 1697 W ActivityManager: Slow operation: 92ms so far, now at startProcess: done updating pids map
06-14 17:39:49.076 0 0 I [ 1730.342975] binder: 29520:29520 ioctl 40046210 7ff4300c84 returned -22
06-14 17:39:49.077 1556 1689 D CompatibilityChangeReporter: Compat change id reported: 135634846; UID 10108; state: DISABLED
06-14 17:39:49.077 1556 1689 D CompatibilityChangeReporter: Compat change id reported: 177438394; UID 10108; state: DISABLED
06-14 17:39:49.077 1556 1689 D CompatibilityChangeReporter: Compat change id reported: 135772972; UID 10108; state: DISABLED
06-14 17:39:49.077 1556 1697 D CompatibilityChangeReporter: Compat change id reported: 143937733; UID 10108; state: DISABLED
06-14 17:39:49.077 1556 1689 I am_uid_running: 10106
06-14 17:39:49.078 1556 1689 D CompatibilityChangeReporter: Compat change id reported: 135634846; UID 10106; state: DISABLED
06-14 17:39:49.081 1556 2200 I am_proc_bound: [0,29520,com.kugou.android.auto]
06-14 17:39:49.083 1556 1689 W ActivityTaskManager: Activity top resumed state loss timeout for ActivityRecord{fc65704 u0 com.tencent.mm/.plugin.account.ui.WelcomeActivity taskAffinity=10108:com.tencent.mm t-1 f}}
06-14 17:39:49.083 24095 24095 I wm_on_top_resumed_gained_called: [256935812,com.kugou.crash.snow.JonSnow$HintActivity,topStateChangedWhenResumed]
06-14 17:39:49.085 1556 6413 I ActivityManager: Process com.hunantv.imgo.activity (pid 29452) has died: cch+15 CEM
06-14 17:39:49.085 1556 6413 I am_proc_died: [0,29452,com.hunantv.imgo.activity,915,19]
06-14 17:39:49.085 1556 6413 I am_uid_stopped: 10101
06-14 17:39:49.087 510 510 I killinfo: [29483,1000,905,800,61380,-1,7896244,1363396,3472220,62872,1000,27696,108720,4194300,4083064,1473484,207464,999428,2337784,94744,222708,52320,83716,0,0,252256,1576,24,77,0,1736,0]
06-14 17:39:49.089 1556 1697 I am_proc_start: [0,29575,10108,com.tencent.mm,NULL,]
06-14 17:39:49.089 1556 1697 I ActivityManager: Start proc 29575:com.tencent.mm/u0a108 for null
06-14 17:39:49.089 1556 1697 D CompatibilityChangeReporter: Compat change id reported: 143937733; UID 10106; state: DISABLED
06-14 17:39:49.095 1556 1697 I am_proc_start: [0,29586,10106,com.dragon.read,NULL,]
06-14 17:39:49.095 1556 1697 I ActivityManager: Start proc 29586:com.dragon.read/u0a106 for null
06-14 17:39:49.096 1556 2200 D PowerManagerService: acquireWakeLockInternal: lock=156905368, flags=0x1, tag="PlatformComm", ws=null, uid=10108, pid=22696
06-14 17:39:49.096 1556 2200 D PowerManagerService: updateWakeLockSummaryLocked: mWakefulness=Awake, mWakeLockSummary=0x1
06-14 17:39:49.096 1556 2200 D PowerManagerService: updateUserActivitySummaryLocked: groupId=0, mWakefulness=Awake, mUserActivitySummary=0x1, nextTimeout=1789818 (in 59454 ms)
06-14 17:39:49.096 1556 2200 D PowerManagerNotifier: onScreenPolicyUpdate: newPolicy=3
06-14 17:39:49.096 1556 2200 D PowerManagerService: updateDisplayPowerStateLocked: displayReady=true, groupId=0, policy=BRIGHT, mWakefulness=Awake, mWakeLockSummary=0x1, mUserActivitySummary=0x1, mBootCompleted=true, screenBrightnessOverride=NaN, useAutoBrightness=true, mScreenBrightnessBoostInProgress=false, mIsVrModeEnabled= false, sQuiescent=false
06-14 17:39:49.097 1556 2200 D PowerManagerNotifier: onWakeLockAcquired: flags=1, tag="PlatformComm", packageName=com.tencent.mm, ownerUid=10108, ownerPid=22696, workSource=null
06-14 17:39:49.104 0 0 I [ 1730.370699] binder: 29560:29560 ioctl 40046210 7ff4300c84 returned -22
06-14 17:39:49.105 0 0 I [ 1730.371084] binder: 29575:29575 ioctl 40046210 7ff4300c84 returned -22
06-14 17:39:49.105 1556 2200 I ActivityManager: Process com.android.settings (pid 29483) has died: cch+15 CEM
06-14 17:39:49.105 1556 2200 I am_proc_died: [0,29483,com.android.settings,915,19]
06-14 17:39:49.106 1556 6413 I am_proc_bound: [0,29560,com.tencent.qqlive]
06-14 17:39:49.106 510 510 I killinfo: [29464,10107,945,800,73364,-1,7896244,1362528,3473400,62872,1000,27712,108720,4194300,4083064,1475816,207480,997088,2341740,94612,222684,52416,83248,0,0,252256,1596,20,78,0,1712,0]
06-14 17:39:49.112 0 0 I [ 1730.379948] binder: 29586:29586 ioctl 40046210 ffc7d638 returned -22
06-14 17:39:49.109 1556 2200 I am_proc_bound: [0,29575,com.tencent.mm]
06-14 17:39:49.118 1556 18791 I am_proc_bound: [0,29586,com.dragon.read]
06-14 17:39:49.132 1556 2200 I ActivityManager: Process com.youku.phone (pid 29464) has died: cch+35 CEM
06-14 17:39:49.132 1556 2200 I am_proc_died: [0,29464,com.youku.phone,935,19]
06-14 17:39:49.133 1556 2200 I am_uid_stopped: 10107
06-14 17:39:49.137 0 0 I [ 1730.397386] oom_reaper: reaped process 29464 (com.youku.phone), now anon-rss:0kB, file-rss:0kB, shmem-rss:380kB
06-14 17:39:49.137 0 0 I [ 1730.399845] binder: undelivered TRANSACTION_COMPLETE
06-14 17:39:49.137 510 510 I killinfo: [29497,10095,925,800,59688,-1,7896244,1362828,3474552,62872,1000,27664,108720,4194300,4083064,1477276,207432,997352,2342644,94724,222680,52544,82580,0,0,252256,1628,32,79,0,1832,0]
06-14 17:39:49.141 0 0 I [ 1730.405021] binder: 29497:29568 ioctl c0306201 e1671068 returned -14
06-14 17:39:49.145 0 0 I [ 1730.410785] oom_reaper: reaped process 29497 (droid.ugc.aweme), now anon-rss:0kB, file-rss:0kB, shmem-rss:380kB
06-14 17:39:49.145 29126 29604 E ActivityThread: Failed to find provider info for com.oplus.cardservice.repository.provider.CardServiceServerProvider
06-14 17:39:49.172 0 0 I [ 1730.431431] oom_reaper: reaped process 29485 (oid.documentsui), now anon-rss:0kB, file-rss:0kB, shmem-rss:380kB
06-14 17:39:49.148 510 510 I killinfo: [29485,10033,945,800,67580,-1,7896244,1367936,3471684,62872,1000,27664,108720,4194300,4083064,1475224,207432,994760,2342336,94724,222680,52288,81828,0,0,252256,1640,12,80,0,1728,0]
06-14 17:39:49.149 1556 18234 I ActivityManager: Process com.ss.android.ugc.aweme (pid 29497) has died: cch+55 CEM
06-14 17:39:49.149 1556 18234 I am_proc_died: [0,29497,com.ss.android.ugc.aweme,955,19]
06-14 17:39:49.149 1556 18234 I am_uid_stopped: 10095
06-14 17:39:49.174 1556 18791 I ActivityManager: Process com.android.documentsui (pid 29485) has died: cch+45 CEM
06-14 17:39:49.174 1556 18791 I am_proc_died: [0,29485,com.android.documentsui,945,19]
06-14 17:39:49.175 1556 18791 I am_uid_stopped: 10033
06-14 17:39:49.180 0 0 I [ 1730.445442] binder: 29520:29571 ioctl c0306201 74667dc9f8 returned -14
06-14 17:39:49.180 0 0 I [ 1730.446966] binder: 29520:29608 ioctl c0306201 74666de9f8 returned -14
06-14 17:39:49.178 510 510 I killinfo: [29520,10114,935,800,67576,-1,7896244,1361672,3484672,62872,1000,27648,108720,4194300,4083064,1473696,207416,1004612,2345696,94628,222680,52144,81204,0,0,252256,1668,28,81,0,1724,0]
06-14 17:39:49.189 0 0 I [ 1730.456653] oom_reaper: reaped process 29520 (ou.android.auto), now anon-rss:0kB, file-rss:0kB, shmem-rss:380kB
06-14 17:39:49.197 0 0 I [ 1730.463883] binder: 29560:29609 ioctl c0306201 74667f19f8 returned -14
06-14 17:39:49.196 510 510 I killinfo: [29560,10104,925,800,72484,-1,7896244,1360996,3489588,62872,1000,27648,108720,4194300,4083064,1471200,207416,1011732,2343100,94628,222676,52032,80452,0,0,252256,1684,16,82,0,1712,0]
06-14 17:39:49.201 22696 22696 I auditd : type=1400 audit(0.0:4316): avc: granted { nlmsg_readpriv } for comm="mars::29563" scontext=u:r:untrusted_app_29:s0:c108,c256,c512,c768 tcontext=u:r:untrusted_app_29:s0:c108,c256,c512,c768 tclass=netlink_route_socket app=com.tencent.mm
06-14 17:39:49.201 22696 22696 I auditd : type=1400 audit(0.0:4317): avc: granted { nlmsg_readpriv } for comm="mars::29563" scontext=u:r:untrusted_app_29:s0:c108,c256,c512,c768 tcontext=u:r:untrusted_app_29:s0:c108,c256,c512,c768 tclass=netlink_route_socket app=com.tencent.mm
06-14 17:39:49.207 0 0 I [ 1730.471178] oom_reaper: reaped process 29560 (.tencent.qqlive), now anon-rss:0kB, file-rss:0kB, shmem-rss:380kB
