06-14 17:40:22.989 1556 1914 D PowerManagerNotifier: onScreenPolicyUpdate: newPolicy=3
06-14 17:40:22.990 1556 1914 D PowerManagerService: updateDisplayPowerStateLocked: displayReady=true, groupId=0, policy=BRIGHT, mWakefulness=Awake, mWakeLockSummary=0x1, mUserActivitySummary=0x1, mBootCompleted=true, screenBrightnessOverride=NaN, useAutoBrightness=true, mScreenBrightnessBoostInProgress=false, mIsVrModeEnabled= false, sQuiescent=false
06-14 17:40:22.990 1556 1914 D PowerManagerNotifier: onWakeLockAcquired: flags=1, tag="SyncLoopWakeLock", packageName=android, ownerUid=1000, ownerPid=1556, workSource=null
06-14 17:40:22.990 1556 1914 D PowerManagerService: releaseWakeLockInternal: lock=42217132 [SyncLoopWakeLock], flags=0x0
06-14 17:40:22.990 1556 1914 D PowerManagerNotifier: onWakeLockReleased: flags=1, tag="SyncLoopWakeLock", packageName=android, ownerUid=1000, ownerPid=1556, workSource=null
06-14 17:40:22.990 1556 1914 D PowerManagerService: updateWakeLockSummaryLocked: mWakefulness=Awake, mWakeLockSummary=0x1
06-14 17:40:22.990 1556 1914 D PowerManagerService: updateUserActivitySummaryLocked: groupId=0, mWakefulness=Awake, mUserActivitySummary=0x1, nextTimeout=1823819 (in 59562 ms)
06-14 17:40:22.990 1556 1914 D PowerManagerNotifier: onScreenPolicyUpdate: newPolicy=3
06-14 17:40:22.990 1556 1914 D PowerManagerService: updateDisplayPowerStateLocked: displayReady=true, groupId=0, policy=BRIGHT, mWakefulness=Awake, mWakeLockSummary=0x1, mUserActivitySummary=0x1, mBootCompleted=true, screenBrightnessOverride=NaN, useAutoBrightness=true, mScreenBrightnessBoostInProgress=false, mIsVrModeEnabled= false, sQuiescent=false
06-14 17:40:22.990 1556 1863 I GameModeConfig: isGameModeOn = false
06-14 17:40:22.990 1556 1863 I GameModeConfig: isGameModeOn = false
06-14 17:40:22.990 1556 1863 I GameModeConfig: isGameModeOn = false
06-14 17:40:22.990 1556 1863 I GameModeConfig: isGameModeOn = false
06-14 17:40:22.990 1556 1863 I GameModeConfig: isGameModeOn = false
06-14 17:40:22.991 1556 1863 I GameModeConfig: isGameModeOn = false
06-14 17:40:22.991 1556 1863 I GameModeConfig: isGameModeOn = false
06-14 17:40:22.991 1556 1863 I GameModeConfig: isGameModeOn = false
06-14 17:40:22.991 1556 1863 I GameModeConfig: isGameModeOn = false
06-14 17:40:22.992 1556 1914 D PowerManagerService: acquireWakeLockInternal: lock=42217132, flags=0x1, tag="SyncLoopWakeLock", ws=null, uid=1000, pid=1556
06-14 17:40:22.992 1556 1914 D PowerManagerService: updateWakeLockSummaryLocked: mWakefulness=Awake, mWakeLockSummary=0x1
06-14 17:40:22.992 1556 1914 D PowerManagerService: updateUserActivitySummaryLocked: groupId=0, mWakefulness=Awake, mUserActivitySummary=0x1, nextTimeout=1823819 (in 59560 ms)
06-14 17:40:22.992 1556 1914 D PowerManagerNotifier: onScreenPolicyUpdate: newPolicy=3
06-14 17:40:22.992 1556 1914 D PowerManagerService: updateDisplayPowerStateLocked: displayReady=true, groupId=0, policy=BRIGHT, mWakefulness=Awake, mWakeLockSummary=0x1, mUserActivitySummary=0x1, mBootCompleted=true, screenBrightnessOverride=NaN, useAutoBrightness=true, mScreenBrightnessBoostInProgress=false, mIsVrModeEnabled= false, sQuiescent=false
06-14 17:40:22.992 1556 1914 D PowerManagerNotifier: onWakeLockAcquired: flags=1, tag="SyncLoopWakeLock", packageName=android, ownerUid=1000, ownerPid=1556, workSource=null
06-14 17:40:22.997 1556 1556 I notification_cancel_all: [1000,1556,com.baidu.searchbox,0,0,0,20,NULL]
06-14 17:40:22.999 1556 1863 I GameModeConfig: isGameModeOn = false
06-14 17:40:22.999 1556 1863 I GameModeConfig: isGameModeOn = false
06-14 17:40:23.000 1556 1914 D PowerManagerService: releaseWakeLockInternal: lock=42217132 [SyncLoopWakeLock], flags=0x0
06-14 17:40:23.000 1556 1914 D PowerManagerNotifier: onWakeLockReleased: flags=1, tag="SyncLoopWakeLock", packageName=android, ownerUid=1000, ownerPid=1556, workSource=null
06-14 17:40:23.000 1556 1914 D PowerManagerService: updateWakeLockSummaryLocked: mWakefulness=Awake, mWakeLockSummary=0x1
06-14 17:40:23.000 1556 1914 D PowerManagerService: updateUserActivitySummaryLocked: groupId=0, mWakefulness=Awake, mUserActivitySummary=0x1, nextTimeout=1823819 (in 59552 ms)
06-14 17:40:23.000 1556 1914 D PowerManagerNotifier: onScreenPolicyUpdate: newPolicy=3
06-14 17:40:23.000 1556 1914 D PowerManagerService: updateDisplayPowerStateLocked: displayReady=true, groupId=0, policy=BRIGHT, mWakefulness=Awake, mWakeLockSummary=0x1, mUserActivitySummary=0x1, mBootCompleted=true, screenBrightnessOverride=NaN, useAutoBrightness=true, mScreenBrightnessBoostInProgress=false, mIsVrModeEnabled= false, sQuiescent=false
06-14 17:40:23.002 1556 1556 I notification_cancel_all: [1000,1556,com.baidu.searchbox,0,0,0,20,NULL]
06-14 17:40:23.002 1556 1863 I GameModeConfig: isGameModeOn = false
06-14 17:40:23.002 1556 1863 I GameModeConfig: isGameModeOn = false
06-14 17:40:23.002 1556 1863 I GameModeConfig: isGameModeOn = false
06-14 17:40:23.002 1556 1863 I GameModeConfig: isGameModeOn = false
06-14 17:40:23.002 1556 1863 I GameModeConfig: isGameModeOn = false
06-14 17:40:23.002 1556 1863 I GameModeConfig: isGameModeOn = false
06-14 17:40:23.002 1556 1863 I GameModeConfig: isGameModeOn = false
06-14 17:40:23.002 1556 1556 I notification_cancel_all: [1000,1556,com.baidu.searchbox,0,0,0,20,NULL]
06-14 17:40:23.002 1556 1556 I notification_cancel_all: [1000,1556,com.baidu.searchbox,0,0,0,20,NULL]
06-14 17:40:23.004 3319 3319 I wm_on_create_called: [147936869,com.hunantv.imgo.activity.MainActivity,performCreate]
06-14 17:40:23.009 1556 1932 W ActivityManager: Receiver with filter android.content.IntentFilter@744843e already registered for pid 3319, callerPackage is com.hunantv.imgo.activity
06-14 17:40:23.012 1556 1847 D PowerManagerService: acquireWakeLockInternal: lock=56966882, flags=0x1, tag="NetworkStats", ws=null, uid=1000, pid=1556
06-14 17:40:23.012 1556 1847 D PowerManagerService: updateWakeLockSummaryLocked: mWakefulness=Awake, mWakeLockSummary=0x1
06-14 17:40:23.012 1556 1847 D PowerManagerService: updateUserActivitySummaryLocked: groupId=0, mWakefulness=Awake, mUserActivitySummary=0x1, nextTimeout=1823819 (in 59540 ms)
06-14 17:40:23.012 1556 1847 D PowerManagerNotifier: onScreenPolicyUpdate: newPolicy=3
06-14 17:40:23.012 1556 1847 D PowerManagerService: updateDisplayPowerStateLocked: displayReady=true, groupId=0, policy=BRIGHT, mWakefulness=Awake, mWakeLockSummary=0x1, mUserActivitySummary=0x1, mBootCompleted=true, screenBrightnessOverride=NaN, useAutoBrightness=true, mScreenBrightnessBoostInProgress=false, mIsVrModeEnabled= false, sQuiescent=false
06-14 17:40:23.012 1556 1847 D PowerManagerNotifier: onWakeLockAcquired: flags=1, tag="NetworkStats", packageName=android, ownerUid=1000, ownerPid=1556, workSource=null
06-14 17:40:23.022 3319 3319 I wm_on_start_called: [147936869,com.hunantv.imgo.activity.MainActivity,handleStartActivity]
06-14 17:40:23.096 3319 3319 I wm_on_resume_called: [147936869,com.hunantv.imgo.activity.MainActivity,RESUME_ACTIVITY]
06-14 17:40:23.105 1556 1932 W WindowManager: Failed looking up window session=Session{4ba1231 3319:u0a10101} callers=com.android.server.wm.WindowManagerService.windowForClientLocked:5628 com.android.server.wm.Session.insetsModified:629 android.view.IWindowSession$Stub.onTransact:1151
06-14 17:40:23.106 1556 1932 W WindowManager: Failed looking up window session=Session{4ba1231 3319:u0a10101} callers=com.android.server.wm.WindowManagerService.windowForClientLocked:5628 com.android.server.wm.Session.insetsModified:629 android.view.IWindowSession$Stub.onTransact:1151
06-14 17:40:23.124 0 0 I [ 1764.385633] binder: 4632:4632 ioctl 40046210 7fd4892b44 returned -22
06-14 17:40:23.146 0 0 I [ 1764.411472] binder: 3319:4576 ioctl 40046210 74680901f4 returned -22
06-14 17:40:23.240 1556 6132 I thunderperf: PlatormCompat.setOverrides: Uid1=10117 Pid1=3707 Uid2=10117 Pid2=3707
06-14 17:40:23.240 1556 6132 I thunderperf: PlatormCompat.setOverrides: needCheck:false
06-14 17:40:23.240 1556 6132 W PackageManager: MATCH_ANY_USER flag requires INTERACT_ACROSS_USERS permission: UID 10117 requires android.permission.INTERACT_ACROSS_USERS_FULL or android.permission.INTERACT_ACROSS_USERS to access user 0.
06-14 17:40:23.240 1556 6132 I ActivityTaskManager: START u0 {cmp=com.kugou.android/com.kugou.common.useraccount.app.KgUserLoginAndRegActivity (has extras)} from uid 10117
06-14 17:40:23.241 1556 6132 D ActivityTaskManager: TaskLaunchParamsModifier:task=null activity=ActivityRecord{52af99e u0 com.kugou.android/com.kugou.common.useraccount.app.KgUserLoginAndRegActivity taskAffinity=10117:android.task.kugou display-area-from-source=DefaultTaskDisplayArea@142405141 display-id=0 display-windowing-mode=1 suggested-display-area=DefaultTaskDisplayArea@142405141
06-14 17:40:23.249 4695 4695 I auditd : type=1400 audit(0.0:5355): avc: denied { read } for comm="ps" name="pid_max" dev="proc" ino=753004 scontext=u:r:untrusted_app:s0:c94,c256,c512,c768 tcontext=u:object_r:proc_pid_max:s0 tclass=file permissive=0 app=com.qiyi.video
06-14 17:40:23.245 1556 6132 D ActivityTaskManager: TaskLaunchParamsModifier:task=Task{d421d29 #1092 type=standard A=10117:android.task.kugou U=0 visible=true mode=freeform translucent=false sz=2 visible freeform task=true rootAffinity=10117:android.task.kugou isMini=false} activity=ActivityRecord{52af99e u0 com.kugou.android/com.kugou.common.useraccount.app.KgUserLoginAndRegActivity taskAffinity=10117:android.task.kugou t-1} display-area-from-source=DefaultTaskDisplayArea@142405141 display-id=0 display-windowing-mode=1 suggested-display-area=DefaultTaskDisplayArea@142405141 non-freeform-display display-area=DefaultTaskDisplayArea@142405141
06-14 17:40:23.247 1556 6132 I wm_task_moved: [1092,1,9]
06-14 17:40:23.247 1556 6132 I wm_set_resumed_activity: [0,com.kugou.android/.app.MediaActivity,positionChildAt]
06-14 17:40:23.247 1556 6132 I wm_create_activity: [0,86702494,1092,com.kugou.android/com.kugou.common.useraccount.app.KgUserLoginAndRegActivity,NULL,NULL,NULL,268435456]
06-14 17:40:23.247 1556 6132 D PowerManagerService: updateWakeLockWorkSourceInternal: lock=110154549 [*launch*], ws=WorkSource{10117}
06-14 17:40:23.247 1556 6132 D PowerManagerNotifier: onWakeLockChanging: flags=1, tag="*launch*", packageName=android, ownerUid=1000, ownerPid=1556, workSource=WorkSource{10117}
06-14 17:40:23.248 1556 6132 I wm_pause_activity: [0,61854196,com.kugou.android/.app.MediaActivity,userLeaving=true,resumeTopActivityInnerLocked]
06-14 17:40:23.248 1556 6132 D PowerManagerService: acquireWakeLockInternal: lock=110154549, flags=0x1, tag="*launch*", ws=WorkSource{10117}, uid=1000, pid=1556
06-14 17:40:23.248 1556 6132 D PowerManagerService: updateWakeLockSummaryLocked: mWakefulness=Awake, mWakeLockSummary=0x1
06-14 17:40:23.248 1556 6132 D PowerManagerService: updateUserActivitySummaryLocked: groupId=0, mWakefulness=Awake, mUserActivitySummary=0x1, nextTimeout=1823819 (in 59304 ms)
06-14 17:40:23.248 1556 6132 D PowerManagerNotifier: onScreenPolicyUpdate: newPolicy=3
06-14 17:40:23.248 1556 6132 D PowerManagerService: updateDisplayPowerStateLocked: displayReady=true, groupId=0, policy=BRIGHT, mWakefulness=Awake, mWakeLockSummary=0x1, mUserActivitySummary=0x1, mBootCompleted=true, screenBrightnessOverride=NaN, useAutoBrightness=true, mScreenBrightnessBoostInProgress=false, mIsVrModeEnabled= false, sQuiescent=false
06-14 17:40:23.269 4710 4710 I auditd : type=1400 audit(0.0:5356): avc: denied { bind } for comm="ip" scontext=u:r:untrusted_app:s0:c94,c256,c512,c768 tcontext=u:r:untrusted_app:s0:c94,c256,c512,c768 tclass=netlink_route_socket permissive=0 bug=b/155595000 app=com.qiyi.video
06-14 17:40:23.290 1556 18791 W ActivityManager: Unable to start service Intent { act=com.hihonor.handoff.service.HandoffService cmp=com.hihonor.handoff/.service.HandoffService } U=0: not found
06-14 17:40:23.290 3707 3707 I wm_on_create_called: [61854196,com.kugou.android.app.MediaActivity,performCreate]
06-14 17:40:23.305 4738 4738 I auditd : type=1400 audit(0.0:5357): avc: denied { bind } for comm="ip" scontext=u:r:untrusted_app:s0:c94,c256,c512,c768 tcontext=u:r:untrusted_app:s0:c94,c256,c512,c768 tclass=netlink_route_socket permissive=0 bug=b/155595000
06-14 17:40:23.381 4751 4751 I auditd : type=1400 audit(0.0:5358): avc: denied { read } for comm="ps" name="pid_max" dev="proc" ino=753004 scontext=u:r:untrusted_app:s0:c94,c256,c512,c768 tcontext=u:object_r:proc_pid_max:s0 tclass=file permissive=0 app=com.qiyi.video
06-14 17:40:23.428 0 0 W [ 1764.686478] audit: audit_lost=4401 audit_rate_limit=5 audit_backlog_limit=64
06-14 17:40:23.428 0 0 E [ 1764.686482] audit: rate limit exceeded
06-14 17:40:23.406 1556 18791 D PowerManagerService: releaseWakeLockInternal: lock=135104056 [AudioMix], flags=0x0
06-14 17:40:23.406 1556 18791 D PowerManagerNotifier: onWakeLockReleased: flags=1, tag="AudioMix", packageName=audioserver, ownerUid=1041, ownerPid=0, workSource=null
06-14 17:40:23.406 1556 18791 D PowerManagerService: updateWakeLockSummaryLocked: mWakefulness=Awake, mWakeLockSummary=0x1
06-14 17:40:23.406 1556 18791 D PowerManagerService: updateUserActivitySummaryLocked: groupId=0, mWakefulness=Awake, mUserActivitySummary=0x1, nextTimeout=1823819 (in 59146 ms)
06-14 17:40:23.406 1556 18791 D PowerManagerNotifier: onScreenPolicyUpdate: newPolicy=3
06-14 17:40:23.406 1556 18791 D PowerManagerService: updateDisplayPowerStateLocked: displayReady=true, groupId=0, policy=BRIGHT, mWakefulness=Awake, mWakeLockSummary=0x1, mUserActivitySummary=0x1, mBootCompleted=true, screenBrightnessOverride=NaN, useAutoBrightness=true, mScreenBrightnessBoostInProgress=false, mIsVrModeEnabled= false, sQuiescent=false
06-14 17:40:23.406 1556 2323 D PowerManagerService: releaseWakeLockInternal: lock=60150646 [AudioMix], flags=0x0
06-14 17:40:23.406 1556 2323 D PowerManagerNotifier: onWakeLockReleased: flags=1, tag="AudioMix", packageName=audioserver, ownerUid=1041, ownerPid=0, workSource=null
06-14 17:40:23.406 1556 2323 D PowerManagerService: updateWakeLockSummaryLocked: mWakefulness=Awake, mWakeLockSummary=0x1
06-14 17:40:23.406 1556 2323 D PowerManagerService: updateUserActivitySummaryLocked: groupId=0, mWakefulness=Awake, mUserActivitySummary=0x1, nextTimeout=1823819 (in 59145 ms)
06-14 17:40:23.406 1556 2323 D PowerManagerNotifier: onScreenPolicyUpdate: newPolicy=3
06-14 17:40:23.406 1556 2323 D PowerManagerService: updateDisplayPowerStateLocked: displayReady=true, groupId=0, policy=BRIGHT, mWakefulness=Awake, mWakeLockSummary=0x1, mUserActivitySummary=0x1, mBootCompleted=true, screenBrightnessOverride=NaN, useAutoBrightness=true, mScreenBrightnessBoostInProgress=false, mIsVrModeEnabled= false, sQuiescent=false
06-14 17:40:23.410 1556 2323 D PowerManagerService: releaseWakeLockInternal: lock=66545169 [AudioMix], flags=0x0
06-14 17:40:23.410 1556 2323 D PowerManagerNotifier: onWakeLockReleased: flags=1, tag="AudioMix", packageName=audioserver, ownerUid=1041, ownerPid=0, workSource=null
06-14 17:40:23.410 1556 2323 D PowerManagerService: updateWakeLockSummaryLocked: mWakefulness=Awake, mWakeLockSummary=0x1
06-14 17:40:23.410 1556 2323 D PowerManagerService: updateUserActivitySummaryLocked: groupId=0, mWakefulness=Awake, mUserActivitySummary=0x1, nextTimeout=1823819 (in 59141 ms)
06-14 17:40:23.410 1556 2323 D PowerManagerNotifier: onScreenPolicyUpdate: newPolicy=3
06-14 17:40:23.410 1556 2323 D PowerManagerService: updateDisplayPowerStateLocked: displayReady=true, groupId=0, policy=BRIGHT, mWakefulness=Awake, mWakeLockSummary=0x1, mUserActivitySummary=0x1, mBootCompleted=true, screenBrightnessOverride=NaN, useAutoBrightness=true, mScreenBrightnessBoostInProgress=false, mIsVrModeEnabled= false, sQuiescent=false
06-14 17:40:23.411 1556 2323 D PowerManagerService: releaseWakeLockInternal: lock=8203639 [AudioMix], flags=0x0
06-14 17:40:23.411 1556 2323 D PowerManagerNotifier: onWakeLockReleased: flags=1, tag="AudioMix", packageName=audioserver, ownerUid=1041, ownerPid=0, workSource=null
06-14 17:40:23.411 1556 2323 D PowerManagerService: updateWakeLockSummaryLocked: mWakefulness=Awake, mWakeLockSummary=0x1
06-14 17:40:23.411 1556 2323 D PowerManagerService: updateUserActivitySummaryLocked: groupId=0, mWakefulness=Awake, mUserActivitySummary=0x1, nextTimeout=1823819 (in 59140 ms)
06-14 17:40:23.411 1556 2323 D PowerManagerNotifier: onScreenPolicyUpdate: newPolicy=3
06-14 17:40:23.411 1556 2323 D PowerManagerService: updateDisplayPowerStateLocked: displayReady=true, groupId=0, policy=BRIGHT, mWakefulness=Awake, mWakeLockSummary=0x1, mUserActivitySummary=0x1, mBootCompleted=true, screenBrightnessOverride=NaN, useAutoBrightness=true, mScreenBrightnessBoostInProgress=false, mIsVrModeEnabled= false, sQuiescent=false
06-14 17:40:23.481 1556 18791 W ActivityManager: Receiver with filter android.content.IntentFilter@36a8ab9 already registered for pid 3707, callerPackage is com.kugou.android
06-14 17:40:23.492 0 0 I [ 1764.752627] binder: 4790:4790 ioctl 40046210 7ff237c984 returned -22
06-14 17:40:23.492 3707 3707 I wm_on_start_called: [61854196,com.kugou.android.app.MediaActivity,handleStartActivity]
06-14 17:40:23.556 1556 1696 D CompatibilityChangeReporter: Compat change id reported: 168419799; UID 10099; state: DISABLED
06-14 17:40:23.676 3707 3707 I wm_on_resume_called: [61854196,com.kugou.android.app.MediaActivity,RESUME_ACTIVITY]
06-14 17:40:23.681 3707 3707 I wm_on_top_resumed_gained_called: [61854196,com.kugou.android.app.MediaActivity,topStateChangedWhenResumed]
06-14 17:40:23.748 1556 1689 W ActivityTaskManager: Activity top resumed state loss timeout for ActivityRecord{3afd1f4 u0 com.kugou.android/.app.MediaActivity taskAffinity=10117:android.task.kugou t1092}
06-14 17:40:23.748 1556 1689 W ActivityTaskManager: Activity pause timeout for ActivityRecord{3afd1f4 u0 com.kugou.android/.app.MediaActivity taskAffinity=10117:android.task.kugou t1092}
06-14 17:40:23.748 1556 1689 I ActivityTaskManager: FOREGROUND_APPLICATION_CHANGED to com.kugou.common.useraccount.app.KgUserLoginAndRegActivity
06-14 17:40:23.749 1556 1689 I ActivityTaskManager: The Process com.kugou.android Already Exists in BG. So sending its PID: 3707
06-14 17:40:23.749 1556 1689 W ActivityTaskManager: Tried to set launchTime (0) < mLastActivityLaunchTime (1764142)
06-14 17:40:23.750 1556 1689 I wm_restart_activity: [0,86702494,1092,com.kugou.android/com.kugou.common.useraccount.app.KgUserLoginAndRegActivity]
06-14 17:40:23.750 1556 1689 I wm_set_resumed_activity: [0,com.kugou.android/com.kugou.common.useraccount.app.KgUserLoginAndRegActivity,minimalResumeActivityLocked]
06-14 17:40:23.752 1556 1689 I sysui_multi_action: [757,803,799,window_time_2,802,1]
06-14 17:40:23.761 3707 3964 D SubscriptionManager: [getSubId]- fail
06-14 17:40:23.762 3707 3964 D SubscriptionManager: [getSubId]- fail
06-14 17:40:23.851 1556 18791 D ActivityTaskManager: Skipping, freeform mode : Task{d421d29 #1092 type=standard A=10117:android.task.kugou U=0 visible=true mode=freeform translucent=false sz=3 visible freeform task=true rootAffinity=10117:android.task.kugou isMini=false}
06-14 17:40:23.925 1556 1696 D CompatibilityChangeReporter: Compat change id reported: 135634846; UID 10108; state: DISABLED
06-14 17:40:23.925 1556 1696 D CompatibilityChangeReporter: Compat change id reported: 177438394; UID 10108; state: DISABLED
06-14 17:40:23.925 1556 1696 D CompatibilityChangeReporter: Compat change id reported: 135772972; UID 10108; state: DISABLED
06-14 17:40:23.925 1556 1697 D CompatibilityChangeReporter: Compat change id reported: 143937733; UID 10108; state: DISABLED
06-14 17:40:23.931 1556 1697 I am_proc_start: [0,4878,10108,com.tencent.mm:push,service,{com.tencent.mm/com.tencent.mm.ipcinvoker.wx_extension.service.PushProcessIPCService}]
06-14 17:40:23.931 1556 1697 I ActivityManager: Start proc 4878:com.tencent.mm:push/u0a108 for service {com.tencent.mm/com.tencent.mm.ipcinvoker.wx_extension.service.PushProcessIPCService}
06-14 17:40:23.946 0 0 I [ 1765.205881] binder: 4878:4878 ioctl 40046210 7ff4300c84 returned -22
06-14 17:40:23.940 1556 6132 I am_proc_bound: [0,4878,com.tencent.mm:push]
06-14 17:40:24.016 1556 1847 I netstats_mobile_sample: [0,0,0,0,0,0,0,0,0,0,0,0,1686735624016]
06-14 17:40:24.016 1556 1847 I netstats_wifi_sample: [76802386,85913,14112037,60818,76802386,85913,14112037,60818,79608660,90966,13532144,59038,1686735624016]
06-14 17:40:24.016 1556 1847 D PowerManagerService: releaseWakeLockInternal: lock=56966882 [NetworkStats], flags=0x0
06-14 17:40:24.016 1556 1847 D PowerManagerNotifier: onWakeLockReleased: flags=1, tag="NetworkStats", packageName=android, ownerUid=1000, ownerPid=1556, workSource=null
06-14 17:40:24.018 1556 1847 D PowerManagerService: updateWakeLockSummaryLocked: mWakefulness=Awake, mWakeLockSummary=0x1
06-14 17:40:24.018 1556 1847 D PowerManagerService: updateUserActivitySummaryLocked: groupId=0, mWakefulness=Awake, mUserActivitySummary=0x1, nextTimeout=1823819 (in 58534 ms)
06-14 17:40:24.018 1556 1847 D PowerManagerNotifier: onScreenPolicyUpdate: newPolicy=3
06-14 17:40:24.018 1556 1847 D PowerManagerService: updateDisplayPowerStateLocked: displayReady=true, groupId=0, policy=BRIGHT, mWakefulness=Awake, mWakeLockSummary=0x1, mUserActivitySummary=0x1, mBootCompleted=true, screenBrightnessOverride=NaN, useAutoBrightness=true, mScreenBrightnessBoostInProgress=false, mIsVrModeEnabled= false, sQuiescent=false
06-14 17:40:24.029 0 0 I [ 1765.293393] binder: undelivered TRANSACTION_COMPLETE
06-14 17:40:24.029 0 0 I [ 1765.293399] binder: undelivered transaction 1056299, process died.
06-14 17:40:24.027 1556 18234 I WindowManager: WIN DEATH: Window{769b98f u0 com.tencent.mm/com.tencent.mm.ui.LauncherUI}
06-14 17:40:24.028 1556 2200 I WindowManager: WIN DEATH: Window{5edae4e u0 com.tencent.mm/com.tencent.mm.plugin.account.ui.WelcomeActivity}
06-14 17:40:24.036 1556 6132 I am_proc_died: [0,31111,com.tencent.mm,700,15]
06-14 17:40:24.042 1556 6132 I wm_task_removed: [1076,removeChild:removeChild last r=ActivityRecord{28c1d1a u0 com.tencent.mm/.ui.LauncherUI taskAffinity=10108:com.tencent.mm t-1 f}} in t=Task{ebef0e6 #1076 type=standard A=10108:com.tencent.mm U=0 visible=false mode=freeform translucent=true sz=0 visible freeform task=false rootAffinity=10108:com.tencent.mm isMini=false}]
06-14 17:40:24.042 1556 6132 I wm_task_removed: [1076,removeChild]
06-14 17:40:24.047 1556 1689 W ActivityManager: setHasOverlayUi called on unknown pid: 31111
06-14 17:40:24.047 1556 1695 W UsageStatsService: Unexpected activity event reported! (com.tencent.mm/com.tencent.mm.plugin.account.ui.WelcomeActivity event : 23 instanceId : 181304627)
06-14 17:40:24.048 1556 1689 D CompatibilityChangeReporter: Compat change id reported: 135634846; UID 10108; state: DISABLED
06-14 17:40:24.048 1556 1689 D CompatibilityChangeReporter: Compat change id reported: 177438394; UID 10108; state: DISABLED
06-14 17:40:24.048 1556 1689 D CompatibilityChangeReporter: Compat change id reported: 135772972; UID 10108; state: DISABLED
06-14 17:40:24.049 1556 1697 D CompatibilityChangeReporter: Compat change id reported: 143937733; UID 10108; state: DISABLED
06-14 17:40:24.050 1556 1695 W UsageStatsService: Unexpected activity event reported! (com.tencent.mm/com.tencent.mm.ui.LauncherUI event : 23 instanceId : 14575164)
06-14 17:40:24.056 1556 1697 I am_proc_start: [0,4911,10108,com.tencent.mm,NULL,]
06-14 17:40:24.056 1556 1697 I ActivityManager: Start proc 4911:com.tencent.mm/u0a108 for null
06-14 17:40:24.119 3707 3707 I wm_on_top_resumed_lost_called: [61854196,com.kugou.android.app.MediaActivity,topStateChangedWhenResumed]
06-14 17:40:24.129 0 0 I [ 1765.395334] binder: 4911:4911 ioctl 40046210 7ff4300c84 returned -22
06-14 17:40:24.136 1556 6487 I am_proc_bound: [0,4911,com.tencent.mm]
06-14 17:40:24.157 1556 2200 D CompatibilityChangeReporter: Compat change id reported: 128611929; UID 10095; state: DISABLED
06-14 17:40:24.175 1556 5836 D CompatibilityChangeReporter: Compat change id reported: 168419799; UID 10095; state: DISABLED
06-14 17:40:24.180 1556 1696 W BroadcastQueue: Permission Denial: broadcasting Intent { act=android.net.conn.CONNECTIVITY_CHANGE flg=0x4200010 (has extras) } from null (pid=-1, uid=-1) requires android.permission.INTERNET due to registered receiver BroadcastFilter{9ffce6e 10117/u0 ReceiverList{26111e9 3707 com.kugou.android/10117/u0 remote:7959a70}}
06-14 17:40:24.211 0 0 I [ 1765.474945] binder: 31181:32219 ioctl 40046210 ade8ed38 returned -22
06-14 17:40:24.364 3707 3707 I wm_on_paused_called: [61854196,com.kugou.android.app.MediaActivity,performPause]
06-14 17:40:24.365 1556 2200 I wm_failed_to_pause: [0,61854196,com.kugou.android/.app.MediaActivity,(none)]
06-14 17:40:24.442 1556 1556 D PowerManagerService: acquireWakeLockInternal: lock=11893875, flags=0x1, tag="*job*/com.baidu.searchbox/com.baidu.netdisk.service.NetdiskJobService", ws=WorkSource{10099}, uid=1000, pid=1556
06-14 17:40:24.442 1556 1556 D PowerManagerService: updateWakeLockSummaryLocked: mWakefulness=Awake, mWakeLockSummary=0x1
06-14 17:40:24.442 1556 1556 D PowerManagerService: updateUserActivitySummaryLocked: groupId=0, mWakefulness=Awake, mUserActivitySummary=0x1, nextTimeout=1823819 (in 58110 ms)
06-14 17:40:24.442 1556 1556 D PowerManagerNotifier: onScreenPolicyUpdate: newPolicy=3
06-14 17:40:24.442 1556 1556 D PowerManagerService: updateDisplayPowerStateLocked: displayReady=true, groupId=0, policy=BRIGHT, mWakefulness=Awake, mWakeLockSummary=0x1, mUserActivitySummary=0x1, mBootCompleted=true, screenBrightnessOverride=NaN, useAutoBrightness=true, mScreenBrightnessBoostInProgress=false, mIsVrModeEnabled= false, sQuiescent=false
06-14 17:40:24.442 1556 1556 D PowerManagerNotifier: onWakeLockAcquired: flags=1, tag="*job*/com.baidu.searchbox/com.baidu.netdisk.service.NetdiskJobService", packageName=android, ownerUid=1000, ownerPid=1556, workSource=WorkSource{10099}
06-14 17:40:24.448 1556 2200 D PowerManagerService: releaseWakeLockInternal: lock=11893875 [*job*/com.baidu.searchbox/com.baidu.netdisk.service.NetdiskJobService], flags=0x0
06-14 17:40:24.448 1556 2200 D PowerManagerNotifier: onWakeLockReleased: flags=1, tag="*job*/com.baidu.searchbox/com.baidu.netdisk.service.NetdiskJobService", packageName=android, ownerUid=1000, ownerPid=1556, workSource=WorkSource{10099}
06-14 17:40:24.448 1556 2200 D PowerManagerService: updateWakeLockSummaryLocked: mWakefulness=Awake, mWakeLockSummary=0x1
06-14 17:40:24.448 1556 2200 D PowerManagerService: updateUserActivitySummaryLocked: groupId=0, mWakefulness=Awake, mUserActivitySummary=0x1, nextTimeout=1823819 (in 58103 ms)
06-14 17:40:24.448 1556 2200 D PowerManagerNotifier: onScreenPolicyUpdate: newPolicy=3
06-14 17:40:24.449 1556 2200 D PowerManagerService: updateDisplayPowerStateLocked: displayReady=true, groupId=0, policy=BRIGHT, mWakefulness=Awake, mWakeLockSummary=0x1, mUserActivitySummary=0x1, mBootCompleted=true, screenBrightnessOverride=NaN, useAutoBrightness=true, mScreenBrightnessBoostInProgress=false, mIsVrModeEnabled= false, sQuiescent=false
06-14 17:40:24.463 1556 2043 D PowerManagerService: acquireWakeLockInternal: lock=81869802, flags=0x2000000a, tag="WindowManager", ws=WorkSource{10095}, uid=1000, pid=1556
06-14 17:40:24.464 1556 2043 D PowerManagerService: updateWakeLockSummaryLocked: mWakefulness=Awake, mWakeLockSummary=0x23
06-14 17:40:24.464 1556 2043 D PowerManagerService: updateUserActivitySummaryLocked: groupId=0, mWakefulness=Awake, mUserActivitySummary=0x1, nextTimeout=1823819 (in 58088 ms)
06-14 17:40:24.464 1556 2043 D PowerManagerNotifier: onScreenPolicyUpdate: newPolicy=3
06-14 17:40:24.464 1556 2043 D PowerManagerService: updateDisplayPowerStateLocked: displayReady=true, groupId=0, policy=BRIGHT, mWakefulness=Awake, mWakeLockSummary=0x23, mUserActivitySummary=0x1, mBootCompleted=true, screenBrightnessOverride=NaN, useAutoBrightness=true, mScreenBrightnessBoostInProgress=false, mIsVrModeEnabled= false, sQuiescent=false
06-14 17:40:24.464 1556 2043 D PowerManagerNotifier: onWakeLockAcquired: flags=536870922, tag="WindowManager", packageName=android, ownerUid=1000, ownerPid=1556, workSource=WorkSource{10095}
06-14 17:40:24.494 1556 5836 E ClipboardService: Denying clipboard access to com.baidu.searchbox, application is not in focus nor is it a system service for user 0
06-14 17:40:24.618 1556 1817 I commit_sys_config_file: [settings-2-0,10]
06-14 17:40:24.695 1556 2320 D PowerManagerService: acquireWakeLockInternal: lock=77746103, flags=0x1, tag="AudioMix", ws=null, uid=1041, pid=0
06-14 17:40:24.696 1556 2320 D PowerManagerService: updateWakeLockSummaryLocked: mWakefulness=Awake, mWakeLockSummary=0x23
06-14 17:40:24.696 1556 2320 D PowerManagerService: updateUserActivitySummaryLocked: groupId=0, mWakefulness=Awake, mUserActivitySummary=0x1, nextTimeout=1823819 (in 57856 ms)
06-14 17:40:24.696 1556 2320 D PowerManagerNotifier: onScreenPolicyUpdate: newPolicy=3
06-14 17:40:24.696 1556 2320 D PowerManagerService: updateDisplayPowerStateLocked: displayReady=true, groupId=0, policy=BRIGHT, mWakefulness=Awake, mWakeLockSummary=0x23, mUserActivitySummary=0x1, mBootCompleted=true, screenBrightnessOverride=NaN, useAutoBrightness=true, mScreenBrightnessBoostInProgress=false, mIsVrModeEnabled= false, sQuiescent=false
06-14 17:40:24.696 1556 2320 D PowerManagerNotifier: onWakeLockAcquired: flags=1, tag="AudioMix", packageName=audioserver, ownerUid=1041, ownerPid=0, workSource=null
06-14 17:40:24.696 1556 2320 D PowerManagerService: updateWakeLockWorkSourceInternal: lock=77746103 [AudioMix], ws=null
06-14 17:40:24.696 1556 2320 D PowerManagerService: acquireWakeLockInternal: lock=200270628, flags=0x1, tag="AudioMix", ws=null, uid=1041, pid=0
06-14 17:40:24.696 1556 2320 D PowerManagerService: updateWakeLockSummaryLocked: mWakefulness=Awake, mWakeLockSummary=0x23
06-14 17:40:24.696 1556 2320 D PowerManagerService: updateUserActivitySummaryLocked: groupId=0, mWakefulness=Awake, mUserActivitySummary=0x1, nextTimeout=1823819 (in 57856 ms)
06-14 17:40:24.696 1556 2320 D PowerManagerNotifier: onScreenPolicyUpdate: newPolicy=3
06-14 17:40:24.696 1556 2320 D PowerManagerService: updateDisplayPowerStateLocked: displayReady=true, groupId=0, policy=BRIGHT, mWakefulness=Awake, mWakeLockSummary=0x23, mUserActivitySummary=0x1, mBootCompleted=true, screenBrightnessOverride=NaN, useAutoBrightness=true, mScreenBrightnessBoostInProgress=false, mIsVrModeEnabled= false, sQuiescent=false
06-14 17:40:24.696 1556 2320 D PowerManagerNotifier: onWakeLockAcquired: flags=1, tag="AudioMix", packageName=audioserver, ownerUid=1041, ownerPid=0, workSource=null
06-14 17:40:24.697 1556 2320 D PowerManagerService: updateWakeLockWorkSourceInternal: lock=200270628 [AudioMix], ws=null
06-14 17:40:24.697 1556 2320 D PowerManagerService: acquireWakeLockInternal: lock=238083725, flags=0x1, tag="AudioMix", ws=null, uid=1041, pid=0
06-14 17:40:24.697 1556 2320 D PowerManagerService: updateWakeLockSummaryLocked: mWakefulness=Awake, mWakeLockSummary=0x23
06-14 17:40:24.697 1556 2320 D PowerManagerService: updateUserActivitySummaryLocked: groupId=0, mWakefulness=Awake, mUserActivitySummary=0x1, nextTimeout=1823819 (in 57854 ms)
06-14 17:40:24.697 1556 2320 D PowerManagerNotifier: onScreenPolicyUpdate: newPolicy=3
06-14 17:40:24.697 1556 2320 D PowerManagerService: updateDisplayPowerStateLocked: displayReady=true, groupId=0, policy=BRIGHT, mWakefulness=Awake, mWakeLockSummary=0x23, mUserActivitySummary=0x1, mBootCompleted=true, screenBrightnessOverride=NaN, useAutoBrightness=true, mScreenBrightnessBoostInProgress=false, mIsVrModeEnabled= false, sQuiescent=false
06-14 17:40:24.697 1556 2320 D PowerManagerNotifier: onWakeLockAcquired: flags=1, tag="AudioMix", packageName=audioserver, ownerUid=1041, ownerPid=0, workSource=null
06-14 17:40:24.698 1556 2320 D PowerManagerService: updateWakeLockWorkSourceInternal: lock=238083725 [AudioMix], ws=null
06-14 17:40:24.698 1556 2320 D PowerManagerService: acquireWakeLockInternal: lock=212592706, flags=0x1, tag="AudioMix", ws=null, uid=1041, pid=0
06-14 17:40:24.698 1556 2320 D PowerManagerService: updateWakeLockSummaryLocked: mWakefulness=Awake, mWakeLockSummary=0x23
06-14 17:40:24.698 1556 2320 D PowerManagerService: updateUserActivitySummaryLocked: groupId=0, mWakefulness=Awake, mUserActivitySummary=0x1, nextTimeout=1823819 (in 57854 ms)
06-14 17:40:24.698 1556 2320 D PowerManagerNotifier: onScreenPolicyUpdate: newPolicy=3
06-14 17:40:24.698 1556 2320 D PowerManagerService: updateDisplayPowerStateLocked: displayReady=true, groupId=0, policy=BRIGHT, mWakefulness=Awake, mWakeLockSummary=0x23, mUserActivitySummary=0x1, mBootCompleted=true, screenBrightnessOverride=NaN, useAutoBrightness=true, mScreenBrightnessBoostInProgress=false, mIsVrModeEnabled= false, sQuiescent=false
06-14 17:40:24.698 1556 2320 D PowerManagerNotifier: onWakeLockAcquired: flags=1, tag="AudioMix", packageName=audioserver, ownerUid=1041, ownerPid=0, workSource=null
06-14 17:40:24.698 1556 2320 D PowerManagerService: updateWakeLockWorkSourceInternal: lock=212592706 [AudioMix], ws=null
06-14 17:40:24.706 1556 15732 D CompatibilityChangeReporter: Compat change id reported: 157233955; UID 10117; state: DISABLED
06-14 17:40:24.856 1556 2047 W ActivityManager: Receiver with filter android.content.IntentFilter@889719f already registered for pid 4086, callerPackage is com.kugou.android
06-14 17:40:24.883 1556 1556 I notification_enqueue: [10117,4086,com.kugou.android,99,NULL,0,Notification(channel=kg_play shortcut=null contentView=null vibrate=null sound=null defaults=0x0 flags=0x42 color=0x00000000 vis=PRIVATE),1]
06-14 17:40:24.890 1556 1556 I notification_enqueue: [10117,4086,com.kugou.android,99,NULL,0,Notification(channel=kg_play shortcut=null contentView=null vibrate=null sound=null defaults=0x0 flags=0x42 color=0x00000000 vis=PRIVATE),1]
06-14 17:40:25.033 4086 4086 I auditd : type=1400 audit(0.0:5362): avc: granted { nlmsg_readpriv } for comm="pool-3-thread-9" scontext=u:r:untrusted_app_27:s0:c117,c256,c512,c768 tcontext=u:r:untrusted_app_27:s0:c117,c256,c512,c768 tclass=netlink_route_socket app=com.kugou.android
06-14 17:40:25.084 1556 1556 I GameModeConfig: isGameModeOn = false
06-14 17:40:25.091 1556 1556 I GameModeConfig: isGameModeOn = false
06-14 17:40:25.099 3707 3707 I wm_on_create_called: [86702494,com.kugou.common.useraccount.app.KgUserLoginAndRegActivity,performCreate]
06-14 17:40:25.106 3707 3707 E AndroidRuntime: FATAL EXCEPTION: main
06-14 17:40:25.106 3707 3707 E AndroidRuntime: Process: com.kugou.android, PID: 3707
06-14 17:40:25.106 3707 3707 E AndroidRuntime: android.view.InflateException: Binary XML file line #29 in android:layout/transient_notification: Binary XML file line #29 in android:layout/transient_notification: Error inflating class
06-14 17:40:25.106 3707 3707 E AndroidRuntime: Caused by: android.view.InflateException: Binary XML file line #29 in android:layout/transient_notification: Error inflating class
06-14 17:40:25.106 3707 3707 E AndroidRuntime: Caused by: java.lang.reflect.InvocationTargetException
06-14 17:40:25.106 3707 3707 E AndroidRuntime: at java.lang.reflect.Constructor.newInstance0(Native Method)
06-14 17:40:25.106 3707 3707 E AndroidRuntime: at java.lang.reflect.Constructor.newInstance(Constructor.java:343)
06-14 17:40:25.106 3707 3707 E AndroidRuntime: at android.view.LayoutInflater.createView(LayoutInflater.java:858)
06-14 17:40:25.106 3707 3707 E AndroidRuntime: at android.view.LayoutInflater.createView(LayoutInflater.java:780)
06-14 17:40:25.106 3707 3707 E AndroidRuntime: at com.android.internal.policy.PhoneLayoutInflater.onCreateView(PhoneLayoutInflater.java:58)
06-14 17:40:25.106 3707 3707 E AndroidRuntime: at android.view.LayoutInflater.onCreateView(LayoutInflater.java:934)
06-14 17:40:25.106 3707 3707 E AndroidRuntime: at android.view.LayoutInflater.onCreateView(LayoutInflater.java:954)
06-14 17:40:25.106 3707 3707 E AndroidRuntime: at android.view.LayoutInflater.createViewFromTag(LayoutInflater.java:1008)
06-14 17:40:25.106 3707 3707 E AndroidRuntime: at android.view.LayoutInflater.createViewFromTag(LayoutInflater.java:965)
06-14 17:40:25.106 3707 3707 E AndroidRuntime: at android.view.LayoutInflater.rInflate(LayoutInflater.java:1127)
06-14 17:40:25.106 3707 3707 E AndroidRuntime: at android.view.LayoutInflater.rInflateChildren(LayoutInflater.java:1088)
06-14 17:40:25.106 3707 3707 E AndroidRuntime: at android.view.LayoutInflater.inflate(LayoutInflater.java:686)
06-14 17:40:25.106 3707 3707 E AndroidRuntime: at android.view.LayoutInflater.inflate(LayoutInflater.java:538)
06-14 17:40:25.106 3707 3707 E AndroidRuntime: at android.view.LayoutInflater.inflate(LayoutInflater.java:485)
06-14 17:40:25.106 3707 3707 E AndroidRuntime: at android.widget.ToastPresenter.getTextToastView(ToastPresenter.java:63)
06-14 17:40:25.106 3707 3707 E AndroidRuntime: at android.widget.Toast.makeText(Toast.java:501)
06-14 17:40:25.106 3707 3707 E AndroidRuntime: at android.widget.Toast.makeText(Toast.java:483)
06-14 17:40:25.106 3707 3707 E AndroidRuntime: at com.kugou.common.utils.e.c.a(SourceFile:56)
06-14 17:40:25.106 3707 3707 E AndroidRuntime: at com.kugou.common.module.deletate.ModuleAbsBaseFragment.initDefaultToastGravity_onCreate(SourceFile:447)
06-14 17:40:25.106 3707 3707 E AndroidRuntime: at com.kugou.common.module.deletate.ModuleAbsBaseFragment.onAttach(SourceFile:55)
06-14 17:40:25.106 3707 3707 E AndroidRuntime: at com.kugou.common.module.deletate.ModuleDelegateFragment.onAttach(SourceFile:302)
06-14 17:40:25.106 3707 3707 E AndroidRuntime: at com.kugou.common.useraccount.app.RegBaseFragment.onAttach(SourceFile:108)
06-14 17:40:25.106 3707 3707 E AndroidRuntime: at com.kugou.common.useraccount.app.CommonBaseAccountFragment.onAttach(SourceFile:29)
06-14 17:40:25.106 3707 3707 E AndroidRuntime: at com.kugou.common.useraccount.app.UserLoginAndRegFragment.onAttach(SourceFile:123)
06-14 17:40:25.106 3707 3707 E AndroidRuntime: at androidx.fragment.app.Fragment.onAttach(SourceFile:1783)
06-14 17:40:25.106 3707 3707 E AndroidRuntime: at androidx.fragment.app.Fragment.performAttach(SourceFile:2922)
06-14 17:40:25.106 3707 3707 E AndroidRuntime: at androidx.fragment.app.FragmentStateManager.attach(SourceFile:464)
06-14 17:40:25.106 3707 3707 E AndroidRuntime: at androidx.fragment.app.FragmentStateManager.moveToExpectedState(SourceFile:275)
06-14 17:40:25.106 3707 3707 E AndroidRuntime: at androidx.fragment.app.FragmentManager.executeOpsTogether(SourceFile:2189)
06-14 17:40:25.106 3707 3707 E AndroidRuntime: at androidx.fragment.app.FragmentManager.removeRedundantOperationsAndExecute(SourceFile:2100)
06-14 17:40:25.106 3707 3707 E AndroidRuntime: at androidx.fragment.app.FragmentManager.execPendingActions(SourceFile:2002)
06-14 17:40:25.106 3707 3707 E AndroidRuntime: at androidx.fragment.app.FragmentManager.dispatchStateChange(SourceFile:3150)
06-14 17:40:25.106 3707 3707 E AndroidRuntime: at androidx.fragment.app.FragmentManager.dispatchActivityCreated(SourceFile:3078)
06-14 17:40:25.106 3707 3707 E AndroidRuntime: at androidx.fragment.app.FragmentController.dispatchActivityCreated(SourceFile:251)
06-14 17:40:25.106 3707 3707 E AndroidRuntime: at androidx.fragment.app.FragmentActivity.onStart(SourceFile:501)
06-14 17:40:25.106 3707 3707 E AndroidRuntime: at com.kugou.common.base.StateFragmentActivity.onStart(SourceFile:231)
06-14 17:40:25.106 3707 3707 E AndroidRuntime: at android.app.Instrumentation.callActivityOnStart(Instrumentation.java:1456)
06-14 17:40:25.106 3707 3707 E AndroidRuntime: at android.app.Activity.performStart(Activity.java:8119)
06-14 17:40:25.106 3707 3707 E AndroidRuntime: at android.app.ActivityThread.handleStartActivity(ActivityThread.java:3661)
06-14 17:40:25.106 3707 3707 E AndroidRuntime: at android.app.servertransaction.TransactionExecutor.performLifecycleSequence(TransactionExecutor.java:221)
06-14 17:40:25.106 3707 3707 E AndroidRuntime: at android.app.servertransaction.TransactionExecutor.cycleToPath(TransactionExecutor.java:201)
06-14 17:40:25.106 3707 3707 E AndroidRuntime: at android.app.servertransaction.TransactionExecutor.executeLifecycleState(TransactionExecutor.java:173)
06-14 17:40:25.106 3707 3707 E AndroidRuntime: at android.app.servertransaction.TransactionExecutor.execute(TransactionExecutor.java:97)
06-14 17:40:25.106 3707 3707 E AndroidRuntime: at android.app.ActivityThread$H.handleMessage(ActivityThread.java:2211)
06-14 17:40:25.106 3707 3707 E AndroidRuntime: at android.os.Handler.dispatchMessage(Handler.java:106)
06-14 17:40:25.106 3707 3707 E AndroidRuntime: at android.os.Looper.loopOnce(Looper.java:201)
06-14 17:40:25.106 3707 3707 E AndroidRuntime: at android.os.Looper.loop(Looper.java:288)
06-14 17:40:25.106 3707 3707 E AndroidRuntime: at android.app.ActivityThread.main(ActivityThread.java:7880)
06-14 17:40:25.106 3707 3707 E AndroidRuntime: at java.lang.reflect.Method.invoke(Native Method)
06-14 17:40:25.106 3707 3707 E AndroidRuntime: at com.android.internal.os.RuntimeInit$MethodAndArgsCaller.run(RuntimeInit.java:548)
06-14 17:40:25.106 3707 3707 E AndroidRuntime: at com.android.internal.os.ZygoteInit.main(ZygoteInit.java:1009)
06-14 17:40:25.106 3707 3707 E AndroidRuntime: Caused by: java.lang.UnsupportedOperationException: Can't convert value at index 15 to dimension: type=0x1
06-14 17:40:25.106 3707 3707 E AndroidRuntime: at android.content.res.TypedArray.getDimensionPixelSize(TypedArray.java:788)
06-14 17:40:25.106 3707 3707 E AndroidRuntime: at android.view.View.(View.java:5540)
06-14 17:40:25.106 3707 3707 E AndroidRuntime: at android.widget.TextView.(TextView.java:1032)
06-14 17:40:25.106 3707 3707 E AndroidRuntime: at android.widget.TextView.(TextView.java:1026)
06-14 17:40:25.106 3707 3707 E AndroidRuntime: at android.widget.TextView.(TextView.java:1022)
06-14 17:40:25.106 3707 3707 E AndroidRuntime: ... 51 more
06-14 17:40:25.154 1556 1873 I ActivityManager: Process com.kugou.android.support (pid 4086) has died: fg BTOP
06-14 17:40:25.154 1556 1873 I am_proc_died: [0,4086,com.kugou.android.support,0,3]
06-14 17:40:25.155 1556 1873 E AppOps : Operation not started: uid=10117 pkg=com.kugou.android(null) op=START_FOREGROUND
06-14 17:40:25.165 0 0 I [ 1766.430686] logd: logdr: UID=10117 GID=10117 PID=5173 n tail=200 logMask=1 pid=3707 start=0ns deadline=0ns
06-14 17:40:25.233 1556 1695 I am_pss : [28258,10092,com.tencent.ilink.ServiceProcess,80039936,72667136,108544,159059968,0,5,9]
06-14 17:40:25.296 0 0 I [ 1766.549412] logd: logdr: UID=10117 GID=10117 PID=5184 n tail=50 logMask=8 pid=3707 start=0ns deadline=0ns
06-14 17:40:25.367 3707 3964 D SubscriptionManager: [getSubId]- fail
06-14 17:40:25.367 3707 3964 D SubscriptionManager: [getSubId]- fail
06-14 17:40:25.424 1556 1589 I am_wtf : [0,4911,com.tencent.mm,949501508,FirebaseApp,Remote stack trace:
06-14 17:40:25.424 1556 1589 I am_wtf : at com.android.server.content.ContentService.registerContentObserver(ContentService.java:357)
06-14 17:40:25.424 1556 1589 I am_wtf : at android.content.IContentService$Stub.onTransact(IContentService.java:484)
06-14 17:40:25.424 1556 1589 I am_wtf : at android.os.Binder.execTransactInternal(Binder.java:1179)
06-14 17:40:25.424 1556 1589 I am_wtf : at android.os.Binder.execTransact(Binder.java:1143)
06-14 17:40:25.424 1556 1589 I am_wtf : ]
06-14 17:40:25.425 1556 5195 I DropBoxManagerService: add tag=data_app_wtf isTagEnabled=true flags=0x2
06-14 17:40:25.516 0 0 I [ 1766.776199] logd: logdr: UID=10117 GID=10117 PID=5200 n tail=50 logMask=4 pid=3707 start=0ns deadline=0ns
06-14 17:40:25.610 3707 3707 W Looper : Loop again would have the queued messages be executed before this one completed.
06-14 17:40:25.613 1556 2360 I thunderperf: PlatormCompat.setOverrides: Uid1=10117 Pid1=3707 Uid2=10117 Pid2=3707
06-14 17:40:25.613 1556 2360 I thunderperf: PlatormCompat.setOverrides: needCheck:false
06-14 17:40:25.613 1556 2360 W PackageManager: MATCH_ANY_USER flag requires INTERACT_ACROSS_USERS permission: UID 10117 requires android.permission.INTERACT_ACROSS_USERS_FULL or android.permission.INTERACT_ACROSS_USERS to access user 0.
06-14 17:40:25.613 1556 2360 I ActivityTaskManager: START u0 {flg=0x10000000 cmp=com.kugou.android/com.kugou.crash.snow.JonSnow$HintActivity (has extras)} from uid 10117
06-14 17:40:25.615 1556 2360 D ActivityTaskManager: TaskLaunchParamsModifier:task=null activity=ActivityRecord{3565395 u0 com.kugou.android/com.kugou.crash.snow.JonSnow$HintActivity taskAffinity=10117:android.task.kugou display-id=0 display-windowing-mode=1 suggested-display-area=DefaultTaskDisplayArea@142405141
06-14 17:40:25.616 1556 2360 D ActivityTaskManager: TaskLaunchParamsModifier:task=Task{d421d29 #1092 type=standard A=10117:android.task.kugou U=0 visible=true mode=freeform translucent=false sz=3 visible freeform task=true rootAffinity=10117:android.task.kugou isMini=false} activity=ActivityRecord{3565395 u0 com.kugou.android/com.kugou.crash.snow.JonSnow$HintActivity taskAffinity=10117:android.task.kugou t-1} display-from-task=0 display-id=0 display-windowing-mode=1 suggested-display-area=DefaultTaskDisplayArea@142405141 non-freeform-display display-area=DefaultTaskDisplayArea@142405141
06-14 17:40:25.618 1556 2360 I wm_task_moved: [1092,1,8]
06-14 17:40:25.618 1556 2360 I wm_set_resumed_activity: [0,com.kugou.android/com.kugou.common.useraccount.app.KgUserLoginAndRegActivity,positionChildAt]
06-14 17:40:25.618 1556 2360 I wm_create_activity: [0,55989141,1092,com.kugou.android/com.kugou.crash.snow.JonSnow$HintActivity,NULL,NULL,NULL,268435456]
06-14 17:40:25.619 1556 2360 I wm_pause_activity: [0,86702494,com.kugou.android/com.kugou.common.useraccount.app.KgUserLoginAndRegActivity,userLeaving=true,resumeTopActivityInnerLocked]
06-14 17:40:25.619 1556 2360 D PowerManagerService: acquireWakeLockInternal: lock=110154549, flags=0x1, tag="*launch*", ws=WorkSource{10117}, uid=1000, pid=1556
06-14 17:40:25.619 1556 2360 D PowerManagerService: updateWakeLockSummaryLocked: mWakefulness=Awake, mWakeLockSummary=0x23
06-14 17:40:25.619 1556 2360 D PowerManagerService: updateUserActivitySummaryLocked: groupId=0, mWakefulness=Awake, mUserActivitySummary=0x1, nextTimeout=1823819 (in 56933 ms)
06-14 17:40:25.619 1556 2360 D PowerManagerNotifier: onScreenPolicyUpdate: newPolicy=3
06-14 17:40:25.619 1556 2360 D PowerManagerService: updateDisplayPowerStateLocked: displayReady=true, groupId=0, policy=BRIGHT, mWakefulness=Awake, mWakeLockSummary=0x23, mUserActivitySummary=0x1, mBootCompleted=true, screenBrightnessOverride=NaN, useAutoBrightness=true, mScreenBrightnessBoostInProgress=false, mIsVrModeEnabled= false, sQuiescent=false
06-14 17:40:25.629 3707 4096 I liblog : 13
06-14 17:40:25.629 3707 4096 I liblog : 2
06-14 17:40:25.640 3707 3707 I liblog : 14
06-14 17:40:25.641 31181 32032 I liblog : 55
06-14 17:40:25.641 31181 32032 I liblog : 1
06-14 17:40:25.641 31181 32032 I liblog : 5
06-14 17:40:25.641 31181 32032 I liblog : 1
06-14 17:40:25.641 31181 32032 I liblog : 1
06-14 17:40:25.642 31181 32032 I liblog : 6
06-14 17:40:25.642 31181 32032 I liblog : 1
06-14 17:40:25.685 1556 1589 D CompatibilityChangeReporter: Compat change id reported: 135634846; UID 10117; state: DISABLED
06-14 17:40:25.685 1556 1589 D CompatibilityChangeReporter: Compat change id reported: 177438394; UID 10117; state: DISABLED
06-14 17:40:25.685 1556 1589 D CompatibilityChangeReporter: Compat change id reported: 135772972; UID 10117; state: DISABLED
06-14 17:40:25.685 1556 1589 D CompatibilityChangeReporter: Compat change id reported: 135754954; UID 10117; state: DISABLED
06-14 17:40:25.685 1556 1697 D CompatibilityChangeReporter: Compat change id reported: 143937733; UID 10117; state: DISABLED
06-14 17:40:25.706 1556 1697 I am_proc_start: [0,5236,10117,com.kugou.crash,content provider,{com.kugou.android/com.kugou.crash.CrashProvider}]
06-14 17:40:25.706 1556 1697 I ActivityManager: Start proc 5236:com.kugou.crash/u0a117 for content provider {com.kugou.android/com.kugou.crash.CrashProvider}
06-14 17:40:25.697 4878 4878 I auditd : type=1400 audit(0.0:5363): avc: denied { read } for comm="tencent.mm:push" name="anr" dev="dm-10" ino=22 scontext=u:r:untrusted_app_29:s0:c108,c256,c512,c768 tcontext=u:object_r:anr_data_file:s0 tclass=dir permissive=0 app=com.tencent.mm
06-14 17:40:25.720 0 0 I [ 1766.986869] binder: 5236:5236 ioctl 40046210 7ff4300c84 returned -22
06-14 17:40:25.725 1556 1590 I am_proc_bound: [0,5236,com.kugou.crash]
06-14 17:40:25.729 1556 1590 I ActivityTaskManager: clear resize flag in freeform mode
06-14 17:40:25.729 1556 1590 I ActivityTaskManager: The Process com.kugou.android Already Exists in BG. So sending its PID: 3707
06-14 17:40:25.768 3707 5258 I liblog : 179
06-14 17:40:25.772 3707 5263 I service_manager_stats: [200,210,1767040]
06-14 17:40:25.876 0 0 E [ 1767.136107] link_delay_work_func: DTC_ETH: SQI=0, link=0
06-14 17:40:25.834 3707 3707 I liblog : 159
06-14 17:40:25.890 3707 3707 W Looper : Loop again would have the queued messages be executed before this one completed.
06-14 17:40:25.962 1556 1556 D PowerManagerService: acquireWakeLockInternal: lock=190403935, flags=0x1, tag="*job*/com.ss.android.ugc.aweme/.tools.policysecurity.OriginalSoundUploadService", ws=WorkSource{10095}, uid=1000, pid=1556
06-14 17:40:25.962 1556 1556 D PowerManagerService: updateWakeLockSummaryLocked: mWakefulness=Awake, mWakeLockSummary=0x23
06-14 17:40:25.962 1556 1556 D PowerManagerService: updateUserActivitySummaryLocked: groupId=0, mWakefulness=Awake, mUserActivitySummary=0x1, nextTimeout=1823819 (in 56589 ms)
06-14 17:40:25.962 1556 1556 D PowerManagerNotifier: onScreenPolicyUpdate: newPolicy=3
06-14 17:40:25.962 1556 1556 D PowerManagerService: updateDisplayPowerStateLocked: displayReady=true, groupId=0, policy=BRIGHT, mWakefulness=Awake, mWakeLockSummary=0x23, mUserActivitySummary=0x1, mBootCompleted=true, screenBrightnessOverride=NaN, useAutoBrightness=true, mScreenBrightnessBoostInProgress=false, mIsVrModeEnabled= false, sQuiescent=false
