06-14 17:39:29.361 18952 18952 I wm_on_top_resumed_gained_called: [106812043,com.android.launcher3.uioverrides.QuickstepLauncher,topStateChangedWhenResumed]
06-14 17:39:29.373 1556 1556 I service_manager_stats: [100,66,5921]
06-14 17:39:29.400 1556 2047 I wm_task_moved: [1069,1,8]
06-14 17:39:29.400 1556 2047 I wm_task_to_front: [0,1069]
06-14 17:39:29.401 1556 2047 I wm_set_resumed_activity: [0,com.kugou.android/.app.splash.SplashActivity,positionChildAt]
06-14 17:39:29.401 1556 2047 I wm_focused_root_task: [0,0,1069,937,bringingFoundTaskToFront]
06-14 17:39:29.401 1556 2047 I wm_set_resumed_activity: [0,com.kugou.android/.app.splash.SplashActivity,bringingFoundTaskToFront]
06-14 17:39:29.401 1556 2047 I wm_new_intent: [0,46665341,1069,com.kugou.android/.app.splash.SplashActivity,android.intent.action.MAIN,NULL,NULL,270532608]
06-14 17:39:29.401 1556 2047 I wm_task_moved: [1069,1,8]
06-14 17:39:29.401 1556 2047 I wm_set_resumed_activity: [0,com.kugou.android/.app.splash.SplashActivity,positionChildAt]
06-14 17:39:29.405 18952 18952 I wm_on_top_resumed_lost_called: [106812043,com.android.launcher3.uioverrides.QuickstepLauncher,topStateChangedWhenResumed]
06-14 17:39:29.410 1556 1690 I input_focus: [Focus request 613438a com.kugou.android/com.kugou.android.app.splash.SplashActivity,reason=UpdateInputWindows]
06-14 17:39:29.431 1556 1828 I input_focus: [Focus leaving fc034d7 com.android.launcher3/com.android.launcher3.uioverrides.QuickstepLauncher (server),reason=Waiting for window because NOT_VISIBLE]
06-14 17:39:29.440 0 0 I [ 1710.706427] binder: 24095:24214 ioctl 40046210 73dbcda1f4 returned -22
06-14 17:39:29.480 1556 1828 I input_focus: [Focus entering 613438a com.kugou.android/com.kugou.android.app.splash.SplashActivity (server),reason=Window became focusable. Previous reason: NOT_VISIBLE]
06-14 17:39:29.486 1556 1556 I notification_enqueue: [10117,24095,com.kugou.android,99,NULL,0,Notification(channel=kg_normal shortcut=null contentView=null vibrate=null sound=null defaults=0x0 flags=0x40 color=0x00000000 vis=PRIVATE),0]
06-14 17:39:29.489 1556 1686 I sysui_multi_action: [319,1457,322,1450,325,1709,757,761,758,7,759,2,806,com.kugou.android,871,com.kugou.android.app.splash.SplashActivity,904,com.android.launcher3,905,0,1320,4,1321,4]
06-14 17:39:29.489 1556 1686 I wm_activity_launch_time: [0,46665341,com.kugou.android/.app.splash.SplashActivity,1450]
06-14 17:39:29.549 0 0 E [ 1710.816115] link_delay_work_func: DTC_ETH: SQI=0, link=0
06-14 17:39:29.549 24095 24095 I auditd : type=1400 audit(0.0:4151): avc: granted { execute } for comm="AMS-loadSubDexA" path="/data/user/0/com.kugou.android/app_e_qq_com_plugin_new_69cdb90e184b6179c4f50a78f8e8a42e/libhippy.so" dev="dm-10" ino=75846 scontext=u:r:untrusted_app_27:s0:c117,c256,c512,c768 tcontext=u:object_r:app_data_file:s0:c117,c256,c512,c768 tclass=file app=com.kugou.android
06-14 17:39:29.585 24095 24095 I auditd : type=1400 audit(0.0:4152): avc: granted { execute } for comm="AMS-loadSubDexA" path="/data/user/0/com.kugou.android/app_e_qq_com_plugin_new_69cdb90e184b6179c4f50a78f8e8a42e/libflexbox.so" dev="dm-10" ino=75660 scontext=u:r:untrusted_app_27:s0:c117,c256,c512,c768 tcontext=u:object_r:app_data_file:s0:c117,c256,c512,c768 tclass=file app=com.kugou.android
06-14 17:39:29.687 1556 1556 I sysui_multi_action: [757,1501,758,1,793,206,794,0,795,206,796,99,806,com.kugou.android,857,kg_normal,858,2,947,0,1500,0,1688,1]
06-14 17:39:29.687 1556 1556 I sysui_multi_action: [757,804,799,note_interruptive,801,0,802,1]
06-14 17:39:29.755 1556 1689 I wm_stop_activity: [0,91558761,com.tencent.android.qqdownloader/com.tencent.assistantv2.activity.MainActivity]
06-14 17:39:29.780 19422 19422 I wm_on_paused_called: [91558761,com.tencent.assistantv2.activity.MainActivity,performPause]
06-14 17:39:29.799 19422 19422 I wm_on_stop_called: [91558761,com.tencent.assistantv2.activity.MainActivity,STOP_ACTIVITY_ITEM]
06-14 17:39:29.987 24095 24095 I wm_on_paused_called: [46665341,com.kugou.android.app.splash.SplashActivity,performPause]
06-14 17:39:30.003 24095 24095 I wm_on_resume_called: [46665341,com.kugou.android.app.splash.SplashActivity,LIFECYCLER_RESUME_ACTIVITY]
06-14 17:39:30.017 24095 24095 I wm_on_top_resumed_gained_called: [46665341,com.kugou.android.app.splash.SplashActivity,topStateChangedWhenResumed]
06-14 17:39:30.498 1556 1817 I commit_sys_config_file: [settings-2-0,5]
06-14 17:39:30.604 1556 1556 I notification_enqueue: [10117,23955,com.kugou.android,99,NULL,0,Notification(channel=kg_play shortcut=null contentView=null vibrate=null sound=null defaults=0x0 flags=0x42 color=0x00000000 vis=PRIVATE),1]
06-14 17:39:30.642 1556 1556 I notification_enqueue: [10117,23955,com.kugou.android,99,NULL,0,Notification(channel=kg_play shortcut=null contentView=null vibrate=null sound=null defaults=0x0 flags=0x42 color=0x00000000 vis=PRIVATE),1]
06-14 17:39:30.649 23955 23955 I auditd : type=1400 audit(0.0:4153): avc: granted { nlmsg_readpriv } for comm="pool-3-thread-9" scontext=u:r:untrusted_app_27:s0:c117,c256,c512,c768 tcontext=u:r:untrusted_app_27:s0:c117,c256,c512,c768 tclass=netlink_route_socket app=com.kugou.android
06-14 17:39:30.882 1556 18734 I wm_task_moved: [1054,1,8]
06-14 17:39:30.883 1556 18734 I wm_task_to_front: [0,1054]
06-14 17:39:30.883 1556 18734 I wm_focused_root_task: [0,0,1054,1069,bringingFoundTaskToFront]
06-14 17:39:30.884 1556 18734 I wm_set_resumed_activity: [0,com.tencent.mm/.plugin.account.ui.WelcomeActivity,bringingFoundTaskToFront]
06-14 17:39:30.890 1556 18734 I wm_set_resumed_activity: [0,com.tencent.mm/.plugin.account.ui.WelcomeActivity,resumeTopActivityInnerLocked]
06-14 17:39:30.890 1556 18734 I wm_add_to_stopping: [0,264656644,com.tencent.mm/.plugin.account.ui.WelcomeActivity,makeInvisible]
06-14 17:39:30.892 1556 18734 I wm_resume_activity: [0,264656644,1054,com.tencent.mm/.plugin.account.ui.WelcomeActivity]
06-14 17:39:30.892 1556 18734 I wm_add_to_stopping: [0,46665341,com.kugou.android/.app.splash.SplashActivity,makeInvisible]
06-14 17:39:30.905 22298 22298 I wm_on_restart_called: [264656644,com.tencent.mm.plugin.account.ui.WelcomeActivity,performRestartActivity]
06-14 17:39:30.913 1556 1828 I input_focus: [Focus leaving 613438a com.kugou.android/com.kugou.android.app.splash.SplashActivity (server),reason=NO_WINDOW]
06-14 17:39:30.918 22298 22298 I wm_on_start_called: [264656644,com.tencent.mm.plugin.account.ui.WelcomeActivity,handleStartActivity]
06-14 17:39:30.937 22298 22298 I wm_on_resume_called: [264656644,com.tencent.mm.plugin.account.ui.WelcomeActivity,RESUME_ACTIVITY]
06-14 17:39:30.939 24095 24095 I wm_on_top_resumed_lost_called: [46665341,com.kugou.android.app.splash.SplashActivity,topStateChangedWhenResumed]
06-14 17:39:30.947 1556 1690 I input_focus: [Focus request 488e859 com.tencent.mm/com.tencent.mm.plugin.account.ui.WelcomeActivity,reason=UpdateInputWindows]
06-14 17:39:30.987 22298 22298 I wm_on_top_resumed_gained_called: [264656644,com.tencent.mm.plugin.account.ui.WelcomeActivity,topStateChangedWhenResumed]
06-14 17:39:30.997 1556 1828 I input_focus: [Focus entering 488e859 com.tencent.mm/com.tencent.mm.plugin.account.ui.WelcomeActivity (server),reason=Window became focusable. Previous reason: NOT_VISIBLE]
06-14 17:39:30.997 1556 1686 I sysui_multi_action: [319,117,322,103,325,1712,757,761,758,9,759,2,806,com.tencent.mm,871,com.tencent.mm.plugin.account.ui.WelcomeActivity,904,com.tencent.mm,905,0,1320,4,1321,4]
06-14 17:39:30.998 1556 1689 I wm_stop_activity: [0,46665341,com.kugou.android/.app.splash.SplashActivity]
06-14 17:39:31.012 24095 24095 I wm_on_paused_called: [46665341,com.kugou.android.app.splash.SplashActivity,performPause]
06-14 17:39:31.043 24095 24095 I wm_on_stop_called: [46665341,com.kugou.android.app.splash.SplashActivity,STOP_ACTIVITY_ITEM]
06-14 17:39:31.107 1556 1556 I notification_enqueue: [10117,23955,com.kugou.android,99,NULL,0,Notification(channel=kg_play shortcut=null contentView=null vibrate=null sound=null defaults=0x0 flags=0x42 color=0x00000000 category=transport actions=5 vis=PUBLIC),1]
06-14 17:39:31.153 23955 23955 I auditd : type=1400 audit(0.0:4154): avc: granted { nlmsg_readpriv } for comm="pool-3-thread-8" scontext=u:r:untrusted_app_27:s0:c117,c256,c512,c768 tcontext=u:r:untrusted_app_27:s0:c117,c256,c512,c768 tclass=netlink_route_socket app=com.kugou.android
06-14 17:39:31.331 1556 1556 I sysui_multi_action: [757,128,758,5,759,8,793,3863,794,0,795,3863,796,1,797,empty_media,806,com.android.systemui,857,empty_media_style_id,858,4,946,empty_media,947,0,1500,3661,1641,transport,1688,1,1745,1043716538]
06-14 17:39:31.331 1556 1556 I notification_canceled: [0|com.android.systemui|1|empty_media|10075,8,3863,3863,0,-1,-1,NULL]
06-14 17:39:31.513 24095 24095 I auditd : type=1400 audit(0.0:4155): avc: granted { nlmsg_readpriv } for comm="pool-14-thread-" scontext=u:r:untrusted_app_27:s0:c117,c256,c512,c768 tcontext=u:r:untrusted_app_27:s0:c117,c256,c512,c768 tclass=netlink_route_socket app=com.kugou.android
06-14 17:39:31.657 23955 23955 I auditd : type=1400 audit(0.0:4156): avc: granted { nlmsg_readpriv } for comm="pool-3-thread-8" scontext=u:r:untrusted_app_27:s0:c117,c256,c512,c768 tcontext=u:r:untrusted_app_27:s0:c117,c256,c512,c768 tclass=netlink_route_socket app=com.kugou.android
06-14 17:39:31.902 24095 24745 I liblog : 364
06-14 17:39:31.909 24095 24751 I liblog : 62
06-14 17:39:32.112 1556 4975 I wm_task_moved: [1069,1,8]
06-14 17:39:32.112 1556 4975 I wm_task_to_front: [0,1069]
06-14 17:39:32.113 1556 4975 I wm_focused_root_task: [0,0,1069,1054,bringingFoundTaskToFront]
06-14 17:39:32.114 1556 4975 I wm_set_resumed_activity: [0,com.kugou.android/.app.splash.SplashActivity,bringingFoundTaskToFront]
06-14 17:39:32.114 1556 4975 I wm_new_intent: [0,46665341,1069,com.kugou.android/.app.splash.SplashActivity,android.intent.action.MAIN,NULL,NULL,270532608]
06-14 17:39:32.117 1556 4975 I wm_set_resumed_activity: [0,com.kugou.android/.app.splash.SplashActivity,resumeTopActivityInnerLocked]
06-14 17:39:32.117 1556 4975 I wm_add_to_stopping: [0,46665341,com.kugou.android/.app.splash.SplashActivity,makeInvisible]
06-14 17:39:32.119 1556 4975 I wm_resume_activity: [0,46665341,1069,com.kugou.android/.app.splash.SplashActivity]
06-14 17:39:32.119 1556 4975 I wm_add_to_stopping: [0,264656644,com.tencent.mm/.plugin.account.ui.WelcomeActivity,makeInvisible]
06-14 17:39:32.131 1556 1828 I input_focus: [Focus leaving 488e859 com.tencent.mm/com.tencent.mm.plugin.account.ui.WelcomeActivity (server),reason=NO_WINDOW]
06-14 17:39:32.131 24095 24095 I wm_on_restart_called: [46665341,com.kugou.android.app.splash.SplashActivity,performRestartActivity]
06-14 17:39:32.132 24095 24095 I wm_on_start_called: [46665341,com.kugou.android.app.splash.SplashActivity,handleStartActivity]
06-14 17:39:32.135 22298 22298 I wm_on_top_resumed_lost_called: [264656644,com.tencent.mm.plugin.account.ui.WelcomeActivity,topStateChangedWhenResumed]
06-14 17:39:32.136 24095 24211 D SubscriptionManager: [getSubId]- fail
06-14 17:39:32.136 24095 24095 I wm_on_resume_called: [46665341,com.kugou.android.app.splash.SplashActivity,RESUME_ACTIVITY]
06-14 17:39:32.141 24095 24211 D SubscriptionManager: [getSubId]- fail
06-14 17:39:32.150 1556 1690 I input_focus: [Focus request 613438a com.kugou.android/com.kugou.android.app.splash.SplashActivity,reason=UpdateInputWindows]
06-14 17:39:32.161 24095 24095 I wm_on_top_resumed_gained_called: [46665341,com.kugou.android.app.splash.SplashActivity,topStateChangedWhenResumed]
06-14 17:39:32.157 23955 23955 I auditd : type=1400 audit(0.0:4157): avc: granted { nlmsg_readpriv } for comm="pool-3-thread-5" scontext=u:r:untrusted_app_27:s0:c117,c256,c512,c768 tcontext=u:r:untrusted_app_27:s0:c117,c256,c512,c768 tclass=netlink_route_socket app=com.kugou.android
06-14 17:39:32.182 1556 1686 I sysui_multi_action: [319,65,322,55,325,1713,757,761,758,9,759,2,806,com.kugou.android,871,com.kugou.android.app.splash.SplashActivity,904,com.android.launcher3,905,0,1320,4,1321,4]
06-14 17:39:32.183 1556 1828 I input_focus: [Focus entering 613438a com.kugou.android/com.kugou.android.app.splash.SplashActivity (server),reason=Window became focusable. Previous reason: NOT_VISIBLE]
06-14 17:39:32.284 24095 24751 I service_manager_stats: [200,152,1713552]
06-14 17:39:32.448 1556 1689 I wm_stop_activity: [0,264656644,com.tencent.mm/.plugin.account.ui.WelcomeActivity]
06-14 17:39:32.532 22298 22298 I wm_on_paused_called: [264656644,com.tencent.mm.plugin.account.ui.WelcomeActivity,performPause]
06-14 17:39:32.548 22298 22298 I wm_on_stop_called: [264656644,com.tencent.mm.plugin.account.ui.WelcomeActivity,STOP_ACTIVITY_ITEM]
06-14 17:39:32.661 23955 23955 I auditd : type=1400 audit(0.0:4158): avc: granted { nlmsg_readpriv } for comm="pool-3-thread-8" scontext=u:r:untrusted_app_27:s0:c117,c256,c512,c768 tcontext=u:r:untrusted_app_27:s0:c117,c256,c512,c768 tclass=netlink_route_socket app=com.kugou.android
06-14 17:39:33.165 23955 23955 I auditd : type=1400 audit(0.0:4159): avc: granted { nlmsg_readpriv } for comm="pool-3-thread-8" scontext=u:r:untrusted_app_27:s0:c117,c256,c512,c768 tcontext=u:r:untrusted_app_27:s0:c117,c256,c512,c768 tclass=netlink_route_socket app=com.kugou.android
06-14 17:39:33.389 20267 20267 I auditd : type=1400 audit(0.0:4160): avc: granted { execute } for comm="gatherer-1-thre" path="/data/user/0/com.tencent.android.qqdownloader/app_e_qq_com_plugin_new_9b9300092f0d1e83ce67d8cfa9590654/libturingga.so" dev="dm-10" ino=43992 scontext=u:r:untrusted_app_27:s0:c512,c768 tcontext=u:object_r:app_data_file:s0:c512,c768 tclass=file app=com.tencent.android.qqdownloader
06-14 17:39:33.615 1556 1828 I input_interaction: Interaction with: 613438a com.kugou.android/com.kugou.android.app.splash.SplashActivity (server), edge-swipe (server), swipe-up (server), PointerEventDispatcher0 (server),
06-14 17:39:33.736 1556 1556 I notification_enqueue: [10092,19346,com.tencent.android.qqdownloader,127,NULL,0,Notification(channel=channel_id_default_silent shortcut=null contentView=com.tencent.android.qqdownloader/0x7f0a01c2 vibrate=null sound=null defaults=0x0 flags=0x2a2 color=0x00000000 groupKey=com.tencent.android.qqdownloader vis=PRIVATE),1]
06-14 17:39:33.782 1556 6413 I wm_task_moved: [1069,1,8]
06-14 17:39:33.783 1556 6413 I wm_set_resumed_activity: [0,com.kugou.android/.app.splash.SplashActivity,positionChildAt]
06-14 17:39:33.783 1556 6413 I wm_create_activity: [0,80085123,1069,com.kugou.android/.app.MediaActivity,android.intent.action.MAIN,NULL,NULL,270532608]
06-14 17:39:33.783 1556 6413 I wm_pause_activity: [0,46665341,com.kugou.android/.app.splash.SplashActivity,userLeaving=true,resumeTopActivityInnerLocked]
06-14 17:39:33.786 1556 6270 I wm_finish_activity: [0,46665341,1069,com.kugou.android/.app.splash.SplashActivity,app-request]
06-14 17:39:33.787 24095 24095 I wm_on_top_resumed_lost_called: [46665341,com.kugou.android.app.splash.SplashActivity,topStateChangedWhenResumed]
06-14 17:39:33.790 24095 24095 I wm_on_paused_called: [46665341,com.kugou.android.app.splash.SplashActivity,performPause]
06-14 17:39:33.790 1556 6413 I wm_add_to_stopping: [0,46665341,com.kugou.android/.app.splash.SplashActivity,completeFinishing]
06-14 17:39:33.791 1556 6413 I wm_restart_activity: [0,80085123,1069,com.kugou.android/.app.MediaActivity]
06-14 17:39:33.792 1556 6413 I wm_set_resumed_activity: [0,com.kugou.android/.app.MediaActivity,minimalResumeActivityLocked]
06-14 17:39:33.793 1556 6413 I wm_add_to_stopping: [0,264656644,com.tencent.mm/.plugin.account.ui.WelcomeActivity,makeInvisible]
06-14 17:39:33.794 1556 6413 I wm_resume_activity: [0,264656644,1054,com.tencent.mm/.plugin.account.ui.WelcomeActivity]
06-14 17:39:33.794 1556 6413 I wm_add_to_stopping: [0,264656644,com.tencent.mm/.plugin.account.ui.WelcomeActivity,makeInvisible]
06-14 17:39:33.798 1556 1689 I wm_stop_activity: [0,264656644,com.tencent.mm/.plugin.account.ui.WelcomeActivity]
06-14 17:39:33.807 1556 1689 I sysui_multi_action: [757,803,799,window_time_2,802,7]
06-14 17:39:33.813 1556 1828 I input_focus: [Focus leaving 613438a com.kugou.android/com.kugou.android.app.splash.SplashActivity (server),reason=NO_WINDOW]
06-14 17:39:33.818 22298 22298 I wm_on_restart_called: [264656644,com.tencent.mm.plugin.account.ui.WelcomeActivity,performRestartActivity]
06-14 17:39:33.825 22298 22298 I wm_on_start_called: [264656644,com.tencent.mm.plugin.account.ui.WelcomeActivity,handleStartActivity]
06-14 17:39:33.840 22298 22298 I wm_on_resume_called: [264656644,com.tencent.mm.plugin.account.ui.WelcomeActivity,RESUME_ACTIVITY]
06-14 17:39:33.853 22298 22298 I wm_on_paused_called: [264656644,com.tencent.mm.plugin.account.ui.WelcomeActivity,performPause]
06-14 17:39:33.862 22298 22298 I wm_on_stop_called: [264656644,com.tencent.mm.plugin.account.ui.WelcomeActivity,STOP_ACTIVITY_ITEM]
06-14 17:39:34.024 1556 1697 I am_proc_start: [0,24853,10107,com.youku.phone:channel,service,{com.youku.phone/com.alibaba.analytics.AnalyticsService}]
06-14 17:39:34.052 0 0 I [ 1715.316706] binder: 24853:24853 ioctl 40046210 7ff4300c84 returned -22
06-14 17:39:34.054 1556 5837 I am_proc_bound: [0,24853,com.youku.phone:channel]
06-14 17:39:34.078 1556 4975 I wm_task_moved: [1069,1,8]
06-14 17:39:34.078 1556 4975 I wm_set_resumed_activity: [0,com.kugou.android/.app.MediaActivity,positionChildAt]
06-14 17:39:34.078 1556 4975 I wm_create_activity: [0,78249530,1069,com.kugou.android/com.kugou.common.useraccount.app.KgUserLoginAndRegActivity,NULL,NULL,NULL,268435456]
06-14 17:39:34.079 1556 4975 I wm_pause_activity: [0,80085123,com.kugou.android/.app.MediaActivity,userLeaving=true,resumeTopActivityInnerLocked]
06-14 17:39:34.118 24095 24095 I wm_on_create_called: [80085123,com.kugou.android.app.MediaActivity,performCreate]
06-14 17:39:34.164 24095 24095 I wm_on_start_called: [80085123,com.kugou.android.app.MediaActivity,handleStartActivity]
06-14 17:39:34.173 24853 24853 I auditd : type=1400 audit(0.0:4161): avc: denied { read } for comm="u.phone:channel" name="version" dev="proc" ino=4026532247 scontext=u:r:untrusted_app:s0:c107,c256,c512,c768 tcontext=u:object_r:proc_version:s0 tclass=file permissive=0 app=com.youku.phone
06-14 17:39:34.186 24095 24095 I wm_on_resume_called: [80085123,com.kugou.android.app.MediaActivity,RESUME_ACTIVITY]
06-14 17:39:34.191 24095 24095 I wm_on_top_resumed_gained_called: [80085123,com.kugou.android.app.MediaActivity,topStateChangedWhenResumed]
06-14 17:39:34.200 24095 24095 I wm_on_top_resumed_lost_called: [80085123,com.kugou.android.app.MediaActivity,topStateChangedWhenResumed]
06-14 17:39:34.210 24095 24095 I wm_on_paused_called: [80085123,com.kugou.android.app.MediaActivity,performPause]
06-14 17:39:34.212 1556 5837 I wm_restart_activity: [0,78249530,1069,com.kugou.android/com.kugou.common.useraccount.app.KgUserLoginAndRegActivity]
06-14 17:39:34.212 1556 5837 I wm_set_resumed_activity: [0,com.kugou.android/com.kugou.common.useraccount.app.KgUserLoginAndRegActivity,minimalResumeActivityLocked]
06-14 17:39:34.214 1556 5837 I wm_add_to_stopping: [0,264656644,com.tencent.mm/.plugin.account.ui.WelcomeActivity,makeInvisible]
06-14 17:39:34.214 1556 5837 I wm_resume_activity: [0,264656644,1054,com.tencent.mm/.plugin.account.ui.WelcomeActivity]
06-14 17:39:34.214 1556 5837 I wm_add_to_stopping: [0,264656644,com.tencent.mm/.plugin.account.ui.WelcomeActivity,makeInvisible]
06-14 17:39:34.216 1556 1689 I wm_stop_activity: [0,264656644,com.tencent.mm/.plugin.account.ui.WelcomeActivity]
06-14 17:39:34.216 1556 1689 I sysui_multi_action: [757,803,799,window_time_2,802,0]
06-14 17:39:34.221 24907 24907 I auditd : type=1400 audit(0.0:4162): avc: denied { read } for comm="ps" name="pid_max" dev="proc" ino=639215 scontext=u:r:untrusted_app:s0:c107,c256,c512,c768 tcontext=u:object_r:proc_pid_max:s0 tclass=file permissive=0 app=com.youku.phone
06-14 17:39:34.235 22298 22298 I wm_on_restart_called: [264656644,com.tencent.mm.plugin.account.ui.WelcomeActivity,performRestartActivity]
06-14 17:39:34.243 22298 22298 I wm_on_start_called: [264656644,com.tencent.mm.plugin.account.ui.WelcomeActivity,handleStartActivity]
06-14 17:39:34.256 22298 22298 I wm_on_resume_called: [264656644,com.tencent.mm.plugin.account.ui.WelcomeActivity,RESUME_ACTIVITY]
06-14 17:39:34.269 22298 22298 I wm_on_paused_called: [264656644,com.tencent.mm.plugin.account.ui.WelcomeActivity,performPause]
06-14 17:39:34.272 22298 22298 I wm_on_stop_called: [264656644,com.tencent.mm.plugin.account.ui.WelcomeActivity,STOP_ACTIVITY_ITEM]
06-14 17:39:34.424 1556 6413 D TelephonyRegistry: listen oscl: mHasNotifySubscriptionInfoChangedOccurred==false no callback
06-14 17:39:34.672 0 0 E [ 1715.936100] link_delay_work_func: DTC_ETH: SQI=0, link=0
06-14 17:39:34.787 24095 24095 I wm_on_create_called: [78249530,com.kugou.common.useraccount.app.KgUserLoginAndRegActivity,performCreate]
06-14 17:39:34.791 24095 24095 E AndroidRuntime: FATAL EXCEPTION: main
06-14 17:39:34.791 24095 24095 E AndroidRuntime: Process: com.kugou.android, PID: 24095
06-14 17:39:34.791 24095 24095 E AndroidRuntime: android.view.InflateException: Binary XML file line #29 in android:layout/transient_notification: Binary XML file line #29 in android:layout/transient_notification: Error inflating class
06-14 17:39:34.791 24095 24095 E AndroidRuntime: Caused by: android.view.InflateException: Binary XML file line #29 in android:layout/transient_notification: Error inflating class
06-14 17:39:34.791 24095 24095 E AndroidRuntime: Caused by: java.lang.reflect.InvocationTargetException
06-14 17:39:34.791 24095 24095 E AndroidRuntime: at java.lang.reflect.Constructor.newInstance0(Native Method)
06-14 17:39:34.791 24095 24095 E AndroidRuntime: at java.lang.reflect.Constructor.newInstance(Constructor.java:343)
06-14 17:39:34.791 24095 24095 E AndroidRuntime: at android.view.LayoutInflater.createView(LayoutInflater.java:858)
06-14 17:39:34.791 24095 24095 E AndroidRuntime: at android.view.LayoutInflater.createView(LayoutInflater.java:780)
06-14 17:39:34.791 24095 24095 E AndroidRuntime: at com.android.internal.policy.PhoneLayoutInflater.onCreateView(PhoneLayoutInflater.java:58)
06-14 17:39:34.791 24095 24095 E AndroidRuntime: at android.view.LayoutInflater.onCreateView(LayoutInflater.java:934)
06-14 17:39:34.791 24095 24095 E AndroidRuntime: at android.view.LayoutInflater.onCreateView(LayoutInflater.java:954)
06-14 17:39:34.791 24095 24095 E AndroidRuntime: at android.view.LayoutInflater.createViewFromTag(LayoutInflater.java:1008)
06-14 17:39:34.791 24095 24095 E AndroidRuntime: at android.view.LayoutInflater.createViewFromTag(LayoutInflater.java:965)
06-14 17:39:34.791 24095 24095 E AndroidRuntime: at android.view.LayoutInflater.rInflate(LayoutInflater.java:1127)
06-14 17:39:34.791 24095 24095 E AndroidRuntime: at android.view.LayoutInflater.rInflateChildren(LayoutInflater.java:1088)
06-14 17:39:34.791 24095 24095 E AndroidRuntime: at android.view.LayoutInflater.inflate(LayoutInflater.java:686)
06-14 17:39:34.791 24095 24095 E AndroidRuntime: at android.view.LayoutInflater.inflate(LayoutInflater.java:538)
06-14 17:39:34.791 24095 24095 E AndroidRuntime: at android.view.LayoutInflater.inflate(LayoutInflater.java:485)
06-14 17:39:34.791 24095 24095 E AndroidRuntime: at android.widget.ToastPresenter.getTextToastView(ToastPresenter.java:63)
06-14 17:39:34.791 24095 24095 E AndroidRuntime: at android.widget.Toast.makeText(Toast.java:501)
06-14 17:39:34.791 24095 24095 E AndroidRuntime: at android.widget.Toast.makeText(Toast.java:483)
06-14 17:39:34.791 24095 24095 E AndroidRuntime: at com.kugou.common.utils.e.c.a(SourceFile:56)
06-14 17:39:34.791 24095 24095 E AndroidRuntime: at com.kugou.common.module.deletate.ModuleAbsBaseFragment.initDefaultToastGravity_onCreate(SourceFile:447)
06-14 17:39:34.791 24095 24095 E AndroidRuntime: at com.kugou.common.module.deletate.ModuleAbsBaseFragment.onAttach(SourceFile:55)
06-14 17:39:34.791 24095 24095 E AndroidRuntime: at com.kugou.common.module.deletate.ModuleDelegateFragment.onAttach(SourceFile:302)
06-14 17:39:34.791 24095 24095 E AndroidRuntime: at com.kugou.common.useraccount.app.RegBaseFragment.onAttach(SourceFile:108)
06-14 17:39:34.791 24095 24095 E AndroidRuntime: at com.kugou.common.useraccount.app.CommonBaseAccountFragment.onAttach(SourceFile:29)
06-14 17:39:34.791 24095 24095 E AndroidRuntime: at com.kugou.common.useraccount.app.UserLoginAndRegFragment.onAttach(SourceFile:123)
06-14 17:39:34.791 24095 24095 E AndroidRuntime: at androidx.fragment.app.Fragment.onAttach(SourceFile:1783)
06-14 17:39:34.791 24095 24095 E AndroidRuntime: at androidx.fragment.app.Fragment.performAttach(SourceFile:2922)
06-14 17:39:34.791 24095 24095 E AndroidRuntime: at androidx.fragment.app.FragmentStateManager.attach(SourceFile:464)
06-14 17:39:34.791 24095 24095 E AndroidRuntime: at androidx.fragment.app.FragmentStateManager.moveToExpectedState(SourceFile:275)
06-14 17:39:34.791 24095 24095 E AndroidRuntime: at androidx.fragment.app.FragmentManager.executeOpsTogether(SourceFile:2189)
06-14 17:39:34.791 24095 24095 E AndroidRuntime: at androidx.fragment.app.FragmentManager.removeRedundantOperationsAndExecute(SourceFile:2100)
06-14 17:39:34.791 24095 24095 E AndroidRuntime: at androidx.fragment.app.FragmentManager.execPendingActions(SourceFile:2002)
06-14 17:39:34.791 24095 24095 E AndroidRuntime: at androidx.fragment.app.FragmentManager.dispatchStateChange(SourceFile:3150)
06-14 17:39:34.791 24095 24095 E AndroidRuntime: at androidx.fragment.app.FragmentManager.dispatchActivityCreated(SourceFile:3078)
06-14 17:39:34.791 24095 24095 E AndroidRuntime: at androidx.fragment.app.FragmentController.dispatchActivityCreated(SourceFile:251)
06-14 17:39:34.791 24095 24095 E AndroidRuntime: at androidx.fragment.app.FragmentActivity.onStart(SourceFile:501)
06-14 17:39:34.791 24095 24095 E AndroidRuntime: at com.kugou.common.base.StateFragmentActivity.onStart(SourceFile:231)
06-14 17:39:34.791 24095 24095 E AndroidRuntime: at android.app.Instrumentation.callActivityOnStart(Instrumentation.java:1456)
06-14 17:39:34.791 24095 24095 E AndroidRuntime: at android.app.Activity.performStart(Activity.java:8119)
06-14 17:39:34.791 24095 24095 E AndroidRuntime: at android.app.ActivityThread.handleStartActivity(ActivityThread.java:3661)
06-14 17:39:34.791 24095 24095 E AndroidRuntime: at android.app.servertransaction.TransactionExecutor.performLifecycleSequence(TransactionExecutor.java:221)
06-14 17:39:34.791 24095 24095 E AndroidRuntime: at android.app.servertransaction.TransactionExecutor.cycleToPath(TransactionExecutor.java:201)
06-14 17:39:34.791 24095 24095 E AndroidRuntime: at android.app.servertransaction.TransactionExecutor.executeLifecycleState(TransactionExecutor.java:173)
06-14 17:39:34.791 24095 24095 E AndroidRuntime: at android.app.servertransaction.TransactionExecutor.execute(TransactionExecutor.java:97)
06-14 17:39:34.791 24095 24095 E AndroidRuntime: at android.app.ActivityThread$H.handleMessage(ActivityThread.java:2211)
06-14 17:39:34.791 24095 24095 E AndroidRuntime: at android.os.Handler.dispatchMessage(Handler.java:106)
06-14 17:39:34.791 24095 24095 E AndroidRuntime: at android.os.Looper.loopOnce(Looper.java:201)
06-14 17:39:34.791 24095 24095 E AndroidRuntime: at android.os.Looper.loop(Looper.java:288)
06-14 17:39:34.791 24095 24095 E AndroidRuntime: at android.app.ActivityThread.main(ActivityThread.java:7880)
06-14 17:39:34.791 24095 24095 E AndroidRuntime: at java.lang.reflect.Method.invoke(Native Method)
06-14 17:39:34.791 24095 24095 E AndroidRuntime: at com.android.internal.os.RuntimeInit$MethodAndArgsCaller.run(RuntimeInit.java:548)
06-14 17:39:34.791 24095 24095 E AndroidRuntime: at com.android.internal.os.ZygoteInit.main(ZygoteInit.java:1009)
06-14 17:39:34.791 24095 24095 E AndroidRuntime: Caused by: java.lang.UnsupportedOperationException: Can't convert value at index 15 to dimension: type=0x1
06-14 17:39:34.791 24095 24095 E AndroidRuntime: at android.content.res.TypedArray.getDimensionPixelSize(TypedArray.java:788)
06-14 17:39:34.791 24095 24095 E AndroidRuntime: at android.view.View.(View.java:5540)
06-14 17:39:34.791 24095 24095 E AndroidRuntime: at android.widget.TextView.(TextView.java:1032)
06-14 17:39:34.791 24095 24095 E AndroidRuntime: at android.widget.TextView.(TextView.java:1026)
06-14 17:39:34.791 24095 24095 E AndroidRuntime: at android.widget.TextView.(TextView.java:1022)
06-14 17:39:34.791 24095 24095 E AndroidRuntime: ... 51 more
06-14 17:39:34.800 0 0 I [ 1716.067371] logd: logdr: UID=10117 GID=10117 PID=24988 n tail=200 logMask=1 pid=24095 start=0ns deadline=0ns
06-14 17:39:34.820 0 0 I [ 1716.085796] logd: logdr: UID=10117 GID=10117 PID=24990 n tail=50 logMask=8 pid=24095 start=0ns deadline=0ns
06-14 17:39:34.836 0 0 I [ 1716.102830] logd: logdr: UID=10117 GID=10117 PID=24996 n tail=50 logMask=4 pid=24095 start=0ns deadline=0ns
06-14 17:39:34.914 1556 6413 I wm_task_moved: [1069,1,8]
06-14 17:39:34.914 1556 6413 I wm_set_resumed_activity: [0,com.kugou.android/com.kugou.common.useraccount.app.KgUserLoginAndRegActivity,positionChildAt]
06-14 17:39:34.914 1556 6413 I wm_create_activity: [0,256935812,1069,com.kugou.android/com.kugou.crash.snow.JonSnow$HintActivity,NULL,NULL,NULL,268435456]
06-14 17:39:34.915 1556 6413 I wm_pause_activity: [0,78249530,com.kugou.android/com.kugou.common.useraccount.app.KgUserLoginAndRegActivity,userLeaving=true,resumeTopActivityInnerLocked]
06-14 17:39:34.952 24095 24095 I liblog : 34
06-14 17:39:34.985 1556 1697 I am_proc_start: [0,25014,10117,com.kugou.crash,content provider,{com.kugou.android/com.kugou.crash.CrashProvider}]
06-14 17:39:35.008 0 0 I [ 1716.272131] binder: 25014:25014 ioctl 40046210 7ff4300c84 returned -22
06-14 17:39:35.025 1556 4975 I am_proc_bound: [0,25014,com.kugou.crash]
06-14 17:39:35.069 24853 24853 I auditd : type=1400 audit(0.0:4164): avc: denied { read } for comm="DaemonThread-6" name="cache" dev="dm-5" ino=16 scontext=u:r:untrusted_app:s0:c107,c256,c512,c768 tcontext=u:object_r:cache_file:s0 tclass=lnk_file permissive=0 app=com.youku.phone
06-14 17:39:35.069 24853 24853 I auditd : type=1400 audit(0.0:4165): avc: denied { read } for comm="DaemonThread-6" name="cache" dev="dm-5" ino=16 scontext=u:r:untrusted_app:s0:c107,c256,c512,c768 tcontext=u:object_r:cache_file:s0 tclass=lnk_file permissive=0 app=com.youku.phone
06-14 17:39:35.073 24853 24853 I auditd : type=1400 audit(0.0:4166): avc: denied { getattr } for comm="DaemonThread-6" path="/proc/kmsg" dev="proc" ino=4026532249 scontext=u:r:untrusted_app:s0:c107,c256,c512,c768 tcontext=u:object_r:proc_kmsg:s0 tclass=file permissive=0 app=com.youku.phone
06-14 17:39:35.073 24853 24853 I auditd : type=1400 audit(0.0:4167): avc: denied { getattr } for comm="DaemonThread-6" path="/proc/keys" dev="proc" ino=4026532299 scontext=u:r:untrusted_app:s0:c107,c256,c512,c768 tcontext=u:object_r:proc_keys:s0 tclass=file permissive=0 app=com.youku.phone
06-14 17:39:35.077 24853 24853 I auditd : type=1400 audit(0.0:4168): avc: denied { getattr } for comm="DaemonThread-6" path="/proc/swaps" dev="proc" ino=4026532294 scontext=u:r:untrusted_app:s0:c107,c256,c512,c768 tcontext=u:object_r:proc_swaps:s0 tclass=file permissive=0 app=com.youku.phone
06-14 17:39:35.093 24853 24853 I auditd : type=1400 audit(0.0:4169): avc: denied { read } for comm="DaemonThread-6" name="u:object_r:serialno_prop:s0" dev="tmpfs" ino=13591 scontext=u:r:untrusted_app:s0:c107,c256,c512,c768 tcontext=u:object_r:serialno_prop:s0 tclass=file permissive=0 app=com.youku.phone
06-14 17:39:35.193 0 0 W [ 1716.459480] audit: audit_lost=3357 audit_rate_limit=5 audit_backlog_limit=64
06-14 17:39:35.193 0 0 E [ 1716.459485] audit: rate limit exceeded
06-14 17:39:35.221 0 0 I [ 1716.486041] init: processing action (sys.tlog.tlogdshc.active=1) from (/system/etc/init/tlogd.rc:195)
06-14 17:39:35.221 0 0 I [ 1716.486259] init: starting service 'tlogdshc'...
06-14 17:39:35.340 0 0 I [ 1716.604936] init: Service 'tlogdshc' (pid 25057) exited with status 0 oneshot service took 0.117000 seconds in background
06-14 17:39:35.340 0 0 I [ 1716.604944] init: Sending signal 9 to service 'tlogdshc' (pid 25057) process group...
06-14 17:39:35.340 0 0 I [ 1716.605051] libprocessgroup: Successfully killed process cgroup uid 0 pid 25057 in 0ms
06-14 17:39:35.418 1556 1689 I wm_restart_activity: [0,256935812,1069,com.kugou.android/com.kugou.crash.snow.JonSnow$HintActivity]
06-14 17:39:35.419 1556 1689 I wm_set_resumed_activity: [0,com.kugou.android/com.kugou.crash.snow.JonSnow$HintActivity,minimalResumeActivityLocked]
06-14 17:39:35.421 1556 1556 I notification_enqueue: [10117,23955,com.kugou.android,99,NULL,0,Notification(channel=kg_play shortcut=null contentView=null vibrate=null sound=null defaults=0x0 flags=0x42 color=0x00000000 category=transport actions=5 vis=PUBLIC),1]
06-14 17:39:35.422 1556 1689 I wm_add_to_stopping: [0,264656644,com.tencent.mm/.plugin.account.ui.WelcomeActivity,makeInvisible]
06-14 17:39:35.423 1556 1689 I wm_resume_activity: [0,264656644,1054,com.tencent.mm/.plugin.account.ui.WelcomeActivity]
06-14 17:39:35.423 1556 1689 I wm_add_to_stopping: [0,264656644,com.tencent.mm/.plugin.account.ui.WelcomeActivity,makeInvisible]
06-14 17:39:35.428 1556 1689 I wm_stop_activity: [0,264656644,com.tencent.mm/.plugin.account.ui.WelcomeActivity]
06-14 17:39:35.429 1556 1689 I sysui_multi_action: [757,803,799,window_time_2,802,1]
06-14 17:39:35.438 22298 22298 I wm_on_restart_called: [264656644,com.tencent.mm.plugin.account.ui.WelcomeActivity,performRestartActivity]
06-14 17:39:35.451 22298 22298 I wm_on_start_called: [264656644,com.tencent.mm.plugin.account.ui.WelcomeActivity,handleStartActivity]
06-14 17:39:35.464 22298 22298 I wm_on_resume_called: [264656644,com.tencent.mm.plugin.account.ui.WelcomeActivity,RESUME_ACTIVITY]
06-14 17:39:35.493 22298 22298 I wm_on_paused_called: [264656644,com.tencent.mm.plugin.account.ui.WelcomeActivity,performPause]
06-14 17:39:35.499 22298 22298 I wm_on_stop_called: [264656644,com.tencent.mm.plugin.account.ui.WelcomeActivity,STOP_ACTIVITY_ITEM]
06-14 17:39:35.854 1556 1847 I netstats_mobile_sample: [0,0,0,0,0,0,0,0,0,0,0,0,1686735575854]
06-14 17:39:35.854 1556 1847 I netstats_wifi_sample: [67979914,74811,12383573,51129,67979914,74811,12383573,51129,70982488,80292,11812486,49401,1686735575854]
06-14 17:39:35.957 24095 24095 I wm_on_create_called: [256935812,com.kugou.crash.snow.JonSnow$HintActivity,performCreate]
06-14 17:39:35.966 24095 24095 I wm_on_start_called: [256935812,com.kugou.crash.snow.JonSnow$HintActivity,handleStartActivity]
06-14 17:39:35.985 24095 24095 I wm_on_resume_called: [256935812,com.kugou.crash.snow.JonSnow$HintActivity,RESUME_ACTIVITY]
06-14 17:39:35.987 24095 24095 I wm_on_top_resumed_gained_called: [256935812,com.kugou.crash.snow.JonSnow$HintActivity,topStateChangedWhenResumed]
06-14 17:39:36.117 25216 25216 I auditd : type=1400 audit(0.0:4173): avc: denied { setattr } for comm="WeexJSBridgeThr" name="libweexjsb.so" dev="dm-10" ino=22794 scontext=u:r:untrusted_app:s0:c107,c256,c512,c768 tcontext=u:object_r:apk_data_file:s0 tclass=file permissive=0 app=com.youku.phone
06-14 17:39:36.117 25216 25216 I auditd : type=1400 audit(0.0:4174): avc: denied { setattr } for comm="WeexJSBridgeThr" name="libweexjsb.so" dev="dm-10" ino=22794 scontext=u:r:untrusted_app:s0:c107,c256,c512,c768 tcontext=u:object_r:apk_data_file:s0 tclass=file permissive=0 app=com.youku.phone
06-14 17:39:36.175 1556 1690 I input_focus: [Focus request e6808be com.kugou.android/com.kugou.crash.snow.JonSnow$HintActivity,reason=UpdateInputWindows]
06-14 17:39:36.389 23387 23387 I auditd : type=1400 audit(0.0:4175): avc: granted { execute } for comm=416C7068612053696D706C65205468 path="/data/data/com.youku.phone/files/solid-11.0.29/libProtoDB.so" dev="dm-10" ino=123279 scontext=u:r:untrusted_app:s0:c107,c256,c512,c768 tcontext=u:object_r:app_data_file:s0:c107,c256,c512,c768 tclass=file app=com.youku.phone
06-14 17:39:36.653 23387 23387 I auditd : type=1400 audit(0.0:4176): avc: granted { execute } for comm="U4StartupTask_2" path="/data/data/com.youku.phone/app_ucmsdk/updates/599724205/20466323_0/lib/arm64-v8a/libwebviewuc.so" dev="dm-10" ino=118776 scontext=u:r:untrusted_app:s0:c107,c256,c512,c768 tcontext=u:object_r:app_data_file:s0:c107,c256,c512,c768 tclass=file app=com.youku.phone
06-14 17:39:36.729 1556 1697 I am_proc_start: [0,25261,10107,com.youku.phone:sandboxed_privilege_process0,service,{com.youku.phone/com.taobao.uc.service.SandboxedPrivilegedProcessService0}]
06-14 17:39:36.735 1556 1697 I am_proc_start: [0,25262,10107,com.youku.phone:gpu_process,service,{com.youku.phone/com.taobao.uc.service.GpuProcessService0}]
06-14 17:39:36.744 0 0 I [ 1718.007409] binder: 25261:25261 ioctl 40046210 7ff4300c84 returned -22
06-14 17:39:36.744 0 0 I [ 1718.010331] binder: 25262:25262 ioctl 40046210 7ff4300c84 returned -22
06-14 17:39:36.742 1556 4975 I am_proc_bound: [0,25261,com.youku.phone:sandboxed_privilege_process0]
06-14 17:39:36.745 1556 6193 I am_proc_bound: [0,25262,com.youku.phone:gpu_process]
06-14 17:39:36.919 0 0 E [ 1718.184065] msm_pcm_playback_close: CMD_EOS failed, cmd_pending 0x8
06-14 17:39:37.105 1556 4975 I am_proc_died: [0,25014,com.kugou.crash,0,3]
06-14 17:39:37.107 1556 4975 I am_mem_factor: [1,0]
06-14 17:39:37.117 1556 1556 I notification_enqueue: [10117,23955,com.kugou.android,99,NULL,0,Notification(channel=kg_play shortcut=null contentView=null vibrate=null sound=null defaults=0x0 flags=0x42 color=0x00000000 category=transport actions=5 vis=PUBLIC),1]
06-14 17:39:37.121 25262 25262 I auditd : type=1400 audit(0.0:4177): avc: denied { read } for comm="one:gpu_process" name="version" dev="proc" ino=4026532247 scontext=u:r:untrusted_app:s0:c107,c256,c512,c768 tcontext=u:object_r:proc_version:s0 tclass=file permissive=0 app=com.youku.phone
06-14 17:39:37.161 25261 25261 I auditd : type=1400 audit(0.0:4178): avc: denied { read } for comm="vilege_process0" name="version" dev="proc" ino=4026532247 scontext=u:r:untrusted_app:s0:c107,c256,c512,c768 tcontext=u:object_r:proc_version:s0 tclass=file permissive=0 app=com.youku.phone
06-14 17:39:37.300 510 510 I killinfo: [13364,1000,999,800,49536,-1,7896244,740136,3590676,62616,1028,29336,108720,4194300,4055708,1882244,218352,1260352,2194528,105944,226556,66160,97000,0,0,221888,0,8,0,0,34592,0]
06-14 17:39:37.304 0 0 W [ 1718.565375] add_to_oom_reaper: 68 callbacks suppressed
06-14 17:39:37.332 0 0 I [ 1718.596609] oom_reaper: reaped process 13364 (ndroid.settings), now anon-rss:0kB, file-rss:0kB, shmem-rss:432kB
06-14 17:39:37.334 1556 4975 I am_proc_died: [0,13364,com.android.settings,999,19]
06-14 17:39:37.402 510 510 I killinfo: [13367,10033,985,800,59724,-1,7896244,824272,3508180,62616,1028,29336,108720,4194300,4058468,1884040,218140,1197448,2175084,105944,226556,66160,96248,0,0,221888,100,100,1,0,34532,0]
06-14 17:39:37.425 0 0 I [ 1718.692154] oom_reaper: reaped process 13367 (oid.documentsui), now anon-rss:0kB, file-rss:0kB, shmem-rss:432kB
06-14 17:39:37.433 1556 4975 I am_proc_died: [0,13367,com.android.documentsui,985,19]
06-14 17:39:37.433 1556 4975 I am_uid_stopped: 10033
06-14 17:39:37.476 510 510 I killinfo: [13416,10114,975,800,60636,-1,7896244,816400,3519260,62616,1028,29336,108720,4194300,4061852,1880052,218332,1188392,2195004,106184,226552,66032,95272,0,0,221916,172,72,2,0,33896,0]
06-14 17:39:37.488 0 0 I [ 1718.752275] oom_reaper: reaped process 13416 (ou.android.auto), now anon-rss:0kB, file-rss:4kB, shmem-rss:488kB
06-14 17:39:37.529 1556 5837 I am_proc_died: [0,13416,com.kugou.android.auto,975,19]
06-14 17:39:37.529 1556 5837 I am_uid_stopped: 10114
06-14 17:39:37.537 510 510 I killinfo: [16630,10104,965,800,100588,-1,7896244,908956,3432856,62616,1024,29320,108720,4194300,4065852,1880740,218772,1152740,2144624,106360,226552,65856,94564,0,0,221916,28,8,3,3,30288,0]
06-14 17:39:37.560 0 0 I [ 1718.825888] oom_reaper: reaped process 16630 (.tencent.qqlive), now anon-rss:0kB, file-rss:368kB, shmem-rss:448kB
06-14 17:39:37.569 1556 4975 I am_proc_died: [0,16630,com.tencent.qqlive,975,19]
06-14 17:39:37.570 1556 4975 I am_uid_stopped: 10104
06-14 17:39:37.573 1556 1689 I am_uid_running: 10033
06-14 17:39:37.573 1556 1689 I am_uid_running: 10114
06-14 17:39:37.573 1556 1689 I am_uid_running: 10104
06-14 17:39:37.577 1556 1697 I am_proc_start: [0,25347,1000,com.android.settings,NULL,]
06-14 17:39:37.583 1556 1697 I am_proc_start: [0,25348,10033,com.android.documentsui,NULL,]
06-14 17:39:37.595 0 0 I [ 1718.859933] binder: 25347:25347 ioctl 40046210 7ff4300c84 returned -22
06-14 17:39:37.601 0 0 I [ 1718.866019] binder: 25348:25348 ioctl 40046210 7ff4300c84 returned -22
06-14 17:39:37.590 1556 1697 I am_proc_start: [0,25356,10114,com.kugou.android.auto,NULL,]
06-14 17:39:37.598 1556 1697 I am_proc_start: [0,25371,10104,com.tencent.qqlive,NULL,]
06-14 17:39:37.599 1556 4975 I am_proc_bound: [0,25347,com.android.settings]
06-14 17:39:37.607 1556 5837 I am_proc_bound: [0,25348,com.android.documentsui]
06-14 17:39:37.619 1556 5837 I am_proc_bound: [0,25356,com.kugou.android.auto]
06-14 17:39:37.632 0 0 I [ 1718.878854] binder: 25356:25356 ioctl 40046210 7ff4300c84 returned -22
06-14 17:39:37.632 0 0 I [ 1718.885497] oom_reaper: reaped process 20269 (com.qiyi.video), now anon-rss:0kB, file-rss:1000kB, shmem-rss:644kB
06-14 17:39:37.632 0 0 I [ 1718.886227] binder: 25371:25371 ioctl 40046210 7ff4300c84 returned -22
06-14 17:39:37.621 510 510 I killinfo: [20269,10094,985,800,215728,-1,7896244,911048,3444104,62616,1024,29332,108720,4194300,4068588,1873460,218292,1152640,2155596,105648,226472,64960,94980,0,0,222268,88,60,4,3,7656,0]
06-14 17:39:37.625 1556 4975 I am_proc_bound: [0,25371,com.tencent.qqlive]
06-14 17:39:37.661 25341 25341 I auditd : type=1400 audit(0.0:4180): avc: denied { read } for comm="ps" name="pid_max" dev="proc" ino=655363 scontext=u:r:untrusted_app:s0:c107,c256,c512,c768 tcontext=u:object_r:proc_pid_max:s0 tclass=file permissive=0 app=com.youku.phone
06-14 17:39:37.681 25261 25261 I auditd : type=1400 audit(0.0:4181): avc: denied { read } for comm="CrashSDKBkgdHan" name="loadavg" dev="proc" ino=4026532243 scontext=u:r:untrusted_app:s0:c107,c256,c512,c768 tcontext=u:object_r:proc_loadavg:s0 tclass=file permissive=0 app=com.youku.phone
06-14 17:39:37.681 25262 25262 I auditd : type=1400 audit(0.0:4182): avc: denied { read } for comm="CrashSDKBkgdHan" name="loadavg" dev="proc" ino=4026532243 scontext=u:r:untrusted_app:s0:c107,c256,c512,c768 tcontext=u:object_r:proc_loadavg:s0 tclass=file permissive=0 app=com.youku.phone
06-14 17:39:37.714 1556 1828 I input_interaction: Interaction with: edge-swipe (server), swipe-up (server), PointerEventDispatcher0 (server),
06-14 17:39:37.725 510 510 I killinfo: [18247,10095,975,800,361196,-1,7896244,991076,3413812,62616,1040,29380,108720,4194300,4073392,1823972,217448,1140584,2136224,105344,226524,62816,96300,0,0,222544,188,100,5,3,9608,0]
06-14 17:39:37.737 0 0 I [ 1719.000726] oom_reaper: reaped process 18247 (droid.ugc.aweme), now anon-rss:0kB, file-rss:3580kB, shmem-rss:1328kB
06-14 17:39:37.743 1556 18734 I am_proc_died: [0,18247,com.ss.android.ugc.aweme,975,19]
06-14 17:39:37.743 1556 18734 I am_uid_stopped: 10095
06-14 17:39:37.760 0 0 I [ 1719.013951] binder: 23259:23859 ioctl c0306201 73ebd5d9f8 returned -14
06-14 17:39:37.775 0 0 I [ 1719.037222] oom_reaper: reaped process 23259 (v.imgo.activity), now anon-rss:0kB, file-rss:32kB, shmem-rss:512kB
06-14 17:39:37.801 0 0 I [ 1719.065984] binder: 25406:25406 ioctl 40046210 ffc7d638 returned -22
06-14 17:39:37.806 0 0 I [ 1719.071541] oom_reaper: reaped process 23932 (Signal Catcher), now anon-rss:0kB, file-rss:116kB, shmem-rss:420kB
06-14 17:39:37.815 0 0 I [ 1719.082004] binder: 25419:25419 ioctl 40046210 7ff4300c84 returned -22
06-14 17:39:37.839 0 0 I [ 1719.097756] binder: 24853:25008 ioctl c0306201 73cc5269f8 returned -14
06-14 17:39:37.839 0 0 I [ 1719.097910] binder: 24853:25009 ioctl c0306201 73cc4289f8 returned -14
06-14 17:39:37.839 0 0 I [ 1719.102924] oom_reaper: reaped process 24853 (u.phone:channel), now anon-rss:0kB, file-rss:140kB, shmem-rss:736kB
06-14 17:39:37.848 0 0 I [ 1719.109679] binder: 25437:25437 ioctl 40046210 ffc7d638 returned -22
06-14 17:39:37.746 510 510 I killinfo: [23259,10101,965,800,90820,-1,7896244,1106688,3437016,62616,1040,28924,108720,4194300,4075984,1690396,214352,1142616,2157996,105020,226520,59672,94012,0,0,222768,240,52,6,3,29708,0]
06-14 17:39:37.749 1556 1689 I am_uid_running: 10095
06-14 17:39:37.774 1556 1697 I am_proc_start: [0,25406,10095,com.ss.android.ugc.aweme,NULL,]
06-14 17:39:37.777 1556 18734 I am_proc_died: [0,23259,com.hunantv.imgo.activity,955,19]
06-14 17:39:37.777 1556 18734 I am_uid_stopped: 10101
06-14 17:39:37.779 1556 1689 I am_uid_running: 10101
06-14 17:39:37.804 1556 1697 I am_proc_start: [0,25419,10101,com.hunantv.imgo.activity,NULL,]
06-14 17:39:37.805 1556 1589 I am_proc_bound: [0,25406,com.ss.android.ugc.aweme]
06-14 17:39:37.805 510 510 I killinfo: [23917,10106,945,800,108212,-1,7896244,1103512,3447596,62616,1040,28920,108720,4194300,4077956,1683960,214008,1142636,2168708,105020,226520,59328,93148,0,0,222820,276,36,7,3,18872,0]
06-14 17:39:37.816 1556 1589 I am_proc_bound: [0,25419,com.hunantv.imgo.activity]
06-14 17:39:37.821 1556 18734 I am_proc_died: [0,23917,com.dragon.read,995,19]
06-14 17:39:37.821 1556 18734 I am_uid_stopped: 10106
06-14 17:39:37.823 1556 1689 I am_uid_running: 10106
06-14 17:39:37.829 1556 1697 I am_proc_start: [0,25437,10106,com.dragon.read,NULL,]
06-14 17:39:37.838 510 510 I killinfo: [24853,10107,955,800,153604,-1,7896244,1109268,3455828,62616,1040,28904,108720,4194300,4079180,1674964,213536,1140240,2179576,104996,226408,58876,93296,0,0,222868,312,36,8,3,1728,0]
06-14 17:39:37.845 1556 18734 I am_proc_bound: [0,25437,com.dragon.read]
06-14 17:39:37.917 0 0 W [ 1719.181640] audit: audit_lost=3360 audit_rate_limit=5 audit_backlog_limit=64
06-14 17:39:37.917 0 0 E [ 1719.181644] audit: rate limit exceeded
06-14 17:39:37.937 0 0 I [ 1719.203237] binder: 25262:25346 ioctl c0306201 73f13e89f8 returned -14
06-14 17:39:37.936 510 510 I killinfo: [25262,10107,935,800,140180,-1,7896244,1137056,3455496,62616,1048,28920,108720,4194300,4079460,1651796,211728,1132712,2186648,104372,226028,58240,93268,0,0,222872,412,100,9,3,1704,0]
06-14 17:39:37.960 0 0 I [ 1719.227976] oom_reaper: reaped process 25262 (one:gpu_process), now anon-rss:0kB, file-rss:0kB, shmem-rss:396kB
06-14 17:39:37.973 1556 1589 I am_proc_died: [0,25262,com.youku.phone:gpu_process,935,19]
06-14 17:39:37.974 1556 1589 I am_schedule_service_restart: [0,com.youku.phone/com.taobao.uc.service.GpuProcessService0,1000]
06-14 17:39:37.975 1556 5961 I am_proc_died: [0,24853,com.youku.phone:channel,945,19]
06-14 17:39:37.976 1556 5961 I am_schedule_service_restart: [0,com.youku.phone/com.alibaba.analytics.AnalyticsService,10998]
06-14 17:39:37.984 0 0 I [ 1719.241416] binder: send failed reply for transaction 940883 to 23387:23486
06-14 17:39:37.978 510 510 I killinfo: [25261,10107,935,800,129840,-1,7896244,1183476,3426848,62616,1048,28920,108720,4194300,4079460,1639428,211500,1116524,2173820,104024,226020,57824,91012,0,0,222872,472,60,10,3,1704,0]
06-14 17:39:38.009 0 0 I [ 1719.268145] oom_reaper: reaped process 25261 (vilege_process0), now anon-rss:0kB, file-rss:0kB, shmem-rss:396kB
06-14 17:39:38.009 0 0 I [ 1719.276146] binder: release 25261:25275 transaction 940352 in, still active
06-14 17:39:38.009 0 0 I [ 1719.276148] binder: send failed reply for transaction 940352 to 23387:25251
06-14 17:39:38.009 1556 2043 I am_proc_died: [0,25261,com.youku.phone:sandboxed_privilege_process0,985,19]
06-14 17:39:38.009 1556 2043 I am_schedule_service_restart: [0,com.youku.phone/com.taobao.uc.service.SandboxedPrivilegedProcessService0,20965]
06-14 17:39:38.021 510 510 I killinfo: [23387,10107,985,800,200716,-1,7896244,1182352,3440624,62616,1048,28904,108720,4194300,4079460,1627072,211484,1116548,2187992,104016,225404,57472,89848,0,0,222872,500,28,11,3,3252,0]
06-14 17:39:38.103 510 510 I killinfo: [25347,1000,975,800,72200,-1,7896244,1226492,3433688,62616,1048,28888,108720,4194300,4079708,1600252,209396,1093068,2205012,104092,224992,54408,88168,0,0,222876,600,99,12,3,1716,0]
06-14 17:39:38.126 1556 2043 I am_proc_died: [0,25347,com.android.settings,975,19]
06-14 17:39:38.153 0 0 I [ 1719.417635] oom_reaper: reaped process 23387 (com.youku.phone), now anon-rss:0kB, file-rss:336kB, shmem-rss:1260kB
06-14 17:39:38.137 510 510 I killinfo: [25348,10033,965,800,89440,-1,7896244,1228120,3440844,62616,1048,28872,108720,4194300,4079708,1588408,209380,1095156,2210424,103900,224696,54136,87252,0,0,222876,624,24,13,3,1708,0]
06-14 17:39:38.171 0 0 I [ 1719.432852] oom_reaper: reaped process 25348 (oid.documentsui), now anon-rss:0kB, file-rss:0kB, shmem-rss:380kB
06-14 17:39:38.174 1556 5961 I am_proc_died: [0,25348,com.android.documentsui,915,19]
06-14 17:39:38.174 1556 5961 I am_uid_stopped: 10033
06-14 17:39:38.176 0 0 I [ 1719.440903] binder: undelivered TRANSACTION_COMPLETE
06-14 17:39:38.176 0 0 I [ 1719.440909] binder: undelivered transaction 941085, process died.
06-14 17:39:38.177 510 510 I killinfo: [25356,10114,955,800,73424,-1,7896244,1249956,3456876,62616,1048,28872,108720,4194300,4079708,1550692,209380,1098612,2222924,103900,224664,53692,86232,0,0,222948,672,48,14,3,1712,0]
06-14 17:39:38.200 0 0 I [ 1719.465686] oom_reaper: reaped process 25356 (ou.android.auto), now anon-rss:0kB, file-rss:0kB, shmem-rss:380kB
06-14 17:39:38.207 0 0 I [ 1719.472348] binder: undelivered transaction 941109, process died.
06-14 17:39:38.205 1556 5961 I am_proc_died: [0,25356,com.kugou.android.auto,955,19]
06-14 17:39:38.205 1556 5961 I am_uid_stopped: 10114
06-14 17:39:38.208 510 510 I killinfo: [25371,10104,945,800,73920,-1,7896244,1244960,3466992,62616,1048,28856,108720,4194300,4079708,1547396,209364,1099516,2231796,103900,224416,53480,85524,0,0,222948,704,32,15,3,1712,0]
