06-14 17:39:07.565 22696 22696 I auditd : type=1400 audit(0.0:4114): avc: denied { read } for comm="tencent.mm:push" name="anr" dev="dm-10" ino=22 scontext=u:r:untrusted_app_29:s0:c108,c256,c512,c768 tcontext=u:object_r:anr_data_file:s0 tclass=dir permissive=0 app=com.tencent.mm
06-14 17:39:07.575 1556 1689 I sysui_multi_action: [757,803,799,window_time_2,802,0]
06-14 17:39:07.606 0 0 I [ 1688.873006] binder: 22298:22674 ioctl 40046210 74681331f4 returned -22
06-14 17:39:07.662 22298 22298 I wm_on_create_called: [264656644,com.tencent.mm.plugin.account.ui.WelcomeActivity,performCreate]
06-14 17:39:07.663 22298 22298 I wm_on_start_called: [264656644,com.tencent.mm.plugin.account.ui.WelcomeActivity,handleStartActivity]
06-14 17:39:07.666 22298 22298 I wm_on_resume_called: [264656644,com.tencent.mm.plugin.account.ui.WelcomeActivity,RESUME_ACTIVITY]
06-14 17:39:07.670 22298 22298 I wm_on_top_resumed_gained_called: [264656644,com.tencent.mm.plugin.account.ui.WelcomeActivity,topStateChangedWhenResumed]
06-14 17:39:07.685 1556 1690 I input_focus: [Focus request 488e859 com.tencent.mm/com.tencent.mm.plugin.account.ui.WelcomeActivity,reason=UpdateInputWindows]
06-14 17:39:07.713 1556 1828 I input_focus: [Focus entering 488e859 com.tencent.mm/com.tencent.mm.plugin.account.ui.WelcomeActivity (server),reason=Window became focusable. Previous reason: NOT_VISIBLE]
06-14 17:39:07.715 1556 1689 I wm_stop_activity: [0,43458523,com.kugou.android/.app.MediaActivity]
06-14 17:39:07.715 1556 1689 I wm_stop_activity: [0,165519259,com.kugou.android/com.kugou.common.useraccount.app.KgUserLoginAndRegActivity]
06-14 17:39:07.715 1556 1689 I wm_stop_activity: [0,105459777,com.kugou.android/com.kugou.crash.snow.JonSnow$HintActivity]
06-14 17:39:07.737 18206 18206 I wm_on_stop_called: [43458523,com.kugou.android.app.MediaActivity,STOP_ACTIVITY_ITEM]
06-14 17:39:07.761 18206 18206 I wm_on_paused_called: [105459777,com.kugou.crash.snow.JonSnow$HintActivity,performPause]
06-14 17:39:07.763 18206 18206 I wm_on_stop_called: [105459777,com.kugou.crash.snow.JonSnow$HintActivity,STOP_ACTIVITY_ITEM]
06-14 17:39:07.829 22862 22862 I auditd : type=1400 audit(0.0:4115): avc: granted { bind } for comm="ip" scontext=u:r:untrusted_app_29:s0:c108,c256,c512,c768 tcontext=u:r:untrusted_app_29:s0:c108,c256,c512,c768 tclass=netlink_route_socket app=com.tencent.mm
06-14 17:39:07.833 22696 22696 I auditd : type=1400 audit(0.0:4116): avc: granted { nlmsg_readpriv } for comm="mars::22835" scontext=u:r:untrusted_app_29:s0:c108,c256,c512,c768 tcontext=u:r:untrusted_app_29:s0:c108,c256,c512,c768 tclass=netlink_route_socket app=com.tencent.mm
06-14 17:39:07.833 22696 22696 I auditd : type=1400 audit(0.0:4117): avc: granted { nlmsg_readpriv } for comm="mars::22835" scontext=u:r:untrusted_app_29:s0:c108,c256,c512,c768 tcontext=u:r:untrusted_app_29:s0:c108,c256,c512,c768 tclass=netlink_route_socket app=com.tencent.mm
06-14 17:39:07.881 0 0 W [ 1689.148444] audit: audit_lost=3341 audit_rate_limit=5 audit_backlog_limit=64
06-14 17:39:07.881 0 0 E [ 1689.148446] audit: rate limit exceeded
06-14 17:39:07.877 22696 22696 I auditd : type=1400 audit(0.0:4118): avc: granted { nlmsg_readpriv } for comm="mars::22873" scontext=u:r:untrusted_app_29:s0:c108,c256,c512,c768 tcontext=u:r:untrusted_app_29:s0:c108,c256,c512,c768 tclass=netlink_route_socket app=com.tencent.mm
06-14 17:39:08.652 1556 6413 I wm_task_moved: [1031,1,8]
06-14 17:39:08.652 1556 6413 I wm_task_to_front: [0,1031]
06-14 17:39:08.653 1556 6413 I wm_focused_root_task: [0,0,1031,1054,bringingFoundTaskToFront]
06-14 17:39:08.654 1556 6413 I wm_set_resumed_activity: [0,com.kugou.android/com.kugou.crash.snow.JonSnow$HintActivity,bringingFoundTaskToFront]
06-14 17:39:08.655 1556 6413 I wm_task_moved: [1031,1,8]
06-14 17:39:08.656 1556 6413 I wm_create_activity: [0,259413996,1031,com.kugou.android/.app.splash.SplashActivity,android.intent.action.MAIN,NULL,NULL,274726912]
06-14 17:39:08.657 1556 6413 I wm_restart_activity: [0,259413996,1031,com.kugou.android/.app.splash.SplashActivity]
06-14 17:39:08.658 1556 6413 I wm_set_resumed_activity: [0,com.kugou.android/.app.splash.SplashActivity,minimalResumeActivityLocked]
06-14 17:39:08.659 1556 6413 I wm_add_to_stopping: [0,264656644,com.tencent.mm/.plugin.account.ui.WelcomeActivity,makeInvisible]
06-14 17:39:08.659 1556 6413 I wm_add_to_stopping: [0,154822208,com.tencent.mm/.plugin.account.ui.WelcomeActivity,makeInvisible]
06-14 17:39:08.659 1556 6413 I wm_add_to_stopping: [0,170537484,com.tencent.mm/.ui.LauncherUI,makeInvisible]
06-14 17:39:08.660 22298 22298 I wm_on_top_resumed_lost_called: [264656644,com.tencent.mm.plugin.account.ui.WelcomeActivity,topStateChangedWhenResumed]
06-14 17:39:08.666 1556 6270 I wm_finish_activity: [0,259413996,1031,com.kugou.android/.app.splash.SplashActivity,app-request]
06-14 17:39:08.666 1556 6270 I wm_pause_activity: [0,259413996,com.kugou.android/.app.splash.SplashActivity,userLeaving=false,finish]
06-14 17:39:08.672 18206 18206 I wm_on_create_called: [259413996,com.kugou.android.app.splash.SplashActivity,performCreate]
06-14 17:39:08.675 18206 18206 I wm_on_restart_called: [105459777,com.kugou.crash.snow.JonSnow$HintActivity,performRestartActivity]
06-14 17:39:08.676 18206 18206 I wm_on_start_called: [105459777,com.kugou.crash.snow.JonSnow$HintActivity,handleStartActivity]
06-14 17:39:08.676 18206 18206 I wm_on_restart_called: [43458523,com.kugou.android.app.MediaActivity,performRestartActivity]
06-14 17:39:08.679 1556 1828 I input_focus: [Focus leaving 488e859 com.tencent.mm/com.tencent.mm.plugin.account.ui.WelcomeActivity (server),reason=NO_WINDOW]
06-14 17:39:08.681 18206 18206 I wm_on_start_called: [43458523,com.kugou.android.app.MediaActivity,handleStartActivity]
06-14 17:39:08.681 1556 1695 I am_pss : [20269,10094,com.qiyi.video,185024512,177688576,32768,299171840,0,19,17]
06-14 17:39:08.710 1556 2320 I wm_add_to_stopping: [0,259413996,com.kugou.android/.app.splash.SplashActivity,completeFinishing]
06-14 17:39:08.712 1556 2320 I wm_set_resumed_activity: [0,com.kugou.android/com.kugou.crash.snow.JonSnow$HintActivity,resumeTopActivityInnerLocked]
06-14 17:39:08.713 1556 2320 I wm_resume_activity: [0,105459777,1031,com.kugou.android/com.kugou.crash.snow.JonSnow$HintActivity]
06-14 17:39:08.717 1556 1689 I wm_destroy_activity: [0,259413996,1031,com.kugou.android/.app.splash.SplashActivity,finish-imm:idle]
06-14 17:39:08.717 1556 1690 I input_focus: [Focus request fea8a7e com.kugou.android/com.kugou.crash.snow.JonSnow$HintActivity,reason=UpdateInputWindows]
06-14 17:39:08.719 1556 1689 I sysui_multi_action: [757,803,799,window_time_2,802,1]
06-14 17:39:08.732 18206 18206 I wm_on_resume_called: [105459777,com.kugou.crash.snow.JonSnow$HintActivity,RESUME_ACTIVITY]
06-14 17:39:08.732 18206 18206 I wm_on_top_resumed_gained_called: [105459777,com.kugou.crash.snow.JonSnow$HintActivity,topWhenResuming]
06-14 17:39:08.737 18206 18206 I wm_on_destroy_called: [259413996,com.kugou.android.app.splash.SplashActivity,performDestroy]
06-14 17:39:09.072 0 0 E [ 1690.336138] link_delay_work_func: DTC_ETH: SQI=0, link=0
06-14 17:39:09.942 1556 6270 I wm_task_moved: [1041,1,8]
06-14 17:39:09.942 1556 6270 I wm_task_to_front: [0,1041]
06-14 17:39:09.943 1556 6270 I wm_focused_root_task: [0,0,1041,1031,bringingFoundTaskToFront]
06-14 17:39:09.943 18206 18206 I wm_on_top_resumed_lost_called: [105459777,com.kugou.crash.snow.JonSnow$HintActivity,topStateChangedWhenResumed]
06-14 17:39:09.944 1556 6270 I wm_set_resumed_activity: [0,com.hunantv.imgo.activity/.MainActivity,bringingFoundTaskToFront]
06-14 17:39:09.944 1556 6270 I wm_new_intent: [0,162903211,1041,com.hunantv.imgo.activity/.MainActivity,android.intent.action.MAIN,NULL,NULL,270532608]
06-14 17:39:09.945 1556 6270 I wm_pause_activity: [0,264656644,com.tencent.mm/.plugin.account.ui.WelcomeActivity,userLeaving=true,pauseBackTasks]
06-14 17:39:09.945 1556 6270 I wm_pause_activity: [0,106812043,com.android.launcher3/.uioverrides.QuickstepLauncher,userLeaving=true,pauseBackTasks]
06-14 17:39:09.948 18952 18952 I wm_on_paused_called: [106812043,com.android.launcher3.uioverrides.QuickstepLauncher,performPause]
06-14 17:39:09.950 1556 2360 I wm_add_to_stopping: [0,106812043,com.android.launcher3/.uioverrides.QuickstepLauncher,makeInvisible]
06-14 17:39:09.953 22298 22298 I wm_on_paused_called: [264656644,com.tencent.mm.plugin.account.ui.WelcomeActivity,performPause]
06-14 17:39:09.956 1556 2360 I wm_set_resumed_activity: [0,com.hunantv.imgo.activity/.MainActivity,resumeTopActivityInnerLocked]
06-14 17:39:09.957 1556 2360 I wm_resume_activity: [0,162903211,1041,com.hunantv.imgo.activity/.MainActivity]
06-14 17:39:09.959 1556 1689 I sysui_multi_action: [757,803,799,window_time_2,802,2]
06-14 17:39:09.961 1556 1689 I sysui_multi_action: [757,803,799,window_time_0,802,0]
06-14 17:39:09.964 18348 18348 I wm_on_restart_called: [162903211,com.hunantv.imgo.activity.MainActivity,performRestartActivity]
06-14 17:39:09.964 18348 18348 I wm_on_start_called: [162903211,com.hunantv.imgo.activity.MainActivity,handleStartActivity]
06-14 17:39:09.966 18348 18348 I wm_on_resume_called: [162903211,com.hunantv.imgo.activity.MainActivity,RESUME_ACTIVITY]
06-14 17:39:09.966 18348 18348 I wm_on_top_resumed_gained_called: [162903211,com.hunantv.imgo.activity.MainActivity,topWhenResuming]
06-14 17:39:09.981 1556 1690 I input_focus: [Focus request afd968 com.hunantv.imgo.activity/com.hunantv.imgo.activity.MainActivity,reason=UpdateInputWindows]
06-14 17:39:10.001 1556 1914 I sync : [com.tencent.android.qqdownloader.YYBLiveAccountProvider,0,3,24220937]
06-14 17:39:10.014 1556 1914 I sync : [com.tencent.android.qqdownloader.YYBLiveAccountProvider,1,3,24220937]
06-14 17:39:10.016 1556 1914 I commit_sys_config_file: [sync-status,1674179]
06-14 17:39:10.019 1556 1914 I sync : [com.tencent.android.qqdownloader.YYBLiveAccountProvider,0,3,24220937]
06-14 17:39:10.031 1556 1914 I sync : [com.tencent.android.qqdownloader.YYBLiveAccountProvider,1,3,24220937]
06-14 17:39:10.032 1556 1914 I commit_sys_config_file: [sync-status,1674195]
06-14 17:39:10.737 1556 1865 I storage_state: [41217664-9172-527a-b3d5-edabb50a7d69,0,0,61301780480,118610538496]
06-14 17:39:11.461 1556 1828 I input_interaction: Interaction with: edge-swipe (server), swipe-up (server), PointerEventDispatcher0 (server),
06-14 17:39:12.020 1556 1688 I commit_sys_config_file: [jobs,4]
06-14 17:39:14.196 0 0 E [ 1695.460192] link_delay_work_func: DTC_ETH: SQI=0, link=0
06-14 17:39:14.983 1556 1689 I wm_stop_activity: [0,170537484,com.tencent.mm/.ui.LauncherUI]
06-14 17:39:14.983 1556 1689 I wm_stop_activity: [0,264656644,com.tencent.mm/.plugin.account.ui.WelcomeActivity]
06-14 17:39:14.998 1556 1828 I input_focus: [Focus entering afd968 com.hunantv.imgo.activity/com.hunantv.imgo.activity.MainActivity (server),reason=Window became focusable. Previous reason: NOT_VISIBLE]
06-14 17:39:15.007 2066 2066 I sqlite_mem_released: 0
06-14 17:39:15.007 2066 2066 I force_gc: mem
06-14 17:39:15.027 22298 22298 I wm_on_stop_called: [170537484,com.tencent.mm.ui.LauncherUI,STOP_ACTIVITY_ITEM]
06-14 17:39:15.038 22298 22298 I wm_on_stop_called: [264656644,com.tencent.mm.plugin.account.ui.WelcomeActivity,STOP_ACTIVITY_ITEM]
06-14 17:39:15.525 1556 1689 I wm_stop_activity: [0,106812043,com.android.launcher3/.uioverrides.QuickstepLauncher]
06-14 17:39:15.550 18952 18952 I wm_on_stop_called: [106812043,com.android.launcher3.uioverrides.QuickstepLauncher,STOP_ACTIVITY_ITEM]
06-14 17:39:16.262 1556 1828 I input_interaction: Interaction with: afd968 com.hunantv.imgo.activity/com.hunantv.imgo.activity.MainActivity (server), edge-swipe (server), swipe-up (server), PointerEventDispatcher0 (server),
06-14 17:39:16.276 1556 6270 I wm_task_moved: [937,0,0]
06-14 17:39:16.277 1556 6270 I wm_task_moved: [937,0,7]
06-14 17:39:16.286 18952 18952 I wm_on_restart_called: [106812043,com.android.launcher3.uioverrides.QuickstepLauncher,performRestartActivity]
06-14 17:39:16.337 18952 18952 I wm_on_start_called: [106812043,com.android.launcher3.uioverrides.QuickstepLauncher,handleStartActivity]
06-14 17:39:16.338 18348 18348 I view_enqueue_input_event: [Motion - Cancel,com.hunantv.imgo.activity/com.hunantv.imgo.activity.MainActivity]
06-14 17:39:16.339 1556 1828 I input_interaction: Interaction with: edge-swipe (server), swipe-up (server), PointerEventDispatcher0 (server),
06-14 17:39:16.346 1556 1690 I input_focus: [Focus request recents_animation_input_consumer,reason=UpdateInputWindows]
06-14 17:39:16.352 18952 18952 I sysui_latency: [1,91]
06-14 17:39:16.364 1556 1828 I input_focus: [Focus leaving afd968 com.hunantv.imgo.activity/com.hunantv.imgo.activity.MainActivity (server),reason=NOT_FOCUSABLE]
06-14 17:39:16.364 1556 1828 I input_focus: [Focus entering recents_animation_input_consumer (server),reason=setFocusedWindow]
06-14 17:39:16.368 1556 1686 I sysui_multi_action: [319,12,322,81,325,1697,757,761,758,9,759,5,806,com.android.launcher3,871,com.android.launcher3.uioverrides.QuickstepLauncher,904,com.android.launcher3,905,0,1320,8,1321,5]
06-14 17:39:16.441 0 0 E [ 1697.704133] msm_pcm_playback_close: CMD_EOS failed, cmd_pending 0x8
06-14 17:39:16.541 1556 1817 I commit_sys_config_file: [settings-1-0,4]
06-14 17:39:16.660 1556 1695 I sysui_latency: [8,92]
06-14 17:39:17.118 1556 6193 I wm_task_moved: [937,1,8]
06-14 17:39:17.119 1556 6193 I wm_task_moved: [938,1,2147483647]
06-14 17:39:17.119 1556 6193 I wm_task_to_front: [0,938]
06-14 17:39:17.119 1556 6193 I wm_focused_root_task: [0,0,937,1041,RecentsAnimation.onAnimationFinished()]
06-14 17:39:17.119 18348 18348 I wm_on_top_resumed_lost_called: [162903211,com.hunantv.imgo.activity.MainActivity,topStateChangedWhenResumed]
06-14 17:39:17.120 1556 6193 I wm_set_resumed_activity: [0,com.android.launcher3/.uioverrides.QuickstepLauncher,RecentsAnimation.onAnimationFinished()]
06-14 17:39:17.121 1556 6193 I wm_pause_activity: [0,162903211,com.hunantv.imgo.activity/.MainActivity,userLeaving=true,pauseBackTasks]
06-14 17:39:17.122 1556 6193 I wm_add_to_stopping: [0,162903211,com.hunantv.imgo.activity/.MainActivity,makeInvisible]
06-14 17:39:17.123 1556 6193 I wm_set_resumed_activity: [0,com.android.launcher3/.uioverrides.QuickstepLauncher,resumeTopActivityInnerLocked]
06-14 17:39:17.126 1556 6193 I wm_resume_activity: [0,106812043,938,com.android.launcher3/.uioverrides.QuickstepLauncher]
06-14 17:39:17.127 18952 18952 I wm_on_resume_called: [106812043,com.android.launcher3.uioverrides.QuickstepLauncher,RESUME_ACTIVITY]
06-14 17:39:17.135 1556 1690 I input_focus: [Focus request fc034d7 com.android.launcher3/com.android.launcher3.uioverrides.QuickstepLauncher,reason=UpdateInputWindows]
06-14 17:39:17.143 18348 18348 I wm_on_paused_called: [162903211,com.hunantv.imgo.activity.MainActivity,performPause]
06-14 17:39:17.144 18952 18952 I wm_on_top_resumed_gained_called: [106812043,com.android.launcher3.uioverrides.QuickstepLauncher,topStateChangedWhenResumed]
06-14 17:39:17.146 1556 5837 I wm_task_created: [1055,-1]
06-14 17:39:17.147 1556 1828 I input_focus: [Focus leaving recents_animation_input_consumer (server),reason=NOT_VISIBLE]
06-14 17:39:17.147 1556 1828 I input_focus: [Focus entering fc034d7 com.android.launcher3/com.android.launcher3.uioverrides.QuickstepLauncher (server),reason=setFocusedWindow]
06-14 17:39:17.147 1556 5837 I wm_task_created: [1056,-1]
06-14 17:39:17.148 1556 5837 I wm_task_moved: [1056,0,-2147483648]
06-14 17:39:17.149 1556 5837 I wm_create_task: [0,1056]
06-14 17:39:17.149 1556 5837 I wm_create_activity: [0,2115610,1056,com.android.launcher3/com.android.quickstep.RecentsActivity,NULL,NULL,NULL,276889600]
06-14 17:39:17.149 1556 5837 I wm_task_moved: [1055,0,0]
06-14 17:39:17.149 1556 5837 I wm_task_moved: [1055,0,8]
06-14 17:39:17.151 1556 5837 I wm_restart_activity: [0,2115610,1056,com.android.launcher3/com.android.quickstep.RecentsActivity]
06-14 17:39:17.157 1556 6660 I wm_stop_activity: [0,162903211,com.hunantv.imgo.activity/.MainActivity]
06-14 17:39:17.164 1556 1689 I sysui_multi_action: [757,803,799,window_time_0,802,7]
06-14 17:39:17.165 1556 6660 I wm_task_moved: [1055,1,9]
06-14 17:39:17.165 1556 6660 I wm_focused_root_task: [0,0,1055,937,RecentsAnimation.onAnimationFinished()]
06-14 17:39:17.166 1556 6660 I wm_pause_activity: [0,106812043,com.android.launcher3/.uioverrides.QuickstepLauncher,userLeaving=false,pauseBackTasks]
06-14 17:39:17.167 1556 6660 I wm_set_resumed_activity: [0,com.android.launcher3/com.android.quickstep.RecentsActivity,resumeTopActivityInnerLocked]
06-14 17:39:17.167 1556 6660 I wm_resume_activity: [0,2115610,1056,com.android.launcher3/com.android.quickstep.RecentsActivity]
06-14 17:39:17.169 1556 1689 I sysui_multi_action: [757,803,799,window_time_0,802,0]
06-14 17:39:17.170 18348 18348 I wm_on_stop_called: [162903211,com.hunantv.imgo.activity.MainActivity,STOP_ACTIVITY_ITEM]
06-14 17:39:17.173 1556 1689 I sysui_multi_action: [757,803,799,window_time_0,802,0]
06-14 17:39:17.173 1556 6193 I wm_finish_activity: [0,2115610,1056,com.android.launcher3/com.android.quickstep.RecentsActivity,app-request]
06-14 17:39:17.174 1556 6193 I wm_task_moved: [937,1,9]
06-14 17:39:17.174 1556 6193 I wm_task_moved: [938,1,2147483647]
06-14 17:39:17.174 1556 6193 I wm_focused_root_task: [0,0,937,-1,finish-top adjustFocusToNextFocusableTask]
06-14 17:39:17.174 1556 6193 I wm_pause_activity: [0,2115610,com.android.launcher3/com.android.quickstep.RecentsActivity,userLeaving=false,finish]
06-14 17:39:17.175 18952 18952 I wm_on_create_called: [2115610,com.android.quickstep.RecentsActivity,performCreate]
06-14 17:39:17.175 1556 1690 I input_focus: [Focus request fc034d7 com.android.launcher3/com.android.launcher3.uioverrides.QuickstepLauncher,reason=UpdateInputWindows]
06-14 17:39:17.177 1556 1689 I sysui_multi_action: [757,803,799,window_time_0,802,0]
06-14 17:39:17.177 18952 18952 I wm_on_top_resumed_lost_called: [106812043,com.android.launcher3.uioverrides.QuickstepLauncher,topStateChangedWhenResumed]
06-14 17:39:17.178 18952 18952 I wm_on_paused_called: [106812043,com.android.launcher3.uioverrides.QuickstepLauncher,performPause]
06-14 17:39:17.178 1556 1689 I sysui_multi_action: [757,1144,758,8,806,com.android.launcher3,871,com.android.quickstep.RecentsActivity]
06-14 17:39:17.179 1556 1873 I wm_set_resumed_activity: [0,com.android.launcher3/.uioverrides.QuickstepLauncher,resumeTopActivityInnerLocked]
06-14 17:39:17.179 1556 1873 I wm_resume_activity: [0,106812043,938,com.android.launcher3/.uioverrides.QuickstepLauncher]
06-14 17:39:17.182 18952 18952 I wm_on_resume_called: [106812043,com.android.launcher3.uioverrides.QuickstepLauncher,RESUME_ACTIVITY]
06-14 17:39:17.182 18952 18952 I wm_on_top_resumed_gained_called: [106812043,com.android.launcher3.uioverrides.QuickstepLauncher,topWhenResuming]
06-14 17:39:17.185 1556 1689 I sysui_multi_action: [757,803,799,window_time_0,802,0]
06-14 17:39:17.197 1556 6660 I wm_destroy_activity: [0,2115610,1056,com.android.launcher3/com.android.quickstep.RecentsActivity,finish-idle]
06-14 17:39:17.198 18952 18952 I wm_on_destroy_called: [2115610,com.android.quickstep.RecentsActivity,performDestroy]
06-14 17:39:17.198 1556 6660 I wm_task_removed: [1056,cleanUpResourcesForDestroy]
06-14 17:39:17.198 1556 6660 I wm_task_removed: [1055,removeChild:removeChild last r=Task{77c3a41 #1056 type=recents I=com.android.launcher3/com.android.quickstep.RecentsActivity U=0 visible=false mode=fullscreen translucent=true sz=0 visible freeform task=true rootAffinity=null isMini=false} in t=Task{bda213b #1055 type=recents ?? U=0 visible=false mode=fullscreen translucent=true sz=0 visible freeform task=true rootAffinity=null isMini=false}]
06-14 17:39:17.198 1556 6660 I wm_task_removed: [1055,removeChild]
06-14 17:39:17.198 1556 6660 I wm_task_removed: [1056,removeChild:removeChild last r=ActivityRecord{20481a u0 com.android.launcher3/com.android.quickstep.RecentsActivity taskAffinity=null t-1 f}} in t=Task{77c3a41 #1056 type=recents I=com.android.launcher3/com.android.quickstep.RecentsActivity U=0 visible=false mode=fullscreen translucent=true sz=0 visible freeform task=true rootAffinity=null isMini=false}]
06-14 17:39:17.198 1556 6660 I wm_task_removed: [1056,removeChild]
06-14 17:39:18.103 1556 1828 I input_interaction: Interaction with: fc034d7 com.android.launcher3/com.android.launcher3.uioverrides.QuickstepLauncher (server), 1c9764a com.android.systemui.ImageWallpaper (server), edge-swipe (server), swipe-up (server), PointerEventDispatcher0 (server),
06-14 17:39:18.204 1556 6193 I wm_task_created: [1057,-1]
06-14 17:39:18.207 1556 6193 I wm_task_moved: [1057,1,9]
06-14 17:39:18.207 1556 6193 I wm_task_to_front: [0,1057]
06-14 17:39:18.207 1556 6193 I wm_create_task: [0,1057]
06-14 17:39:18.207 1556 6193 I wm_create_activity: [0,264123718,1057,com.tencent.tmgp.speedmobile/com.tencent.gcloud.msdk.core.policy.MSDKPolicyActivity,android.intent.action.MAIN,NULL,NULL,270532608]
06-14 17:39:18.207 1556 6193 I wm_task_moved: [1057,1,9]
06-14 17:39:18.208 1556 6193 I wm_pause_activity: [0,106812043,com.android.launcher3/.uioverrides.QuickstepLauncher,userLeaving=true,pauseBackTasks]
06-14 17:39:18.209 1556 6193 I wm_finish_activity: [0,170537484,1054,com.tencent.mm/.ui.LauncherUI,recent-task-trimmed]
06-14 17:39:18.209 1556 6193 I wm_destroy_activity: [0,170537484,1054,com.tencent.mm/.ui.LauncherUI,finish-imm:finishIfPossible]
06-14 17:39:18.209 1556 6193 I wm_finish_activity: [0,154822208,1054,com.tencent.mm/.plugin.account.ui.WelcomeActivity,recent-task-trimmed]
06-14 17:39:18.210 1556 6193 I wm_destroy_activity: [0,154822208,1054,com.tencent.mm/.plugin.account.ui.WelcomeActivity,finish-imm:finishIfPossible]
06-14 17:39:18.210 1556 6193 I wm_finish_activity: [0,264123718,1057,com.tencent.tmgp.speedmobile/com.tencent.gcloud.msdk.core.policy.MSDKPolicyActivity,startActivity]
06-14 17:39:18.210 1556 6193 I wm_task_moved: [937,1,9]
06-14 17:39:18.210 1556 6193 I wm_task_moved: [938,1,2147483647]
06-14 17:39:18.210 1556 6193 I wm_task_to_front: [0,938]
06-14 17:39:18.210 1556 6193 I wm_focused_root_task: [0,0,937,-1,finish-top adjustFocusToNextFocusableTask]
06-14 17:39:18.211 1556 6193 I wm_destroy_activity: [0,264123718,1057,com.tencent.tmgp.speedmobile/com.tencent.gcloud.msdk.core.policy.MSDKPolicyActivity,finish-imm:finishIfPossible]
06-14 17:39:18.211 1556 6193 I wm_task_removed: [1057,removeChild:removeChild last r=ActivityRecord{fbe3546 u0 com.tencent.tmgp.speedmobile/com.tencent.gcloud.msdk.core.policy.MSDKPolicyActivity taskAffinity=10100:com.tencent.tmgp.speedmobile t-1 f}} in t=Task{acd3a5d #1057 type=standard A=10100:com.tencent.tmgp.speedmobile U=0 visible=false mode=fullscreen translucent=true sz=0 visible freeform task=true rootAffinity=10100:com.tencent.tmgp.speedmobile isMini=false}]
06-14 17:39:18.211 1556 6193 I wm_task_removed: [1057,removeChild]
06-14 17:39:18.213 18952 18952 I wm_on_top_resumed_lost_called: [106812043,com.android.launcher3.uioverrides.QuickstepLauncher,topStateChangedWhenResumed]
06-14 17:39:18.214 18952 18952 I wm_on_paused_called: [106812043,com.android.launcher3.uioverrides.QuickstepLauncher,performPause]
06-14 17:39:18.215 1556 6193 I wm_set_resumed_activity: [0,com.android.launcher3/.uioverrides.QuickstepLauncher,resumeTopActivityInnerLocked]
06-14 17:39:18.221 1556 6193 I wm_resume_activity: [0,106812043,938,com.android.launcher3/.uioverrides.QuickstepLauncher]
06-14 17:39:18.224 18952 18952 I wm_on_resume_called: [106812043,com.android.launcher3.uioverrides.QuickstepLauncher,RESUME_ACTIVITY]
06-14 17:39:18.224 18952 18952 I wm_on_top_resumed_gained_called: [106812043,com.android.launcher3.uioverrides.QuickstepLauncher,topWhenResuming]
06-14 17:39:18.224 1556 1689 I am_uid_running: 10100
06-14 17:39:18.226 1556 1689 I sysui_multi_action: [757,803,799,window_time_0,802,1]
06-14 17:39:18.231 1556 1697 I am_proc_start: [0,23058,10100,com.tencent.tmgp.speedmobile,pre-top-activity,{com.tencent.tmgp.speedmobile/com.tencent.gcloud.msdk.core.policy.MSDKPolicyActivity}]
06-14 17:39:18.241 0 0 I [ 1699.506640] binder: 23058:23058 ioctl 40046210 7ff4300c84 returned -22
06-14 17:39:18.242 1556 6193 I am_proc_bound: [0,23058,com.tencent.tmgp.speedmobile]
06-14 17:39:18.247 22298 22298 I wm_on_destroy_called: [170537484,com.tencent.mm.ui.LauncherUI,performDestroy]
06-14 17:39:18.273 1556 1695 I am_pss : [18247,10095,com.ss.android.ugc.aweme,489122816,468860928,78848,589197312,0,19,31]
06-14 17:39:19.308 0 0 E [ 1700.576065] link_delay_work_func: DTC_ETH: SQI=0, link=0
06-14 17:39:19.806 1556 5837 I wm_task_created: [1058,-1]
06-14 17:39:19.809 1556 5837 I wm_task_moved: [1058,1,9]
06-14 17:39:19.809 1556 5837 I wm_task_to_front: [0,1058]
06-14 17:39:19.809 1556 5837 I wm_create_task: [0,1058]
06-14 17:39:19.809 1556 5837 I wm_create_activity: [0,118776194,1058,com.youku.phone/.ActivityWelcome,android.intent.action.MAIN,NULL,NULL,270532608]
06-14 17:39:19.809 1556 5837 I wm_task_moved: [1058,1,9]
06-14 17:39:19.810 1556 5837 I wm_pause_activity: [0,106812043,com.android.launcher3/.uioverrides.QuickstepLauncher,userLeaving=true,pauseBackTasks]
06-14 17:39:19.812 18952 18952 I wm_on_top_resumed_lost_called: [106812043,com.android.launcher3.uioverrides.QuickstepLauncher,topStateChangedWhenResumed]
06-14 17:39:19.813 18952 18952 I wm_on_paused_called: [106812043,com.android.launcher3.uioverrides.QuickstepLauncher,performPause]
06-14 17:39:19.814 1556 2360 I wm_add_to_stopping: [0,106812043,com.android.launcher3/.uioverrides.QuickstepLauncher,makeInvisible]
06-14 17:39:19.814 1556 2360 I wm_restart_activity: [0,118776194,1058,com.youku.phone/.ActivityWelcome]
06-14 17:39:19.815 1556 2360 I wm_set_resumed_activity: [0,com.youku.phone/.ActivityWelcome,minimalResumeActivityLocked]
06-14 17:39:19.816 1556 1689 I am_uid_active: 10107
06-14 17:39:19.822 1556 1689 I sysui_multi_action: [757,803,799,window_time_0,802,2]
06-14 17:39:19.828 1556 1873 I wm_task_moved: [1058,1,9]
06-14 17:39:19.828 1556 1873 I wm_set_resumed_activity: [0,com.youku.phone/.ActivityWelcome,positionChildAt]
06-14 17:39:19.828 1556 1873 I wm_create_activity: [0,248013288,1058,com.youku.phone/com.youku.v2.HomePageEntry,NULL,NULL,NULL,131072]
06-14 17:39:19.829 1556 1873 I wm_pause_activity: [0,118776194,com.youku.phone/.ActivityWelcome,userLeaving=true,resumeTopActivityInnerLocked]
06-14 17:39:19.832 1556 1873 I wm_finish_activity: [0,118776194,1058,com.youku.phone/.ActivityWelcome,app-request]
06-14 17:39:19.837 13988 13988 I wm_on_create_called: [118776194,com.youku.phone.ActivityWelcome,performCreate]
06-14 17:39:19.838 1556 6193 I wm_add_to_stopping: [0,118776194,com.youku.phone/.ActivityWelcome,completeFinishing]
06-14 17:39:19.839 1556 6193 I wm_restart_activity: [0,248013288,1058,com.youku.phone/com.youku.v2.HomePageEntry]
06-14 17:39:19.840 1556 6193 I wm_set_resumed_activity: [0,com.youku.phone/com.youku.v2.HomePageEntry,minimalResumeActivityLocked]
06-14 17:39:19.847 1556 1828 I input_focus: [Focus leaving fc034d7 com.android.launcher3/com.android.launcher3.uioverrides.QuickstepLauncher (server),reason=NO_WINDOW]
06-14 17:39:19.853 1556 1689 I sysui_multi_action: [757,803,799,window_time_0,802,0]
06-14 17:39:19.920 13988 13988 I wm_on_create_called: [248013288,com.youku.v2.HomePageEntry,performCreate]
06-14 17:39:19.938 13988 13988 I wm_on_start_called: [248013288,com.youku.v2.HomePageEntry,handleStartActivity]
06-14 17:39:19.950 13988 13988 I wm_on_resume_called: [248013288,com.youku.v2.HomePageEntry,RESUME_ACTIVITY]
06-14 17:39:19.958 13988 13988 I wm_on_top_resumed_gained_called: [248013288,com.youku.v2.HomePageEntry,topStateChangedWhenResumed]
06-14 17:39:19.971 1556 1690 I input_focus: [Focus request 9401eeb com.youku.phone/com.youku.v2.HomePageEntry,reason=UpdateInputWindows]
06-14 17:39:19.991 0 0 I [ 1701.258463] binder: 13988:23090 ioctl 40046210 73ec6401f4 returned -22
06-14 17:39:20.017 1556 1686 I wm_activity_launch_time: [0,248013288,com.youku.phone/com.youku.v2.HomePageEntry,2875]
06-14 17:39:20.030 1556 1828 I input_focus: [Focus entering 9401eeb com.youku.phone/com.youku.v2.HomePageEntry (server),reason=Window became focusable. Previous reason: NOT_VISIBLE]
06-14 17:39:20.065 13988 13988 I auditd : type=1400 audit(0.0:4133): avc: granted { execute } for comm="OST-Normal-16" path="/data/data/com.youku.phone/files/solid-11.0.29/libsqlite3.so" dev="dm-10" ino=134662 scontext=u:r:untrusted_app:s0:c107,c256,c512,c768 tcontext=u:object_r:app_data_file:s0:c107,c256,c512,c768 tclass=file app=com.youku.phone
06-14 17:39:20.069 13988 13988 I auditd : type=1400 audit(0.0:4134): avc: granted { execute } for comm="OST-Normal-16" path="/data/data/com.youku.phone/files/solid-11.0.29/libAliNNPython.so" dev="dm-10" ino=124776 scontext=u:r:untrusted_app:s0:c107,c256,c512,c768 tcontext=u:object_r:app_data_file:s0:c107,c256,c512,c768 tclass=file app=com.youku.phone
06-14 17:39:20.073 13988 13988 I auditd : type=1400 audit(0.0:4135): avc: granted { execute } for comm="OST-Normal-16" path="/data/data/com.youku.phone/files/solid-11.0.29/libAliDatabaseES.so" dev="dm-10" ino=116994 scontext=u:r:untrusted_app:s0:c107,c256,c512,c768 tcontext=u:object_r:app_data_file:s0:c107,c256,c512,c768 tclass=file app=com.youku.phone
06-14 17:39:20.077 13988 13988 I auditd : type=1400 audit(0.0:4136): avc: granted { execute } for comm="OST-Normal-16" path="/data/data/com.youku.phone/files/solid-11.0.29/libwalle_base.so" dev="dm-10" ino=77569 scontext=u:r:untrusted_app:s0:c107,c256,c512,c768 tcontext=u:object_r:app_data_file:s0:c107,c256,c512,c768 tclass=file app=com.youku.phone
06-14 17:39:20.077 13988 13988 I auditd : type=1400 audit(0.0:4137): avc: granted { execute } for comm="OST-Normal-16" path="/data/data/com.youku.phone/files/solid-11.0.29/libbehavix_base.so" dev="dm-10" ino=80567 scontext=u:r:untrusted_app:s0:c107,c256,c512,c768 tcontext=u:object_r:app_data_file:s0:c107,c256,c512,c768 tclass=file app=com.youku.phone
06-14 17:39:20.085 0 0 W [ 1701.350724] audit: audit_lost=3355 audit_rate_limit=5 audit_backlog_limit=64
06-14 17:39:20.085 0 0 E [ 1701.350727] audit: rate limit exceeded
06-14 17:39:20.404 1556 1689 I wm_destroy_activity: [0,118776194,1058,com.youku.phone/.ActivityWelcome,finish-imm:transit]
06-14 17:39:20.404 1556 1689 I wm_stop_activity: [0,106812043,com.android.launcher3/.uioverrides.QuickstepLauncher]
06-14 17:39:20.424 13988 13988 I wm_on_destroy_called: [118776194,com.youku.phone.ActivityWelcome,performDestroy]
06-14 17:39:20.437 18952 18952 I wm_on_stop_called: [106812043,com.android.launcher3.uioverrides.QuickstepLauncher,STOP_ACTIVITY_ITEM]
06-14 17:39:20.582 13988 23122 I service_manager_stats: [200,302,1701849]
06-14 17:39:20.816 1556 1828 I input_interaction: Interaction with: 9401eeb com.youku.phone/com.youku.v2.HomePageEntry (server), edge-swipe (server), swipe-up (server), PointerEventDispatcher0 (server),
06-14 17:39:20.822 1556 2360 I wm_task_moved: [937,0,0]
06-14 17:39:20.824 1556 2360 I wm_task_moved: [937,0,8]
06-14 17:39:20.826 18952 18952 I wm_on_restart_called: [106812043,com.android.launcher3.uioverrides.QuickstepLauncher,performRestartActivity]
06-14 17:39:20.887 18952 18952 I wm_on_start_called: [106812043,com.android.launcher3.uioverrides.QuickstepLauncher,handleStartActivity]
06-14 17:39:20.887 13988 13988 I view_enqueue_input_event: [Motion - Cancel,com.youku.phone/com.youku.v2.HomePageEntry]
06-14 17:39:20.892 1556 1690 I input_focus: [Focus request recents_animation_input_consumer,reason=UpdateInputWindows]
06-14 17:39:20.893 1556 1828 I input_interaction: Interaction with: edge-swipe (server), swipe-up (server), PointerEventDispatcher0 (server),
06-14 17:39:20.896 1556 1828 I input_focus: [Focus leaving 9401eeb com.youku.phone/com.youku.v2.HomePageEntry (server),reason=NOT_FOCUSABLE]
06-14 17:39:20.896 1556 1828 I input_focus: [Focus entering recents_animation_input_consumer (server),reason=setFocusedWindow]
06-14 17:39:20.897 18952 18952 I sysui_latency: [1,81]
06-14 17:39:20.904 1556 1686 I sysui_multi_action: [319,6,322,79,325,1702,757,761,758,9,759,5,806,com.android.launcher3,871,com.android.launcher3.uioverrides.QuickstepLauncher,904,com.android.launcher3,905,0,1320,8,1321,5]
06-14 17:39:21.088 1556 1817 I commit_sys_config_file: [settings-1-0,1]
06-14 17:39:21.203 1556 1695 I sysui_latency: [8,83]
06-14 17:39:21.666 1556 18791 I wm_task_moved: [937,1,9]
06-14 17:39:21.666 1556 18791 I wm_task_moved: [938,1,2147483647]
06-14 17:39:21.666 1556 18791 I wm_task_to_front: [0,938]
06-14 17:39:21.666 1556 18791 I wm_focused_root_task: [0,0,937,1058,RecentsAnimation.onAnimationFinished()]
06-14 17:39:21.666 1556 18791 I wm_set_resumed_activity: [0,com.android.launcher3/.uioverrides.QuickstepLauncher,RecentsAnimation.onAnimationFinished()]
06-14 17:39:21.667 1556 18791 I wm_pause_activity: [0,248013288,com.youku.phone/com.youku.v2.HomePageEntry,userLeaving=true,pauseBackTasks]
06-14 17:39:21.668 1556 18791 I wm_add_to_stopping: [0,248013288,com.youku.phone/com.youku.v2.HomePageEntry,makeInvisible]
06-14 17:39:21.668 1556 18791 I wm_set_resumed_activity: [0,com.android.launcher3/.uioverrides.QuickstepLauncher,resumeTopActivityInnerLocked]
06-14 17:39:21.671 1556 18791 I wm_resume_activity: [0,106812043,938,com.android.launcher3/.uioverrides.QuickstepLauncher]
06-14 17:39:21.673 18952 18952 I wm_on_resume_called: [106812043,com.android.launcher3.uioverrides.QuickstepLauncher,RESUME_ACTIVITY]
06-14 17:39:21.675 1556 1690 I input_focus: [Focus request fc034d7 com.android.launcher3/com.android.launcher3.uioverrides.QuickstepLauncher,reason=UpdateInputWindows]
06-14 17:39:21.676 1556 1689 I wm_stop_activity: [0,248013288,com.youku.phone/com.youku.v2.HomePageEntry]
06-14 17:39:21.676 1556 1689 I sysui_multi_action: [757,803,799,window_time_0,802,1]
06-14 17:39:21.677 1556 1689 I sysui_multi_action: [757,803,799,window_time_0,802,0]
06-14 17:39:21.680 1556 1828 I input_focus: [Focus leaving recents_animation_input_consumer (server),reason=NOT_VISIBLE]
06-14 17:39:21.683 1556 18734 I wm_task_created: [1059,-1]
06-14 17:39:21.684 1556 18734 I wm_task_created: [1060,-1]
06-14 17:39:21.685 1556 18734 I wm_task_moved: [1060,0,-2147483648]
06-14 17:39:21.686 1556 18734 I wm_create_task: [0,1060]
06-14 17:39:21.686 1556 18734 I wm_create_activity: [0,248488823,1060,com.android.launcher3/com.android.quickstep.RecentsActivity,NULL,NULL,NULL,276889600]
06-14 17:39:21.687 1556 18734 I wm_task_moved: [1059,0,0]
06-14 17:39:21.687 1556 18734 I wm_task_moved: [1059,0,9]
06-14 17:39:21.689 1556 18734 I wm_restart_activity: [0,248488823,1060,com.android.launcher3/com.android.quickstep.RecentsActivity]
06-14 17:39:21.697 1556 1828 I input_focus: [Focus entering fc034d7 com.android.launcher3/com.android.launcher3.uioverrides.QuickstepLauncher (server),reason=setFocusedWindow]
06-14 17:39:21.709 1556 6487 I wm_task_moved: [1059,1,10]
06-14 17:39:21.709 1556 6487 I wm_focused_root_task: [0,0,1059,937,RecentsAnimation.onAnimationFinished()]
06-14 17:39:21.710 1556 6487 I wm_pause_activity: [0,106812043,com.android.launcher3/.uioverrides.QuickstepLauncher,userLeaving=false,pauseBackTasks]
06-14 17:39:21.711 1556 6487 I wm_set_resumed_activity: [0,com.android.launcher3/com.android.quickstep.RecentsActivity,resumeTopActivityInnerLocked]
06-14 17:39:21.711 1556 6487 I wm_resume_activity: [0,248488823,1060,com.android.launcher3/com.android.quickstep.RecentsActivity]
06-14 17:39:21.715 1556 1689 I sysui_multi_action: [757,803,799,window_time_0,802,0]
06-14 17:39:21.716 1556 1689 I sysui_multi_action: [757,803,799,window_time_0,802,0]
06-14 17:39:21.717 13988 13988 I wm_on_top_resumed_lost_called: [248013288,com.youku.v2.HomePageEntry,topStateChangedWhenResumed]
06-14 17:39:21.719 1556 6413 I wm_finish_activity: [0,248488823,1060,com.android.launcher3/com.android.quickstep.RecentsActivity,app-request]
06-14 17:39:21.719 1556 6413 I wm_task_moved: [937,1,10]
06-14 17:39:21.719 1556 6413 I wm_task_moved: [938,1,2147483647]
06-14 17:39:21.719 1556 6413 I wm_focused_root_task: [0,0,937,-1,finish-top adjustFocusToNextFocusableTask]
06-14 17:39:21.719 1556 6413 I wm_pause_activity: [0,248488823,com.android.launcher3/com.android.quickstep.RecentsActivity,userLeaving=false,finish]
06-14 17:39:21.721 18952 18952 I wm_on_create_called: [248488823,com.android.quickstep.RecentsActivity,performCreate]
06-14 17:39:21.722 1556 1690 I input_focus: [Focus request fc034d7 com.android.launcher3/com.android.launcher3.uioverrides.QuickstepLauncher,reason=UpdateInputWindows]
06-14 17:39:21.725 1556 1689 I sysui_multi_action: [757,1144,758,8,806,com.android.launcher3,871,com.android.quickstep.RecentsActivity]
06-14 17:39:21.727 18952 18952 I wm_on_paused_called: [106812043,com.android.launcher3.uioverrides.QuickstepLauncher,performPause]
06-14 17:39:21.730 1556 6487 I wm_set_resumed_activity: [0,com.android.launcher3/.uioverrides.QuickstepLauncher,resumeTopActivityInnerLocked]
06-14 17:39:21.731 1556 6487 I wm_resume_activity: [0,106812043,938,com.android.launcher3/.uioverrides.QuickstepLauncher]
06-14 17:39:21.735 18952 18952 I wm_on_resume_called: [106812043,com.android.launcher3.uioverrides.QuickstepLauncher,RESUME_ACTIVITY]
06-14 17:39:21.735 18952 18952 I wm_on_top_resumed_gained_called: [106812043,com.android.launcher3.uioverrides.QuickstepLauncher,topWhenResuming]
06-14 17:39:21.737 1556 1689 I sysui_multi_action: [757,803,799,window_time_0,802,1]
06-14 17:39:21.748 1556 15732 I wm_destroy_activity: [0,248488823,1060,com.android.launcher3/com.android.quickstep.RecentsActivity,finish-idle]
06-14 17:39:21.749 18952 18952 I wm_on_destroy_called: [248488823,com.android.quickstep.RecentsActivity,performDestroy]
06-14 17:39:21.749 1556 15732 I wm_task_removed: [1060,cleanUpResourcesForDestroy]
06-14 17:39:21.750 1556 15732 I wm_task_removed: [1059,removeChild:removeChild last r=Task{7410be4 #1060 type=recents I=com.android.launcher3/com.android.quickstep.RecentsActivity U=0 visible=false mode=fullscreen translucent=true sz=0 visible freeform task=true rootAffinity=null isMini=false} in t=Task{6c65e8b #1059 type=recents ?? U=0 visible=false mode=fullscreen translucent=true sz=0 visible freeform task=true rootAffinity=null isMini=false}]
06-14 17:39:21.750 1556 15732 I wm_task_removed: [1059,removeChild]
06-14 17:39:21.750 1556 15732 I wm_task_removed: [1060,removeChild:removeChild last r=ActivityRecord{ecfa377 u0 com.android.launcher3/com.android.quickstep.RecentsActivity taskAffinity=null t-1 f}} in t=Task{7410be4 #1060 type=recents I=com.android.launcher3/com.android.quickstep.RecentsActivity U=0 visible=false mode=fullscreen translucent=true sz=0 visible freeform task=true rootAffinity=null isMini=false}]
06-14 17:39:21.750 1556 15732 I wm_task_removed: [1060,removeChild]
06-14 17:39:21.785 13988 13988 I wm_on_paused_called: [248013288,com.youku.v2.HomePageEntry,performPause]
06-14 17:39:21.873 13988 13988 I wm_on_stop_called: [248013288,com.youku.v2.HomePageEntry,STOP_ACTIVITY_ITEM]
06-14 17:39:21.907 1556 1828 I input_interaction: Interaction with: fc034d7 com.android.launcher3/com.android.launcher3.uioverrides.QuickstepLauncher (server), 1c9764a com.android.systemui.ImageWallpaper (server), edge-swipe (server), swipe-up (server), PointerEventDispatcher0 (server),
06-14 17:39:22.021 1556 6487 I wm_task_created: [1061,-1]
06-14 17:39:22.023 1556 6487 I wm_task_moved: [1061,1,10]
06-14 17:39:22.023 1556 6487 I wm_task_to_front: [0,1061]
06-14 17:39:22.024 1556 6487 I wm_create_task: [0,1061]
06-14 17:39:22.024 1556 6487 I wm_create_activity: [0,267659607,1061,com.tencent.tmgp.speedmobile/com.tencent.gcloud.msdk.core.policy.MSDKPolicyActivity,android.intent.action.MAIN,NULL,NULL,270532608]
06-14 17:39:22.024 1556 6487 I wm_task_moved: [1061,1,10]
06-14 17:39:22.025 1556 6487 I wm_pause_activity: [0,106812043,com.android.launcher3/.uioverrides.QuickstepLauncher,userLeaving=true,pauseBackTasks]
06-14 17:39:22.025 1556 6487 I wm_finish_activity: [0,162903211,1041,com.hunantv.imgo.activity/.MainActivity,recent-task-trimmed]
06-14 17:39:22.026 1556 6487 I wm_destroy_activity: [0,162903211,1041,com.hunantv.imgo.activity/.MainActivity,finish-imm:finishIfPossible]
06-14 17:39:22.028 18952 18952 I wm_on_top_resumed_lost_called: [106812043,com.android.launcher3.uioverrides.QuickstepLauncher,topStateChangedWhenResumed]
06-14 17:39:22.030 1556 1689 I am_kill : [0,18348,com.hunantv.imgo.activity,900,remove task]
06-14 17:39:22.032 18952 18952 I wm_on_paused_called: [106812043,com.android.launcher3.uioverrides.QuickstepLauncher,performPause]
06-14 17:39:22.032 1556 1689 I sysui_multi_action: [757,803,799,window_time_0,802,0]
06-14 17:39:22.033 1556 6487 I wm_add_to_stopping: [0,106812043,com.android.launcher3/.uioverrides.QuickstepLauncher,makeInvisible]
06-14 17:39:22.033 1556 6487 I wm_restart_activity: [0,267659607,1061,com.tencent.tmgp.speedmobile/com.tencent.gcloud.msdk.core.policy.MSDKPolicyActivity]
06-14 17:39:22.034 1556 6487 I wm_set_resumed_activity: [0,com.tencent.tmgp.speedmobile/com.tencent.gcloud.msdk.core.policy.MSDKPolicyActivity,minimalResumeActivityLocked]
06-14 17:39:22.038 1556 1689 I am_uid_active: 10100
06-14 17:39:22.039 1556 1689 I sysui_multi_action: [757,803,799,window_time_0,802,0]
06-14 17:39:22.063 1556 1828 I input_focus: [Focus leaving fc034d7 com.android.launcher3/com.android.launcher3.uioverrides.QuickstepLauncher (server),reason=NO_WINDOW]
06-14 17:39:22.078 23058 23058 I wm_on_create_called: [267659607,com.tencent.gcloud.msdk.core.policy.MSDKPolicyActivity,performCreate]
06-14 17:39:22.078 23058 23058 I wm_on_start_called: [267659607,com.tencent.gcloud.msdk.core.policy.MSDKPolicyActivity,handleStartActivity]
06-14 17:39:22.079 23058 23058 I wm_on_resume_called: [267659607,com.tencent.gcloud.msdk.core.policy.MSDKPolicyActivity,RESUME_ACTIVITY]
06-14 17:39:22.084 23058 23058 I wm_on_top_resumed_gained_called: [267659607,com.tencent.gcloud.msdk.core.policy.MSDKPolicyActivity,topStateChangedWhenResumed]
06-14 17:39:22.088 1556 6413 I am_proc_died: [0,18348,com.hunantv.imgo.activity,900,19]
06-14 17:39:22.089 1556 6413 I am_uid_stopped: 10101
06-14 17:39:22.090 1556 6413 I wm_task_removed: [1041,removeChild:removeChild last r=ActivityRecord{9b5b4ab u0 com.hunantv.imgo.activity/.MainActivity taskAffinity=10101:com.hunantv.imgo.activity t-1 f}} in t=Task{6ac3708 #1041 type=standard A=10101:com.hunantv.imgo.activity U=0 visible=false mode=fullscreen translucent=true sz=0 visible freeform task=true rootAffinity=10101:com.hunantv.imgo.activity isMini=false}]
06-14 17:39:22.090 1556 6413 I wm_task_removed: [1041,removeChild]
06-14 17:39:22.093 1556 1689 I am_uid_running: 10101
06-14 17:39:22.099 1556 1697 I am_proc_start: [0,23259,10101,com.hunantv.imgo.activity,NULL,]
06-14 17:39:22.104 1556 1690 I input_focus: [Focus request c4bf80c com.tencent.tmgp.speedmobile/com.tencent.gcloud.msdk.core.policy.MSDKPolicyActivity,reason=UpdateInputWindows]
06-14 17:39:22.108 0 0 I [ 1703.375157] binder: 23259:23259 ioctl 40046210 7ff4300c84 returned -22
06-14 17:39:22.109 1556 3120 I am_proc_bound: [0,23259,com.hunantv.imgo.activity]
06-14 17:39:22.117 0 0 I [ 1703.384277] binder: 23058:23245 ioctl 40046210 74610121f4 returned -22
06-14 17:39:22.134 1556 1686 I wm_activity_launch_time: [0,267659607,com.tencent.tmgp.speedmobile/com.tencent.gcloud.msdk.core.policy.MSDKPolicyActivity,454]
06-14 17:39:22.148 1556 1828 I input_focus: [Focus entering c4bf80c com.tencent.tmgp.speedmobile/com.tencent.gcloud.msdk.core.policy.MSDKPolicyActivity (server),reason=Window became focusable. Previous reason: NOT_VISIBLE]
06-14 17:39:22.582 1556 1689 I wm_stop_activity: [0,106812043,com.android.launcher3/.uioverrides.QuickstepLauncher]
06-14 17:39:22.598 18952 18952 I wm_on_stop_called: [106812043,com.android.launcher3.uioverrides.QuickstepLauncher,STOP_ACTIVITY_ITEM]
06-14 17:39:22.787 1556 1828 I input_interaction: Interaction with: c4bf80c com.tencent.tmgp.speedmobile/com.tencent.gcloud.msdk.core.policy.MSDKPolicyActivity (server), edge-swipe (server), swipe-up (server), PointerEventDispatcher0 (server),
06-14 17:39:22.790 1556 3120 I wm_task_moved: [937,0,0]
06-14 17:39:22.791 1556 3120 I wm_task_moved: [937,0,8]
06-14 17:39:22.795 18952 18952 I wm_on_restart_called: [106812043,com.android.launcher3.uioverrides.QuickstepLauncher,performRestartActivity]
06-14 17:39:22.857 18952 18952 I wm_on_start_called: [106812043,com.android.launcher3.uioverrides.QuickstepLauncher,handleStartActivity]
06-14 17:39:22.858 23058 23058 I view_enqueue_input_event: [Motion - Cancel,com.tencent.tmgp.speedmobile/com.tencent.gcloud.msdk.core.policy.MSDKPolicyActivity]
06-14 17:39:22.858 1556 1828 I input_interaction: Interaction with: edge-swipe (server), swipe-up (server), PointerEventDispatcher0 (server),
06-14 17:39:22.864 1556 1690 I input_focus: [Focus request recents_animation_input_consumer,reason=UpdateInputWindows]
06-14 17:39:22.870 18952 18952 I sysui_latency: [1,83]
06-14 17:39:22.881 1556 1828 I input_focus: [Focus leaving c4bf80c com.tencent.tmgp.speedmobile/com.tencent.gcloud.msdk.core.policy.MSDKPolicyActivity (server),reason=NOT_FOCUSABLE]
06-14 17:39:22.881 1556 1686 I sysui_multi_action: [319,3,322,88,325,1704,757,761,758,9,759,5,806,com.android.launcher3,871,com.android.launcher3.uioverrides.QuickstepLauncher,904,com.android.launcher3,905,0,1320,8,1321,5]
06-14 17:39:22.881 1556 1828 I input_focus: [Focus entering recents_animation_input_consumer (server),reason=setFocusedWindow]
06-14 17:39:23.057 1556 1817 I commit_sys_config_file: [settings-1-0,1]
06-14 17:39:23.181 1556 1695 I sysui_latency: [8,91]
06-14 17:39:23.430 1556 1828 I input_interaction: Interaction with: recents_animation_input_consumer (server), edge-swipe (server), swipe-up (server), PointerEventDispatcher0 (server),
06-14 17:39:23.449 1556 3120 I wm_task_moved: [937,1,9]
06-14 17:39:23.449 1556 3120 I wm_task_moved: [938,1,2147483647]
06-14 17:39:23.449 1556 3120 I wm_task_to_front: [0,938]
06-14 17:39:23.449 1556 3120 I wm_focused_root_task: [0,0,937,1061,RecentsAnimation.onAnimationFinished()]
06-14 17:39:23.450 1556 3120 I wm_set_resumed_activity: [0,com.android.launcher3/.uioverrides.QuickstepLauncher,RecentsAnimation.onAnimationFinished()]
06-14 17:39:23.450 1556 3120 I wm_pause_activity: [0,267659607,com.tencent.tmgp.speedmobile/com.tencent.gcloud.msdk.core.policy.MSDKPolicyActivity,userLeaving=true,pauseBackTasks]
06-14 17:39:23.451 1556 3120 I wm_add_to_stopping: [0,267659607,com.tencent.tmgp.speedmobile/com.tencent.gcloud.msdk.core.policy.MSDKPolicyActivity,makeInvisible]
06-14 17:39:23.451 1556 3120 I wm_set_resumed_activity: [0,com.android.launcher3/.uioverrides.QuickstepLauncher,resumeTopActivityInnerLocked]
06-14 17:39:23.452 1556 3120 I service_manager_stats: [100,35,15958]
06-14 17:39:23.453 1556 3120 I wm_resume_activity: [0,106812043,938,com.android.launcher3/.uioverrides.QuickstepLauncher]
06-14 17:39:23.457 1556 1690 I input_focus: [Focus request fc034d7 com.android.launcher3/com.android.launcher3.uioverrides.QuickstepLauncher,reason=UpdateInputWindows]
06-14 17:39:23.460 1556 6193 I wm_task_created: [1062,-1]
06-14 17:39:23.461 1556 6193 I wm_task_created: [1063,-1]
06-14 17:39:23.461 1556 6193 I wm_task_moved: [1063,0,-2147483648]
06-14 17:39:23.462 18952 18952 I wm_on_resume_called: [106812043,com.android.launcher3.uioverrides.QuickstepLauncher,RESUME_ACTIVITY]
06-14 17:39:23.462 23058 23058 I wm_on_top_resumed_lost_called: [267659607,com.tencent.gcloud.msdk.core.policy.MSDKPolicyActivity,topStateChangedWhenResumed]
06-14 17:39:23.464 1556 6193 I wm_create_task: [0,1063]
06-14 17:39:23.464 1556 6193 I wm_create_activity: [0,127432593,1063,com.android.launcher3/com.android.quickstep.RecentsActivity,NULL,NULL,NULL,276889600]
06-14 17:39:23.464 1556 1828 I input_focus: [Focus leaving recents_animation_input_consumer (server),reason=NOT_VISIBLE]
06-14 17:39:23.464 1556 6193 I wm_task_moved: [1062,0,0]
06-14 17:39:23.464 1556 6193 I wm_task_moved: [1062,0,9]
06-14 17:39:23.467 1556 6193 I wm_restart_activity: [0,127432593,1063,com.android.launcher3/com.android.quickstep.RecentsActivity]
06-14 17:39:23.471 23058 23058 I wm_on_paused_called: [267659607,com.tencent.gcloud.msdk.core.policy.MSDKPolicyActivity,performPause]
06-14 17:39:23.473 1556 1689 I wm_stop_activity: [0,267659607,com.tencent.tmgp.speedmobile/com.tencent.gcloud.msdk.core.policy.MSDKPolicyActivity]
06-14 17:39:23.476 1556 1689 I sysui_multi_action: [757,803,799,window_time_0,802,1]
06-14 17:39:23.477 1556 6193 I wm_task_moved: [1062,1,10]
06-14 17:39:23.478 1556 6193 I wm_focused_root_task: [0,0,1062,937,RecentsAnimation.onAnimationFinished()]
06-14 17:39:23.478 1556 6193 I wm_pause_activity: [0,106812043,com.android.launcher3/.uioverrides.QuickstepLauncher,userLeaving=false,pauseBackTasks]
06-14 17:39:23.479 1556 6193 I wm_set_resumed_activity: [0,com.android.launcher3/com.android.quickstep.RecentsActivity,resumeTopActivityInnerLocked]
06-14 17:39:23.479 1556 6193 I wm_resume_activity: [0,127432593,1063,com.android.launcher3/com.android.quickstep.RecentsActivity]
06-14 17:39:23.480 1556 1828 I input_focus: [Focus entering fc034d7 com.android.launcher3/com.android.launcher3.uioverrides.QuickstepLauncher (server),reason=setFocusedWindow]
06-14 17:39:23.482 1556 1689 I sysui_multi_action: [757,803,799,window_time_0,802,0]
06-14 17:39:23.486 23058 23058 I wm_on_stop_called: [267659607,com.tencent.gcloud.msdk.core.policy.MSDKPolicyActivity,STOP_ACTIVITY_ITEM]
06-14 17:39:23.489 1556 6660 I wm_finish_activity: [0,127432593,1063,com.android.launcher3/com.android.quickstep.RecentsActivity,app-request]
06-14 17:39:23.489 1556 6660 I wm_task_moved: [937,1,10]
06-14 17:39:23.489 1556 6660 I wm_task_moved: [938,1,2147483647]
06-14 17:39:23.489 1556 6660 I wm_focused_root_task: [0,0,937,-1,finish-top adjustFocusToNextFocusableTask]
