06-14 17:40:13.010 1556 2047 D PowerManagerService: updateDisplayPowerStateLocked: displayReady=true, groupId=0, policy=BRIGHT, mWakefulness=Awake, mWakeLockSummary=0x1, mUserActivitySummary=0x1, mBootCompleted=true, screenBrightnessOverride=NaN, useAutoBrightness=true, mScreenBrightnessBoostInProgress=false, mIsVrModeEnabled= false, sQuiescent=false
06-14 17:40:13.015 1556 3120 I wm_finish_activity: [0,176752621,1088,com.baidu.searchbox/.SplashActivity,app-request]
06-14 17:40:13.015 2058 2058 I wm_on_create_called: [176752621,com.baidu.searchbox.SplashActivity,performCreate]
06-14 17:40:13.048 1556 2047 I wm_add_to_stopping: [0,176752621,com.baidu.searchbox/.SplashActivity,completeFinishing]
06-14 17:40:13.048 1556 2047 I ActivityTaskManager: FOREGROUND_APPLICATION_CHANGED to com.baidu.searchbox.MainActivity
06-14 17:40:13.048 1556 2047 I ActivityTaskManager: The Process com.baidu.searchbox Already Exists in BG. So sending its PID: 2058
06-14 17:40:13.048 1556 2047 W ActivityTaskManager: Tried to set launchTime (0) < mLastActivityLaunchTime (1754096)
06-14 17:40:13.049 1556 2047 I wm_restart_activity: [0,135060968,1088,com.baidu.searchbox/.MainActivity]
06-14 17:40:13.049 1556 2047 I wm_set_resumed_activity: [0,com.baidu.searchbox/.MainActivity,minimalResumeActivityLocked]
06-14 17:40:13.053 1556 1689 I sysui_multi_action: [757,803,799,window_time_0,802,0]
06-14 17:40:13.116 2058 2058 I wm_on_create_called: [135060968,com.baidu.searchbox.MainActivity,performCreate]
06-14 17:40:13.126 2058 2058 I wm_on_start_called: [135060968,com.baidu.searchbox.MainActivity,handleStartActivity]
06-14 17:40:13.139 2058 2058 I wm_on_resume_called: [135060968,com.baidu.searchbox.MainActivity,RESUME_ACTIVITY]
06-14 17:40:13.149 2058 2058 I wm_on_top_resumed_gained_called: [135060968,com.baidu.searchbox.MainActivity,topStateChangedWhenResumed]
06-14 17:40:13.151 1556 6132 D ActivityTaskManager: Skipping, freeform mode : Task{ebef0e6 #1076 type=standard A=10108:com.tencent.mm U=0 visible=false mode=freeform translucent=true sz=2 visible freeform task=true rootAffinity=10108:com.tencent.mm isMini=false}
06-14 17:40:13.282 1556 1690 I input_focus: [Focus request 2630cf com.baidu.searchbox/com.baidu.searchbox.MainActivity,reason=UpdateInputWindows]
06-14 17:40:13.319 0 0 I [ 1754.585461] binder: 2058:2239 ioctl 40046210 bd27fd38 returned -22
06-14 17:40:13.395 1556 1828 I input_interaction: Interaction with: edge-swipe (server), swipe-up (server), PointerEventDispatcher0 (server),
06-14 17:40:13.395 1556 1828 D PowerManagerService: userActivityNoUpdateLocked: groupId=0, eventTime=1754662, event=2, flags=0x0, uid=1000
06-14 17:40:13.395 1556 1828 D PowerManagerNotifier: onUserActivity: event=2, uid=1000
06-14 17:40:13.396 1556 1828 D PowerManagerService: updateUserActivitySummaryLocked: groupId=0, mWakefulness=Awake, mUserActivitySummary=0x1, nextTimeout=1814662 (in 59999 ms)
06-14 17:40:13.396 1556 1828 D PowerManagerNotifier: onScreenPolicyUpdate: newPolicy=3
06-14 17:40:13.396 1556 1828 D PowerManagerService: updateDisplayPowerStateLocked: displayReady=true, groupId=0, policy=BRIGHT, mWakefulness=Awake, mWakeLockSummary=0x1, mUserActivitySummary=0x1, mBootCompleted=true, screenBrightnessOverride=NaN, useAutoBrightness=true, mScreenBrightnessBoostInProgress=false, mIsVrModeEnabled= false, sQuiescent=false
06-14 17:40:13.565 1556 1689 I wm_destroy_activity: [0,176752621,1088,com.baidu.searchbox/.SplashActivity,finish-imm:idle]
06-14 17:40:13.566 1556 1689 I wm_stop_activity: [0,106812043,com.android.launcher3/.uioverrides.QuickstepLauncher]
06-14 17:40:13.567 18952 18952 I wm_on_stop_called: [106812043,com.android.launcher3.uioverrides.QuickstepLauncher,STOP_ACTIVITY_ITEM]
06-14 17:40:13.642 31123 2468 E ActivityThread: Failed to find provider info for telephony
06-14 17:40:13.758 1556 1686 I wm_activity_launch_time: [0,135060968,com.baidu.searchbox/.MainActivity,1117]
06-14 17:40:13.763 2058 2058 I wm_on_destroy_called: [176752621,com.baidu.searchbox.SplashActivity,performDestroy]
06-14 17:40:13.767 1556 1828 I input_focus: [Focus entering 2630cf com.baidu.searchbox/com.baidu.searchbox.MainActivity (server),reason=Window became focusable. Previous reason: NOT_VISIBLE]
06-14 17:40:13.828 1556 3120 D CompatibilityChangeReporter: Compat change id reported: 168419799; UID 10107; state: DISABLED
06-14 17:40:13.832 1556 2047 D CompatibilityChangeReporter: Compat change id reported: 168419799; UID 10108; state: DISABLED
06-14 17:40:13.982 2177 2603 E ActivityThread: Failed to find provider info for com.oplus.cardservice.repository.provider.CardServiceServerProvider
06-14 17:40:13.990 1556 1828 I input_interaction: Interaction with: Letterbox_right_ActivityRecord{80cdde8 u0 com.baidu.searchbox/.MainActivity taskAffinity=10099:com.baidu.searchbox t1088} (server), edge-swipe (server), swipe-up (server), PointerEventDispatcher0 (server),
06-14 17:40:13.990 1556 1828 D PowerManagerService: userActivityNoUpdateLocked: groupId=0, eventTime=1755257, event=2, flags=0x0, uid=1000
06-14 17:40:13.991 1556 1828 D PowerManagerNotifier: onUserActivity: event=2, uid=1000
06-14 17:40:13.991 1556 1828 D PowerManagerService: updateUserActivitySummaryLocked: groupId=0, mWakefulness=Awake, mUserActivitySummary=0x1, nextTimeout=1815257 (in 59999 ms)
06-14 17:40:13.991 1556 1828 D PowerManagerNotifier: onScreenPolicyUpdate: newPolicy=3
06-14 17:40:13.991 1556 1828 D PowerManagerService: updateDisplayPowerStateLocked: displayReady=true, groupId=0, policy=BRIGHT, mWakefulness=Awake, mWakeLockSummary=0x1, mUserActivitySummary=0x1, mBootCompleted=true, screenBrightnessOverride=NaN, useAutoBrightness=true, mScreenBrightnessBoostInProgress=false, mIsVrModeEnabled= false, sQuiescent=false
06-14 17:40:13.991 1556 1690 I input_focus: [Focus request dabdc0a com.baidu.searchbox/com.baidu.searchbox.MainActivity,reason=UpdateInputWindows]
06-14 17:40:14.001 1556 2320 D ActivityTaskManager: Skipping, freeform mode : Task{ebef0e6 #1076 type=standard A=10108:com.tencent.mm U=0 visible=false mode=freeform translucent=true sz=2 visible freeform task=true rootAffinity=10108:com.tencent.mm isMini=false}
06-14 17:40:14.003 1556 1873 I wm_task_moved: [937,0,0]
06-14 17:40:14.003 1556 1873 I wm_task_moved: [937,0,7]
06-14 17:40:14.019 18952 18952 I wm_on_restart_called: [106812043,com.android.launcher3.uioverrides.QuickstepLauncher,performRestartActivity]
06-14 17:40:14.021 1556 1828 I input_focus: [Focus leaving 2630cf com.baidu.searchbox/com.baidu.searchbox.MainActivity (server),reason=setFocusedWindow]
06-14 17:40:14.021 1556 1828 I input_focus: [Focus entering dabdc0a com.baidu.searchbox/com.baidu.searchbox.MainActivity (server),reason=setFocusedWindow]
06-14 17:40:14.027 1556 5833 D CompatibilityChangeReporter: Compat change id reported: 149924527; UID 10099; state: ENABLED
06-14 17:40:14.027 1556 5833 D CompatibilityChangeReporter: Compat change id reported: 132649864; UID 10099; state: DISABLED
06-14 17:40:14.095 18952 18952 I wm_on_start_called: [106812043,com.android.launcher3.uioverrides.QuickstepLauncher,handleStartActivity]
06-14 17:40:14.099 1556 1590 W ActivityTaskManager: getTaskSnapshot: taskId=-324 not found
06-14 17:40:14.099 1556 1690 I input_focus: [Focus request recents_animation_input_consumer,reason=UpdateInputWindows]
06-14 17:40:14.106 1556 1590 W ActivityTaskManager: getTaskSnapshot: taskId=-324 not found
06-14 17:40:14.107 18952 18952 I sysui_latency: [1,118]
06-14 17:40:14.114 1556 1686 I sysui_multi_action: [319,4,322,109,325,1755,757,761,758,9,759,5,806,com.android.launcher3,871,com.android.launcher3.uioverrides.QuickstepLauncher,904,com.android.launcher3,905,0,1320,8,1321,5]
06-14 17:40:14.116 1556 1828 I input_focus: [Focus leaving dabdc0a com.baidu.searchbox/com.baidu.searchbox.MainActivity (server),reason=NOT_FOCUSABLE]
06-14 17:40:14.116 1556 1828 I input_focus: [Focus entering recents_animation_input_consumer (server),reason=setFocusedWindow]
06-14 17:40:14.233 31123 31123 I auditd : type=1400 audit(0.0:5233): avc: denied { read } for comm="Thread-46" name="drivers" dev="proc" ino=4026531852 scontext=u:r:untrusted_app:s0:c107,c256,c512,c768 tcontext=u:object_r:proc_tty_drivers:s0 tclass=file permissive=0 app=com.youku.phone
06-14 17:40:14.299 1556 1817 I commit_sys_config_file: [settings-1-0,5]
06-14 17:40:14.421 1556 1695 I sysui_latency: [8,118]
06-14 17:40:14.517 31123 31123 I auditd : type=1400 audit(0.0:5234): avc: granted { execute } for comm=416C7068612053696D706C65205468 path="/data/data/com.youku.phone/files/solid-11.0.29/libProtoDB.so" dev="dm-10" ino=123279 scontext=u:r:untrusted_app:s0:c107,c256,c512,c768 tcontext=u:object_r:app_data_file:s0:c107,c256,c512,c768 tclass=file app=com.youku.phone
06-14 17:40:14.546 1556 1828 I input_interaction: Interaction with: recents_animation_input_consumer (server), edge-swipe (server), swipe-up (server), PointerEventDispatcher0 (server),
06-14 17:40:14.546 1556 1828 D PowerManagerService: userActivityNoUpdateLocked: groupId=0, eventTime=1755813, event=2, flags=0x0, uid=1000
06-14 17:40:14.546 1556 1828 D PowerManagerNotifier: onUserActivity: event=2, uid=1000
06-14 17:40:14.546 1556 1828 D PowerManagerService: updateUserActivitySummaryLocked: groupId=0, mWakefulness=Awake, mUserActivitySummary=0x1, nextTimeout=1815813 (in 60000 ms)
06-14 17:40:14.546 1556 1828 D PowerManagerNotifier: onScreenPolicyUpdate: newPolicy=3
06-14 17:40:14.546 1556 1828 D PowerManagerService: updateDisplayPowerStateLocked: displayReady=true, groupId=0, policy=BRIGHT, mWakefulness=Awake, mWakeLockSummary=0x1, mUserActivitySummary=0x1, mBootCompleted=true, screenBrightnessOverride=NaN, useAutoBrightness=true, mScreenBrightnessBoostInProgress=false, mIsVrModeEnabled= false, sQuiescent=false
06-14 17:40:14.569 1556 18791 I wm_task_moved: [937,1,8]
06-14 17:40:14.569 1556 18791 I wm_task_moved: [938,1,2147483647]
06-14 17:40:14.569 1556 18791 I wm_task_to_front: [0,938]
06-14 17:40:14.569 1556 18791 I wm_focused_root_task: [0,0,937,1088,RecentsAnimation.onAnimationFinished()]
06-14 17:40:14.570 1556 18791 I wm_set_resumed_activity: [0,com.android.launcher3/.uioverrides.QuickstepLauncher,RecentsAnimation.onAnimationFinished()]
06-14 17:40:14.570 1556 18791 D PowerManagerService: updateWakeLockWorkSourceInternal: lock=110154549 [*launch*], ws=WorkSource{10069}
06-14 17:40:14.570 1556 18791 D PowerManagerNotifier: onWakeLockChanging: flags=1, tag="*launch*", packageName=android, ownerUid=1000, ownerPid=1556, workSource=WorkSource{10069}
06-14 17:40:14.570 1556 18791 I wm_pause_activity: [0,135060968,com.baidu.searchbox/.MainActivity,userLeaving=true,pauseBackTasks]
06-14 17:40:14.570 1556 18791 D PowerManagerService: acquireWakeLockInternal: lock=110154549, flags=0x1, tag="*launch*", ws=WorkSource{10069}, uid=1000, pid=1556
06-14 17:40:14.570 1556 18791 D PowerManagerService: updateWakeLockSummaryLocked: mWakefulness=Awake, mWakeLockSummary=0x1
06-14 17:40:14.570 1556 18791 D PowerManagerService: updateUserActivitySummaryLocked: groupId=0, mWakefulness=Awake, mUserActivitySummary=0x1, nextTimeout=1815813 (in 59975 ms)
06-14 17:40:14.570 1556 18791 D PowerManagerNotifier: onScreenPolicyUpdate: newPolicy=3
06-14 17:40:14.570 1556 18791 D PowerManagerService: updateDisplayPowerStateLocked: displayReady=true, groupId=0, policy=BRIGHT, mWakefulness=Awake, mWakeLockSummary=0x1, mUserActivitySummary=0x1, mBootCompleted=true, screenBrightnessOverride=NaN, useAutoBrightness=true, mScreenBrightnessBoostInProgress=false, mIsVrModeEnabled= false, sQuiescent=false
06-14 17:40:14.571 1556 18791 I wm_add_to_stopping: [0,135060968,com.baidu.searchbox/.MainActivity,makeInvisible]
06-14 17:40:14.571 1556 18791 I ActivityTaskManager: FOREGROUND_APPLICATION_CHANGED to com.android.launcher3.uioverrides.QuickstepLauncher
06-14 17:40:14.571 1556 18791 I wm_set_resumed_activity: [0,com.android.launcher3/.uioverrides.QuickstepLauncher,resumeTopActivityInnerLocked]
06-14 17:40:14.574 1556 18791 I wm_resume_activity: [0,106812043,938,com.android.launcher3/.uioverrides.QuickstepLauncher]
06-14 17:40:14.574 18952 18952 I wm_on_resume_called: [106812043,com.android.launcher3.uioverrides.QuickstepLauncher,RESUME_ACTIVITY]
06-14 17:40:14.580 2058 2058 I wm_on_top_resumed_lost_called: [135060968,com.baidu.searchbox.MainActivity,topStateChangedWhenResumed]
06-14 17:40:14.583 1556 1690 I input_focus: [Focus request fc034d7 com.android.launcher3/com.android.launcher3.uioverrides.QuickstepLauncher,reason=UpdateInputWindows]
06-14 17:40:14.584 18952 18952 I wm_on_top_resumed_gained_called: [106812043,com.android.launcher3.uioverrides.QuickstepLauncher,topStateChangedWhenResumed]
06-14 17:40:14.600 1556 1828 I input_focus: [Focus leaving recents_animation_input_consumer (server),reason=NOT_VISIBLE]
06-14 17:40:14.600 1556 1828 I input_focus: [Focus entering fc034d7 com.android.launcher3/com.android.launcher3.uioverrides.QuickstepLauncher (server),reason=setFocusedWindow]
06-14 17:40:14.601 1556 6413 I ActivityTaskManager: START u0 {flg=0x10010000 cmp=com.android.launcher3/com.android.quickstep.RecentsActivity} from uid 10069
06-14 17:40:14.602 1556 6413 D ActivityTaskManager: TaskLaunchParamsModifier:task=null activity=ActivityRecord{f2e4391 u0 com.android.launcher3/com.android.quickstep.RecentsActivity taskAffinity=null display-id=0 display-windowing-mode=1 suggested-display-area=DefaultTaskDisplayArea@142405141
06-14 17:40:14.603 2058 2058 I wm_on_paused_called: [135060968,com.baidu.searchbox.MainActivity,performPause]
06-14 17:40:14.603 1556 6413 D ActivityTaskManager: TaskLaunchParamsModifier:task=null activity=ActivityRecord{f2e4391 u0 com.android.launcher3/com.android.quickstep.RecentsActivity taskAffinity=null t-1} display-id=0 display-windowing-mode=1 suggested-display-area=DefaultTaskDisplayArea@142405141 non-freeform-display display-area=DefaultTaskDisplayArea@142405141
06-14 17:40:14.604 1556 6413 I wm_task_created: [1089,-1]
06-14 17:40:14.604 1556 6413 W ActivityTaskManager: Can't find TaskDisplayArea to determine support for multi window. Task id=1089 attached=false
06-14 17:40:14.606 1556 6413 I wm_task_created: [1090,-1]
06-14 17:40:14.607 1556 6413 I wm_task_moved: [1090,0,-2147483648]
06-14 17:40:14.607 1556 6413 D ActivityTaskManager: TaskLaunchParamsModifier:task=Task{26f22f6 #1090 type=recents I=com.android.launcher3/com.android.quickstep.RecentsActivity U=0 rootTaskId=1089 visible=false mode=fullscreen translucent=true sz=0 visible freeform task=true rootAffinity=null isMini=false} activity=ActivityRecord{f2e4391 u0 com.android.launcher3/com.android.quickstep.RecentsActivity taskAffinity=null t-1} display-from-task=0 display-id=0 display-windowing-mode=1 suggested-display-area=DefaultTaskDisplayArea@142405141 non-freeform-display display-area=DefaultTaskDisplayArea@142405141
06-14 17:40:14.607 1556 6192 E PackageDexUsage: Unsupported context?
06-14 17:40:14.608 1556 6413 I wm_create_task: [0,1090]
06-14 17:40:14.608 1556 6413 I wm_create_activity: [0,254690193,1090,com.android.launcher3/com.android.quickstep.RecentsActivity,NULL,NULL,NULL,276889600]
06-14 17:40:14.601 2776 2776 I auditd : type=1400 audit(0.0:5236): avc: denied { setattr } for comm="WeexJSBridgeThr" name="libweexjsb.so" dev="dm-10" ino=22794 scontext=u:r:untrusted_app:s0:c107,c256,c512,c768 tcontext=u:object_r:apk_data_file:s0 tclass=file permissive=0 app=com.youku.phone
06-14 17:40:14.608 1556 6413 I wm_task_moved: [1089,0,0]
06-14 17:40:14.609 1556 6413 I wm_task_moved: [1089,0,8]
06-14 17:40:14.610 1556 6413 I ActivityTaskManager: The Process com.android.launcher3 Already Exists in BG. So sending its PID: 18952
06-14 17:40:14.610 1556 6413 W ActivityTaskManager: Tried to set launchTime (0) < mLastActivityLaunchTime (1753914)
06-14 17:40:14.610 1556 6413 I wm_restart_activity: [0,254690193,1090,com.android.launcher3/com.android.quickstep.RecentsActivity]
06-14 17:40:14.610 1556 6413 I service_manager_stats: [100,73,8663]
06-14 17:40:14.610 1556 6192 W ActivityManager: Background start not allowed: service Intent { cmp=com.qiyi.video/org.qiyi.pluginlibrary.pm.PluginPackageManagerService } to com.qiyi.video/org.qiyi.pluginlibrary.pm.PluginPackageManagerService from pid=2177 uid=10094 pkg=com.qiyi.video startFg?=false
06-14 17:40:14.614 1556 6487 D PowerManagerService: releaseWakeLockInternal: lock=110154549 [*launch*], flags=0x0
06-14 17:40:14.614 1556 6487 D PowerManagerNotifier: onWakeLockReleased: flags=1, tag="*launch*", packageName=android, ownerUid=1000, ownerPid=1556, workSource=WorkSource{10069}
06-14 17:40:14.623 1556 6487 D PowerManagerService: updateWakeLockSummaryLocked: mWakefulness=Awake, mWakeLockSummary=0x1
06-14 17:40:14.623 1556 6487 D PowerManagerService: updateUserActivitySummaryLocked: groupId=0, mWakefulness=Awake, mUserActivitySummary=0x1, nextTimeout=1815813 (in 59922 ms)
06-14 17:40:14.623 1556 6487 D PowerManagerNotifier: onScreenPolicyUpdate: newPolicy=3
06-14 17:40:14.623 1556 6487 D PowerManagerService: updateDisplayPowerStateLocked: displayReady=true, groupId=0, policy=BRIGHT, mWakefulness=Awake, mWakeLockSummary=0x1, mUserActivitySummary=0x1, mBootCompleted=true, screenBrightnessOverride=NaN, useAutoBrightness=true, mScreenBrightnessBoostInProgress=false, mIsVrModeEnabled= false, sQuiescent=false
06-14 17:40:14.624 1556 6487 I wm_stop_activity: [0,135060968,com.baidu.searchbox/.MainActivity]
06-14 17:40:14.630 1556 6413 I WindowManager: Queue is too deep! Purged item with taskid=1076
06-14 17:40:14.631 1556 6192 I wm_task_moved: [1089,1,9]
06-14 17:40:14.631 1556 6192 I wm_focused_root_task: [0,0,1089,937,RecentsAnimation.onAnimationFinished()]
06-14 17:40:14.632 1556 6192 I wm_pause_activity: [0,106812043,com.android.launcher3/.uioverrides.QuickstepLauncher,userLeaving=false,pauseBackTasks]
06-14 17:40:14.632 1556 6192 D PowerManagerService: acquireWakeLockInternal: lock=110154549, flags=0x1, tag="*launch*", ws=WorkSource{10069}, uid=1000, pid=1556
06-14 17:40:14.632 1556 6192 D PowerManagerService: updateWakeLockSummaryLocked: mWakefulness=Awake, mWakeLockSummary=0x1
06-14 17:40:14.632 1556 6192 D PowerManagerService: updateUserActivitySummaryLocked: groupId=0, mWakefulness=Awake, mUserActivitySummary=0x1, nextTimeout=1815813 (in 59914 ms)
06-14 17:40:14.632 1556 6192 D PowerManagerNotifier: onScreenPolicyUpdate: newPolicy=3
06-14 17:40:14.632 1556 6192 D PowerManagerService: updateDisplayPowerStateLocked: displayReady=true, groupId=0, policy=BRIGHT, mWakefulness=Awake, mWakeLockSummary=0x1, mUserActivitySummary=0x1, mBootCompleted=true, screenBrightnessOverride=NaN, useAutoBrightness=true, mScreenBrightnessBoostInProgress=false, mIsVrModeEnabled= false, sQuiescent=false
06-14 17:40:14.632 1556 6192 D PowerManagerNotifier: onWakeLockAcquired: flags=1, tag="*launch*", packageName=android, ownerUid=1000, ownerPid=1556, workSource=WorkSource{10069}
06-14 17:40:14.632 1556 6192 I ActivityTaskManager: FOREGROUND_APPLICATION_CHANGED to com.android.quickstep.RecentsActivity
06-14 17:40:14.633 1556 6192 I wm_set_resumed_activity: [0,com.android.launcher3/com.android.quickstep.RecentsActivity,resumeTopActivityInnerLocked]
06-14 17:40:14.633 1556 6192 I wm_resume_activity: [0,254690193,1090,com.android.launcher3/com.android.quickstep.RecentsActivity]
06-14 17:40:14.640 1556 1689 I sysui_multi_action: [757,803,799,window_time_0,802,1]
06-14 17:40:14.652 1556 1828 D PowerManagerService: userActivityNoUpdateLocked: groupId=0, eventTime=1755916, event=2, flags=0x0, uid=1000
06-14 17:40:14.652 1556 1828 D PowerManagerNotifier: onUserActivity: event=2, uid=1000
06-14 17:40:14.652 1556 1828 D PowerManagerService: updateUserActivitySummaryLocked: groupId=0, mWakefulness=Awake, mUserActivitySummary=0x1, nextTimeout=1815916 (in 59996 ms)
06-14 17:40:14.652 1556 1828 D PowerManagerNotifier: onScreenPolicyUpdate: newPolicy=3
06-14 17:40:14.652 1556 1828 D PowerManagerService: updateDisplayPowerStateLocked: displayReady=true, groupId=0, policy=BRIGHT, mWakefulness=Awake, mWakeLockSummary=0x1, mUserActivitySummary=0x1, mBootCompleted=true, screenBrightnessOverride=NaN, useAutoBrightness=true, mScreenBrightnessBoostInProgress=false, mIsVrModeEnabled= false, sQuiescent=false
06-14 17:40:14.668 1556 1689 I sysui_multi_action: [757,803,799,window_time_0,802,0]
06-14 17:40:14.669 1556 18791 I wm_finish_activity: [0,254690193,1090,com.android.launcher3/com.android.quickstep.RecentsActivity,app-request]
06-14 17:40:14.669 1556 18791 I wm_task_moved: [937,1,9]
06-14 17:40:14.669 1556 18791 I wm_task_moved: [938,1,2147483647]
06-14 17:40:14.669 1556 18791 I wm_focused_root_task: [0,0,937,-1,finish-top adjustFocusToNextFocusableTask]
06-14 17:40:14.669 1556 18791 I wm_pause_activity: [0,254690193,com.android.launcher3/com.android.quickstep.RecentsActivity,userLeaving=false,finish]
06-14 17:40:14.670 1556 18791 D PowerManagerService: acquireWakeLockInternal: lock=110154549, flags=0x1, tag="*launch*", ws=WorkSource{10069}, uid=1000, pid=1556
06-14 17:40:14.670 1556 18791 D PowerManagerService: updateWakeLockSummaryLocked: mWakefulness=Awake, mWakeLockSummary=0x1
06-14 17:40:14.670 1556 18791 D PowerManagerService: updateUserActivitySummaryLocked: groupId=0, mWakefulness=Awake, mUserActivitySummary=0x1, nextTimeout=1815916 (in 59979 ms)
06-14 17:40:14.670 1556 18791 D PowerManagerNotifier: onScreenPolicyUpdate: newPolicy=3
06-14 17:40:14.670 1556 18791 D PowerManagerService: updateDisplayPowerStateLocked: displayReady=true, groupId=0, policy=BRIGHT, mWakefulness=Awake, mWakeLockSummary=0x1, mUserActivitySummary=0x1, mBootCompleted=true, screenBrightnessOverride=NaN, useAutoBrightness=true, mScreenBrightnessBoostInProgress=false, mIsVrModeEnabled= false, sQuiescent=false
06-14 17:40:14.671 18952 18952 I wm_on_create_called: [254690193,com.android.quickstep.RecentsActivity,performCreate]
06-14 17:40:14.671 1556 1689 I sysui_multi_action: [757,803,799,window_time_0,802,0]
06-14 17:40:14.673 1556 1689 I sysui_multi_action: [757,1144,758,8,806,com.android.launcher3,871,com.android.quickstep.RecentsActivity]
06-14 17:40:14.673 1556 1689 I sysui_multi_action: [757,803,799,window_time_0,802,0]
06-14 17:40:14.675 18952 18952 I wm_on_top_resumed_lost_called: [106812043,com.android.launcher3.uioverrides.QuickstepLauncher,topStateChangedWhenResumed]
06-14 17:40:14.676 1556 1690 I input_focus: [Focus request fc034d7 com.android.launcher3/com.android.launcher3.uioverrides.QuickstepLauncher,reason=UpdateInputWindows]
06-14 17:40:14.676 18952 18952 I wm_on_paused_called: [106812043,com.android.launcher3.uioverrides.QuickstepLauncher,performPause]
06-14 17:40:14.677 1556 6413 I ActivityTaskManager: FOREGROUND_APPLICATION_CHANGED to com.android.launcher3.uioverrides.QuickstepLauncher
06-14 17:40:14.677 1556 6413 I wm_set_resumed_activity: [0,com.android.launcher3/.uioverrides.QuickstepLauncher,resumeTopActivityInnerLocked]
06-14 17:40:14.678 1556 6413 I wm_resume_activity: [0,106812043,938,com.android.launcher3/.uioverrides.QuickstepLauncher]
06-14 17:40:14.683 1556 1689 I sysui_multi_action: [757,803,799,window_time_0,802,0]
06-14 17:40:14.684 1556 3120 I thunderperf: PlatormCompat.setOverrides: Uid1=10069 Pid1=18952 Uid2=10069 Pid2=18952
06-14 17:40:14.684 1556 3120 I thunderperf: PlatormCompat.setOverrides: needCheck:false
06-14 17:40:14.684 1556 3120 I thunderperf: CompatConfig.addOverrideUnsafe: bef-state=1
06-14 17:40:14.684 1556 3120 E thunderperf: CompatConfig.addOverrideUnsafe: exception:java.lang.SecurityException: Cannot override a change on a non-debuggable app and user build.
06-14 17:40:14.684 1556 3120 I thunderperf: CompatConfig.addOverrideUnsafe: aft-state=1
06-14 17:40:14.684 1556 3120 I thunderperf: CompatConfig.addOverrideUnsafe: bef-state=1
06-14 17:40:14.684 1556 3120 E thunderperf: CompatConfig.addOverrideUnsafe: exception:java.lang.SecurityException: Cannot override a change on a non-debuggable app and user build.
06-14 17:40:14.684 1556 3120 I thunderperf: CompatConfig.addOverrideUnsafe: aft-state=1
06-14 17:40:14.685 1556 3120 I thunderperf: CompatConfig.addOverrideUnsafe: bef-state=1
06-14 17:40:14.685 1556 3120 E thunderperf: CompatConfig.addOverrideUnsafe: exception:java.lang.SecurityException: Cannot override a change on a non-debuggable app and user build.
06-14 17:40:14.685 1556 3120 I thunderperf: CompatConfig.addOverrideUnsafe: aft-state=1
06-14 17:40:14.685 1556 3120 I thunderperf: CompatConfig.addOverrideUnsafe: bef-state=1
06-14 17:40:14.685 1556 3120 E thunderperf: CompatConfig.addOverrideUnsafe: exception:java.lang.SecurityException: Cannot override a change on a non-debuggable app and user build.
06-14 17:40:14.685 1556 3120 I thunderperf: CompatConfig.addOverrideUnsafe: aft-state=1
06-14 17:40:14.685 1556 3120 I thunderperf: CompatConfig.addOverrideUnsafe: bef-state=1
06-14 17:40:14.685 1556 3120 E thunderperf: CompatConfig.addOverrideUnsafe: exception:java.lang.SecurityException: Cannot override a change on a non-debuggable app and user build.
06-14 17:40:14.685 1556 3120 I thunderperf: CompatConfig.addOverrideUnsafe: aft-state=1
06-14 17:40:14.686 1556 3120 I thunderperf: CompatConfig.addOverrideUnsafe: bef-state=1
06-14 17:40:14.686 1556 3120 E thunderperf: CompatConfig.addOverrideUnsafe: exception:java.lang.SecurityException: Cannot override a change on a non-debuggable app and user build.
06-14 17:40:14.686 1556 3120 I thunderperf: CompatConfig.addOverrideUnsafe: aft-state=1
06-14 17:40:14.686 1556 3120 I thunderperf: CompatConfig.addOverrideUnsafe: bef-state=1
06-14 17:40:14.686 1556 3120 E thunderperf: CompatConfig.addOverrideUnsafe: exception:java.lang.SecurityException: Cannot override a change on a non-debuggable app and user build.
06-14 17:40:14.686 1556 3120 I thunderperf: CompatConfig.addOverrideUnsafe: aft-state=1
06-14 17:40:14.686 1556 3120 I thunderperf: CompatConfig.addOverrideUnsafe: bef-state=1
06-14 17:40:14.686 1556 3120 E thunderperf: CompatConfig.addOverrideUnsafe: exception:java.lang.SecurityException: Cannot override a change on a non-debuggable app and user build.
06-14 17:40:14.686 1556 3120 I thunderperf: CompatConfig.addOverrideUnsafe: aft-state=1
06-14 17:40:14.687 1556 3120 I thunderperf: CompatConfig.addOverrideUnsafe: bef-state=1
06-14 17:40:14.687 1556 3120 E thunderperf: CompatConfig.addOverrideUnsafe: exception:java.lang.SecurityException: Cannot override a change on a non-debuggable app and user build.
06-14 17:40:14.687 1556 3120 I thunderperf: CompatConfig.addOverrideUnsafe: aft-state=1
06-14 17:40:14.687 1556 3120 I thunderperf: CompatConfig.addOverrideUnsafe: bef-state=1
06-14 17:40:14.687 1556 3120 E thunderperf: CompatConfig.addOverrideUnsafe: exception:java.lang.SecurityException: Cannot override a change on a non-debuggable app and user build.
06-14 17:40:14.687 1556 3120 I thunderperf: CompatConfig.addOverrideUnsafe: aft-state=1
06-14 17:40:14.687 1556 3120 I thunderperf: CompatConfig.addOverrideUnsafe: bef-state=1
06-14 17:40:14.687 1556 3120 E thunderperf: CompatConfig.addOverrideUnsafe: exception:java.lang.SecurityException: Cannot override a change on a non-debuggable app and user build.
06-14 17:40:14.687 1556 3120 I thunderperf: CompatConfig.addOverrideUnsafe: aft-state=1
06-14 17:40:14.687 1556 3120 I thunderperf: CompatConfig.addOverrideUnsafe: bef-state=1
06-14 17:40:14.687 1556 3120 E thunderperf: CompatConfig.addOverrideUnsafe: exception:java.lang.SecurityException: Cannot override a change on a non-debuggable app and user build.
06-14 17:40:14.688 1556 3120 I thunderperf: CompatConfig.addOverrideUnsafe: aft-state=1
06-14 17:40:14.688 1556 3120 I thunderperf: CompatConfig.addOverrideUnsafe: bef-state=1
06-14 17:40:14.688 1556 3120 E thunderperf: CompatConfig.addOverrideUnsafe: exception:java.lang.SecurityException: Cannot override a change on a non-debuggable app and user build.
06-14 17:40:14.688 1556 3120 I thunderperf: CompatConfig.addOverrideUnsafe: aft-state=1
06-14 17:40:14.688 1556 3120 I thunderperf: CompatConfig.addOverrideUnsafe: bef-state=1
06-14 17:40:14.688 1556 3120 E thunderperf: CompatConfig.addOverrideUnsafe: exception:java.lang.SecurityException: Cannot override a change on a non-debuggable app and user build.
06-14 17:40:14.688 1556 3120 I thunderperf: CompatConfig.addOverrideUnsafe: aft-state=1
06-14 17:40:14.691 1556 3120 I ActivityTaskManager: START u0 {act=android.intent.action.MAIN cat=[android.intent.category.LAUNCHER] flg=0x10200000 cmp=com.tencent.mm/.ui.LauncherUI} from uid 10069
06-14 17:40:14.693 1556 3120 D ActivityTaskManager: TaskLaunchParamsModifier:task=null activity=ActivityRecord{75220df u0 com.tencent.mm/.ui.LauncherUI taskAffinity=10108:com.tencent.mm display-area-from-source=DefaultTaskDisplayArea@142405141 display-id=0 display-windowing-mode=1 suggested-display-area=DefaultTaskDisplayArea@142405141
06-14 17:40:14.693 1556 3120 D ActivityTaskManager: TaskLaunchParamsModifier:task=Task{ebef0e6 #1076 type=standard A=10108:com.tencent.mm U=0 visible=false mode=freeform translucent=true sz=2 visible freeform task=true rootAffinity=10108:com.tencent.mm isMini=false} activity=ActivityRecord{75220df u0 com.tencent.mm/.ui.LauncherUI taskAffinity=10108:com.tencent.mm t-1} display-area-from-source=DefaultTaskDisplayArea@142405141 display-id=0 display-windowing-mode=1 suggested-display-area=DefaultTaskDisplayArea@142405141 activity-options-bounds=Rect(12, 12 - 652, 986) non-freeform-display display-area=DefaultTaskDisplayArea@142405141
06-14 17:40:14.693 1556 3120 I wm_task_moved: [1076,1,9]
06-14 17:40:14.693 1556 3120 I wm_task_to_front: [0,1076]
06-14 17:40:14.694 1556 3120 I wm_set_resumed_activity: [0,com.tencent.mm/.plugin.account.ui.WelcomeActivity,positionChildAt]
06-14 17:40:14.694 1556 3120 I wm_focused_root_task: [0,0,1076,937,bringingFoundTaskToFront]
06-14 17:40:14.694 1556 3120 I wm_set_resumed_activity: [0,com.tencent.mm/.plugin.account.ui.WelcomeActivity,bringingFoundTaskToFront]
06-14 17:40:14.694 1556 3120 I wm_task_moved: [1076,1,9]
06-14 17:40:14.694 1556 3120 I wm_set_resumed_activity: [0,com.tencent.mm/.plugin.account.ui.WelcomeActivity,positionChildAt]
06-14 17:40:14.694 1556 3120 I ActivityTaskManager: FOREGROUND_APPLICATION_CHANGED to com.tencent.mm.plugin.account.ui.WelcomeActivity
06-14 17:40:14.697 1556 1690 I input_focus: [Focus request 5edae4e com.tencent.mm/com.tencent.mm.plugin.account.ui.WelcomeActivity,reason=UpdateInputWindows]
06-14 17:40:14.697 18952 18952 I wm_on_resume_called: [106812043,com.android.launcher3.uioverrides.QuickstepLauncher,RESUME_ACTIVITY]
06-14 17:40:14.697 18952 18952 I wm_on_top_resumed_gained_called: [106812043,com.android.launcher3.uioverrides.QuickstepLauncher,topWhenResuming]
06-14 17:40:14.697 18952 18952 I wm_on_top_resumed_lost_called: [106812043,com.android.launcher3.uioverrides.QuickstepLauncher,topStateChangedWhenResumed]
06-14 17:40:14.713 31111 31111 I wm_on_top_resumed_gained_called: [209914096,com.tencent.mm.plugin.account.ui.WelcomeActivity,topStateChangedWhenResumed]
06-14 17:40:14.714 1556 1828 I input_focus: [Focus leaving fc034d7 com.android.launcher3/com.android.launcher3.uioverrides.QuickstepLauncher (server),reason=setFocusedWindow]
06-14 17:40:14.714 1556 1828 I input_focus: [Focus entering 5edae4e com.tencent.mm/com.tencent.mm.plugin.account.ui.WelcomeActivity (server),reason=setFocusedWindow]
06-14 17:40:14.719 1556 3120 D PowerManagerService: releaseWakeLockInternal: lock=110154549 [*launch*], flags=0x0
06-14 17:40:14.719 1556 3120 D PowerManagerNotifier: onWakeLockReleased: flags=1, tag="*launch*", packageName=android, ownerUid=1000, ownerPid=1556, workSource=WorkSource{10069}
06-14 17:40:14.719 1556 3120 D PowerManagerService: updateWakeLockSummaryLocked: mWakefulness=Awake, mWakeLockSummary=0x1
06-14 17:40:14.719 1556 3120 D PowerManagerService: updateUserActivitySummaryLocked: groupId=0, mWakefulness=Awake, mUserActivitySummary=0x1, nextTimeout=1815916 (in 59929 ms)
06-14 17:40:14.719 1556 3120 D PowerManagerNotifier: onScreenPolicyUpdate: newPolicy=3
06-14 17:40:14.719 1556 3120 D PowerManagerService: updateDisplayPowerStateLocked: displayReady=true, groupId=0, policy=BRIGHT, mWakefulness=Awake, mWakeLockSummary=0x1, mUserActivitySummary=0x1, mBootCompleted=true, screenBrightnessOverride=NaN, useAutoBrightness=true, mScreenBrightnessBoostInProgress=false, mIsVrModeEnabled= false, sQuiescent=false
06-14 17:40:14.721 2058 2058 I wm_on_stop_called: [135060968,com.baidu.searchbox.MainActivity,STOP_ACTIVITY_ITEM]
06-14 17:40:14.724 1556 3120 I wm_destroy_activity: [0,254690193,1090,com.android.launcher3/com.android.quickstep.RecentsActivity,finish-idle]
06-14 17:40:14.742 1556 3120 D CompatibilityChangeReporter: Compat change id reported: 168419799; UID 10099; state: DISABLED
06-14 17:40:14.767 18952 18952 I wm_on_destroy_called: [254690193,com.android.quickstep.RecentsActivity,performDestroy]
06-14 17:40:14.768 1556 6413 I wm_task_removed: [1090,cleanUpResourcesForDestroy]
06-14 17:40:14.768 1556 6413 I wm_task_removed: [1089,removeChild:removeChild last r=Task{26f22f6 #1090 type=recents I=com.android.launcher3/com.android.quickstep.RecentsActivity U=0 visible=false mode=fullscreen translucent=true sz=0 visible freeform task=true rootAffinity=null isMini=false} in t=Task{c15e385 #1089 type=recents ?? U=0 visible=false mode=fullscreen translucent=true sz=0 visible freeform task=true rootAffinity=null isMini=false}]
06-14 17:40:14.768 1556 6413 I wm_task_removed: [1089,removeChild]
06-14 17:40:14.768 1556 6413 I wm_task_removed: [1090,removeChild:removeChild last r=ActivityRecord{f2e4391 u0 com.android.launcher3/com.android.quickstep.RecentsActivity taskAffinity=null t-1 f}} in t=Task{26f22f6 #1090 type=recents I=com.android.launcher3/com.android.quickstep.RecentsActivity U=0 visible=false mode=fullscreen translucent=true sz=0 visible freeform task=true rootAffinity=null isMini=false}]
06-14 17:40:14.768 1556 6413 I wm_task_removed: [1090,removeChild]
06-14 17:40:14.780 1556 6192 D ActivityTaskManager: Skipping, freeform mode : Task{ebef0e6 #1076 type=standard A=10108:com.tencent.mm U=0 visible=true mode=freeform translucent=false sz=2 visible freeform task=true rootAffinity=10108:com.tencent.mm isMini=false}
06-14 17:40:15.110 1556 6413 E PackageDexUsage: Unsupported context?
06-14 17:40:15.173 2177 2177 I auditd : type=1400 audit(0.0:5237): avc: granted { execute } for comm="tmn-5-6" path="/data/data/com.qiyi.video/app_native_lib/com.iqiyi.fastdns/1.1.3.52/arm64-v8a/libfastdns.so" dev="dm-10" ino=75351 scontext=u:r:untrusted_app:s0:c94,c256,c512,c768 tcontext=u:object_r:app_data_file:s0:c94,c256,c512,c768 tclass=file app=com.qiyi.video
06-14 17:40:15.239 1556 1696 W BroadcastQueue: Permission Denial: broadcasting Intent { act=android.net.conn.CONNECTIVITY_CHANGE flg=0x4200010 (has extras) } from null (pid=-1, uid=-1) requires android.net.conn.CONNECTIVITY_CHANGE due to registered receiver BroadcastFilter{4b498d 10094/u0 ReceiverList{3951a24 2177 com.qiyi.video/10094/u0 remote:14e02b7}}
06-14 17:40:15.262 1556 3120 D CompatibilityChangeReporter: Compat change id reported: 168419799; UID 10094; state: DISABLED
06-14 17:40:15.346 1556 1696 W BroadcastQueue: Permission Denial: broadcasting Intent { act=android.net.conn.CONNECTIVITY_CHANGE flg=0x4200010 (has extras) } from null (pid=-1, uid=-1) requires com.baidu.searchbox.permission.sofire.RECEIVE due to registered receiver BroadcastFilter{bbaf866 10099/u0 ReceiverList{4f748c1 2058 com.baidu.searchbox/10099/u0 remote:34985a8}}
06-14 17:40:15.384 1556 1863 I GameModeConfig: isGameModeOn = false
06-14 17:40:15.384 1556 1863 I GameModeConfig: isGameModeOn = false
06-14 17:40:15.384 1556 1863 I GameModeConfig: isGameModeOn = false
06-14 17:40:15.385 1556 1863 I GameModeConfig: isGameModeOn = false
06-14 17:40:15.385 1556 1863 I GameModeConfig: isGameModeOn = false
06-14 17:40:15.385 1556 1863 I GameModeConfig: isGameModeOn = false
06-14 17:40:15.531 1556 6413 W ActivityManager: Background start not allowed: service Intent { cmp=com.qiyi.video/com.iqiyi.hcim.service.IMService } to com.qiyi.video/com.iqiyi.hcim.service.IMService from pid=2177 uid=10094 pkg=com.qiyi.video startFg?=false
06-14 17:40:15.594 1556 1688 I commit_sys_config_file: [notification-policy,1746781]
06-14 17:40:15.632 0 0 E [ 1756.896079] link_delay_work_func: DTC_ETH: SQI=0, link=0
06-14 17:40:15.721 31123 31123 I auditd : type=1400 audit(0.0:5238): avc: granted { execute } for comm="OST-Normal-16" path="/data/data/com.youku.phone/files/solid-11.0.29/libjingle_rtc_so.so" dev="dm-10" ino=14486 scontext=u:r:untrusted_app:s0:c107,c256,c512,c768 tcontext=u:object_r:app_data_file:s0:c107,c256,c512,c768 tclass=file app=com.youku.phone
06-14 17:40:15.725 31123 31123 I auditd : type=1400 audit(0.0:5239): avc: granted { execute } for comm="OST-Normal-15" path="/data/data/com.youku.phone/files/solid-11.0.29/libPandora.so" dev="dm-10" ino=12901 scontext=u:r:untrusted_app:s0:c107,c256,c512,c768 tcontext=u:object_r:app_data_file:s0:c107,c256,c512,c768 tclass=file app=com.youku.phone
06-14 17:40:15.733 31123 31123 I auditd : type=1400 audit(0.0:5240): avc: granted { execute } for comm="U4StartupTask_1" path="/data/data/com.youku.phone/app_ucmsdk/updates/599724205/20466323_0/lib/arm64-v8a/libwebviewuc.so" dev="dm-10" ino=118776 scontext=u:r:untrusted_app:s0:c107,c256,c512,c768 tcontext=u:object_r:app_data_file:s0:c107,c256,c512,c768 tclass=file app=com.youku.phone
06-14 17:40:15.745 1556 6413 D CompatibilityChangeReporter: Compat change id reported: 135634846; UID 10107; state: DISABLED
06-14 17:40:15.745 1556 6413 D CompatibilityChangeReporter: Compat change id reported: 177438394; UID 10107; state: DISABLED
06-14 17:40:15.745 1556 6413 D CompatibilityChangeReporter: Compat change id reported: 135772972; UID 10107; state: DISABLED
06-14 17:40:15.745 1556 6413 D CompatibilityChangeReporter: Compat change id reported: 135754954; UID 10107; state: ENABLED
06-14 17:40:15.745 1556 1697 D CompatibilityChangeReporter: Compat change id reported: 143937733; UID 10107; state: ENABLED
06-14 17:40:15.750 1556 1697 I am_proc_start: [0,3080,10107,com.youku.phone:sandboxed_privilege_process0,service,{com.youku.phone/com.taobao.uc.service.SandboxedPrivilegedProcessService0}]
06-14 17:40:15.750 1556 1697 I ActivityManager: Start proc 3080:com.youku.phone:sandboxed_privilege_process0/u0a107 for service {com.youku.phone/com.taobao.uc.service.SandboxedPrivilegedProcessService0}
06-14 17:40:15.756 1556 1697 I am_proc_start: [0,3082,10107,com.youku.phone:gpu_process,service,{com.youku.phone/com.taobao.uc.service.GpuProcessService0}]
06-14 17:40:15.756 1556 1697 I ActivityManager: Start proc 3082:com.youku.phone:gpu_process/u0a107 for service {com.youku.phone/com.taobao.uc.service.GpuProcessService0}
06-14 17:40:15.762 0 0 I [ 1757.027159] binder: 3080:3080 ioctl 40046210 7ff4300c84 returned -22
06-14 17:40:15.764 0 0 I [ 1757.030713] binder: 3082:3082 ioctl 40046210 7ff4300c84 returned -22
06-14 17:40:15.762 1556 3120 I am_proc_bound: [0,3080,com.youku.phone:sandboxed_privilege_process0]
06-14 17:40:15.765 1556 3120 I am_proc_bound: [0,3082,com.youku.phone:gpu_process]
06-14 17:40:15.789 1556 3120 W ActivityManager: Background start not allowed: service Intent { cmp=com.qiyi.video/org.qiyi.pluginlibrary.pm.PluginPackageManagerService } to com.qiyi.video/org.qiyi.pluginlibrary.pm.PluginPackageManagerService from pid=2177 uid=10094 pkg=com.qiyi.video startFg?=false
06-14 17:40:15.844 1556 3120 W ActivityManager: Background start not allowed: service Intent { cmp=com.qiyi.video/org.qiyi.android.plugin.ipc.IPCService0 (has extras) } to com.qiyi.video/org.qiyi.android.plugin.ipc.IPCService0 from pid=2177 uid=10094 pkg=com.qiyi.video startFg?=false
06-14 17:40:15.909 31123 31123 I auditd : type=1400 audit(0.0:5241): avc: granted { execute } for comm="OST-Normal-17" path="/data/data/com.youku.phone/files/solid-11.0.29/libdvvcd.so" dev="dm-10" ino=73306 scontext=u:r:untrusted_app:s0:c107,c256,c512,c768 tcontext=u:object_r:app_data_file:s0:c107,c256,c512,c768 tclass=file app=com.youku.phone
06-14 17:40:15.913 31123 31123 I auditd : type=1400 audit(0.0:5242): avc: granted { execute } for comm="OST-Normal-16" path="/data/data/com.youku.phone/files/solid-11.0.29/libraphael_jni.so" dev="dm-10" ino=5104 scontext=u:r:untrusted_app:s0:c107,c256,c512,c768 tcontext=u:object_r:app_data_file:s0:c107,c256,c512,c768 tclass=file app=com.youku.phone
06-14 17:40:15.948 1556 3120 W ActivityManager: Background start not allowed: service Intent { cmp=com.qiyi.video/org.qiyi.android.plugin.ipc.IPCService0 (has extras) } to com.qiyi.video/org.qiyi.android.plugin.ipc.IPCService0 from pid=2177 uid=10094 pkg=com.qiyi.video startFg?=false
06-14 17:40:15.966 2177 2177 W Looper : Loop again would have the queued messages be executed before this one completed.
06-14 17:40:16.278 1556 1828 I input_interaction: Interaction with: fc034d7 com.android.launcher3/com.android.launcher3.uioverrides.QuickstepLauncher (server), 1c9764a com.android.systemui.ImageWallpaper (server), edge-swipe (server), swipe-up (server), PointerEventDispatcher0 (server),
06-14 17:40:16.279 1556 1828 D PowerManagerService: userActivityNoUpdateLocked: groupId=0, eventTime=1757545, event=2, flags=0x0, uid=1000
06-14 17:40:16.280 1556 1828 D PowerManagerNotifier: onUserActivity: event=2, uid=1000
06-14 17:40:16.280 1556 1828 D PowerManagerService: updateUserActivitySummaryLocked: groupId=0, mWakefulness=Awake, mUserActivitySummary=0x1, nextTimeout=1817545 (in 59998 ms)
06-14 17:40:16.280 1556 1828 D PowerManagerNotifier: onScreenPolicyUpdate: newPolicy=3
06-14 17:40:16.280 1556 1828 D PowerManagerService: updateDisplayPowerStateLocked: displayReady=true, groupId=0, policy=BRIGHT, mWakefulness=Awake, mWakeLockSummary=0x1, mUserActivitySummary=0x1, mBootCompleted=true, screenBrightnessOverride=NaN, useAutoBrightness=true, mScreenBrightnessBoostInProgress=false, mIsVrModeEnabled= false, sQuiescent=false
06-14 17:40:16.379 1556 6413 I thunderperf: PlatormCompat.setOverrides: Uid1=10069 Pid1=18952 Uid2=10069 Pid2=18952
06-14 17:40:16.379 1556 6413 I thunderperf: PlatormCompat.setOverrides: needCheck:false
06-14 17:40:16.379 1556 6413 I thunderperf: CompatConfig.addOverrideUnsafe: bef-state=1
06-14 17:40:16.379 1556 6413 E thunderperf: CompatConfig.addOverrideUnsafe: exception:java.lang.SecurityException: Cannot override a change on a non-debuggable app and user build.
06-14 17:40:16.379 1556 6413 I thunderperf: CompatConfig.addOverrideUnsafe: aft-state=1
06-14 17:40:16.380 1556 6413 I thunderperf: CompatConfig.addOverrideUnsafe: bef-state=1
06-14 17:40:16.380 1556 6413 E thunderperf: CompatConfig.addOverrideUnsafe: exception:java.lang.SecurityException: Cannot override a change on a non-debuggable app and user build.
06-14 17:40:16.380 1556 6413 I thunderperf: CompatConfig.addOverrideUnsafe: aft-state=1
06-14 17:40:16.380 1556 6413 I thunderperf: CompatConfig.addOverrideUnsafe: bef-state=1
06-14 17:40:16.380 1556 6413 E thunderperf: CompatConfig.addOverrideUnsafe: exception:java.lang.SecurityException: Cannot override a change on a non-debuggable app and user build.
06-14 17:40:16.380 1556 6413 I thunderperf: CompatConfig.addOverrideUnsafe: aft-state=1
06-14 17:40:16.380 1556 6413 I thunderperf: CompatConfig.addOverrideUnsafe: bef-state=1
06-14 17:40:16.381 1556 6413 E thunderperf: CompatConfig.addOverrideUnsafe: exception:java.lang.SecurityException: Cannot override a change on a non-debuggable app and user build.
06-14 17:40:16.381 1556 6413 I thunderperf: CompatConfig.addOverrideUnsafe: aft-state=1
06-14 17:40:16.381 1556 6413 I thunderperf: CompatConfig.addOverrideUnsafe: bef-state=1
06-14 17:40:16.381 1556 6413 E thunderperf: CompatConfig.addOverrideUnsafe: exception:java.lang.SecurityException: Cannot override a change on a non-debuggable app and user build.
06-14 17:40:16.381 1556 6413 I thunderperf: CompatConfig.addOverrideUnsafe: aft-state=1
06-14 17:40:16.381 1556 6413 I thunderperf: CompatConfig.addOverrideUnsafe: bef-state=1
06-14 17:40:16.381 1556 6413 E thunderperf: CompatConfig.addOverrideUnsafe: exception:java.lang.SecurityException: Cannot override a change on a non-debuggable app and user build.
06-14 17:40:16.381 1556 6413 I thunderperf: CompatConfig.addOverrideUnsafe: aft-state=1
06-14 17:40:16.381 1556 6413 I thunderperf: CompatConfig.addOverrideUnsafe: bef-state=1
06-14 17:40:16.381 1556 6413 E thunderperf: CompatConfig.addOverrideUnsafe: exception:java.lang.SecurityException: Cannot override a change on a non-debuggable app and user build.
06-14 17:40:16.381 1556 6413 I thunderperf: CompatConfig.addOverrideUnsafe: aft-state=1
06-14 17:40:16.382 1556 6413 I thunderperf: CompatConfig.addOverrideUnsafe: bef-state=1
06-14 17:40:16.382 1556 6413 E thunderperf: CompatConfig.addOverrideUnsafe: exception:java.lang.SecurityException: Cannot override a change on a non-debuggable app and user build.
06-14 17:40:16.382 1556 6413 I thunderperf: CompatConfig.addOverrideUnsafe: aft-state=1
06-14 17:40:16.382 1556 6413 I thunderperf: CompatConfig.addOverrideUnsafe: bef-state=1
06-14 17:40:16.382 1556 6413 E thunderperf: CompatConfig.addOverrideUnsafe: exception:java.lang.SecurityException: Cannot override a change on a non-debuggable app and user build.
06-14 17:40:16.382 1556 6413 I thunderperf: CompatConfig.addOverrideUnsafe: aft-state=1
06-14 17:40:16.382 1556 6413 I thunderperf: CompatConfig.addOverrideUnsafe: bef-state=1
06-14 17:40:16.382 1556 6413 E thunderperf: CompatConfig.addOverrideUnsafe: exception:java.lang.SecurityException: Cannot override a change on a non-debuggable app and user build.
06-14 17:40:16.382 1556 6413 I thunderperf: CompatConfig.addOverrideUnsafe: aft-state=1
06-14 17:40:16.382 1556 6413 I thunderperf: CompatConfig.addOverrideUnsafe: bef-state=1
06-14 17:40:16.383 1556 6413 E thunderperf: CompatConfig.addOverrideUnsafe: exception:java.lang.SecurityException: Cannot override a change on a non-debuggable app and user build.
06-14 17:40:16.383 1556 6413 I thunderperf: CompatConfig.addOverrideUnsafe: aft-state=1
06-14 17:40:16.383 1556 6413 I thunderperf: CompatConfig.addOverrideUnsafe: bef-state=1
06-14 17:40:16.383 1556 6413 E thunderperf: CompatConfig.addOverrideUnsafe: exception:java.lang.SecurityException: Cannot override a change on a non-debuggable app and user build.
06-14 17:40:16.383 1556 6413 I thunderperf: CompatConfig.addOverrideUnsafe: aft-state=1
06-14 17:40:16.383 1556 6413 I thunderperf: CompatConfig.addOverrideUnsafe: bef-state=1
06-14 17:40:16.383 1556 6413 E thunderperf: CompatConfig.addOverrideUnsafe: exception:java.lang.SecurityException: Cannot override a change on a non-debuggable app and user build.
06-14 17:40:16.383 1556 6413 I thunderperf: CompatConfig.addOverrideUnsafe: aft-state=1
06-14 17:40:16.383 1556 6413 I thunderperf: CompatConfig.addOverrideUnsafe: bef-state=1
06-14 17:40:16.383 1556 6413 E thunderperf: CompatConfig.addOverrideUnsafe: exception:java.lang.SecurityException: Cannot override a change on a non-debuggable app and user build.
06-14 17:40:16.383 1556 6413 I thunderperf: CompatConfig.addOverrideUnsafe: aft-state=1
06-14 17:40:16.482 0 0 W [ 1757.745905] audit: audit_lost=4310 audit_rate_limit=5 audit_backlog_limit=64
06-14 17:40:16.482 0 0 E [ 1757.745909] audit: rate limit exceeded
06-14 17:40:16.888 1556 6413 I ActivityTaskManager: START u0 {act=android.intent.action.MAIN cat=[android.intent.category.LAUNCHER] flg=0x10200000 cmp=com.kugou.android/.app.splash.SplashActivity} from uid 10069
06-14 17:40:16.991 0 0 I [ 1758.253774] binder: 3277:3277 ioctl 40046210 7ff4300c84 returned -22
06-14 17:40:16.937 1556 6413 D ActivityTaskManager: TaskLaunchParamsModifier:task=null activity=ActivityRecord{8883367 u0 com.kugou.android/.app.splash.SplashActivity taskAffinity=10117:android.task.kugou display-area-from-source=DefaultTaskDisplayArea@142405141 display-id=0 display-windowing-mode=1 suggested-display-area=DefaultTaskDisplayArea@142405141
06-14 17:40:16.939 1556 6413 D ActivityTaskManager: TaskLaunchParamsModifier:task=null activity=ActivityRecord{8883367 u0 com.kugou.android/.app.splash.SplashActivity taskAffinity=10117:android.task.kugou t-1} display-area-from-source=DefaultTaskDisplayArea@142405141 display-id=0 display-windowing-mode=1 suggested-display-area=DefaultTaskDisplayArea@142405141 activity-options-bounds=Rect(12, 12 - 652, 986) non-freeform-display display-area=DefaultTaskDisplayArea@142405141
06-14 17:40:16.939 1556 6413 I wm_task_created: [1091,-1]
06-14 17:40:16.939 1556 6413 W ActivityTaskManager: Can't find TaskDisplayArea to determine support for multi window. Task id=1091 attached=false
06-14 17:40:16.940 1556 6413 D ActivityTaskManager: TaskLaunchParamsModifier:task=Task{a517514 #1091 type=standard A=10117:android.task.kugou U=0 visible=false mode=freeform translucent=true sz=0 visible freeform task=true rootAffinity=10117:android.task.kugou isMini=false} activity=ActivityRecord{8883367 u0 com.kugou.android/.app.splash.SplashActivity taskAffinity=10117:android.task.kugou t-1} display-area-from-source=DefaultTaskDisplayArea@142405141 display-id=0 display-windowing-mode=1 suggested-display-area=DefaultTaskDisplayArea@142405141 activity-options-bounds=Rect(12, 12 - 652, 986) non-freeform-display display-area=DefaultTaskDisplayArea@142405141
06-14 17:40:16.941 1556 6413 I wm_task_moved: [1091,1,9]
06-14 17:40:16.941 1556 6413 I wm_task_to_front: [0,1091]
06-14 17:40:16.942 1556 6413 I wm_create_task: [0,1091]
06-14 17:40:16.942 1556 6413 I wm_create_activity: [0,143143783,1091,com.kugou.android/.app.splash.SplashActivity,android.intent.action.MAIN,NULL,NULL,270532608]
06-14 17:40:16.942 1556 6413 I wm_task_moved: [1091,1,9]
06-14 17:40:16.942 1556 6413 I ActivityTaskManager: FOREGROUND_APPLICATION_CHANGED to com.kugou.android.app.splash.SplashActivity
06-14 17:40:16.943 1556 6413 I wm_finish_activity: [0,189222240,1085,com.hunantv.imgo.activity/.MainActivity,recent-task-trimmed]
