06-14 17:39:46.534 1556 6413 I wm_task_to_front: [0,1054]
06-14 17:39:46.534 1556 6413 I wm_focused_root_task: [0,0,1054,937,bringingFoundTaskToFront]
06-14 17:39:46.535 1556 6413 I wm_set_resumed_activity: [0,com.tencent.mm/.plugin.account.ui.WelcomeActivity,bringingFoundTaskToFront]
06-14 17:39:46.538 1556 6413 I ActivityTaskManager: FOREGROUND_APPLICATION_CHANGED to com.tencent.mm.plugin.account.ui.WelcomeActivity
06-14 17:39:46.538 1556 6413 I wm_set_resumed_activity: [0,com.tencent.mm/.plugin.account.ui.WelcomeActivity,resumeTopActivityInnerLocked]
06-14 17:39:46.538 1556 6413 I wm_add_to_stopping: [0,264656644,com.tencent.mm/.plugin.account.ui.WelcomeActivity,makeInvisible]
06-14 17:39:46.542 1556 6413 I wm_resume_activity: [0,264656644,1054,com.tencent.mm/.plugin.account.ui.WelcomeActivity]
06-14 17:39:46.542 1556 6413 I wm_add_to_stopping: [0,256935812,com.kugou.android/com.kugou.crash.snow.JonSnow$HintActivity,makeInvisible]
06-14 17:39:46.542 1556 6413 I wm_add_to_stopping: [0,78249530,com.kugou.android/com.kugou.common.useraccount.app.KgUserLoginAndRegActivity,makeInvisible]
06-14 17:39:46.542 1556 6413 I wm_add_to_stopping: [0,80085123,com.kugou.android/.app.MediaActivity,makeInvisible]
06-14 17:39:46.545 18952 18952 I wm_on_top_resumed_lost_called: [106812043,com.android.launcher3.uioverrides.QuickstepLauncher,topStateChangedWhenResumed]
06-14 17:39:46.550 22298 22298 I wm_on_restart_called: [264656644,com.tencent.mm.plugin.account.ui.WelcomeActivity,performRestartActivity]
06-14 17:39:46.597 28667 28667 I auditd : type=1400 audit(0.0:4310): avc: denied { read } for comm="com.youku.phone" name="version" dev="proc" ino=4026532247 scontext=u:r:untrusted_app:s0:c107,c256,c512,c768 tcontext=u:object_r:proc_version:s0 tclass=file permissive=0 app=com.youku.phone
06-14 17:39:46.558 22298 22298 I wm_on_start_called: [264656644,com.tencent.mm.plugin.account.ui.WelcomeActivity,handleStartActivity]
06-14 17:39:46.573 22298 22298 I wm_on_resume_called: [264656644,com.tencent.mm.plugin.account.ui.WelcomeActivity,RESUME_ACTIVITY]
06-14 17:39:46.575 22298 22298 I wm_on_top_resumed_gained_called: [264656644,com.tencent.mm.plugin.account.ui.WelcomeActivity,topStateChangedWhenResumed]
06-14 17:39:46.582 1556 1690 I input_focus: [Focus request 488e859 com.tencent.mm/com.tencent.mm.plugin.account.ui.WelcomeActivity,reason=UpdateInputWindows]
06-14 17:39:46.615 1556 1828 I input_focus: [Focus leaving fc034d7 com.android.launcher3/com.android.launcher3.uioverrides.QuickstepLauncher (server),reason=Waiting for window because NOT_VISIBLE]
06-14 17:39:46.665 1556 1828 I input_focus: [Focus entering 488e859 com.tencent.mm/com.tencent.mm.plugin.account.ui.WelcomeActivity (server),reason=Window became focusable. Previous reason: NOT_VISIBLE]
06-14 17:39:46.668 1556 1689 I wm_stop_activity: [0,80085123,com.kugou.android/.app.MediaActivity]
06-14 17:39:46.668 1556 1689 I wm_stop_activity: [0,78249530,com.kugou.android/com.kugou.common.useraccount.app.KgUserLoginAndRegActivity]
06-14 17:39:46.668 1556 1689 I wm_stop_activity: [0,256935812,com.kugou.android/com.kugou.crash.snow.JonSnow$HintActivity]
06-14 17:39:46.670 1556 6270 D CompatibilityChangeReporter: Compat change id reported: 135634846; UID 10094; state: DISABLED
06-14 17:39:46.670 1556 6270 D CompatibilityChangeReporter: Compat change id reported: 177438394; UID 10094; state: DISABLED
06-14 17:39:46.670 1556 6270 D CompatibilityChangeReporter: Compat change id reported: 135772972; UID 10094; state: DISABLED
06-14 17:39:46.670 1556 6270 D CompatibilityChangeReporter: Compat change id reported: 135754954; UID 10094; state: ENABLED
06-14 17:39:46.670 1556 1697 D CompatibilityChangeReporter: Compat change id reported: 143937733; UID 10094; state: ENABLED
06-14 17:39:46.695 0 0 I [ 1727.961198] binder: 28830:28830 ioctl 40046210 7ff4300c84 returned -22
06-14 17:39:46.679 1556 1697 I am_proc_start: [0,28830,10094,com.qiyi.video:downloader,service,{com.qiyi.video/com.iqiyi.video.download.QiyiDownloadCenterService}]
06-14 17:39:46.679 1556 1697 I ActivityManager: Start proc 28830:com.qiyi.video:downloader/u0a94 for service {com.qiyi.video/com.iqiyi.video.download.QiyiDownloadCenterService}
06-14 17:39:46.695 24095 24095 I wm_on_stop_called: [80085123,com.kugou.android.app.MediaActivity,STOP_ACTIVITY_ITEM]
06-14 17:39:46.696 28667 28667 D ActivityThread: Loading provider com.youku.phone.com.android.alibaba.ip.server.InstantRunContentProvider: com.android.alibaba.ip.server.InstantRunContentProvider
06-14 17:39:46.697 1556 6532 I am_proc_bound: [0,28830,com.qiyi.video:downloader]
06-14 17:39:46.699 1556 6532 D CompatibilityChangeReporter: Compat change id reported: 168419799; UID 10094; state: DISABLED
06-14 17:39:46.704 24095 24095 I wm_on_start_called: [78249530,com.kugou.common.useraccount.app.KgUserLoginAndRegActivity,handleStartActivity]
06-14 17:39:46.714 24095 24095 I wm_on_resume_called: [78249530,com.kugou.common.useraccount.app.KgUserLoginAndRegActivity,LIFECYCLER_RESUME_ACTIVITY]
06-14 17:39:46.715 1556 1686 I sysui_multi_action: [319,125,322,116,325,1727,757,761,758,9,759,2,806,com.tencent.mm,871,com.tencent.mm.plugin.account.ui.WelcomeActivity,904,com.tencent.mm,905,0,1320,4,1321,4]
06-14 17:39:46.760 24095 24095 W Looper : Loop again would have the queued messages be executed before this one completed.
06-14 17:39:46.766 24095 24095 I wm_on_paused_called: [256935812,com.kugou.crash.snow.JonSnow$HintActivity,performPause]
06-14 17:39:46.768 24095 24095 I wm_on_stop_called: [256935812,com.kugou.crash.snow.JonSnow$HintActivity,STOP_ACTIVITY_ITEM]
06-14 17:39:46.828 28659 28861 E ActivityThread: Failed to find provider info for com.oplus.cardservice.repository.provider.CardServiceServerProvider
06-14 17:39:47.005 28895 28895 I auditd : type=1400 audit(0.0:4311): avc: denied { read } for comm="ps" name="pid_max" dev="proc" ino=682529 scontext=u:r:untrusted_app:s0:c107,c256,c512,c768 tcontext=u:object_r:proc_pid_max:s0 tclass=file permissive=0 app=com.youku.phone
06-14 17:39:47.037 28667 28667 I auditd : type=1400 audit(0.0:4312): avc: denied { read } for comm="CrashSDKBkgdHan" name="loadavg" dev="proc" ino=4026532243 scontext=u:r:untrusted_app:s0:c107,c256,c512,c768 tcontext=u:object_r:proc_loadavg:s0 tclass=file permissive=0 app=com.youku.phone
06-14 17:39:47.054 1556 1688 I commit_sys_config_file: [jobs,2]
06-14 17:39:47.166 0 0 E [ 1728.428082] msm_pcm_playback_close: CMD_EOS failed, cmd_pending 0x8
06-14 17:39:47.201 1556 6413 D PowerManagerService: updateWakeLockWorkSourceInternal: lock=18062684 [AudioMix], ws=WorkSource{10117}
06-14 17:39:47.324 1556 6532 D CompatibilityChangeReporter: Compat change id reported: 168419799; UID 10107; state: DISABLED
06-14 17:39:47.345 1556 6532 W ActivityManager: Background start not allowed: service Intent { cmp=com.youku.phone/com.youku.appbundle.core.splitinstall.SplitCleanService } to com.youku.phone/com.youku.appbundle.core.splitinstall.SplitCleanService from pid=28667 uid=10107 pkg=com.youku.phone startFg?=false
06-14 17:39:47.510 0 0 W [ 1728.773351] add_to_oom_reaper: 30 callbacks suppressed
06-14 17:39:47.509 510 510 I killinfo: [28659,10101,985,800,131056,-1,7896244,937340,3364880,62876,1136,28876,108720,4194300,4080872,1822536,210296,1003900,2225600,95048,223536,63808,92872,0,0,252136,0,4,0,0,1956,0]
06-14 17:39:47.533 0 0 I [ 1728.795092] oom_reaper: reaped process 28659 (v.imgo.activity), now anon-rss:0kB, file-rss:32kB, shmem-rss:460kB
06-14 17:39:47.541 1556 6413 I ActivityManager: Process com.hunantv.imgo.activity (pid 28659) has died: cch+85 CEM
06-14 17:39:47.541 1556 6413 I am_proc_died: [0,28659,com.hunantv.imgo.activity,985,19]
06-14 17:39:47.541 1556 6413 I am_uid_stopped: 10101
06-14 17:39:47.542 1556 6413 I am_mem_factor: [1,0]
06-14 17:39:47.560 510 510 I killinfo: [28694,10095,975,800,109040,-1,7896244,929348,3386256,62876,1136,28876,108720,4194300,4081152,1809500,210376,1014572,2236388,95080,223572,63388,91888,0,0,252136,52,52,1,0,2200,0]
06-14 17:39:47.575 0 0 I [ 1728.837342] oom_reaper: reaped process 28694 (droid.ugc.aweme), now anon-rss:0kB, file-rss:0kB, shmem-rss:380kB
06-14 17:39:47.575 1556 6270 I ActivityManager: Process com.ss.android.ugc.aweme (pid 28694) has died: cch+75 CEM
06-14 17:39:47.575 1556 6270 I am_proc_died: [0,28694,com.ss.android.ugc.aweme,975,19]
06-14 17:39:47.575 1556 6270 I am_uid_stopped: 10095
06-14 17:39:47.583 510 510 I killinfo: [28707,10114,965,800,103184,-1,7896244,939328,3393440,62876,1136,28828,108720,4194300,4081292,1792196,210524,1015232,2243296,95080,223612,63232,90920,0,0,252136,72,20,2,0,1956,0]
06-14 17:39:47.607 0 0 I [ 1728.871795] oom_reaper: reaped process 28707 (ou.android.auto), now anon-rss:0kB, file-rss:32kB, shmem-rss:436kB
06-14 17:39:47.617 510 510 I killinfo: [28687,1000,955,800,105424,-1,7896244,937096,3403536,62876,1136,28812,108720,4194300,4081536,1787460,210508,1016160,2252172,95080,223612,62976,89920,0,0,252136,108,36,3,0,1912,0]
06-14 17:39:47.617 1556 6413 I ActivityManager: Process com.kugou.android.auto (pid 28707) has died: cch+65 CEM
06-14 17:39:47.619 1556 6413 I am_proc_died: [0,28707,com.kugou.android.auto,965,19]
06-14 17:39:47.619 1556 6413 I am_uid_stopped: 10114
06-14 17:39:47.625 0 0 I [ 1728.891006] oom_reaper: reaped process 28687 (ndroid.settings), now anon-rss:0kB, file-rss:0kB, shmem-rss:380kB
06-14 17:39:47.645 510 510 I killinfo: [28689,10033,935,800,90108,-1,7896244,936924,3413152,62876,1136,28780,108720,4194300,4081728,1776928,209732,1017028,2261028,95080,223612,62768,89004,0,0,252136,136,28,4,0,1964,0]
06-14 17:39:47.648 1556 18734 I ActivityManager: Process com.android.settings (pid 28687) has died: cch+45 CEM
06-14 17:39:47.648 1556 18734 I am_proc_died: [0,28687,com.android.settings,945,19]
06-14 17:39:47.673 0 0 I [ 1728.937337] oom_reaper: reaped process 28689 (oid.documentsui), now anon-rss:0kB, file-rss:0kB, shmem-rss:380kB
06-14 17:39:47.677 1556 6413 I ActivityManager: Process com.android.documentsui (pid 28689) has died: cch+35 CEM
06-14 17:39:47.677 1556 6413 I am_proc_died: [0,28689,com.android.documentsui,935,19]
06-14 17:39:47.677 1556 6413 I am_uid_stopped: 10033
06-14 17:39:47.678 510 510 I killinfo: [28668,10106,925,800,117284,-1,7896244,930396,3421724,62876,1136,28780,108720,4194300,4081912,1777308,209732,1018412,2268024,95080,223612,62468,87984,0,0,252136,168,32,5,0,2036,0]
06-14 17:39:47.712 0 0 I [ 1728.965377] oom_reaper: reaped process 28668 (com.dragon.read), now anon-rss:0kB, file-rss:8kB, shmem-rss:380kB
06-14 17:39:47.712 1556 6413 I ActivityManager: Process com.dragon.read (pid 28668) has died: cch+25 CEM
06-14 17:39:47.712 1556 6413 I am_proc_died: [0,28668,com.dragon.read,925,19]
06-14 17:39:47.712 510 510 I killinfo: [28760,10104,915,800,126576,-1,7896244,1005164,3364668,62872,1096,28764,108720,4194300,4079804,1761472,209108,996220,2233392,95080,223612,62068,87272,0,0,252136,200,32,6,0,2808,0]
06-14 17:39:47.712 1556 6413 I am_uid_stopped: 10106
06-14 17:39:47.739 0 0 I [ 1729.003674] oom_reaper: reaped process 28760 (.tencent.qqlive), now anon-rss:0kB, file-rss:160kB, shmem-rss:380kB
06-14 17:39:47.739 1556 6532 I ActivityManager: Process com.tencent.qqlive (pid 28760) has died: cch+15 CEM
06-14 17:39:47.739 1556 6532 I am_proc_died: [0,28760,com.tencent.qqlive,915,19]
06-14 17:39:47.739 1556 6532 I am_uid_stopped: 10104
06-14 17:39:47.749 510 510 I killinfo: [28667,10107,905,800,166440,-1,7896244,1004832,3373056,62872,1096,28748,108720,4194300,4080936,1754324,209192,997284,2240768,94940,223612,61552,85808,0,0,252136,232,32,7,0,3116,0]
06-14 17:39:47.768 0 0 I [ 1729.032062] oom_reaper: reaped process 28667 (com.youku.phone), now anon-rss:0kB, file-rss:244kB, shmem-rss:512kB
06-14 17:39:47.777 1556 6532 I ActivityManager: Process com.youku.phone (pid 28667) has died: cch+5 CEM
06-14 17:39:47.777 1556 6532 I am_proc_died: [0,28667,com.youku.phone,905,19]
06-14 17:39:47.777 1556 6532 I am_uid_stopped: 10107
06-14 17:39:47.779 1556 6532 I am_low_memory: 48
06-14 17:39:47.932 28830 29081 D ActivityThread: Loading provider com.qiyi.video: org.qiyi.basecore.db.QiyiContentProvider
06-14 17:39:48.045 28830 28830 W Looper : Loop again would have the queued messages be executed before this one completed.
06-14 17:39:48.114 1556 18791 E ContentProviderHelper: Existing provider com.qiyi.video/com.qiyi.baselib.privacy.provider.QiyiApiProvider is crashing; detaching ProcessRecord{8ddc2e0 27341:com.qiyi.video:plugin1/u0a94}
06-14 17:39:48.114 1556 1696 I am_wtf : [0,1556,system_server,-1,ContentProviderHelper,Existing provider com.qiyi.video/com.qiyi.baselib.privacy.provider.QiyiApiProvider is crashing; detaching ProcessRecord{8ddc2e0 27341:com.qiyi.video:plugin1/u0a94}]
06-14 17:39:48.116 1556 1696 I DropBoxManagerService: add tag=system_server_wtf isTagEnabled=true flags=0x2
06-14 17:39:48.118 27341 27684 E ActivityThread: Failed to find provider info for com.qiyi.video.qyapi
06-14 17:39:48.139 510 510 I killinfo: [25980,10094,905,800,372700,-1,7896244,972828,3421544,62872,1096,28684,108720,4194300,4082028,1745728,208952,977604,2308924,95020,223340,60320,84504,0,0,252160,596,12,35,0,2028,0]
06-14 17:39:48.156 0 0 I [ 1729.423476] oom_reaper: reaped process 25980 (com.qiyi.video), now anon-rss:0kB, file-rss:36160kB, shmem-rss:1668kB
06-14 17:39:48.201 1556 18734 I ActivityManager: Process com.qiyi.video (pid 25980) has died: cch+5 SVC
06-14 17:39:48.201 1556 18734 I am_proc_died: [0,25980,com.qiyi.video,905,10]
06-14 17:39:48.202 28830 28830 I ActivityThread: Removing dead content provider:android.content.ContentProviderProxy@3145b34
06-14 17:39:48.202 1556 6532 I WindowManager: WIN DEATH: Window{9d7b450 u0 com.qiyi.video/com.qiyi.video.WelcomeActivity}
06-14 17:39:48.203 0 0 I [ 1729.466015] binder: release 25980:27875 transaction 974232 in, still active
06-14 17:39:48.203 0 0 I [ 1729.466022] binder: send failed reply for transaction 974232 to 28830:29122
06-14 17:39:48.203 0 0 I [ 1729.466057] binder: release 25980:28072 transaction 974167 in, still active
06-14 17:39:48.203 0 0 I [ 1729.466060] binder: send failed reply for transaction 974167 to 28830:29114
06-14 17:39:48.203 0 0 I [ 1729.467826] binder: send failed reply for transaction 974259 to 28830:29092
06-14 17:39:48.203 0 0 I [ 1729.467857] binder: send failed reply for transaction 974283 to 28830:28830
06-14 17:39:48.203 0 0 I [ 1729.467872] binder: send failed reply for transaction 974289 to 28830:29094
06-14 17:39:48.213 1556 18734 W ActivityManager: Scheduling restart of crashed service com.qiyi.video/org.qiyi.pluginlibrary.pm.PluginPackageManagerService in 1000ms for connection
06-14 17:39:48.213 1556 18734 I am_schedule_service_restart: [0,com.qiyi.video/org.qiyi.pluginlibrary.pm.PluginPackageManagerService,1000]
06-14 17:39:48.214 1556 18734 W ActivityManager: Scheduling restart of crashed service com.qiyi.video/org.qiyi.video.module.icommunication.ipc.HostService in 30761ms for start-requested
06-14 17:39:48.214 1556 18734 I am_schedule_service_restart: [0,com.qiyi.video/org.qiyi.video.module.icommunication.ipc.HostService,30761]
06-14 17:39:48.215 0 0 I [ 1729.483114] binder: 1205:27817 transaction failed 29189/-22, size 104-0 line 3071
06-14 17:39:48.214 1556 18734 W ActivityManager: Scheduling restart of crashed service com.qiyi.video/com.iqiyi.passportsdk.internal.ipc.UserTrackerService in 40760ms for connection
06-14 17:39:48.214 1556 18734 I am_schedule_service_restart: [0,com.qiyi.video/com.iqiyi.passportsdk.internal.ipc.UserTrackerService,40760]
06-14 17:39:48.220 0 0 I [ 1729.487540] msm_vidc: high: 00000002: h264d: Closed video instance: 0000000000000000
06-14 17:39:48.218 1556 18734 I am_mem_factor: [0,1]
06-14 17:39:48.218 1556 18734 I am_low_memory: 47
06-14 17:39:48.223 1556 1590 D CompatibilityChangeReporter: Compat change id reported: 135634846; UID 10094; state: DISABLED
06-14 17:39:48.223 1556 1590 D CompatibilityChangeReporter: Compat change id reported: 177438394; UID 10094; state: DISABLED
06-14 17:39:48.223 1556 1590 D CompatibilityChangeReporter: Compat change id reported: 135772972; UID 10094; state: DISABLED
06-14 17:39:48.223 1556 1590 D CompatibilityChangeReporter: Compat change id reported: 135754954; UID 10094; state: ENABLED
06-14 17:39:48.223 1556 1697 D CompatibilityChangeReporter: Compat change id reported: 143937733; UID 10094; state: ENABLED
06-14 17:39:48.225 1556 1689 W ActivityManager: setHasOverlayUi called on unknown pid: 25980
06-14 17:39:48.229 1556 1689 I am_uid_running: 10101
06-14 17:39:48.233 0 0 I [ 1729.500137] binder: 28830:29092 transaction failed 29189/-22, size 284-16 line 3071
06-14 17:39:48.230 1556 1689 D CompatibilityChangeReporter: Compat change id reported: 135634846; UID 10101; state: DISABLED
06-14 17:39:48.230 1556 1689 D CompatibilityChangeReporter: Compat change id reported: 177438394; UID 10101; state: DISABLED
06-14 17:39:48.230 1556 1689 D CompatibilityChangeReporter: Compat change id reported: 135772972; UID 10101; state: DISABLED
06-14 17:39:48.230 1556 1689 D CompatibilityChangeReporter: Compat change id reported: 135754954; UID 10101; state: ENABLED
06-14 17:39:48.231 1556 1689 I am_uid_running: 10107
06-14 17:39:48.231 1556 1689 D CompatibilityChangeReporter: Compat change id reported: 135634846; UID 10107; state: DISABLED
06-14 17:39:48.231 1556 1689 D CompatibilityChangeReporter: Compat change id reported: 177438394; UID 10107; state: DISABLED
06-14 17:39:48.231 1556 1689 D CompatibilityChangeReporter: Compat change id reported: 135772972; UID 10107; state: DISABLED
06-14 17:39:48.231 1556 1689 D CompatibilityChangeReporter: Compat change id reported: 135754954; UID 10107; state: ENABLED
06-14 17:39:48.231 1556 1689 I am_uid_running: 10106
06-14 17:39:48.232 1556 1689 D CompatibilityChangeReporter: Compat change id reported: 135634846; UID 10106; state: DISABLED
06-14 17:39:48.233 28830 29092 I ActivityThread: Removing dead content provider:android.content.ContentProviderProxy@fc6d3a3
06-14 17:39:48.233 1556 1689 D CompatibilityChangeReporter: Compat change id reported: 135634846; UID 1000; state: DISABLED
06-14 17:39:48.233 1556 1689 D CompatibilityChangeReporter: Compat change id reported: 177438394; UID 1000; state: DISABLED
06-14 17:39:48.233 1556 1689 D CompatibilityChangeReporter: Compat change id reported: 135772972; UID 1000; state: DISABLED
06-14 17:39:48.233 1556 1689 D CompatibilityChangeReporter: Compat change id reported: 135754954; UID 1000; state: ENABLED
06-14 17:39:48.233 1556 1689 I am_uid_running: 10033
06-14 17:39:48.233 1556 1689 D CompatibilityChangeReporter: Compat change id reported: 135634846; UID 10033; state: DISABLED
06-14 17:39:48.233 1556 1689 D CompatibilityChangeReporter: Compat change id reported: 177438394; UID 10033; state: DISABLED
06-14 17:39:48.233 1556 1689 D CompatibilityChangeReporter: Compat change id reported: 135772972; UID 10033; state: DISABLED
06-14 17:39:48.234 1556 1689 D CompatibilityChangeReporter: Compat change id reported: 135754954; UID 10033; state: ENABLED
06-14 17:39:48.234 1556 1689 I am_uid_running: 10095
06-14 17:39:48.234 1556 1689 D CompatibilityChangeReporter: Compat change id reported: 135634846; UID 10095; state: DISABLED
06-14 17:39:48.234 1556 1689 I am_uid_running: 10114
06-14 17:39:48.234 1556 1689 D CompatibilityChangeReporter: Compat change id reported: 135634846; UID 10114; state: DISABLED
06-14 17:39:48.234 1556 1689 D CompatibilityChangeReporter: Compat change id reported: 177438394; UID 10114; state: DISABLED
06-14 17:39:48.234 1556 1689 D CompatibilityChangeReporter: Compat change id reported: 135772972; UID 10114; state: DISABLED
06-14 17:39:48.235 1556 1689 D CompatibilityChangeReporter: Compat change id reported: 135754954; UID 10114; state: DISABLED
06-14 17:39:48.235 1556 1689 I am_uid_running: 10104
06-14 17:39:48.235 1556 1689 D CompatibilityChangeReporter: Compat change id reported: 135634846; UID 10104; state: DISABLED
06-14 17:39:48.235 1556 1689 D CompatibilityChangeReporter: Compat change id reported: 177438394; UID 10104; state: DISABLED
06-14 17:39:48.235 1556 1689 D CompatibilityChangeReporter: Compat change id reported: 135772972; UID 10104; state: DISABLED
06-14 17:39:48.235 1556 1689 D CompatibilityChangeReporter: Compat change id reported: 135754954; UID 10104; state: ENABLED
06-14 17:39:48.235 1556 1697 I am_proc_start: [0,29126,10094,com.qiyi.video,service,{com.qiyi.video/org.qiyi.video.module.icommunication.ipc.HostService}]
06-14 17:39:48.235 1556 1697 I ActivityManager: Start proc 29126:com.qiyi.video/u0a94 for service {com.qiyi.video/org.qiyi.video.module.icommunication.ipc.HostService}
06-14 17:39:48.236 1556 1697 D CompatibilityChangeReporter: Compat change id reported: 143937733; UID 10101; state: ENABLED
06-14 17:39:48.241 1556 1697 I am_proc_start: [0,29138,10101,com.hunantv.imgo.activity,NULL,]
06-14 17:39:48.241 1556 1697 I ActivityManager: Start proc 29138:com.hunantv.imgo.activity/u0a101 for null
06-14 17:39:48.241 1556 1697 D CompatibilityChangeReporter: Compat change id reported: 143937733; UID 10107; state: ENABLED
06-14 17:39:48.244 0 0 I [ 1729.509421] binder: 29126:29126 ioctl 40046210 7ff4300c84 returned -22
06-14 17:39:48.246 1556 1697 I am_proc_start: [0,29141,10107,com.youku.phone,NULL,]
06-14 17:39:48.246 1556 1697 I ActivityManager: Start proc 29141:com.youku.phone/u0a107 for null
06-14 17:39:48.247 1556 1697 D CompatibilityChangeReporter: Compat change id reported: 143937733; UID 10106; state: DISABLED
06-14 17:39:48.251 1556 1697 I am_proc_start: [0,29154,10106,com.dragon.read,NULL,]
06-14 17:39:48.251 1556 1697 I ActivityManager: Start proc 29154:com.dragon.read/u0a106 for null
06-14 17:39:48.252 0 0 I [ 1729.518029] binder: 29138:29138 ioctl 40046210 7ff4300c84 returned -22
06-14 17:39:48.253 1556 1695 I am_pss : [24095,10117,com.kugou.android,260392960,168505344,40960,460144640,0,4,26]
06-14 17:39:48.254 1556 1695 W UsageStatsService: Unexpected activity event reported! (com.qiyi.video/org.qiyi.android.video.MainActivity event : 23 instanceId : 96590879)
06-14 17:39:48.257 1556 5833 I am_proc_bound: [0,29126,com.qiyi.video]
06-14 17:39:48.260 0 0 I [ 1729.524361] binder: 29141:29141 ioctl 40046210 7ff4300c84 returned -22
06-14 17:39:48.267 1556 1697 I am_proc_start: [0,29168,1000,com.android.settings,NULL,]
06-14 17:39:48.267 1556 1697 I ActivityManager: Start proc 29168:com.android.settings/1000 for null
06-14 17:39:48.267 1556 1697 D CompatibilityChangeReporter: Compat change id reported: 143937733; UID 10033; state: ENABLED
06-14 17:39:48.267 1556 6413 I am_proc_bound: [0,29138,com.hunantv.imgo.activity]
06-14 17:39:48.269 0 0 I [ 1729.535865] binder: 29168:29168 ioctl 40046210 7ff4300c84 returned -22
06-14 17:39:48.276 1556 6413 D CompatibilityChangeReporter: Compat change id reported: 168419799; UID 10101; state: DISABLED
06-14 17:39:48.279 1556 5833 I am_proc_bound: [0,29141,com.youku.phone]
06-14 17:39:48.282 1556 1697 I am_proc_start: [0,29188,10033,com.android.documentsui,NULL,]
06-14 17:39:48.282 1556 1697 I ActivityManager: Start proc 29188:com.android.documentsui/u0a33 for null
06-14 17:39:48.282 0 0 I [ 1729.542089] binder: 29154:29154 ioctl 40046210 ffc7d638 returned -22
06-14 17:39:48.282 1556 18734 I am_proc_bound: [0,29154,com.dragon.read]
06-14 17:39:48.283 1556 1697 D CompatibilityChangeReporter: Compat change id reported: 143937733; UID 10095; state: DISABLED
06-14 17:39:48.284 1556 18734 D CompatibilityChangeReporter: Compat change id reported: 168419799; UID 10106; state: DISABLED
06-14 17:39:48.286 1556 5833 I am_proc_bound: [0,29168,com.android.settings]
06-14 17:39:48.290 1556 5833 D CompatibilityChangeReporter: Compat change id reported: 168419799; UID 1000; state: DISABLED
06-14 17:39:48.290 0 0 I [ 1729.553806] binder: 29188:29188 ioctl 40046210 7ff4300c84 returned -22
06-14 17:39:48.293 0 0 I [ 1729.559601] oom_reaper: reaped process 29141 (re-initialized>), now anon-rss:0kB, file-rss:0kB, shmem-rss:16kB
06-14 17:39:48.292 1556 1697 W ActivityManager: Slow operation: 58ms so far, now at startProcess: returned from zygote!
06-14 17:39:48.292 1556 1697 W ActivityManager: Slow operation: 59ms so far, now at startProcess: done updating battery stats
06-14 17:39:48.292 1556 1697 I am_proc_start: [0,29212,10095,com.ss.android.ugc.aweme,NULL,]
06-14 17:39:48.292 1556 1697 W ActivityManager: Slow operation: 59ms so far, now at startProcess: building log message
06-14 17:39:48.292 1556 1697 I ActivityManager: Start proc 29212:com.ss.android.ugc.aweme/u0a95 for null
06-14 17:39:48.292 1556 1697 W ActivityManager: Slow operation: 59ms so far, now at startProcess: starting to update pids map
06-14 17:39:48.292 1556 1697 W ActivityManager: Slow operation: 59ms so far, now at startProcess: done updating pids map
06-14 17:39:48.292 1556 1697 W ActivityManager: Slow operation: 59ms so far, now at startProcess: asking zygote to start proc
06-14 17:39:48.292 1556 1697 D CompatibilityChangeReporter: Compat change id reported: 143937733; UID 10114; state: DISABLED
06-14 17:39:48.293 510 510 I killinfo: [29141,10107,905,800,61344,-1,7896244,1182564,3438156,62872,1000,28072,108720,4194300,4082536,1546728,208340,993036,2310852,94808,223232,55664,85868,0,0,252160,780,12,43,0,1736,0]
06-14 17:39:48.299 1556 1697 W ActivityManager: Slow operation: 65ms so far, now at startProcess: returned from zygote!
06-14 17:39:48.299 1556 1697 W ActivityManager: Slow operation: 66ms so far, now at startProcess: done updating battery stats
06-14 17:39:48.299 1556 1697 I am_proc_start: [0,29214,10114,com.kugou.android.auto,NULL,]
06-14 17:39:48.300 1556 1697 W ActivityManager: Slow operation: 66ms so far, now at startProcess: building log message
06-14 17:39:48.300 1556 1697 I ActivityManager: Start proc 29214:com.kugou.android.auto/u0a114 for null
06-14 17:39:48.300 1556 1697 W ActivityManager: Slow operation: 66ms so far, now at startProcess: starting to update pids map
06-14 17:39:48.300 1556 1697 W ActivityManager: Slow operation: 66ms so far, now at startProcess: done updating pids map
06-14 17:39:48.300 1556 1697 W ActivityManager: Slow operation: 65ms so far, now at startProcess: asking zygote to start proc
06-14 17:39:48.300 1556 1697 D CompatibilityChangeReporter: Compat change id reported: 143937733; UID 10104; state: ENABLED
06-14 17:39:48.301 1556 5833 I am_proc_bound: [0,29188,com.android.documentsui]
06-14 17:39:48.303 1556 5833 D CompatibilityChangeReporter: Compat change id reported: 168419799; UID 10033; state: DISABLED
06-14 17:39:48.308 0 0 I [ 1729.575760] msm_vidc: high: 00000003: h265d: Closed video instance: 0000000000000000
06-14 17:39:48.309 1556 1697 W ActivityManager: Slow operation: 75ms so far, now at startProcess: returned from zygote!
06-14 17:39:48.310 1556 1697 W ActivityManager: Slow operation: 75ms so far, now at startProcess: done updating battery stats
06-14 17:39:48.310 1556 1697 I am_proc_start: [0,29220,10104,com.tencent.qqlive,NULL,]
06-14 17:39:48.310 1556 1697 W ActivityManager: Slow operation: 75ms so far, now at startProcess: building log message
06-14 17:39:48.310 1556 1697 I ActivityManager: Start proc 29220:com.tencent.qqlive/u0a104 for null
06-14 17:39:48.310 1556 1697 W ActivityManager: Slow operation: 75ms so far, now at startProcess: starting to update pids map
06-14 17:39:48.310 1556 1697 W ActivityManager: Slow operation: 75ms so far, now at startProcess: done updating pids map
06-14 17:39:48.311 1556 5833 I ActivityManager: Process com.youku.phone (pid 29141) has died: cch+5 CEM
06-14 17:39:48.312 1556 5833 I am_proc_died: [0,29141,com.youku.phone,905,19]
06-14 17:39:48.312 1556 5833 I am_uid_stopped: 10107
06-14 17:39:48.321 0 0 I [ 1729.586386] oom_reaper: reaped process 29168 (re-initialized>), now anon-rss:0kB, file-rss:0kB, shmem-rss:8kB
06-14 17:39:48.321 0 0 I [ 1729.587688] binder: 29212:29212 ioctl 40046210 ffc7d638 returned -22
06-14 17:39:48.322 510 510 I killinfo: [29168,1000,905,800,61400,-1,7896244,1213224,3439480,62872,1000,28072,108720,4194300,4082536,1548000,208340,990448,2314672,94808,223232,55680,87372,0,0,252160,804,24,44,0,1736,0]
06-14 17:39:48.328 1556 5833 I am_proc_bound: [0,29212,com.ss.android.ugc.aweme]
06-14 17:39:48.330 1556 5833 D CompatibilityChangeReporter: Compat change id reported: 168419799; UID 10095; state: DISABLED
06-14 17:39:48.337 1556 5833 I ActivityManager: Process com.android.settings (pid 29168) has died: cch+15 CEM
06-14 17:39:48.337 1556 5833 I am_proc_died: [0,29168,com.android.settings,915,19]
06-14 17:39:48.338 1556 5833 I am_proc_bound: [0,29220,com.tencent.qqlive]
06-14 17:39:48.340 1556 5833 D CompatibilityChangeReporter: Compat change id reported: 168419799; UID 10104; state: DISABLED
06-14 17:39:48.341 1556 6413 I am_proc_bound: [0,29214,com.kugou.android.auto]
06-14 17:39:48.343 1556 6413 D CompatibilityChangeReporter: Compat change id reported: 168419799; UID 10114; state: DISABLED
06-14 17:39:48.344 0 0 I [ 1729.597626] binder: 29168:29202 ioctl c0306201 74668089f8 returned -14
06-14 17:39:48.344 0 0 I [ 1729.601683] binder: 29220:29220 ioctl 40046210 7ff4300c84 returned -22
06-14 17:39:48.344 0 0 I [ 1729.604317] binder: 29214:29214 ioctl 40046210 7ff4300c84 returned -22
06-14 17:39:48.350 510 510 I killinfo: [29138,10101,935,800,72500,-1,7896244,1246480,3438136,62872,1000,27952,108720,4194300,4082536,1552992,208220,989960,2313876,94948,223284,56160,86100,0,0,252160,840,36,45,0,1712,0]
06-14 17:39:48.353 0 0 I [ 1729.616847] binder: 29138:29153 ioctl c0306201 74668d99f8 returned -14
06-14 17:39:48.353 0 0 I [ 1729.617167] binder: 29138:29201 ioctl c0306201 74666dd9f8 returned -14
06-14 17:39:48.363 0 0 I [ 1729.630667] oom_reaper: reaped process 29138 (v.imgo.activity), now anon-rss:0kB, file-rss:0kB, shmem-rss:380kB
06-14 17:39:48.369 1556 18734 I ActivityManager: Process com.hunantv.imgo.activity (pid 29138) has died: cch+35 CEM
06-14 17:39:48.370 1556 18734 I am_proc_died: [0,29138,com.hunantv.imgo.activity,935,19]
06-14 17:39:48.370 1556 18734 I am_uid_stopped: 10101
06-14 17:39:48.388 0 0 I [ 1729.654021] oom_reaper: reaped process 29154 (com.dragon.read), now anon-rss:0kB, file-rss:0kB, shmem-rss:380kB
06-14 17:39:48.379 510 510 I killinfo: [29154,10106,925,800,59544,-1,7896244,1251120,3438520,62872,1000,27936,108720,4194300,4082536,1551848,208204,987568,2316876,94948,223192,55888,85372,0,0,252160,864,24,46,0,1832,0]
06-14 17:39:48.421 1556 6413 I ActivityManager: Process com.dragon.read (pid 29154) has died: cch+45 CEM
06-14 17:39:48.422 1556 6413 I am_proc_died: [0,29154,com.dragon.read,945,19]
06-14 17:39:48.422 1556 6413 I am_uid_stopped: 10106
06-14 17:39:48.424 1556 6413 I am_mem_factor: [1,0]
06-14 17:39:48.426 0 0 I [ 1729.691557] oom_reaper: reaped process 29188 (oid.documentsui), now anon-rss:0kB, file-rss:0kB, shmem-rss:380kB
06-14 17:39:48.426 0 0 I [ 1729.693574] binder: 29188:29210 ioctl c0306201 74668fe9f8 returned -14
06-14 17:39:48.427 510 510 I killinfo: [29188,10033,935,800,72112,-1,7896244,1263764,3442108,62872,1000,27936,108720,4194300,4082536,1551644,208204,998280,2309464,94852,223336,55696,84912,0,0,252160,912,48,47,0,1716,0]
06-14 17:39:48.441 1556 6413 I ActivityManager: Process com.android.documentsui (pid 29188) has died: cch+35 CEM
06-14 17:39:48.442 1556 6413 I am_proc_died: [0,29188,com.android.documentsui,935,19]
06-14 17:39:48.442 1556 6413 I am_uid_stopped: 10033
06-14 17:39:48.442 510 510 I killinfo: [29212,10095,925,800,60132,-1,7896244,1263708,3448488,62872,1000,27920,108720,4194300,4082536,1548868,208188,1001412,2312832,94852,223380,55440,84348,0,0,252160,932,20,48,0,1828,0]
06-14 17:39:48.445 0 0 I [ 1729.709067] binder: undelivered TRANSACTION_COMPLETE
06-14 17:39:48.445 0 0 I [ 1729.709073] binder: undelivered transaction 975185, process died.
06-14 17:39:48.445 0 0 I [ 1729.709153] binder: undelivered transaction 975264, process died.
06-14 17:39:48.449 1556 1828 D PowerManagerService: userActivityNoUpdateLocked: groupId=0, eventTime=1729716, event=2, flags=0x0, uid=1000
06-14 17:39:48.450 1556 1828 D PowerManagerNotifier: onUserActivity: event=2, uid=1000
06-14 17:39:48.450 1556 1828 D PowerManagerService: updateUserActivitySummaryLocked: groupId=0, mWakefulness=Awake, mUserActivitySummary=0x1, nextTimeout=1789716 (in 59999 ms)
06-14 17:39:48.450 1556 1828 D PowerManagerNotifier: onScreenPolicyUpdate: newPolicy=3
06-14 17:39:48.450 1556 1828 D PowerManagerService: updateDisplayPowerStateLocked: displayReady=true, groupId=0, policy=BRIGHT, mWakefulness=Awake, mWakeLockSummary=0x1, mUserActivitySummary=0x1, mBootCompleted=true, screenBrightnessOverride=NaN, useAutoBrightness=true, mScreenBrightnessBoostInProgress=false, mIsVrModeEnabled= false, sQuiescent=false
06-14 17:39:48.471 0 0 I [ 1729.732377] oom_reaper: reaped process 29212 (droid.ugc.aweme), now anon-rss:0kB, file-rss:0kB, shmem-rss:380kB
06-14 17:39:48.473 1556 18734 I ActivityManager: Process com.ss.android.ugc.aweme (pid 29212) has died: cch+25 CEM
06-14 17:39:48.473 510 510 I killinfo: [29220,10104,915,800,72508,-1,7896244,1261660,3455808,62872,1000,27920,108720,4194300,4082536,1547096,208188,1004196,2317232,94844,223376,55184,83596,0,0,252160,964,32,49,0,1712,0]
06-14 17:39:48.473 1556 18734 I am_proc_died: [0,29212,com.ss.android.ugc.aweme,925,19]
06-14 17:39:48.474 1556 18734 I am_uid_stopped: 10095
06-14 17:39:48.496 0 0 I [ 1729.762189] oom_reaper: reaped process 29220 (.tencent.qqlive), now anon-rss:0kB, file-rss:0kB, shmem-rss:380kB
06-14 17:39:48.504 1556 5833 I ActivityManager: Process com.tencent.qqlive (pid 29220) has died: cch+15 CEM
06-14 17:39:48.504 1556 5833 I am_proc_died: [0,29220,com.tencent.qqlive,915,19]
06-14 17:39:48.504 1556 5833 I am_uid_stopped: 10104
06-14 17:39:48.511 510 510 I killinfo: [29214,10114,905,800,89308,-1,7896244,1267328,3456580,62872,1000,27888,108720,4194300,4082536,1544840,208156,1001408,2321016,94844,223416,54960,82668,0,0,252160,996,32,50,0,1704,0]
06-14 17:39:48.523 0 0 I [ 1729.789444] oom_reaper: reaped process 29214 (ou.android.auto), now anon-rss:0kB, file-rss:0kB, shmem-rss:380kB
06-14 17:39:48.537 1556 5833 I ActivityManager: Process com.kugou.android.auto (pid 29214) has died: cch+5 CEM
06-14 17:39:48.537 1556 5833 I am_proc_died: [0,29214,com.kugou.android.auto,905,19]
06-14 17:39:48.538 1556 5833 I am_uid_stopped: 10114
06-14 17:39:48.540 1556 5833 I am_low_memory: 48
06-14 17:39:48.552 1556 1828 D PowerManagerService: userActivityNoUpdateLocked: groupId=0, eventTime=1729818, event=2, flags=0x0, uid=1000
06-14 17:39:48.552 1556 1828 D PowerManagerNotifier: onUserActivity: event=2, uid=1000
06-14 17:39:48.552 1556 1828 D PowerManagerService: updateUserActivitySummaryLocked: groupId=0, mWakefulness=Awake, mUserActivitySummary=0x1, nextTimeout=1789818 (in 59999 ms)
06-14 17:39:48.552 1556 1828 D PowerManagerNotifier: onScreenPolicyUpdate: newPolicy=3
06-14 17:39:48.552 1556 1828 D PowerManagerService: updateDisplayPowerStateLocked: displayReady=true, groupId=0, policy=BRIGHT, mWakefulness=Awake, mWakeLockSummary=0x1, mUserActivitySummary=0x1, mBootCompleted=true, screenBrightnessOverride=NaN, useAutoBrightness=true, mScreenBrightnessBoostInProgress=false, mIsVrModeEnabled= false, sQuiescent=false
06-14 17:39:48.565 1556 6413 I thunderperf: PlatormCompat.setOverrides: Uid1=10069 Pid1=18952 Uid2=10069 Pid2=18952
06-14 17:39:48.565 1556 6413 I thunderperf: PlatormCompat.setOverrides: needCheck:false
06-14 17:39:48.565 1556 6413 I thunderperf: CompatConfig.addOverrideUnsafe: bef-state=1
06-14 17:39:48.565 1556 6413 E thunderperf: CompatConfig.addOverrideUnsafe: exception:java.lang.SecurityException: Cannot override a change on a non-debuggable app and user build.
06-14 17:39:48.565 1556 6413 I thunderperf: CompatConfig.addOverrideUnsafe: aft-state=1
06-14 17:39:48.565 1556 6413 I thunderperf: CompatConfig.addOverrideUnsafe: bef-state=1
06-14 17:39:48.565 1556 6413 E thunderperf: CompatConfig.addOverrideUnsafe: exception:java.lang.SecurityException: Cannot override a change on a non-debuggable app and user build.
06-14 17:39:48.565 1556 6413 I thunderperf: CompatConfig.addOverrideUnsafe: aft-state=1
06-14 17:39:48.566 1556 6413 I thunderperf: CompatConfig.addOverrideUnsafe: bef-state=1
06-14 17:39:48.566 1556 6413 E thunderperf: CompatConfig.addOverrideUnsafe: exception:java.lang.SecurityException: Cannot override a change on a non-debuggable app and user build.
06-14 17:39:48.566 1556 6413 I thunderperf: CompatConfig.addOverrideUnsafe: aft-state=1
06-14 17:39:48.566 1556 6413 I thunderperf: CompatConfig.addOverrideUnsafe: bef-state=1
06-14 17:39:48.566 1556 6413 E thunderperf: CompatConfig.addOverrideUnsafe: exception:java.lang.SecurityException: Cannot override a change on a non-debuggable app and user build.
06-14 17:39:48.566 1556 6413 I thunderperf: CompatConfig.addOverrideUnsafe: aft-state=1
06-14 17:39:48.567 1556 6413 I thunderperf: CompatConfig.addOverrideUnsafe: bef-state=1
06-14 17:39:48.567 1556 6413 E thunderperf: CompatConfig.addOverrideUnsafe: exception:java.lang.SecurityException: Cannot override a change on a non-debuggable app and user build.
06-14 17:39:48.567 1556 6413 I thunderperf: CompatConfig.addOverrideUnsafe: aft-state=1
06-14 17:39:48.567 1556 6413 I thunderperf: CompatConfig.addOverrideUnsafe: bef-state=1
06-14 17:39:48.567 1556 6413 E thunderperf: CompatConfig.addOverrideUnsafe: exception:java.lang.SecurityException: Cannot override a change on a non-debuggable app and user build.
06-14 17:39:48.567 1556 6413 I thunderperf: CompatConfig.addOverrideUnsafe: aft-state=1
06-14 17:39:48.567 1556 6413 I thunderperf: CompatConfig.addOverrideUnsafe: bef-state=1
06-14 17:39:48.567 1556 6413 E thunderperf: CompatConfig.addOverrideUnsafe: exception:java.lang.SecurityException: Cannot override a change on a non-debuggable app and user build.
06-14 17:39:48.567 1556 6413 I thunderperf: CompatConfig.addOverrideUnsafe: aft-state=1
06-14 17:39:48.568 1556 6413 I thunderperf: CompatConfig.addOverrideUnsafe: bef-state=1
06-14 17:39:48.568 1556 6413 E thunderperf: CompatConfig.addOverrideUnsafe: exception:java.lang.SecurityException: Cannot override a change on a non-debuggable app and user build.
06-14 17:39:48.568 1556 6413 I thunderperf: CompatConfig.addOverrideUnsafe: aft-state=1
06-14 17:39:48.568 1556 6413 I thunderperf: CompatConfig.addOverrideUnsafe: bef-state=1
06-14 17:39:48.568 1556 6413 E thunderperf: CompatConfig.addOverrideUnsafe: exception:java.lang.SecurityException: Cannot override a change on a non-debuggable app and user build.
06-14 17:39:48.568 1556 6413 I thunderperf: CompatConfig.addOverrideUnsafe: aft-state=1
06-14 17:39:48.569 1556 6413 I thunderperf: CompatConfig.addOverrideUnsafe: bef-state=1
06-14 17:39:48.569 1556 6413 E thunderperf: CompatConfig.addOverrideUnsafe: exception:java.lang.SecurityException: Cannot override a change on a non-debuggable app and user build.
06-14 17:39:48.569 1556 6413 I thunderperf: CompatConfig.addOverrideUnsafe: aft-state=1
06-14 17:39:48.569 1556 6413 I thunderperf: CompatConfig.addOverrideUnsafe: bef-state=1
06-14 17:39:48.569 1556 6413 E thunderperf: CompatConfig.addOverrideUnsafe: exception:java.lang.SecurityException: Cannot override a change on a non-debuggable app and user build.
06-14 17:39:48.569 1556 6413 I thunderperf: CompatConfig.addOverrideUnsafe: aft-state=1
06-14 17:39:48.570 1556 6413 I thunderperf: CompatConfig.addOverrideUnsafe: bef-state=1
06-14 17:39:48.570 1556 6413 E thunderperf: CompatConfig.addOverrideUnsafe: exception:java.lang.SecurityException: Cannot override a change on a non-debuggable app and user build.
06-14 17:39:48.570 1556 6413 I thunderperf: CompatConfig.addOverrideUnsafe: aft-state=1
06-14 17:39:48.571 1556 6413 I thunderperf: CompatConfig.addOverrideUnsafe: bef-state=1
06-14 17:39:48.571 1556 6413 E thunderperf: CompatConfig.addOverrideUnsafe: exception:java.lang.SecurityException: Cannot override a change on a non-debuggable app and user build.
06-14 17:39:48.571 1556 6413 I thunderperf: CompatConfig.addOverrideUnsafe: aft-state=1
06-14 17:39:48.571 1556 6413 I thunderperf: CompatConfig.addOverrideUnsafe: bef-state=1
06-14 17:39:48.571 1556 6413 E thunderperf: CompatConfig.addOverrideUnsafe: exception:java.lang.SecurityException: Cannot override a change on a non-debuggable app and user build.
06-14 17:39:48.571 1556 6413 I thunderperf: CompatConfig.addOverrideUnsafe: aft-state=1
06-14 17:39:48.576 1556 6413 I ActivityTaskManager: START u0 {act=android.intent.action.MAIN cat=[android.intent.category.LAUNCHER] flg=0x10200000 cmp=com.kugou.android/.app.splash.SplashActivity} from uid 10069
06-14 17:39:48.577 1556 6413 D ActivityTaskManager: TaskLaunchParamsModifier:task=null activity=ActivityRecord{3e04b89 u0 com.kugou.android/.app.splash.SplashActivity taskAffinity=10117:android.task.kugou display-area-from-source=DefaultTaskDisplayArea@142405141 display-id=0 display-windowing-mode=1 suggested-display-area=DefaultTaskDisplayArea@142405141
06-14 17:39:48.577 1556 6413 D ActivityTaskManager: TaskLaunchParamsModifier:task=Task{5467172 #1069 type=standard A=10117:android.task.kugou U=0 visible=false mode=freeform translucent=true sz=3 visible freeform task=false rootAffinity=10117:android.task.kugou isMini=false} activity=ActivityRecord{3e04b89 u0 com.kugou.android/.app.splash.SplashActivity taskAffinity=10117:android.task.kugou t-1} display-area-from-source=DefaultTaskDisplayArea@142405141 display-id=0 display-windowing-mode=1 suggested-display-area=DefaultTaskDisplayArea@142405141 activity-options-bounds=Rect(12, 12 - 652, 986) non-freeform-display display-area=DefaultTaskDisplayArea@142405141
06-14 17:39:48.577 1556 6413 I wm_task_moved: [1069,1,8]
06-14 17:39:48.577 1556 6413 I wm_task_to_front: [0,1069]
06-14 17:39:48.582 1556 6413 I wm_focused_root_task: [0,0,1069,1054,bringingFoundTaskToFront]
06-14 17:39:48.584 1556 6413 I wm_set_resumed_activity: [0,com.kugou.android/com.kugou.crash.snow.JonSnow$HintActivity,bringingFoundTaskToFront]
06-14 17:39:48.585 1556 6413 D CompatibilityChangeReporter: Compat change id reported: 174042980; UID 10117; state: DISABLED
06-14 17:39:48.585 1556 6413 D CompatibilityChangeReporter: Compat change id reported: 184838306; UID 10117; state: DISABLED
06-14 17:39:48.586 1556 6413 D CompatibilityChangeReporter: Compat change id reported: 185004937; UID 10117; state: DISABLED
06-14 17:39:48.587 1556 6413 I wm_task_moved: [1069,1,8]
06-14 17:39:48.587 1556 6413 I wm_create_activity: [0,65031049,1069,com.kugou.android/.app.splash.SplashActivity,android.intent.action.MAIN,NULL,NULL,274726912]
06-14 17:39:48.587 1556 6413 D CompatibilityChangeReporter: Compat change id reported: 168419799; UID 10117; state: DISABLED
06-14 17:39:48.587 1556 6413 I ActivityTaskManager: FOREGROUND_APPLICATION_CHANGED to com.kugou.android.app.splash.SplashActivity
06-14 17:39:48.588 1556 6413 I ActivityTaskManager: The Process com.kugou.android Already Exists in BG. So sending its PID: 24095
06-14 17:39:48.588 1556 6413 W ActivityTaskManager: Tried to set launchTime (0) < mLastActivityLaunchTime (1716686)
06-14 17:39:48.589 1556 6413 I wm_restart_activity: [0,65031049,1069,com.kugou.android/.app.splash.SplashActivity]
06-14 17:39:48.589 1556 6413 I wm_set_resumed_activity: [0,com.kugou.android/.app.splash.SplashActivity,minimalResumeActivityLocked]
06-14 17:39:48.590 1556 6413 I wm_add_to_stopping: [0,264656644,com.tencent.mm/.plugin.account.ui.WelcomeActivity,makeInvisible]
06-14 17:39:48.602 1556 18734 I wm_finish_activity: [0,65031049,1069,com.kugou.android/.app.splash.SplashActivity,app-request]
06-14 17:39:48.602 1556 18734 I wm_pause_activity: [0,65031049,com.kugou.android/.app.splash.SplashActivity,userLeaving=false,finish]
06-14 17:39:48.602 1556 18734 D PowerManagerService: acquireWakeLockInternal: lock=110154549, flags=0x1, tag="*launch*", ws=WorkSource{10117}, uid=1000, pid=1556
06-14 17:39:48.602 1556 18734 D PowerManagerService: updateWakeLockSummaryLocked: mWakefulness=Awake, mWakeLockSummary=0x1
06-14 17:39:48.602 1556 18734 D PowerManagerService: updateUserActivitySummaryLocked: groupId=0, mWakefulness=Awake, mUserActivitySummary=0x1, nextTimeout=1789818 (in 59948 ms)
06-14 17:39:48.603 1556 18734 D PowerManagerNotifier: onScreenPolicyUpdate: newPolicy=3
06-14 17:39:48.603 1556 18734 D PowerManagerService: updateDisplayPowerStateLocked: displayReady=true, groupId=0, policy=BRIGHT, mWakefulness=Awake, mWakeLockSummary=0x1, mUserActivitySummary=0x1, mBootCompleted=true, screenBrightnessOverride=NaN, useAutoBrightness=true, mScreenBrightnessBoostInProgress=false, mIsVrModeEnabled= false, sQuiescent=false
06-14 17:39:48.603 1556 18734 D PowerManagerNotifier: onWakeLockAcquired: flags=1, tag="*launch*", packageName=android, ownerUid=1000, ownerPid=1556, workSource=WorkSource{10117}
06-14 17:39:48.609 24095 24095 I wm_on_create_called: [65031049,com.kugou.android.app.splash.SplashActivity,performCreate]
06-14 17:39:48.615 1556 1828 I input_focus: [Focus leaving 488e859 com.tencent.mm/com.tencent.mm.plugin.account.ui.WelcomeActivity (server),reason=NO_WINDOW]
06-14 17:39:48.622 24095 24095 I wm_on_restart_called: [256935812,com.kugou.crash.snow.JonSnow$HintActivity,performRestartActivity]
06-14 17:39:48.622 24095 24095 I wm_on_start_called: [256935812,com.kugou.crash.snow.JonSnow$HintActivity,handleStartActivity]
06-14 17:39:48.623 24095 24095 W Looper : Loop again would have the queued messages be executed before this one completed.
06-14 17:39:48.623 24095 24095 I wm_on_restart_called: [80085123,com.kugou.android.app.MediaActivity,performRestartActivity]
06-14 17:39:48.626 24095 24095 I wm_on_start_called: [80085123,com.kugou.android.app.MediaActivity,handleStartActivity]
06-14 17:39:48.631 510 510 I killinfo: [22298,10108,900,800,213456,-1,7896244,1255928,3469368,62872,1000,27856,108720,4194300,4082536,1556692,208124,1001560,2333560,95272,223408,54720,81844,0,0,252160,1103,12,57,0,4612,0]
06-14 17:39:48.644 0 0 I [ 1729.911511] oom_reaper: reaped process 22298 (com.tencent.mm), now anon-rss:0kB, file-rss:6988kB, shmem-rss:832kB
06-14 17:39:48.665 1556 5833 I wm_add_to_stopping: [0,65031049,com.kugou.android/.app.splash.SplashActivity,completeFinishing]
06-14 17:39:48.666 1556 5833 I ActivityTaskManager: FOREGROUND_APPLICATION_CHANGED to com.kugou.crash.snow.JonSnow$HintActivity
06-14 17:39:48.667 1556 5833 I wm_set_resumed_activity: [0,com.kugou.android/com.kugou.crash.snow.JonSnow$HintActivity,resumeTopActivityInnerLocked]
06-14 17:39:48.669 0 0 I [ 1729.936205] binder: undelivered TRANSACTION_COMPLETE
06-14 17:39:48.669 0 0 I [ 1729.936211] binder: undelivered transaction 975799, process died.
06-14 17:39:48.668 1556 5833 I wm_resume_activity: [0,256935812,1069,com.kugou.android/com.kugou.crash.snow.JonSnow$HintActivity]
06-14 17:39:48.669 1556 6413 I ActivityManager: Process com.tencent.mm (pid 22298) has died: cch CAC
06-14 17:39:48.670 1556 6413 I am_proc_died: [0,22298,com.tencent.mm,900,16]
06-14 17:39:48.673 0 0 I [ 1729.936859] binder: undelivered transaction 975875, process died.
06-14 17:39:48.673 0 0 I [ 1729.937283] binder: undelivered transaction 975819, process died.
06-14 17:39:48.672 1556 1690 I input_focus: [Focus request e6808be com.kugou.android/com.kugou.crash.snow.JonSnow$HintActivity,reason=UpdateInputWindows]
06-14 17:39:48.682 1556 1589 I WindowManager: WIN DEATH: Window{488e859 u0 com.tencent.mm/com.tencent.mm.plugin.account.ui.WelcomeActivity}
06-14 17:39:48.687 1556 6413 W ActivityTaskManager: Force removing ActivityRecord{fc65704 u0 com.tencent.mm/.plugin.account.ui.WelcomeActivity taskAffinity=10108:com.tencent.mm t1054}: app died, no saved state
06-14 17:39:48.687 1556 6413 I wm_finish_activity: [0,264656644,1054,com.tencent.mm/.plugin.account.ui.WelcomeActivity,proc died without state saved]
06-14 17:39:48.688 1556 6413 I wm_task_removed: [1054,removeChild:removeChild last r=ActivityRecord{fc65704 u0 com.tencent.mm/.plugin.account.ui.WelcomeActivity taskAffinity=10108:com.tencent.mm t-1 f}} in t=Task{3765a5b #1054 type=standard A=10108:com.tencent.mm U=0 visible=false mode=freeform translucent=true sz=0 visible freeform task=false rootAffinity=10108:com.tencent.mm isMini=false}]
06-14 17:39:48.688 1556 6413 I wm_task_removed: [1054,removeChild]
06-14 17:39:48.689 1556 6413 I am_low_memory: 47
06-14 17:39:48.690 1556 1689 I sysui_multi_action: [757,803,799,window_time_0,802,2]
06-14 17:39:48.690 1556 1689 W ActivityManager: setHasOverlayUi called on unknown pid: 22298
06-14 17:39:48.691 510 510 I killinfo: [27341,10094,800,800,195800,-1,7896244,1299836,3462216,62872,1000,27856,108720,4194300,4082540,1497704,207928,1007052,2320364,94832,223156,53424,79732,0,0,252240,1171,68,58,0,1948,0]
06-14 17:39:48.692 1556 1689 D CompatibilityChangeReporter: Compat change id reported: 135634846; UID 10108; state: DISABLED
06-14 17:39:48.692 1556 1689 D CompatibilityChangeReporter: Compat change id reported: 177438394; UID 10108; state: DISABLED
06-14 17:39:48.692 1556 1689 D CompatibilityChangeReporter: Compat change id reported: 135772972; UID 10108; state: DISABLED
06-14 17:39:48.692 1556 1697 D CompatibilityChangeReporter: Compat change id reported: 143937733; UID 10108; state: DISABLED
06-14 17:39:48.692 1556 1689 I am_uid_running: 10101
06-14 17:39:48.692 1556 1689 D CompatibilityChangeReporter: Compat change id reported: 135634846; UID 10101; state: DISABLED
06-14 17:39:48.692 1556 1689 D CompatibilityChangeReporter: Compat change id reported: 177438394; UID 10101; state: DISABLED
06-14 17:39:48.692 1556 1689 D CompatibilityChangeReporter: Compat change id reported: 135772972; UID 10101; state: DISABLED
06-14 17:39:48.692 1556 1689 D CompatibilityChangeReporter: Compat change id reported: 135754954; UID 10101; state: ENABLED
06-14 17:39:48.693 1556 1689 I am_uid_running: 10107
06-14 17:39:48.693 1556 1689 D CompatibilityChangeReporter: Compat change id reported: 135634846; UID 10107; state: DISABLED
