06-14 17:40:01.146 1556 1697 I am_proc_start: [0,31197,10114,com.kugou.android.auto,NULL,]
06-14 17:40:01.146 1556 1697 W ActivityManager: Slow operation: 86ms so far, now at startProcess: building log message
06-14 17:40:01.146 1556 1697 I ActivityManager: Start proc 31197:com.kugou.android.auto/u0a114 for null
06-14 17:40:01.146 1556 1697 W ActivityManager: Slow operation: 86ms so far, now at startProcess: starting to update pids map
06-14 17:40:01.148 1556 1697 W ActivityManager: Slow operation: 88ms so far, now at startProcess: done updating pids map
06-14 17:40:01.148 1556 1697 W ActivityManager: Slow operation: 88ms so far, now at startProcess: asking zygote to start proc
06-14 17:40:01.148 1556 1697 D CompatibilityChangeReporter: Compat change id reported: 143937733; UID 10104; state: ENABLED
06-14 17:40:01.159 0 0 I [ 1742.420781] binder: 31180:31180 ioctl 40046210 7ff4300c84 returned -22
06-14 17:40:01.159 0 0 I [ 1742.425031] binder: 31181:31181 ioctl 40046210 ffc7d638 returned -22
06-14 17:40:01.169 0 0 I [ 1742.435218] binder: 31197:31197 ioctl 40046210 7ff4300c84 returned -22
06-14 17:40:01.178 0 0 I [ 1742.440085] binder: 31224:31224 ioctl 40046210 7ff4300c84 returned -22
06-14 17:40:01.157 1556 6132 I am_proc_bound: [0,31180,com.android.documentsui]
06-14 17:40:01.159 1556 1697 W ActivityManager: Slow operation: 99ms so far, now at startProcess: returned from zygote!
06-14 17:40:01.159 1556 6132 D CompatibilityChangeReporter: Compat change id reported: 168419799; UID 10033; state: DISABLED
06-14 17:40:01.162 1556 1697 W ActivityManager: Slow operation: 102ms so far, now at startProcess: done updating battery stats
06-14 17:40:01.162 1556 1697 I am_proc_start: [0,31224,10104,com.tencent.qqlive,NULL,]
06-14 17:40:01.162 1556 1697 W ActivityManager: Slow operation: 102ms so far, now at startProcess: building log message
06-14 17:40:01.162 1556 1697 I ActivityManager: Start proc 31224:com.tencent.qqlive/u0a104 for null
06-14 17:40:01.162 1556 1697 W ActivityManager: Slow operation: 102ms so far, now at startProcess: starting to update pids map
06-14 17:40:01.162 1556 1697 W ActivityManager: Slow operation: 102ms so far, now at startProcess: done updating pids map
06-14 17:40:01.167 1556 6132 I am_proc_bound: [0,31181,com.ss.android.ugc.aweme]
06-14 17:40:01.168 31080 31080 I wm_on_create_called: [205530773,com.hunantv.imgo.activity.MainActivity,performCreate]
06-14 17:40:01.174 1556 6132 D CompatibilityChangeReporter: Compat change id reported: 168419799; UID 10095; state: DISABLED
06-14 17:40:01.177 1556 2323 I am_proc_bound: [0,31197,com.kugou.android.auto]
06-14 17:40:01.180 1556 2323 D CompatibilityChangeReporter: Compat change id reported: 168419799; UID 10114; state: DISABLED
06-14 17:40:01.182 1556 6132 I am_proc_bound: [0,31224,com.tencent.qqlive]
06-14 17:40:01.184 1556 6132 D CompatibilityChangeReporter: Compat change id reported: 168419799; UID 10104; state: DISABLED
06-14 17:40:01.185 1556 2323 W ActivityManager: Receiver with filter android.content.IntentFilter@ef45610 already registered for pid 31080, callerPackage is com.hunantv.imgo.activity
06-14 17:40:01.196 31080 31080 I wm_on_start_called: [205530773,com.hunantv.imgo.activity.MainActivity,handleStartActivity]
06-14 17:40:01.202 31080 31080 I wm_on_resume_called: [205530773,com.hunantv.imgo.activity.MainActivity,RESUME_ACTIVITY]
06-14 17:40:01.210 1556 15732 W WindowManager: Failed looking up window session=Session{cc6421a 31080:u0a10101} callers=com.android.server.wm.WindowManagerService.windowForClientLocked:5628 com.android.server.wm.Session.insetsModified:629 android.view.IWindowSession$Stub.onTransact:1151
06-14 17:40:01.211 1556 15732 W WindowManager: Failed looking up window session=Session{cc6421a 31080:u0a10101} callers=com.android.server.wm.WindowManagerService.windowForClientLocked:5628 com.android.server.wm.Session.insetsModified:629 android.view.IWindowSession$Stub.onTransact:1151
06-14 17:40:01.212 31080 31080 I wm_on_top_resumed_gained_called: [205530773,com.hunantv.imgo.activity.MainActivity,topStateChangedWhenResumed]
06-14 17:40:01.238 1556 1690 I input_focus: [Focus request e6dfc41 com.hunantv.imgo.activity/com.hunantv.imgo.activity.MainActivity,reason=UpdateInputWindows]
06-14 17:40:01.258 0 0 I [ 1742.525256] binder: 31080:31148 ioctl 40046210 73eae451f4 returned -22
06-14 17:40:01.265 1556 1828 I input_focus: [Focus leaving e6808be com.kugou.android/com.kugou.crash.snow.JonSnow$HintActivity (server),reason=Waiting for window because NOT_VISIBLE]
06-14 17:40:01.273 1556 6132 D PowerManagerService: releaseWakeLockInternal: lock=110154549 [*launch*], flags=0x0
06-14 17:40:01.273 1556 6132 D PowerManagerNotifier: onWakeLockReleased: flags=1, tag="*launch*", packageName=android, ownerUid=1000, ownerPid=1556, workSource=WorkSource{10101}
06-14 17:40:01.273 1556 6132 D PowerManagerService: updateWakeLockSummaryLocked: mWakefulness=Awake, mWakeLockSummary=0x1
06-14 17:40:01.273 1556 6132 D PowerManagerService: updateUserActivitySummaryLocked: groupId=0, mWakefulness=Awake, mUserActivitySummary=0x1, nextTimeout=1802056 (in 59516 ms)
06-14 17:40:01.273 1556 6132 D PowerManagerNotifier: onScreenPolicyUpdate: newPolicy=3
06-14 17:40:01.273 1556 6132 D PowerManagerService: updateDisplayPowerStateLocked: displayReady=true, groupId=0, policy=BRIGHT, mWakefulness=Awake, mWakeLockSummary=0x1, mUserActivitySummary=0x1, mBootCompleted=true, screenBrightnessOverride=NaN, useAutoBrightness=true, mScreenBrightnessBoostInProgress=false, mIsVrModeEnabled= false, sQuiescent=false
06-14 17:40:01.276 1556 1686 I sysui_multi_action: [319,91,321,87,322,360,325,1742,757,761,758,7,759,1,806,com.hunantv.imgo.activity,871,com.hunantv.imgo.activity.MainActivity,904,com.android.launcher3,905,0,945,63,1320,4,1321,4]
06-14 17:40:01.276 1556 1686 I wm_activity_launch_time: [0,205530773,com.hunantv.imgo.activity/.MainActivity,360]
06-14 17:40:01.281 1556 1828 I input_focus: [Focus entering e6dfc41 com.hunantv.imgo.activity/com.hunantv.imgo.activity.MainActivity (server),reason=Window became focusable. Previous reason: NOT_VISIBLE]
06-14 17:40:01.465 31123 31123 I auditd : type=1400 audit(0.0:4567): avc: denied { read } for comm="com.youku.phone" name="version" dev="proc" ino=4026532247 scontext=u:r:untrusted_app:s0:c107,c256,c512,c768 tcontext=u:object_r:proc_version:s0 tclass=file permissive=0 app=com.youku.phone
06-14 17:40:01.521 31123 31123 D ActivityThread: Loading provider com.youku.phone.com.android.alibaba.ip.server.InstantRunContentProvider: com.android.alibaba.ip.server.InstantRunContentProvider
06-14 17:40:01.531 1556 1689 I wm_stop_activity: [0,106812043,com.android.launcher3/.uioverrides.QuickstepLauncher]
06-14 17:40:01.550 18952 18952 I wm_on_stop_called: [106812043,com.android.launcher3.uioverrides.QuickstepLauncher,STOP_ACTIVITY_ITEM]
06-14 17:40:01.597 31350 31350 I auditd : type=1400 audit(0.0:4568): avc: denied { read } for comm="ps" name="pid_max" dev="proc" ino=707235 scontext=u:r:untrusted_app:s0:c107,c256,c512,c768 tcontext=u:object_r:proc_pid_max:s0 tclass=file permissive=0 app=com.qiyi.video
06-14 17:40:01.785 31123 31123 I auditd : type=1400 audit(0.0:4569): avc: denied { read } for comm="CrashSDKBkgdHan" name="loadavg" dev="proc" ino=4026532243 scontext=u:r:untrusted_app:s0:c107,c256,c512,c768 tcontext=u:object_r:proc_loadavg:s0 tclass=file permissive=0 app=com.youku.phone
06-14 17:40:01.861 1556 1828 I input_interaction: Interaction with: e6dfc41 com.hunantv.imgo.activity/com.hunantv.imgo.activity.MainActivity (server), edge-swipe (server), swipe-up (server), PointerEventDispatcher0 (server),
06-14 17:40:01.861 1556 1828 D PowerManagerService: userActivityNoUpdateLocked: groupId=0, eventTime=1743128, event=2, flags=0x0, uid=1000
06-14 17:40:01.861 1556 1828 D PowerManagerNotifier: onUserActivity: event=2, uid=1000
06-14 17:40:01.861 1556 1828 D PowerManagerService: updateUserActivitySummaryLocked: groupId=0, mWakefulness=Awake, mUserActivitySummary=0x1, nextTimeout=1803128 (in 60000 ms)
06-14 17:40:01.861 1556 1828 D PowerManagerNotifier: onScreenPolicyUpdate: newPolicy=3
06-14 17:40:01.861 1556 1828 D PowerManagerService: updateDisplayPowerStateLocked: displayReady=true, groupId=0, policy=BRIGHT, mWakefulness=Awake, mWakeLockSummary=0x1, mUserActivitySummary=0x1, mBootCompleted=true, screenBrightnessOverride=NaN, useAutoBrightness=true, mScreenBrightnessBoostInProgress=false, mIsVrModeEnabled= false, sQuiescent=false
06-14 17:40:01.863 1556 6192 D ActivityTaskManager: Skipping, freeform mode : Task{5467172 #1069 type=standard A=10117:android.task.kugou U=0 visible=false mode=freeform translucent=true sz=3 visible freeform task=true rootAffinity=10117:android.task.kugou isMini=false}
06-14 17:40:01.863 1556 6192 D ActivityTaskManager: Skipping, freeform mode : Task{3765a5b #1054 type=standard A=10108:com.tencent.mm U=0 visible=false mode=freeform translucent=true sz=0 visible freeform task=false rootAffinity=10108:com.tencent.mm isMini=false}
06-14 17:40:01.864 1556 15732 I wm_task_moved: [937,0,0]
06-14 17:40:01.865 1556 15732 I wm_task_moved: [937,0,6]
06-14 17:40:01.878 31080 31080 I view_enqueue_input_event: [Motion - Cancel,com.hunantv.imgo.activity/com.hunantv.imgo.activity.MainActivity]
06-14 17:40:01.880 18952 18952 I wm_on_restart_called: [106812043,com.android.launcher3.uioverrides.QuickstepLauncher,performRestartActivity]
06-14 17:40:01.882 1556 1690 I input_focus: [Focus request recents_animation_input_consumer,reason=UpdateInputWindows]
06-14 17:40:01.887 1556 1828 I input_interaction: Interaction with: edge-swipe (server), swipe-up (server), PointerEventDispatcher0 (server),
06-14 17:40:01.891 1556 6660 W ActivityManager: Background start not allowed: service Intent { cmp=com.youku.phone/com.youku.appbundle.core.splitinstall.SplitCleanService } to com.youku.phone/com.youku.appbundle.core.splitinstall.SplitCleanService from pid=31123 uid=10107 pkg=com.youku.phone startFg?=false
06-14 17:40:01.914 1556 1828 I input_focus: [Focus leaving e6dfc41 com.hunantv.imgo.activity/com.hunantv.imgo.activity.MainActivity (server),reason=NOT_FOCUSABLE]
06-14 17:40:01.914 1556 1828 I input_focus: [Focus entering recents_animation_input_consumer (server),reason=setFocusedWindow]
06-14 17:40:01.916 18952 18952 I wm_on_start_called: [106812043,com.android.launcher3.uioverrides.QuickstepLauncher,handleStartActivity]
06-14 17:40:01.918 1556 6192 W ActivityTaskManager: getTaskSnapshot: taskId=-411 not found
06-14 17:40:01.920 1556 6192 W ActivityTaskManager: getTaskSnapshot: taskId=-411 not found
06-14 17:40:01.921 1556 6192 W ActivityTaskManager: getTaskSnapshot: taskId=-411 not found
06-14 17:40:01.924 18952 18952 I sysui_latency: [1,63]
06-14 17:40:01.934 1556 1686 I sysui_multi_action: [319,5,322,65,325,1743,757,761,758,9,759,5,806,com.android.launcher3,871,com.android.launcher3.uioverrides.QuickstepLauncher,904,com.android.launcher3,905,0,1320,8,1321,5]
06-14 17:40:01.956 31113 31538 E ActivityThread: Failed to find provider info for com.oplus.cardservice.repository.provider.CardServiceServerProvider
06-14 17:40:02.116 1556 1817 I commit_sys_config_file: [settings-1-0,1]
06-14 17:40:02.233 1556 1695 I sysui_latency: [8,68]
06-14 17:40:02.234 1556 18234 D PowerManagerService: acquireWakeLockInternal: lock=212448631, flags=0x1, tag="HttpRequestTask", ws=null, uid=10104, pid=31224
06-14 17:40:02.234 1556 18234 D PowerManagerService: updateWakeLockSummaryLocked: mWakefulness=Awake, mWakeLockSummary=0x1
06-14 17:40:02.234 1556 18234 D PowerManagerService: updateUserActivitySummaryLocked: groupId=0, mWakefulness=Awake, mUserActivitySummary=0x1, nextTimeout=1803128 (in 59627 ms)
06-14 17:40:02.234 1556 18234 D PowerManagerNotifier: onScreenPolicyUpdate: newPolicy=3
06-14 17:40:02.234 1556 18234 D PowerManagerService: updateDisplayPowerStateLocked: displayReady=true, groupId=0, policy=BRIGHT, mWakefulness=Awake, mWakeLockSummary=0x1, mUserActivitySummary=0x1, mBootCompleted=true, screenBrightnessOverride=NaN, useAutoBrightness=true, mScreenBrightnessBoostInProgress=false, mIsVrModeEnabled= false, sQuiescent=false
06-14 17:40:02.507 31224 31224 W Looper : Loop again would have the queued messages be executed before this one completed.
06-14 17:40:02.581 1556 6192 I wm_task_moved: [937,1,7]
06-14 17:40:02.581 1556 6192 I wm_task_moved: [938,1,2147483647]
06-14 17:40:02.581 1556 6192 I wm_task_to_front: [0,938]
06-14 17:40:02.581 1556 6192 I wm_focused_root_task: [0,0,937,1073,RecentsAnimation.onAnimationFinished()]
06-14 17:40:02.582 1556 6192 I wm_set_resumed_activity: [0,com.android.launcher3/.uioverrides.QuickstepLauncher,RecentsAnimation.onAnimationFinished()]
06-14 17:40:02.582 31080 31080 I wm_on_top_resumed_lost_called: [205530773,com.hunantv.imgo.activity.MainActivity,topStateChangedWhenResumed]
06-14 17:40:02.582 1556 6192 I wm_pause_activity: [0,205530773,com.hunantv.imgo.activity/.MainActivity,userLeaving=true,pauseBackTasks]
06-14 17:40:02.582 1556 6192 D PowerManagerService: acquireWakeLockInternal: lock=110154549, flags=0x1, tag="*launch*", ws=WorkSource{10069}, uid=1000, pid=1556
06-14 17:40:02.582 1556 6192 D PowerManagerService: updateWakeLockSummaryLocked: mWakefulness=Awake, mWakeLockSummary=0x1
06-14 17:40:02.582 1556 6192 D PowerManagerService: updateUserActivitySummaryLocked: groupId=0, mWakefulness=Awake, mUserActivitySummary=0x1, nextTimeout=1803128 (in 59278 ms)
06-14 17:40:02.582 1556 6192 D PowerManagerNotifier: onScreenPolicyUpdate: newPolicy=3
06-14 17:40:02.582 1556 6192 D PowerManagerService: updateDisplayPowerStateLocked: displayReady=true, groupId=0, policy=BRIGHT, mWakefulness=Awake, mWakeLockSummary=0x1, mUserActivitySummary=0x1, mBootCompleted=true, screenBrightnessOverride=NaN, useAutoBrightness=true, mScreenBrightnessBoostInProgress=false, mIsVrModeEnabled= false, sQuiescent=false
06-14 17:40:02.583 1556 6192 D PowerManagerNotifier: onWakeLockAcquired: flags=1, tag="*launch*", packageName=android, ownerUid=1000, ownerPid=1556, workSource=WorkSource{10069}
06-14 17:40:02.583 1556 6192 I wm_add_to_stopping: [0,205530773,com.hunantv.imgo.activity/.MainActivity,makeInvisible]
06-14 17:40:02.583 1556 6192 I ActivityTaskManager: FOREGROUND_APPLICATION_CHANGED to com.android.launcher3.uioverrides.QuickstepLauncher
06-14 17:40:02.583 1556 6192 I wm_set_resumed_activity: [0,com.android.launcher3/.uioverrides.QuickstepLauncher,resumeTopActivityInnerLocked]
06-14 17:40:02.585 1556 6192 I wm_resume_activity: [0,106812043,938,com.android.launcher3/.uioverrides.QuickstepLauncher]
06-14 17:40:02.585 18952 18952 I wm_on_resume_called: [106812043,com.android.launcher3.uioverrides.QuickstepLauncher,RESUME_ACTIVITY]
06-14 17:40:02.589 1556 1690 I input_focus: [Focus request fc034d7 com.android.launcher3/com.android.launcher3.uioverrides.QuickstepLauncher,reason=UpdateInputWindows]
06-14 17:40:02.590 31080 31080 I wm_on_paused_called: [205530773,com.hunantv.imgo.activity.MainActivity,performPause]
06-14 17:40:02.590 1556 5363 I ActivityTaskManager: START u0 {flg=0x10010000 cmp=com.android.launcher3/com.android.quickstep.RecentsActivity} from uid 10069
06-14 17:40:02.590 18952 18952 I wm_on_top_resumed_gained_called: [106812043,com.android.launcher3.uioverrides.QuickstepLauncher,topStateChangedWhenResumed]
06-14 17:40:02.591 1556 5363 D ActivityTaskManager: TaskLaunchParamsModifier:task=null activity=ActivityRecord{8323a0a u0 com.android.launcher3/com.android.quickstep.RecentsActivity taskAffinity=null display-id=0 display-windowing-mode=1 suggested-display-area=DefaultTaskDisplayArea@142405141
06-14 17:40:02.592 1556 5363 D ActivityTaskManager: TaskLaunchParamsModifier:task=null activity=ActivityRecord{8323a0a u0 com.android.launcher3/com.android.quickstep.RecentsActivity taskAffinity=null t-1} display-id=0 display-windowing-mode=1 suggested-display-area=DefaultTaskDisplayArea@142405141 non-freeform-display display-area=DefaultTaskDisplayArea@142405141
06-14 17:40:02.592 1556 5363 I wm_task_created: [1074,-1]
06-14 17:40:02.592 1556 5363 W ActivityTaskManager: Can't find TaskDisplayArea to determine support for multi window. Task id=1074 attached=false
06-14 17:40:02.593 1556 5363 I wm_task_created: [1075,-1]
06-14 17:40:02.593 1556 5363 I wm_task_moved: [1075,0,-2147483648]
06-14 17:40:02.593 1556 5363 D ActivityTaskManager: TaskLaunchParamsModifier:task=Task{c0888f1 #1075 type=recents I=com.android.launcher3/com.android.quickstep.RecentsActivity U=0 rootTaskId=1074 visible=false mode=fullscreen translucent=true sz=0 visible freeform task=true rootAffinity=null isMini=false} activity=ActivityRecord{8323a0a u0 com.android.launcher3/com.android.quickstep.RecentsActivity taskAffinity=null t-1} display-from-task=0 display-id=0 display-windowing-mode=1 suggested-display-area=DefaultTaskDisplayArea@142405141 non-freeform-display display-area=DefaultTaskDisplayArea@142405141
06-14 17:40:02.594 1556 5363 I wm_create_task: [0,1075]
06-14 17:40:02.594 1556 5363 I wm_create_activity: [0,137509386,1075,com.android.launcher3/com.android.quickstep.RecentsActivity,NULL,NULL,NULL,276889600]
06-14 17:40:02.594 1556 5363 I wm_task_moved: [1074,0,0]
06-14 17:40:02.594 1556 5363 I wm_task_moved: [1074,0,7]
06-14 17:40:02.595 1556 5363 I ActivityTaskManager: The Process com.android.launcher3 Already Exists in BG. So sending its PID: 18952
06-14 17:40:02.595 1556 5363 W ActivityTaskManager: Tried to set launchTime (0) < mLastActivityLaunchTime (1727426)
06-14 17:40:02.595 1556 5363 I wm_restart_activity: [0,137509386,1075,com.android.launcher3/com.android.quickstep.RecentsActivity]
06-14 17:40:02.598 1556 1828 I input_focus: [Focus leaving recents_animation_input_consumer (server),reason=NOT_VISIBLE]
06-14 17:40:02.599 1556 6487 D PowerManagerService: releaseWakeLockInternal: lock=110154549 [*launch*], flags=0x0
06-14 17:40:02.599 1556 6487 D PowerManagerNotifier: onWakeLockReleased: flags=1, tag="*launch*", packageName=android, ownerUid=1000, ownerPid=1556, workSource=WorkSource{10069}
06-14 17:40:02.599 1556 6487 D PowerManagerService: updateWakeLockSummaryLocked: mWakefulness=Awake, mWakeLockSummary=0x1
06-14 17:40:02.599 1556 6487 D PowerManagerService: updateUserActivitySummaryLocked: groupId=0, mWakefulness=Awake, mUserActivitySummary=0x1, nextTimeout=1803128 (in 59262 ms)
06-14 17:40:02.599 1556 6487 D PowerManagerNotifier: onScreenPolicyUpdate: newPolicy=3
06-14 17:40:02.599 1556 6487 D PowerManagerService: updateDisplayPowerStateLocked: displayReady=true, groupId=0, policy=BRIGHT, mWakefulness=Awake, mWakeLockSummary=0x1, mUserActivitySummary=0x1, mBootCompleted=true, screenBrightnessOverride=NaN, useAutoBrightness=true, mScreenBrightnessBoostInProgress=false, mIsVrModeEnabled= false, sQuiescent=false
06-14 17:40:02.600 1556 6487 I wm_stop_activity: [0,205530773,com.hunantv.imgo.activity/.MainActivity]
06-14 17:40:02.600 1556 1689 I sysui_multi_action: [757,803,799,window_time_0,802,1]
06-14 17:40:02.607 1556 5836 I WindowManager: Queue is too deep! Purged item with taskid=1069
06-14 17:40:02.607 1556 1689 I sysui_multi_action: [757,803,799,window_time_0,802,0]
06-14 17:40:02.608 1556 6487 I wm_task_moved: [1074,1,8]
06-14 17:40:02.608 1556 6487 I wm_focused_root_task: [0,0,1074,937,RecentsAnimation.onAnimationFinished()]
06-14 17:40:02.608 1556 6487 I wm_pause_activity: [0,106812043,com.android.launcher3/.uioverrides.QuickstepLauncher,userLeaving=false,pauseBackTasks]
06-14 17:40:02.608 1556 6487 D PowerManagerService: acquireWakeLockInternal: lock=110154549, flags=0x1, tag="*launch*", ws=WorkSource{10069}, uid=1000, pid=1556
06-14 17:40:02.609 1556 6487 D PowerManagerService: updateWakeLockSummaryLocked: mWakefulness=Awake, mWakeLockSummary=0x1
06-14 17:40:02.609 1556 6487 D PowerManagerService: updateUserActivitySummaryLocked: groupId=0, mWakefulness=Awake, mUserActivitySummary=0x1, nextTimeout=1803128 (in 59252 ms)
06-14 17:40:02.609 1556 6487 D PowerManagerNotifier: onScreenPolicyUpdate: newPolicy=3
06-14 17:40:02.609 1556 6487 D PowerManagerService: updateDisplayPowerStateLocked: displayReady=true, groupId=0, policy=BRIGHT, mWakefulness=Awake, mWakeLockSummary=0x1, mUserActivitySummary=0x1, mBootCompleted=true, screenBrightnessOverride=NaN, useAutoBrightness=true, mScreenBrightnessBoostInProgress=false, mIsVrModeEnabled= false, sQuiescent=false
06-14 17:40:02.609 1556 6487 D PowerManagerNotifier: onWakeLockAcquired: flags=1, tag="*launch*", packageName=android, ownerUid=1000, ownerPid=1556, workSource=WorkSource{10069}
06-14 17:40:02.609 1556 6487 I ActivityTaskManager: FOREGROUND_APPLICATION_CHANGED to com.android.quickstep.RecentsActivity
06-14 17:40:02.609 1556 6487 I wm_set_resumed_activity: [0,com.android.launcher3/com.android.quickstep.RecentsActivity,resumeTopActivityInnerLocked]
06-14 17:40:02.610 1556 6487 I wm_resume_activity: [0,137509386,1075,com.android.launcher3/com.android.quickstep.RecentsActivity]
06-14 17:40:02.610 31080 31080 I wm_on_stop_called: [205530773,com.hunantv.imgo.activity.MainActivity,STOP_ACTIVITY_ITEM]
06-14 17:40:02.615 1556 1828 I input_focus: [Focus entering fc034d7 com.android.launcher3/com.android.launcher3.uioverrides.QuickstepLauncher (server),reason=setFocusedWindow]
06-14 17:40:02.615 1556 6487 I wm_finish_activity: [0,137509386,1075,com.android.launcher3/com.android.quickstep.RecentsActivity,app-request]
06-14 17:40:02.615 1556 6487 I wm_task_moved: [937,1,8]
06-14 17:40:02.616 1556 6487 I wm_task_moved: [938,1,2147483647]
06-14 17:40:02.616 1556 6487 I wm_focused_root_task: [0,0,937,-1,finish-top adjustFocusToNextFocusableTask]
06-14 17:40:02.616 1556 6487 I wm_pause_activity: [0,137509386,com.android.launcher3/com.android.quickstep.RecentsActivity,userLeaving=false,finish]
06-14 17:40:02.616 1556 6487 D PowerManagerService: acquireWakeLockInternal: lock=110154549, flags=0x1, tag="*launch*", ws=WorkSource{10069}, uid=1000, pid=1556
06-14 17:40:02.616 1556 6487 D PowerManagerService: updateWakeLockSummaryLocked: mWakefulness=Awake, mWakeLockSummary=0x1
06-14 17:40:02.616 1556 6487 D PowerManagerService: updateUserActivitySummaryLocked: groupId=0, mWakefulness=Awake, mUserActivitySummary=0x1, nextTimeout=1803128 (in 59245 ms)
06-14 17:40:02.616 1556 6487 D PowerManagerNotifier: onScreenPolicyUpdate: newPolicy=3
06-14 17:40:02.616 1556 6487 D PowerManagerService: updateDisplayPowerStateLocked: displayReady=true, groupId=0, policy=BRIGHT, mWakefulness=Awake, mWakeLockSummary=0x1, mUserActivitySummary=0x1, mBootCompleted=true, screenBrightnessOverride=NaN, useAutoBrightness=true, mScreenBrightnessBoostInProgress=false, mIsVrModeEnabled= false, sQuiescent=false
06-14 17:40:02.618 18952 18952 I wm_on_create_called: [137509386,com.android.quickstep.RecentsActivity,performCreate]
06-14 17:40:02.619 1556 1690 I input_focus: [Focus request fc034d7 com.android.launcher3/com.android.launcher3.uioverrides.QuickstepLauncher,reason=UpdateInputWindows]
06-14 17:40:02.620 1556 1689 I sysui_multi_action: [757,803,799,window_time_0,802,0]
06-14 17:40:02.621 18952 18952 I wm_on_top_resumed_lost_called: [106812043,com.android.launcher3.uioverrides.QuickstepLauncher,topStateChangedWhenResumed]
06-14 17:40:02.621 18952 18952 I wm_on_paused_called: [106812043,com.android.launcher3.uioverrides.QuickstepLauncher,performPause]
06-14 17:40:02.621 1556 1689 I sysui_multi_action: [757,1144,758,8,806,com.android.launcher3,871,com.android.quickstep.RecentsActivity]
06-14 17:40:02.622 1556 1689 I sysui_multi_action: [757,803,799,window_time_0,802,0]
06-14 17:40:02.622 1556 6487 I ActivityTaskManager: FOREGROUND_APPLICATION_CHANGED to com.android.launcher3.uioverrides.QuickstepLauncher
06-14 17:40:02.622 1556 6487 I wm_set_resumed_activity: [0,com.android.launcher3/.uioverrides.QuickstepLauncher,resumeTopActivityInnerLocked]
06-14 17:40:02.623 1556 6487 I wm_resume_activity: [0,106812043,938,com.android.launcher3/.uioverrides.QuickstepLauncher]
06-14 17:40:02.626 1556 1689 I sysui_multi_action: [757,803,799,window_time_0,802,0]
06-14 17:40:02.627 18952 18952 I wm_on_resume_called: [106812043,com.android.launcher3.uioverrides.QuickstepLauncher,RESUME_ACTIVITY]
06-14 17:40:02.627 18952 18952 I wm_on_top_resumed_gained_called: [106812043,com.android.launcher3.uioverrides.QuickstepLauncher,topWhenResuming]
06-14 17:40:02.631 1556 5363 D PowerManagerService: releaseWakeLockInternal: lock=110154549 [*launch*], flags=0x0
06-14 17:40:02.631 1556 5363 D PowerManagerNotifier: onWakeLockReleased: flags=1, tag="*launch*", packageName=android, ownerUid=1000, ownerPid=1556, workSource=WorkSource{10069}
06-14 17:40:02.632 1556 5363 D PowerManagerService: updateWakeLockSummaryLocked: mWakefulness=Awake, mWakeLockSummary=0x1
06-14 17:40:02.632 1556 5363 D PowerManagerService: updateUserActivitySummaryLocked: groupId=0, mWakefulness=Awake, mUserActivitySummary=0x1, nextTimeout=1803128 (in 59229 ms)
06-14 17:40:02.632 1556 5363 D PowerManagerNotifier: onScreenPolicyUpdate: newPolicy=3
06-14 17:40:02.632 1556 5363 D PowerManagerService: updateDisplayPowerStateLocked: displayReady=true, groupId=0, policy=BRIGHT, mWakefulness=Awake, mWakeLockSummary=0x1, mUserActivitySummary=0x1, mBootCompleted=true, screenBrightnessOverride=NaN, useAutoBrightness=true, mScreenBrightnessBoostInProgress=false, mIsVrModeEnabled= false, sQuiescent=false
06-14 17:40:02.632 1556 5363 I wm_destroy_activity: [0,137509386,1075,com.android.launcher3/com.android.quickstep.RecentsActivity,finish-idle]
06-14 17:40:02.632 18952 18952 I wm_on_destroy_called: [137509386,com.android.quickstep.RecentsActivity,performDestroy]
06-14 17:40:02.633 1556 5363 I wm_task_removed: [1075,cleanUpResourcesForDestroy]
06-14 17:40:02.633 1556 5363 I wm_task_removed: [1074,removeChild:removeChild last r=Task{c0888f1 #1075 type=recents I=com.android.launcher3/com.android.quickstep.RecentsActivity U=0 visible=false mode=fullscreen translucent=true sz=0 visible freeform task=true rootAffinity=null isMini=false} in t=Task{d103e4f #1074 type=recents ?? U=0 visible=false mode=fullscreen translucent=true sz=0 visible freeform task=true rootAffinity=null isMini=false}]
06-14 17:40:02.633 1556 5363 I wm_task_removed: [1074,removeChild]
06-14 17:40:02.633 1556 5363 I wm_task_removed: [1075,removeChild:removeChild last r=ActivityRecord{8323a0a u0 com.android.launcher3/com.android.quickstep.RecentsActivity taskAffinity=null t-1 f}} in t=Task{c0888f1 #1075 type=recents I=com.android.launcher3/com.android.quickstep.RecentsActivity U=0 visible=false mode=fullscreen translucent=true sz=0 visible freeform task=true rootAffinity=null isMini=false}]
06-14 17:40:02.633 1556 5363 I wm_task_removed: [1075,removeChild]
06-14 17:40:02.663 1556 5363 D CompatibilityChangeReporter: Compat change id reported: 157929241; UID 1000; state: LOGGED
06-14 17:40:02.706 1556 1828 I input_interaction: Interaction with: fc034d7 com.android.launcher3/com.android.launcher3.uioverrides.QuickstepLauncher (server), 1c9764a com.android.systemui.ImageWallpaper (server), edge-swipe (server), swipe-up (server), PointerEventDispatcher0 (server),
06-14 17:40:02.707 1556 1828 D PowerManagerService: userActivityNoUpdateLocked: groupId=0, eventTime=1743973, event=2, flags=0x0, uid=1000
06-14 17:40:02.707 1556 1828 D PowerManagerNotifier: onUserActivity: event=2, uid=1000
06-14 17:40:02.708 1556 1828 D PowerManagerService: updateUserActivitySummaryLocked: groupId=0, mWakefulness=Awake, mUserActivitySummary=0x1, nextTimeout=1803973 (in 59998 ms)
06-14 17:40:02.708 1556 1828 D PowerManagerNotifier: onScreenPolicyUpdate: newPolicy=3
06-14 17:40:02.708 1556 1828 D PowerManagerService: updateDisplayPowerStateLocked: displayReady=true, groupId=0, policy=BRIGHT, mWakefulness=Awake, mWakeLockSummary=0x1, mUserActivitySummary=0x1, mBootCompleted=true, screenBrightnessOverride=NaN, useAutoBrightness=true, mScreenBrightnessBoostInProgress=false, mIsVrModeEnabled= false, sQuiescent=false
06-14 17:40:02.725 1556 5363 D ActivityTaskManager: Skipping, freeform mode : Task{5467172 #1069 type=standard A=10117:android.task.kugou U=0 visible=false mode=freeform translucent=true sz=3 visible freeform task=true rootAffinity=10117:android.task.kugou isMini=false}
06-14 17:40:02.725 1556 5363 D ActivityTaskManager: Skipping, freeform mode : Task{3765a5b #1054 type=standard A=10108:com.tencent.mm U=0 visible=false mode=freeform translucent=true sz=0 visible freeform task=false rootAffinity=10108:com.tencent.mm isMini=false}
06-14 17:40:02.757 1556 6487 W ActivityManager: Background start not allowed: service Intent { cmp=com.qiyi.video/org.qiyi.pluginlibrary.pm.PluginPackageManagerService } to com.qiyi.video/org.qiyi.pluginlibrary.pm.PluginPackageManagerService from pid=31113 uid=10094 pkg=com.qiyi.video startFg?=false
06-14 17:40:02.840 1556 1828 D PowerManagerService: userActivityNoUpdateLocked: groupId=0, eventTime=1744107, event=2, flags=0x0, uid=1000
06-14 17:40:02.840 1556 1828 D PowerManagerNotifier: onUserActivity: event=2, uid=1000
06-14 17:40:02.840 1556 1828 D PowerManagerService: updateUserActivitySummaryLocked: groupId=0, mWakefulness=Awake, mUserActivitySummary=0x1, nextTimeout=1804107 (in 60000 ms)
06-14 17:40:02.840 1556 1828 D PowerManagerNotifier: onScreenPolicyUpdate: newPolicy=3
06-14 17:40:02.840 1556 1828 D PowerManagerService: updateDisplayPowerStateLocked: displayReady=true, groupId=0, policy=BRIGHT, mWakefulness=Awake, mWakeLockSummary=0x1, mUserActivitySummary=0x1, mBootCompleted=true, screenBrightnessOverride=NaN, useAutoBrightness=true, mScreenBrightnessBoostInProgress=false, mIsVrModeEnabled= false, sQuiescent=false
06-14 17:40:02.842 1556 5363 I thunderperf: PlatormCompat.setOverrides: Uid1=10069 Pid1=18952 Uid2=10069 Pid2=18952
06-14 17:40:02.842 1556 5363 I thunderperf: PlatormCompat.setOverrides: needCheck:false
06-14 17:40:02.843 1556 5363 I thunderperf: CompatConfig.addOverrideUnsafe: bef-state=1
06-14 17:40:02.843 1556 5363 E thunderperf: CompatConfig.addOverrideUnsafe: exception:java.lang.SecurityException: Cannot override a change on a non-debuggable app and user build.
06-14 17:40:02.843 1556 5363 I thunderperf: CompatConfig.addOverrideUnsafe: aft-state=1
06-14 17:40:02.843 1556 5363 I thunderperf: CompatConfig.addOverrideUnsafe: bef-state=1
06-14 17:40:02.843 1556 5363 E thunderperf: CompatConfig.addOverrideUnsafe: exception:java.lang.SecurityException: Cannot override a change on a non-debuggable app and user build.
06-14 17:40:02.843 1556 5363 I thunderperf: CompatConfig.addOverrideUnsafe: aft-state=1
06-14 17:40:02.844 1556 5363 I thunderperf: CompatConfig.addOverrideUnsafe: bef-state=1
06-14 17:40:02.844 1556 5363 E thunderperf: CompatConfig.addOverrideUnsafe: exception:java.lang.SecurityException: Cannot override a change on a non-debuggable app and user build.
06-14 17:40:02.844 1556 5363 I thunderperf: CompatConfig.addOverrideUnsafe: aft-state=1
06-14 17:40:02.844 1556 5363 I thunderperf: CompatConfig.addOverrideUnsafe: bef-state=1
06-14 17:40:02.844 1556 5363 E thunderperf: CompatConfig.addOverrideUnsafe: exception:java.lang.SecurityException: Cannot override a change on a non-debuggable app and user build.
06-14 17:40:02.844 1556 5363 I thunderperf: CompatConfig.addOverrideUnsafe: aft-state=1
06-14 17:40:02.844 1556 5363 I thunderperf: CompatConfig.addOverrideUnsafe: bef-state=1
06-14 17:40:02.844 1556 5363 E thunderperf: CompatConfig.addOverrideUnsafe: exception:java.lang.SecurityException: Cannot override a change on a non-debuggable app and user build.
06-14 17:40:02.844 1556 5363 I thunderperf: CompatConfig.addOverrideUnsafe: aft-state=1
06-14 17:40:02.845 1556 5363 I thunderperf: CompatConfig.addOverrideUnsafe: bef-state=1
06-14 17:40:02.845 1556 5363 E thunderperf: CompatConfig.addOverrideUnsafe: exception:java.lang.SecurityException: Cannot override a change on a non-debuggable app and user build.
06-14 17:40:02.845 1556 5363 I thunderperf: CompatConfig.addOverrideUnsafe: aft-state=1
06-14 17:40:02.845 1556 5363 I thunderperf: CompatConfig.addOverrideUnsafe: bef-state=1
06-14 17:40:02.845 1556 5363 E thunderperf: CompatConfig.addOverrideUnsafe: exception:java.lang.SecurityException: Cannot override a change on a non-debuggable app and user build.
06-14 17:40:02.845 1556 5363 I thunderperf: CompatConfig.addOverrideUnsafe: aft-state=1
06-14 17:40:02.845 1556 5363 I thunderperf: CompatConfig.addOverrideUnsafe: bef-state=1
06-14 17:40:02.845 1556 5363 E thunderperf: CompatConfig.addOverrideUnsafe: exception:java.lang.SecurityException: Cannot override a change on a non-debuggable app and user build.
06-14 17:40:02.845 1556 5363 I thunderperf: CompatConfig.addOverrideUnsafe: aft-state=1
06-14 17:40:02.846 1556 5363 I thunderperf: CompatConfig.addOverrideUnsafe: bef-state=1
06-14 17:40:02.846 1556 5363 E thunderperf: CompatConfig.addOverrideUnsafe: exception:java.lang.SecurityException: Cannot override a change on a non-debuggable app and user build.
06-14 17:40:02.846 1556 5363 I thunderperf: CompatConfig.addOverrideUnsafe: aft-state=1
06-14 17:40:02.846 1556 5363 I thunderperf: CompatConfig.addOverrideUnsafe: bef-state=1
06-14 17:40:02.846 1556 5363 E thunderperf: CompatConfig.addOverrideUnsafe: exception:java.lang.SecurityException: Cannot override a change on a non-debuggable app and user build.
06-14 17:40:02.846 1556 5363 I thunderperf: CompatConfig.addOverrideUnsafe: aft-state=1
06-14 17:40:02.846 1556 5363 I thunderperf: CompatConfig.addOverrideUnsafe: bef-state=1
06-14 17:40:02.885 31113 31113 I auditd : type=1400 audit(0.0:4570): avc: granted { execute } for comm="tmn-5-2" path="/data/data/com.qiyi.video/app_native_lib/com.iqiyi.fastdns/1.1.3.52/arm64-v8a/libfastdns.so" dev="dm-10" ino=75351 scontext=u:r:untrusted_app:s0:c94,c256,c512,c768 tcontext=u:object_r:app_data_file:s0:c94,c256,c512,c768 tclass=file app=com.qiyi.video
06-14 17:40:02.846 1556 5363 E thunderperf: CompatConfig.addOverrideUnsafe: exception:java.lang.SecurityException: Cannot override a change on a non-debuggable app and user build.
06-14 17:40:02.846 1556 5363 I thunderperf: CompatConfig.addOverrideUnsafe: aft-state=1
06-14 17:40:02.846 1556 5363 I thunderperf: CompatConfig.addOverrideUnsafe: bef-state=1
06-14 17:40:02.846 1556 5363 E thunderperf: CompatConfig.addOverrideUnsafe: exception:java.lang.SecurityException: Cannot override a change on a non-debuggable app and user build.
06-14 17:40:02.846 1556 5363 I thunderperf: CompatConfig.addOverrideUnsafe: aft-state=1
06-14 17:40:02.847 1556 5363 I thunderperf: CompatConfig.addOverrideUnsafe: bef-state=1
06-14 17:40:02.847 1556 5363 E thunderperf: CompatConfig.addOverrideUnsafe: exception:java.lang.SecurityException: Cannot override a change on a non-debuggable app and user build.
06-14 17:40:02.847 1556 5363 I thunderperf: CompatConfig.addOverrideUnsafe: aft-state=1
06-14 17:40:02.847 1556 5363 I thunderperf: CompatConfig.addOverrideUnsafe: bef-state=1
06-14 17:40:02.847 1556 5363 E thunderperf: CompatConfig.addOverrideUnsafe: exception:java.lang.SecurityException: Cannot override a change on a non-debuggable app and user build.
06-14 17:40:02.847 1556 5363 I thunderperf: CompatConfig.addOverrideUnsafe: aft-state=1
06-14 17:40:02.850 1556 6487 I am_wtf : [0,31111,com.tencent.mm,949501508,FirebaseApp,Remote stack trace:
06-14 17:40:02.850 1556 6487 I am_wtf : at com.android.server.content.ContentService.registerContentObserver(ContentService.java:357)
06-14 17:40:02.850 1556 6487 I am_wtf : at android.content.IContentService$Stub.onTransact(IContentService.java:484)
06-14 17:40:02.850 1556 6487 I am_wtf : at android.os.Binder.execTransactInternal(Binder.java:1179)
06-14 17:40:02.850 1556 6487 I am_wtf : at android.os.Binder.execTransact(Binder.java:1143)
06-14 17:40:02.850 1556 6487 I am_wtf : ]
06-14 17:40:02.850 1556 5363 I ActivityTaskManager: START u0 {act=android.intent.action.MAIN cat=[android.intent.category.LAUNCHER] flg=0x10200000 cmp=com.tencent.mm/.ui.LauncherUI} from uid 10069
06-14 17:40:02.850 1556 31742 I DropBoxManagerService: add tag=data_app_wtf isTagEnabled=true flags=0x2
06-14 17:40:02.851 1556 5363 D ActivityTaskManager: TaskLaunchParamsModifier:task=null activity=ActivityRecord{28c1d1a u0 com.tencent.mm/.ui.LauncherUI taskAffinity=10108:com.tencent.mm display-area-from-source=DefaultTaskDisplayArea@142405141 display-id=0 display-windowing-mode=1 suggested-display-area=DefaultTaskDisplayArea@142405141
06-14 17:40:02.852 1556 5363 D ActivityTaskManager: TaskLaunchParamsModifier:task=null activity=ActivityRecord{28c1d1a u0 com.tencent.mm/.ui.LauncherUI taskAffinity=10108:com.tencent.mm t-1} display-area-from-source=DefaultTaskDisplayArea@142405141 display-id=0 display-windowing-mode=1 suggested-display-area=DefaultTaskDisplayArea@142405141 activity-options-bounds=Rect(12, 12 - 652, 986) non-freeform-display display-area=DefaultTaskDisplayArea@142405141
06-14 17:40:02.852 1556 5363 I wm_task_created: [1076,-1]
06-14 17:40:02.852 1556 5363 W ActivityTaskManager: Can't find TaskDisplayArea to determine support for multi window. Task id=1076 attached=false
06-14 17:40:02.853 1556 5363 D ActivityTaskManager: TaskLaunchParamsModifier:task=Task{ebef0e6 #1076 type=standard A=10108:com.tencent.mm U=0 visible=false mode=freeform translucent=true sz=0 visible freeform task=true rootAffinity=10108:com.tencent.mm isMini=false} activity=ActivityRecord{28c1d1a u0 com.tencent.mm/.ui.LauncherUI taskAffinity=10108:com.tencent.mm t-1} display-area-from-source=DefaultTaskDisplayArea@142405141 display-id=0 display-windowing-mode=1 suggested-display-area=DefaultTaskDisplayArea@142405141 activity-options-bounds=Rect(12, 12 - 652, 986) non-freeform-display display-area=DefaultTaskDisplayArea@142405141
06-14 17:40:02.854 1556 5363 D CompatibilityChangeReporter: Compat change id reported: 174042980; UID 10108; state: DISABLED
06-14 17:40:02.854 1556 5363 D CompatibilityChangeReporter: Compat change id reported: 184838306; UID 10108; state: DISABLED
06-14 17:40:02.854 1556 5363 D CompatibilityChangeReporter: Compat change id reported: 185004937; UID 10108; state: DISABLED
06-14 17:40:02.855 1556 5363 D CompatibilityChangeReporter: Compat change id reported: 181136395; UID 10108; state: DISABLED
06-14 17:40:02.855 1556 5363 D CompatibilityChangeReporter: Compat change id reported: 174042936; UID 10108; state: DISABLED
06-14 17:40:02.855 1556 5363 I wm_task_moved: [1076,1,8]
06-14 17:40:02.856 1556 5363 I wm_task_to_front: [0,1076]
06-14 17:40:02.856 1556 5363 I wm_create_task: [0,1076]
06-14 17:40:02.856 1556 5363 I wm_create_activity: [0,42736922,1076,com.tencent.mm/.ui.LauncherUI,android.intent.action.MAIN,NULL,NULL,270532608]
06-14 17:40:02.856 1556 5363 I wm_task_moved: [1076,1,8]
06-14 17:40:02.856 1556 5363 D CompatibilityChangeReporter: Compat change id reported: 168419799; UID 10108; state: DISABLED
06-14 17:40:02.856 1556 5363 I ActivityTaskManager: FOREGROUND_APPLICATION_CHANGED to com.tencent.mm.ui.LauncherUI
06-14 17:40:02.856 1556 5363 I ActivityTaskManager: The Process com.tencent.mm Already Exists in BG. So sending its PID: 31111
06-14 17:40:02.857 1556 5363 I wm_restart_activity: [0,42736922,1076,com.tencent.mm/.ui.LauncherUI]
06-14 17:40:02.858 1556 5363 I wm_set_resumed_activity: [0,com.tencent.mm/.ui.LauncherUI,minimalResumeActivityLocked]
06-14 17:40:02.861 1556 5363 I wm_add_to_stopping: [0,256935812,com.kugou.android/com.kugou.crash.snow.JonSnow$HintActivity,makeInvisible]
06-14 17:40:02.861 1556 5363 I wm_add_to_stopping: [0,78249530,com.kugou.android/com.kugou.common.useraccount.app.KgUserLoginAndRegActivity,makeInvisible]
06-14 17:40:02.861 1556 5363 I wm_add_to_stopping: [0,80085123,com.kugou.android/.app.MediaActivity,makeInvisible]
06-14 17:40:02.863 1556 1689 I am_uid_active: 10108
06-14 17:40:02.863 18952 18952 I wm_on_top_resumed_lost_called: [106812043,com.android.launcher3.uioverrides.QuickstepLauncher,topStateChangedWhenResumed]
06-14 17:40:02.866 1556 1689 W ProcessStats: Tracking association SourceState{a6eb2f9 com.kugou.android.support/10117 BTopFgs #9207} whose proc state 2 is better than process ProcessState{45b1486 com.kugou.android/10117 pkg=com.kugou.android} proc state 3 (18 skipped)
06-14 17:40:02.890 1556 5363 D PowerManagerService: releaseWakeLockInternal: lock=212448631 [HttpRequestTask], flags=0x0
06-14 17:40:02.890 1556 5363 D PowerManagerService: updateWakeLockSummaryLocked: mWakefulness=Awake, mWakeLockSummary=0x1
06-14 17:40:02.890 1556 5363 D PowerManagerService: updateUserActivitySummaryLocked: groupId=0, mWakefulness=Awake, mUserActivitySummary=0x1, nextTimeout=1804107 (in 59950 ms)
06-14 17:40:02.890 1556 5363 D PowerManagerNotifier: onScreenPolicyUpdate: newPolicy=3
06-14 17:40:02.890 1556 5363 D PowerManagerService: updateDisplayPowerStateLocked: displayReady=true, groupId=0, policy=BRIGHT, mWakefulness=Awake, mWakeLockSummary=0x1, mUserActivitySummary=0x1, mBootCompleted=true, screenBrightnessOverride=NaN, useAutoBrightness=true, mScreenBrightnessBoostInProgress=false, mIsVrModeEnabled= false, sQuiescent=false
06-14 17:40:02.965 1556 1696 W BroadcastQueue: Permission Denial: broadcasting Intent { act=android.net.conn.CONNECTIVITY_CHANGE flg=0x4200010 (has extras) } from null (pid=-1, uid=-1) requires android.net.conn.CONNECTIVITY_CHANGE due to registered receiver BroadcastFilter{2cb9717 10094/u0 ReceiverList{c1b5f96 31113 com.qiyi.video/10094/u0 remote:b690eb1}}
06-14 17:40:03.021 1556 6192 D CompatibilityChangeReporter: Compat change id reported: 171306433; UID 10108; state: DISABLED
06-14 17:40:03.048 1556 1863 I GameModeConfig: isGameModeOn = false
06-14 17:40:03.048 1556 1863 I GameModeConfig: isGameModeOn = false
06-14 17:40:03.048 1556 1863 I GameModeConfig: isGameModeOn = false
06-14 17:40:03.048 1556 1863 I GameModeConfig: isGameModeOn = false
06-14 17:40:03.048 1556 1863 I GameModeConfig: isGameModeOn = false
06-14 17:40:03.049 1556 1863 I GameModeConfig: isGameModeOn = false
06-14 17:40:03.049 1556 1863 I GameModeConfig: isGameModeOn = false
06-14 17:40:03.049 1556 1863 I GameModeConfig: isGameModeOn = false
06-14 17:40:03.049 1556 1863 I GameModeConfig: isGameModeOn = false
06-14 17:40:03.049 1556 1863 I GameModeConfig: isGameModeOn = false
06-14 17:40:03.053 1556 1863 I GameModeConfig: isGameModeOn = false
06-14 17:40:03.053 1556 1863 I GameModeConfig: isGameModeOn = false
06-14 17:40:03.056 31111 31111 E ActivityThread: Failed to find provider info for com.google.android.gms.phenotype
06-14 17:40:03.061 1556 6192 I thunderperf: PlatormCompat.setOverrides: Uid1=10108 Pid1=31111 Uid2=10108 Pid2=31111
06-14 17:40:03.061 1556 6192 I thunderperf: PlatormCompat.setOverrides: needCheck:false
06-14 17:40:03.061 1556 6192 W PackageManager: MATCH_ANY_USER flag requires INTERACT_ACROSS_USERS permission: UID 10108 requires android.permission.INTERACT_ACROSS_USERS_FULL or android.permission.INTERACT_ACROSS_USERS to access user 0.
06-14 17:40:03.061 1556 6192 I ActivityTaskManager: START u0 {cmp=com.tencent.mm/.app.WeChatSplashActivity (has extras)} from uid 10108
06-14 17:40:03.062 1556 6192 D ActivityTaskManager: TaskLaunchParamsModifier:task=null activity=ActivityRecord{7b26cf7 u0 com.tencent.mm/.app.WeChatSplashActivity taskAffinity=10108:com.tencent.mm display-area-from-source=DefaultTaskDisplayArea@142405141 display-id=0 display-windowing-mode=1 suggested-display-area=DefaultTaskDisplayArea@142405141
06-14 17:40:03.062 1556 6192 D ActivityTaskManager: TaskLaunchParamsModifier:task=Task{ebef0e6 #1076 type=standard A=10108:com.tencent.mm U=0 visible=true mode=freeform translucent=false sz=1 visible freeform task=true rootAffinity=10108:com.tencent.mm isMini=false} activity=ActivityRecord{7b26cf7 u0 com.tencent.mm/.app.WeChatSplashActivity taskAffinity=10108:com.tencent.mm t-1} display-area-from-source=DefaultTaskDisplayArea@142405141 display-id=0 display-windowing-mode=1 suggested-display-area=DefaultTaskDisplayArea@142405141 non-freeform-display display-area=DefaultTaskDisplayArea@142405141
06-14 17:40:03.063 1556 6192 I wm_task_moved: [1076,1,8]
06-14 17:40:03.063 1556 6192 I wm_set_resumed_activity: [0,com.tencent.mm/.ui.LauncherUI,positionChildAt]
06-14 17:40:03.063 1556 6192 I wm_create_activity: [0,129133815,1076,com.tencent.mm/.app.WeChatSplashActivity,NULL,NULL,NULL,0]
06-14 17:40:03.064 1556 6192 I wm_pause_activity: [0,256935812,com.kugou.android/com.kugou.crash.snow.JonSnow$HintActivity,userLeaving=true,pauseBackTasks]
06-14 17:40:03.064 1556 6192 D PowerManagerService: acquireWakeLockInternal: lock=110154549, flags=0x1, tag="*launch*", ws=WorkSource{10108}, uid=1000, pid=1556
06-14 17:40:03.064 1556 6192 D PowerManagerService: updateWakeLockSummaryLocked: mWakefulness=Awake, mWakeLockSummary=0x1
06-14 17:40:03.064 1556 6192 D PowerManagerService: updateUserActivitySummaryLocked: groupId=0, mWakefulness=Awake, mUserActivitySummary=0x1, nextTimeout=1804107 (in 59776 ms)
06-14 17:40:03.064 1556 6192 D PowerManagerNotifier: onScreenPolicyUpdate: newPolicy=3
06-14 17:40:03.064 1556 6192 D PowerManagerService: updateDisplayPowerStateLocked: displayReady=true, groupId=0, policy=BRIGHT, mWakefulness=Awake, mWakeLockSummary=0x1, mUserActivitySummary=0x1, mBootCompleted=true, screenBrightnessOverride=NaN, useAutoBrightness=true, mScreenBrightnessBoostInProgress=false, mIsVrModeEnabled= false, sQuiescent=false
06-14 17:40:03.064 1556 6192 D PowerManagerNotifier: onWakeLockAcquired: flags=1, tag="*launch*", packageName=android, ownerUid=1000, ownerPid=1556, workSource=WorkSource{10108}
06-14 17:40:03.064 1556 6192 I wm_pause_activity: [0,42736922,com.tencent.mm/.ui.LauncherUI,userLeaving=true,resumeTopActivityInnerLocked]
06-14 17:40:03.064 1556 6192 D PowerManagerService: acquireWakeLockInternal: lock=110154549, flags=0x1, tag="*launch*", ws=WorkSource{10108}, uid=1000, pid=1556
06-14 17:40:03.065 1556 6192 D PowerManagerService: updateWakeLockSummaryLocked: mWakefulness=Awake, mWakeLockSummary=0x1
06-14 17:40:03.065 1556 6192 D PowerManagerService: updateUserActivitySummaryLocked: groupId=0, mWakefulness=Awake, mUserActivitySummary=0x1, nextTimeout=1804107 (in 59775 ms)
06-14 17:40:03.065 1556 6192 D PowerManagerNotifier: onScreenPolicyUpdate: newPolicy=3
06-14 17:40:03.065 1556 6192 D PowerManagerService: updateDisplayPowerStateLocked: displayReady=true, groupId=0, policy=BRIGHT, mWakefulness=Awake, mWakeLockSummary=0x1, mUserActivitySummary=0x1, mBootCompleted=true, screenBrightnessOverride=NaN, useAutoBrightness=true, mScreenBrightnessBoostInProgress=false, mIsVrModeEnabled= false, sQuiescent=false
06-14 17:40:03.066 31111 31111 I wm_on_create_called: [42736922,com.tencent.mm.ui.LauncherUI,performCreate]
06-14 17:40:03.072 24095 24095 I wm_on_paused_called: [256935812,com.kugou.crash.snow.JonSnow$HintActivity,performPause]
06-14 17:40:03.073 1556 6487 I ActivityTaskManager: clear resize flag in freeform mode
06-14 17:40:03.073 1556 6487 I ActivityTaskManager: The Process com.tencent.mm Already Exists in BG. So sending its PID: 31111
06-14 17:40:03.074 1556 1689 I sysui_multi_action: [757,803,799,window_time_0,802,1]
06-14 17:40:03.081 31111 31111 I wm_on_start_called: [42736922,com.tencent.mm.ui.LauncherUI,handleStartActivity]
06-14 17:40:03.084 31111 31111 I wm_on_resume_called: [42736922,com.tencent.mm.ui.LauncherUI,RESUME_ACTIVITY]
06-14 17:40:03.117 31111 31111 I wm_on_top_resumed_gained_called: [42736922,com.tencent.mm.ui.LauncherUI,topStateChangedWhenResumed]
06-14 17:40:03.122 1556 1690 I input_focus: [Focus request aa098ce com.tencent.mm/com.tencent.mm.ui.LauncherUI,reason=UpdateInputWindows]
06-14 17:40:03.139 0 0 I [ 1744.405837] binder: 31111:31767 ioctl 40046210 73dc9af1f4 returned -22
06-14 17:40:03.148 1556 1828 I input_focus: [Focus leaving fc034d7 com.android.launcher3/com.android.launcher3.uioverrides.QuickstepLauncher (server),reason=Waiting for window because NOT_VISIBLE]
06-14 17:40:03.154 31111 31111 I wm_on_top_resumed_lost_called: [42736922,com.tencent.mm.ui.LauncherUI,topStateChangedWhenResumed]
06-14 17:40:03.162 31111 31111 I wm_on_paused_called: [42736922,com.tencent.mm.ui.LauncherUI,performPause]
06-14 17:40:03.163 1556 6192 I ActivityTaskManager: FOREGROUND_APPLICATION_CHANGED to com.tencent.mm.app.WeChatSplashActivity
06-14 17:40:03.163 1556 6192 I ActivityTaskManager: The Process com.tencent.mm Already Exists in BG. So sending its PID: 31111
06-14 17:40:03.165 1556 6192 W ActivityTaskManager: Tried to set launchTime (0) < mLastActivityLaunchTime (1744124)
06-14 17:40:03.165 1556 6192 I wm_restart_activity: [0,129133815,1076,com.tencent.mm/.app.WeChatSplashActivity]
06-14 17:40:03.167 1556 6192 I wm_set_resumed_activity: [0,com.tencent.mm/.app.WeChatSplashActivity,minimalResumeActivityLocked]
06-14 17:40:03.170 1556 1689 I sysui_multi_action: [757,803,799,window_time_2,802,0]
06-14 17:40:03.179 1556 5363 D CompatibilityChangeReporter: Compat change id reported: 168419799; UID 10094; state: DISABLED
06-14 17:40:03.202 1556 5363 D CompatibilityChangeReporter: Compat change id reported: 157233955; UID 10108; state: DISABLED
06-14 17:40:03.212 31111 31111 I wm_on_create_called: [129133815,com.tencent.mm.app.WeChatSplashActivity,performCreate]
06-14 17:40:03.258 31111 31111 I wm_on_start_called: [129133815,com.tencent.mm.app.WeChatSplashActivity,handleStartActivity]
06-14 17:40:03.262 1556 6192 D PowerManagerService: acquireWakeLockInternal: lock=56966882, flags=0x1, tag="NetworkStats", ws=null, uid=1000, pid=1556
06-14 17:40:03.263 1556 6192 D PowerManagerService: updateWakeLockSummaryLocked: mWakefulness=Awake, mWakeLockSummary=0x1
06-14 17:40:03.263 1556 6192 D PowerManagerService: updateUserActivitySummaryLocked: groupId=0, mWakefulness=Awake, mUserActivitySummary=0x1, nextTimeout=1804107 (in 59577 ms)
06-14 17:40:03.263 1556 6192 D PowerManagerNotifier: onScreenPolicyUpdate: newPolicy=3
