06-14 17:40:03.263 1556 6192 D PowerManagerService: updateDisplayPowerStateLocked: displayReady=true, groupId=0, policy=BRIGHT, mWakefulness=Awake, mWakeLockSummary=0x1, mUserActivitySummary=0x1, mBootCompleted=true, screenBrightnessOverride=NaN, useAutoBrightness=true, mScreenBrightnessBoostInProgress=false, mIsVrModeEnabled= false, sQuiescent=false
06-14 17:40:03.263 1556 6192 D PowerManagerNotifier: onWakeLockAcquired: flags=1, tag="NetworkStats", packageName=android, ownerUid=1000, ownerPid=1556, workSource=null
06-14 17:40:03.264 31111 31111 I wm_on_resume_called: [129133815,com.tencent.mm.app.WeChatSplashActivity,RESUME_ACTIVITY]
06-14 17:40:03.268 31111 31111 I wm_on_top_resumed_gained_called: [129133815,com.tencent.mm.app.WeChatSplashActivity,topStateChangedWhenResumed]
06-14 17:40:03.271 1556 3120 D ActivityTaskManager: Skipping, freeform mode : Task{ebef0e6 #1076 type=standard A=10108:com.tencent.mm U=0 visible=true mode=freeform translucent=false sz=2 visible freeform task=true rootAffinity=10108:com.tencent.mm isMini=false}
06-14 17:40:03.271 1556 3120 D ActivityTaskManager: Skipping, freeform mode : Task{5467172 #1069 type=standard A=10117:android.task.kugou U=0 visible=false mode=freeform translucent=true sz=3 visible freeform task=false rootAffinity=10117:android.task.kugou isMini=false}
06-14 17:40:03.273 1556 6192 I netstats_mobile_sample: [0,0,0,0,0,0,0,0,0,0,0,0,1686735603273]
06-14 17:40:03.273 1556 6192 I netstats_wifi_sample: [72314587,80046,13172033,55641,72314587,80046,13172033,55641,75274359,85455,12596704,53887,1686735603273]
06-14 17:40:03.273 1556 6192 D PowerManagerService: releaseWakeLockInternal: lock=56966882 [NetworkStats], flags=0x0
06-14 17:40:03.274 1556 6192 D PowerManagerNotifier: onWakeLockReleased: flags=1, tag="NetworkStats", packageName=android, ownerUid=1000, ownerPid=1556, workSource=null
06-14 17:40:03.274 1556 6192 D PowerManagerService: updateWakeLockSummaryLocked: mWakefulness=Awake, mWakeLockSummary=0x1
06-14 17:40:03.274 1556 6192 D PowerManagerService: updateUserActivitySummaryLocked: groupId=0, mWakefulness=Awake, mUserActivitySummary=0x1, nextTimeout=1804107 (in 59566 ms)
06-14 17:40:03.274 1556 6192 D PowerManagerNotifier: onScreenPolicyUpdate: newPolicy=3
06-14 17:40:03.274 1556 6192 D PowerManagerService: updateDisplayPowerStateLocked: displayReady=true, groupId=0, policy=BRIGHT, mWakefulness=Awake, mWakeLockSummary=0x1, mUserActivitySummary=0x1, mBootCompleted=true, screenBrightnessOverride=NaN, useAutoBrightness=true, mScreenBrightnessBoostInProgress=false, mIsVrModeEnabled= false, sQuiescent=false
06-14 17:40:03.286 1556 1690 I input_focus: [Focus request 19092ea com.tencent.mm/com.tencent.mm.app.WeChatSplashActivity,reason=UpdateInputWindows]
06-14 17:40:03.296 31111 31111 I wm_on_stop_called: [42736922,com.tencent.mm.ui.LauncherUI,handleRelaunchActivity]
06-14 17:40:03.300 31111 31111 I wm_on_destroy_called: [42736922,com.tencent.mm.ui.LauncherUI,performDestroy]
06-14 17:40:03.319 1556 1686 I sysui_multi_action: [319,463,322,450,325,1743,757,761,758,8,759,2,806,com.tencent.mm,871,com.tencent.mm.app.WeChatSplashActivity,904,com.tencent.mm,905,0,1320,4,1321,4]
06-14 17:40:03.320 1556 1686 I wm_activity_launch_time: [0,129133815,com.tencent.mm/.app.WeChatSplashActivity,450]
06-14 17:40:03.327 1556 1689 I wm_stop_activity: [0,80085123,com.kugou.android/.app.MediaActivity]
06-14 17:40:03.327 1556 1689 I wm_stop_activity: [0,78249530,com.kugou.android/com.kugou.common.useraccount.app.KgUserLoginAndRegActivity]
06-14 17:40:03.327 1556 1689 I wm_stop_activity: [0,256935812,com.kugou.android/com.kugou.crash.snow.JonSnow$HintActivity]
06-14 17:40:03.335 1556 1828 I input_focus: [Focus entering 19092ea com.tencent.mm/com.tencent.mm.app.WeChatSplashActivity (server),reason=Window became focusable. Previous reason: NOT_VISIBLE]
06-14 17:40:03.352 24095 24095 I wm_on_stop_called: [80085123,com.kugou.android.app.MediaActivity,STOP_ACTIVITY_ITEM]
06-14 17:40:03.427 0 0 I [ 1744.692260] binder: 31936:31936 ioctl 40046210 7ff4300c84 returned -22
06-14 17:40:03.377 24095 24095 W Looper : Loop again would have the queued messages be executed before this one completed.
06-14 17:40:03.378 24095 24095 I wm_on_stop_called: [256935812,com.kugou.crash.snow.JonSnow$HintActivity,STOP_ACTIVITY_ITEM]
06-14 17:40:03.381 1556 1695 W UsageStatsService: Unexpected activity event reported! (com.kugou.android/com.kugou.android.app.MediaActivity event : 23 instanceId : 163126066)
06-14 17:40:03.404 1556 5363 D CompatibilityChangeReporter: Compat change id reported: 135634846; UID 10108; state: DISABLED
06-14 17:40:03.404 1556 5363 D CompatibilityChangeReporter: Compat change id reported: 177438394; UID 10108; state: DISABLED
06-14 17:40:03.404 1556 5363 D CompatibilityChangeReporter: Compat change id reported: 135772972; UID 10108; state: DISABLED
06-14 17:40:03.404 1556 1697 D CompatibilityChangeReporter: Compat change id reported: 143937733; UID 10108; state: DISABLED
06-14 17:40:03.410 1556 1697 I am_proc_start: [0,31936,10108,com.tencent.mm:push,service,{com.tencent.mm/com.tencent.mm.booter.CoreService}]
06-14 17:40:03.410 1556 1697 I ActivityManager: Start proc 31936:com.tencent.mm:push/u0a108 for service {com.tencent.mm/com.tencent.mm.booter.CoreService}
06-14 17:40:03.414 1556 5363 I thunderperf: PlatormCompat.setOverrides: Uid1=10108 Pid1=31111 Uid2=10108 Pid2=31111
06-14 17:40:03.414 1556 5363 I thunderperf: PlatormCompat.setOverrides: needCheck:false
06-14 17:40:03.414 1556 5363 W PackageManager: MATCH_ANY_USER flag requires INTERACT_ACROSS_USERS permission: UID 10108 requires android.permission.INTERACT_ACROSS_USERS_FULL or android.permission.INTERACT_ACROSS_USERS to access user 0.
06-14 17:40:03.415 1556 5363 I ActivityTaskManager: START u0 {flg=0x20000000 cmp=com.tencent.mm/.plugin.account.ui.WelcomeActivity (has extras)} from uid 10108
06-14 17:40:03.415 1556 5363 D ActivityTaskManager: TaskLaunchParamsModifier:task=null activity=ActivityRecord{c8308f0 u0 com.tencent.mm/.plugin.account.ui.WelcomeActivity taskAffinity=10108:com.tencent.mm display-area-from-source=DefaultTaskDisplayArea@142405141 display-id=0 display-windowing-mode=1 suggested-display-area=DefaultTaskDisplayArea@142405141
06-14 17:40:03.415 1556 5363 D ActivityTaskManager: TaskLaunchParamsModifier:task=Task{ebef0e6 #1076 type=standard A=10108:com.tencent.mm U=0 visible=true mode=freeform translucent=false sz=2 visible freeform task=true rootAffinity=10108:com.tencent.mm isMini=false} activity=ActivityRecord{c8308f0 u0 com.tencent.mm/.plugin.account.ui.WelcomeActivity taskAffinity=10108:com.tencent.mm t-1} display-area-from-source=DefaultTaskDisplayArea@142405141 display-id=0 display-windowing-mode=1 suggested-display-area=DefaultTaskDisplayArea@142405141 non-freeform-display display-area=DefaultTaskDisplayArea@142405141
06-14 17:40:03.416 1556 5363 I wm_task_moved: [1076,1,8]
06-14 17:40:03.416 1556 5363 I wm_set_resumed_activity: [0,com.tencent.mm/.app.WeChatSplashActivity,positionChildAt]
06-14 17:40:03.416 1556 5363 I wm_create_activity: [0,209914096,1076,com.tencent.mm/.plugin.account.ui.WelcomeActivity,NULL,NULL,NULL,536870912]
06-14 17:40:03.417 1556 5363 I wm_pause_activity: [0,129133815,com.tencent.mm/.app.WeChatSplashActivity,userLeaving=true,resumeTopActivityInnerLocked]
06-14 17:40:03.417 1556 5363 D PowerManagerService: acquireWakeLockInternal: lock=110154549, flags=0x1, tag="*launch*", ws=WorkSource{10108}, uid=1000, pid=1556
06-14 17:40:03.417 1556 5363 D PowerManagerService: updateWakeLockSummaryLocked: mWakefulness=Awake, mWakeLockSummary=0x1
06-14 17:40:03.417 1556 5363 D PowerManagerService: updateUserActivitySummaryLocked: groupId=0, mWakefulness=Awake, mUserActivitySummary=0x1, nextTimeout=1804107 (in 59423 ms)
06-14 17:40:03.417 1556 5363 D PowerManagerNotifier: onScreenPolicyUpdate: newPolicy=3
06-14 17:40:03.417 1556 5363 D PowerManagerService: updateDisplayPowerStateLocked: displayReady=true, groupId=0, policy=BRIGHT, mWakefulness=Awake, mWakeLockSummary=0x1, mUserActivitySummary=0x1, mBootCompleted=true, screenBrightnessOverride=NaN, useAutoBrightness=true, mScreenBrightnessBoostInProgress=false, mIsVrModeEnabled= false, sQuiescent=false
06-14 17:40:03.427 31111 31111 I wm_on_create_called: [42736922,com.tencent.mm.ui.LauncherUI,performCreate]
06-14 17:40:03.427 1556 5363 I am_proc_bound: [0,31936,com.tencent.mm:push]
06-14 17:40:03.429 1556 5363 I ActivityTaskManager: clear resize flag in freeform mode
06-14 17:40:03.429 1556 5363 I ActivityTaskManager: The Process com.tencent.mm Already Exists in BG. So sending its PID: 31111
06-14 17:40:03.436 31111 31111 I wm_on_start_called: [42736922,com.tencent.mm.ui.LauncherUI,handleStartActivity]
06-14 17:40:03.442 31111 31111 I wm_on_resume_called: [42736922,com.tencent.mm.ui.LauncherUI,LIFECYCLER_RESUME_ACTIVITY]
06-14 17:40:03.452 31111 31111 I wm_on_paused_called: [42736922,com.tencent.mm.ui.LauncherUI,performPause]
06-14 17:40:03.453 1556 5836 I wm_finish_activity: [0,129133815,1076,com.tencent.mm/.app.WeChatSplashActivity,app-request]
06-14 17:40:03.472 1556 1863 I GameModeConfig: isGameModeOn = false
06-14 17:40:03.472 1556 1863 I GameModeConfig: isGameModeOn = false
06-14 17:40:03.472 1556 1863 I GameModeConfig: isGameModeOn = false
06-14 17:40:03.472 1556 1863 I GameModeConfig: isGameModeOn = false
06-14 17:40:03.472 1556 1863 I GameModeConfig: isGameModeOn = false
06-14 17:40:03.472 1556 1863 I GameModeConfig: isGameModeOn = false
06-14 17:40:03.501 31936 31936 I auditd : type=1400 audit(0.0:4571): avc: denied { read } for comm="tencent.mm:push" name="anr" dev="dm-10" ino=22 scontext=u:r:untrusted_app_29:s0:c108,c256,c512,c768 tcontext=u:object_r:anr_data_file:s0 tclass=dir permissive=0 app=com.tencent.mm
06-14 17:40:03.559 31111 31111 I wm_on_top_resumed_lost_called: [129133815,com.tencent.mm.app.WeChatSplashActivity,topStateChangedWhenResumed]
06-14 17:40:03.561 31111 31111 I wm_on_paused_called: [129133815,com.tencent.mm.app.WeChatSplashActivity,performPause]
06-14 17:40:03.561 1556 6192 I wm_add_to_stopping: [0,129133815,com.tencent.mm/.app.WeChatSplashActivity,completeFinishing]
06-14 17:40:03.561 1556 6192 I ActivityTaskManager: FOREGROUND_APPLICATION_CHANGED to com.tencent.mm.plugin.account.ui.WelcomeActivity
06-14 17:40:03.561 1556 6192 I ActivityTaskManager: The Process com.tencent.mm Already Exists in BG. So sending its PID: 31111
06-14 17:40:03.562 1556 6192 W ActivityTaskManager: Tried to set launchTime (0) < mLastActivityLaunchTime (1744432)
06-14 17:40:03.562 1556 6192 I wm_restart_activity: [0,209914096,1076,com.tencent.mm/.plugin.account.ui.WelcomeActivity]
06-14 17:40:03.564 1556 6192 I wm_set_resumed_activity: [0,com.tencent.mm/.plugin.account.ui.WelcomeActivity,minimalResumeActivityLocked]
06-14 17:40:03.566 1556 18234 D PowerManagerService: acquireWakeLockInternal: lock=260999579, flags=0x1, tag="push_wake", ws=null, uid=10108, pid=31936
06-14 17:40:03.566 1556 18234 D PowerManagerService: updateWakeLockSummaryLocked: mWakefulness=Awake, mWakeLockSummary=0x1
06-14 17:40:03.566 1556 18234 D PowerManagerService: updateUserActivitySummaryLocked: groupId=0, mWakefulness=Awake, mUserActivitySummary=0x1, nextTimeout=1804107 (in 59274 ms)
06-14 17:40:03.566 1556 18234 D PowerManagerNotifier: onScreenPolicyUpdate: newPolicy=3
06-14 17:40:03.566 1556 18234 D PowerManagerService: updateDisplayPowerStateLocked: displayReady=true, groupId=0, policy=BRIGHT, mWakefulness=Awake, mWakeLockSummary=0x1, mUserActivitySummary=0x1, mBootCompleted=true, screenBrightnessOverride=NaN, useAutoBrightness=true, mScreenBrightnessBoostInProgress=false, mIsVrModeEnabled= false, sQuiescent=false
06-14 17:40:03.566 1556 18234 D PowerManagerNotifier: onWakeLockAcquired: flags=1, tag="push_wake", packageName=com.tencent.mm, ownerUid=10108, ownerPid=31936, workSource=null
06-14 17:40:03.570 1556 1689 I sysui_multi_action: [757,803,799,window_time_2,802,0]
06-14 17:40:03.582 1556 1828 I input_focus: [Focus leaving 19092ea com.tencent.mm/com.tencent.mm.app.WeChatSplashActivity (server),reason=NO_WINDOW]
06-14 17:40:03.637 31111 31111 I wm_on_create_called: [209914096,com.tencent.mm.plugin.account.ui.WelcomeActivity,performCreate]
06-14 17:40:03.638 31111 31111 I wm_on_start_called: [209914096,com.tencent.mm.plugin.account.ui.WelcomeActivity,handleStartActivity]
06-14 17:40:03.641 31111 31111 I wm_on_resume_called: [209914096,com.tencent.mm.plugin.account.ui.WelcomeActivity,RESUME_ACTIVITY]
06-14 17:40:03.645 31111 31111 I wm_on_top_resumed_gained_called: [209914096,com.tencent.mm.plugin.account.ui.WelcomeActivity,topStateChangedWhenResumed]
06-14 17:40:03.653 1556 1690 I input_focus: [Focus request 5edae4e com.tencent.mm/com.tencent.mm.plugin.account.ui.WelcomeActivity,reason=UpdateInputWindows]
06-14 17:40:03.667 1556 1686 I wm_activity_launch_time: [0,209914096,com.tencent.mm/.plugin.account.ui.WelcomeActivity,251]
06-14 17:40:03.674 1556 5836 D ActivityTaskManager: Skipping, freeform mode : Task{ebef0e6 #1076 type=standard A=10108:com.tencent.mm U=0 visible=true mode=freeform translucent=false sz=3 visible freeform task=true rootAffinity=10108:com.tencent.mm isMini=false}
06-14 17:40:03.674 1556 5836 D ActivityTaskManager: Skipping, freeform mode : Task{5467172 #1069 type=standard A=10117:android.task.kugou U=0 visible=false mode=freeform translucent=true sz=3 visible freeform task=false rootAffinity=10117:android.task.kugou isMini=false}
06-14 17:40:03.682 1556 1828 I input_focus: [Focus entering 5edae4e com.tencent.mm/com.tencent.mm.plugin.account.ui.WelcomeActivity (server),reason=Window became focusable. Previous reason: NOT_VISIBLE]
06-14 17:40:03.709 1556 1688 I commit_sys_config_file: [notification-policy,1734897]
06-14 17:40:03.710 1556 5836 W ActivityManager: Background start not allowed: service Intent { cmp=com.qiyi.video/com.iqiyi.hcim.service.IMService } to com.qiyi.video/com.iqiyi.hcim.service.IMService from pid=31113 uid=10094 pkg=com.qiyi.video startFg?=false
06-14 17:40:03.800 1556 5836 D PowerManagerService: acquireWakeLockInternal: lock=58198332, flags=0x1, tag="MicroMsg.MMAutoAuth", ws=null, uid=10108, pid=31936
06-14 17:40:03.800 1556 5836 D PowerManagerService: updateWakeLockSummaryLocked: mWakefulness=Awake, mWakeLockSummary=0x1
06-14 17:40:03.801 1556 5836 D PowerManagerService: updateUserActivitySummaryLocked: groupId=0, mWakefulness=Awake, mUserActivitySummary=0x1, nextTimeout=1804107 (in 59039 ms)
06-14 17:40:03.801 1556 5836 D PowerManagerNotifier: onScreenPolicyUpdate: newPolicy=3
06-14 17:40:03.801 1556 5836 D PowerManagerService: updateDisplayPowerStateLocked: displayReady=true, groupId=0, policy=BRIGHT, mWakefulness=Awake, mWakeLockSummary=0x1, mUserActivitySummary=0x1, mBootCompleted=true, screenBrightnessOverride=NaN, useAutoBrightness=true, mScreenBrightnessBoostInProgress=false, mIsVrModeEnabled= false, sQuiescent=false
06-14 17:40:03.801 1556 5836 D PowerManagerNotifier: onWakeLockAcquired: flags=1, tag="MicroMsg.MMAutoAuth", packageName=com.tencent.mm, ownerUid=10108, ownerPid=31936, workSource=null
06-14 17:40:03.806 1556 5836 D PowerManagerService: releaseWakeLockInternal: lock=260999579 [push_wake], flags=0x0
06-14 17:40:03.807 1556 5836 D PowerManagerNotifier: onWakeLockReleased: flags=1, tag="push_wake", packageName=com.tencent.mm, ownerUid=10108, ownerPid=31936, workSource=null
06-14 17:40:03.807 1556 5836 D PowerManagerService: updateWakeLockSummaryLocked: mWakefulness=Awake, mWakeLockSummary=0x1
06-14 17:40:03.807 1556 5836 D PowerManagerService: updateUserActivitySummaryLocked: groupId=0, mWakefulness=Awake, mUserActivitySummary=0x1, nextTimeout=1804107 (in 59033 ms)
06-14 17:40:03.807 1556 5836 D PowerManagerNotifier: onScreenPolicyUpdate: newPolicy=3
06-14 17:40:03.807 1556 5836 D PowerManagerService: updateDisplayPowerStateLocked: displayReady=true, groupId=0, policy=BRIGHT, mWakefulness=Awake, mWakeLockSummary=0x1, mUserActivitySummary=0x1, mBootCompleted=true, screenBrightnessOverride=NaN, useAutoBrightness=true, mScreenBrightnessBoostInProgress=false, mIsVrModeEnabled= false, sQuiescent=false
06-14 17:40:03.814 1556 4975 D PowerManagerService: acquireWakeLockInternal: lock=141559079, flags=0x1, tag="PlatformComm", ws=null, uid=10108, pid=31936
06-14 17:40:03.814 1556 4975 D PowerManagerService: updateWakeLockSummaryLocked: mWakefulness=Awake, mWakeLockSummary=0x1
06-14 17:40:03.814 1556 4975 D PowerManagerService: updateUserActivitySummaryLocked: groupId=0, mWakefulness=Awake, mUserActivitySummary=0x1, nextTimeout=1804107 (in 59025 ms)
06-14 17:40:03.814 1556 4975 D PowerManagerNotifier: onScreenPolicyUpdate: newPolicy=3
06-14 17:40:03.815 1556 4975 D PowerManagerService: updateDisplayPowerStateLocked: displayReady=true, groupId=0, policy=BRIGHT, mWakefulness=Awake, mWakeLockSummary=0x1, mUserActivitySummary=0x1, mBootCompleted=true, screenBrightnessOverride=NaN, useAutoBrightness=true, mScreenBrightnessBoostInProgress=false, mIsVrModeEnabled= false, sQuiescent=false
06-14 17:40:03.815 1556 4975 D PowerManagerNotifier: onWakeLockAcquired: flags=1, tag="PlatformComm", packageName=com.tencent.mm, ownerUid=10108, ownerPid=31936, workSource=null
06-14 17:40:03.801 32087 32087 I auditd : type=1400 audit(0.0:4572): avc: granted { bind } for comm="ip" scontext=u:r:untrusted_app_29:s0:c108,c256,c512,c768 tcontext=u:r:untrusted_app_29:s0:c108,c256,c512,c768 tclass=netlink_route_socket
06-14 17:40:03.805 31936 31936 I auditd : type=1400 audit(0.0:4573): avc: granted { nlmsg_readpriv } for comm="mars::32069" scontext=u:r:untrusted_app_29:s0:c108,c256,c512,c768 tcontext=u:r:untrusted_app_29:s0:c108,c256,c512,c768 tclass=netlink_route_socket app=com.tencent.mm
06-14 17:40:03.805 31936 31936 I auditd : type=1400 audit(0.0:4574): avc: granted { nlmsg_readpriv } for comm="mars::32069" scontext=u:r:untrusted_app_29:s0:c108,c256,c512,c768 tcontext=u:r:untrusted_app_29:s0:c108,c256,c512,c768 tclass=netlink_route_socket app=com.tencent.mm
06-14 17:40:03.869 1556 6487 D PowerManagerService: releaseWakeLockInternal: lock=58198332 [MicroMsg.MMAutoAuth], flags=0x0
06-14 17:40:03.870 1556 6487 D PowerManagerNotifier: onWakeLockReleased: flags=1, tag="MicroMsg.MMAutoAuth", packageName=com.tencent.mm, ownerUid=10108, ownerPid=31936, workSource=null
06-14 17:40:03.870 1556 6487 D PowerManagerService: updateWakeLockSummaryLocked: mWakefulness=Awake, mWakeLockSummary=0x1
06-14 17:40:03.870 1556 6487 D PowerManagerService: updateUserActivitySummaryLocked: groupId=0, mWakefulness=Awake, mUserActivitySummary=0x1, nextTimeout=1804107 (in 58970 ms)
06-14 17:40:03.870 1556 6487 D PowerManagerNotifier: onScreenPolicyUpdate: newPolicy=3
06-14 17:40:03.870 1556 6487 D PowerManagerService: updateDisplayPowerStateLocked: displayReady=true, groupId=0, policy=BRIGHT, mWakefulness=Awake, mWakeLockSummary=0x1, mUserActivitySummary=0x1, mBootCompleted=true, screenBrightnessOverride=NaN, useAutoBrightness=true, mScreenBrightnessBoostInProgress=false, mIsVrModeEnabled= false, sQuiescent=false
06-14 17:40:03.871 1556 5363 D PowerManagerService: acquireWakeLockInternal: lock=58198332, flags=0x1, tag="MicroMsg.MMAutoAuth", ws=null, uid=10108, pid=31936
06-14 17:40:03.871 1556 5363 D PowerManagerService: updateWakeLockSummaryLocked: mWakefulness=Awake, mWakeLockSummary=0x1
06-14 17:40:03.871 1556 5363 D PowerManagerService: updateUserActivitySummaryLocked: groupId=0, mWakefulness=Awake, mUserActivitySummary=0x1, nextTimeout=1804107 (in 58969 ms)
06-14 17:40:03.871 1556 5363 D PowerManagerNotifier: onScreenPolicyUpdate: newPolicy=3
06-14 17:40:03.871 1556 5363 D PowerManagerService: updateDisplayPowerStateLocked: displayReady=true, groupId=0, policy=BRIGHT, mWakefulness=Awake, mWakeLockSummary=0x1, mUserActivitySummary=0x1, mBootCompleted=true, screenBrightnessOverride=NaN, useAutoBrightness=true, mScreenBrightnessBoostInProgress=false, mIsVrModeEnabled= false, sQuiescent=false
06-14 17:40:03.871 1556 5363 D PowerManagerNotifier: onWakeLockAcquired: flags=1, tag="MicroMsg.MMAutoAuth", packageName=com.tencent.mm, ownerUid=10108, ownerPid=31936, workSource=null
06-14 17:40:03.885 31936 31936 I auditd : type=1400 audit(0.0:4575): avc: granted { nlmsg_readpriv } for comm="mars::32069" scontext=u:r:untrusted_app_29:s0:c108,c256,c512,c768 tcontext=u:r:untrusted_app_29:s0:c108,c256,c512,c768 tclass=netlink_route_socket app=com.tencent.mm
06-14 17:40:03.885 31936 31936 I auditd : type=1400 audit(0.0:4576): avc: granted { nlmsg_readpriv } for comm="mars::32089" scontext=u:r:untrusted_app_29:s0:c108,c256,c512,c768 tcontext=u:r:untrusted_app_29:s0:c108,c256,c512,c768 tclass=netlink_route_socket app=com.tencent.mm
06-14 17:40:03.896 0 0 W [ 1745.158665] audit: audit_lost=3689 audit_rate_limit=5 audit_backlog_limit=64
06-14 17:40:03.896 0 0 E [ 1745.158667] audit: rate limit exceeded
06-14 17:40:03.880 1556 1689 I wm_destroy_activity: [0,129133815,1076,com.tencent.mm/.app.WeChatSplashActivity,finish-imm:transit]
06-14 17:40:03.887 1556 5363 D PowerManagerService: releaseWakeLockInternal: lock=58198332 [MicroMsg.MMAutoAuth], flags=0x0
06-14 17:40:03.887 1556 5363 D PowerManagerNotifier: onWakeLockReleased: flags=1, tag="MicroMsg.MMAutoAuth", packageName=com.tencent.mm, ownerUid=10108, ownerPid=31936, workSource=null
06-14 17:40:03.887 1556 5363 D PowerManagerService: updateWakeLockSummaryLocked: mWakefulness=Awake, mWakeLockSummary=0x1
06-14 17:40:03.887 1556 5363 D PowerManagerService: updateUserActivitySummaryLocked: groupId=0, mWakefulness=Awake, mUserActivitySummary=0x1, nextTimeout=1804107 (in 58953 ms)
06-14 17:40:03.887 1556 5363 D PowerManagerNotifier: onScreenPolicyUpdate: newPolicy=3
06-14 17:40:03.887 1556 5363 D PowerManagerService: updateDisplayPowerStateLocked: displayReady=true, groupId=0, policy=BRIGHT, mWakefulness=Awake, mWakeLockSummary=0x1, mUserActivitySummary=0x1, mBootCompleted=true, screenBrightnessOverride=NaN, useAutoBrightness=true, mScreenBrightnessBoostInProgress=false, mIsVrModeEnabled= false, sQuiescent=false
06-14 17:40:03.888 1556 5363 D PowerManagerService: acquireWakeLockInternal: lock=58198332, flags=0x1, tag="MicroMsg.MMAutoAuth", ws=null, uid=10108, pid=31936
06-14 17:40:03.888 1556 5363 D PowerManagerService: updateWakeLockSummaryLocked: mWakefulness=Awake, mWakeLockSummary=0x1
06-14 17:40:03.888 1556 5363 D PowerManagerService: updateUserActivitySummaryLocked: groupId=0, mWakefulness=Awake, mUserActivitySummary=0x1, nextTimeout=1804107 (in 58952 ms)
06-14 17:40:03.888 1556 5363 D PowerManagerNotifier: onScreenPolicyUpdate: newPolicy=3
06-14 17:40:03.888 1556 5363 D PowerManagerService: updateDisplayPowerStateLocked: displayReady=true, groupId=0, policy=BRIGHT, mWakefulness=Awake, mWakeLockSummary=0x1, mUserActivitySummary=0x1, mBootCompleted=true, screenBrightnessOverride=NaN, useAutoBrightness=true, mScreenBrightnessBoostInProgress=false, mIsVrModeEnabled= false, sQuiescent=false
06-14 17:40:03.888 1556 5363 D PowerManagerNotifier: onWakeLockAcquired: flags=1, tag="MicroMsg.MMAutoAuth", packageName=com.tencent.mm, ownerUid=10108, ownerPid=31936, workSource=null
06-14 17:40:03.899 31111 31111 I wm_on_stop_called: [129133815,com.tencent.mm.app.WeChatSplashActivity,LIFECYCLER_STOP_ACTIVITY]
06-14 17:40:03.902 31111 31111 I wm_on_destroy_called: [129133815,com.tencent.mm.app.WeChatSplashActivity,performDestroy]
06-14 17:40:03.905 1556 1828 D PowerManagerService: userActivityNoUpdateLocked: groupId=0, eventTime=1745172, event=2, flags=0x0, uid=1000
06-14 17:40:03.905 1556 1828 D PowerManagerNotifier: onUserActivity: event=2, uid=1000
06-14 17:40:03.906 1556 1828 D PowerManagerService: updateUserActivitySummaryLocked: groupId=0, mWakefulness=Awake, mUserActivitySummary=0x1, nextTimeout=1805172 (in 59999 ms)
06-14 17:40:03.906 1556 1828 D PowerManagerNotifier: onScreenPolicyUpdate: newPolicy=3
06-14 17:40:03.906 1556 1828 D PowerManagerService: updateDisplayPowerStateLocked: displayReady=true, groupId=0, policy=BRIGHT, mWakefulness=Awake, mWakeLockSummary=0x1, mUserActivitySummary=0x1, mBootCompleted=true, screenBrightnessOverride=NaN, useAutoBrightness=true, mScreenBrightnessBoostInProgress=false, mIsVrModeEnabled= false, sQuiescent=false
06-14 17:40:03.920 1556 6487 D PowerManagerService: releaseWakeLockInternal: lock=141559079 [PlatformComm], flags=0x0
06-14 17:40:03.920 1556 6487 D PowerManagerNotifier: onWakeLockReleased: flags=1, tag="PlatformComm", packageName=com.tencent.mm, ownerUid=10108, ownerPid=31936, workSource=null
06-14 17:40:03.920 1556 6487 D PowerManagerService: updateWakeLockSummaryLocked: mWakefulness=Awake, mWakeLockSummary=0x1
06-14 17:40:03.920 1556 6487 D PowerManagerService: updateUserActivitySummaryLocked: groupId=0, mWakefulness=Awake, mUserActivitySummary=0x1, nextTimeout=1805172 (in 59984 ms)
06-14 17:40:03.920 1556 6487 D PowerManagerNotifier: onScreenPolicyUpdate: newPolicy=3
06-14 17:40:03.921 1556 6487 D PowerManagerService: updateDisplayPowerStateLocked: displayReady=true, groupId=0, policy=BRIGHT, mWakefulness=Awake, mWakeLockSummary=0x1, mUserActivitySummary=0x1, mBootCompleted=true, screenBrightnessOverride=NaN, useAutoBrightness=true, mScreenBrightnessBoostInProgress=false, mIsVrModeEnabled= false, sQuiescent=false
06-14 17:40:03.921 1556 6487 D PowerManagerService: acquireWakeLockInternal: lock=141559079, flags=0x1, tag="PlatformComm", ws=null, uid=10108, pid=31936
06-14 17:40:03.921 1556 6487 D PowerManagerService: updateWakeLockSummaryLocked: mWakefulness=Awake, mWakeLockSummary=0x1
06-14 17:40:03.921 1556 6487 D PowerManagerService: updateUserActivitySummaryLocked: groupId=0, mWakefulness=Awake, mUserActivitySummary=0x1, nextTimeout=1805172 (in 59984 ms)
06-14 17:40:03.921 1556 6487 D PowerManagerNotifier: onScreenPolicyUpdate: newPolicy=3
06-14 17:40:03.921 1556 6487 D PowerManagerService: updateDisplayPowerStateLocked: displayReady=true, groupId=0, policy=BRIGHT, mWakefulness=Awake, mWakeLockSummary=0x1, mUserActivitySummary=0x1, mBootCompleted=true, screenBrightnessOverride=NaN, useAutoBrightness=true, mScreenBrightnessBoostInProgress=false, mIsVrModeEnabled= false, sQuiescent=false
06-14 17:40:03.921 1556 6487 D PowerManagerNotifier: onWakeLockAcquired: flags=1, tag="PlatformComm", packageName=com.tencent.mm, ownerUid=10108, ownerPid=31936, workSource=null
06-14 17:40:03.924 1556 6487 D PowerManagerService: acquireWakeLockInternal: lock=180060248, flags=0x1, tag="PlatformComm", ws=null, uid=10108, pid=31936
06-14 17:40:03.924 1556 6487 D PowerManagerService: updateWakeLockSummaryLocked: mWakefulness=Awake, mWakeLockSummary=0x1
06-14 17:40:03.924 1556 6487 D PowerManagerService: updateUserActivitySummaryLocked: groupId=0, mWakefulness=Awake, mUserActivitySummary=0x1, nextTimeout=1805172 (in 59980 ms)
06-14 17:40:03.925 1556 6487 D PowerManagerNotifier: onScreenPolicyUpdate: newPolicy=3
06-14 17:40:03.925 1556 6487 D PowerManagerService: updateDisplayPowerStateLocked: displayReady=true, groupId=0, policy=BRIGHT, mWakefulness=Awake, mWakeLockSummary=0x1, mUserActivitySummary=0x1, mBootCompleted=true, screenBrightnessOverride=NaN, useAutoBrightness=true, mScreenBrightnessBoostInProgress=false, mIsVrModeEnabled= false, sQuiescent=false
06-14 17:40:03.925 1556 6487 D PowerManagerNotifier: onWakeLockAcquired: flags=1, tag="PlatformComm", packageName=com.tencent.mm, ownerUid=10108, ownerPid=31936, workSource=null
06-14 17:40:03.925 1556 5363 D PowerManagerService: releaseWakeLockInternal: lock=141559079 [PlatformComm], flags=0x0
06-14 17:40:03.925 1556 5363 D PowerManagerNotifier: onWakeLockReleased: flags=1, tag="PlatformComm", packageName=com.tencent.mm, ownerUid=10108, ownerPid=31936, workSource=null
06-14 17:40:03.925 1556 5363 D PowerManagerService: updateWakeLockSummaryLocked: mWakefulness=Awake, mWakeLockSummary=0x1
06-14 17:40:03.925 1556 5363 D PowerManagerService: updateUserActivitySummaryLocked: groupId=0, mWakefulness=Awake, mUserActivitySummary=0x1, nextTimeout=1805172 (in 59980 ms)
06-14 17:40:03.925 1556 5363 D PowerManagerNotifier: onScreenPolicyUpdate: newPolicy=3
06-14 17:40:03.925 1556 5363 D PowerManagerService: updateDisplayPowerStateLocked: displayReady=true, groupId=0, policy=BRIGHT, mWakefulness=Awake, mWakeLockSummary=0x1, mUserActivitySummary=0x1, mBootCompleted=true, screenBrightnessOverride=NaN, useAutoBrightness=true, mScreenBrightnessBoostInProgress=false, mIsVrModeEnabled= false, sQuiescent=false
06-14 17:40:03.925 1556 5363 D PowerManagerService: acquireWakeLockInternal: lock=251700657, flags=0x1, tag="PlatformComm", ws=null, uid=10108, pid=31936
06-14 17:40:03.926 1556 5363 D PowerManagerService: updateWakeLockSummaryLocked: mWakefulness=Awake, mWakeLockSummary=0x1
06-14 17:40:03.926 1556 5363 D PowerManagerService: updateUserActivitySummaryLocked: groupId=0, mWakefulness=Awake, mUserActivitySummary=0x1, nextTimeout=1805172 (in 59979 ms)
06-14 17:40:03.926 1556 5363 D PowerManagerNotifier: onScreenPolicyUpdate: newPolicy=3
06-14 17:40:03.926 1556 5363 D PowerManagerService: updateDisplayPowerStateLocked: displayReady=true, groupId=0, policy=BRIGHT, mWakefulness=Awake, mWakeLockSummary=0x1, mUserActivitySummary=0x1, mBootCompleted=true, screenBrightnessOverride=NaN, useAutoBrightness=true, mScreenBrightnessBoostInProgress=false, mIsVrModeEnabled= false, sQuiescent=false
06-14 17:40:03.926 1556 5363 D PowerManagerNotifier: onWakeLockAcquired: flags=1, tag="PlatformComm", packageName=com.tencent.mm, ownerUid=10108, ownerPid=31936, workSource=null
06-14 17:40:03.926 1556 6487 D PowerManagerService: acquireWakeLockInternal: lock=141559079, flags=0x1, tag="PlatformComm", ws=null, uid=10108, pid=31936
06-14 17:40:03.926 1556 6487 D PowerManagerService: updateWakeLockSummaryLocked: mWakefulness=Awake, mWakeLockSummary=0x1
06-14 17:40:03.926 1556 6487 D PowerManagerService: updateUserActivitySummaryLocked: groupId=0, mWakefulness=Awake, mUserActivitySummary=0x1, nextTimeout=1805172 (in 59979 ms)
06-14 17:40:03.926 1556 6487 D PowerManagerNotifier: onScreenPolicyUpdate: newPolicy=3
06-14 17:40:03.926 1556 6487 D PowerManagerService: updateDisplayPowerStateLocked: displayReady=true, groupId=0, policy=BRIGHT, mWakefulness=Awake, mWakeLockSummary=0x1, mUserActivitySummary=0x1, mBootCompleted=true, screenBrightnessOverride=NaN, useAutoBrightness=true, mScreenBrightnessBoostInProgress=false, mIsVrModeEnabled= false, sQuiescent=false
06-14 17:40:03.926 1556 6487 D PowerManagerNotifier: onWakeLockAcquired: flags=1, tag="PlatformComm", packageName=com.tencent.mm, ownerUid=10108, ownerPid=31936, workSource=null
06-14 17:40:03.934 1556 3120 D ActivityTaskManager: Skipping, freeform mode : Task{ebef0e6 #1076 type=standard A=10108:com.tencent.mm U=0 visible=true mode=freeform translucent=false sz=2 visible freeform task=true rootAffinity=10108:com.tencent.mm isMini=false}
06-14 17:40:03.934 1556 3120 D ActivityTaskManager: Skipping, freeform mode : Task{5467172 #1069 type=standard A=10117:android.task.kugou U=0 visible=false mode=freeform translucent=true sz=3 visible freeform task=false rootAffinity=10117:android.task.kugou isMini=false}
06-14 17:40:03.958 1556 5836 D PowerManagerService: releaseWakeLockInternal: lock=141559079 [PlatformComm], flags=0x0
06-14 17:40:03.958 1556 5836 D PowerManagerNotifier: onWakeLockReleased: flags=1, tag="PlatformComm", packageName=com.tencent.mm, ownerUid=10108, ownerPid=31936, workSource=null
06-14 17:40:03.958 1556 5836 D PowerManagerService: updateWakeLockSummaryLocked: mWakefulness=Awake, mWakeLockSummary=0x1
06-14 17:40:03.958 1556 5836 D PowerManagerService: updateUserActivitySummaryLocked: groupId=0, mWakefulness=Awake, mUserActivitySummary=0x1, nextTimeout=1805172 (in 59946 ms)
06-14 17:40:03.958 1556 5836 D PowerManagerNotifier: onScreenPolicyUpdate: newPolicy=3
06-14 17:40:03.959 1556 5836 D PowerManagerService: updateDisplayPowerStateLocked: displayReady=true, groupId=0, policy=BRIGHT, mWakefulness=Awake, mWakeLockSummary=0x1, mUserActivitySummary=0x1, mBootCompleted=true, screenBrightnessOverride=NaN, useAutoBrightness=true, mScreenBrightnessBoostInProgress=false, mIsVrModeEnabled= false, sQuiescent=false
06-14 17:40:03.959 1556 5836 D PowerManagerService: acquireWakeLockInternal: lock=141559079, flags=0x1, tag="PlatformComm", ws=null, uid=10108, pid=31936
06-14 17:40:03.959 1556 5836 D PowerManagerService: updateWakeLockSummaryLocked: mWakefulness=Awake, mWakeLockSummary=0x1
06-14 17:40:03.959 1556 5836 D PowerManagerService: updateUserActivitySummaryLocked: groupId=0, mWakefulness=Awake, mUserActivitySummary=0x1, nextTimeout=1805172 (in 59946 ms)
06-14 17:40:03.959 1556 5836 D PowerManagerNotifier: onScreenPolicyUpdate: newPolicy=3
06-14 17:40:03.959 1556 5836 D PowerManagerService: updateDisplayPowerStateLocked: displayReady=true, groupId=0, policy=BRIGHT, mWakefulness=Awake, mWakeLockSummary=0x1, mUserActivitySummary=0x1, mBootCompleted=true, screenBrightnessOverride=NaN, useAutoBrightness=true, mScreenBrightnessBoostInProgress=false, mIsVrModeEnabled= false, sQuiescent=false
06-14 17:40:03.959 1556 5836 D PowerManagerNotifier: onWakeLockAcquired: flags=1, tag="PlatformComm", packageName=com.tencent.mm, ownerUid=10108, ownerPid=31936, workSource=null
06-14 17:40:03.961 1556 6192 D PowerManagerService: releaseWakeLockInternal: lock=141559079 [PlatformComm], flags=0x0
06-14 17:40:03.961 1556 6192 D PowerManagerNotifier: onWakeLockReleased: flags=1, tag="PlatformComm", packageName=com.tencent.mm, ownerUid=10108, ownerPid=31936, workSource=null
06-14 17:40:03.961 1556 6192 D PowerManagerService: updateWakeLockSummaryLocked: mWakefulness=Awake, mWakeLockSummary=0x1
06-14 17:40:03.961 1556 6192 D PowerManagerService: updateUserActivitySummaryLocked: groupId=0, mWakefulness=Awake, mUserActivitySummary=0x1, nextTimeout=1805172 (in 59943 ms)
06-14 17:40:03.961 1556 6192 D PowerManagerNotifier: onScreenPolicyUpdate: newPolicy=3
06-14 17:40:03.961 1556 6192 D PowerManagerService: updateDisplayPowerStateLocked: displayReady=true, groupId=0, policy=BRIGHT, mWakefulness=Awake, mWakeLockSummary=0x1, mUserActivitySummary=0x1, mBootCompleted=true, screenBrightnessOverride=NaN, useAutoBrightness=true, mScreenBrightnessBoostInProgress=false, mIsVrModeEnabled= false, sQuiescent=false
06-14 17:40:03.962 1556 6192 D PowerManagerService: releaseWakeLockInternal: lock=180060248 [PlatformComm], flags=0x0
06-14 17:40:03.962 1556 6192 D PowerManagerNotifier: onWakeLockReleased: flags=1, tag="PlatformComm", packageName=com.tencent.mm, ownerUid=10108, ownerPid=31936, workSource=null
06-14 17:40:03.962 1556 6192 D PowerManagerService: updateWakeLockSummaryLocked: mWakefulness=Awake, mWakeLockSummary=0x1
06-14 17:40:03.962 1556 6192 D PowerManagerService: updateUserActivitySummaryLocked: groupId=0, mWakefulness=Awake, mUserActivitySummary=0x1, nextTimeout=1805172 (in 59942 ms)
06-14 17:40:03.963 1556 6192 D PowerManagerNotifier: onScreenPolicyUpdate: newPolicy=3
06-14 17:40:03.963 1556 6192 D PowerManagerService: updateDisplayPowerStateLocked: displayReady=true, groupId=0, policy=BRIGHT, mWakefulness=Awake, mWakeLockSummary=0x1, mUserActivitySummary=0x1, mBootCompleted=true, screenBrightnessOverride=NaN, useAutoBrightness=true, mScreenBrightnessBoostInProgress=false, mIsVrModeEnabled= false, sQuiescent=false
06-14 17:40:03.963 1556 6192 D PowerManagerService: releaseWakeLockInternal: lock=251700657 [PlatformComm], flags=0x0
06-14 17:40:03.963 1556 6192 D PowerManagerNotifier: onWakeLockReleased: flags=1, tag="PlatformComm", packageName=com.tencent.mm, ownerUid=10108, ownerPid=31936, workSource=null
06-14 17:40:03.964 1556 6192 D PowerManagerService: updateWakeLockSummaryLocked: mWakefulness=Awake, mWakeLockSummary=0x1
06-14 17:40:03.964 1556 6192 D PowerManagerService: updateUserActivitySummaryLocked: groupId=0, mWakefulness=Awake, mUserActivitySummary=0x1, nextTimeout=1805172 (in 59941 ms)
06-14 17:40:03.964 1556 6192 D PowerManagerNotifier: onScreenPolicyUpdate: newPolicy=3
06-14 17:40:03.964 1556 6192 D PowerManagerService: updateDisplayPowerStateLocked: displayReady=true, groupId=0, policy=BRIGHT, mWakefulness=Awake, mWakeLockSummary=0x1, mUserActivitySummary=0x1, mBootCompleted=true, screenBrightnessOverride=NaN, useAutoBrightness=true, mScreenBrightnessBoostInProgress=false, mIsVrModeEnabled= false, sQuiescent=false
06-14 17:40:03.967 31113 31113 W Looper : Loop again would have the queued messages be executed before this one completed.
06-14 17:40:03.997 1556 5363 D PowerManagerService: acquireWakeLockInternal: lock=130608109, flags=0x1, tag="PlatformComm", ws=null, uid=10108, pid=31936
06-14 17:40:03.997 1556 5363 D PowerManagerService: updateWakeLockSummaryLocked: mWakefulness=Awake, mWakeLockSummary=0x1
06-14 17:40:03.997 1556 5363 D PowerManagerService: updateUserActivitySummaryLocked: groupId=0, mWakefulness=Awake, mUserActivitySummary=0x1, nextTimeout=1805172 (in 59908 ms)
06-14 17:40:03.997 1556 5363 D PowerManagerNotifier: onScreenPolicyUpdate: newPolicy=3
06-14 17:40:03.997 1556 5363 D PowerManagerService: updateDisplayPowerStateLocked: displayReady=true, groupId=0, policy=BRIGHT, mWakefulness=Awake, mWakeLockSummary=0x1, mUserActivitySummary=0x1, mBootCompleted=true, screenBrightnessOverride=NaN, useAutoBrightness=true, mScreenBrightnessBoostInProgress=false, mIsVrModeEnabled= false, sQuiescent=false
06-14 17:40:03.997 1556 5363 D PowerManagerNotifier: onWakeLockAcquired: flags=1, tag="PlatformComm", packageName=com.tencent.mm, ownerUid=10108, ownerPid=31936, workSource=null
06-14 17:40:04.004 18952 18952 I view_enqueue_input_event: [Motion - Cancel,com.android.launcher3/com.android.launcher3.uioverrides.QuickstepLauncher]
06-14 17:40:04.004 1556 1828 I input_interaction: Interaction with: edge-swipe (server), swipe-up (server), PointerEventDispatcher0 (server),
06-14 17:40:04.008 1556 5836 W ActivityTaskManager: getTaskSnapshot: taskId=-322 not found
06-14 17:40:04.015 1556 1828 D PowerManagerService: userActivityNoUpdateLocked: groupId=0, eventTime=1745281, event=2, flags=0x0, uid=1000
06-14 17:40:04.015 1556 1828 D PowerManagerNotifier: onUserActivity: event=2, uid=1000
06-14 17:40:04.016 1556 1828 D PowerManagerService: updateUserActivitySummaryLocked: groupId=0, mWakefulness=Awake, mUserActivitySummary=0x1, nextTimeout=1805281 (in 59998 ms)
06-14 17:40:04.016 1556 1828 D PowerManagerNotifier: onScreenPolicyUpdate: newPolicy=3
06-14 17:40:04.016 1556 1828 D PowerManagerService: updateDisplayPowerStateLocked: displayReady=true, groupId=0, policy=BRIGHT, mWakefulness=Awake, mWakeLockSummary=0x1, mUserActivitySummary=0x1, mBootCompleted=true, screenBrightnessOverride=NaN, useAutoBrightness=true, mScreenBrightnessBoostInProgress=false, mIsVrModeEnabled= false, sQuiescent=false
06-14 17:40:04.025 1556 6192 W ActivityTaskManager: getTaskSnapshot: taskId=-322 not found
06-14 17:40:04.025 1556 6192 W ActivityTaskManager: getTaskSnapshot: taskId=-322 not found
06-14 17:40:04.135 1556 1817 I commit_sys_config_file: [settings-1-0,1]
06-14 17:40:04.138 1556 5836 D PowerManagerService: releaseWakeLockInternal: lock=58198332 [MicroMsg.MMAutoAuth], flags=0x0
06-14 17:40:04.138 1556 5836 D PowerManagerNotifier: onWakeLockReleased: flags=1, tag="MicroMsg.MMAutoAuth", packageName=com.tencent.mm, ownerUid=10108, ownerPid=31936, workSource=null
06-14 17:40:04.139 1556 5836 D PowerManagerService: updateWakeLockSummaryLocked: mWakefulness=Awake, mWakeLockSummary=0x1
06-14 17:40:04.139 1556 5836 D PowerManagerService: updateUserActivitySummaryLocked: groupId=0, mWakefulness=Awake, mUserActivitySummary=0x1, nextTimeout=1805281 (in 59875 ms)
06-14 17:40:04.139 1556 5836 D PowerManagerNotifier: onScreenPolicyUpdate: newPolicy=3
06-14 17:40:04.139 1556 5836 D PowerManagerService: updateDisplayPowerStateLocked: displayReady=true, groupId=0, policy=BRIGHT, mWakefulness=Awake, mWakeLockSummary=0x1, mUserActivitySummary=0x1, mBootCompleted=true, screenBrightnessOverride=NaN, useAutoBrightness=true, mScreenBrightnessBoostInProgress=false, mIsVrModeEnabled= false, sQuiescent=false
06-14 17:40:04.139 1556 5836 D PowerManagerService: acquireWakeLockInternal: lock=58198332, flags=0x1, tag="MicroMsg.MMAutoAuth", ws=null, uid=10108, pid=31936
06-14 17:40:04.139 1556 5836 D PowerManagerService: updateWakeLockSummaryLocked: mWakefulness=Awake, mWakeLockSummary=0x1
06-14 17:40:04.139 1556 5836 D PowerManagerService: updateUserActivitySummaryLocked: groupId=0, mWakefulness=Awake, mUserActivitySummary=0x1, nextTimeout=1805281 (in 59875 ms)
06-14 17:40:04.139 1556 5836 D PowerManagerNotifier: onScreenPolicyUpdate: newPolicy=3
06-14 17:40:04.139 1556 5836 D PowerManagerService: updateDisplayPowerStateLocked: displayReady=true, groupId=0, policy=BRIGHT, mWakefulness=Awake, mWakeLockSummary=0x1, mUserActivitySummary=0x1, mBootCompleted=true, screenBrightnessOverride=NaN, useAutoBrightness=true, mScreenBrightnessBoostInProgress=false, mIsVrModeEnabled= false, sQuiescent=false
06-14 17:40:04.139 1556 5836 D PowerManagerNotifier: onWakeLockAcquired: flags=1, tag="MicroMsg.MMAutoAuth", packageName=com.tencent.mm, ownerUid=10108, ownerPid=31936, workSource=null
06-14 17:40:04.167 1556 5836 D PowerManagerService: acquireWakeLockInternal: lock=35695525, flags=0x1, tag="PlatformComm", ws=null, uid=10108, pid=31936
06-14 17:40:04.167 1556 5836 D PowerManagerService: updateWakeLockSummaryLocked: mWakefulness=Awake, mWakeLockSummary=0x1
06-14 17:40:04.167 1556 5836 D PowerManagerService: updateUserActivitySummaryLocked: groupId=0, mWakefulness=Awake, mUserActivitySummary=0x1, nextTimeout=1805281 (in 59847 ms)
06-14 17:40:04.167 1556 5836 D PowerManagerNotifier: onScreenPolicyUpdate: newPolicy=3
06-14 17:40:04.167 1556 5836 D PowerManagerService: updateDisplayPowerStateLocked: displayReady=true, groupId=0, policy=BRIGHT, mWakefulness=Awake, mWakeLockSummary=0x1, mUserActivitySummary=0x1, mBootCompleted=true, screenBrightnessOverride=NaN, useAutoBrightness=true, mScreenBrightnessBoostInProgress=false, mIsVrModeEnabled= false, sQuiescent=false
06-14 17:40:04.167 1556 5836 D PowerManagerNotifier: onWakeLockAcquired: flags=1, tag="PlatformComm", packageName=com.tencent.mm, ownerUid=10108, ownerPid=31936, workSource=null
06-14 17:40:04.741 1556 1828 I input_interaction: Interaction with: fc034d7 com.android.launcher3/com.android.launcher3.uioverrides.QuickstepLauncher (server), 1c9764a com.android.systemui.ImageWallpaper (server), edge-swipe (server), swipe-up (server), PointerEventDispatcher0 (server),
06-14 17:40:04.741 1556 1828 D PowerManagerService: userActivityNoUpdateLocked: groupId=0, eventTime=1746008, event=2, flags=0x0, uid=1000
06-14 17:40:04.741 1556 1828 D PowerManagerNotifier: onUserActivity: event=2, uid=1000
06-14 17:40:04.741 1556 1828 D PowerManagerService: updateUserActivitySummaryLocked: groupId=0, mWakefulness=Awake, mUserActivitySummary=0x1, nextTimeout=1806008 (in 60000 ms)
06-14 17:40:04.741 1556 1828 D PowerManagerNotifier: onScreenPolicyUpdate: newPolicy=3
06-14 17:40:04.741 1556 1828 D PowerManagerService: updateDisplayPowerStateLocked: displayReady=true, groupId=0, policy=BRIGHT, mWakefulness=Awake, mWakeLockSummary=0x1, mUserActivitySummary=0x1, mBootCompleted=true, screenBrightnessOverride=NaN, useAutoBrightness=true, mScreenBrightnessBoostInProgress=false, mIsVrModeEnabled= false, sQuiescent=false
06-14 17:40:04.833 1556 5836 I thunderperf: PlatormCompat.setOverrides: Uid1=10069 Pid1=18952 Uid2=10069 Pid2=18952
06-14 17:40:04.833 1556 5836 I thunderperf: PlatormCompat.setOverrides: needCheck:false
06-14 17:40:04.833 1556 5836 I thunderperf: CompatConfig.addOverrideUnsafe: bef-state=1
06-14 17:40:04.833 1556 5836 E thunderperf: CompatConfig.addOverrideUnsafe: exception:java.lang.SecurityException: Cannot override a change on a non-debuggable app and user build.
06-14 17:40:04.833 1556 5836 I thunderperf: CompatConfig.addOverrideUnsafe: aft-state=1
06-14 17:40:04.833 1556 5836 I thunderperf: CompatConfig.addOverrideUnsafe: bef-state=1
06-14 17:40:04.834 1556 5836 E thunderperf: CompatConfig.addOverrideUnsafe: exception:java.lang.SecurityException: Cannot override a change on a non-debuggable app and user build.
06-14 17:40:04.834 1556 5836 I thunderperf: CompatConfig.addOverrideUnsafe: aft-state=1
06-14 17:40:04.834 1556 5836 I thunderperf: CompatConfig.addOverrideUnsafe: bef-state=1
06-14 17:40:04.834 1556 5836 E thunderperf: CompatConfig.addOverrideUnsafe: exception:java.lang.SecurityException: Cannot override a change on a non-debuggable app and user build.
06-14 17:40:04.834 1556 5836 I thunderperf: CompatConfig.addOverrideUnsafe: aft-state=1
06-14 17:40:04.834 1556 5836 I thunderperf: CompatConfig.addOverrideUnsafe: bef-state=1
06-14 17:40:04.834 1556 5836 E thunderperf: CompatConfig.addOverrideUnsafe: exception:java.lang.SecurityException: Cannot override a change on a non-debuggable app and user build.
06-14 17:40:04.834 1556 5836 I thunderperf: CompatConfig.addOverrideUnsafe: aft-state=1
06-14 17:40:04.834 1556 5836 I thunderperf: CompatConfig.addOverrideUnsafe: bef-state=1
06-14 17:40:04.834 1556 5836 E thunderperf: CompatConfig.addOverrideUnsafe: exception:java.lang.SecurityException: Cannot override a change on a non-debuggable app and user build.
06-14 17:40:04.834 1556 5836 I thunderperf: CompatConfig.addOverrideUnsafe: aft-state=1
06-14 17:40:04.835 1556 5836 I thunderperf: CompatConfig.addOverrideUnsafe: bef-state=1
06-14 17:40:04.835 1556 5836 E thunderperf: CompatConfig.addOverrideUnsafe: exception:java.lang.SecurityException: Cannot override a change on a non-debuggable app and user build.
06-14 17:40:04.835 1556 5836 I thunderperf: CompatConfig.addOverrideUnsafe: aft-state=1
06-14 17:40:04.835 1556 5836 I thunderperf: CompatConfig.addOverrideUnsafe: bef-state=1
06-14 17:40:04.835 1556 5836 E thunderperf: CompatConfig.addOverrideUnsafe: exception:java.lang.SecurityException: Cannot override a change on a non-debuggable app and user build.
06-14 17:40:04.835 1556 5836 I thunderperf: CompatConfig.addOverrideUnsafe: aft-state=1
06-14 17:40:04.835 1556 5836 I thunderperf: CompatConfig.addOverrideUnsafe: bef-state=1
06-14 17:40:04.835 1556 5836 E thunderperf: CompatConfig.addOverrideUnsafe: exception:java.lang.SecurityException: Cannot override a change on a non-debuggable app and user build.
06-14 17:40:04.835 1556 5836 I thunderperf: CompatConfig.addOverrideUnsafe: aft-state=1
06-14 17:40:04.836 1556 5836 I thunderperf: CompatConfig.addOverrideUnsafe: bef-state=1
06-14 17:40:04.836 1556 5836 E thunderperf: CompatConfig.addOverrideUnsafe: exception:java.lang.SecurityException: Cannot override a change on a non-debuggable app and user build.
06-14 17:40:04.836 1556 5836 I thunderperf: CompatConfig.addOverrideUnsafe: aft-state=1
06-14 17:40:04.836 1556 5836 I thunderperf: CompatConfig.addOverrideUnsafe: bef-state=1
06-14 17:40:04.836 1556 5836 E thunderperf: CompatConfig.addOverrideUnsafe: exception:java.lang.SecurityException: Cannot override a change on a non-debuggable app and user build.
06-14 17:40:04.836 1556 5836 I thunderperf: CompatConfig.addOverrideUnsafe: aft-state=1
06-14 17:40:04.836 1556 5836 I thunderperf: CompatConfig.addOverrideUnsafe: bef-state=1
06-14 17:40:04.836 1556 5836 E thunderperf: CompatConfig.addOverrideUnsafe: exception:java.lang.SecurityException: Cannot override a change on a non-debuggable app and user build.
06-14 17:40:04.836 1556 5836 I thunderperf: CompatConfig.addOverrideUnsafe: aft-state=1
06-14 17:40:04.836 1556 5836 I thunderperf: CompatConfig.addOverrideUnsafe: bef-state=1
06-14 17:40:04.837 1556 5836 E thunderperf: CompatConfig.addOverrideUnsafe: exception:java.lang.SecurityException: Cannot override a change on a non-debuggable app and user build.
06-14 17:40:04.837 1556 5836 I thunderperf: CompatConfig.addOverrideUnsafe: aft-state=1
06-14 17:40:04.837 1556 5836 I thunderperf: CompatConfig.addOverrideUnsafe: bef-state=1
06-14 17:40:04.837 1556 5836 E thunderperf: CompatConfig.addOverrideUnsafe: exception:java.lang.SecurityException: Cannot override a change on a non-debuggable app and user build.
06-14 17:40:04.837 1556 5836 I thunderperf: CompatConfig.addOverrideUnsafe: aft-state=1
06-14 17:40:04.837 1556 5836 I thunderperf: CompatConfig.addOverrideUnsafe: bef-state=1
06-14 17:40:04.837 1556 5836 E thunderperf: CompatConfig.addOverrideUnsafe: exception:java.lang.SecurityException: Cannot override a change on a non-debuggable app and user build.
06-14 17:40:04.837 1556 5836 I thunderperf: CompatConfig.addOverrideUnsafe: aft-state=1
06-14 17:40:04.840 1556 5836 I ActivityTaskManager: START u0 {act=android.intent.action.MAIN cat=[android.intent.category.LAUNCHER] flg=0x10200000 cmp=com.qiyi.video/.WelcomeActivity bnds=[1926,96][2226,394]} from uid 10069
06-14 17:40:04.842 1556 5836 D ActivityTaskManager: TaskLaunchParamsModifier:task=null activity=ActivityRecord{f340fd2 u0 com.qiyi.video/.WelcomeActivity taskAffinity=10094:com.qiyi.video display-area-from-source=DefaultTaskDisplayArea@142405141 display-id=0 display-windowing-mode=1 suggested-display-area=DefaultTaskDisplayArea@142405141
06-14 17:40:04.843 1556 5836 D ActivityTaskManager: TaskLaunchParamsModifier:task=null activity=ActivityRecord{f340fd2 u0 com.qiyi.video/.WelcomeActivity taskAffinity=10094:com.qiyi.video t-1} display-area-from-source=DefaultTaskDisplayArea@142405141 display-id=0 display-windowing-mode=1 suggested-display-area=DefaultTaskDisplayArea@142405141 inherit-from-source=fullscreen activity-options-fullscreen=Rect(0, 0 - 0, 0) non-freeform-display display-area=DefaultTaskDisplayArea@142405141
06-14 17:40:04.843 1556 5836 I wm_task_created: [1077,-1]
06-14 17:40:04.843 1556 5836 W ActivityTaskManager: Can't find TaskDisplayArea to determine support for multi window. Task id=1077 attached=false
