06-14 17:39:45.135 1556 1914 D PowerManagerService: updateUserActivitySummaryLocked: groupId=0, mWakefulness=Awake, mUserActivitySummary=0x1, nextTimeout=1785765 (in 59363 ms)
06-14 17:39:45.135 1556 1914 D PowerManagerNotifier: onScreenPolicyUpdate: newPolicy=3
06-14 17:39:45.135 1556 1914 D PowerManagerService: updateDisplayPowerStateLocked: displayReady=true, groupId=0, policy=BRIGHT, mWakefulness=Awake, mWakeLockSummary=0x23, mUserActivitySummary=0x1, mBootCompleted=true, screenBrightnessOverride=NaN, useAutoBrightness=true, mScreenBrightnessBoostInProgress=false, mIsVrModeEnabled= false, sQuiescent=false
06-14 17:39:45.135 1556 1914 D PowerManagerNotifier: onWakeLockAcquired: flags=1, tag="SyncLoopWakeLock", packageName=android, ownerUid=1000, ownerPid=1556, workSource=null
06-14 17:39:45.136 1556 1556 D PowerManagerService: releaseWakeLockInternal: lock=97268490 [*job*/com.tencent.android.qqdownloader.YYBLiveAccountProvider/com.tencent.android.qqdownloader.YYBLiveAccountProvider.account/应用宝:android], flags=0x0
06-14 17:39:45.136 1556 1556 D PowerManagerNotifier: onWakeLockReleased: flags=1, tag="*job*/com.tencent.android.qqdownloader.YYBLiveAccountProvider/com.tencent.android.qqdownloader.YYBLiveAccountProvider.account/应用宝:android", packageName=android, ownerUid=1000, ownerPid=1556, workSource=WorkSource{10092}
06-14 17:39:45.136 1556 1556 D PowerManagerService: updateWakeLockSummaryLocked: mWakefulness=Awake, mWakeLockSummary=0x23
06-14 17:39:45.136 1556 1556 D PowerManagerService: updateUserActivitySummaryLocked: groupId=0, mWakefulness=Awake, mUserActivitySummary=0x1, nextTimeout=1785765 (in 59362 ms)
06-14 17:39:45.136 1556 1556 D PowerManagerNotifier: onScreenPolicyUpdate: newPolicy=3
06-14 17:39:45.136 1556 1556 D PowerManagerService: updateDisplayPowerStateLocked: displayReady=true, groupId=0, policy=BRIGHT, mWakefulness=Awake, mWakeLockSummary=0x23, mUserActivitySummary=0x1, mBootCompleted=true, screenBrightnessOverride=NaN, useAutoBrightness=true, mScreenBrightnessBoostInProgress=false, mIsVrModeEnabled= false, sQuiescent=false
06-14 17:39:45.139 1556 1914 D PowerManagerService: releaseWakeLockInternal: lock=187134257 [*sync*/com.tencent.android.qqdownloader.YYBLiveAccountProvider/com.tencent.android.qqdownloader.YYBLiveAccountProvider.account/应用宝], flags=0x0
06-14 17:39:45.139 1556 1914 D PowerManagerNotifier: onWakeLockReleased: flags=1, tag="*sync*/com.tencent.android.qqdownloader.YYBLiveAccountProvider/com.tencent.android.qqdownloader.YYBLiveAccountProvider.account/应用宝", packageName=android, ownerUid=1000, ownerPid=1556, workSource=WorkSource{10092}
06-14 17:39:45.139 1556 1914 D PowerManagerService: updateWakeLockSummaryLocked: mWakefulness=Awake, mWakeLockSummary=0x23
06-14 17:39:45.139 1556 1914 D PowerManagerService: updateUserActivitySummaryLocked: groupId=0, mWakefulness=Awake, mUserActivitySummary=0x1, nextTimeout=1785765 (in 59359 ms)
06-14 17:39:45.139 1556 1914 D PowerManagerNotifier: onScreenPolicyUpdate: newPolicy=3
06-14 17:39:45.139 1556 1914 D PowerManagerService: updateDisplayPowerStateLocked: displayReady=true, groupId=0, policy=BRIGHT, mWakefulness=Awake, mWakeLockSummary=0x23, mUserActivitySummary=0x1, mBootCompleted=true, screenBrightnessOverride=NaN, useAutoBrightness=true, mScreenBrightnessBoostInProgress=false, mIsVrModeEnabled= false, sQuiescent=false
06-14 17:39:45.144 1556 1914 I sync : [com.tencent.android.qqdownloader.YYBLiveAccountProvider,1,3,24220937]
06-14 17:39:45.149 1556 1914 I commit_sys_config_file: [sync-status,1709312]
06-14 17:39:45.149 1556 1914 D PowerManagerService: releaseWakeLockInternal: lock=42217132 [SyncLoopWakeLock], flags=0x0
06-14 17:39:45.149 1556 1914 D PowerManagerNotifier: onWakeLockReleased: flags=1, tag="SyncLoopWakeLock", packageName=android, ownerUid=1000, ownerPid=1556, workSource=null
06-14 17:39:45.150 1556 1914 D PowerManagerService: updateWakeLockSummaryLocked: mWakefulness=Awake, mWakeLockSummary=0x23
06-14 17:39:45.150 1556 1914 D PowerManagerService: updateUserActivitySummaryLocked: groupId=0, mWakefulness=Awake, mUserActivitySummary=0x1, nextTimeout=1785765 (in 59348 ms)
06-14 17:39:45.150 1556 1914 D PowerManagerNotifier: onScreenPolicyUpdate: newPolicy=3
06-14 17:39:45.150 1556 1914 D PowerManagerService: updateDisplayPowerStateLocked: displayReady=true, groupId=0, policy=BRIGHT, mWakefulness=Awake, mWakeLockSummary=0x23, mUserActivitySummary=0x1, mBootCompleted=true, screenBrightnessOverride=NaN, useAutoBrightness=true, mScreenBrightnessBoostInProgress=false, mIsVrModeEnabled= false, sQuiescent=false
06-14 17:39:45.150 1556 1914 D PowerManagerService: acquireWakeLockInternal: lock=42217132, flags=0x1, tag="SyncLoopWakeLock", ws=null, uid=1000, pid=1556
06-14 17:39:45.150 1556 1914 D PowerManagerService: updateWakeLockSummaryLocked: mWakefulness=Awake, mWakeLockSummary=0x23
06-14 17:39:45.150 1556 1914 D PowerManagerService: updateUserActivitySummaryLocked: groupId=0, mWakefulness=Awake, mUserActivitySummary=0x1, nextTimeout=1785765 (in 59348 ms)
06-14 17:39:45.150 1556 1914 D PowerManagerNotifier: onScreenPolicyUpdate: newPolicy=3
06-14 17:39:45.150 1556 1914 D PowerManagerService: updateDisplayPowerStateLocked: displayReady=true, groupId=0, policy=BRIGHT, mWakefulness=Awake, mWakeLockSummary=0x23, mUserActivitySummary=0x1, mBootCompleted=true, screenBrightnessOverride=NaN, useAutoBrightness=true, mScreenBrightnessBoostInProgress=false, mIsVrModeEnabled= false, sQuiescent=false
06-14 17:39:45.150 1556 1914 D PowerManagerNotifier: onWakeLockAcquired: flags=1, tag="SyncLoopWakeLock", packageName=android, ownerUid=1000, ownerPid=1556, workSource=null
06-14 17:39:45.152 1556 1914 D PowerManagerService: releaseWakeLockInternal: lock=42217132 [SyncLoopWakeLock], flags=0x0
06-14 17:39:45.152 1556 1914 D PowerManagerNotifier: onWakeLockReleased: flags=1, tag="SyncLoopWakeLock", packageName=android, ownerUid=1000, ownerPid=1556, workSource=null
06-14 17:39:45.152 1556 1914 D PowerManagerService: updateWakeLockSummaryLocked: mWakefulness=Awake, mWakeLockSummary=0x23
06-14 17:39:45.152 1556 1914 D PowerManagerService: updateUserActivitySummaryLocked: groupId=0, mWakefulness=Awake, mUserActivitySummary=0x1, nextTimeout=1785765 (in 59346 ms)
06-14 17:39:45.152 1556 1914 D PowerManagerNotifier: onScreenPolicyUpdate: newPolicy=3
06-14 17:39:45.152 1556 1914 D PowerManagerService: updateDisplayPowerStateLocked: displayReady=true, groupId=0, policy=BRIGHT, mWakefulness=Awake, mWakeLockSummary=0x23, mUserActivitySummary=0x1, mBootCompleted=true, screenBrightnessOverride=NaN, useAutoBrightness=true, mScreenBrightnessBoostInProgress=false, mIsVrModeEnabled= false, sQuiescent=false
06-14 17:39:45.253 1556 6192 E PackageDexUsage: Unsupported context?
06-14 17:39:45.258 1556 1847 D PowerManagerService: acquireWakeLockInternal: lock=56966882, flags=0x1, tag="NetworkStats", ws=null, uid=1000, pid=1556
06-14 17:39:45.258 1556 1847 D PowerManagerService: updateWakeLockSummaryLocked: mWakefulness=Awake, mWakeLockSummary=0x23
06-14 17:39:45.258 1556 1847 D PowerManagerService: updateUserActivitySummaryLocked: groupId=0, mWakefulness=Awake, mUserActivitySummary=0x1, nextTimeout=1785765 (in 59239 ms)
06-14 17:39:45.259 1556 1847 D PowerManagerNotifier: onScreenPolicyUpdate: newPolicy=3
06-14 17:39:45.259 1556 1847 D PowerManagerService: updateDisplayPowerStateLocked: displayReady=true, groupId=0, policy=BRIGHT, mWakefulness=Awake, mWakeLockSummary=0x23, mUserActivitySummary=0x1, mBootCompleted=true, screenBrightnessOverride=NaN, useAutoBrightness=true, mScreenBrightnessBoostInProgress=false, mIsVrModeEnabled= false, sQuiescent=false
06-14 17:39:45.259 1556 1847 D PowerManagerNotifier: onWakeLockAcquired: flags=1, tag="NetworkStats", packageName=android, ownerUid=1000, ownerPid=1556, workSource=null
06-14 17:39:45.275 1556 1847 I netstats_mobile_sample: [0,0,0,0,0,0,0,0,0,0,0,0,1686735585275]
06-14 17:39:45.275 1556 1847 I netstats_wifi_sample: [70054305,77459,12869993,53547,70054305,77459,12869993,53547,72971733,82857,12297964,51813,1686735585275]
06-14 17:39:45.275 1556 1847 D PowerManagerService: releaseWakeLockInternal: lock=56966882 [NetworkStats], flags=0x0
06-14 17:39:45.275 1556 1847 D PowerManagerNotifier: onWakeLockReleased: flags=1, tag="NetworkStats", packageName=android, ownerUid=1000, ownerPid=1556, workSource=null
06-14 17:39:45.276 1556 1847 D PowerManagerService: updateWakeLockSummaryLocked: mWakefulness=Awake, mWakeLockSummary=0x23
06-14 17:39:45.276 1556 1847 D PowerManagerService: updateUserActivitySummaryLocked: groupId=0, mWakefulness=Awake, mUserActivitySummary=0x1, nextTimeout=1785765 (in 59222 ms)
06-14 17:39:45.276 1556 1847 D PowerManagerNotifier: onScreenPolicyUpdate: newPolicy=3
06-14 17:39:45.276 1556 1847 D PowerManagerService: updateDisplayPowerStateLocked: displayReady=true, groupId=0, policy=BRIGHT, mWakefulness=Awake, mWakeLockSummary=0x23, mUserActivitySummary=0x1, mBootCompleted=true, screenBrightnessOverride=NaN, useAutoBrightness=true, mScreenBrightnessBoostInProgress=false, mIsVrModeEnabled= false, sQuiescent=false
06-14 17:39:45.286 1556 6192 D PowerManagerService: releaseWakeLockInternal: lock=233384707 [j], flags=0x0
06-14 17:39:45.286 1556 6192 D PowerManagerNotifier: onWakeLockReleased: flags=1, tag="j", packageName=com.tencent.android.qqdownloader, ownerUid=10092, ownerPid=19346, workSource=null
06-14 17:39:45.286 1556 6192 D PowerManagerService: updateWakeLockSummaryLocked: mWakefulness=Awake, mWakeLockSummary=0x23
06-14 17:39:45.286 1556 6192 D PowerManagerService: updateUserActivitySummaryLocked: groupId=0, mWakefulness=Awake, mUserActivitySummary=0x1, nextTimeout=1785765 (in 59212 ms)
06-14 17:39:45.286 1556 6192 D PowerManagerNotifier: onScreenPolicyUpdate: newPolicy=3
06-14 17:39:45.286 1556 6192 D PowerManagerService: updateDisplayPowerStateLocked: displayReady=true, groupId=0, policy=BRIGHT, mWakefulness=Awake, mWakeLockSummary=0x23, mUserActivitySummary=0x1, mBootCompleted=true, screenBrightnessOverride=NaN, useAutoBrightness=true, mScreenBrightnessBoostInProgress=false, mIsVrModeEnabled= false, sQuiescent=false
06-14 17:39:45.331 1556 1828 I input_interaction: Interaction with: 9d7b450 com.qiyi.video/com.qiyi.video.WelcomeActivity (server), edge-swipe (server), swipe-up (server), PointerEventDispatcher0 (server),
06-14 17:39:45.331 1556 1828 D PowerManagerService: userActivityNoUpdateLocked: groupId=0, eventTime=1726598, event=2, flags=0x0, uid=1000
06-14 17:39:45.331 1556 1828 D PowerManagerNotifier: onUserActivity: event=2, uid=1000
06-14 17:39:45.332 1556 1828 D PowerManagerService: updateUserActivitySummaryLocked: groupId=0, mWakefulness=Awake, mUserActivitySummary=0x1, nextTimeout=1786598 (in 59999 ms)
06-14 17:39:45.332 1556 1828 D PowerManagerNotifier: onScreenPolicyUpdate: newPolicy=3
06-14 17:39:45.332 1556 1828 D PowerManagerService: updateDisplayPowerStateLocked: displayReady=true, groupId=0, policy=BRIGHT, mWakefulness=Awake, mWakeLockSummary=0x23, mUserActivitySummary=0x1, mBootCompleted=true, screenBrightnessOverride=NaN, useAutoBrightness=true, mScreenBrightnessBoostInProgress=false, mIsVrModeEnabled= false, sQuiescent=false
06-14 17:39:45.345 1556 6192 D ActivityTaskManager: Skipping, freeform mode : Task{3765a5b #1054 type=standard A=10108:com.tencent.mm U=0 visible=false mode=freeform translucent=true sz=1 visible freeform task=false rootAffinity=10108:com.tencent.mm isMini=false}
06-14 17:39:45.345 1556 6192 D ActivityTaskManager: Skipping, freeform mode : Task{5467172 #1069 type=standard A=10117:android.task.kugou U=0 visible=false mode=freeform translucent=true sz=3 visible freeform task=true rootAffinity=10117:android.task.kugou isMini=false}
06-14 17:39:45.346 1556 6192 I wm_task_moved: [937,0,0]
06-14 17:39:45.346 1556 6192 I wm_task_moved: [937,0,7]
06-14 17:39:45.357 25980 25980 I view_enqueue_input_event: [Motion - Cancel,com.qiyi.video/com.qiyi.video.WelcomeActivity]
06-14 17:39:45.358 18952 18952 I wm_on_restart_called: [106812043,com.android.launcher3.uioverrides.QuickstepLauncher,performRestartActivity]
06-14 17:39:45.362 1556 1828 I input_interaction: Interaction with: edge-swipe (server), swipe-up (server), PointerEventDispatcher0 (server),
06-14 17:39:45.393 28258 28258 I auditd : type=1400 audit(0.0:4303): avc: granted { execute } for comm=".ServiceProcess" path="/data/user/0/com.tencent.android.qqdownloader/app_wxa_sdk_plugin/587202817/wxa_libs/libmmkv.so" dev="dm-10" ino=42807 scontext=u:r:untrusted_app_27:s0:c512,c768 tcontext=u:object_r:app_data_file:s0:c512,c768 tclass=file app=com.tencent.android.qqdownloader
06-14 17:39:45.413 0 0 W [ 1726.681121] audit: audit_lost=3456 audit_rate_limit=5 audit_backlog_limit=64
06-14 17:39:45.413 0 0 E [ 1726.681123] audit: rate limit exceeded
06-14 17:39:45.441 18952 18952 I wm_on_start_called: [106812043,com.android.launcher3.uioverrides.QuickstepLauncher,handleStartActivity]
06-14 17:39:45.452 1556 6193 W ActivityTaskManager: getTaskSnapshot: taskId=-972 not found
06-14 17:39:45.457 1556 1690 I input_focus: [Focus request recents_animation_input_consumer,reason=UpdateInputWindows]
06-14 17:39:45.458 1556 2323 W ActivityTaskManager: getTaskSnapshot: taskId=-972 not found
06-14 17:39:45.458 1556 2323 W ActivityTaskManager: getTaskSnapshot: taskId=-972 not found
06-14 17:39:45.464 1556 1828 I input_focus: [Focus leaving 9d7b450 com.qiyi.video/com.qiyi.video.WelcomeActivity (server),reason=NOT_FOCUSABLE]
06-14 17:39:45.464 1556 1828 I input_focus: [Focus entering recents_animation_input_consumer (server),reason=setFocusedWindow]
06-14 17:39:45.471 18952 18952 I sysui_latency: [1,141]
06-14 17:39:45.491 1556 2323 D PowerManagerService: releaseWakeLockInternal: lock=266742740 [AudioMix], flags=0x0
06-14 17:39:45.491 1556 2323 D PowerManagerNotifier: onWakeLockReleased: flags=1, tag="AudioMix", packageName=audioserver, ownerUid=1041, ownerPid=0, workSource=null
06-14 17:39:45.491 1556 2323 D PowerManagerService: updateWakeLockSummaryLocked: mWakefulness=Awake, mWakeLockSummary=0x23
06-14 17:39:45.491 1556 2323 D PowerManagerService: updateUserActivitySummaryLocked: groupId=0, mWakefulness=Awake, mUserActivitySummary=0x1, nextTimeout=1786598 (in 59840 ms)
06-14 17:39:45.491 1556 2323 D PowerManagerNotifier: onScreenPolicyUpdate: newPolicy=3
06-14 17:39:45.491 1556 2323 D PowerManagerService: updateDisplayPowerStateLocked: displayReady=true, groupId=0, policy=BRIGHT, mWakefulness=Awake, mWakeLockSummary=0x23, mUserActivitySummary=0x1, mBootCompleted=true, screenBrightnessOverride=NaN, useAutoBrightness=true, mScreenBrightnessBoostInProgress=false, mIsVrModeEnabled= false, sQuiescent=false
06-14 17:39:45.494 1556 1686 I sysui_multi_action: [319,4,322,135,325,1726,757,761,758,9,759,5,806,com.android.launcher3,871,com.android.launcher3.uioverrides.QuickstepLauncher,904,com.android.launcher3,905,0,1320,8,1321,5]
06-14 17:39:45.497 1556 2323 D PowerManagerService: releaseWakeLockInternal: lock=5468541 [AudioMix], flags=0x0
06-14 17:39:45.497 1556 2323 D PowerManagerNotifier: onWakeLockReleased: flags=1, tag="AudioMix", packageName=audioserver, ownerUid=1041, ownerPid=0, workSource=null
06-14 17:39:45.498 1556 2323 D PowerManagerService: updateWakeLockSummaryLocked: mWakefulness=Awake, mWakeLockSummary=0x23
06-14 17:39:45.498 1556 2323 D PowerManagerService: updateUserActivitySummaryLocked: groupId=0, mWakefulness=Awake, mUserActivitySummary=0x1, nextTimeout=1786598 (in 59833 ms)
06-14 17:39:45.498 1556 2323 D PowerManagerNotifier: onScreenPolicyUpdate: newPolicy=3
06-14 17:39:45.498 1556 2323 D PowerManagerService: updateDisplayPowerStateLocked: displayReady=true, groupId=0, policy=BRIGHT, mWakefulness=Awake, mWakeLockSummary=0x23, mUserActivitySummary=0x1, mBootCompleted=true, screenBrightnessOverride=NaN, useAutoBrightness=true, mScreenBrightnessBoostInProgress=false, mIsVrModeEnabled= false, sQuiescent=false
06-14 17:39:45.498 1556 6532 D PowerManagerService: releaseWakeLockInternal: lock=63543410 [AudioMix], flags=0x0
06-14 17:39:45.498 1556 6532 D PowerManagerNotifier: onWakeLockReleased: flags=1, tag="AudioMix", packageName=audioserver, ownerUid=1041, ownerPid=0, workSource=null
06-14 17:39:45.498 1556 6532 D PowerManagerService: updateWakeLockSummaryLocked: mWakefulness=Awake, mWakeLockSummary=0x23
06-14 17:39:45.498 1556 6532 D PowerManagerService: updateUserActivitySummaryLocked: groupId=0, mWakefulness=Awake, mUserActivitySummary=0x1, nextTimeout=1786598 (in 59833 ms)
06-14 17:39:45.498 1556 6532 D PowerManagerNotifier: onScreenPolicyUpdate: newPolicy=3
06-14 17:39:45.498 1556 6532 D PowerManagerService: updateDisplayPowerStateLocked: displayReady=true, groupId=0, policy=BRIGHT, mWakefulness=Awake, mWakeLockSummary=0x23, mUserActivitySummary=0x1, mBootCompleted=true, screenBrightnessOverride=NaN, useAutoBrightness=true, mScreenBrightnessBoostInProgress=false, mIsVrModeEnabled= false, sQuiescent=false
06-14 17:39:45.652 1556 1817 I commit_sys_config_file: [settings-1-0,11]
06-14 17:39:45.783 1556 1695 I sysui_latency: [8,146]
06-14 17:39:45.816 0 0 I [ 1727.081554] msm_vidc: high: 00000003: ....d: Opening video instance: 0000000000000000, 1
06-14 17:39:45.816 0 0 I [ 1727.081589] msm_vidc: err : 00000003: ....d: Failed to create debugfs for msm_vidc
06-14 17:39:45.927 1556 18791 D PowerManagerService: acquireWakeLockInternal: lock=194121330, flags=0x1, tag="AudioMix", ws=null, uid=1041, pid=0
06-14 17:39:45.927 1556 18791 D PowerManagerService: updateWakeLockSummaryLocked: mWakefulness=Awake, mWakeLockSummary=0x23
06-14 17:39:45.927 1556 18791 D PowerManagerService: updateUserActivitySummaryLocked: groupId=0, mWakefulness=Awake, mUserActivitySummary=0x1, nextTimeout=1786598 (in 59403 ms)
06-14 17:39:45.927 1556 18791 D PowerManagerNotifier: onScreenPolicyUpdate: newPolicy=3
06-14 17:39:45.927 1556 18791 D PowerManagerService: updateDisplayPowerStateLocked: displayReady=true, groupId=0, policy=BRIGHT, mWakefulness=Awake, mWakeLockSummary=0x23, mUserActivitySummary=0x1, mBootCompleted=true, screenBrightnessOverride=NaN, useAutoBrightness=true, mScreenBrightnessBoostInProgress=false, mIsVrModeEnabled= false, sQuiescent=false
06-14 17:39:45.927 1556 18791 D PowerManagerNotifier: onWakeLockAcquired: flags=1, tag="AudioMix", packageName=audioserver, ownerUid=1041, ownerPid=0, workSource=null
06-14 17:39:45.928 1556 18791 D PowerManagerService: updateWakeLockWorkSourceInternal: lock=194121330 [AudioMix], ws=null
06-14 17:39:45.928 1556 18791 D PowerManagerService: acquireWakeLockInternal: lock=197333699, flags=0x1, tag="AudioMix", ws=null, uid=1041, pid=0
06-14 17:39:45.928 1556 18791 D PowerManagerService: updateWakeLockSummaryLocked: mWakefulness=Awake, mWakeLockSummary=0x23
06-14 17:39:45.928 1556 18791 D PowerManagerService: updateUserActivitySummaryLocked: groupId=0, mWakefulness=Awake, mUserActivitySummary=0x1, nextTimeout=1786598 (in 59403 ms)
06-14 17:39:45.928 1556 18791 D PowerManagerNotifier: onScreenPolicyUpdate: newPolicy=3
06-14 17:39:45.928 1556 18791 D PowerManagerService: updateDisplayPowerStateLocked: displayReady=true, groupId=0, policy=BRIGHT, mWakefulness=Awake, mWakeLockSummary=0x23, mUserActivitySummary=0x1, mBootCompleted=true, screenBrightnessOverride=NaN, useAutoBrightness=true, mScreenBrightnessBoostInProgress=false, mIsVrModeEnabled= false, sQuiescent=false
06-14 17:39:45.928 1556 18791 D PowerManagerNotifier: onWakeLockAcquired: flags=1, tag="AudioMix", packageName=audioserver, ownerUid=1041, ownerPid=0, workSource=null
06-14 17:39:45.928 1556 6270 D PowerManagerService: updateWakeLockWorkSourceInternal: lock=197333699 [AudioMix], ws=null
06-14 17:39:45.928 1556 6270 D PowerManagerService: acquireWakeLockInternal: lock=127440704, flags=0x1, tag="AudioMix", ws=null, uid=1041, pid=0
06-14 17:39:45.928 1556 6270 D PowerManagerService: updateWakeLockSummaryLocked: mWakefulness=Awake, mWakeLockSummary=0x23
06-14 17:39:45.928 1556 6270 D PowerManagerService: updateUserActivitySummaryLocked: groupId=0, mWakefulness=Awake, mUserActivitySummary=0x1, nextTimeout=1786598 (in 59402 ms)
06-14 17:39:45.928 1556 6270 D PowerManagerNotifier: onScreenPolicyUpdate: newPolicy=3
06-14 17:39:45.928 1556 6270 D PowerManagerService: updateDisplayPowerStateLocked: displayReady=true, groupId=0, policy=BRIGHT, mWakefulness=Awake, mWakeLockSummary=0x23, mUserActivitySummary=0x1, mBootCompleted=true, screenBrightnessOverride=NaN, useAutoBrightness=true, mScreenBrightnessBoostInProgress=false, mIsVrModeEnabled= false, sQuiescent=false
06-14 17:39:45.928 1556 6270 D PowerManagerNotifier: onWakeLockAcquired: flags=1, tag="AudioMix", packageName=audioserver, ownerUid=1041, ownerPid=0, workSource=null
06-14 17:39:45.932 1556 6413 D PowerManagerService: updateWakeLockWorkSourceInternal: lock=127440704 [AudioMix], ws=null
06-14 17:39:46.132 1556 6270 I wm_task_moved: [937,1,8]
06-14 17:39:46.132 1556 6270 I wm_task_moved: [938,1,2147483647]
06-14 17:39:46.132 1556 6270 I wm_task_to_front: [0,938]
06-14 17:39:46.132 1556 6270 I wm_focused_root_task: [0,0,937,1070,RecentsAnimation.onAnimationFinished()]
06-14 17:39:46.132 1556 6270 I wm_set_resumed_activity: [0,com.android.launcher3/.uioverrides.QuickstepLauncher,RecentsAnimation.onAnimationFinished()]
06-14 17:39:46.133 25980 25980 I wm_on_top_resumed_lost_called: [141034805,com.qiyi.video.WelcomeActivity,topStateChangedWhenResumed]
06-14 17:39:46.133 1556 6270 I wm_pause_activity: [0,141034805,com.qiyi.video/.WelcomeActivity,userLeaving=true,pauseBackTasks]
06-14 17:39:46.133 1556 6270 D PowerManagerService: acquireWakeLockInternal: lock=110154549, flags=0x1, tag="*launch*", ws=WorkSource{10069}, uid=1000, pid=1556
06-14 17:39:46.133 1556 6270 D PowerManagerService: updateWakeLockSummaryLocked: mWakefulness=Awake, mWakeLockSummary=0x23
06-14 17:39:46.133 1556 6270 D PowerManagerService: updateUserActivitySummaryLocked: groupId=0, mWakefulness=Awake, mUserActivitySummary=0x1, nextTimeout=1786598 (in 59198 ms)
06-14 17:39:46.133 1556 6270 D PowerManagerNotifier: onScreenPolicyUpdate: newPolicy=3
06-14 17:39:46.133 1556 6270 D PowerManagerService: updateDisplayPowerStateLocked: displayReady=true, groupId=0, policy=BRIGHT, mWakefulness=Awake, mWakeLockSummary=0x23, mUserActivitySummary=0x1, mBootCompleted=true, screenBrightnessOverride=NaN, useAutoBrightness=true, mScreenBrightnessBoostInProgress=false, mIsVrModeEnabled= false, sQuiescent=false
06-14 17:39:46.133 1556 6270 D PowerManagerNotifier: onWakeLockAcquired: flags=1, tag="*launch*", packageName=android, ownerUid=1000, ownerPid=1556, workSource=WorkSource{10069}
06-14 17:39:46.134 1556 6270 I wm_add_to_stopping: [0,141034805,com.qiyi.video/.WelcomeActivity,makeInvisible]
06-14 17:39:46.134 1556 6270 I ActivityTaskManager: FOREGROUND_APPLICATION_CHANGED to com.android.launcher3.uioverrides.QuickstepLauncher
06-14 17:39:46.134 1556 6270 I wm_set_resumed_activity: [0,com.android.launcher3/.uioverrides.QuickstepLauncher,resumeTopActivityInnerLocked]
06-14 17:39:46.137 1556 6270 I wm_resume_activity: [0,106812043,938,com.android.launcher3/.uioverrides.QuickstepLauncher]
06-14 17:39:46.137 18952 18952 I wm_on_resume_called: [106812043,com.android.launcher3.uioverrides.QuickstepLauncher,RESUME_ACTIVITY]
06-14 17:39:46.145 1556 6270 D PowerManagerService: releaseWakeLockInternal: lock=81869802 [WindowManager], flags=0x0
06-14 17:39:46.145 1556 6270 D PowerManagerNotifier: onWakeLockReleased: flags=536870922, tag="WindowManager", packageName=android, ownerUid=1000, ownerPid=1556, workSource=WorkSource{10094}
06-14 17:39:46.145 1556 6270 D PowerManagerService: userActivityNoUpdateLocked: groupId=0, eventTime=1727413, event=0, flags=0x1, uid=1000
06-14 17:39:46.145 1556 6270 D PowerManagerNotifier: onUserActivity: event=0, uid=1000
06-14 17:39:46.146 1556 6270 D PowerManagerService: updateWakeLockSummaryLocked: mWakefulness=Awake, mWakeLockSummary=0x1
06-14 17:39:46.146 1556 6270 D PowerManagerService: updateUserActivitySummaryLocked: groupId=0, mWakefulness=Awake, mUserActivitySummary=0x1, nextTimeout=1786598 (in 59185 ms)
06-14 17:39:46.146 1556 6270 D PowerManagerNotifier: onScreenPolicyUpdate: newPolicy=3
06-14 17:39:46.146 1556 6270 D PowerManagerService: updateDisplayPowerStateLocked: displayReady=true, groupId=0, policy=BRIGHT, mWakefulness=Awake, mWakeLockSummary=0x1, mUserActivitySummary=0x1, mBootCompleted=true, screenBrightnessOverride=NaN, useAutoBrightness=true, mScreenBrightnessBoostInProgress=false, mIsVrModeEnabled= false, sQuiescent=false
06-14 17:39:46.147 1556 1690 I input_focus: [Focus request fc034d7 com.android.launcher3/com.android.launcher3.uioverrides.QuickstepLauncher,reason=UpdateInputWindows]
06-14 17:39:46.147 1556 18791 I ActivityTaskManager: START u0 {flg=0x10010000 cmp=com.android.launcher3/com.android.quickstep.RecentsActivity} from uid 10069
06-14 17:39:46.148 1556 18791 D ActivityTaskManager: TaskLaunchParamsModifier:task=null activity=ActivityRecord{392039c u0 com.android.launcher3/com.android.quickstep.RecentsActivity taskAffinity=null display-id=0 display-windowing-mode=1 suggested-display-area=DefaultTaskDisplayArea@142405141
06-14 17:39:46.149 1556 18791 D ActivityTaskManager: TaskLaunchParamsModifier:task=null activity=ActivityRecord{392039c u0 com.android.launcher3/com.android.quickstep.RecentsActivity taskAffinity=null t-1} display-id=0 display-windowing-mode=1 suggested-display-area=DefaultTaskDisplayArea@142405141 non-freeform-display display-area=DefaultTaskDisplayArea@142405141
06-14 17:39:46.149 1556 18791 I wm_task_created: [1071,-1]
06-14 17:39:46.149 1556 18791 W ActivityTaskManager: Can't find TaskDisplayArea to determine support for multi window. Task id=1071 attached=false
06-14 17:39:46.153 1556 18791 I wm_task_created: [1072,-1]
06-14 17:39:46.154 1556 18791 I wm_task_moved: [1072,0,-2147483648]
06-14 17:39:46.154 1556 18791 D ActivityTaskManager: TaskLaunchParamsModifier:task=Task{1a3697a #1072 type=recents I=com.android.launcher3/com.android.quickstep.RecentsActivity U=0 rootTaskId=1071 visible=false mode=fullscreen translucent=true sz=0 visible freeform task=true rootAffinity=null isMini=false} activity=ActivityRecord{392039c u0 com.android.launcher3/com.android.quickstep.RecentsActivity taskAffinity=null t-1} display-from-task=0 display-id=0 display-windowing-mode=1 suggested-display-area=DefaultTaskDisplayArea@142405141 non-freeform-display display-area=DefaultTaskDisplayArea@142405141
06-14 17:39:46.156 1556 18791 I wm_create_task: [0,1072]
06-14 17:39:46.156 1556 18791 I wm_create_activity: [0,59900828,1072,com.android.launcher3/com.android.quickstep.RecentsActivity,NULL,NULL,NULL,276889600]
06-14 17:39:46.156 1556 18791 I wm_task_moved: [1071,0,0]
06-14 17:39:46.156 1556 18791 I wm_task_moved: [1071,0,8]
06-14 17:39:46.158 1556 18791 I ActivityTaskManager: The Process com.android.launcher3 Already Exists in BG. So sending its PID: 18952
06-14 17:39:46.158 1556 18791 W ActivityTaskManager: Tried to set launchTime (0) < mLastActivityLaunchTime (1706087)
06-14 17:39:46.158 1556 18791 I wm_restart_activity: [0,59900828,1072,com.android.launcher3/com.android.quickstep.RecentsActivity]
06-14 17:39:46.165 1556 1828 I input_focus: [Focus leaving recents_animation_input_consumer (server),reason=NOT_VISIBLE]
06-14 17:39:46.174 1556 1689 I wm_stop_activity: [0,141034805,com.qiyi.video/.WelcomeActivity]
06-14 17:39:46.176 1556 18734 D PowerManagerService: releaseWakeLockInternal: lock=110154549 [*launch*], flags=0x0
06-14 17:39:46.176 1556 18734 D PowerManagerNotifier: onWakeLockReleased: flags=1, tag="*launch*", packageName=android, ownerUid=1000, ownerPid=1556, workSource=WorkSource{10069}
06-14 17:39:46.176 1556 18734 D PowerManagerService: updateWakeLockSummaryLocked: mWakefulness=Awake, mWakeLockSummary=0x1
06-14 17:39:46.176 1556 18734 D PowerManagerService: updateUserActivitySummaryLocked: groupId=0, mWakefulness=Awake, mUserActivitySummary=0x1, nextTimeout=1786598 (in 59155 ms)
06-14 17:39:46.176 1556 18734 D PowerManagerNotifier: onScreenPolicyUpdate: newPolicy=3
06-14 17:39:46.176 1556 18734 D PowerManagerService: updateDisplayPowerStateLocked: displayReady=true, groupId=0, policy=BRIGHT, mWakefulness=Awake, mWakeLockSummary=0x1, mUserActivitySummary=0x1, mBootCompleted=true, screenBrightnessOverride=NaN, useAutoBrightness=true, mScreenBrightnessBoostInProgress=false, mIsVrModeEnabled= false, sQuiescent=false
06-14 17:39:46.177 1556 1689 I sysui_multi_action: [757,803,799,window_time_0,802,7]
06-14 17:39:46.182 1556 1828 I input_focus: [Focus entering fc034d7 com.android.launcher3/com.android.launcher3.uioverrides.QuickstepLauncher (server),reason=setFocusedWindow]
06-14 17:39:46.192 1556 6270 I WindowManager: Queue is too deep! Purged item with taskid=1069
06-14 17:39:46.192 1556 1689 I am_uid_running: 10101
06-14 17:39:46.192 1556 18734 I wm_finish_activity: [0,59900828,1072,com.android.launcher3/com.android.quickstep.RecentsActivity,app-request]
06-14 17:39:46.193 1556 18734 I wm_destroy_activity: [0,59900828,1072,com.android.launcher3/com.android.quickstep.RecentsActivity,finish-imm:finishIfPossible]
06-14 17:39:46.195 25980 25980 I wm_on_paused_called: [141034805,com.qiyi.video.WelcomeActivity,performPause]
06-14 17:39:46.196 18952 18952 I wm_on_create_called: [59900828,com.android.quickstep.RecentsActivity,performCreate]
06-14 17:39:46.196 1556 1689 D CompatibilityChangeReporter: Compat change id reported: 135634846; UID 10101; state: DISABLED
06-14 17:39:46.196 1556 1689 D CompatibilityChangeReporter: Compat change id reported: 177438394; UID 10101; state: DISABLED
06-14 17:39:46.196 1556 1689 D CompatibilityChangeReporter: Compat change id reported: 135772972; UID 10101; state: DISABLED
06-14 17:39:46.196 1556 1689 D CompatibilityChangeReporter: Compat change id reported: 135754954; UID 10101; state: ENABLED
06-14 17:39:46.197 1556 5833 I wm_task_moved: [1071,1,9]
06-14 17:39:46.197 1556 1697 D CompatibilityChangeReporter: Compat change id reported: 143937733; UID 10101; state: ENABLED
06-14 17:39:46.201 18952 18952 I wm_on_top_resumed_gained_called: [106812043,com.android.launcher3.uioverrides.QuickstepLauncher,topStateChangedWhenResumed]
06-14 17:39:46.201 18952 18952 I wm_on_destroy_called: [59900828,com.android.quickstep.RecentsActivity,performDestroy]
06-14 17:39:46.205 1556 5833 I wm_task_removed: [1072,cleanUpResourcesForDestroy]
06-14 17:39:46.205 1556 5833 I wm_task_removed: [1071,removeChild:removeChild last r=Task{1a3697a #1072 type=recents I=com.android.launcher3/com.android.quickstep.RecentsActivity U=0 visible=false mode=fullscreen translucent=true sz=0 visible freeform task=true rootAffinity=null isMini=false} in t=Task{653005d #1071 type=recents ?? U=0 visible=false mode=fullscreen translucent=true sz=0 visible freeform task=true rootAffinity=null isMini=false}]
06-14 17:39:46.205 1556 5833 I wm_task_removed: [1071,removeChild]
06-14 17:39:46.205 1556 5833 I wm_task_removed: [1072,removeChild:removeChild last r=ActivityRecord{392039c u0 com.android.launcher3/com.android.quickstep.RecentsActivity taskAffinity=null t-1 f}} in t=Task{1a3697a #1072 type=recents I=com.android.launcher3/com.android.quickstep.RecentsActivity U=0 visible=false mode=fullscreen translucent=true sz=0 visible freeform task=true rootAffinity=null isMini=false}]
06-14 17:39:46.205 1556 5833 I wm_task_removed: [1072,removeChild]
06-14 17:39:46.205 1556 1689 I am_uid_running: 10107
06-14 17:39:46.206 1556 1689 D CompatibilityChangeReporter: Compat change id reported: 135634846; UID 10107; state: DISABLED
06-14 17:39:46.206 1556 1689 D CompatibilityChangeReporter: Compat change id reported: 177438394; UID 10107; state: DISABLED
06-14 17:39:46.206 1556 1689 D CompatibilityChangeReporter: Compat change id reported: 135772972; UID 10107; state: DISABLED
06-14 17:39:46.206 1556 1689 D CompatibilityChangeReporter: Compat change id reported: 135754954; UID 10107; state: ENABLED
06-14 17:39:46.207 1556 1689 I am_uid_running: 10106
06-14 17:39:46.209 1556 1689 D CompatibilityChangeReporter: Compat change id reported: 135634846; UID 10106; state: DISABLED
06-14 17:39:46.212 1556 1689 D CompatibilityChangeReporter: Compat change id reported: 135634846; UID 1000; state: DISABLED
06-14 17:39:46.212 1556 1689 D CompatibilityChangeReporter: Compat change id reported: 177438394; UID 1000; state: DISABLED
06-14 17:39:46.212 1556 1689 D CompatibilityChangeReporter: Compat change id reported: 135772972; UID 1000; state: DISABLED
06-14 17:39:46.212 1556 1689 D CompatibilityChangeReporter: Compat change id reported: 135754954; UID 1000; state: ENABLED
06-14 17:39:46.217 1556 1689 I am_uid_running: 10033
06-14 17:39:46.217 1556 1689 D CompatibilityChangeReporter: Compat change id reported: 135634846; UID 10033; state: DISABLED
06-14 17:39:46.217 1556 1689 D CompatibilityChangeReporter: Compat change id reported: 177438394; UID 10033; state: DISABLED
06-14 17:39:46.217 1556 1689 D CompatibilityChangeReporter: Compat change id reported: 135772972; UID 10033; state: DISABLED
06-14 17:39:46.217 1556 1689 D CompatibilityChangeReporter: Compat change id reported: 135754954; UID 10033; state: ENABLED
06-14 17:39:46.218 1556 1689 I am_uid_running: 10095
06-14 17:39:46.218 1556 1689 D CompatibilityChangeReporter: Compat change id reported: 135634846; UID 10095; state: DISABLED
06-14 17:39:46.218 1556 1689 I am_uid_running: 10114
06-14 17:39:46.218 1556 1689 D CompatibilityChangeReporter: Compat change id reported: 135634846; UID 10114; state: DISABLED
06-14 17:39:46.218 1556 1689 D CompatibilityChangeReporter: Compat change id reported: 177438394; UID 10114; state: DISABLED
06-14 17:39:46.218 1556 1689 D CompatibilityChangeReporter: Compat change id reported: 135772972; UID 10114; state: DISABLED
06-14 17:39:46.218 1556 1689 D CompatibilityChangeReporter: Compat change id reported: 135754954; UID 10114; state: DISABLED
06-14 17:39:46.218 1556 1689 I am_uid_running: 10104
06-14 17:39:46.219 1556 1689 D CompatibilityChangeReporter: Compat change id reported: 135634846; UID 10104; state: DISABLED
06-14 17:39:46.219 1556 1689 D CompatibilityChangeReporter: Compat change id reported: 177438394; UID 10104; state: DISABLED
06-14 17:39:46.219 1556 1689 D CompatibilityChangeReporter: Compat change id reported: 135772972; UID 10104; state: DISABLED
06-14 17:39:46.219 1556 1689 D CompatibilityChangeReporter: Compat change id reported: 135754954; UID 10104; state: ENABLED
06-14 17:39:46.219 1556 1697 I am_proc_start: [0,28659,10101,com.hunantv.imgo.activity,NULL,]
06-14 17:39:46.219 1556 1697 I ActivityManager: Start proc 28659:com.hunantv.imgo.activity/u0a101 for null
06-14 17:39:46.220 1556 1697 D CompatibilityChangeReporter: Compat change id reported: 143937733; UID 10107; state: ENABLED
06-14 17:39:46.222 1556 1689 I sysui_multi_action: [757,803,799,window_time_0,802,0]
06-14 17:39:46.224 1556 1689 I sysui_multi_action: [757,1144,758,8,806,com.android.launcher3,871,com.android.quickstep.RecentsActivity]
06-14 17:39:46.229 1556 1697 I am_proc_start: [0,28667,10107,com.youku.phone,NULL,]
06-14 17:39:46.229 1556 1697 I ActivityManager: Start proc 28667:com.youku.phone/u0a107 for null
06-14 17:39:46.229 1556 1697 D CompatibilityChangeReporter: Compat change id reported: 143937733; UID 10106; state: DISABLED
06-14 17:39:46.232 25980 25980 I wm_on_stop_called: [141034805,com.qiyi.video.WelcomeActivity,STOP_ACTIVITY_ITEM]
06-14 17:39:46.233 1556 1697 I am_proc_start: [0,28668,10106,com.dragon.read,NULL,]
06-14 17:39:46.233 1556 1697 I ActivityManager: Start proc 28668:com.dragon.read/u0a106 for null
06-14 17:39:46.237 0 0 I [ 1727.502561] binder: 28659:28659 ioctl 40046210 7ff4300c84 returned -22
06-14 17:39:46.238 1556 6270 I am_proc_bound: [0,28659,com.hunantv.imgo.activity]
06-14 17:39:46.247 0 0 I [ 1727.514126] binder: 28667:28667 ioctl 40046210 7ff4300c84 returned -22
06-14 17:39:46.253 1556 1697 I am_proc_start: [0,28687,1000,com.android.settings,NULL,]
06-14 17:39:46.253 1556 1697 I ActivityManager: Start proc 28687:com.android.settings/1000 for null
06-14 17:39:46.253 1556 1697 D CompatibilityChangeReporter: Compat change id reported: 143937733; UID 10033; state: ENABLED
06-14 17:39:46.254 1556 6270 I am_proc_bound: [0,28667,com.youku.phone]
06-14 17:39:46.264 1556 1697 I am_proc_start: [0,28689,10033,com.android.documentsui,NULL,]
06-14 17:39:46.264 1556 1697 I ActivityManager: Start proc 28689:com.android.documentsui/u0a33 for null
06-14 17:39:46.264 1556 1697 D CompatibilityChangeReporter: Compat change id reported: 143937733; UID 10095; state: DISABLED
06-14 17:39:46.272 1556 18791 D ActivityTaskManager: Skipping, freeform mode : Task{3765a5b #1054 type=standard A=10108:com.tencent.mm U=0 visible=false mode=freeform translucent=true sz=1 visible freeform task=false rootAffinity=10108:com.tencent.mm isMini=false}
06-14 17:39:46.272 1556 18791 D ActivityTaskManager: Skipping, freeform mode : Task{5467172 #1069 type=standard A=10117:android.task.kugou U=0 visible=false mode=freeform translucent=true sz=3 visible freeform task=true rootAffinity=10117:android.task.kugou isMini=false}
06-14 17:39:46.277 1556 1697 W ActivityManager: Slow operation: 59ms so far, now at startProcess: returned from zygote!
06-14 17:39:46.277 1556 1697 W ActivityManager: Slow operation: 59ms so far, now at startProcess: done updating battery stats
06-14 17:39:46.277 1556 1697 I am_proc_start: [0,28694,10095,com.ss.android.ugc.aweme,NULL,]
06-14 17:39:46.277 1556 1697 W ActivityManager: Slow operation: 60ms so far, now at startProcess: building log message
06-14 17:39:46.277 1556 1697 I ActivityManager: Start proc 28694:com.ss.android.ugc.aweme/u0a95 for null
06-14 17:39:46.277 1556 1697 W ActivityManager: Slow operation: 60ms so far, now at startProcess: starting to update pids map
06-14 17:39:46.278 1556 1697 W ActivityManager: Slow operation: 60ms so far, now at startProcess: done updating pids map
06-14 17:39:46.278 1556 1697 W ActivityManager: Slow operation: 60ms so far, now at startProcess: asking zygote to start proc
06-14 17:39:46.279 1556 1697 D CompatibilityChangeReporter: Compat change id reported: 143937733; UID 10114; state: DISABLED
06-14 17:39:46.288 1556 1697 W ActivityManager: Slow operation: 71ms so far, now at startProcess: returned from zygote!
06-14 17:39:46.289 1556 1697 W ActivityManager: Slow operation: 71ms so far, now at startProcess: done updating battery stats
06-14 17:39:46.289 1556 1697 I am_proc_start: [0,28707,10114,com.kugou.android.auto,NULL,]
06-14 17:39:46.289 1556 1697 W ActivityManager: Slow operation: 71ms so far, now at startProcess: building log message
06-14 17:39:46.289 1556 1697 I ActivityManager: Start proc 28707:com.kugou.android.auto/u0a114 for null
06-14 17:39:46.289 1556 1697 W ActivityManager: Slow operation: 71ms so far, now at startProcess: starting to update pids map
06-14 17:39:46.291 1556 1697 W ActivityManager: Slow operation: 73ms so far, now at startProcess: done updating pids map
06-14 17:39:46.291 1556 1697 W ActivityManager: Slow operation: 72ms so far, now at startProcess: asking zygote to start proc
06-14 17:39:46.291 1556 1697 D CompatibilityChangeReporter: Compat change id reported: 143937733; UID 10104; state: ENABLED
06-14 17:39:46.309 0 0 I [ 1727.574499] binder: 28687:28687 ioctl 40046210 7ff4300c84 returned -22
06-14 17:39:46.310 0 0 I [ 1727.576724] binder: 28694:28694 ioctl 40046210 ffc7d638 returned -22
06-14 17:39:46.310 0 0 I [ 1727.576825] binder: 28707:28707 ioctl 40046210 7ff4300c84 returned -22
06-14 17:39:46.314 1556 18791 I am_proc_bound: [0,28694,com.ss.android.ugc.aweme]
06-14 17:39:46.319 0 0 I [ 1727.583734] binder: 28668:28668 ioctl 40046210 ffc7d638 returned -22
06-14 17:39:46.319 1556 5833 I am_proc_bound: [0,28707,com.kugou.android.auto]
06-14 17:39:46.322 1556 6270 I am_proc_bound: [0,28687,com.android.settings]
06-14 17:39:46.327 0 0 I [ 1727.585036] binder: 28689:28689 ioctl 40046210 7ff4300c84 returned -22
06-14 17:39:46.333 1556 6270 I am_proc_bound: [0,28689,com.android.documentsui]
06-14 17:39:46.336 1556 1697 W ActivityManager: Slow operation: 117ms so far, now at startProcess: returned from zygote!
06-14 17:39:46.337 1556 6270 D CompatibilityChangeReporter: Compat change id reported: 168419799; UID 10033; state: DISABLED
06-14 17:39:46.339 1556 6532 I am_proc_bound: [0,28668,com.dragon.read]
06-14 17:39:46.342 1556 6532 D CompatibilityChangeReporter: Compat change id reported: 168419799; UID 10106; state: DISABLED
06-14 17:39:46.343 1556 1697 W ActivityManager: Slow operation: 124ms so far, now at startProcess: done updating battery stats
06-14 17:39:46.343 1556 1697 I am_proc_start: [0,28760,10104,com.tencent.qqlive,NULL,]
06-14 17:39:46.343 1556 1697 W ActivityManager: Slow operation: 124ms so far, now at startProcess: building log message
06-14 17:39:46.343 1556 1697 I ActivityManager: Start proc 28760:com.tencent.qqlive/u0a104 for null
06-14 17:39:46.343 1556 1697 W ActivityManager: Slow operation: 124ms so far, now at startProcess: starting to update pids map
06-14 17:39:46.344 1556 1697 W ActivityManager: Slow operation: 126ms so far, now at startProcess: done updating pids map
06-14 17:39:46.350 1556 6270 D CompatibilityChangeReporter: Compat change id reported: 157929241; UID 1000; state: LOGGED
06-14 17:39:46.363 1556 6532 I am_proc_bound: [0,28760,com.tencent.qqlive]
06-14 17:39:46.366 0 0 I [ 1727.627719] binder: 28760:28760 ioctl 40046210 7ff4300c84 returned -22
06-14 17:39:46.365 1556 1828 I input_interaction: Interaction with: fc034d7 com.android.launcher3/com.android.launcher3.uioverrides.QuickstepLauncher (server), 1c9764a com.android.systemui.ImageWallpaper (server), edge-swipe (server), swipe-up (server), PointerEventDispatcher0 (server),
06-14 17:39:46.365 1556 6532 D CompatibilityChangeReporter: Compat change id reported: 168419799; UID 10104; state: DISABLED
06-14 17:39:46.366 1556 1828 D PowerManagerService: userActivityNoUpdateLocked: groupId=0, eventTime=1727632, event=2, flags=0x0, uid=1000
06-14 17:39:46.366 1556 1828 D PowerManagerNotifier: onUserActivity: event=2, uid=1000
06-14 17:39:46.366 1556 1828 D PowerManagerService: updateUserActivitySummaryLocked: groupId=0, mWakefulness=Awake, mUserActivitySummary=0x1, nextTimeout=1787632 (in 59999 ms)
06-14 17:39:46.366 1556 1828 D PowerManagerNotifier: onScreenPolicyUpdate: newPolicy=3
06-14 17:39:46.366 1556 1828 D PowerManagerService: updateDisplayPowerStateLocked: displayReady=true, groupId=0, policy=BRIGHT, mWakefulness=Awake, mWakeLockSummary=0x1, mUserActivitySummary=0x1, mBootCompleted=true, screenBrightnessOverride=NaN, useAutoBrightness=true, mScreenBrightnessBoostInProgress=false, mIsVrModeEnabled= false, sQuiescent=false
06-14 17:39:46.519 1556 1828 D PowerManagerService: userActivityNoUpdateLocked: groupId=0, eventTime=1727786, event=2, flags=0x0, uid=1000
06-14 17:39:46.519 1556 1828 D PowerManagerNotifier: onUserActivity: event=2, uid=1000
06-14 17:39:46.520 1556 1828 D PowerManagerService: updateUserActivitySummaryLocked: groupId=0, mWakefulness=Awake, mUserActivitySummary=0x1, nextTimeout=1787786 (in 59999 ms)
06-14 17:39:46.520 1556 1828 D PowerManagerNotifier: onScreenPolicyUpdate: newPolicy=3
06-14 17:39:46.520 1556 1828 D PowerManagerService: updateDisplayPowerStateLocked: displayReady=true, groupId=0, policy=BRIGHT, mWakefulness=Awake, mWakeLockSummary=0x1, mUserActivitySummary=0x1, mBootCompleted=true, screenBrightnessOverride=NaN, useAutoBrightness=true, mScreenBrightnessBoostInProgress=false, mIsVrModeEnabled= false, sQuiescent=false
06-14 17:39:46.525 1556 6413 I thunderperf: PlatormCompat.setOverrides: Uid1=10069 Pid1=18952 Uid2=10069 Pid2=18952
06-14 17:39:46.525 1556 6413 I thunderperf: PlatormCompat.setOverrides: needCheck:false
06-14 17:39:46.525 1556 6413 I thunderperf: CompatConfig.addOverrideUnsafe: bef-state=1
06-14 17:39:46.525 1556 6413 E thunderperf: CompatConfig.addOverrideUnsafe: exception:java.lang.SecurityException: Cannot override a change on a non-debuggable app and user build.
06-14 17:39:46.525 1556 6413 I thunderperf: CompatConfig.addOverrideUnsafe: aft-state=1
06-14 17:39:46.525 1556 6413 I thunderperf: CompatConfig.addOverrideUnsafe: bef-state=1
06-14 17:39:46.525 1556 6413 E thunderperf: CompatConfig.addOverrideUnsafe: exception:java.lang.SecurityException: Cannot override a change on a non-debuggable app and user build.
06-14 17:39:46.525 1556 6413 I thunderperf: CompatConfig.addOverrideUnsafe: aft-state=1
06-14 17:39:46.526 1556 6413 I thunderperf: CompatConfig.addOverrideUnsafe: bef-state=1
06-14 17:39:46.526 1556 6413 E thunderperf: CompatConfig.addOverrideUnsafe: exception:java.lang.SecurityException: Cannot override a change on a non-debuggable app and user build.
06-14 17:39:46.526 1556 6413 I thunderperf: CompatConfig.addOverrideUnsafe: aft-state=1
06-14 17:39:46.526 1556 6413 I thunderperf: CompatConfig.addOverrideUnsafe: bef-state=1
06-14 17:39:46.526 1556 6413 E thunderperf: CompatConfig.addOverrideUnsafe: exception:java.lang.SecurityException: Cannot override a change on a non-debuggable app and user build.
06-14 17:39:46.526 1556 6413 I thunderperf: CompatConfig.addOverrideUnsafe: aft-state=1
06-14 17:39:46.526 1556 6413 I thunderperf: CompatConfig.addOverrideUnsafe: bef-state=1
06-14 17:39:46.526 1556 6413 E thunderperf: CompatConfig.addOverrideUnsafe: exception:java.lang.SecurityException: Cannot override a change on a non-debuggable app and user build.
06-14 17:39:46.526 1556 6413 I thunderperf: CompatConfig.addOverrideUnsafe: aft-state=1
06-14 17:39:46.526 1556 6413 I thunderperf: CompatConfig.addOverrideUnsafe: bef-state=1
06-14 17:39:46.527 1556 6413 E thunderperf: CompatConfig.addOverrideUnsafe: exception:java.lang.SecurityException: Cannot override a change on a non-debuggable app and user build.
06-14 17:39:46.527 1556 6413 I thunderperf: CompatConfig.addOverrideUnsafe: aft-state=1
06-14 17:39:46.527 1556 6413 I thunderperf: CompatConfig.addOverrideUnsafe: bef-state=1
06-14 17:39:46.527 1556 6413 E thunderperf: CompatConfig.addOverrideUnsafe: exception:java.lang.SecurityException: Cannot override a change on a non-debuggable app and user build.
06-14 17:39:46.527 1556 6413 I thunderperf: CompatConfig.addOverrideUnsafe: aft-state=1
06-14 17:39:46.527 1556 6413 I thunderperf: CompatConfig.addOverrideUnsafe: bef-state=1
06-14 17:39:46.527 1556 6413 E thunderperf: CompatConfig.addOverrideUnsafe: exception:java.lang.SecurityException: Cannot override a change on a non-debuggable app and user build.
06-14 17:39:46.527 1556 6413 I thunderperf: CompatConfig.addOverrideUnsafe: aft-state=1
06-14 17:39:46.528 1556 6413 I thunderperf: CompatConfig.addOverrideUnsafe: bef-state=1
06-14 17:39:46.528 1556 6413 E thunderperf: CompatConfig.addOverrideUnsafe: exception:java.lang.SecurityException: Cannot override a change on a non-debuggable app and user build.
06-14 17:39:46.528 1556 6413 I thunderperf: CompatConfig.addOverrideUnsafe: aft-state=1
06-14 17:39:46.528 1556 6413 I thunderperf: CompatConfig.addOverrideUnsafe: bef-state=1
06-14 17:39:46.528 1556 6413 E thunderperf: CompatConfig.addOverrideUnsafe: exception:java.lang.SecurityException: Cannot override a change on a non-debuggable app and user build.
06-14 17:39:46.528 1556 6413 I thunderperf: CompatConfig.addOverrideUnsafe: aft-state=1
06-14 17:39:46.529 1556 6413 I thunderperf: CompatConfig.addOverrideUnsafe: bef-state=1
06-14 17:39:46.529 1556 6413 E thunderperf: CompatConfig.addOverrideUnsafe: exception:java.lang.SecurityException: Cannot override a change on a non-debuggable app and user build.
06-14 17:39:46.529 1556 6413 I thunderperf: CompatConfig.addOverrideUnsafe: aft-state=1
06-14 17:39:46.529 1556 6413 I thunderperf: CompatConfig.addOverrideUnsafe: bef-state=1
06-14 17:39:46.529 1556 6413 E thunderperf: CompatConfig.addOverrideUnsafe: exception:java.lang.SecurityException: Cannot override a change on a non-debuggable app and user build.
06-14 17:39:46.529 1556 6413 I thunderperf: CompatConfig.addOverrideUnsafe: aft-state=1
06-14 17:39:46.529 1556 6413 I thunderperf: CompatConfig.addOverrideUnsafe: bef-state=1
06-14 17:39:46.529 1556 6413 E thunderperf: CompatConfig.addOverrideUnsafe: exception:java.lang.SecurityException: Cannot override a change on a non-debuggable app and user build.
06-14 17:39:46.529 1556 6413 I thunderperf: CompatConfig.addOverrideUnsafe: aft-state=1
06-14 17:39:46.530 1556 6413 I thunderperf: CompatConfig.addOverrideUnsafe: bef-state=1
06-14 17:39:46.530 1556 6413 E thunderperf: CompatConfig.addOverrideUnsafe: exception:java.lang.SecurityException: Cannot override a change on a non-debuggable app and user build.
06-14 17:39:46.530 1556 6413 I thunderperf: CompatConfig.addOverrideUnsafe: aft-state=1
06-14 17:39:46.532 1556 6413 I ActivityTaskManager: START u0 {act=android.intent.action.MAIN cat=[android.intent.category.LAUNCHER] flg=0x10200000 cmp=com.tencent.mm/.ui.LauncherUI} from uid 10069
06-14 17:39:46.533 1556 6413 D ActivityTaskManager: TaskLaunchParamsModifier:task=null activity=ActivityRecord{ec4bd78 u0 com.tencent.mm/.ui.LauncherUI taskAffinity=10108:com.tencent.mm display-area-from-source=DefaultTaskDisplayArea@142405141 display-id=0 display-windowing-mode=1 suggested-display-area=DefaultTaskDisplayArea@142405141
06-14 17:39:46.533 1556 6413 D ActivityTaskManager: TaskLaunchParamsModifier:task=Task{3765a5b #1054 type=standard A=10108:com.tencent.mm U=0 visible=false mode=freeform translucent=true sz=1 visible freeform task=false rootAffinity=10108:com.tencent.mm isMini=false} activity=ActivityRecord{ec4bd78 u0 com.tencent.mm/.ui.LauncherUI taskAffinity=10108:com.tencent.mm t-1} display-area-from-source=DefaultTaskDisplayArea@142405141 display-id=0 display-windowing-mode=1 suggested-display-area=DefaultTaskDisplayArea@142405141 activity-options-bounds=Rect(12, 12 - 652, 986) non-freeform-display display-area=DefaultTaskDisplayArea@142405141
06-14 17:39:46.534 1556 6413 I wm_task_moved: [1054,1,8]
