06-15 12:56:53.787 I/zygote64(17538): type=1400 audit(0.0:19923): avc: denied { connectto } for comm=4144422D4A44575020436F6E6E6563 path=006A6477702D636F6E74726F6C scontext=u:r:priv_app:s0:c512,c768 tcontext=u:r:su:s0 tclass=unix_stream_socket permissive=1
06-15 12:56:53.800 D/CompatibilityInfo( 1357): mCompatibilityFlags - 4
06-15 12:56:53.800 D/CompatibilityInfo( 1357): applicationDensity - 240
06-15 12:56:53.800 D/CompatibilityInfo( 1357): applicationScale - 1.0
06-15 12:56:53.801 D/CompatibilityInfo( 1357): mCompatibilityFlags - 4
06-15 12:56:53.801 D/CompatibilityInfo( 1357): applicationDensity - 240
06-15 12:56:53.801 D/CompatibilityInfo( 1357): applicationScale - 1.0
06-15 12:56:53.803 D/CompatibilityChangeReporter(17538): Compat change id reported: 171979766; UID 10074; state: ENABLED
06-15 12:56:53.803 I/lowmemorykiller( 515): proc_get_script: No tasks are found to kill
06-15 12:56:53.805 D/CompatibilityInfo( 1357): mCompatibilityFlags - 4
06-15 12:56:53.805 D/CompatibilityInfo( 1357): applicationDensity - 240
06-15 12:56:53.805 D/CompatibilityInfo( 1357): applicationScale - 1.0
06-15 12:56:53.813 I/Perf (17538): Connecting to perf service.
06-15 12:56:53.819 I/lowmemorykiller( 515): Kill 'com.android.launcher3' (17538), uid 10074, oom_score_adj 0 to free 71112kB rss, 2544kb swap
06-15 12:56:53.819 I/lowmemorykiller( 515): Reclaimed 71112kB at oom_score_adj 0
06-15 12:56:53.820 I/lowmemorykiller( 515): Suppressed 1 failed kill reports
06-15 12:56:53.838 E/ANDR-PERF-UTIL( 852): Failed to update node /proc/17085/sched_boost with value 0
06-15 12:56:53.839 E/ANDR-PERF-OPTSHANDLER( 852): can't reset task 17085
06-15 12:56:53.839 E/ANDR-PERF-RESOURCEQS( 852): Failed to reset optimization [3, 32]
06-15 12:56:53.854 I/[ 7229.241700] oom_reaper( 0): reaped process 17538 (droid.launcher3), now anon-rss:0kB, file-rss:0kB, shmem-rss:380kB
06-15 12:56:53.853 I/Zygote ( 687): Process 17538 exited due to signal 9 (Killed)
06-15 12:56:53.853 I/ActivityManager( 1357): Process com.android.launcher3 (pid 17538) has died: fg TOP
06-15 12:56:53.854 I/libprocessgroup( 1357): Successfully killed process cgroup uid 10074 pid 17538 in 0ms
06-15 12:56:53.855 W/ActivityManager( 1357): Scheduling restart of crashed service com.android.launcher3/com.android.quickstep.TouchInteractionService in 74010ms for connection
06-15 12:56:53.859 D/CompatibilityInfo( 1357): mCompatibilityFlags - 4
06-15 12:56:53.859 D/CompatibilityInfo( 1357): applicationDensity - 240
06-15 12:56:53.859 D/CompatibilityInfo( 1357): applicationScale - 1.0
06-15 12:56:53.860 D/CompatibilityChangeReporter( 1357): Compat change id reported: 135634846; UID 10074; state: DISABLED
06-15 12:56:53.860 D/CompatibilityChangeReporter( 1357): Compat change id reported: 177438394; UID 10074; state: DISABLED
06-15 12:56:53.860 D/CompatibilityChangeReporter( 1357): Compat change id reported: 135772972; UID 10074; state: DISABLED
06-15 12:56:53.861 D/CompatibilityChangeReporter( 1357): Compat change id reported: 135754954; UID 10074; state: ENABLED
06-15 12:56:53.861 D/CompatibilityChangeReporter( 1357): Compat change id reported: 143937733; UID 10074; state: ENABLED
06-15 12:56:53.867 D/Zygote ( 687): Forked child process 17556
06-15 12:56:53.868 I/ActivityManager( 1357): Start proc 17556:com.android.launcher3/u0a74 for top-activity {com.android.launcher3/com.android.launcher3.uioverrides.QuickstepLauncher}
06-15 12:56:53.871 I/Zygote (17556): seccomp disabled by setenforce 0
06-15 12:56:53.878 I/adbd ( 6513): jdwp connection from 17556
06-15 12:56:53.879 D/ProcessState(17556): Binder ioctl to enable oneway spam detection failed: Invalid argument
06-15 12:56:53.881 I/[ 7229.269047] binder( 0): 17556:17556 ioctl 40046210 7fcde88de4 returned -22
06-15 12:56:53.883 D/CompatibilityInfo( 1357): mCompatibilityFlags - 4
06-15 12:56:53.883 D/CompatibilityInfo( 1357): applicationDensity - 240
06-15 12:56:53.883 D/CompatibilityInfo( 1357): applicationScale - 1.0
06-15 12:56:53.884 D/CompatibilityInfo( 1357): mCompatibilityFlags - 4
06-15 12:56:53.884 D/CompatibilityInfo( 1357): applicationDensity - 240
06-15 12:56:53.884 D/CompatibilityInfo( 1357): applicationScale - 1.0
06-15 12:56:53.886 D/CompatibilityChangeReporter(17556): Compat change id reported: 171979766; UID 10074; state: ENABLED
06-15 12:56:53.887 D/CompatibilityInfo( 1357): mCompatibilityFlags - 4
06-15 12:56:53.887 D/CompatibilityInfo( 1357): applicationDensity - 240
06-15 12:56:53.887 D/CompatibilityInfo( 1357): applicationScale - 1.0
06-15 12:56:53.895 I/lowmemorykiller( 515): Kill 'com.android.launcher3' (17556), uid 10074, oom_score_adj 0 to free 71216kB rss, 2544kb swap
06-15 12:56:53.895 I/lowmemorykiller( 515): Reclaimed 71216kB at oom_score_adj 0
06-15 12:56:53.895 I/lowmemorykiller( 515): Suppressed 3 failed kill reports
06-15 12:56:53.930 I/[ 7229.320482] oom_reaper( 0): reaped process 17556 (droid.launcher3), now anon-rss:0kB, file-rss:0kB, shmem-rss:380kB
06-15 12:56:53.932 I/Zygote ( 687): Process 17556 exited due to signal 9 (Killed)
06-15 12:56:53.932 I/ActivityManager( 1357): Process com.android.launcher3 (pid 17556) has died: fg TOP
06-15 12:56:53.933 I/libprocessgroup( 1357): Successfully killed process cgroup uid 10074 pid 17556 in 0ms
06-15 12:56:53.933 W/ActivityManager( 1357): Scheduling restart of crashed service com.android.launcher3/com.android.quickstep.TouchInteractionService in 296040ms for connection
06-15 12:56:53.934 E/ANDR-PERF-UTIL( 852): Failed to update node /proc/17109/sched_boost with value 0
06-15 12:56:53.934 E/ANDR-PERF-OPTSHANDLER( 852): can't reset task 17109
06-15 12:56:53.934 E/ANDR-PERF-RESOURCEQS( 852): Failed to reset optimization [3, 32]
06-15 12:56:53.935 D/CompatibilityInfo( 1357): mCompatibilityFlags - 4
06-15 12:56:53.935 D/CompatibilityInfo( 1357): applicationDensity - 240
06-15 12:56:53.935 D/CompatibilityInfo( 1357): applicationScale - 1.0
06-15 12:56:53.937 D/CompatibilityChangeReporter( 1357): Compat change id reported: 135634846; UID 10074; state: DISABLED
06-15 12:56:53.937 D/CompatibilityChangeReporter( 1357): Compat change id reported: 177438394; UID 10074; state: DISABLED
06-15 12:56:53.937 D/CompatibilityChangeReporter( 1357): Compat change id reported: 135772972; UID 10074; state: DISABLED
06-15 12:56:53.937 D/CompatibilityChangeReporter( 1357): Compat change id reported: 135754954; UID 10074; state: ENABLED
06-15 12:56:53.937 D/CompatibilityChangeReporter( 1357): Compat change id reported: 143937733; UID 10074; state: ENABLED
06-15 12:56:53.944 D/Zygote ( 687): Forked child process 17573
06-15 12:56:53.944 I/ActivityManager( 1357): Start proc 17573:com.android.launcher3/u0a74 for top-activity {com.android.launcher3/com.android.launcher3.uioverrides.QuickstepLauncher}
06-15 12:56:53.947 I/Zygote (17573): seccomp disabled by setenforce 0
06-15 12:56:53.953 I/adbd ( 6513): jdwp connection from 17573
06-15 12:56:53.953 D/ProcessState(17573): Binder ioctl to enable oneway spam detection failed: Invalid argument
06-15 12:56:53.954 I/[ 7229.343706] binder( 0): 17573:17573 ioctl 40046210 7fcde88de4 returned -22
06-15 12:56:53.960 D/CompatibilityInfo( 1357): mCompatibilityFlags - 4
06-15 12:56:53.960 D/CompatibilityInfo( 1357): applicationDensity - 240
06-15 12:56:53.960 D/CompatibilityInfo( 1357): applicationScale - 1.0
06-15 12:56:53.961 D/CompatibilityInfo( 1357): mCompatibilityFlags - 4
06-15 12:56:53.962 D/CompatibilityInfo( 1357): applicationDensity - 240
06-15 12:56:53.962 D/CompatibilityInfo( 1357): applicationScale - 1.0
06-15 12:56:53.965 D/CompatibilityChangeReporter(17573): Compat change id reported: 171979766; UID 10074; state: ENABLED
06-15 12:56:53.965 D/CompatibilityInfo( 1357): mCompatibilityFlags - 4
06-15 12:56:53.965 D/CompatibilityInfo( 1357): applicationDensity - 240
06-15 12:56:53.966 D/CompatibilityInfo( 1357): applicationScale - 1.0
06-15 12:56:53.970 I/lowmemorykiller( 515): Kill 'com.android.launcher3' (17573), uid 10074, oom_score_adj 0 to free 71228kB rss, 2540kb swap
06-15 12:56:53.970 I/lowmemorykiller( 515): Reclaimed 71228kB at oom_score_adj 0
06-15 12:56:53.970 I/lowmemorykiller( 515): Suppressed 3 failed kill reports
06-15 12:56:53.988 E/ANDR-PERF-UTIL( 852): Failed to update node /proc/17126/sched_boost with value 0
06-15 12:56:53.988 E/ANDR-PERF-OPTSHANDLER( 852): can't reset task 17126
06-15 12:56:53.988 E/ANDR-PERF-RESOURCEQS( 852): Failed to reset optimization [3, 32]
06-15 12:56:54.010 I/[ 7229.399767] oom_reaper( 0): reaped process 17573 (droid.launcher3), now anon-rss:0kB, file-rss:0kB, shmem-rss:380kB
06-15 12:56:54.011 I/Zygote ( 687): Process 17573 exited due to signal 9 (Killed)
06-15 12:56:54.014 I/ActivityManager( 1357): Process com.android.launcher3 (pid 17573) has died: fg TOP
06-15 12:56:54.015 W/ActivityManager( 1357): Scheduling restart of crashed service com.android.launcher3/com.android.quickstep.TouchInteractionService in 1184160ms for connection
06-15 12:56:54.017 D/CompatibilityInfo( 1357): mCompatibilityFlags - 4
06-15 12:56:54.017 D/CompatibilityInfo( 1357): applicationDensity - 240
06-15 12:56:54.017 D/CompatibilityInfo( 1357): applicationScale - 1.0
06-15 12:56:54.018 D/CompatibilityChangeReporter( 1357): Compat change id reported: 135634846; UID 10074; state: DISABLED
06-15 12:56:54.018 D/CompatibilityChangeReporter( 1357): Compat change id reported: 177438394; UID 10074; state: DISABLED
06-15 12:56:54.018 D/CompatibilityChangeReporter( 1357): Compat change id reported: 135772972; UID 10074; state: DISABLED
06-15 12:56:54.018 D/CompatibilityChangeReporter( 1357): Compat change id reported: 135754954; UID 10074; state: ENABLED
06-15 12:56:54.018 D/CompatibilityChangeReporter( 1357): Compat change id reported: 143937733; UID 10074; state: ENABLED
06-15 12:56:54.023 I/libprocessgroup( 1357): Successfully killed process cgroup uid 10074 pid 17573 in 0ms
06-15 12:56:54.023 D/Zygote ( 687): Forked child process 17590
06-15 12:56:54.024 I/ActivityManager( 1357): Start proc 17590:com.android.launcher3/u0a74 for top-activity {com.android.launcher3/com.android.launcher3.uioverrides.QuickstepLauncher}
06-15 12:56:54.027 D/MicroService( 2621): handleHeartBeat:3705
06-15 12:56:54.029 I/Zygote (17590): seccomp disabled by setenforce 0
06-15 12:56:54.030 I/mpu_uart( 663): [MSG-P:RECV]:No message received in 1000 ms
06-15 12:56:54.032 I/lowmemorykiller( 515): proc_get_script: No tasks are found to kill
06-15 12:56:54.035 I/zygote64(17590): type=1400 audit(0.0:19924): avc: denied { connectto } for comm=4144422D4A44575020436F6E6E6563 path=006A6477702D636F6E74726F6C scontext=u:r:priv_app:s0:c512,c768 tcontext=u:r:su:s0 tclass=unix_stream_socket permissive=1
06-15 12:56:54.040 I/adbd ( 6513): jdwp connection from 17590
06-15 12:56:54.041 D/ProcessState(17590): Binder ioctl to enable oneway spam detection failed: Invalid argument
06-15 12:56:54.042 I/[ 7229.431773] binder( 0): 17590:17590 ioctl 40046210 7fcde88de4 returned -22
06-15 12:56:54.045 E/ANDR-PERF-UTIL( 852): Failed to update node /proc/17144/sched_boost with value 0
06-15 12:56:54.045 E/ANDR-PERF-OPTSHANDLER( 852): can't reset task 17144
06-15 12:56:54.045 E/ANDR-PERF-RESOURCEQS( 852): Failed to reset optimization [3, 32]
06-15 12:56:54.047 D/CompatibilityInfo( 1357): mCompatibilityFlags - 4
06-15 12:56:54.047 D/CompatibilityInfo( 1357): applicationDensity - 240
06-15 12:56:54.047 D/CompatibilityInfo( 1357): applicationScale - 1.0
06-15 12:56:54.049 D/CompatibilityInfo( 1357): mCompatibilityFlags - 4
06-15 12:56:54.049 D/CompatibilityInfo( 1357): applicationDensity - 240
06-15 12:56:54.049 D/CompatibilityInfo( 1357): applicationScale - 1.0
06-15 12:56:54.051 D/CompatibilityChangeReporter(17590): Compat change id reported: 171979766; UID 10074; state: ENABLED
06-15 12:56:54.053 D/CompatibilityInfo( 1357): mCompatibilityFlags - 4
06-15 12:56:54.053 D/CompatibilityInfo( 1357): applicationDensity - 240
06-15 12:56:54.053 D/CompatibilityInfo( 1357): applicationScale - 1.0
06-15 12:56:54.058 I/lowmemorykiller( 515): Kill 'com.android.launcher3' (17590), uid 10074, oom_score_adj 0 to free 71152kB rss, 2544kb swap
06-15 12:56:54.058 I/lowmemorykiller( 515): Reclaimed 71152kB at oom_score_adj 0
06-15 12:56:54.058 I/lowmemorykiller( 515): Suppressed 2 failed kill reports
06-15 12:56:54.093 I/Zygote ( 687): Process 17590 exited due to signal 9 (Killed)
06-15 12:56:54.094 I/[ 7229.482127] oom_reaper( 0): reaped process 17590 (droid.launcher3), now anon-rss:0kB, file-rss:0kB, shmem-rss:380kB
06-15 12:56:54.094 I/ActivityManager( 1357): Process com.android.launcher3 (pid 17590) has died: fg TOP
06-15 12:56:54.094 W/ActivityManager( 1357): Scheduling restart of crashed service com.android.launcher3/com.android.quickstep.TouchInteractionService in 4736640ms for connection
06-15 12:56:54.095 D/CompatibilityInfo( 1357): mCompatibilityFlags - 4
06-15 12:56:54.095 D/CompatibilityInfo( 1357): applicationDensity - 240
06-15 12:56:54.095 D/CompatibilityInfo( 1357): applicationScale - 1.0
06-15 12:56:54.096 I/libprocessgroup( 1357): Successfully killed process cgroup uid 10074 pid 17590 in 0ms
06-15 12:56:54.096 D/CompatibilityChangeReporter( 1357): Compat change id reported: 135634846; UID 10074; state: DISABLED
06-15 12:56:54.096 D/CompatibilityChangeReporter( 1357): Compat change id reported: 177438394; UID 10074; state: DISABLED
06-15 12:56:54.096 D/CompatibilityChangeReporter( 1357): Compat change id reported: 135772972; UID 10074; state: DISABLED
06-15 12:56:54.096 D/CompatibilityChangeReporter( 1357): Compat change id reported: 135754954; UID 10074; state: ENABLED
06-15 12:56:54.096 D/CompatibilityChangeReporter( 1357): Compat change id reported: 143937733; UID 10074; state: ENABLED
06-15 12:56:54.101 D/Zygote ( 687): Forked child process 17608
06-15 12:56:54.102 I/ActivityManager( 1357): Start proc 17608:com.android.launcher3/u0a74 for top-activity {com.android.launcher3/com.android.launcher3.uioverrides.QuickstepLauncher}
06-15 12:56:54.106 I/Zygote (17608): seccomp disabled by setenforce 0
06-15 12:56:54.107 E/ANDR-PERF-UTIL( 852): Failed to update node /proc/17162/sched_boost with value 0
06-15 12:56:54.107 E/ANDR-PERF-OPTSHANDLER( 852): can't reset task 17162
06-15 12:56:54.107 E/ANDR-PERF-RESOURCEQS( 852): Failed to reset optimization [3, 32]
06-15 12:56:54.113 I/adbd ( 6513): jdwp connection from 17608
06-15 12:56:54.114 D/ProcessState(17608): Binder ioctl to enable oneway spam detection failed: Invalid argument
06-15 12:56:54.117 I/[ 7229.504094] binder( 0): 17608:17608 ioctl 40046210 7fcde88de4 returned -22
06-15 12:56:54.118 D/CompatibilityInfo( 1357): mCompatibilityFlags - 4
06-15 12:56:54.118 D/CompatibilityInfo( 1357): applicationDensity - 240
06-15 12:56:54.118 D/CompatibilityInfo( 1357): applicationScale - 1.0
06-15 12:56:54.119 D/CompatibilityInfo( 1357): mCompatibilityFlags - 4
06-15 12:56:54.119 D/CompatibilityInfo( 1357): applicationDensity - 240
06-15 12:56:54.119 D/CompatibilityInfo( 1357): applicationScale - 1.0
06-15 12:56:54.122 D/CompatibilityInfo( 1357): mCompatibilityFlags - 4
06-15 12:56:54.122 D/CompatibilityInfo( 1357): applicationDensity - 240
06-15 12:56:54.122 D/CompatibilityInfo( 1357): applicationScale - 1.0
06-15 12:56:54.122 D/CompatibilityChangeReporter(17608): Compat change id reported: 171979766; UID 10074; state: ENABLED
06-15 12:56:54.131 I/Perf (17608): Connecting to perf service.
06-15 12:56:54.135 I/lowmemorykiller( 515): Kill 'com.android.launcher3' (17608), uid 10074, oom_score_adj 0 to free 71164kB rss, 2544kb swap
06-15 12:56:54.136 I/lowmemorykiller( 515): Reclaimed 71164kB at oom_score_adj 0
06-15 12:56:54.136 I/lowmemorykiller( 515): Suppressed 3 failed kill reports
06-15 12:56:54.172 I/[ 7229.560200] oom_reaper( 0): reaped process 17608 (droid.launcher3), now anon-rss:0kB, file-rss:0kB, shmem-rss:380kB
06-15 12:56:54.172 I/[ 7229.562429] binder( 0): undelivered transaction 6746084, process died.
06-15 12:56:54.173 I/Zygote ( 687): Process 17608 exited due to signal 9 (Killed)
06-15 12:56:54.173 I/ActivityManager( 1357): Process com.android.launcher3 (pid 17608) has died: fg TOP
06-15 12:56:54.173 I/libprocessgroup( 1357): Successfully killed process cgroup uid 10074 pid 17608 in 0ms
06-15 12:56:54.174 W/ActivityManager( 1357): Scheduling restart of crashed service com.android.launcher3/com.android.quickstep.TouchInteractionService in 18946560ms for connection
06-15 12:56:54.176 D/CompatibilityInfo( 1357): mCompatibilityFlags - 4
06-15 12:56:54.176 D/CompatibilityInfo( 1357): applicationDensity - 240
06-15 12:56:54.176 D/CompatibilityInfo( 1357): applicationScale - 1.0
06-15 12:56:54.178 D/CompatibilityChangeReporter( 1357): Compat change id reported: 135634846; UID 10074; state: DISABLED
06-15 12:56:54.178 D/CompatibilityChangeReporter( 1357): Compat change id reported: 177438394; UID 10074; state: DISABLED
06-15 12:56:54.178 D/CompatibilityChangeReporter( 1357): Compat change id reported: 135772972; UID 10074; state: DISABLED
06-15 12:56:54.178 D/CompatibilityChangeReporter( 1357): Compat change id reported: 135754954; UID 10074; state: ENABLED
06-15 12:56:54.178 D/CompatibilityChangeReporter( 1357): Compat change id reported: 143937733; UID 10074; state: ENABLED
06-15 12:56:54.183 D/Zygote ( 687): Forked child process 17626
06-15 12:56:54.184 I/ActivityManager( 1357): Start proc 17626:com.android.launcher3/u0a74 for top-activity {com.android.launcher3/com.android.launcher3.uioverrides.QuickstepLauncher}
06-15 12:56:54.187 I/Zygote (17626): seccomp disabled by setenforce 0
06-15 12:56:54.194 I/adbd ( 6513): jdwp connection from 17626
06-15 12:56:54.195 D/ProcessState(17626): Binder ioctl to enable oneway spam detection failed: Invalid argument
06-15 12:56:54.198 I/[ 7229.585136] binder( 0): 17626:17626 ioctl 40046210 7fcde88de4 returned -22
06-15 12:56:54.199 D/CompatibilityInfo( 1357): mCompatibilityFlags - 4
06-15 12:56:54.199 D/CompatibilityInfo( 1357): applicationDensity - 240
06-15 12:56:54.199 D/CompatibilityInfo( 1357): applicationScale - 1.0
06-15 12:56:54.200 D/CompatibilityInfo( 1357): mCompatibilityFlags - 4
06-15 12:56:54.200 D/CompatibilityInfo( 1357): applicationDensity - 240
06-15 12:56:54.200 D/CompatibilityInfo( 1357): applicationScale - 1.0
06-15 12:56:54.203 D/CompatibilityChangeReporter(17626): Compat change id reported: 171979766; UID 10074; state: ENABLED
06-15 12:56:54.204 D/CompatibilityInfo( 1357): mCompatibilityFlags - 4
06-15 12:56:54.204 D/CompatibilityInfo( 1357): applicationDensity - 240
06-15 12:56:54.204 D/CompatibilityInfo( 1357): applicationScale - 1.0
06-15 12:56:54.210 I/lowmemorykiller( 515): Kill 'com.android.launcher3' (17626), uid 10074, oom_score_adj 0 to free 71276kB rss, 2544kb swap
06-15 12:56:54.210 I/lowmemorykiller( 515): Reclaimed 71276kB at oom_score_adj 0
06-15 12:56:54.210 I/lowmemorykiller( 515): Suppressed 3 failed kill reports
06-15 12:56:54.216 E/ANDR-PERF-UTIL( 852): Failed to update node /proc/17180/sched_boost with value 0
06-15 12:56:54.216 E/ANDR-PERF-OPTSHANDLER( 852): can't reset task 17180
06-15 12:56:54.216 E/ANDR-PERF-RESOURCEQS( 852): Failed to reset optimization [3, 32]
06-15 12:56:54.224 I/Zygote ( 687): Process 17626 exited due to signal 9 (Killed)
06-15 12:56:54.226 I/ActivityManager( 1357): Process com.android.launcher3 (pid 17626) has died: fg TOP
06-15 12:56:54.226 I/libprocessgroup( 1357): Successfully killed process cgroup uid 10074 pid 17626 in 0ms
06-15 12:56:54.228 W/ActivityManager( 1357): Scheduling restart of crashed service com.android.launcher3/com.android.quickstep.TouchInteractionService in 75786240ms for connection
06-15 12:56:54.230 D/CompatibilityInfo( 1357): mCompatibilityFlags - 4
06-15 12:56:54.230 D/CompatibilityInfo( 1357): applicationDensity - 240
06-15 12:56:54.230 D/CompatibilityInfo( 1357): applicationScale - 1.0
06-15 12:56:54.233 D/CompatibilityChangeReporter( 1357): Compat change id reported: 135634846; UID 10074; state: DISABLED
06-15 12:56:54.233 D/CompatibilityChangeReporter( 1357): Compat change id reported: 177438394; UID 10074; state: DISABLED
06-15 12:56:54.233 D/CompatibilityChangeReporter( 1357): Compat change id reported: 135772972; UID 10074; state: DISABLED
06-15 12:56:54.233 D/CompatibilityChangeReporter( 1357): Compat change id reported: 135754954; UID 10074; state: ENABLED
06-15 12:56:54.233 D/CompatibilityChangeReporter( 1357): Compat change id reported: 143937733; UID 10074; state: ENABLED
06-15 12:56:54.240 D/Zygote ( 687): Forked child process 17643
06-15 12:56:54.240 I/ActivityManager( 1357): Start proc 17643:com.android.launcher3/u0a74 for top-activity {com.android.launcher3/com.android.launcher3.uioverrides.QuickstepLauncher}
06-15 12:56:54.246 I/Zygote (17643): seccomp disabled by setenforce 0
06-15 12:56:54.255 I/adbd ( 6513): jdwp connection from 17643
06-15 12:56:54.251 I/zygote64(17643): type=1400 audit(0.0:19925): avc: denied { connectto } for comm=4144422D4A44575020436F6E6E6563 path=006A6477702D636F6E74726F6C scontext=u:r:priv_app:s0:c512,c768 tcontext=u:r:su:s0 tclass=unix_stream_socket permissive=1
06-15 12:56:54.257 D/ProcessState(17643): Binder ioctl to enable oneway spam detection failed: Invalid argument
06-15 12:56:54.258 I/[ 7229.647231] binder( 0): 17643:17643 ioctl 40046210 7fcde88de4 returned -22
06-15 12:56:54.264 I/lowmemorykiller( 515): proc_get_script: No tasks are found to kill
06-15 12:56:54.267 D/CompatibilityInfo( 1357): mCompatibilityFlags - 4
06-15 12:56:54.267 D/CompatibilityInfo( 1357): applicationDensity - 240
06-15 12:56:54.267 D/CompatibilityInfo( 1357): applicationScale - 1.0
06-15 12:56:54.269 D/CompatibilityInfo( 1357): mCompatibilityFlags - 4
06-15 12:56:54.269 D/CompatibilityInfo( 1357): applicationDensity - 240
06-15 12:56:54.269 D/CompatibilityInfo( 1357): applicationScale - 1.0
06-15 12:56:54.272 D/CompatibilityChangeReporter(17643): Compat change id reported: 171979766; UID 10074; state: ENABLED
06-15 12:56:54.274 D/CompatibilityInfo( 1357): mCompatibilityFlags - 4
06-15 12:56:54.274 D/CompatibilityInfo( 1357): applicationDensity - 240
06-15 12:56:54.274 D/CompatibilityInfo( 1357): applicationScale - 1.0
06-15 12:56:54.277 I/lowmemorykiller( 515): Kill 'com.android.launcher3' (17643), uid 10074, oom_score_adj 0 to free 66892kB rss, 2552kb swap
06-15 12:56:54.277 I/lowmemorykiller( 515): Reclaimed 66892kB at oom_score_adj 0
06-15 12:56:54.277 I/lowmemorykiller( 515): Suppressed 2 failed kill reports
06-15 12:56:54.295 E/ANDR-PERF-UTIL( 852): Failed to update node /proc/17197/sched_boost with value 0
06-15 12:56:54.295 E/ANDR-PERF-OPTSHANDLER( 852): can't reset task 17197
06-15 12:56:54.295 E/ANDR-PERF-RESOURCEQS( 852): Failed to reset optimization [3, 32]
06-15 12:56:54.296 I/Zygote ( 687): Process 17643 exited due to signal 9 (Killed)
06-15 12:56:54.298 I/[ 7229.688314] binder( 0): undelivered transaction 6746280, process died.
06-15 12:56:54.298 I/ActivityManager( 1357): Process com.android.launcher3 (pid 17643) has died: fg TOP
06-15 12:56:54.298 I/libprocessgroup( 1357): Successfully killed process cgroup uid 10074 pid 17643 in 0ms
06-15 12:56:54.300 W/ActivityManager( 1357): Scheduling restart of crashed service com.android.launcher3/com.android.quickstep.TouchInteractionService in 303144960ms for connection
06-15 12:56:54.302 D/CompatibilityInfo( 1357): mCompatibilityFlags - 4
06-15 12:56:54.302 D/CompatibilityInfo( 1357): applicationDensity - 240
06-15 12:56:54.302 D/CompatibilityInfo( 1357): applicationScale - 1.0
06-15 12:56:54.304 D/CompatibilityChangeReporter( 1357): Compat change id reported: 135634846; UID 10074; state: DISABLED
06-15 12:56:54.304 D/CompatibilityChangeReporter( 1357): Compat change id reported: 177438394; UID 10074; state: DISABLED
06-15 12:56:54.304 D/CompatibilityChangeReporter( 1357): Compat change id reported: 135772972; UID 10074; state: DISABLED
06-15 12:56:54.304 D/CompatibilityChangeReporter( 1357): Compat change id reported: 135754954; UID 10074; state: ENABLED
06-15 12:56:54.304 D/CompatibilityChangeReporter( 1357): Compat change id reported: 143937733; UID 10074; state: ENABLED
06-15 12:56:54.312 D/Zygote ( 687): Forked child process 17660
06-15 12:56:54.313 I/ActivityManager( 1357): Start proc 17660:com.android.launcher3/u0a74 for top-activity {com.android.launcher3/com.android.launcher3.uioverrides.QuickstepLauncher}
06-15 12:56:54.319 I/Zygote (17660): seccomp disabled by setenforce 0
06-15 12:56:54.331 I/adbd ( 6513): jdwp connection from 17660
06-15 12:56:54.327 I/zygote64(17660): type=1400 audit(0.0:19926): avc: denied { connectto } for comm=4144422D4A44575020436F6E6E6563 path=006A6477702D636F6E74726F6C scontext=u:r:priv_app:s0:c512,c768 tcontext=u:r:su:s0 tclass=unix_stream_socket permissive=1
06-15 12:56:54.333 D/ProcessState(17660): Binder ioctl to enable oneway spam detection failed: Invalid argument
06-15 12:56:54.334 I/[ 7229.723158] binder( 0): 17660:17660 ioctl 40046210 7fcde88de4 returned -22
06-15 12:56:54.340 D/CompatibilityInfo( 1357): mCompatibilityFlags - 4
06-15 12:56:54.340 D/CompatibilityInfo( 1357): applicationDensity - 240
06-15 12:56:54.340 D/CompatibilityInfo( 1357): applicationScale - 1.0
06-15 12:56:54.342 D/CompatibilityInfo( 1357): mCompatibilityFlags - 4
06-15 12:56:54.342 D/CompatibilityInfo( 1357): applicationDensity - 240
06-15 12:56:54.342 D/CompatibilityInfo( 1357): applicationScale - 1.0
06-15 12:56:54.345 D/CompatibilityChangeReporter(17660): Compat change id reported: 171979766; UID 10074; state: ENABLED
06-15 12:56:54.348 D/CompatibilityInfo( 1357): mCompatibilityFlags - 4
06-15 12:56:54.348 D/CompatibilityInfo( 1357): applicationDensity - 240
06-15 12:56:54.348 D/CompatibilityInfo( 1357): applicationScale - 1.0
06-15 12:56:54.351 D/RemoteControlService( 2775): startVlanDispatchThread
06-15 12:56:54.359 I/lowmemorykiller( 515): Kill 'com.android.launcher3' (17660), uid 10074, oom_score_adj 0 to free 71100kB rss, 2544kb swap
06-15 12:56:54.359 I/lowmemorykiller( 515): Reclaimed 71100kB at oom_score_adj 0
06-15 12:56:54.359 I/lowmemorykiller( 515): Suppressed 5 failed kill reports
06-15 12:56:54.369 E/ANDR-PERF-UTIL( 852): Failed to update node /proc/17215/sched_boost with value 0
06-15 12:56:54.369 E/ANDR-PERF-OPTSHANDLER( 852): can't reset task 17215
06-15 12:56:54.369 E/ANDR-PERF-RESOURCEQS( 852): Failed to reset optimization [3, 32]
06-15 12:56:54.398 I/[ 7229.786627] oom_reaper( 0): reaped process 17660 (droid.launcher3), now anon-rss:0kB, file-rss:0kB, shmem-rss:380kB
06-15 12:56:54.398 I/Zygote ( 687): Process 17660 exited due to signal 9 (Killed)
06-15 12:56:54.398 I/ActivityManager( 1357): Process com.android.launcher3 (pid 17660) has died: fg TOP
06-15 12:56:54.399 I/libprocessgroup( 1357): Successfully killed process cgroup uid 10074 pid 17660 in 0ms
06-15 12:56:54.399 W/ActivityManager( 1357): Scheduling restart of crashed service com.android.launcher3/com.android.quickstep.TouchInteractionService in 1212579840ms for connection
06-15 12:56:54.401 D/CompatibilityInfo( 1357): mCompatibilityFlags - 4
06-15 12:56:54.401 D/CompatibilityInfo( 1357): applicationDensity - 240
06-15 12:56:54.401 D/CompatibilityInfo( 1357): applicationScale - 1.0
06-15 12:56:54.402 D/CompatibilityChangeReporter( 1357): Compat change id reported: 135634846; UID 10074; state: DISABLED
06-15 12:56:54.402 D/CompatibilityChangeReporter( 1357): Compat change id reported: 177438394; UID 10074; state: DISABLED
06-15 12:56:54.402 D/CompatibilityChangeReporter( 1357): Compat change id reported: 135772972; UID 10074; state: DISABLED
06-15 12:56:54.402 D/CompatibilityChangeReporter( 1357): Compat change id reported: 135754954; UID 10074; state: ENABLED
06-15 12:56:54.402 D/CompatibilityChangeReporter( 1357): Compat change id reported: 143937733; UID 10074; state: ENABLED
06-15 12:56:54.406 D/Zygote ( 687): Forked child process 17678
06-15 12:56:54.406 I/ActivityManager( 1357): Start proc 17678:com.android.launcher3/u0a74 for top-activity {com.android.launcher3/com.android.launcher3.uioverrides.QuickstepLauncher}
06-15 12:56:54.410 I/Zygote (17678): seccomp disabled by setenforce 0
06-15 12:56:54.416 I/adbd ( 6513): jdwp connection from 17678
06-15 12:56:54.417 D/ProcessState(17678): Binder ioctl to enable oneway spam detection failed: Invalid argument
06-15 12:56:54.418 I/[ 7229.807581] binder( 0): 17678:17678 ioctl 40046210 7fcde88de4 returned -22
06-15 12:56:54.422 D/CompatibilityInfo( 1357): mCompatibilityFlags - 4
06-15 12:56:54.422 D/CompatibilityInfo( 1357): applicationDensity - 240
06-15 12:56:54.422 D/CompatibilityInfo( 1357): applicationScale - 1.0
06-15 12:56:54.424 D/CompatibilityInfo( 1357): mCompatibilityFlags - 4
06-15 12:56:54.424 D/CompatibilityInfo( 1357): applicationDensity - 240
06-15 12:56:54.424 D/CompatibilityInfo( 1357): applicationScale - 1.0
06-15 12:56:54.428 D/CompatibilityChangeReporter(17678): Compat change id reported: 171979766; UID 10074; state: ENABLED
06-15 12:56:54.430 D/CompatibilityInfo( 1357): mCompatibilityFlags - 4
06-15 12:56:54.430 D/CompatibilityInfo( 1357): applicationDensity - 240
06-15 12:56:54.430 D/CompatibilityInfo( 1357): applicationScale - 1.0
06-15 12:56:54.437 I/lowmemorykiller( 515): Kill 'com.android.launcher3' (17678), uid 10074, oom_score_adj 0 to free 71200kB rss, 2544kb swap
06-15 12:56:54.438 I/lowmemorykiller( 515): Reclaimed 71200kB at oom_score_adj 0
06-15 12:56:54.438 I/lowmemorykiller( 515): Suppressed 3 failed kill reports
06-15 12:56:54.461 E/ANDR-PERF-UTIL( 852): Failed to update node /proc/17233/sched_boost with value 0
06-15 12:56:54.462 E/ANDR-PERF-OPTSHANDLER( 852): can't reset task 17233
06-15 12:56:54.462 E/ANDR-PERF-RESOURCEQS( 852): Failed to reset optimization [3, 32]
06-15 12:56:54.478 I/Zygote ( 687): Process 17678 exited due to signal 9 (Killed)
06-15 12:56:54.478 I/[ 7229.866368] oom_reaper( 0): reaped process 17678 (droid.launcher3), now anon-rss:0kB, file-rss:0kB, shmem-rss:380kB
06-15 12:56:54.478 I/[ 7229.868115] binder( 0): undelivered transaction 6746490, process died.
06-15 12:56:54.478 I/[ 7229.868118] binder( 0): undelivered transaction 6746494, process died.
06-15 12:56:54.478 I/ActivityManager( 1357): Process com.android.launcher3 (pid 17678) has died: fg TOP
06-15 12:56:54.479 W/ActivityManager( 1357): Scheduling restart of crashed service com.android.launcher3/com.android.quickstep.TouchInteractionService in 4850319360ms for connection
06-15 12:56:54.481 I/libprocessgroup( 1357): Successfully killed process cgroup uid 10074 pid 17678 in 0ms
06-15 12:56:54.482 D/CompatibilityInfo( 1357): mCompatibilityFlags - 4
06-15 12:56:54.482 D/CompatibilityInfo( 1357): applicationDensity - 240
06-15 12:56:54.482 D/CompatibilityInfo( 1357): applicationScale - 1.0
06-15 12:56:54.484 D/CompatibilityChangeReporter( 1357): Compat change id reported: 135634846; UID 10074; state: DISABLED
06-15 12:56:54.484 D/CompatibilityChangeReporter( 1357): Compat change id reported: 177438394; UID 10074; state: DISABLED
06-15 12:56:54.484 D/CompatibilityChangeReporter( 1357): Compat change id reported: 135772972; UID 10074; state: DISABLED
06-15 12:56:54.484 D/CompatibilityChangeReporter( 1357): Compat change id reported: 135754954; UID 10074; state: ENABLED
06-15 12:56:54.484 D/CompatibilityChangeReporter( 1357): Compat change id reported: 143937733; UID 10074; state: ENABLED
06-15 12:56:54.489 D/Zygote ( 687): Forked child process 17697
06-15 12:56:54.490 I/ActivityManager( 1357): Start proc 17697:com.android.launcher3/u0a74 for top-activity {com.android.launcher3/com.android.launcher3.uioverrides.QuickstepLauncher}
06-15 12:56:54.494 I/Zygote (17697): seccomp disabled by setenforce 0
06-15 12:56:54.498 I/lowmemorykiller( 515): proc_get_script: No tasks are found to kill
06-15 12:56:54.506 W/[ 7229.892355] audit( 0): audit_lost=16884 audit_rate_limit=5 audit_backlog_limit=64
06-15 12:56:54.506 E/[ 7229.892357] audit( 0): rate limit exceeded
06-15 12:56:54.506 I/adbd ( 6513): jdwp connection from 17697
06-15 12:56:54.507 D/ProcessState(17697): Binder ioctl to enable oneway spam detection failed: Invalid argument
06-15 12:56:54.510 I/[ 7229.897601] binder( 0): 17697:17697 ioctl 40046210 7fcde88de4 returned -22
06-15 12:56:54.515 D/CompatibilityInfo( 1357): mCompatibilityFlags - 4
06-15 12:56:54.515 D/CompatibilityInfo( 1357): applicationDensity - 240
06-15 12:56:54.515 D/CompatibilityInfo( 1357): applicationScale - 1.0
06-15 12:56:54.517 D/CompatibilityInfo( 1357): mCompatibilityFlags - 4
06-15 12:56:54.517 D/CompatibilityInfo( 1357): applicationDensity - 240
06-15 12:56:54.517 D/CompatibilityInfo( 1357): applicationScale - 1.0
06-15 12:56:54.520 D/CompatibilityChangeReporter(17697): Compat change id reported: 171979766; UID 10074; state: ENABLED
06-15 12:56:54.522 D/CompatibilityInfo( 1357): mCompatibilityFlags - 4
06-15 12:56:54.522 D/CompatibilityInfo( 1357): applicationDensity - 240
06-15 12:56:54.522 D/CompatibilityInfo( 1357): applicationScale - 1.0
06-15 12:56:54.525 I/lowmemorykiller( 515): Kill 'com.android.launcher3' (17697), uid 10074, oom_score_adj 0 to free 70584kB rss, 2544kb swap
06-15 12:56:54.525 I/lowmemorykiller( 515): Reclaimed 70584kB at oom_score_adj 0
06-15 12:56:54.525 I/lowmemorykiller( 515): Suppressed 2 failed kill reports
06-15 12:56:54.537 E/ANDR-PERF-UTIL( 852): Failed to update node /proc/17252/sched_boost with value 0
06-15 12:56:54.538 E/ANDR-PERF-OPTSHANDLER( 852): can't reset task 17252
06-15 12:56:54.539 E/ANDR-PERF-RESOURCEQS( 852): Failed to reset optimization [3, 32]
06-15 12:56:54.550 I/[ 7229.939932] oom_reaper( 0): reaped process 17697 (droid.launcher3), now anon-rss:0kB, file-rss:0kB, shmem-rss:380kB
06-15 12:56:54.552 I/Zygote ( 687): Process 17697 exited due to signal 9 (Killed)
06-15 12:56:54.554 I/ActivityManager( 1357): Process com.android.launcher3 (pid 17697) has died: fg TOP
06-15 12:56:54.554 I/libprocessgroup( 1357): Successfully killed process cgroup uid 10074 pid 17697 in 0ms
06-15 12:56:54.555 W/ActivityManager( 1357): Scheduling restart of crashed service com.android.launcher3/com.android.quickstep.TouchInteractionService in 19401277440ms for connection
06-15 12:56:54.557 D/CompatibilityInfo( 1357): mCompatibilityFlags - 4
06-15 12:56:54.557 D/CompatibilityInfo( 1357): applicationDensity - 240
06-15 12:56:54.557 D/CompatibilityInfo( 1357): applicationScale - 1.0
06-15 12:56:54.558 D/CompatibilityChangeReporter( 1357): Compat change id reported: 135634846; UID 10074; state: DISABLED
06-15 12:56:54.558 D/CompatibilityChangeReporter( 1357): Compat change id reported: 177438394; UID 10074; state: DISABLED
06-15 12:56:54.559 D/CompatibilityChangeReporter( 1357): Compat change id reported: 135772972; UID 10074; state: DISABLED
06-15 12:56:54.559 D/CompatibilityChangeReporter( 1357): Compat change id reported: 135754954; UID 10074; state: ENABLED
06-15 12:56:54.559 D/CompatibilityChangeReporter( 1357): Compat change id reported: 143937733; UID 10074; state: ENABLED
06-15 12:56:54.567 D/Zygote ( 687): Forked child process 17714
06-15 12:56:54.567 I/ActivityManager( 1357): Start proc 17714:com.android.launcher3/u0a74 for top-activity {com.android.launcher3/com.android.launcher3.uioverrides.QuickstepLauncher}
06-15 12:56:54.573 I/Zygote (17714): seccomp disabled by setenforce 0
06-15 12:56:54.583 I/adbd ( 6513): jdwp connection from 17714
06-15 12:56:54.583 D/ProcessState(17714): Binder ioctl to enable oneway spam detection failed: Invalid argument
06-15 12:56:54.586 I/[ 7229.973679] binder( 0): 17714:17714 ioctl 40046210 7fcde88de4 returned -22
06-15 12:56:54.587 D/CompatibilityInfo( 1357): mCompatibilityFlags - 4
06-15 12:56:54.587 D/CompatibilityInfo( 1357): applicationDensity - 240
06-15 12:56:54.587 D/CompatibilityInfo( 1357): applicationScale - 1.0
06-15 12:56:54.589 D/CompatibilityInfo( 1357): mCompatibilityFlags - 4
06-15 12:56:54.589 D/CompatibilityInfo( 1357): applicationDensity - 240
06-15 12:56:54.589 D/CompatibilityInfo( 1357): applicationScale - 1.0
06-15 12:56:54.591 D/CompatibilityChangeReporter(17714): Compat change id reported: 171979766; UID 10074; state: ENABLED
06-15 12:56:54.592 D/CompatibilityInfo( 1357): mCompatibilityFlags - 4
06-15 12:56:54.592 D/CompatibilityInfo( 1357): applicationDensity - 240
06-15 12:56:54.592 D/CompatibilityInfo( 1357): applicationScale - 1.0
06-15 12:56:54.598 E/ANDR-PERF-UTIL( 852): Failed to update node /proc/17270/sched_boost with value 0
06-15 12:56:54.598 E/ANDR-PERF-OPTSHANDLER( 852): can't reset task 17270
06-15 12:56:54.598 E/ANDR-PERF-RESOURCEQS( 852): Failed to reset optimization [3, 32]
06-15 12:56:54.601 I/lowmemorykiller( 515): Kill 'com.android.launcher3' (17714), uid 10074, oom_score_adj 0 to free 71168kB rss, 2544kb swap
06-15 12:56:54.601 I/lowmemorykiller( 515): Reclaimed 71168kB at oom_score_adj 0
06-15 12:56:54.601 I/lowmemorykiller( 515): Suppressed 4 failed kill reports
06-15 12:56:54.634 I/[ 7230.023750] oom_reaper( 0): reaped process 17714 (droid.launcher3), now anon-rss:0kB, file-rss:0kB, shmem-rss:380kB
06-15 12:56:54.635 I/Zygote ( 687): Process 17714 exited due to signal 9 (Killed)
06-15 12:56:54.638 I/ActivityManager( 1357): Process com.android.launcher3 (pid 17714) has died: fg TOP
06-15 12:56:54.638 I/libprocessgroup( 1357): Successfully killed process cgroup uid 10074 pid 17714 in 0ms
06-15 12:56:54.639 W/ActivityManager( 1357): Scheduling restart of crashed service com.android.launcher3/com.android.quickstep.TouchInteractionService in 77605109760ms for connection
06-15 12:56:54.641 D/CompatibilityInfo( 1357): mCompatibilityFlags - 4
06-15 12:56:54.641 D/CompatibilityInfo( 1357): applicationDensity - 240
06-15 12:56:54.641 D/CompatibilityInfo( 1357): applicationScale - 1.0
06-15 12:56:54.644 D/CompatibilityChangeReporter( 1357): Compat change id reported: 135634846; UID 10074; state: DISABLED
06-15 12:56:54.644 D/CompatibilityChangeReporter( 1357): Compat change id reported: 177438394; UID 10074; state: DISABLED
06-15 12:56:54.644 D/CompatibilityChangeReporter( 1357): Compat change id reported: 135772972; UID 10074; state: DISABLED
06-15 12:56:54.644 D/CompatibilityChangeReporter( 1357): Compat change id reported: 135754954; UID 10074; state: ENABLED
06-15 12:56:54.644 D/CompatibilityChangeReporter( 1357): Compat change id reported: 143937733; UID 10074; state: ENABLED
06-15 12:56:54.653 D/Zygote ( 687): Forked child process 17732
06-15 12:56:54.654 I/ActivityManager( 1357): Start proc 17732:com.android.launcher3/u0a74 for top-activity {com.android.launcher3/com.android.launcher3.uioverrides.QuickstepLauncher}
06-15 12:56:54.660 I/Zygote (17732): seccomp disabled by setenforce 0
06-15 12:56:54.669 I/adbd ( 6513): jdwp connection from 17732
06-15 12:56:54.670 D/ProcessState(17732): Binder ioctl to enable oneway spam detection failed: Invalid argument
06-15 12:56:54.673 I/[ 7230.060305] binder( 0): 17732:17732 ioctl 40046210 7fcde88de4 returned -22
06-15 12:56:54.676 D/CompatibilityInfo( 1357): mCompatibilityFlags - 4
06-15 12:56:54.676 D/CompatibilityInfo( 1357): applicationDensity - 240
06-15 12:56:54.676 D/CompatibilityInfo( 1357): applicationScale - 1.0
06-15 12:56:54.678 D/CompatibilityInfo( 1357): mCompatibilityFlags - 4
06-15 12:56:54.678 D/CompatibilityInfo( 1357): applicationDensity - 240
06-15 12:56:54.678 D/CompatibilityInfo( 1357): applicationScale - 1.0
06-15 12:56:54.682 D/CompatibilityChangeReporter(17732): Compat change id reported: 171979766; UID 10074; state: ENABLED
06-15 12:56:54.684 D/CompatibilityInfo( 1357): mCompatibilityFlags - 4
06-15 12:56:54.684 D/CompatibilityInfo( 1357): applicationDensity - 240
06-15 12:56:54.684 D/CompatibilityInfo( 1357): applicationScale - 1.0
06-15 12:56:54.694 I/Perf (17732): Connecting to perf service.
06-15 12:56:54.696 E/ANDR-PERF-UTIL( 852): Failed to update node /proc/17288/sched_boost with value 0
06-15 12:56:54.696 E/ANDR-PERF-OPTSHANDLER( 852): can't reset task 17288
06-15 12:56:54.696 E/ANDR-PERF-RESOURCEQS( 852): Failed to reset optimization [3, 32]
06-15 12:56:54.697 I/lowmemorykiller( 515): Kill 'com.android.launcher3' (17732), uid 10074, oom_score_adj 0 to free 71112kB rss, 2544kb swap
06-15 12:56:54.698 I/lowmemorykiller( 515): Reclaimed 71112kB at oom_score_adj 0
06-15 12:56:54.698 I/lowmemorykiller( 515): Suppressed 5 failed kill reports
06-15 12:56:54.743 I/[ 7230.130046] oom_reaper( 0): reaped process 17732 (droid.launcher3), now anon-rss:0kB, file-rss:0kB, shmem-rss:380kB
06-15 12:56:54.741 I/Zygote ( 687): Process 17732 exited due to signal 9 (Killed)
06-15 12:56:54.746 I/ActivityManager( 1357): Process com.android.launcher3 (pid 17732) has died: fg TOP
06-15 12:56:54.747 W/ActivityManager( 1357): Scheduling restart of crashed service com.android.launcher3/com.android.quickstep.TouchInteractionService in 310420439040ms for connection
06-15 12:56:54.750 D/CompatibilityInfo( 1357): mCompatibilityFlags - 4
06-15 12:56:54.750 D/CompatibilityInfo( 1357): applicationDensity - 240
06-15 12:56:54.750 D/CompatibilityInfo( 1357): applicationScale - 1.0
06-15 12:56:54.751 I/libprocessgroup( 1357): Successfully killed process cgroup uid 10074 pid 17732 in 0ms
06-15 12:56:54.751 D/CompatibilityChangeReporter( 1357): Compat change id reported: 135634846; UID 10074; state: DISABLED
06-15 12:56:54.751 D/CompatibilityChangeReporter( 1357): Compat change id reported: 177438394; UID 10074; state: DISABLED
06-15 12:56:54.751 D/CompatibilityChangeReporter( 1357): Compat change id reported: 135772972; UID 10074; state: DISABLED
06-15 12:56:54.751 D/CompatibilityChangeReporter( 1357): Compat change id reported: 135754954; UID 10074; state: ENABLED
06-15 12:56:54.752 D/CompatibilityChangeReporter( 1357): Compat change id reported: 143937733; UID 10074; state: ENABLED
06-15 12:56:54.757 D/Zygote ( 687): Forked child process 17750
06-15 12:56:54.758 I/ActivityManager( 1357): Start proc 17750:com.android.launcher3/u0a74 for top-activity {com.android.launcher3/com.android.launcher3.uioverrides.QuickstepLauncher}
06-15 12:56:54.763 I/Zygote (17750): seccomp disabled by setenforce 0
06-15 12:56:54.764 E/ANDR-PERF-UTIL( 852): Failed to update node /proc/17306/sched_boost with value 0
06-15 12:56:54.764 E/ANDR-PERF-OPTSHANDLER( 852): can't reset task 17306
06-15 12:56:54.764 E/ANDR-PERF-RESOURCEQS( 852): Failed to reset optimization [3, 32]
06-15 12:56:54.767 I/lowmemorykiller( 515): proc_get_script: No tasks are found to kill
06-15 12:56:54.772 I/adbd ( 6513): jdwp connection from 17750
06-15 12:56:54.767 I/zygote64(17750): type=1400 audit(0.0:19929): avc: denied { connectto } for comm=4144422D4A44575020436F6E6E6563 path=006A6477702D636F6E74726F6C scontext=u:r:priv_app:s0:c512,c768 tcontext=u:r:su:s0 tclass=unix_stream_socket permissive=1
06-15 12:56:54.773 D/ProcessState(17750): Binder ioctl to enable oneway spam detection failed: Invalid argument
06-15 12:56:54.774 I/[ 7230.163179] binder( 0): 17750:17750 ioctl 40046210 7fcde88de4 returned -22
06-15 12:56:54.778 D/CompatibilityInfo( 1357): mCompatibilityFlags - 4
06-15 12:56:54.778 D/CompatibilityInfo( 1357): applicationDensity - 240
06-15 12:56:54.778 D/CompatibilityInfo( 1357): applicationScale - 1.0
06-15 12:56:54.780 D/CompatibilityInfo( 1357): mCompatibilityFlags - 4
06-15 12:56:54.780 D/CompatibilityInfo( 1357): applicationDensity - 240
06-15 12:56:54.780 D/CompatibilityInfo( 1357): applicationScale - 1.0
06-15 12:56:54.783 D/CompatibilityChangeReporter(17750): Compat change id reported: 171979766; UID 10074; state: ENABLED
06-15 12:56:54.784 D/CompatibilityInfo( 1357): mCompatibilityFlags - 4
06-15 12:56:54.784 D/CompatibilityInfo( 1357): applicationDensity - 240
06-15 12:56:54.784 D/CompatibilityInfo( 1357): applicationScale - 1.0
06-15 12:56:54.791 I/Perf (17750): Connecting to perf service.
06-15 12:56:54.795 I/lowmemorykiller( 515): Kill 'com.android.launcher3' (17750), uid 10074, oom_score_adj 0 to free 71112kB rss, 2544kb swap
06-15 12:56:54.796 I/lowmemorykiller( 515): Reclaimed 71112kB at oom_score_adj 0
06-15 12:56:54.796 I/lowmemorykiller( 515): Suppressed 2 failed kill reports
06-15 12:56:54.816 I/Zygote ( 687): Process 17750 exited due to signal 9 (Killed)
06-15 12:56:54.818 I/[ 7230.204201] oom_reaper( 0): reaped process 17750 (droid.launcher3), now anon-rss:0kB, file-rss:0kB, shmem-rss:380kB
06-15 12:56:54.822 I/ActivityManager( 1357): Process com.android.launcher3 (pid 17750) has died: fg TOP
06-15 12:56:54.823 I/[ 7230.212163] binder( 0): undelivered transaction 6746911, process died.
06-15 12:56:54.823 I/libprocessgroup( 1357): Successfully killed process cgroup uid 10074 pid 17750 in 0ms
06-15 12:56:54.824 W/ActivityManager( 1357): Scheduling restart of crashed service com.android.launcher3/com.android.quickstep.TouchInteractionService in 1241681756160ms for connection
06-15 12:56:54.825 E/ANDR-PERF-UTIL( 852): Failed to update node /proc/17323/sched_boost with value 0
06-15 12:56:54.825 E/ANDR-PERF-OPTSHANDLER( 852): can't reset task 17323
06-15 12:56:54.825 E/ANDR-PERF-RESOURCEQS( 852): Failed to reset optimization [3, 32]
06-15 12:56:54.829 D/CompatibilityInfo( 1357): mCompatibilityFlags - 4
06-15 12:56:54.829 D/CompatibilityInfo( 1357): applicationDensity - 240
06-15 12:56:54.829 D/CompatibilityInfo( 1357): applicationScale - 1.0
06-15 12:56:54.830 D/CompatibilityChangeReporter( 1357): Compat change id reported: 135634846; UID 10074; state: DISABLED
06-15 12:56:54.831 D/CompatibilityChangeReporter( 1357): Compat change id reported: 177438394; UID 10074; state: DISABLED
06-15 12:56:54.831 D/CompatibilityChangeReporter( 1357): Compat change id reported: 135772972; UID 10074; state: DISABLED
06-15 12:56:54.831 D/CompatibilityChangeReporter( 1357): Compat change id reported: 135754954; UID 10074; state: ENABLED
06-15 12:56:54.831 D/CompatibilityChangeReporter( 1357): Compat change id reported: 143937733; UID 10074; state: ENABLED
06-15 12:56:54.837 D/Zygote ( 687): Forked child process 17768
06-15 12:56:54.837 I/ActivityManager( 1357): Start proc 17768:com.android.launcher3/u0a74 for top-activity {com.android.launcher3/com.android.launcher3.uioverrides.QuickstepLauncher}
06-15 12:56:54.842 I/Zygote (17768): seccomp disabled by setenforce 0
06-15 12:56:54.851 I/adbd ( 6513): jdwp connection from 17768
06-15 12:56:54.851 D/ProcessState(17768): Binder ioctl to enable oneway spam detection failed: Invalid argument
06-15 12:56:54.854 I/[ 7230.241808] binder( 0): 17768:17768 ioctl 40046210 7fcde88de4 returned -22
06-15 12:56:54.859 D/CompatibilityInfo( 1357): mCompatibilityFlags - 4
06-15 12:56:54.859 D/CompatibilityInfo( 1357): applicationDensity - 240
06-15 12:56:54.859 D/CompatibilityInfo( 1357): applicationScale - 1.0
06-15 12:56:54.860 D/CompatibilityInfo( 1357): mCompatibilityFlags - 4
06-15 12:56:54.860 D/CompatibilityInfo( 1357): applicationDensity - 240
06-15 12:56:54.860 D/CompatibilityInfo( 1357): applicationScale - 1.0
06-15 12:56:54.861 D/CompatibilityChangeReporter(17768): Compat change id reported: 171979766; UID 10074; state: ENABLED
06-15 12:56:54.865 D/CompatibilityInfo( 1357): mCompatibilityFlags - 4
06-15 12:56:54.865 D/CompatibilityInfo( 1357): applicationDensity - 240
06-15 12:56:54.865 D/CompatibilityInfo( 1357): applicationScale - 1.0
06-15 12:56:54.870 I/Perf (17768): Connecting to perf service.
06-15 12:56:54.874 V/GraphicsEnvironment(17768): ANGLE Developer option for 'com.android.launcher3' set to: 'default'
06-15 12:56:54.874 V/GraphicsEnvironment(17768): ANGLE GameManagerService for com.android.launcher3: false
06-15 12:56:54.875 D/NetworkSecurityConfig(17768): No Network Security Config specified, using platform default
06-15 12:56:54.875 D/NetworkSecurityConfig(17768): No Network Security Config specified, using platform default
06-15 12:56:54.880 I/lowmemorykiller( 515): Kill 'com.android.launcher3' (17768), uid 10074, oom_score_adj 0 to free 71164kB rss, 2544kb swap
06-15 12:56:54.881 I/lowmemorykiller( 515): Reclaimed 71164kB at oom_score_adj 0
06-15 12:56:54.881 I/lowmemorykiller( 515): Suppressed 5 failed kill reports
06-15 12:56:54.911 E/ANDR-PERF-UTIL( 852): Failed to update node /proc/17341/sched_boost with value 0
06-15 12:56:54.912 E/ANDR-PERF-OPTSHANDLER( 852): can't reset task 17341
06-15 12:56:54.912 E/ANDR-PERF-RESOURCEQS( 852): Failed to reset optimization [3, 32]
06-15 12:56:54.917 I/[ 7230.306931] oom_reaper( 0): reaped process 17768 (droid.launcher3), now anon-rss:0kB, file-rss:0kB, shmem-rss:380kB
06-15 12:56:54.919 I/Zygote ( 687): Process 17768 exited due to signal 9 (Killed)
06-15 12:56:54.922 I/ActivityManager( 1357): Process com.android.launcher3 (pid 17768) has died: fg TOP
06-15 12:56:54.922 I/libprocessgroup( 1357): Successfully killed process cgroup uid 10074 pid 17768 in 0ms
06-15 12:56:54.923 W/ActivityManager( 1357): Scheduling restart of crashed service com.android.launcher3/com.android.quickstep.TouchInteractionService in 4966727024640ms for connection
06-15 12:56:54.923 D/CompatibilityInfo( 1357): mCompatibilityFlags - 4
06-15 12:56:54.923 D/CompatibilityInfo( 1357): applicationDensity - 240
06-15 12:56:54.923 D/CompatibilityInfo( 1357): applicationScale - 1.0
06-15 12:56:54.924 D/CompatibilityChangeReporter( 1357): Compat change id reported: 135634846; UID 10074; state: DISABLED
06-15 12:56:54.924 D/CompatibilityChangeReporter( 1357): Compat change id reported: 177438394; UID 10074; state: DISABLED
06-15 12:56:54.924 D/CompatibilityChangeReporter( 1357): Compat change id reported: 135772972; UID 10074; state: DISABLED
06-15 12:56:54.924 D/CompatibilityChangeReporter( 1357): Compat change id reported: 135754954; UID 10074; state: ENABLED
06-15 12:56:54.924 D/CompatibilityChangeReporter( 1357): Compat change id reported: 143937733; UID 10074; state: ENABLED
06-15 12:56:54.928 D/Zygote ( 687): Forked child process 17786
06-15 12:56:54.928 I/ActivityManager( 1357): Start proc 17786:com.android.launcher3/u0a74 for top-activity {com.android.launcher3/com.android.launcher3.uioverrides.QuickstepLauncher}
06-15 12:56:54.932 I/Zygote (17786): seccomp disabled by setenforce 0
06-15 12:56:54.938 I/adbd ( 6513): jdwp connection from 17786
