06-15 12:53:08.992 D/PowerManagerService( 1357): updateDisplayPowerStateLocked: displayReady=true, groupId=0, policy=BRIGHT, mWakefulness=Awake, mWakeLockSummary=0x23, mUserActivitySummary=0x4, mBootCompleted=true, screenBrightnessOverride=NaN, useAutoBrightness=true, mScreenBrightnessBoostInProgress=false, mIsVrModeEnabled= false, sQuiescent=false
06-15 12:53:10.317 D/PowerManagerService( 1357): acquireWakeLockInternal: lock=104828930, flags=0x1, tag="AudioMix", ws=null, uid=1041, pid=0
06-15 12:53:10.317 D/PowerManagerService( 1357): updateWakeLockSummaryLocked: mWakefulness=Awake, mWakeLockSummary=0x23
06-15 12:53:10.317 D/PowerManagerService( 1357): updateUserActivitySummaryLocked: groupId=0, mWakefulness=Awake, mUserActivitySummary=0x4, nextTimeout=-1 (7005675 ms ago)
06-15 12:53:10.318 D/PowerManagerNotifier( 1357): onScreenPolicyUpdate: newPolicy=3
06-15 12:53:10.319 D/PowerManagerService( 1357): updateDisplayPowerStateLocked: displayReady=true, groupId=0, policy=BRIGHT, mWakefulness=Awake, mWakeLockSummary=0x23, mUserActivitySummary=0x4, mBootCompleted=true, screenBrightnessOverride=NaN, useAutoBrightness=true, mScreenBrightnessBoostInProgress=false, mIsVrModeEnabled= false, sQuiescent=false
06-15 12:53:10.319 D/PowerManagerNotifier( 1357): onWakeLockAcquired: flags=1, tag="AudioMix", packageName=audioserver, ownerUid=1041, ownerPid=0, workSource=null
06-15 12:53:10.321 D/PowerManagerService( 1357): acquireWakeLockInternal: lock=175971603, flags=0x1, tag="AudioMix", ws=null, uid=1041, pid=0
06-15 12:53:10.322 D/PowerManagerService( 1357): updateWakeLockSummaryLocked: mWakefulness=Awake, mWakeLockSummary=0x23
06-15 12:53:10.322 D/PowerManagerService( 1357): updateUserActivitySummaryLocked: groupId=0, mWakefulness=Awake, mUserActivitySummary=0x4, nextTimeout=-1 (7005680 ms ago)
06-15 12:53:10.322 D/PowerManagerNotifier( 1357): onScreenPolicyUpdate: newPolicy=3
06-15 12:53:10.322 D/PowerManagerService( 1357): updateDisplayPowerStateLocked: displayReady=true, groupId=0, policy=BRIGHT, mWakefulness=Awake, mWakeLockSummary=0x23, mUserActivitySummary=0x4, mBootCompleted=true, screenBrightnessOverride=NaN, useAutoBrightness=true, mScreenBrightnessBoostInProgress=false, mIsVrModeEnabled= false, sQuiescent=false
06-15 12:53:10.322 D/PowerManagerNotifier( 1357): onWakeLockAcquired: flags=1, tag="AudioMix", packageName=audioserver, ownerUid=1041, ownerPid=0, workSource=null
06-15 12:53:10.323 D/PowerManagerService( 1357): updateWakeLockWorkSourceInternal: lock=104828930 [AudioMix], ws=null
06-15 12:53:10.323 D/PowerManagerService( 1357): updateWakeLockWorkSourceInternal: lock=175971603 [AudioMix], ws=null
06-15 12:53:10.324 D/PowerManagerService( 1357): acquireWakeLockInternal: lock=97737552, flags=0x1, tag="AudioMix", ws=null, uid=1041, pid=0
06-15 12:53:10.324 D/PowerManagerService( 1357): updateWakeLockSummaryLocked: mWakefulness=Awake, mWakeLockSummary=0x23
06-15 12:53:10.324 D/PowerManagerService( 1357): updateUserActivitySummaryLocked: groupId=0, mWakefulness=Awake, mUserActivitySummary=0x4, nextTimeout=-1 (7005682 ms ago)
06-15 12:53:10.324 D/PowerManagerNotifier( 1357): onScreenPolicyUpdate: newPolicy=3
06-15 12:53:10.324 D/PowerManagerService( 1357): updateDisplayPowerStateLocked: displayReady=true, groupId=0, policy=BRIGHT, mWakefulness=Awake, mWakeLockSummary=0x23, mUserActivitySummary=0x4, mBootCompleted=true, screenBrightnessOverride=NaN, useAutoBrightness=true, mScreenBrightnessBoostInProgress=false, mIsVrModeEnabled= false, sQuiescent=false
06-15 12:53:10.324 D/PowerManagerNotifier( 1357): onWakeLockAcquired: flags=1, tag="AudioMix", packageName=audioserver, ownerUid=1041, ownerPid=0, workSource=null
06-15 12:53:10.325 D/PowerManagerService( 1357): updateWakeLockWorkSourceInternal: lock=97737552 [AudioMix], ws=null
06-15 12:53:11.291 E/[ 7006.632829] [MAX975X( 0): max96755x_vc1_lcd_dtc_check] *ERROR* DTC_Display: screen not ready(0), bl_sta(1), lvl(20)
06-15 12:53:13.318 D/PowerManagerService( 1357): releaseWakeLockInternal: lock=175971603 [AudioMix], flags=0x0
06-15 12:53:13.318 D/PowerManagerNotifier( 1357): onWakeLockReleased: flags=1, tag="AudioMix", packageName=audioserver, ownerUid=1041, ownerPid=0, workSource=null
06-15 12:53:13.318 D/PowerManagerService( 1357): updateWakeLockSummaryLocked: mWakefulness=Awake, mWakeLockSummary=0x23
06-15 12:53:13.319 D/PowerManagerService( 1357): updateUserActivitySummaryLocked: groupId=0, mWakefulness=Awake, mUserActivitySummary=0x4, nextTimeout=-1 (7008676 ms ago)
06-15 12:53:13.319 D/PowerManagerNotifier( 1357): onScreenPolicyUpdate: newPolicy=3
06-15 12:53:13.319 D/PowerManagerService( 1357): updateDisplayPowerStateLocked: displayReady=true, groupId=0, policy=BRIGHT, mWakefulness=Awake, mWakeLockSummary=0x23, mUserActivitySummary=0x4, mBootCompleted=true, screenBrightnessOverride=NaN, useAutoBrightness=true, mScreenBrightnessBoostInProgress=false, mIsVrModeEnabled= false, sQuiescent=false
06-15 12:53:13.325 D/PowerManagerService( 1357): releaseWakeLockInternal: lock=104828930 [AudioMix], flags=0x0
06-15 12:53:13.325 D/PowerManagerNotifier( 1357): onWakeLockReleased: flags=1, tag="AudioMix", packageName=audioserver, ownerUid=1041, ownerPid=0, workSource=null
06-15 12:53:13.326 D/PowerManagerService( 1357): updateWakeLockSummaryLocked: mWakefulness=Awake, mWakeLockSummary=0x23
06-15 12:53:13.326 D/PowerManagerService( 1357): updateUserActivitySummaryLocked: groupId=0, mWakefulness=Awake, mUserActivitySummary=0x4, nextTimeout=-1 (7008683 ms ago)
06-15 12:53:13.326 D/PowerManagerNotifier( 1357): onScreenPolicyUpdate: newPolicy=3
06-15 12:53:13.326 D/PowerManagerService( 1357): updateDisplayPowerStateLocked: displayReady=true, groupId=0, policy=BRIGHT, mWakefulness=Awake, mWakeLockSummary=0x23, mUserActivitySummary=0x4, mBootCompleted=true, screenBrightnessOverride=NaN, useAutoBrightness=true, mScreenBrightnessBoostInProgress=false, mIsVrModeEnabled= false, sQuiescent=false
06-15 12:53:13.327 D/PowerManagerService( 1357): releaseWakeLockInternal: lock=97737552 [AudioMix], flags=0x0
06-15 12:53:13.327 D/PowerManagerNotifier( 1357): onWakeLockReleased: flags=1, tag="AudioMix", packageName=audioserver, ownerUid=1041, ownerPid=0, workSource=null
06-15 12:53:13.328 D/PowerManagerService( 1357): updateWakeLockSummaryLocked: mWakefulness=Awake, mWakeLockSummary=0x23
06-15 12:53:13.328 D/PowerManagerService( 1357): updateUserActivitySummaryLocked: groupId=0, mWakefulness=Awake, mUserActivitySummary=0x4, nextTimeout=-1 (7008685 ms ago)
06-15 12:53:13.328 D/PowerManagerNotifier( 1357): onScreenPolicyUpdate: newPolicy=3
06-15 12:53:13.328 D/PowerManagerService( 1357): updateDisplayPowerStateLocked: displayReady=true, groupId=0, policy=BRIGHT, mWakefulness=Awake, mWakeLockSummary=0x23, mUserActivitySummary=0x4, mBootCompleted=true, screenBrightnessOverride=NaN, useAutoBrightness=true, mScreenBrightnessBoostInProgress=false, mIsVrModeEnabled= false, sQuiescent=false
06-15 12:53:15.579 E/[ 7010.924621] [MAX975X( 0): max96755x_vc1_lcd_dtc_check] *ERROR* DTC_Display: screen not ready(0), bl_sta(1), lvl(20)
06-15 12:53:16.584 I/[ 7011.937425] init( 0): processing action (sys.tlog.tlogdshc.active=1) from (/system/etc/init/tlogd.rc:195)
06-15 12:53:16.584 I/[ 7011.938127] init( 0): starting service 'tlogdshc'...
06-15 12:53:16.715 I/[ 7012.068275] init( 0): Service 'tlogdshc' (pid 12826) exited with status 0 oneshot service took 0.123000 seconds in background
06-15 12:53:16.715 I/[ 7012.068301] init( 0): Sending signal 9 to service 'tlogdshc' (pid 12826) process group...
06-15 12:53:16.715 I/[ 7012.068489] libprocessgroup( 0): Successfully killed process cgroup uid 0 pid 12826 in 0ms
06-15 12:53:18.477 D/PowerManagerService( 1357): acquireWakeLockInternal: lock=11563337, flags=0x1, tag="AudioMix", ws=null, uid=1041, pid=0
06-15 12:53:18.478 D/PowerManagerService( 1357): updateWakeLockSummaryLocked: mWakefulness=Awake, mWakeLockSummary=0x23
06-15 12:53:18.478 D/PowerManagerService( 1357): updateUserActivitySummaryLocked: groupId=0, mWakefulness=Awake, mUserActivitySummary=0x4, nextTimeout=-1 (7013836 ms ago)
06-15 12:53:18.478 D/PowerManagerNotifier( 1357): onScreenPolicyUpdate: newPolicy=3
06-15 12:53:18.478 D/PowerManagerService( 1357): updateDisplayPowerStateLocked: displayReady=true, groupId=0, policy=BRIGHT, mWakefulness=Awake, mWakeLockSummary=0x23, mUserActivitySummary=0x4, mBootCompleted=true, screenBrightnessOverride=NaN, useAutoBrightness=true, mScreenBrightnessBoostInProgress=false, mIsVrModeEnabled= false, sQuiescent=false
06-15 12:53:18.478 D/PowerManagerNotifier( 1357): onWakeLockAcquired: flags=1, tag="AudioMix", packageName=audioserver, ownerUid=1041, ownerPid=0, workSource=null
06-15 12:53:18.479 D/PowerManagerService( 1357): acquireWakeLockInternal: lock=85633614, flags=0x1, tag="AudioMix", ws=null, uid=1041, pid=0
06-15 12:53:18.479 D/PowerManagerService( 1357): updateWakeLockSummaryLocked: mWakefulness=Awake, mWakeLockSummary=0x23
06-15 12:53:18.480 D/PowerManagerService( 1357): updateUserActivitySummaryLocked: groupId=0, mWakefulness=Awake, mUserActivitySummary=0x4, nextTimeout=-1 (7013837 ms ago)
06-15 12:53:18.480 D/PowerManagerNotifier( 1357): onScreenPolicyUpdate: newPolicy=3
06-15 12:53:18.480 D/PowerManagerService( 1357): updateDisplayPowerStateLocked: displayReady=true, groupId=0, policy=BRIGHT, mWakefulness=Awake, mWakeLockSummary=0x23, mUserActivitySummary=0x4, mBootCompleted=true, screenBrightnessOverride=NaN, useAutoBrightness=true, mScreenBrightnessBoostInProgress=false, mIsVrModeEnabled= false, sQuiescent=false
06-15 12:53:18.480 D/PowerManagerNotifier( 1357): onWakeLockAcquired: flags=1, tag="AudioMix", packageName=audioserver, ownerUid=1041, ownerPid=0, workSource=null
06-15 12:53:18.480 D/PowerManagerService( 1357): updateWakeLockWorkSourceInternal: lock=11563337 [AudioMix], ws=null
06-15 12:53:18.480 D/PowerManagerService( 1357): updateWakeLockWorkSourceInternal: lock=85633614 [AudioMix], ws=null
06-15 12:53:18.481 D/PowerManagerService( 1357): acquireWakeLockInternal: lock=43153263, flags=0x1, tag="AudioMix", ws=null, uid=1041, pid=0
06-15 12:53:18.481 D/PowerManagerService( 1357): updateWakeLockSummaryLocked: mWakefulness=Awake, mWakeLockSummary=0x23
06-15 12:53:18.481 D/PowerManagerService( 1357): updateUserActivitySummaryLocked: groupId=0, mWakefulness=Awake, mUserActivitySummary=0x4, nextTimeout=-1 (7013838 ms ago)
06-15 12:53:18.481 D/PowerManagerNotifier( 1357): onScreenPolicyUpdate: newPolicy=3
06-15 12:53:18.481 D/PowerManagerService( 1357): updateDisplayPowerStateLocked: displayReady=true, groupId=0, policy=BRIGHT, mWakefulness=Awake, mWakeLockSummary=0x23, mUserActivitySummary=0x4, mBootCompleted=true, screenBrightnessOverride=NaN, useAutoBrightness=true, mScreenBrightnessBoostInProgress=false, mIsVrModeEnabled= false, sQuiescent=false
06-15 12:53:18.481 D/PowerManagerNotifier( 1357): onWakeLockAcquired: flags=1, tag="AudioMix", packageName=audioserver, ownerUid=1041, ownerPid=0, workSource=null
06-15 12:53:18.482 D/PowerManagerService( 1357): updateWakeLockWorkSourceInternal: lock=43153263 [AudioMix], ws=null
06-15 12:53:19.867 E/[ 7015.212632] [MAX975X( 0): max96755x_vc1_lcd_dtc_check] *ERROR* DTC_Display: screen not ready(0), bl_sta(1), lvl(20)
06-15 12:53:21.477 D/PowerManagerService( 1357): releaseWakeLockInternal: lock=11563337 [AudioMix], flags=0x0
06-15 12:53:21.477 D/PowerManagerNotifier( 1357): onWakeLockReleased: flags=1, tag="AudioMix", packageName=audioserver, ownerUid=1041, ownerPid=0, workSource=null
06-15 12:53:21.478 D/PowerManagerService( 1357): updateWakeLockSummaryLocked: mWakefulness=Awake, mWakeLockSummary=0x23
06-15 12:53:21.478 D/PowerManagerService( 1357): updateUserActivitySummaryLocked: groupId=0, mWakefulness=Awake, mUserActivitySummary=0x4, nextTimeout=-1 (7016835 ms ago)
06-15 12:53:21.478 D/PowerManagerNotifier( 1357): onScreenPolicyUpdate: newPolicy=3
06-15 12:53:21.478 D/PowerManagerService( 1357): updateDisplayPowerStateLocked: displayReady=true, groupId=0, policy=BRIGHT, mWakefulness=Awake, mWakeLockSummary=0x23, mUserActivitySummary=0x4, mBootCompleted=true, screenBrightnessOverride=NaN, useAutoBrightness=true, mScreenBrightnessBoostInProgress=false, mIsVrModeEnabled= false, sQuiescent=false
06-15 12:53:21.480 D/PowerManagerService( 1357): releaseWakeLockInternal: lock=43153263 [AudioMix], flags=0x0
06-15 12:53:21.480 D/PowerManagerNotifier( 1357): onWakeLockReleased: flags=1, tag="AudioMix", packageName=audioserver, ownerUid=1041, ownerPid=0, workSource=null
06-15 12:53:21.480 D/PowerManagerService( 1357): updateWakeLockSummaryLocked: mWakefulness=Awake, mWakeLockSummary=0x23
06-15 12:53:21.480 D/PowerManagerService( 1357): updateUserActivitySummaryLocked: groupId=0, mWakefulness=Awake, mUserActivitySummary=0x4, nextTimeout=-1 (7016838 ms ago)
06-15 12:53:21.480 D/PowerManagerNotifier( 1357): onScreenPolicyUpdate: newPolicy=3
06-15 12:53:21.480 D/PowerManagerService( 1357): updateDisplayPowerStateLocked: displayReady=true, groupId=0, policy=BRIGHT, mWakefulness=Awake, mWakeLockSummary=0x23, mUserActivitySummary=0x4, mBootCompleted=true, screenBrightnessOverride=NaN, useAutoBrightness=true, mScreenBrightnessBoostInProgress=false, mIsVrModeEnabled= false, sQuiescent=false
06-15 12:53:21.484 D/PowerManagerService( 1357): releaseWakeLockInternal: lock=85633614 [AudioMix], flags=0x0
06-15 12:53:21.484 D/PowerManagerNotifier( 1357): onWakeLockReleased: flags=1, tag="AudioMix", packageName=audioserver, ownerUid=1041, ownerPid=0, workSource=null
06-15 12:53:21.484 D/PowerManagerService( 1357): updateWakeLockSummaryLocked: mWakefulness=Awake, mWakeLockSummary=0x23
06-15 12:53:21.484 D/PowerManagerService( 1357): updateUserActivitySummaryLocked: groupId=0, mWakefulness=Awake, mUserActivitySummary=0x4, nextTimeout=-1 (7016842 ms ago)
06-15 12:53:21.485 D/PowerManagerNotifier( 1357): onScreenPolicyUpdate: newPolicy=3
06-15 12:53:21.485 D/PowerManagerService( 1357): updateDisplayPowerStateLocked: displayReady=true, groupId=0, policy=BRIGHT, mWakefulness=Awake, mWakeLockSummary=0x23, mUserActivitySummary=0x4, mBootCompleted=true, screenBrightnessOverride=NaN, useAutoBrightness=true, mScreenBrightnessBoostInProgress=false, mIsVrModeEnabled= false, sQuiescent=false
06-15 12:53:24.151 E/[ 7019.496612] [MAX975X( 0): max96755x_vc1_lcd_dtc_check] *ERROR* DTC_Display: screen not ready(0), bl_sta(1), lvl(20)
06-15 12:53:26.597 D/PowerManagerService( 1357): acquireWakeLockInternal: lock=127589500, flags=0x1, tag="AudioMix", ws=null, uid=1041, pid=0
06-15 12:53:26.597 D/PowerManagerService( 1357): updateWakeLockSummaryLocked: mWakefulness=Awake, mWakeLockSummary=0x23
06-15 12:53:26.597 D/PowerManagerService( 1357): updateUserActivitySummaryLocked: groupId=0, mWakefulness=Awake, mUserActivitySummary=0x4, nextTimeout=-1 (7021955 ms ago)
06-15 12:53:26.597 D/PowerManagerNotifier( 1357): onScreenPolicyUpdate: newPolicy=3
06-15 12:53:26.597 D/PowerManagerService( 1357): updateDisplayPowerStateLocked: displayReady=true, groupId=0, policy=BRIGHT, mWakefulness=Awake, mWakeLockSummary=0x23, mUserActivitySummary=0x4, mBootCompleted=true, screenBrightnessOverride=NaN, useAutoBrightness=true, mScreenBrightnessBoostInProgress=false, mIsVrModeEnabled= false, sQuiescent=false
06-15 12:53:26.598 D/PowerManagerNotifier( 1357): onWakeLockAcquired: flags=1, tag="AudioMix", packageName=audioserver, ownerUid=1041, ownerPid=0, workSource=null
06-15 12:53:26.598 D/PowerManagerService( 1357): updateWakeLockWorkSourceInternal: lock=127589500 [AudioMix], ws=null
06-15 12:53:26.599 D/PowerManagerService( 1357): acquireWakeLockInternal: lock=383237, flags=0x1, tag="AudioMix", ws=null, uid=1041, pid=0
06-15 12:53:26.599 D/PowerManagerService( 1357): updateWakeLockSummaryLocked: mWakefulness=Awake, mWakeLockSummary=0x23
06-15 12:53:26.599 D/PowerManagerService( 1357): updateUserActivitySummaryLocked: groupId=0, mWakefulness=Awake, mUserActivitySummary=0x4, nextTimeout=-1 (7021956 ms ago)
06-15 12:53:26.600 D/PowerManagerNotifier( 1357): onScreenPolicyUpdate: newPolicy=3
06-15 12:53:26.600 D/PowerManagerService( 1357): updateDisplayPowerStateLocked: displayReady=true, groupId=0, policy=BRIGHT, mWakefulness=Awake, mWakeLockSummary=0x23, mUserActivitySummary=0x4, mBootCompleted=true, screenBrightnessOverride=NaN, useAutoBrightness=true, mScreenBrightnessBoostInProgress=false, mIsVrModeEnabled= false, sQuiescent=false
06-15 12:53:26.600 D/PowerManagerNotifier( 1357): onWakeLockAcquired: flags=1, tag="AudioMix", packageName=audioserver, ownerUid=1041, ownerPid=0, workSource=null
06-15 12:53:26.601 D/PowerManagerService( 1357): updateWakeLockWorkSourceInternal: lock=383237 [AudioMix], ws=null
06-15 12:53:26.601 D/PowerManagerService( 1357): acquireWakeLockInternal: lock=159063386, flags=0x1, tag="AudioMix", ws=null, uid=1041, pid=0
06-15 12:53:26.601 D/PowerManagerService( 1357): updateWakeLockSummaryLocked: mWakefulness=Awake, mWakeLockSummary=0x23
06-15 12:53:26.601 D/PowerManagerService( 1357): updateUserActivitySummaryLocked: groupId=0, mWakefulness=Awake, mUserActivitySummary=0x4, nextTimeout=-1 (7021959 ms ago)
06-15 12:53:26.601 D/PowerManagerNotifier( 1357): onScreenPolicyUpdate: newPolicy=3
06-15 12:53:26.601 D/PowerManagerService( 1357): updateDisplayPowerStateLocked: displayReady=true, groupId=0, policy=BRIGHT, mWakefulness=Awake, mWakeLockSummary=0x23, mUserActivitySummary=0x4, mBootCompleted=true, screenBrightnessOverride=NaN, useAutoBrightness=true, mScreenBrightnessBoostInProgress=false, mIsVrModeEnabled= false, sQuiescent=false
06-15 12:53:26.601 D/PowerManagerNotifier( 1357): onWakeLockAcquired: flags=1, tag="AudioMix", packageName=audioserver, ownerUid=1041, ownerPid=0, workSource=null
06-15 12:53:26.601 D/PowerManagerService( 1357): updateWakeLockWorkSourceInternal: lock=159063386 [AudioMix], ws=null
06-15 12:53:28.411 E/[ 7023.752875] [MAX975X( 0): max96755x_vc1_lcd_dtc_check] *ERROR* DTC_Display: screen not ready(0), bl_sta(1), lvl(20)
06-15 12:53:28.412 D/PowerManagerService( 1357): acquireWakeLockInternal: lock=219894062, flags=0x1, tag="NetworkStats", ws=null, uid=1000, pid=1357
06-15 12:53:28.412 D/PowerManagerService( 1357): updateWakeLockSummaryLocked: mWakefulness=Awake, mWakeLockSummary=0x23
06-15 12:53:28.413 D/PowerManagerService( 1357): updateUserActivitySummaryLocked: groupId=0, mWakefulness=Awake, mUserActivitySummary=0x4, nextTimeout=-1 (7023770 ms ago)
06-15 12:53:28.413 D/PowerManagerNotifier( 1357): onScreenPolicyUpdate: newPolicy=3
06-15 12:53:28.413 D/PowerManagerService( 1357): updateDisplayPowerStateLocked: displayReady=true, groupId=0, policy=BRIGHT, mWakefulness=Awake, mWakeLockSummary=0x23, mUserActivitySummary=0x4, mBootCompleted=true, screenBrightnessOverride=NaN, useAutoBrightness=true, mScreenBrightnessBoostInProgress=false, mIsVrModeEnabled= false, sQuiescent=false
06-15 12:53:28.413 D/PowerManagerNotifier( 1357): onWakeLockAcquired: flags=1, tag="NetworkStats", packageName=android, ownerUid=1000, ownerPid=1357, workSource=null
06-15 12:53:28.427 D/PowerManagerService( 1357): releaseWakeLockInternal: lock=219894062 [NetworkStats], flags=0x0
06-15 12:53:28.427 D/PowerManagerNotifier( 1357): onWakeLockReleased: flags=1, tag="NetworkStats", packageName=android, ownerUid=1000, ownerPid=1357, workSource=null
06-15 12:53:28.427 D/PowerManagerService( 1357): updateWakeLockSummaryLocked: mWakefulness=Awake, mWakeLockSummary=0x23
06-15 12:53:28.427 D/PowerManagerService( 1357): updateUserActivitySummaryLocked: groupId=0, mWakefulness=Awake, mUserActivitySummary=0x4, nextTimeout=-1 (7023785 ms ago)
06-15 12:53:28.427 D/PowerManagerNotifier( 1357): onScreenPolicyUpdate: newPolicy=3
06-15 12:53:28.428 D/PowerManagerService( 1357): updateDisplayPowerStateLocked: displayReady=true, groupId=0, policy=BRIGHT, mWakefulness=Awake, mWakeLockSummary=0x23, mUserActivitySummary=0x4, mBootCompleted=true, screenBrightnessOverride=NaN, useAutoBrightness=true, mScreenBrightnessBoostInProgress=false, mIsVrModeEnabled= false, sQuiescent=false
06-15 12:53:29.600 D/PowerManagerService( 1357): releaseWakeLockInternal: lock=127589500 [AudioMix], flags=0x0
06-15 12:53:29.601 D/PowerManagerNotifier( 1357): onWakeLockReleased: flags=1, tag="AudioMix", packageName=audioserver, ownerUid=1041, ownerPid=0, workSource=null
06-15 12:53:29.601 D/PowerManagerService( 1357): updateWakeLockSummaryLocked: mWakefulness=Awake, mWakeLockSummary=0x23
06-15 12:53:29.601 D/PowerManagerService( 1357): updateUserActivitySummaryLocked: groupId=0, mWakefulness=Awake, mUserActivitySummary=0x4, nextTimeout=-1 (7024959 ms ago)
06-15 12:53:29.601 D/PowerManagerNotifier( 1357): onScreenPolicyUpdate: newPolicy=3
06-15 12:53:29.602 D/PowerManagerService( 1357): updateDisplayPowerStateLocked: displayReady=true, groupId=0, policy=BRIGHT, mWakefulness=Awake, mWakeLockSummary=0x23, mUserActivitySummary=0x4, mBootCompleted=true, screenBrightnessOverride=NaN, useAutoBrightness=true, mScreenBrightnessBoostInProgress=false, mIsVrModeEnabled= false, sQuiescent=false
06-15 12:53:29.605 D/PowerManagerService( 1357): releaseWakeLockInternal: lock=383237 [AudioMix], flags=0x0
06-15 12:53:29.605 D/PowerManagerNotifier( 1357): onWakeLockReleased: flags=1, tag="AudioMix", packageName=audioserver, ownerUid=1041, ownerPid=0, workSource=null
06-15 12:53:29.606 D/PowerManagerService( 1357): updateWakeLockSummaryLocked: mWakefulness=Awake, mWakeLockSummary=0x23
06-15 12:53:29.606 D/PowerManagerService( 1357): updateUserActivitySummaryLocked: groupId=0, mWakefulness=Awake, mUserActivitySummary=0x4, nextTimeout=-1 (7024963 ms ago)
06-15 12:53:29.607 D/PowerManagerNotifier( 1357): onScreenPolicyUpdate: newPolicy=3
06-15 12:53:29.607 D/PowerManagerService( 1357): updateDisplayPowerStateLocked: displayReady=true, groupId=0, policy=BRIGHT, mWakefulness=Awake, mWakeLockSummary=0x23, mUserActivitySummary=0x4, mBootCompleted=true, screenBrightnessOverride=NaN, useAutoBrightness=true, mScreenBrightnessBoostInProgress=false, mIsVrModeEnabled= false, sQuiescent=false
06-15 12:53:29.610 D/PowerManagerService( 1357): releaseWakeLockInternal: lock=159063386 [AudioMix], flags=0x0
06-15 12:53:29.610 D/PowerManagerNotifier( 1357): onWakeLockReleased: flags=1, tag="AudioMix", packageName=audioserver, ownerUid=1041, ownerPid=0, workSource=null
06-15 12:53:29.611 D/PowerManagerService( 1357): updateWakeLockSummaryLocked: mWakefulness=Awake, mWakeLockSummary=0x23
06-15 12:53:29.611 D/PowerManagerService( 1357): updateUserActivitySummaryLocked: groupId=0, mWakefulness=Awake, mUserActivitySummary=0x4, nextTimeout=-1 (7024969 ms ago)
06-15 12:53:29.611 D/PowerManagerNotifier( 1357): onScreenPolicyUpdate: newPolicy=3
06-15 12:53:29.611 D/PowerManagerService( 1357): updateDisplayPowerStateLocked: displayReady=true, groupId=0, policy=BRIGHT, mWakefulness=Awake, mWakeLockSummary=0x23, mUserActivitySummary=0x4, mBootCompleted=true, screenBrightnessOverride=NaN, useAutoBrightness=true, mScreenBrightnessBoostInProgress=false, mIsVrModeEnabled= false, sQuiescent=false
06-15 12:53:32.708 E/[ 7028.048623] [MAX975X( 0): max96755x_vc1_lcd_dtc_check] *ERROR* DTC_Display: screen not ready(0), bl_sta(1), lvl(20)
06-15 12:53:34.715 D/PowerManagerService( 1357): acquireWakeLockInternal: lock=160432257, flags=0x1, tag="AudioMix", ws=null, uid=1041, pid=0
06-15 12:53:34.716 D/PowerManagerService( 1357): updateWakeLockSummaryLocked: mWakefulness=Awake, mWakeLockSummary=0x23
06-15 12:53:34.716 D/PowerManagerService( 1357): updateUserActivitySummaryLocked: groupId=0, mWakefulness=Awake, mUserActivitySummary=0x4, nextTimeout=-1 (7030073 ms ago)
06-15 12:53:34.716 D/PowerManagerNotifier( 1357): onScreenPolicyUpdate: newPolicy=3
06-15 12:53:34.716 D/PowerManagerService( 1357): updateDisplayPowerStateLocked: displayReady=true, groupId=0, policy=BRIGHT, mWakefulness=Awake, mWakeLockSummary=0x23, mUserActivitySummary=0x4, mBootCompleted=true, screenBrightnessOverride=NaN, useAutoBrightness=true, mScreenBrightnessBoostInProgress=false, mIsVrModeEnabled= false, sQuiescent=false
06-15 12:53:34.716 D/PowerManagerNotifier( 1357): onWakeLockAcquired: flags=1, tag="AudioMix", packageName=audioserver, ownerUid=1041, ownerPid=0, workSource=null
06-15 12:53:34.717 D/PowerManagerService( 1357): acquireWakeLockInternal: lock=121484582, flags=0x1, tag="AudioMix", ws=null, uid=1041, pid=0
06-15 12:53:34.717 D/PowerManagerService( 1357): updateWakeLockSummaryLocked: mWakefulness=Awake, mWakeLockSummary=0x23
06-15 12:53:34.717 D/PowerManagerService( 1357): updateUserActivitySummaryLocked: groupId=0, mWakefulness=Awake, mUserActivitySummary=0x4, nextTimeout=-1 (7030075 ms ago)
06-15 12:53:34.717 D/PowerManagerNotifier( 1357): onScreenPolicyUpdate: newPolicy=3
06-15 12:53:34.718 D/PowerManagerService( 1357): updateDisplayPowerStateLocked: displayReady=true, groupId=0, policy=BRIGHT, mWakefulness=Awake, mWakeLockSummary=0x23, mUserActivitySummary=0x4, mBootCompleted=true, screenBrightnessOverride=NaN, useAutoBrightness=true, mScreenBrightnessBoostInProgress=false, mIsVrModeEnabled= false, sQuiescent=false
06-15 12:53:34.718 D/PowerManagerNotifier( 1357): onWakeLockAcquired: flags=1, tag="AudioMix", packageName=audioserver, ownerUid=1041, ownerPid=0, workSource=null
06-15 12:53:34.719 D/PowerManagerService( 1357): updateWakeLockWorkSourceInternal: lock=160432257 [AudioMix], ws=null
06-15 12:53:34.719 D/PowerManagerService( 1357): updateWakeLockWorkSourceInternal: lock=121484582 [AudioMix], ws=null
06-15 12:53:34.720 D/PowerManagerService( 1357): acquireWakeLockInternal: lock=64742759, flags=0x1, tag="AudioMix", ws=null, uid=1041, pid=0
06-15 12:53:34.720 D/PowerManagerService( 1357): updateWakeLockSummaryLocked: mWakefulness=Awake, mWakeLockSummary=0x23
06-15 12:53:34.721 D/PowerManagerService( 1357): updateUserActivitySummaryLocked: groupId=0, mWakefulness=Awake, mUserActivitySummary=0x4, nextTimeout=-1 (7030078 ms ago)
06-15 12:53:34.730 D/PowerManagerNotifier( 1357): onScreenPolicyUpdate: newPolicy=3
06-15 12:53:34.730 D/PowerManagerService( 1357): updateDisplayPowerStateLocked: displayReady=true, groupId=0, policy=BRIGHT, mWakefulness=Awake, mWakeLockSummary=0x23, mUserActivitySummary=0x4, mBootCompleted=true, screenBrightnessOverride=NaN, useAutoBrightness=true, mScreenBrightnessBoostInProgress=false, mIsVrModeEnabled= false, sQuiescent=false
06-15 12:53:34.730 D/PowerManagerNotifier( 1357): onWakeLockAcquired: flags=1, tag="AudioMix", packageName=audioserver, ownerUid=1041, ownerPid=0, workSource=null
06-15 12:53:34.731 D/PowerManagerService( 1357): updateWakeLockWorkSourceInternal: lock=64742759 [AudioMix], ws=null
06-15 12:53:34.731 D/PowerManagerService( 1357): updateWakeLockWorkSourceInternal: lock=105192276 [AudioMix], ws=null
06-15 12:53:34.731 D/PowerManagerNotifier( 1357): onWakeLockReleased: flags=1, tag="AudioMix", packageName=audioserver, ownerUid=1041, ownerPid=0, workSource=WorkSource{10102}
06-15 12:53:34.731 D/PowerManagerNotifier( 1357): onWakeLockAcquired: flags=1, tag="AudioMix", packageName=audioserver, ownerUid=1041, ownerPid=0, workSource=null
06-15 12:53:34.743 D/PowerManagerService( 1357): updateWakeLockWorkSourceInternal: lock=105192276 [AudioMix], ws=WorkSource{10102}
06-15 12:53:34.743 D/PowerManagerNotifier( 1357): onWakeLockReleased: flags=1, tag="AudioMix", packageName=audioserver, ownerUid=1041, ownerPid=0, workSource=null
06-15 12:53:34.743 D/PowerManagerNotifier( 1357): onWakeLockAcquired: flags=1, tag="AudioMix", packageName=audioserver, ownerUid=1041, ownerPid=0, workSource=WorkSource{10102}
06-15 12:53:37.007 E/[ 7032.347330] [MAX975X( 0): max96755x_vc1_lcd_dtc_check] *ERROR* DTC_Display: screen not ready(0), bl_sta(1), lvl(20)
06-15 12:53:37.070 W/ProcessStats( 1357): Tracking association SourceState{d6e69b1 com.tencent.android.qqdownloader:live/10117 BTopFgs #8658} whose proc state 2 is better than process ProcessState{5bbea17 com.tencent.android.qqdownloader:daemon/10117 pkg=com.tencent.android.qqdownloader} proc state 3 (0 skipped)
06-15 12:53:37.719 D/PowerManagerService( 1357): releaseWakeLockInternal: lock=121484582 [AudioMix], flags=0x0
06-15 12:53:37.719 D/PowerManagerNotifier( 1357): onWakeLockReleased: flags=1, tag="AudioMix", packageName=audioserver, ownerUid=1041, ownerPid=0, workSource=null
06-15 12:53:37.719 D/PowerManagerService( 1357): updateWakeLockSummaryLocked: mWakefulness=Awake, mWakeLockSummary=0x23
06-15 12:53:37.720 D/PowerManagerService( 1357): updateUserActivitySummaryLocked: groupId=0, mWakefulness=Awake, mUserActivitySummary=0x4, nextTimeout=-1 (7033077 ms ago)
06-15 12:53:37.720 D/PowerManagerNotifier( 1357): onScreenPolicyUpdate: newPolicy=3
06-15 12:53:37.720 D/PowerManagerService( 1357): updateDisplayPowerStateLocked: displayReady=true, groupId=0, policy=BRIGHT, mWakefulness=Awake, mWakeLockSummary=0x23, mUserActivitySummary=0x4, mBootCompleted=true, screenBrightnessOverride=NaN, useAutoBrightness=true, mScreenBrightnessBoostInProgress=false, mIsVrModeEnabled= false, sQuiescent=false
06-15 12:53:37.726 D/PowerManagerService( 1357): releaseWakeLockInternal: lock=64742759 [AudioMix], flags=0x0
06-15 12:53:37.726 D/PowerManagerNotifier( 1357): onWakeLockReleased: flags=1, tag="AudioMix", packageName=audioserver, ownerUid=1041, ownerPid=0, workSource=null
06-15 12:53:37.726 D/PowerManagerService( 1357): updateWakeLockSummaryLocked: mWakefulness=Awake, mWakeLockSummary=0x23
06-15 12:53:37.726 D/PowerManagerService( 1357): updateUserActivitySummaryLocked: groupId=0, mWakefulness=Awake, mUserActivitySummary=0x4, nextTimeout=-1 (7033084 ms ago)
06-15 12:53:37.726 D/PowerManagerNotifier( 1357): onScreenPolicyUpdate: newPolicy=3
06-15 12:53:37.727 D/PowerManagerService( 1357): updateDisplayPowerStateLocked: displayReady=true, groupId=0, policy=BRIGHT, mWakefulness=Awake, mWakeLockSummary=0x23, mUserActivitySummary=0x4, mBootCompleted=true, screenBrightnessOverride=NaN, useAutoBrightness=true, mScreenBrightnessBoostInProgress=false, mIsVrModeEnabled= false, sQuiescent=false
06-15 12:53:37.727 D/PowerManagerService( 1357): releaseWakeLockInternal: lock=160432257 [AudioMix], flags=0x0
06-15 12:53:37.727 D/PowerManagerNotifier( 1357): onWakeLockReleased: flags=1, tag="AudioMix", packageName=audioserver, ownerUid=1041, ownerPid=0, workSource=null
06-15 12:53:37.727 D/PowerManagerService( 1357): updateWakeLockSummaryLocked: mWakefulness=Awake, mWakeLockSummary=0x23
06-15 12:53:37.728 D/PowerManagerService( 1357): updateUserActivitySummaryLocked: groupId=0, mWakefulness=Awake, mUserActivitySummary=0x4, nextTimeout=-1 (7033085 ms ago)
06-15 12:53:37.728 D/PowerManagerNotifier( 1357): onScreenPolicyUpdate: newPolicy=3
06-15 12:53:37.728 D/PowerManagerService( 1357): updateDisplayPowerStateLocked: displayReady=true, groupId=0, policy=BRIGHT, mWakefulness=Awake, mWakeLockSummary=0x23, mUserActivitySummary=0x4, mBootCompleted=true, screenBrightnessOverride=NaN, useAutoBrightness=true, mScreenBrightnessBoostInProgress=false, mIsVrModeEnabled= false, sQuiescent=false
06-15 12:53:39.478 I/GameModeConfig( 1357): isGameModeOn = false
06-15 12:53:41.279 E/[ 7036.624690] [MAX975X( 0): max96755x_vc1_lcd_dtc_check] *ERROR* DTC_Display: screen not ready(0), bl_sta(1), lvl(20)
06-15 12:53:42.879 D/PowerManagerService( 1357): acquireWakeLockInternal: lock=154156820, flags=0x1, tag="AudioMix", ws=null, uid=1041, pid=0
06-15 12:53:42.879 D/PowerManagerService( 1357): updateWakeLockSummaryLocked: mWakefulness=Awake, mWakeLockSummary=0x23
06-15 12:53:42.879 D/PowerManagerService( 1357): updateUserActivitySummaryLocked: groupId=0, mWakefulness=Awake, mUserActivitySummary=0x4, nextTimeout=-1 (7038237 ms ago)
06-15 12:53:42.880 D/PowerManagerNotifier( 1357): onScreenPolicyUpdate: newPolicy=3
06-15 12:53:42.880 D/PowerManagerService( 1357): updateDisplayPowerStateLocked: displayReady=true, groupId=0, policy=BRIGHT, mWakefulness=Awake, mWakeLockSummary=0x23, mUserActivitySummary=0x4, mBootCompleted=true, screenBrightnessOverride=NaN, useAutoBrightness=true, mScreenBrightnessBoostInProgress=false, mIsVrModeEnabled= false, sQuiescent=false
06-15 12:53:42.881 D/PowerManagerNotifier( 1357): onWakeLockAcquired: flags=1, tag="AudioMix", packageName=audioserver, ownerUid=1041, ownerPid=0, workSource=null
06-15 12:53:42.881 D/PowerManagerService( 1357): acquireWakeLockInternal: lock=171647933, flags=0x1, tag="AudioMix", ws=null, uid=1041, pid=0
06-15 12:53:42.882 D/PowerManagerService( 1357): updateWakeLockSummaryLocked: mWakefulness=Awake, mWakeLockSummary=0x23
06-15 12:53:42.882 D/PowerManagerService( 1357): updateUserActivitySummaryLocked: groupId=0, mWakefulness=Awake, mUserActivitySummary=0x4, nextTimeout=-1 (7038239 ms ago)
06-15 12:53:42.882 D/PowerManagerNotifier( 1357): onScreenPolicyUpdate: newPolicy=3
06-15 12:53:42.882 D/PowerManagerService( 1357): updateDisplayPowerStateLocked: displayReady=true, groupId=0, policy=BRIGHT, mWakefulness=Awake, mWakeLockSummary=0x23, mUserActivitySummary=0x4, mBootCompleted=true, screenBrightnessOverride=NaN, useAutoBrightness=true, mScreenBrightnessBoostInProgress=false, mIsVrModeEnabled= false, sQuiescent=false
06-15 12:53:42.882 D/PowerManagerNotifier( 1357): onWakeLockAcquired: flags=1, tag="AudioMix", packageName=audioserver, ownerUid=1041, ownerPid=0, workSource=null
06-15 12:53:42.882 D/PowerManagerService( 1357): updateWakeLockWorkSourceInternal: lock=154156820 [AudioMix], ws=null
06-15 12:53:42.883 D/PowerManagerService( 1357): acquireWakeLockInternal: lock=20970930, flags=0x1, tag="AudioMix", ws=null, uid=1041, pid=0
06-15 12:53:42.883 D/PowerManagerService( 1357): updateWakeLockSummaryLocked: mWakefulness=Awake, mWakeLockSummary=0x23
06-15 12:53:42.883 D/PowerManagerService( 1357): updateUserActivitySummaryLocked: groupId=0, mWakefulness=Awake, mUserActivitySummary=0x4, nextTimeout=-1 (7038241 ms ago)
06-15 12:53:42.883 D/PowerManagerNotifier( 1357): onScreenPolicyUpdate: newPolicy=3
06-15 12:53:42.883 D/PowerManagerService( 1357): updateDisplayPowerStateLocked: displayReady=true, groupId=0, policy=BRIGHT, mWakefulness=Awake, mWakeLockSummary=0x23, mUserActivitySummary=0x4, mBootCompleted=true, screenBrightnessOverride=NaN, useAutoBrightness=true, mScreenBrightnessBoostInProgress=false, mIsVrModeEnabled= false, sQuiescent=false
06-15 12:53:42.884 D/PowerManagerNotifier( 1357): onWakeLockAcquired: flags=1, tag="AudioMix", packageName=audioserver, ownerUid=1041, ownerPid=0, workSource=null
06-15 12:53:42.884 D/PowerManagerService( 1357): updateWakeLockWorkSourceInternal: lock=20970930 [AudioMix], ws=null
06-15 12:53:42.884 D/PowerManagerService( 1357): updateWakeLockWorkSourceInternal: lock=171647933 [AudioMix], ws=null
06-15 12:53:45.170 D/PowerManagerService( 1357): userActivityNoUpdateLocked: groupId=0, eventTime=7040526, event=0, flags=0x0, uid=1000
06-15 12:53:45.170 D/PowerManagerNotifier( 1357): onUserActivity: event=0, uid=1000
06-15 12:53:45.171 D/PowerManagerService( 1357): updateUserActivitySummaryLocked: groupId=0, mWakefulness=Awake, mUserActivitySummary=0x1, nextTimeout=7100526 (in 59999 ms)
06-15 12:53:45.171 D/PowerManagerNotifier( 1357): onScreenPolicyUpdate: newPolicy=3
06-15 12:53:45.171 D/PowerManagerService( 1357): updateDisplayPowerStateLocked: displayReady=true, groupId=0, policy=BRIGHT, mWakefulness=Awake, mWakeLockSummary=0x23, mUserActivitySummary=0x1, mBootCompleted=true, screenBrightnessOverride=NaN, useAutoBrightness=true, mScreenBrightnessBoostInProgress=false, mIsVrModeEnabled= false, sQuiescent=false
06-15 12:53:45.275 D/PowerManagerService( 1357): userActivityNoUpdateLocked: groupId=0, eventTime=7040631, event=0, flags=0x0, uid=1000
06-15 12:53:45.275 D/PowerManagerNotifier( 1357): onUserActivity: event=0, uid=1000
06-15 12:53:45.275 D/PowerManagerService( 1357): updateUserActivitySummaryLocked: groupId=0, mWakefulness=Awake, mUserActivitySummary=0x1, nextTimeout=7100631 (in 59999 ms)
06-15 12:53:45.275 D/PowerManagerNotifier( 1357): onScreenPolicyUpdate: newPolicy=3
06-15 12:53:45.275 D/PowerManagerService( 1357): updateDisplayPowerStateLocked: displayReady=true, groupId=0, policy=BRIGHT, mWakefulness=Awake, mWakeLockSummary=0x23, mUserActivitySummary=0x1, mBootCompleted=true, screenBrightnessOverride=NaN, useAutoBrightness=true, mScreenBrightnessBoostInProgress=false, mIsVrModeEnabled= false, sQuiescent=false
06-15 12:53:45.466 D/PowerManagerService( 1357): userActivityNoUpdateLocked: groupId=0, eventTime=7040822, event=0, flags=0x0, uid=1000
06-15 12:53:45.466 D/PowerManagerNotifier( 1357): onUserActivity: event=0, uid=1000
06-15 12:53:45.466 D/PowerManagerService( 1357): updateUserActivitySummaryLocked: groupId=0, mWakefulness=Awake, mUserActivitySummary=0x1, nextTimeout=7100822 (in 59999 ms)
06-15 12:53:45.466 D/PowerManagerNotifier( 1357): onScreenPolicyUpdate: newPolicy=3
06-15 12:53:45.466 D/PowerManagerService( 1357): updateDisplayPowerStateLocked: displayReady=true, groupId=0, policy=BRIGHT, mWakefulness=Awake, mWakeLockSummary=0x23, mUserActivitySummary=0x1, mBootCompleted=true, screenBrightnessOverride=NaN, useAutoBrightness=true, mScreenBrightnessBoostInProgress=false, mIsVrModeEnabled= false, sQuiescent=false
06-15 12:53:45.559 E/[ 7040.904866] [MAX975X( 0): max96755x_vc1_lcd_dtc_check] *ERROR* DTC_Display: screen not ready(0), bl_sta(1), lvl(20)
06-15 12:53:45.567 D/PowerManagerService( 1357): userActivityNoUpdateLocked: groupId=0, eventTime=7040923, event=0, flags=0x0, uid=1000
06-15 12:53:45.567 D/PowerManagerNotifier( 1357): onUserActivity: event=0, uid=1000
06-15 12:53:45.568 D/PowerManagerService( 1357): updateUserActivitySummaryLocked: groupId=0, mWakefulness=Awake, mUserActivitySummary=0x1, nextTimeout=7100923 (in 59999 ms)
06-15 12:53:45.568 D/PowerManagerNotifier( 1357): onScreenPolicyUpdate: newPolicy=3
06-15 12:53:45.568 D/PowerManagerService( 1357): updateDisplayPowerStateLocked: displayReady=true, groupId=0, policy=BRIGHT, mWakefulness=Awake, mWakeLockSummary=0x23, mUserActivitySummary=0x1, mBootCompleted=true, screenBrightnessOverride=NaN, useAutoBrightness=true, mScreenBrightnessBoostInProgress=false, mIsVrModeEnabled= false, sQuiescent=false
06-15 12:53:45.632 D/PowerManagerService( 1357): acquireWakeLockInternal: lock=181927960, flags=0x1, tag="*alarm*", ws=WorkSource{10107}, uid=1000, pid=1357
06-15 12:53:45.633 D/PowerManagerService( 1357): updateWakeLockSummaryLocked: mWakefulness=Awake, mWakeLockSummary=0x23
06-15 12:53:45.633 D/PowerManagerService( 1357): updateUserActivitySummaryLocked: groupId=0, mWakefulness=Awake, mUserActivitySummary=0x1, nextTimeout=7100923 (in 59934 ms)
06-15 12:53:45.633 D/PowerManagerNotifier( 1357): onScreenPolicyUpdate: newPolicy=3
06-15 12:53:45.633 D/PowerManagerService( 1357): updateDisplayPowerStateLocked: displayReady=true, groupId=0, policy=BRIGHT, mWakefulness=Awake, mWakeLockSummary=0x23, mUserActivitySummary=0x1, mBootCompleted=true, screenBrightnessOverride=NaN, useAutoBrightness=true, mScreenBrightnessBoostInProgress=false, mIsVrModeEnabled= false, sQuiescent=false
06-15 12:53:45.633 D/PowerManagerNotifier( 1357): onWakeLockAcquired: flags=1, tag="*alarm*", packageName=android, ownerUid=1000, ownerPid=1357, workSource=WorkSource{10107}
06-15 12:53:45.647 D/PowerManagerService( 1357): updateWakeLockWorkSourceInternal: lock=181927960 [*alarm*], ws=WorkSource{10117}
06-15 12:53:45.647 D/PowerManagerNotifier( 1357): onWakeLockChanging: flags=1, tag="*alarm*", packageName=android, ownerUid=1000, ownerPid=1357, workSource=WorkSource{10117}
06-15 12:53:45.647 D/PowerManagerService( 1357): releaseWakeLockInternal: lock=181927960 [*alarm*], flags=0x0
06-15 12:53:45.647 D/PowerManagerNotifier( 1357): onWakeLockReleased: flags=1, tag="*alarm*", packageName=android, ownerUid=1000, ownerPid=1357, workSource=WorkSource{10117}
06-15 12:53:45.648 D/PowerManagerService( 1357): updateWakeLockSummaryLocked: mWakefulness=Awake, mWakeLockSummary=0x23
06-15 12:53:45.648 D/PowerManagerService( 1357): updateUserActivitySummaryLocked: groupId=0, mWakefulness=Awake, mUserActivitySummary=0x1, nextTimeout=7100923 (in 59919 ms)
06-15 12:53:45.648 D/PowerManagerNotifier( 1357): onScreenPolicyUpdate: newPolicy=3
06-15 12:53:45.648 D/PowerManagerService( 1357): updateDisplayPowerStateLocked: displayReady=true, groupId=0, policy=BRIGHT, mWakefulness=Awake, mWakeLockSummary=0x23, mUserActivitySummary=0x1, mBootCompleted=true, screenBrightnessOverride=NaN, useAutoBrightness=true, mScreenBrightnessBoostInProgress=false, mIsVrModeEnabled= false, sQuiescent=false
06-15 12:53:45.649 D/PowerManagerService( 1357): acquireWakeLockInternal: lock=59530412, flags=0x1, tag="*job*/com.tencent.android.qqdownloader.YYBLiveAccountProvider/com.tencent.android.qqdownloader.YYBLiveAccountProvider.account/应用宝:android", ws=WorkSource{10117}, uid=1000, pid=1357
06-15 12:53:45.649 D/PowerManagerService( 1357): updateWakeLockSummaryLocked: mWakefulness=Awake, mWakeLockSummary=0x23
06-15 12:53:45.649 D/PowerManagerService( 1357): updateUserActivitySummaryLocked: groupId=0, mWakefulness=Awake, mUserActivitySummary=0x1, nextTimeout=7100923 (in 59917 ms)
06-15 12:53:45.649 D/PowerManagerNotifier( 1357): onScreenPolicyUpdate: newPolicy=3
06-15 12:53:45.649 D/PowerManagerService( 1357): updateDisplayPowerStateLocked: displayReady=true, groupId=0, policy=BRIGHT, mWakefulness=Awake, mWakeLockSummary=0x23, mUserActivitySummary=0x1, mBootCompleted=true, screenBrightnessOverride=NaN, useAutoBrightness=true, mScreenBrightnessBoostInProgress=false, mIsVrModeEnabled= false, sQuiescent=false
06-15 12:53:45.649 D/PowerManagerNotifier( 1357): onWakeLockAcquired: flags=1, tag="*job*/com.tencent.android.qqdownloader.YYBLiveAccountProvider/com.tencent.android.qqdownloader.YYBLiveAccountProvider.account/应用宝:android", packageName=android, ownerUid=1000, ownerPid=1357, workSource=WorkSource{10117}
06-15 12:53:45.650 D/PowerManagerService( 1357): acquireWakeLockInternal: lock=231804768, flags=0x1, tag="SyncLoopWakeLock", ws=null, uid=1000, pid=1357
06-15 12:53:45.650 D/PowerManagerService( 1357): updateWakeLockSummaryLocked: mWakefulness=Awake, mWakeLockSummary=0x23
06-15 12:53:45.650 D/PowerManagerService( 1357): updateUserActivitySummaryLocked: groupId=0, mWakefulness=Awake, mUserActivitySummary=0x1, nextTimeout=7100923 (in 59916 ms)
06-15 12:53:45.650 D/PowerManagerNotifier( 1357): onScreenPolicyUpdate: newPolicy=3
06-15 12:53:45.650 D/PowerManagerService( 1357): updateDisplayPowerStateLocked: displayReady=true, groupId=0, policy=BRIGHT, mWakefulness=Awake, mWakeLockSummary=0x23, mUserActivitySummary=0x1, mBootCompleted=true, screenBrightnessOverride=NaN, useAutoBrightness=true, mScreenBrightnessBoostInProgress=false, mIsVrModeEnabled= false, sQuiescent=false
06-15 12:53:45.650 D/PowerManagerNotifier( 1357): onWakeLockAcquired: flags=1, tag="SyncLoopWakeLock", packageName=android, ownerUid=1000, ownerPid=1357, workSource=null
06-15 12:53:45.651 D/PowerManagerService( 1357): acquireWakeLockInternal: lock=26266518, flags=0x1, tag="*sync*/com.tencent.android.qqdownloader.YYBLiveAccountProvider/com.tencent.android.qqdownloader.YYBLiveAccountProvider.account/应用宝", ws=WorkSource{10117}, uid=1000, pid=1357
06-15 12:53:45.652 D/PowerManagerService( 1357): updateWakeLockSummaryLocked: mWakefulness=Awake, mWakeLockSummary=0x23
06-15 12:53:45.652 D/PowerManagerService( 1357): updateUserActivitySummaryLocked: groupId=0, mWakefulness=Awake, mUserActivitySummary=0x1, nextTimeout=7100923 (in 59915 ms)
06-15 12:53:45.652 D/PowerManagerNotifier( 1357): onScreenPolicyUpdate: newPolicy=3
06-15 12:53:45.652 D/PowerManagerService( 1357): updateDisplayPowerStateLocked: displayReady=true, groupId=0, policy=BRIGHT, mWakefulness=Awake, mWakeLockSummary=0x23, mUserActivitySummary=0x1, mBootCompleted=true, screenBrightnessOverride=NaN, useAutoBrightness=true, mScreenBrightnessBoostInProgress=false, mIsVrModeEnabled= false, sQuiescent=false
06-15 12:53:45.652 D/PowerManagerNotifier( 1357): onWakeLockAcquired: flags=1, tag="*sync*/com.tencent.android.qqdownloader.YYBLiveAccountProvider/com.tencent.android.qqdownloader.YYBLiveAccountProvider.account/应用宝", packageName=android, ownerUid=1000, ownerPid=1357, workSource=WorkSource{10117}
06-15 12:53:45.655 D/PowerManagerService( 1357): releaseWakeLockInternal: lock=231804768 [SyncLoopWakeLock], flags=0x0
06-15 12:53:45.655 D/PowerManagerNotifier( 1357): onWakeLockReleased: flags=1, tag="SyncLoopWakeLock", packageName=android, ownerUid=1000, ownerPid=1357, workSource=null
06-15 12:53:45.655 D/PowerManagerService( 1357): updateWakeLockSummaryLocked: mWakefulness=Awake, mWakeLockSummary=0x23
06-15 12:53:45.655 D/PowerManagerService( 1357): updateUserActivitySummaryLocked: groupId=0, mWakefulness=Awake, mUserActivitySummary=0x1, nextTimeout=7100923 (in 59911 ms)
06-15 12:53:45.655 D/PowerManagerNotifier( 1357): onScreenPolicyUpdate: newPolicy=3
06-15 12:53:45.656 D/PowerManagerService( 1357): updateDisplayPowerStateLocked: displayReady=true, groupId=0, policy=BRIGHT, mWakefulness=Awake, mWakeLockSummary=0x23, mUserActivitySummary=0x1, mBootCompleted=true, screenBrightnessOverride=NaN, useAutoBrightness=true, mScreenBrightnessBoostInProgress=false, mIsVrModeEnabled= false, sQuiescent=false
06-15 12:53:45.666 D/PowerManagerService( 1357): acquireWakeLockInternal: lock=231804768, flags=0x1, tag="SyncLoopWakeLock", ws=null, uid=1000, pid=1357
06-15 12:53:45.666 D/PowerManagerService( 1357): updateWakeLockSummaryLocked: mWakefulness=Awake, mWakeLockSummary=0x23
06-15 12:53:45.666 D/PowerManagerService( 1357): updateUserActivitySummaryLocked: groupId=0, mWakefulness=Awake, mUserActivitySummary=0x1, nextTimeout=7100923 (in 59900 ms)
06-15 12:53:45.666 D/PowerManagerNotifier( 1357): onScreenPolicyUpdate: newPolicy=3
06-15 12:53:45.666 D/PowerManagerService( 1357): updateDisplayPowerStateLocked: displayReady=true, groupId=0, policy=BRIGHT, mWakefulness=Awake, mWakeLockSummary=0x23, mUserActivitySummary=0x1, mBootCompleted=true, screenBrightnessOverride=NaN, useAutoBrightness=true, mScreenBrightnessBoostInProgress=false, mIsVrModeEnabled= false, sQuiescent=false
06-15 12:53:45.666 D/PowerManagerNotifier( 1357): onWakeLockAcquired: flags=1, tag="SyncLoopWakeLock", packageName=android, ownerUid=1000, ownerPid=1357, workSource=null
06-15 12:53:45.667 D/PowerManagerService( 1357): releaseWakeLockInternal: lock=231804768 [SyncLoopWakeLock], flags=0x0
06-15 12:53:45.667 D/PowerManagerNotifier( 1357): onWakeLockReleased: flags=1, tag="SyncLoopWakeLock", packageName=android, ownerUid=1000, ownerPid=1357, workSource=null
06-15 12:53:45.667 D/PowerManagerService( 1357): updateWakeLockSummaryLocked: mWakefulness=Awake, mWakeLockSummary=0x23
06-15 12:53:45.667 D/PowerManagerService( 1357): updateUserActivitySummaryLocked: groupId=0, mWakefulness=Awake, mUserActivitySummary=0x1, nextTimeout=7100923 (in 59899 ms)
06-15 12:53:45.667 D/PowerManagerNotifier( 1357): onScreenPolicyUpdate: newPolicy=3
06-15 12:53:45.667 D/PowerManagerService( 1357): updateDisplayPowerStateLocked: displayReady=true, groupId=0, policy=BRIGHT, mWakefulness=Awake, mWakeLockSummary=0x23, mUserActivitySummary=0x1, mBootCompleted=true, screenBrightnessOverride=NaN, useAutoBrightness=true, mScreenBrightnessBoostInProgress=false, mIsVrModeEnabled= false, sQuiescent=false
06-15 12:53:45.674 D/PowerManagerService( 1357): acquireWakeLockInternal: lock=231804768, flags=0x1, tag="SyncLoopWakeLock", ws=null, uid=1000, pid=1357
06-15 12:53:45.674 D/PowerManagerService( 1357): updateWakeLockSummaryLocked: mWakefulness=Awake, mWakeLockSummary=0x23
06-15 12:53:45.674 D/PowerManagerService( 1357): updateUserActivitySummaryLocked: groupId=0, mWakefulness=Awake, mUserActivitySummary=0x1, nextTimeout=7100923 (in 59892 ms)
06-15 12:53:45.675 D/PowerManagerNotifier( 1357): onScreenPolicyUpdate: newPolicy=3
06-15 12:53:45.675 D/PowerManagerService( 1357): updateDisplayPowerStateLocked: displayReady=true, groupId=0, policy=BRIGHT, mWakefulness=Awake, mWakeLockSummary=0x23, mUserActivitySummary=0x1, mBootCompleted=true, screenBrightnessOverride=NaN, useAutoBrightness=true, mScreenBrightnessBoostInProgress=false, mIsVrModeEnabled= false, sQuiescent=false
06-15 12:53:45.675 D/PowerManagerNotifier( 1357): onWakeLockAcquired: flags=1, tag="SyncLoopWakeLock", packageName=android, ownerUid=1000, ownerPid=1357, workSource=null
06-15 12:53:45.678 D/PowerManagerService( 1357): releaseWakeLockInternal: lock=26266518 [*sync*/com.tencent.android.qqdownloader.YYBLiveAccountProvider/com.tencent.android.qqdownloader.YYBLiveAccountProvider.account/应用宝], flags=0x0
06-15 12:53:45.678 D/PowerManagerNotifier( 1357): onWakeLockReleased: flags=1, tag="*sync*/com.tencent.android.qqdownloader.YYBLiveAccountProvider/com.tencent.android.qqdownloader.YYBLiveAccountProvider.account/应用宝", packageName=android, ownerUid=1000, ownerPid=1357, workSource=WorkSource{10117}
06-15 12:53:45.678 D/PowerManagerService( 1357): updateWakeLockSummaryLocked: mWakefulness=Awake, mWakeLockSummary=0x23
06-15 12:53:45.678 D/PowerManagerService( 1357): updateUserActivitySummaryLocked: groupId=0, mWakefulness=Awake, mUserActivitySummary=0x1, nextTimeout=7100923 (in 59888 ms)
06-15 12:53:45.678 D/PowerManagerNotifier( 1357): onScreenPolicyUpdate: newPolicy=3
06-15 12:53:45.678 D/PowerManagerService( 1357): updateDisplayPowerStateLocked: displayReady=true, groupId=0, policy=BRIGHT, mWakefulness=Awake, mWakeLockSummary=0x23, mUserActivitySummary=0x1, mBootCompleted=true, screenBrightnessOverride=NaN, useAutoBrightness=true, mScreenBrightnessBoostInProgress=false, mIsVrModeEnabled= false, sQuiescent=false
06-15 12:53:45.679 D/PowerManagerService( 1357): userActivityNoUpdateLocked: groupId=0, eventTime=7041035, event=0, flags=0x0, uid=1000
06-15 12:53:45.679 D/PowerManagerNotifier( 1357): onUserActivity: event=0, uid=1000
06-15 12:53:45.679 D/PowerManagerService( 1357): updateUserActivitySummaryLocked: groupId=0, mWakefulness=Awake, mUserActivitySummary=0x1, nextTimeout=7101035 (in 59999 ms)
06-15 12:53:45.679 D/PowerManagerNotifier( 1357): onScreenPolicyUpdate: newPolicy=3
