06-15 12:56:42.483 W/[ 7217.831504] Movable( 0): 26833*4kB (M) 21582*8kB (M) 16019*16kB (M) 10201*32kB (M) 5132*64kB (M) 1598*128kB (M) 238*256kB (M) 39*512kB (M) 14*1024kB (M) 8*2048kB (M) 3*4096kB (M) = 1519620kB
06-15 12:56:42.483 W/ ( 0): [ 7217.831521] 1032791 total pagecache pages
06-15 12:56:42.483 W/ ( 0): [ 7217.831552] 17563 pages in swap cache
06-15 12:56:42.483 W/ ( 0): [ 7217.831556] Swap cache stats: add 345265, delete 327726, find 131412/296624
06-15 12:56:42.483 W/ ( 0): [ 7217.831563] Free swap = 4057460kB
06-15 12:56:42.483 W/ ( 0): [ 7217.831573] Total swap = 4194300kB
06-15 12:56:42.483 W/ ( 0): [ 7217.831580] 2014512 pages RAM
06-15 12:56:42.483 W/ ( 0): [ 7217.831587] 0 pages HighMem/MovableOnly
06-15 12:56:42.483 W/ ( 0): [ 7217.831599] 40451 pages reserved
06-15 12:56:42.483 W/ ( 0): [ 7217.831604] 89088 pages cma reserved
06-15 12:56:42.483 I/[ 7217.831625] cma( 0): cma-0 pages: => 0 used of 4096 total pages
06-15 12:56:42.483 I/[ 7217.831641] cma( 0): cma-1 pages: => 722 used of 8192 total pages
06-15 12:56:42.483 I/[ 7217.831656] cma( 0): cma-2 pages: => 0 used of 4096 total pages
06-15 12:56:42.483 I/[ 7217.831699] cma( 0): cma-3 pages: => 0 used of 41984 total pages
06-15 12:56:42.483 I/[ 7217.831713] cma( 0): cma-4 pages: => 3810 used of 5120 total pages
06-15 12:56:42.483 I/[ 7217.831733] cma( 0): cma-5 pages: => 9851 used of 10240 total pages
06-15 12:56:42.483 I/[ 7217.831741] cma( 0): cma-6 pages: => 0 used of 4096 total pages
06-15 12:56:42.483 I/[ 7217.831751] cma( 0): cma-7 pages: => 768 used of 1024 total pages
06-15 12:56:42.483 I/[ 7217.831762] cma( 0): cma-8 pages: => 203 used of 5120 total pages
06-15 12:56:42.483 I/[ 7217.831769] cma( 0): cma-9 pages: => 0 used of 2048 total pages
06-15 12:56:42.483 I/[ 7217.831782] cma( 0): cma-10 pages: => 512 used of 3072 total pages
06-15 12:56:42.494 I/[ 7217.852874] oom_reaper( 0): reaped process 14706 (droid.launcher3), now anon-rss:0kB, file-rss:0kB, shmem-rss:380kB
06-15 12:56:42.495 I/ActivityManager( 1357): Process com.android.launcher3 (pid 14706) has died: fg TOP
06-15 12:56:42.496 W/ActivityManager( 1357): Scheduling restart of crashed service com.android.launcher3/com.android.quickstep.TouchInteractionService in 152643305472ms for connection
06-15 12:56:42.499 D/CompatibilityChangeReporter( 1357): Compat change id reported: 135634846; UID 10074; state: DISABLED
06-15 12:56:42.499 D/CompatibilityChangeReporter( 1357): Compat change id reported: 177438394; UID 10074; state: DISABLED
06-15 12:56:42.499 D/CompatibilityChangeReporter( 1357): Compat change id reported: 135772972; UID 10074; state: DISABLED
06-15 12:56:42.499 D/CompatibilityChangeReporter( 1357): Compat change id reported: 135754954; UID 10074; state: ENABLED
06-15 12:56:42.500 D/CompatibilityChangeReporter( 1357): Compat change id reported: 143937733; UID 10074; state: ENABLED
06-15 12:56:42.507 I/ActivityManager( 1357): Start proc 14723:com.android.launcher3/u0a74 for top-activity {com.android.launcher3/com.android.launcher3.uioverrides.QuickstepLauncher}
06-15 12:56:42.527 I/[ 7217.885891] binder( 0): 14723:14723 ioctl 40046210 7fcde88de4 returned -22
06-15 12:56:42.548 W/[ 7217.907453] Mem-Info( 0):
06-15 12:56:42.548 W/[ 7217.907498] active_anon( 0): 140780 inactive_anon:34967 isolated_anon:0
06-15 12:56:42.548 W/[ 7217.907498] active_file( 0): 226593 inactive_file:757404 isolated_file:0
06-15 12:56:42.548 W/[ 7217.907498] unevictable( 0): 28702 dirty:64979 writeback:0 unstable:0
06-15 12:56:42.548 W/[ 7217.907498] slab_reclaimable( 0): 28195 slab_unreclaimable:45632
06-15 12:56:42.548 W/[ 7217.907498] mapped( 0): 61684 shmem:2898 pagetables:14146 bounce:0
06-15 12:56:42.548 W/[ 7217.907498] free( 0): 487237 free_pcp:3260 free_cma:73034
06-15 12:56:42.548 W/ ( 0): [ 7217.907529] Node 0 active_anon:563120kB inactive_anon:139868kB active_file:906372kB inactive_file:3029616kB unevictable:114808kB isolated(anon):0kB isolated(file):0kB mapped:246736kB dirty:259916kB writeback:0kB shmem:11592kB writeback_tmp:0kB unstable:0kB all_unreclaimable? no
06-15 12:56:42.548 W/ ( 0): [ 7217.907551] Normal free:429076kB min:7040kB low:41492kB high:43252kB active_anon:14872kB inactive_anon:138676kB active_file:906372kB inactive_file:3029616kB unevictable:114060kB writepending:259916kB present:5960896kB managed:5799092kB mlocked:114060kB kernel_stack:31172kB pagetables:56584kB bounce:0kB free_pcp:6896kB local_pcp:1284kB free_cma:292136kB
06-15 12:56:42.548 W/[ 7217.907555] lowmem_reserve[]( 0): 0 16384
06-15 12:56:42.549 W/ ( 0): [ 7217.907578] Movable free:1519872kB min:2544kB low:15000kB high:15636kB active_anon:548020kB inactive_anon:1192kB active_file:0kB inactive_file:0kB unevictable:748kB writepending:0kB present:2097152kB managed:2097152kB mlocked:748kB kernel_stack:0kB pagetables:0kB bounce:0kB free_pcp:6144kB local_pcp:1148kB free_cma:0kB
06-15 12:56:42.549 W/[ 7217.907581] lowmem_reserve[]( 0): 0 0
06-15 12:56:42.549 W/[ 7217.907593] Normal( 0): 4799*4kB (UMECH) 2955*8kB (UMECH) 1340*16kB (UMECH) 386*32kB (UMECH) 639*64kB (UMECH) 144*128kB (UMCH) 65*256kB (CH) 36*512kB (CH) 32*1024kB (CH) 20*2048kB (C) 45*4096kB (C) = 429076kB
06-15 12:56:42.549 W/[ 7217.907624] Movable( 0): 26890*4kB (M) 21579*8kB (M) 16016*16kB (M) 10200*32kB (M) 5132*64kB (M) 1597*128kB (M) 237*256kB (M) 40*512kB (M) 14*1024kB (M) 8*2048kB (M) 3*4096kB (M) = 1519872kB
06-15 12:56:42.549 W/ ( 0): [ 7217.907648] 1032792 total pagecache pages
06-15 12:56:42.549 W/ ( 0): [ 7217.907653] 17563 pages in swap cache
06-15 12:56:42.549 W/ ( 0): [ 7217.907673] Swap cache stats: add 345265, delete 327726, find 131439/296651
06-15 12:56:42.549 W/ ( 0): [ 7217.907676] Free swap = 4057460kB
06-15 12:56:42.549 W/ ( 0): [ 7217.907681] Total swap = 4194300kB
06-15 12:56:42.549 W/ ( 0): [ 7217.907688] 2014512 pages RAM
06-15 12:56:42.549 W/ ( 0): [ 7217.907696] 0 pages HighMem/MovableOnly
06-15 12:56:42.549 W/ ( 0): [ 7217.907699] 40451 pages reserved
06-15 12:56:42.549 W/ ( 0): [ 7217.907702] 89088 pages cma reserved
06-15 12:56:42.550 I/[ 7217.907726] cma( 0): cma-0 pages: => 0 used of 4096 total pages
06-15 12:56:42.550 I/[ 7217.907744] cma( 0): cma-1 pages: => 722 used of 8192 total pages
06-15 12:56:42.550 I/[ 7217.907751] cma( 0): cma-2 pages: => 0 used of 4096 total pages
06-15 12:56:42.550 I/[ 7217.907771] cma( 0): cma-3 pages: => 0 used of 41984 total pages
06-15 12:56:42.550 I/[ 7217.907782] cma( 0): cma-4 pages: => 3810 used of 5120 total pages
06-15 12:56:42.550 I/[ 7217.907795] cma( 0): cma-5 pages: => 9851 used of 10240 total pages
06-15 12:56:42.550 I/[ 7217.907803] cma( 0): cma-6 pages: => 0 used of 4096 total pages
06-15 12:56:42.550 I/[ 7217.907808] cma( 0): cma-7 pages: => 768 used of 1024 total pages
06-15 12:56:42.550 I/[ 7217.907820] cma( 0): cma-8 pages: => 203 used of 5120 total pages
06-15 12:56:42.550 I/[ 7217.907827] cma( 0): cma-9 pages: => 0 used of 2048 total pages
06-15 12:56:42.550 I/[ 7217.907839] cma( 0): cma-10 pages: => 512 used of 3072 total pages
06-15 12:56:42.575 I/[ 7217.935582] oom_reaper( 0): reaped process 14723 (droid.launcher3), now anon-rss:0kB, file-rss:0kB, shmem-rss:380kB
06-15 12:56:42.579 I/ActivityManager( 1357): Process com.android.launcher3 (pid 14723) has died: fg TOP
06-15 12:56:42.579 W/ActivityManager( 1357): Scheduling restart of crashed service com.android.launcher3/com.android.quickstep.TouchInteractionService in 610573221888ms for connection
06-15 12:56:42.581 D/CompatibilityChangeReporter( 1357): Compat change id reported: 135634846; UID 10074; state: DISABLED
06-15 12:56:42.581 D/CompatibilityChangeReporter( 1357): Compat change id reported: 177438394; UID 10074; state: DISABLED
06-15 12:56:42.581 D/CompatibilityChangeReporter( 1357): Compat change id reported: 135772972; UID 10074; state: DISABLED
06-15 12:56:42.581 D/CompatibilityChangeReporter( 1357): Compat change id reported: 135754954; UID 10074; state: ENABLED
06-15 12:56:42.581 D/CompatibilityChangeReporter( 1357): Compat change id reported: 143937733; UID 10074; state: ENABLED
06-15 12:56:42.589 I/ActivityManager( 1357): Start proc 14741:com.android.launcher3/u0a74 for top-activity {com.android.launcher3/com.android.launcher3.uioverrides.QuickstepLauncher}
06-15 12:56:42.606 I/[ 7217.965673] binder( 0): 14741:14741 ioctl 40046210 7fcde88de4 returned -22
06-15 12:56:42.627 W/[ 7217.984163] Mem-Info( 0):
06-15 12:56:42.627 W/[ 7217.984181] active_anon( 0): 140749 inactive_anon:34967 isolated_anon:0
06-15 12:56:42.627 W/[ 7217.984181] active_file( 0): 226594 inactive_file:757403 isolated_file:0
06-15 12:56:42.627 W/[ 7217.984181] unevictable( 0): 28702 dirty:64982 writeback:0 unstable:0
06-15 12:56:42.627 W/[ 7217.984181] slab_reclaimable( 0): 28195 slab_unreclaimable:45638
06-15 12:56:42.627 W/[ 7217.984181] mapped( 0): 61627 shmem:2898 pagetables:14147 bounce:0
06-15 12:56:42.627 W/[ 7217.984181] free( 0): 487292 free_pcp:3197 free_cma:73034
06-15 12:56:42.627 W/ ( 0): [ 7217.984216] Node 0 active_anon:562996kB inactive_anon:139868kB active_file:906376kB inactive_file:3029612kB unevictable:114808kB isolated(anon):0kB isolated(file):0kB mapped:246508kB dirty:259928kB writeback:0kB shmem:11592kB writeback_tmp:0kB unstable:0kB all_unreclaimable? no
06-15 12:56:42.627 W/ ( 0): [ 7217.984228] Normal free:429044kB min:7040kB low:41492kB high:43252kB active_anon:14880kB inactive_anon:138676kB active_file:906376kB inactive_file:3029612kB unevictable:114060kB writepending:259928kB present:5960896kB managed:5799092kB mlocked:114060kB kernel_stack:31104kB pagetables:56588kB bounce:0kB free_pcp:6964kB local_pcp:1288kB free_cma:292136kB
06-15 12:56:42.627 W/[ 7217.984234] lowmem_reserve[]( 0): 0 16384
06-15 12:56:42.627 W/ ( 0): [ 7217.984244] Movable free:1520124kB min:2544kB low:15000kB high:15636kB active_anon:548116kB inactive_anon:1192kB active_file:0kB inactive_file:0kB unevictable:748kB writepending:0kB present:2097152kB managed:2097152kB mlocked:748kB kernel_stack:0kB pagetables:0kB bounce:0kB free_pcp:5824kB local_pcp:584kB free_cma:0kB
06-15 12:56:42.627 W/[ 7217.984247] lowmem_reserve[]( 0): 0 0
06-15 12:56:42.627 W/[ 7217.984254] Normal( 0): 4797*4kB (UMECH) 2954*8kB (UMECH) 1339*16kB (UMECH) 386*32kB (UMECH) 639*64kB (UMECH) 144*128kB (UMCH) 65*256kB (CH) 36*512kB (CH) 32*1024kB (CH) 20*2048kB (C) 45*4096kB (C) = 429044kB
06-15 12:56:42.627 W/[ 7217.984288] Movable( 0): 26949*4kB (M) 21579*8kB (M) 16017*16kB (M) 10200*32kB (M) 5132*64kB (M) 1597*128kB (M) 237*256kB (M) 40*512kB (M) 14*1024kB (M) 8*2048kB (M) 3*4096kB (M) = 1520124kB
06-15 12:56:42.627 W/ ( 0): [ 7217.984310] 1032795 total pagecache pages
06-15 12:56:42.627 W/ ( 0): [ 7217.984314] 17563 pages in swap cache
06-15 12:56:42.627 W/ ( 0): [ 7217.984316] Swap cache stats: add 345265, delete 327726, find 131466/296678
06-15 12:56:42.628 W/ ( 0): [ 7217.984318] Free swap = 4057460kB
06-15 12:56:42.628 W/ ( 0): [ 7217.984319] Total swap = 4194300kB
06-15 12:56:42.628 W/ ( 0): [ 7217.984321] 2014512 pages RAM
06-15 12:56:42.628 W/ ( 0): [ 7217.984323] 0 pages HighMem/MovableOnly
06-15 12:56:42.628 W/ ( 0): [ 7217.984324] 40451 pages reserved
06-15 12:56:42.628 W/ ( 0): [ 7217.984326] 89088 pages cma reserved
06-15 12:56:42.628 I/[ 7217.984331] cma( 0): cma-0 pages: => 0 used of 4096 total pages
06-15 12:56:42.628 I/[ 7217.984336] cma( 0): cma-1 pages: => 722 used of 8192 total pages
06-15 12:56:42.628 I/[ 7217.984340] cma( 0): cma-2 pages: => 0 used of 4096 total pages
06-15 12:56:42.628 I/[ 7217.984351] cma( 0): cma-3 pages: => 0 used of 41984 total pages
06-15 12:56:42.628 I/[ 7217.984356] cma( 0): cma-4 pages: => 3810 used of 5120 total pages
06-15 12:56:42.628 I/[ 7217.984361] cma( 0): cma-5 pages: => 9851 used of 10240 total pages
06-15 12:56:42.628 I/[ 7217.984365] cma( 0): cma-6 pages: => 0 used of 4096 total pages
06-15 12:56:42.628 I/[ 7217.984367] cma( 0): cma-7 pages: => 768 used of 1024 total pages
06-15 12:56:42.628 I/[ 7217.984379] cma( 0): cma-8 pages: => 203 used of 5120 total pages
06-15 12:56:42.628 I/[ 7217.984382] cma( 0): cma-9 pages: => 0 used of 2048 total pages
06-15 12:56:42.628 I/[ 7217.984387] cma( 0): cma-10 pages: => 512 used of 3072 total pages
06-15 12:56:42.659 I/[ 7218.019345] oom_reaper( 0): reaped process 14741 (droid.launcher3), now anon-rss:0kB, file-rss:0kB, shmem-rss:380kB
06-15 12:56:42.663 I/ActivityManager( 1357): Process com.android.launcher3 (pid 14741) has died: fg TOP
06-15 12:56:42.664 W/ActivityManager( 1357): Scheduling restart of crashed service com.android.launcher3/com.android.quickstep.TouchInteractionService in 2442292887552ms for connection
06-15 12:56:42.668 D/CompatibilityChangeReporter( 1357): Compat change id reported: 135634846; UID 10074; state: DISABLED
06-15 12:56:42.668 D/CompatibilityChangeReporter( 1357): Compat change id reported: 177438394; UID 10074; state: DISABLED
06-15 12:56:42.668 D/CompatibilityChangeReporter( 1357): Compat change id reported: 135772972; UID 10074; state: DISABLED
06-15 12:56:42.668 D/CompatibilityChangeReporter( 1357): Compat change id reported: 135754954; UID 10074; state: ENABLED
06-15 12:56:42.668 D/CompatibilityChangeReporter( 1357): Compat change id reported: 143937733; UID 10074; state: ENABLED
06-15 12:56:42.676 I/ActivityManager( 1357): Start proc 14758:com.android.launcher3/u0a74 for top-activity {com.android.launcher3/com.android.launcher3.uioverrides.QuickstepLauncher}
06-15 12:56:42.695 I/[ 7218.055585] binder( 0): 14758:14758 ioctl 40046210 7fcde88de4 returned -22
06-15 12:56:42.743 I/[ 7218.100534] oom_reaper( 0): reaped process 14758 (droid.launcher3), now anon-rss:0kB, file-rss:0kB, shmem-rss:380kB
06-15 12:56:42.743 I/ActivityManager( 1357): Process com.android.launcher3 (pid 14758) has died: fg TOP
06-15 12:56:42.744 W/ActivityManager( 1357): Scheduling restart of crashed service com.android.launcher3/com.android.quickstep.TouchInteractionService in 9769171550208ms for connection
06-15 12:56:42.749 D/CompatibilityChangeReporter( 1357): Compat change id reported: 135634846; UID 10074; state: DISABLED
06-15 12:56:42.749 D/CompatibilityChangeReporter( 1357): Compat change id reported: 177438394; UID 10074; state: DISABLED
06-15 12:56:42.749 D/CompatibilityChangeReporter( 1357): Compat change id reported: 135772972; UID 10074; state: DISABLED
06-15 12:56:42.749 D/CompatibilityChangeReporter( 1357): Compat change id reported: 135754954; UID 10074; state: ENABLED
06-15 12:56:42.749 D/CompatibilityChangeReporter( 1357): Compat change id reported: 143937733; UID 10074; state: ENABLED
06-15 12:56:42.757 I/ActivityManager( 1357): Start proc 14776:com.android.launcher3/u0a74 for top-activity {com.android.launcher3/com.android.launcher3.uioverrides.QuickstepLauncher}
06-15 12:56:42.775 I/[ 7218.134956] binder( 0): 14776:14776 ioctl 40046210 7fcde88de4 returned -22
06-15 12:56:42.827 I/[ 7218.185535] oom_reaper( 0): reaped process 14776 (droid.launcher3), now anon-rss:0kB, file-rss:0kB, shmem-rss:380kB
06-15 12:56:42.827 I/ActivityManager( 1357): Process com.android.launcher3 (pid 14776) has died: fg TOP
06-15 12:56:42.828 W/ActivityManager( 1357): Scheduling restart of crashed service com.android.launcher3/com.android.quickstep.TouchInteractionService in 39076686200832ms for connection
06-15 12:56:42.833 D/CompatibilityChangeReporter( 1357): Compat change id reported: 135634846; UID 10074; state: DISABLED
06-15 12:56:42.833 D/CompatibilityChangeReporter( 1357): Compat change id reported: 177438394; UID 10074; state: DISABLED
06-15 12:56:42.833 D/CompatibilityChangeReporter( 1357): Compat change id reported: 135772972; UID 10074; state: DISABLED
06-15 12:56:42.833 D/CompatibilityChangeReporter( 1357): Compat change id reported: 135754954; UID 10074; state: ENABLED
06-15 12:56:42.833 D/CompatibilityChangeReporter( 1357): Compat change id reported: 143937733; UID 10074; state: ENABLED
06-15 12:56:42.840 I/ActivityManager( 1357): Start proc 14793:com.android.launcher3/u0a74 for top-activity {com.android.launcher3/com.android.launcher3.uioverrides.QuickstepLauncher}
06-15 12:56:42.859 I/[ 7218.219937] binder( 0): 14793:14793 ioctl 40046210 7fcde88de4 returned -22
06-15 12:56:42.939 I/[ 7218.299147] oom_reaper( 0): reaped process 14793 (droid.launcher3), now anon-rss:0kB, file-rss:0kB, shmem-rss:380kB
06-15 12:56:42.940 I/ActivityManager( 1357): Process com.android.launcher3 (pid 14793) has died: fg TOP
06-15 12:56:42.942 I/[ 7218.301212] binder( 0): undelivered TRANSACTION_COMPLETE
06-15 12:56:42.942 W/[ 7218.301215] binder_cleanup_transaction( 0): 24 callbacks suppressed
06-15 12:56:42.942 I/[ 7218.301215] binder( 0): undelivered transaction 6726965, process died.
06-15 12:56:42.942 W/ActivityManager( 1357): Scheduling restart of crashed service com.android.launcher3/com.android.quickstep.TouchInteractionService in 156306744803328ms for connection
06-15 12:56:42.948 D/CompatibilityChangeReporter( 1357): Compat change id reported: 135634846; UID 10074; state: DISABLED
06-15 12:56:42.948 D/CompatibilityChangeReporter( 1357): Compat change id reported: 177438394; UID 10074; state: DISABLED
06-15 12:56:42.948 D/CompatibilityChangeReporter( 1357): Compat change id reported: 135772972; UID 10074; state: DISABLED
06-15 12:56:42.948 D/CompatibilityChangeReporter( 1357): Compat change id reported: 135754954; UID 10074; state: ENABLED
06-15 12:56:42.949 D/CompatibilityChangeReporter( 1357): Compat change id reported: 143937733; UID 10074; state: ENABLED
06-15 12:56:42.955 I/ActivityManager( 1357): Start proc 14811:com.android.launcher3/u0a74 for top-activity {com.android.launcher3/com.android.launcher3.uioverrides.QuickstepLauncher}
06-15 12:56:42.975 I/[ 7218.332382] binder( 0): 14811:14811 ioctl 40046210 7fcde88de4 returned -22
06-15 12:56:43.019 I/[ 7218.378977] oom_reaper( 0): reaped process 14811 (droid.launcher3), now anon-rss:0kB, file-rss:0kB, shmem-rss:380kB
06-15 12:56:43.020 I/ActivityManager( 1357): Process com.android.launcher3 (pid 14811) has died: fg TOP
06-15 12:56:43.021 W/ActivityManager( 1357): Scheduling restart of crashed service com.android.launcher3/com.android.quickstep.TouchInteractionService in 625226979213312ms for connection
06-15 12:56:43.024 D/CompatibilityChangeReporter( 1357): Compat change id reported: 135634846; UID 10074; state: DISABLED
06-15 12:56:43.024 D/CompatibilityChangeReporter( 1357): Compat change id reported: 177438394; UID 10074; state: DISABLED
06-15 12:56:43.024 D/CompatibilityChangeReporter( 1357): Compat change id reported: 135772972; UID 10074; state: DISABLED
06-15 12:56:43.024 D/CompatibilityChangeReporter( 1357): Compat change id reported: 135754954; UID 10074; state: ENABLED
06-15 12:56:43.024 D/CompatibilityChangeReporter( 1357): Compat change id reported: 143937733; UID 10074; state: ENABLED
06-15 12:56:43.029 I/ActivityManager( 1357): Start proc 14828:com.android.launcher3/u0a74 for top-activity {com.android.launcher3/com.android.launcher3.uioverrides.QuickstepLauncher}
06-15 12:56:43.029 D/PowerManagerService( 1357): userActivityNoUpdateLocked: groupId=0, eventTime=7218389, event=0, flags=0x0, uid=1000
06-15 12:56:43.029 D/PowerManagerNotifier( 1357): onUserActivity: event=0, uid=1000
06-15 12:56:43.029 D/PowerManagerService( 1357): updateUserActivitySummaryLocked: groupId=0, mWakefulness=Awake, mUserActivitySummary=0x1, nextTimeout=7278389 (in 59999 ms)
06-15 12:56:43.029 D/PowerManagerNotifier( 1357): onScreenPolicyUpdate: newPolicy=3
06-15 12:56:43.029 D/PowerManagerService( 1357): updateDisplayPowerStateLocked: displayReady=true, groupId=0, policy=BRIGHT, mWakefulness=Awake, mWakeLockSummary=0x0, mUserActivitySummary=0x1, mBootCompleted=true, screenBrightnessOverride=NaN, useAutoBrightness=true, mScreenBrightnessBoostInProgress=false, mIsVrModeEnabled= false, sQuiescent=false
06-15 12:56:43.043 I/[ 7218.401784] binder( 0): 14828:14828 ioctl 40046210 7fcde88de4 returned -22
06-15 12:56:43.098 I/[ 7218.457666] oom_reaper( 0): reaped process 14829 (Runtime worker ), now anon-rss:0kB, file-rss:0kB, shmem-rss:380kB
06-15 12:56:43.098 I/[ 7218.459783] binder( 0): undelivered TRANSACTION_COMPLETE
06-15 12:56:43.098 I/[ 7218.459786] binder( 0): undelivered transaction 6727190, process died.
06-15 12:56:43.099 I/ActivityManager( 1357): Process com.android.launcher3 (pid 14828) has died: fg TOP
06-15 12:56:43.100 W/ActivityManager( 1357): Scheduling restart of crashed service com.android.launcher3/com.android.quickstep.TouchInteractionService in 2500907916853248ms for connection
06-15 12:56:43.104 D/CompatibilityChangeReporter( 1357): Compat change id reported: 135634846; UID 10074; state: DISABLED
06-15 12:56:43.104 D/CompatibilityChangeReporter( 1357): Compat change id reported: 177438394; UID 10074; state: DISABLED
06-15 12:56:43.104 D/CompatibilityChangeReporter( 1357): Compat change id reported: 135772972; UID 10074; state: DISABLED
06-15 12:56:43.104 D/CompatibilityChangeReporter( 1357): Compat change id reported: 135754954; UID 10074; state: ENABLED
06-15 12:56:43.104 D/CompatibilityChangeReporter( 1357): Compat change id reported: 143937733; UID 10074; state: ENABLED
06-15 12:56:43.108 I/ActivityManager( 1357): Start proc 14846:com.android.launcher3/u0a74 for top-activity {com.android.launcher3/com.android.launcher3.uioverrides.QuickstepLauncher}
06-15 12:56:43.119 I/[ 7218.478168] binder( 0): 14846:14846 ioctl 40046210 7fcde88de4 returned -22
06-15 12:56:43.133 D/PowerManagerService( 1357): userActivityNoUpdateLocked: groupId=0, eventTime=7218493, event=2, flags=0x0, uid=1000
06-15 12:56:43.133 D/PowerManagerNotifier( 1357): onUserActivity: event=2, uid=1000
06-15 12:56:43.134 D/PowerManagerService( 1357): updateUserActivitySummaryLocked: groupId=0, mWakefulness=Awake, mUserActivitySummary=0x1, nextTimeout=7278493 (in 59998 ms)
06-15 12:56:43.134 D/PowerManagerNotifier( 1357): onScreenPolicyUpdate: newPolicy=3
06-15 12:56:43.134 D/PowerManagerService( 1357): updateDisplayPowerStateLocked: displayReady=true, groupId=0, policy=BRIGHT, mWakefulness=Awake, mWakeLockSummary=0x0, mUserActivitySummary=0x1, mBootCompleted=true, screenBrightnessOverride=NaN, useAutoBrightness=true, mScreenBrightnessBoostInProgress=false, mIsVrModeEnabled= false, sQuiescent=false
06-15 12:56:43.171 I/[ 7218.531223] oom_reaper( 0): reaped process 14846 (droid.launcher3), now anon-rss:0kB, file-rss:0kB, shmem-rss:380kB
06-15 12:56:43.175 I/ActivityManager( 1357): Process com.android.launcher3 (pid 14846) has died: fg TOP
06-15 12:56:43.176 W/ActivityManager( 1357): Scheduling restart of crashed service com.android.launcher3/com.android.quickstep.TouchInteractionService in 10003631667412992ms for connection
06-15 12:56:43.181 D/CompatibilityChangeReporter( 1357): Compat change id reported: 135634846; UID 10074; state: DISABLED
06-15 12:56:43.181 D/CompatibilityChangeReporter( 1357): Compat change id reported: 177438394; UID 10074; state: DISABLED
06-15 12:56:43.181 D/CompatibilityChangeReporter( 1357): Compat change id reported: 135772972; UID 10074; state: DISABLED
06-15 12:56:43.181 D/CompatibilityChangeReporter( 1357): Compat change id reported: 135754954; UID 10074; state: ENABLED
06-15 12:56:43.182 D/CompatibilityChangeReporter( 1357): Compat change id reported: 143937733; UID 10074; state: ENABLED
06-15 12:56:43.187 I/ActivityManager( 1357): Start proc 14865:com.android.launcher3/u0a74 for top-activity {com.android.launcher3/com.android.launcher3.uioverrides.QuickstepLauncher}
06-15 12:56:43.203 I/[ 7218.563126] binder( 0): 14865:14865 ioctl 40046210 7fcde88de4 returned -22
06-15 12:56:43.240 D/PowerManagerService( 1357): userActivityNoUpdateLocked: groupId=0, eventTime=7218591, event=0, flags=0x0, uid=1000
06-15 12:56:43.242 D/PowerManagerNotifier( 1357): onUserActivity: event=0, uid=1000
06-15 12:56:43.248 I/[ 7218.609051] oom_reaper( 0): reaped process 14865 (droid.launcher3), now anon-rss:0kB, file-rss:0kB, shmem-rss:380kB
06-15 12:56:43.248 D/PowerManagerService( 1357): updateUserActivitySummaryLocked: groupId=0, mWakefulness=Awake, mUserActivitySummary=0x1, nextTimeout=7278591 (in 59982 ms)
06-15 12:56:43.248 D/PowerManagerNotifier( 1357): onScreenPolicyUpdate: newPolicy=3
06-15 12:56:43.248 D/PowerManagerService( 1357): updateDisplayPowerStateLocked: displayReady=true, groupId=0, policy=BRIGHT, mWakefulness=Awake, mWakeLockSummary=0x0, mUserActivitySummary=0x1, mBootCompleted=true, screenBrightnessOverride=NaN, useAutoBrightness=true, mScreenBrightnessBoostInProgress=false, mIsVrModeEnabled= false, sQuiescent=false
06-15 12:56:43.249 D/PowerManagerService( 1357): userActivityNoUpdateLocked: groupId=0, eventTime=7218610, event=2, flags=0x0, uid=1000
06-15 12:56:43.249 D/PowerManagerNotifier( 1357): onUserActivity: event=2, uid=1000
06-15 12:56:43.249 D/PowerManagerService( 1357): updateUserActivitySummaryLocked: groupId=0, mWakefulness=Awake, mUserActivitySummary=0x1, nextTimeout=7278610 (in 60000 ms)
06-15 12:56:43.249 D/PowerManagerNotifier( 1357): onScreenPolicyUpdate: newPolicy=3
06-15 12:56:43.249 D/PowerManagerService( 1357): updateDisplayPowerStateLocked: displayReady=true, groupId=0, policy=BRIGHT, mWakefulness=Awake, mWakeLockSummary=0x0, mUserActivitySummary=0x1, mBootCompleted=true, screenBrightnessOverride=NaN, useAutoBrightness=true, mScreenBrightnessBoostInProgress=false, mIsVrModeEnabled= false, sQuiescent=false
06-15 12:56:43.251 I/ActivityManager( 1357): Process com.android.launcher3 (pid 14865) has died: fg TOP
06-15 12:56:43.251 W/ActivityManager( 1357): Scheduling restart of crashed service com.android.launcher3/com.android.quickstep.TouchInteractionService in 40014526669651968ms for connection
06-15 12:56:43.252 D/CompatibilityChangeReporter( 1357): Compat change id reported: 135634846; UID 10074; state: DISABLED
06-15 12:56:43.252 D/CompatibilityChangeReporter( 1357): Compat change id reported: 177438394; UID 10074; state: DISABLED
06-15 12:56:43.252 D/CompatibilityChangeReporter( 1357): Compat change id reported: 135772972; UID 10074; state: DISABLED
06-15 12:56:43.252 D/CompatibilityChangeReporter( 1357): Compat change id reported: 135754954; UID 10074; state: ENABLED
06-15 12:56:43.252 D/CompatibilityChangeReporter( 1357): Compat change id reported: 143937733; UID 10074; state: ENABLED
06-15 12:56:43.256 I/ActivityManager( 1357): Start proc 14885:com.android.launcher3/u0a74 for top-activity {com.android.launcher3/com.android.launcher3.uioverrides.QuickstepLauncher}
06-15 12:56:43.262 I/[ 7218.623307] binder( 0): 14885:14885 ioctl 40046210 7fcde88de4 returned -22
06-15 12:56:43.311 D/CompatibilityChangeReporter( 1357): Compat change id reported: 135634846; UID 10027; state: DISABLED
06-15 12:56:43.311 D/CompatibilityChangeReporter( 1357): Compat change id reported: 177438394; UID 10027; state: DISABLED
06-15 12:56:43.311 D/CompatibilityChangeReporter( 1357): Compat change id reported: 135772972; UID 10027; state: DISABLED
06-15 12:56:43.312 D/CompatibilityChangeReporter( 1357): Compat change id reported: 135754954; UID 10027; state: DISABLED
06-15 12:56:43.312 D/CompatibilityChangeReporter( 1357): Compat change id reported: 143937733; UID 10027; state: DISABLED
06-15 12:56:43.315 I/[ 7218.672284] oom_reaper( 0): reaped process 14885 (droid.launcher3), now anon-rss:0kB, file-rss:0kB, shmem-rss:380kB
06-15 12:56:43.315 I/ActivityManager( 1357): Process com.android.launcher3 (pid 14885) has died: fg TOP
06-15 12:56:43.315 W/ActivityManager( 1357): Scheduling restart of crashed service com.android.launcher3/com.android.quickstep.TouchInteractionService in 160058106678607872ms for connection
06-15 12:56:43.318 I/ActivityManager( 1357): Start proc 14903:com.baidu.input/u0a27 for service {com.baidu.input/com.baidu.input.ImeService}
06-15 12:56:43.318 D/CompatibilityChangeReporter( 1357): Compat change id reported: 135634846; UID 10074; state: DISABLED
06-15 12:56:43.318 D/CompatibilityChangeReporter( 1357): Compat change id reported: 177438394; UID 10074; state: DISABLED
06-15 12:56:43.318 D/CompatibilityChangeReporter( 1357): Compat change id reported: 135772972; UID 10074; state: DISABLED
06-15 12:56:43.318 D/CompatibilityChangeReporter( 1357): Compat change id reported: 135754954; UID 10074; state: ENABLED
06-15 12:56:43.318 D/CompatibilityChangeReporter( 1357): Compat change id reported: 143937733; UID 10074; state: ENABLED
06-15 12:56:43.322 I/ActivityManager( 1357): Start proc 14908:com.android.launcher3/u0a74 for top-activity {com.android.launcher3/com.android.launcher3.uioverrides.QuickstepLauncher}
06-15 12:56:43.325 I/[ 7218.685849] binder( 0): 14903:14903 ioctl 40046210 7fcde88de4 returned -22
06-15 12:56:43.330 I/[ 7218.690053] binder( 0): 14908:14908 ioctl 40046210 7fcde88de4 returned -22
06-15 12:56:43.397 I/[ 7218.758578] oom_reaper( 0): reaped process 14908 (droid.launcher3), now anon-rss:0kB, file-rss:0kB, shmem-rss:384kB
06-15 12:56:43.399 I/[ 7218.760154] binder( 0): undelivered transaction 6727912, process died.
06-15 12:56:43.399 I/ActivityManager( 1357): Process com.android.launcher3 (pid 14908) has died: fg TOP
06-15 12:56:43.399 W/ActivityManager( 1357): Scheduling restart of crashed service com.android.launcher3/com.android.quickstep.TouchInteractionService in 640232426714431488ms for connection
06-15 12:56:43.401 D/CompatibilityChangeReporter( 1357): Compat change id reported: 135634846; UID 10074; state: DISABLED
06-15 12:56:43.401 D/CompatibilityChangeReporter( 1357): Compat change id reported: 177438394; UID 10074; state: DISABLED
06-15 12:56:43.401 D/CompatibilityChangeReporter( 1357): Compat change id reported: 135772972; UID 10074; state: DISABLED
06-15 12:56:43.401 D/CompatibilityChangeReporter( 1357): Compat change id reported: 135754954; UID 10074; state: ENABLED
06-15 12:56:43.402 D/CompatibilityChangeReporter( 1357): Compat change id reported: 143937733; UID 10074; state: ENABLED
06-15 12:56:43.407 I/ActivityManager( 1357): Start proc 14943:com.android.launcher3/u0a74 for top-activity {com.android.launcher3/com.android.launcher3.uioverrides.QuickstepLauncher}
06-15 12:56:43.415 I/[ 7218.775825] oom_reaper( 0): reaped process 14903 (com.baidu.input), now anon-rss:0kB, file-rss:0kB, shmem-rss:380kB
06-15 12:56:43.418 I/[ 7218.778005] binder( 0): 14943:14943 ioctl 40046210 7fcde88de4 returned -22
06-15 12:56:43.427 I/ActivityManager( 1357): Process com.baidu.input (pid 14903) has died: fg IMPB
06-15 12:56:43.427 W/ActivityManager( 1357): Scheduling restart of crashed service com.baidu.input/.ImeService in 34467ms for connection
06-15 12:56:43.455 I/[ 7218.812648] oom_reaper( 0): reaped process 14943 (droid.launcher3), now anon-rss:0kB, file-rss:0kB, shmem-rss:380kB
06-15 12:56:43.455 I/ActivityManager( 1357): Process com.android.launcher3 (pid 14943) has died: fg TOP
06-15 12:56:43.455 W/ActivityManager( 1357): Scheduling restart of crashed service com.android.launcher3/com.android.quickstep.TouchInteractionService in 2560929706857725952ms for connection
06-15 12:56:43.457 D/CompatibilityChangeReporter( 1357): Compat change id reported: 135634846; UID 10074; state: DISABLED
06-15 12:56:43.457 D/CompatibilityChangeReporter( 1357): Compat change id reported: 177438394; UID 10074; state: DISABLED
06-15 12:56:43.457 D/CompatibilityChangeReporter( 1357): Compat change id reported: 135772972; UID 10074; state: DISABLED
06-15 12:56:43.457 D/CompatibilityChangeReporter( 1357): Compat change id reported: 135754954; UID 10074; state: ENABLED
06-15 12:56:43.457 D/CompatibilityChangeReporter( 1357): Compat change id reported: 143937733; UID 10074; state: ENABLED
06-15 12:56:43.461 I/ActivityManager( 1357): Start proc 14960:com.android.launcher3/u0a74 for top-activity {com.android.launcher3/com.android.launcher3.uioverrides.QuickstepLauncher}
06-15 12:56:43.473 W/[ 7218.830765] audit( 0): audit_lost=16848 audit_rate_limit=5 audit_backlog_limit=64
06-15 12:56:43.473 E/[ 7218.830767] audit( 0): rate limit exceeded
06-15 12:56:43.473 I/[ 7218.831690] binder( 0): 14960:14960 ioctl 40046210 7fcde88de4 returned -22
06-15 12:56:43.523 I/[ 7218.880474] oom_reaper( 0): reaped process 14960 (droid.launcher3), now anon-rss:0kB, file-rss:0kB, shmem-rss:380kB
06-15 12:56:43.523 I/ActivityManager( 1357): Process com.android.launcher3 (pid 14960) has died: fg TOP
06-15 12:56:43.523 W/ActivityManager( 1357): Scheduling restart of crashed service com.android.launcher3/com.android.quickstep.TouchInteractionService in 1000ms for connection
06-15 12:56:43.524 D/CompatibilityChangeReporter( 1357): Compat change id reported: 135634846; UID 10074; state: DISABLED
06-15 12:56:43.524 D/CompatibilityChangeReporter( 1357): Compat change id reported: 177438394; UID 10074; state: DISABLED
06-15 12:56:43.524 D/CompatibilityChangeReporter( 1357): Compat change id reported: 135772972; UID 10074; state: DISABLED
06-15 12:56:43.524 D/CompatibilityChangeReporter( 1357): Compat change id reported: 135754954; UID 10074; state: ENABLED
06-15 12:56:43.525 D/CompatibilityChangeReporter( 1357): Compat change id reported: 143937733; UID 10074; state: ENABLED
06-15 12:56:43.529 I/ActivityManager( 1357): Start proc 14977:com.android.launcher3/u0a74 for top-activity {com.android.launcher3/com.android.launcher3.uioverrides.QuickstepLauncher}
06-15 12:56:43.539 I/[ 7218.898159] binder( 0): 14977:14977 ioctl 40046210 7fcde88de4 returned -22
06-15 12:56:43.590 I/[ 7218.949103] oom_reaper( 0): reaped process 14977 (droid.launcher3), now anon-rss:0kB, file-rss:0kB, shmem-rss:380kB
06-15 12:56:43.595 I/[ 7218.956112] binder( 0): undelivered transaction 6728257, process died.
06-15 12:56:43.595 I/ActivityManager( 1357): Process com.android.launcher3 (pid 14977) has died: fg TOP
06-15 12:56:43.595 W/ActivityManager( 1357): Scheduling restart of crashed service com.android.launcher3/com.android.quickstep.TouchInteractionService in 4000ms for connection
06-15 12:56:43.597 D/CompatibilityChangeReporter( 1357): Compat change id reported: 135634846; UID 10074; state: DISABLED
06-15 12:56:43.597 D/CompatibilityChangeReporter( 1357): Compat change id reported: 177438394; UID 10074; state: DISABLED
06-15 12:56:43.597 D/CompatibilityChangeReporter( 1357): Compat change id reported: 135772972; UID 10074; state: DISABLED
06-15 12:56:43.597 D/CompatibilityChangeReporter( 1357): Compat change id reported: 135754954; UID 10074; state: ENABLED
06-15 12:56:43.597 D/CompatibilityChangeReporter( 1357): Compat change id reported: 143937733; UID 10074; state: ENABLED
06-15 12:56:43.600 I/ActivityManager( 1357): Start proc 14995:com.android.launcher3/u0a74 for top-activity {com.android.launcher3/com.android.launcher3.uioverrides.QuickstepLauncher}
06-15 12:56:43.615 I/[ 7218.974141] binder( 0): 14995:14995 ioctl 40046210 7fcde88de4 returned -22
06-15 12:56:43.675 I/[ 7219.036267] oom_reaper( 0): reaped process 14995 (droid.launcher3), now anon-rss:0kB, file-rss:0kB, shmem-rss:380kB
06-15 12:56:43.679 I/ActivityManager( 1357): Process com.android.launcher3 (pid 14995) has died: fg TOP
06-15 12:56:43.679 W/ActivityManager( 1357): Scheduling restart of crashed service com.android.launcher3/com.android.quickstep.TouchInteractionService in 84215ms for connection
06-15 12:56:43.680 D/CompatibilityChangeReporter( 1357): Compat change id reported: 135634846; UID 10074; state: DISABLED
06-15 12:56:43.680 D/CompatibilityChangeReporter( 1357): Compat change id reported: 177438394; UID 10074; state: DISABLED
06-15 12:56:43.680 D/CompatibilityChangeReporter( 1357): Compat change id reported: 135772972; UID 10074; state: DISABLED
06-15 12:56:43.680 D/CompatibilityChangeReporter( 1357): Compat change id reported: 135754954; UID 10074; state: ENABLED
06-15 12:56:43.681 D/CompatibilityChangeReporter( 1357): Compat change id reported: 143937733; UID 10074; state: ENABLED
06-15 12:56:43.685 I/ActivityManager( 1357): Start proc 15013:com.android.launcher3/u0a74 for top-activity {com.android.launcher3/com.android.launcher3.uioverrides.QuickstepLauncher}
06-15 12:56:43.695 I/[ 7219.056305] binder( 0): 15013:15013 ioctl 40046210 7fcde88de4 returned -22
06-15 12:56:43.743 E/[ 7219.089163] [MAX975X( 0): max96755x_vc1_lcd_dtc_check] *ERROR* DTC_Display: screen not ready(0), bl_sta(1), lvl(20)
06-15 12:56:43.755 I/ActivityManager( 1357): Process com.android.launcher3 (pid 15013) has died: fg TOP
06-15 12:56:43.755 W/ActivityManager( 1357): Scheduling restart of crashed service com.android.launcher3/com.android.quickstep.TouchInteractionService in 336860ms for connection
06-15 12:56:43.757 D/CompatibilityChangeReporter( 1357): Compat change id reported: 135634846; UID 10074; state: DISABLED
06-15 12:56:43.757 D/CompatibilityChangeReporter( 1357): Compat change id reported: 177438394; UID 10074; state: DISABLED
06-15 12:56:43.757 D/CompatibilityChangeReporter( 1357): Compat change id reported: 135772972; UID 10074; state: DISABLED
06-15 12:56:43.757 D/CompatibilityChangeReporter( 1357): Compat change id reported: 135754954; UID 10074; state: ENABLED
06-15 12:56:43.756 I/[ 7219.114266] oom_reaper( 0): reaped process 15013 (droid.launcher3), now anon-rss:0kB, file-rss:0kB, shmem-rss:380kB
06-15 12:56:43.757 D/CompatibilityChangeReporter( 1357): Compat change id reported: 143937733; UID 10074; state: ENABLED
06-15 12:56:43.761 I/ActivityManager( 1357): Start proc 15031:com.android.launcher3/u0a74 for top-activity {com.android.launcher3/com.android.launcher3.uioverrides.QuickstepLauncher}
06-15 12:56:43.771 I/[ 7219.130657] binder( 0): 15031:15031 ioctl 40046210 7fcde88de4 returned -22
06-15 12:56:43.816 I/[ 7219.177281] oom_reaper( 0): reaped process 15031 (droid.launcher3), now anon-rss:0kB, file-rss:0kB, shmem-rss:380kB
06-15 12:56:43.819 I/ActivityManager( 1357): Process com.android.launcher3 (pid 15031) has died: fg TOP
06-15 12:56:43.819 W/ActivityManager( 1357): Scheduling restart of crashed service com.android.launcher3/com.android.quickstep.TouchInteractionService in 1347440ms for connection
06-15 12:56:43.820 D/CompatibilityChangeReporter( 1357): Compat change id reported: 135634846; UID 10074; state: DISABLED
06-15 12:56:43.820 D/CompatibilityChangeReporter( 1357): Compat change id reported: 177438394; UID 10074; state: DISABLED
06-15 12:56:43.820 D/CompatibilityChangeReporter( 1357): Compat change id reported: 135772972; UID 10074; state: DISABLED
06-15 12:56:43.820 D/CompatibilityChangeReporter( 1357): Compat change id reported: 135754954; UID 10074; state: ENABLED
06-15 12:56:43.820 D/CompatibilityChangeReporter( 1357): Compat change id reported: 143937733; UID 10074; state: ENABLED
06-15 12:56:43.825 I/ActivityManager( 1357): Start proc 15048:com.android.launcher3/u0a74 for top-activity {com.android.launcher3/com.android.launcher3.uioverrides.QuickstepLauncher}
06-15 12:56:43.839 I/[ 7219.197501] binder( 0): 15048:15048 ioctl 40046210 7fcde88de4 returned -22
06-15 12:56:43.899 I/[ 7219.258859] oom_reaper( 0): reaped process 15048 (droid.launcher3), now anon-rss:0kB, file-rss:0kB, shmem-rss:380kB
06-15 12:56:43.903 I/ActivityManager( 1357): Process com.android.launcher3 (pid 15048) has died: fg TOP
06-15 12:56:43.903 W/ActivityManager( 1357): Scheduling restart of crashed service com.android.launcher3/com.android.quickstep.TouchInteractionService in 5389760ms for connection
06-15 12:56:43.904 I/[ 7219.264112] binder( 0): undelivered transaction 6728657, process died.
06-15 12:56:43.905 D/CompatibilityChangeReporter( 1357): Compat change id reported: 135634846; UID 10074; state: DISABLED
06-15 12:56:43.905 D/CompatibilityChangeReporter( 1357): Compat change id reported: 177438394; UID 10074; state: DISABLED
06-15 12:56:43.905 D/CompatibilityChangeReporter( 1357): Compat change id reported: 135772972; UID 10074; state: DISABLED
06-15 12:56:43.905 D/CompatibilityChangeReporter( 1357): Compat change id reported: 135754954; UID 10074; state: ENABLED
06-15 12:56:43.906 D/CompatibilityChangeReporter( 1357): Compat change id reported: 143937733; UID 10074; state: ENABLED
06-15 12:56:43.911 I/ActivityManager( 1357): Start proc 15065:com.android.launcher3/u0a74 for top-activity {com.android.launcher3/com.android.launcher3.uioverrides.QuickstepLauncher}
06-15 12:56:43.922 I/[ 7219.281078] binder( 0): 15065:15065 ioctl 40046210 7fcde88de4 returned -22
06-15 12:56:43.979 I/[ 7219.338093] oom_reaper( 0): reaped process 15065 (droid.launcher3), now anon-rss:0kB, file-rss:0kB, shmem-rss:380kB
06-15 12:56:43.979 I/[ 7219.340113] binder( 0): undelivered transaction 6728772, process died.
06-15 12:56:43.979 I/ActivityManager( 1357): Process com.android.launcher3 (pid 15065) has died: fg TOP
06-15 12:56:43.980 W/ActivityManager( 1357): Scheduling restart of crashed service com.android.launcher3/com.android.quickstep.TouchInteractionService in 21559040ms for connection
06-15 12:56:43.983 D/CompatibilityChangeReporter( 1357): Compat change id reported: 135634846; UID 10074; state: DISABLED
06-15 12:56:43.983 D/CompatibilityChangeReporter( 1357): Compat change id reported: 177438394; UID 10074; state: DISABLED
06-15 12:56:43.983 D/CompatibilityChangeReporter( 1357): Compat change id reported: 135772972; UID 10074; state: DISABLED
06-15 12:56:43.983 D/CompatibilityChangeReporter( 1357): Compat change id reported: 135754954; UID 10074; state: ENABLED
06-15 12:56:43.983 D/CompatibilityChangeReporter( 1357): Compat change id reported: 143937733; UID 10074; state: ENABLED
06-15 12:56:43.987 I/ActivityManager( 1357): Start proc 15082:com.android.launcher3/u0a74 for top-activity {com.android.launcher3/com.android.launcher3.uioverrides.QuickstepLauncher}
06-15 12:56:43.997 I/[ 7219.356614] binder( 0): 15082:15082 ioctl 40046210 7fcde88de4 returned -22
06-15 12:56:44.050 I/[ 7219.410137] oom_reaper( 0): reaped process 15082 (droid.launcher3), now anon-rss:0kB, file-rss:0kB, shmem-rss:380kB
06-15 12:56:44.055 I/ActivityManager( 1357): Process com.android.launcher3 (pid 15082) has died: fg TOP
06-15 12:56:44.056 W/ActivityManager( 1357): Scheduling restart of crashed service com.android.launcher3/com.android.quickstep.TouchInteractionService in 86236160ms for connection
06-15 12:56:44.059 D/CompatibilityChangeReporter( 1357): Compat change id reported: 135634846; UID 10074; state: DISABLED
06-15 12:56:44.059 D/CompatibilityChangeReporter( 1357): Compat change id reported: 177438394; UID 10074; state: DISABLED
06-15 12:56:44.059 D/CompatibilityChangeReporter( 1357): Compat change id reported: 135772972; UID 10074; state: DISABLED
06-15 12:56:44.059 D/CompatibilityChangeReporter( 1357): Compat change id reported: 135754954; UID 10074; state: ENABLED
06-15 12:56:44.059 D/CompatibilityChangeReporter( 1357): Compat change id reported: 143937733; UID 10074; state: ENABLED
06-15 12:56:44.063 I/ActivityManager( 1357): Start proc 15100:com.android.launcher3/u0a74 for top-activity {com.android.launcher3/com.android.launcher3.uioverrides.QuickstepLauncher}
06-15 12:56:44.067 I/[ 7219.416240] binder( 0): undelivered transaction 6728877, process died.
06-15 12:56:44.079 I/[ 7219.438115] binder( 0): 15100:15100 ioctl 40046210 7fcde88de4 returned -22
06-15 12:56:44.138 I/[ 7219.499465] oom_reaper( 0): reaped process 15100 (droid.launcher3), now anon-rss:0kB, file-rss:0kB, shmem-rss:380kB
06-15 12:56:44.143 I/ActivityManager( 1357): Process com.android.launcher3 (pid 15100) has died: fg TOP
06-15 12:56:44.143 W/ActivityManager( 1357): Scheduling restart of crashed service com.android.launcher3/com.android.quickstep.TouchInteractionService in 344944640ms for connection
06-15 12:56:44.144 D/CompatibilityChangeReporter( 1357): Compat change id reported: 135634846; UID 10074; state: DISABLED
06-15 12:56:44.144 D/CompatibilityChangeReporter( 1357): Compat change id reported: 177438394; UID 10074; state: DISABLED
06-15 12:56:44.144 D/CompatibilityChangeReporter( 1357): Compat change id reported: 135772972; UID 10074; state: DISABLED
06-15 12:56:44.144 D/CompatibilityChangeReporter( 1357): Compat change id reported: 135754954; UID 10074; state: ENABLED
06-15 12:56:44.145 D/CompatibilityChangeReporter( 1357): Compat change id reported: 143937733; UID 10074; state: ENABLED
06-15 12:56:44.148 I/ActivityManager( 1357): Start proc 15118:com.android.launcher3/u0a74 for top-activity {com.android.launcher3/com.android.launcher3.uioverrides.QuickstepLauncher}
06-15 12:56:44.159 I/[ 7219.517900] binder( 0): 15118:15118 ioctl 40046210 7fcde88de4 returned -22
06-15 12:56:44.223 I/[ 7219.580212] oom_reaper( 0): reaped process 15118 (droid.launcher3), now anon-rss:0kB, file-rss:0kB, shmem-rss:380kB
06-15 12:56:44.223 I/[ 7219.581568] binder_alloc( 0): 15118: binder_alloc_buf, no vma
06-15 12:56:44.223 I/[ 7219.581571] binder( 0): 1357:2449 transaction failed 29189/-3, size 2540-0 line 3240
06-15 12:56:44.223 I/[ 7219.581577] binder( 0): send failed reply for transaction 6729099 to 15118:15118
06-15 12:56:44.223 I/[ 7219.584112] binder( 0): undelivered TRANSACTION_ERROR: 29189
06-15 12:56:44.223 I/ActivityManager( 1357): Process com.android.launcher3 (pid 15118) has died: fg TOP
06-15 12:56:44.223 W/ActivityManager( 1357): Scheduling restart of crashed service com.android.launcher3/com.android.quickstep.TouchInteractionService in 1379778560ms for connection
06-15 12:56:44.224 D/CompatibilityChangeReporter( 1357): Compat change id reported: 135634846; UID 10074; state: DISABLED
06-15 12:56:44.224 D/CompatibilityChangeReporter( 1357): Compat change id reported: 177438394; UID 10074; state: DISABLED
06-15 12:56:44.224 D/CompatibilityChangeReporter( 1357): Compat change id reported: 135772972; UID 10074; state: DISABLED
06-15 12:56:44.225 D/CompatibilityChangeReporter( 1357): Compat change id reported: 135754954; UID 10074; state: ENABLED
06-15 12:56:44.225 D/CompatibilityChangeReporter( 1357): Compat change id reported: 143937733; UID 10074; state: ENABLED
06-15 12:56:44.229 I/ActivityManager( 1357): Start proc 15136:com.android.launcher3/u0a74 for top-activity {com.android.launcher3/com.android.launcher3.uioverrides.QuickstepLauncher}
06-15 12:56:44.239 I/[ 7219.598839] binder( 0): 15136:15136 ioctl 40046210 7fcde88de4 returned -22
06-15 12:56:44.302 I/[ 7219.663367] oom_reaper( 0): reaped process 15136 (droid.launcher3), now anon-rss:0kB, file-rss:0kB, shmem-rss:380kB
06-15 12:56:44.307 I/[ 7219.668112] binder( 0): undelivered transaction 6729218, process died.
06-15 12:56:44.323 I/[ 7219.681942] binder( 0): 15153:15153 ioctl 40046210 7fcde88de4 returned -22
06-15 12:56:44.307 I/ActivityManager( 1357): Process com.android.launcher3 (pid 15136) has died: fg TOP
06-15 12:56:44.307 W/ActivityManager( 1357): Scheduling restart of crashed service com.android.launcher3/com.android.quickstep.TouchInteractionService in 5519114240ms for connection
06-15 12:56:44.308 D/CompatibilityChangeReporter( 1357): Compat change id reported: 135634846; UID 10074; state: DISABLED
06-15 12:56:44.308 D/CompatibilityChangeReporter( 1357): Compat change id reported: 177438394; UID 10074; state: DISABLED
06-15 12:56:44.308 D/CompatibilityChangeReporter( 1357): Compat change id reported: 135772972; UID 10074; state: DISABLED
06-15 12:56:44.309 D/CompatibilityChangeReporter( 1357): Compat change id reported: 135754954; UID 10074; state: ENABLED
06-15 12:56:44.309 D/CompatibilityChangeReporter( 1357): Compat change id reported: 143937733; UID 10074; state: ENABLED
06-15 12:56:44.313 I/ActivityManager( 1357): Start proc 15153:com.android.launcher3/u0a74 for top-activity {com.android.launcher3/com.android.launcher3.uioverrides.QuickstepLauncher}
06-15 12:56:44.378 I/ActivityManager( 1357): Process com.android.launcher3 (pid 15153) has died: fg TOP
06-15 12:56:44.378 W/ActivityManager( 1357): Scheduling restart of crashed service com.android.launcher3/com.android.quickstep.TouchInteractionService in 22076456960ms for connection
06-15 12:56:44.380 D/CompatibilityChangeReporter( 1357): Compat change id reported: 135634846; UID 10074; state: DISABLED
06-15 12:56:44.380 D/CompatibilityChangeReporter( 1357): Compat change id reported: 177438394; UID 10074; state: DISABLED
06-15 12:56:44.380 D/CompatibilityChangeReporter( 1357): Compat change id reported: 135772972; UID 10074; state: DISABLED
06-15 12:56:44.380 D/CompatibilityChangeReporter( 1357): Compat change id reported: 135754954; UID 10074; state: ENABLED
06-15 12:56:44.380 D/CompatibilityChangeReporter( 1357): Compat change id reported: 143937733; UID 10074; state: ENABLED
06-15 12:56:44.379 I/[ 7219.737667] oom_reaper( 0): reaped process 15153 (droid.launcher3), now anon-rss:0kB, file-rss:0kB, shmem-rss:380kB
06-15 12:56:44.384 I/ActivityManager( 1357): Start proc 15171:com.android.launcher3/u0a74 for top-activity {com.android.launcher3/com.android.launcher3.uioverrides.QuickstepLauncher}
06-15 12:56:44.394 I/[ 7219.753003] binder( 0): 15171:15171 ioctl 40046210 7fcde88de4 returned -22
06-15 12:56:44.447 I/[ 7219.806271] oom_reaper( 0): reaped process 15171 (droid.launcher3), now anon-rss:0kB, file-rss:0kB, shmem-rss:380kB
06-15 12:56:44.447 I/ActivityManager( 1357): Process com.android.launcher3 (pid 15171) has died: fg TOP
06-15 12:56:44.447 W/ActivityManager( 1357): Scheduling restart of crashed service com.android.launcher3/com.android.quickstep.TouchInteractionService in 88305827840ms for connection
06-15 12:56:44.449 D/CompatibilityChangeReporter( 1357): Compat change id reported: 135634846; UID 10074; state: DISABLED
06-15 12:56:44.449 D/CompatibilityChangeReporter( 1357): Compat change id reported: 177438394; UID 10074; state: DISABLED
06-15 12:56:44.449 D/CompatibilityChangeReporter( 1357): Compat change id reported: 135772972; UID 10074; state: DISABLED
06-15 12:56:44.449 D/CompatibilityChangeReporter( 1357): Compat change id reported: 135754954; UID 10074; state: ENABLED
06-15 12:56:44.449 D/CompatibilityChangeReporter( 1357): Compat change id reported: 143937733; UID 10074; state: ENABLED
06-15 12:56:44.453 I/ActivityManager( 1357): Start proc 15188:com.android.launcher3/u0a74 for top-activity {com.android.launcher3/com.android.launcher3.uioverrides.QuickstepLauncher}
