06-15 12:56:47.569 W/[ 7222.926096] free( 0): 489686 free_pcp:2910 free_cma:73034
06-15 12:56:47.570 W/ ( 0): [ 7222.926104] Node 0 active_anon:549176kB inactive_anon:139440kB active_file:908028kB inactive_file:3034472kB unevictable:114808kB isolated(anon):0kB isolated(file):0kB mapped:235048kB dirty:260440kB writeback:0kB shmem:11164kB writeback_tmp:0kB unstable:0kB all_unreclaimable? no
06-15 12:56:47.570 W/ ( 0): [ 7222.926114] Normal free:423500kB min:7040kB low:41492kB high:43252kB active_anon:14756kB inactive_anon:138248kB active_file:908028kB inactive_file:3034472kB unevictable:114060kB writepending:260440kB present:5960896kB managed:5799092kB mlocked:114060kB kernel_stack:31376kB pagetables:56564kB bounce:0kB free_pcp:7160kB local_pcp:1400kB free_cma:292136kB
06-15 12:56:47.570 W/[ 7222.926115] lowmem_reserve[]( 0): 0 16384
06-15 12:56:47.570 W/ ( 0): [ 7222.926127] Movable free:1535244kB min:2544kB low:15000kB high:15636kB active_anon:534648kB inactive_anon:1192kB active_file:0kB inactive_file:0kB unevictable:748kB writepending:0kB present:2097152kB managed:2097152kB mlocked:748kB kernel_stack:0kB pagetables:0kB bounce:0kB free_pcp:4480kB local_pcp:296kB free_cma:0kB
06-15 12:56:47.570 W/[ 7222.926128] lowmem_reserve[]( 0): 0 0
06-15 12:56:47.570 W/[ 7222.926132] Normal( 0): 3511*4kB (UMECH) 2844*8kB (UMECH) 1368*16kB (UMECH) 387*32kB (UMECH) 639*64kB (UMECH) 144*128kB (UMCH) 65*256kB (CH) 36*512kB (CH) 32*1024kB (CH) 20*2048kB (C) 45*4096kB (C) = 423516kB
06-15 12:56:47.570 W/[ 7222.926156] Movable( 0): 22683*4kB (M) 19020*8kB (M) 14238*16kB (M) 9511*32kB (M) 5156*64kB (M) 2029*128kB (M) 376*256kB (M) 59*512kB (M) 15*1024kB (M) 8*2048kB (M) 3*4096kB (M) = 1535244kB
06-15 12:56:47.570 W/ ( 0): [ 7222.926180] 1034316 total pagecache pages
06-15 12:56:47.570 W/ ( 0): [ 7222.926185] 17563 pages in swap cache
06-15 12:56:47.570 W/ ( 0): [ 7222.926187] Swap cache stats: add 345265, delete 327726, find 133351/298563
06-15 12:56:47.570 W/ ( 0): [ 7222.926189] Free swap = 4057460kB
06-15 12:56:47.570 W/ ( 0): [ 7222.926191] Total swap = 4194300kB
06-15 12:56:47.570 W/ ( 0): [ 7222.926193] 2014512 pages RAM
06-15 12:56:47.570 W/ ( 0): [ 7222.926194] 0 pages HighMem/MovableOnly
06-15 12:56:47.570 W/ ( 0): [ 7222.926196] 40451 pages reserved
06-15 12:56:47.570 W/ ( 0): [ 7222.926197] 89088 pages cma reserved
06-15 12:56:47.570 I/[ 7222.926203] cma( 0): cma-0 pages: => 0 used of 4096 total pages
06-15 12:56:47.570 I/[ 7222.926209] cma( 0): cma-1 pages: => 722 used of 8192 total pages
06-15 12:56:47.570 I/[ 7222.926213] cma( 0): cma-2 pages: => 0 used of 4096 total pages
06-15 12:56:47.570 I/[ 7222.926227] cma( 0): cma-3 pages: => 0 used of 41984 total pages
06-15 12:56:47.570 I/[ 7222.926231] cma( 0): cma-4 pages: => 3810 used of 5120 total pages
06-15 12:56:47.570 I/[ 7222.926237] cma( 0): cma-5 pages: => 9851 used of 10240 total pages
06-15 12:56:47.570 I/[ 7222.926241] cma( 0): cma-6 pages: => 0 used of 4096 total pages
06-15 12:56:47.570 I/[ 7222.926244] cma( 0): cma-7 pages: => 768 used of 1024 total pages
06-15 12:56:47.570 I/[ 7222.926248] cma( 0): cma-8 pages: => 203 used of 5120 total pages
06-15 12:56:47.570 I/[ 7222.926251] cma( 0): cma-9 pages: => 0 used of 2048 total pages
06-15 12:56:47.570 I/[ 7222.926255] cma( 0): cma-10 pages: => 512 used of 3072 total pages
06-15 12:56:47.610 I/[ 7222.971416] oom_reaper( 0): reaped process 15986 (droid.launcher3), now anon-rss:0kB, file-rss:0kB, shmem-rss:380kB
06-15 12:56:47.610 D/PowerManagerService( 1357): userActivityNoUpdateLocked: groupId=0, eventTime=7222971, event=0, flags=0x0, uid=1000
06-15 12:56:47.610 D/PowerManagerNotifier( 1357): onUserActivity: event=0, uid=1000
06-15 12:56:47.611 D/PowerManagerService( 1357): updateUserActivitySummaryLocked: groupId=0, mWakefulness=Awake, mUserActivitySummary=0x1, nextTimeout=7282971 (in 59999 ms)
06-15 12:56:47.611 D/PowerManagerNotifier( 1357): onScreenPolicyUpdate: newPolicy=3
06-15 12:56:47.611 D/PowerManagerService( 1357): updateDisplayPowerStateLocked: displayReady=true, groupId=0, policy=BRIGHT, mWakefulness=Awake, mWakeLockSummary=0x0, mUserActivitySummary=0x1, mBootCompleted=true, screenBrightnessOverride=NaN, useAutoBrightness=true, mScreenBrightnessBoostInProgress=false, mIsVrModeEnabled= false, sQuiescent=false
06-15 12:56:47.619 I/ActivityManager( 1357): Process com.android.launcher3 (pid 15986) has died: fg TOP
06-15 12:56:47.620 W/ActivityManager( 1357): Scheduling restart of crashed service com.android.launcher3/com.android.quickstep.TouchInteractionService in 5303042048ms for connection
06-15 12:56:47.623 D/CompatibilityChangeReporter( 1357): Compat change id reported: 135634846; UID 10074; state: DISABLED
06-15 12:56:47.623 D/CompatibilityChangeReporter( 1357): Compat change id reported: 177438394; UID 10074; state: DISABLED
06-15 12:56:47.623 D/CompatibilityChangeReporter( 1357): Compat change id reported: 135772972; UID 10074; state: DISABLED
06-15 12:56:47.623 D/CompatibilityChangeReporter( 1357): Compat change id reported: 135754954; UID 10074; state: ENABLED
06-15 12:56:47.623 D/CompatibilityChangeReporter( 1357): Compat change id reported: 143937733; UID 10074; state: ENABLED
06-15 12:56:47.629 I/ActivityManager( 1357): Start proc 16002:com.android.launcher3/u0a74 for top-activity {com.android.launcher3/com.android.launcher3.uioverrides.QuickstepLauncher}
06-15 12:56:47.646 I/[ 7223.006314] binder( 0): 16002:16002 ioctl 40046210 7fcde88de4 returned -22
06-15 12:56:47.707 I/[ 7223.068512] oom_reaper( 0): reaped process 16002 (droid.launcher3), now anon-rss:0kB, file-rss:0kB, shmem-rss:380kB
06-15 12:56:47.711 I/ActivityManager( 1357): Process com.android.launcher3 (pid 16002) has died: fg TOP
06-15 12:56:47.711 W/ActivityManager( 1357): Scheduling restart of crashed service com.android.launcher3/com.android.quickstep.TouchInteractionService in 21212168192ms for connection
06-15 12:56:47.712 D/CompatibilityChangeReporter( 1357): Compat change id reported: 135634846; UID 10074; state: DISABLED
06-15 12:56:47.712 D/CompatibilityChangeReporter( 1357): Compat change id reported: 177438394; UID 10074; state: DISABLED
06-15 12:56:47.712 D/CompatibilityChangeReporter( 1357): Compat change id reported: 135772972; UID 10074; state: DISABLED
06-15 12:56:47.712 D/CompatibilityChangeReporter( 1357): Compat change id reported: 135754954; UID 10074; state: ENABLED
06-15 12:56:47.713 D/CompatibilityChangeReporter( 1357): Compat change id reported: 143937733; UID 10074; state: ENABLED
06-15 12:56:47.717 I/ActivityManager( 1357): Start proc 16019:com.android.launcher3/u0a74 for top-activity {com.android.launcher3/com.android.launcher3.uioverrides.QuickstepLauncher}
06-15 12:56:47.724 D/PowerManagerService( 1357): userActivityNoUpdateLocked: groupId=0, eventTime=7223085, event=0, flags=0x0, uid=1000
06-15 12:56:47.725 D/PowerManagerNotifier( 1357): onUserActivity: event=0, uid=1000
06-15 12:56:47.725 D/PowerManagerService( 1357): updateUserActivitySummaryLocked: groupId=0, mWakefulness=Awake, mUserActivitySummary=0x1, nextTimeout=7283085 (in 59999 ms)
06-15 12:56:47.725 D/PowerManagerNotifier( 1357): onScreenPolicyUpdate: newPolicy=3
06-15 12:56:47.725 D/PowerManagerService( 1357): updateDisplayPowerStateLocked: displayReady=true, groupId=0, policy=BRIGHT, mWakefulness=Awake, mWakeLockSummary=0x0, mUserActivitySummary=0x1, mBootCompleted=true, screenBrightnessOverride=NaN, useAutoBrightness=true, mScreenBrightnessBoostInProgress=false, mIsVrModeEnabled= false, sQuiescent=false
06-15 12:56:47.731 I/[ 7223.089526] binder( 0): 16019:16019 ioctl 40046210 7fcde88de4 returned -22
06-15 12:56:47.793 I/[ 7223.152392] oom_reaper( 0): reaped process 16019 (droid.launcher3), now anon-rss:0kB, file-rss:0kB, shmem-rss:380kB
06-15 12:56:47.795 I/ActivityManager( 1357): Process com.android.launcher3 (pid 16019) has died: fg TOP
06-15 12:56:47.796 W/ActivityManager( 1357): Scheduling restart of crashed service com.android.launcher3/com.android.quickstep.TouchInteractionService in 84848672768ms for connection
06-15 12:56:47.798 D/CompatibilityChangeReporter( 1357): Compat change id reported: 135634846; UID 10074; state: DISABLED
06-15 12:56:47.798 D/CompatibilityChangeReporter( 1357): Compat change id reported: 177438394; UID 10074; state: DISABLED
06-15 12:56:47.798 D/CompatibilityChangeReporter( 1357): Compat change id reported: 135772972; UID 10074; state: DISABLED
06-15 12:56:47.798 D/CompatibilityChangeReporter( 1357): Compat change id reported: 135754954; UID 10074; state: ENABLED
06-15 12:56:47.799 D/CompatibilityChangeReporter( 1357): Compat change id reported: 143937733; UID 10074; state: ENABLED
06-15 12:56:47.806 I/ActivityManager( 1357): Start proc 16037:com.android.launcher3/u0a74 for top-activity {com.android.launcher3/com.android.launcher3.uioverrides.QuickstepLauncher}
06-15 12:56:47.823 I/[ 7223.181733] binder( 0): 16037:16037 ioctl 40046210 7fcde88de4 returned -22
06-15 12:56:47.880 I/[ 7223.241256] oom_reaper( 0): reaped process 16037 (droid.launcher3), now anon-rss:0kB, file-rss:0kB, shmem-rss:380kB
06-15 12:56:47.882 D/PowerManagerService( 1357): userActivityNoUpdateLocked: groupId=0, eventTime=7223242, event=0, flags=0x0, uid=1000
06-15 12:56:47.882 D/PowerManagerNotifier( 1357): onUserActivity: event=0, uid=1000
06-15 12:56:47.882 D/PowerManagerService( 1357): updateUserActivitySummaryLocked: groupId=0, mWakefulness=Awake, mUserActivitySummary=0x1, nextTimeout=7283242 (in 59999 ms)
06-15 12:56:47.882 D/PowerManagerNotifier( 1357): onScreenPolicyUpdate: newPolicy=3
06-15 12:56:47.882 D/PowerManagerService( 1357): updateDisplayPowerStateLocked: displayReady=true, groupId=0, policy=BRIGHT, mWakefulness=Awake, mWakeLockSummary=0x0, mUserActivitySummary=0x1, mBootCompleted=true, screenBrightnessOverride=NaN, useAutoBrightness=true, mScreenBrightnessBoostInProgress=false, mIsVrModeEnabled= false, sQuiescent=false
06-15 12:56:47.883 I/ActivityManager( 1357): Process com.android.launcher3 (pid 16037) has died: fg TOP
06-15 12:56:47.883 W/ActivityManager( 1357): Scheduling restart of crashed service com.android.launcher3/com.android.quickstep.TouchInteractionService in 339394691072ms for connection
06-15 12:56:47.884 D/CompatibilityChangeReporter( 1357): Compat change id reported: 135634846; UID 10074; state: DISABLED
06-15 12:56:47.884 D/CompatibilityChangeReporter( 1357): Compat change id reported: 177438394; UID 10074; state: DISABLED
06-15 12:56:47.884 D/CompatibilityChangeReporter( 1357): Compat change id reported: 135772972; UID 10074; state: DISABLED
06-15 12:56:47.884 D/CompatibilityChangeReporter( 1357): Compat change id reported: 135754954; UID 10074; state: ENABLED
06-15 12:56:47.885 D/CompatibilityChangeReporter( 1357): Compat change id reported: 143937733; UID 10074; state: ENABLED
06-15 12:56:47.889 I/ActivityManager( 1357): Start proc 16055:com.android.launcher3/u0a74 for top-activity {com.android.launcher3/com.android.launcher3.uioverrides.QuickstepLauncher}
06-15 12:56:47.899 I/[ 7223.259026] binder( 0): 16055:16055 ioctl 40046210 7fcde88de4 returned -22
06-15 12:56:47.955 I/[ 7223.312655] oom_reaper( 0): reaped process 16055 (droid.launcher3), now anon-rss:0kB, file-rss:0kB, shmem-rss:380kB
06-15 12:56:47.959 I/[ 7223.320443] binder( 0): undelivered TRANSACTION_COMPLETE
06-15 12:56:47.959 W/[ 7223.320448] binder_cleanup_transaction( 0): 4 callbacks suppressed
06-15 12:56:47.959 I/[ 7223.320450] binder( 0): undelivered transaction 6736021, process died.
06-15 12:56:47.959 I/ActivityManager( 1357): Process com.android.launcher3 (pid 16055) has died: fg TOP
06-15 12:56:47.960 W/ActivityManager( 1357): Scheduling restart of crashed service com.android.launcher3/com.android.quickstep.TouchInteractionService in 1357578764288ms for connection
06-15 12:56:47.963 D/CompatibilityChangeReporter( 1357): Compat change id reported: 135634846; UID 10074; state: DISABLED
06-15 12:56:47.963 D/CompatibilityChangeReporter( 1357): Compat change id reported: 177438394; UID 10074; state: DISABLED
06-15 12:56:47.963 D/CompatibilityChangeReporter( 1357): Compat change id reported: 135772972; UID 10074; state: DISABLED
06-15 12:56:47.963 D/CompatibilityChangeReporter( 1357): Compat change id reported: 135754954; UID 10074; state: ENABLED
06-15 12:56:47.963 D/CompatibilityChangeReporter( 1357): Compat change id reported: 143937733; UID 10074; state: ENABLED
06-15 12:56:47.967 I/ActivityManager( 1357): Start proc 16073:com.android.launcher3/u0a74 for top-activity {com.android.launcher3/com.android.launcher3.uioverrides.QuickstepLauncher}
06-15 12:56:47.984 W/[ 7223.341168] audit( 0): audit_lost=16862 audit_rate_limit=5 audit_backlog_limit=64
06-15 12:56:47.984 E/[ 7223.341172] audit( 0): rate limit exceeded
06-15 12:56:47.987 I/[ 7223.345839] binder( 0): 16073:16073 ioctl 40046210 7fcde88de4 returned -22
06-15 12:56:48.027 E/[ 7223.377436] [MAX975X( 0): max96755x_vc1_lcd_dtc_check] *ERROR* DTC_Display: screen not ready(0), bl_sta(1), lvl(20)
06-15 12:56:48.041 I/[ 7223.401430] oom_reaper( 0): reaped process 16073 (droid.launcher3), now anon-rss:0kB, file-rss:0kB, shmem-rss:380kB
06-15 12:56:48.042 I/ActivityManager( 1357): Process com.android.launcher3 (pid 16073) has died: fg TOP
06-15 12:56:48.044 W/ActivityManager( 1357): Scheduling restart of crashed service com.android.launcher3/com.android.quickstep.TouchInteractionService in 5430315057152ms for connection
06-15 12:56:48.046 D/CompatibilityChangeReporter( 1357): Compat change id reported: 135634846; UID 10074; state: DISABLED
06-15 12:56:48.046 D/CompatibilityChangeReporter( 1357): Compat change id reported: 177438394; UID 10074; state: DISABLED
06-15 12:56:48.046 D/CompatibilityChangeReporter( 1357): Compat change id reported: 135772972; UID 10074; state: DISABLED
06-15 12:56:48.046 D/CompatibilityChangeReporter( 1357): Compat change id reported: 135754954; UID 10074; state: ENABLED
06-15 12:56:48.046 D/CompatibilityChangeReporter( 1357): Compat change id reported: 143937733; UID 10074; state: ENABLED
06-15 12:56:48.050 I/ActivityManager( 1357): Start proc 16092:com.android.launcher3/u0a74 for top-activity {com.android.launcher3/com.android.launcher3.uioverrides.QuickstepLauncher}
06-15 12:56:48.059 I/[ 7223.419312] binder( 0): 16092:16092 ioctl 40046210 7fcde88de4 returned -22
06-15 12:56:48.114 I/[ 7223.474860] oom_reaper( 0): reaped process 16092 (droid.launcher3), now anon-rss:0kB, file-rss:0kB, shmem-rss:380kB
06-15 12:56:48.119 I/ActivityManager( 1357): Process com.android.launcher3 (pid 16092) has died: fg TOP
06-15 12:56:48.120 W/ActivityManager( 1357): Scheduling restart of crashed service com.android.launcher3/com.android.quickstep.TouchInteractionService in 21721260228608ms for connection
06-15 12:56:48.122 D/CompatibilityChangeReporter( 1357): Compat change id reported: 135634846; UID 10074; state: DISABLED
06-15 12:56:48.122 D/CompatibilityChangeReporter( 1357): Compat change id reported: 177438394; UID 10074; state: DISABLED
06-15 12:56:48.122 D/CompatibilityChangeReporter( 1357): Compat change id reported: 135772972; UID 10074; state: DISABLED
06-15 12:56:48.122 D/CompatibilityChangeReporter( 1357): Compat change id reported: 135754954; UID 10074; state: ENABLED
06-15 12:56:48.122 D/CompatibilityChangeReporter( 1357): Compat change id reported: 143937733; UID 10074; state: ENABLED
06-15 12:56:48.127 I/ActivityManager( 1357): Start proc 16109:com.android.launcher3/u0a74 for top-activity {com.android.launcher3/com.android.launcher3.uioverrides.QuickstepLauncher}
06-15 12:56:48.138 I/[ 7223.498330] binder( 0): 16109:16109 ioctl 40046210 7fcde88de4 returned -22
06-15 12:56:48.198 I/[ 7223.557262] oom_reaper( 0): reaped process 16109 (droid.launcher3), now anon-rss:0kB, file-rss:0kB, shmem-rss:380kB
06-15 12:56:48.203 I/[ 7223.564095] binder( 0): undelivered transaction 6736387, process died.
06-15 12:56:48.203 I/ActivityManager( 1357): Process com.android.launcher3 (pid 16109) has died: fg TOP
06-15 12:56:48.203 W/ActivityManager( 1357): Scheduling restart of crashed service com.android.launcher3/com.android.quickstep.TouchInteractionService in 86885040914432ms for connection
06-15 12:56:48.205 D/CompatibilityChangeReporter( 1357): Compat change id reported: 135634846; UID 10074; state: DISABLED
06-15 12:56:48.205 D/CompatibilityChangeReporter( 1357): Compat change id reported: 177438394; UID 10074; state: DISABLED
06-15 12:56:48.205 D/CompatibilityChangeReporter( 1357): Compat change id reported: 135772972; UID 10074; state: DISABLED
06-15 12:56:48.205 D/CompatibilityChangeReporter( 1357): Compat change id reported: 135754954; UID 10074; state: ENABLED
06-15 12:56:48.205 D/CompatibilityChangeReporter( 1357): Compat change id reported: 143937733; UID 10074; state: ENABLED
06-15 12:56:48.209 I/ActivityManager( 1357): Start proc 16126:com.android.launcher3/u0a74 for top-activity {com.android.launcher3/com.android.launcher3.uioverrides.QuickstepLauncher}
06-15 12:56:48.223 I/[ 7223.581790] binder( 0): 16126:16126 ioctl 40046210 7fcde88de4 returned -22
06-15 12:56:48.276 I/[ 7223.634551] oom_reaper( 0): reaped process 16126 (droid.launcher3), now anon-rss:0kB, file-rss:0kB, shmem-rss:380kB
06-15 12:56:48.279 I/ActivityManager( 1357): Process com.android.launcher3 (pid 16126) has died: fg TOP
06-15 12:56:48.280 W/ActivityManager( 1357): Scheduling restart of crashed service com.android.launcher3/com.android.quickstep.TouchInteractionService in 347540163657728ms for connection
06-15 12:56:48.282 D/CompatibilityChangeReporter( 1357): Compat change id reported: 135634846; UID 10074; state: DISABLED
06-15 12:56:48.282 D/CompatibilityChangeReporter( 1357): Compat change id reported: 177438394; UID 10074; state: DISABLED
06-15 12:56:48.282 D/CompatibilityChangeReporter( 1357): Compat change id reported: 135772972; UID 10074; state: DISABLED
06-15 12:56:48.282 D/CompatibilityChangeReporter( 1357): Compat change id reported: 135754954; UID 10074; state: ENABLED
06-15 12:56:48.282 D/CompatibilityChangeReporter( 1357): Compat change id reported: 143937733; UID 10074; state: ENABLED
06-15 12:56:48.287 I/ActivityManager( 1357): Start proc 16142:com.android.launcher3/u0a74 for top-activity {com.android.launcher3/com.android.launcher3.uioverrides.QuickstepLauncher}
06-15 12:56:48.298 I/[ 7223.659515] binder( 0): 16142:16142 ioctl 40046210 7fcde88de4 returned -22
06-15 12:56:48.349 I/[ 7223.710428] oom_reaper( 0): reaped process 16142 (droid.launcher3), now anon-rss:0kB, file-rss:0kB, shmem-rss:380kB
06-15 12:56:48.351 I/ActivityManager( 1357): Process com.android.launcher3 (pid 16142) has died: fg TOP
06-15 12:56:48.351 W/ActivityManager( 1357): Scheduling restart of crashed service com.android.launcher3/com.android.quickstep.TouchInteractionService in 1390160654630912ms for connection
06-15 12:56:48.352 D/CompatibilityChangeReporter( 1357): Compat change id reported: 135634846; UID 10074; state: DISABLED
06-15 12:56:48.352 D/CompatibilityChangeReporter( 1357): Compat change id reported: 177438394; UID 10074; state: DISABLED
06-15 12:56:48.352 D/CompatibilityChangeReporter( 1357): Compat change id reported: 135772972; UID 10074; state: DISABLED
06-15 12:56:48.352 D/CompatibilityChangeReporter( 1357): Compat change id reported: 135754954; UID 10074; state: ENABLED
06-15 12:56:48.353 D/CompatibilityChangeReporter( 1357): Compat change id reported: 143937733; UID 10074; state: ENABLED
06-15 12:56:48.357 I/ActivityManager( 1357): Start proc 16158:com.android.launcher3/u0a74 for top-activity {com.android.launcher3/com.android.launcher3.uioverrides.QuickstepLauncher}
06-15 12:56:48.366 I/[ 7223.726577] binder( 0): 16158:16158 ioctl 40046210 7fcde88de4 returned -22
06-15 12:56:48.374 I/UsageStatsService( 1357): User[0] Flushing usage stats to disk
06-15 12:56:48.414 I/[ 7223.775509] oom_reaper( 0): reaped process 16158 (droid.launcher3), now anon-rss:0kB, file-rss:0kB, shmem-rss:380kB
06-15 12:56:48.419 I/ActivityManager( 1357): Process com.android.launcher3 (pid 16158) has died: fg TOP
06-15 12:56:48.419 I/[ 7223.780118] binder( 0): undelivered transaction 6736695, process died.
06-15 12:56:48.419 W/ActivityManager( 1357): Scheduling restart of crashed service com.android.launcher3/com.android.quickstep.TouchInteractionService in 5560642618523648ms for connection
06-15 12:56:48.421 D/CompatibilityChangeReporter( 1357): Compat change id reported: 135634846; UID 10074; state: DISABLED
06-15 12:56:48.421 D/CompatibilityChangeReporter( 1357): Compat change id reported: 177438394; UID 10074; state: DISABLED
06-15 12:56:48.421 D/CompatibilityChangeReporter( 1357): Compat change id reported: 135772972; UID 10074; state: DISABLED
06-15 12:56:48.421 D/CompatibilityChangeReporter( 1357): Compat change id reported: 135754954; UID 10074; state: ENABLED
06-15 12:56:48.421 D/CompatibilityChangeReporter( 1357): Compat change id reported: 143937733; UID 10074; state: ENABLED
06-15 12:56:48.426 I/ActivityManager( 1357): Start proc 16175:com.android.launcher3/u0a74 for top-activity {com.android.launcher3/com.android.launcher3.uioverrides.QuickstepLauncher}
06-15 12:56:48.439 I/[ 7223.797800] binder( 0): 16175:16175 ioctl 40046210 7fcde88de4 returned -22
06-15 12:56:48.490 I/[ 7223.849052] oom_reaper( 0): reaped process 16175 (droid.launcher3), now anon-rss:0kB, file-rss:0kB, shmem-rss:380kB
06-15 12:56:48.491 I/ActivityManager( 1357): Process com.android.launcher3 (pid 16175) has died: fg TOP
06-15 12:56:48.491 W/ActivityManager( 1357): Scheduling restart of crashed service com.android.launcher3/com.android.quickstep.TouchInteractionService in 22242570474094592ms for connection
06-15 12:56:48.492 D/CompatibilityChangeReporter( 1357): Compat change id reported: 135634846; UID 10074; state: DISABLED
06-15 12:56:48.492 D/CompatibilityChangeReporter( 1357): Compat change id reported: 177438394; UID 10074; state: DISABLED
06-15 12:56:48.492 D/CompatibilityChangeReporter( 1357): Compat change id reported: 135772972; UID 10074; state: DISABLED
06-15 12:56:48.492 D/CompatibilityChangeReporter( 1357): Compat change id reported: 135754954; UID 10074; state: ENABLED
06-15 12:56:48.493 D/CompatibilityChangeReporter( 1357): Compat change id reported: 143937733; UID 10074; state: ENABLED
06-15 12:56:48.496 I/ActivityManager( 1357): Start proc 16191:com.android.launcher3/u0a74 for top-activity {com.android.launcher3/com.android.launcher3.uioverrides.QuickstepLauncher}
06-15 12:56:48.507 I/[ 7223.865407] binder( 0): 16191:16191 ioctl 40046210 7fcde88de4 returned -22
06-15 12:56:48.565 D/PowerManagerService( 1357): userActivityNoUpdateLocked: groupId=0, eventTime=7223917, event=0, flags=0x0, uid=1000
06-15 12:56:48.565 D/PowerManagerNotifier( 1357): onUserActivity: event=0, uid=1000
06-15 12:56:48.565 D/PowerManagerService( 1357): updateUserActivitySummaryLocked: groupId=0, mWakefulness=Awake, mUserActivitySummary=0x1, nextTimeout=7283917 (in 59991 ms)
06-15 12:56:48.565 D/PowerManagerNotifier( 1357): onScreenPolicyUpdate: newPolicy=3
06-15 12:56:48.566 D/PowerManagerService( 1357): updateDisplayPowerStateLocked: displayReady=true, groupId=0, policy=BRIGHT, mWakefulness=Awake, mWakeLockSummary=0x0, mUserActivitySummary=0x1, mBootCompleted=true, screenBrightnessOverride=NaN, useAutoBrightness=true, mScreenBrightnessBoostInProgress=false, mIsVrModeEnabled= false, sQuiescent=false
06-15 12:56:48.567 I/[ 7223.925562] oom_reaper( 0): reaped process 16191 (droid.launcher3), now anon-rss:0kB, file-rss:0kB, shmem-rss:380kB
06-15 12:56:48.567 I/ActivityManager( 1357): Process com.android.launcher3 (pid 16191) has died: fg TOP
06-15 12:56:48.567 I/[ 7223.928106] binder( 0): undelivered transaction 6736916, process died.
06-15 12:56:48.567 W/ActivityManager( 1357): Scheduling restart of crashed service com.android.launcher3/com.android.quickstep.TouchInteractionService in 88970281896378368ms for connection
06-15 12:56:48.568 D/CompatibilityChangeReporter( 1357): Compat change id reported: 135634846; UID 10074; state: DISABLED
06-15 12:56:48.568 D/CompatibilityChangeReporter( 1357): Compat change id reported: 177438394; UID 10074; state: DISABLED
06-15 12:56:48.568 D/CompatibilityChangeReporter( 1357): Compat change id reported: 135772972; UID 10074; state: DISABLED
06-15 12:56:48.569 D/CompatibilityChangeReporter( 1357): Compat change id reported: 135754954; UID 10074; state: ENABLED
06-15 12:56:48.569 D/CompatibilityChangeReporter( 1357): Compat change id reported: 143937733; UID 10074; state: ENABLED
06-15 12:56:48.573 I/ActivityManager( 1357): Start proc 16208:com.android.launcher3/u0a74 for top-activity {com.android.launcher3/com.android.launcher3.uioverrides.QuickstepLauncher}
06-15 12:56:48.582 I/[ 7223.942459] binder( 0): 16208:16208 ioctl 40046210 7fcde88de4 returned -22
06-15 12:56:48.655 I/[ 7224.012803] oom_reaper( 0): reaped process 16210 (Runtime worker ), now anon-rss:0kB, file-rss:0kB, shmem-rss:384kB
06-15 12:56:48.653 I/ActivityManager( 1357): Process com.android.launcher3 (pid 16208) has died: fg TOP
06-15 12:56:48.655 W/ActivityManager( 1357): Scheduling restart of crashed service com.android.launcher3/com.android.quickstep.TouchInteractionService in 355881127585513472ms for connection
06-15 12:56:48.658 D/CompatibilityChangeReporter( 1357): Compat change id reported: 135634846; UID 10074; state: DISABLED
06-15 12:56:48.658 D/CompatibilityChangeReporter( 1357): Compat change id reported: 177438394; UID 10074; state: DISABLED
06-15 12:56:48.658 D/CompatibilityChangeReporter( 1357): Compat change id reported: 135772972; UID 10074; state: DISABLED
06-15 12:56:48.658 D/CompatibilityChangeReporter( 1357): Compat change id reported: 135754954; UID 10074; state: ENABLED
06-15 12:56:48.659 D/CompatibilityChangeReporter( 1357): Compat change id reported: 143937733; UID 10074; state: ENABLED
06-15 12:56:48.662 I/ActivityManager( 1357): Start proc 16227:com.android.launcher3/u0a74 for top-activity {com.android.launcher3/com.android.launcher3.uioverrides.QuickstepLauncher}
06-15 12:56:48.668 D/PowerManagerService( 1357): userActivityNoUpdateLocked: groupId=0, eventTime=7224029, event=0, flags=0x0, uid=1000
06-15 12:56:48.668 D/PowerManagerNotifier( 1357): onUserActivity: event=0, uid=1000
06-15 12:56:48.669 D/PowerManagerService( 1357): updateUserActivitySummaryLocked: groupId=0, mWakefulness=Awake, mUserActivitySummary=0x1, nextTimeout=7284029 (in 59999 ms)
06-15 12:56:48.669 D/PowerManagerNotifier( 1357): onScreenPolicyUpdate: newPolicy=3
06-15 12:56:48.669 D/PowerManagerService( 1357): updateDisplayPowerStateLocked: displayReady=true, groupId=0, policy=BRIGHT, mWakefulness=Awake, mWakeLockSummary=0x0, mUserActivitySummary=0x1, mBootCompleted=true, screenBrightnessOverride=NaN, useAutoBrightness=true, mScreenBrightnessBoostInProgress=false, mIsVrModeEnabled= false, sQuiescent=false
06-15 12:56:48.671 I/[ 7224.031701] binder( 0): 16227:16227 ioctl 40046210 7fcde88de4 returned -22
06-15 12:56:48.743 I/[ 7224.102482] oom_reaper( 0): reaped process 16227 (droid.launcher3), now anon-rss:0kB, file-rss:0kB, shmem-rss:380kB
06-15 12:56:48.747 I/ActivityManager( 1357): Process com.android.launcher3 (pid 16227) has died: fg TOP
06-15 12:56:48.749 W/ActivityManager( 1357): Scheduling restart of crashed service com.android.launcher3/com.android.quickstep.TouchInteractionService in 1423524510342053888ms for connection
06-15 12:56:48.754 D/CompatibilityChangeReporter( 1357): Compat change id reported: 135634846; UID 10074; state: DISABLED
06-15 12:56:48.754 D/CompatibilityChangeReporter( 1357): Compat change id reported: 177438394; UID 10074; state: DISABLED
06-15 12:56:48.754 D/CompatibilityChangeReporter( 1357): Compat change id reported: 135772972; UID 10074; state: DISABLED
06-15 12:56:48.754 D/CompatibilityChangeReporter( 1357): Compat change id reported: 135754954; UID 10074; state: ENABLED
06-15 12:56:48.754 D/CompatibilityChangeReporter( 1357): Compat change id reported: 143937733; UID 10074; state: ENABLED
06-15 12:56:48.763 I/ActivityManager( 1357): Start proc 16245:com.android.launcher3/u0a74 for top-activity {com.android.launcher3/com.android.launcher3.uioverrides.QuickstepLauncher}
06-15 12:56:48.783 I/[ 7224.140839] binder( 0): 16245:16245 ioctl 40046210 7fcde88de4 returned -22
06-15 12:56:48.851 I/[ 7224.210972] oom_reaper( 0): reaped process 16245 (droid.launcher3), now anon-rss:0kB, file-rss:0kB, shmem-rss:380kB
06-15 12:56:48.855 I/ActivityManager( 1357): Process com.android.launcher3 (pid 16245) has died: fg TOP
06-15 12:56:48.856 I/[ 7224.216100] binder( 0): undelivered transaction 6737356, process died.
06-15 12:56:48.856 W/ActivityManager( 1357): Scheduling restart of crashed service com.android.launcher3/com.android.quickstep.TouchInteractionService in 5694098041368215552ms for connection
06-15 12:56:48.861 D/CompatibilityChangeReporter( 1357): Compat change id reported: 135634846; UID 10074; state: DISABLED
06-15 12:56:48.861 D/CompatibilityChangeReporter( 1357): Compat change id reported: 177438394; UID 10074; state: DISABLED
06-15 12:56:48.861 D/CompatibilityChangeReporter( 1357): Compat change id reported: 135772972; UID 10074; state: DISABLED
06-15 12:56:48.861 D/CompatibilityChangeReporter( 1357): Compat change id reported: 135754954; UID 10074; state: ENABLED
06-15 12:56:48.861 D/CompatibilityChangeReporter( 1357): Compat change id reported: 143937733; UID 10074; state: ENABLED
06-15 12:56:48.868 I/ActivityManager( 1357): Start proc 16262:com.android.launcher3/u0a74 for top-activity {com.android.launcher3/com.android.launcher3.uioverrides.QuickstepLauncher}
06-15 12:56:48.886 I/[ 7224.245168] binder( 0): 16262:16262 ioctl 40046210 7fcde88de4 returned -22
06-15 12:56:48.942 I/[ 7224.301448] oom_reaper( 0): reaped process 16262 (droid.launcher3), now anon-rss:0kB, file-rss:0kB, shmem-rss:380kB
06-15 12:56:48.943 I/ActivityManager( 1357): Process com.android.launcher3 (pid 16262) has died: fg TOP
06-15 12:56:48.943 W/ActivityManager( 1357): Scheduling restart of crashed service com.android.launcher3/com.android.quickstep.TouchInteractionService in 4329648091763310592ms for connection
06-15 12:56:48.944 D/CompatibilityChangeReporter( 1357): Compat change id reported: 135634846; UID 10074; state: DISABLED
06-15 12:56:48.944 D/CompatibilityChangeReporter( 1357): Compat change id reported: 177438394; UID 10074; state: DISABLED
06-15 12:56:48.944 D/CompatibilityChangeReporter( 1357): Compat change id reported: 135772972; UID 10074; state: DISABLED
06-15 12:56:48.944 D/CompatibilityChangeReporter( 1357): Compat change id reported: 135754954; UID 10074; state: ENABLED
06-15 12:56:48.945 D/CompatibilityChangeReporter( 1357): Compat change id reported: 143937733; UID 10074; state: ENABLED
06-15 12:56:48.949 I/ActivityManager( 1357): Start proc 16278:com.android.launcher3/u0a74 for top-activity {com.android.launcher3/com.android.launcher3.uioverrides.QuickstepLauncher}
06-15 12:56:48.959 I/[ 7224.320146] binder( 0): 16278:16278 ioctl 40046210 7fcde88de4 returned -22
06-15 12:56:49.015 I/[ 7224.375087] oom_reaper( 0): reaped process 16278 (droid.launcher3), now anon-rss:0kB, file-rss:0kB, shmem-rss:380kB
06-15 12:56:49.019 I/ActivityManager( 1357): Process com.android.launcher3 (pid 16278) has died: fg TOP
06-15 12:56:49.019 W/ActivityManager( 1357): Scheduling restart of crashed service com.android.launcher3/com.android.quickstep.TouchInteractionService in 78875ms for connection
06-15 12:56:49.020 D/CompatibilityChangeReporter( 1357): Compat change id reported: 135634846; UID 10074; state: DISABLED
06-15 12:56:49.020 D/CompatibilityChangeReporter( 1357): Compat change id reported: 177438394; UID 10074; state: DISABLED
06-15 12:56:49.020 D/CompatibilityChangeReporter( 1357): Compat change id reported: 135772972; UID 10074; state: DISABLED
06-15 12:56:49.020 D/CompatibilityChangeReporter( 1357): Compat change id reported: 135754954; UID 10074; state: ENABLED
06-15 12:56:49.021 D/CompatibilityChangeReporter( 1357): Compat change id reported: 143937733; UID 10074; state: ENABLED
06-15 12:56:49.024 I/ActivityManager( 1357): Start proc 16296:com.android.launcher3/u0a74 for top-activity {com.android.launcher3/com.android.launcher3.uioverrides.QuickstepLauncher}
06-15 12:56:49.034 I/[ 7224.395517] binder( 0): 16296:16296 ioctl 40046210 7fcde88de4 returned -22
06-15 12:56:49.099 I/[ 7224.458672] oom_reaper( 0): reaped process 16296 (droid.launcher3), now anon-rss:0kB, file-rss:0kB, shmem-rss:380kB
06-15 12:56:49.099 I/ActivityManager( 1357): Process com.android.launcher3 (pid 16296) has died: fg TOP
06-15 12:56:49.099 W/ActivityManager( 1357): Scheduling restart of crashed service com.android.launcher3/com.android.quickstep.TouchInteractionService in 315500ms for connection
06-15 12:56:49.101 D/CompatibilityChangeReporter( 1357): Compat change id reported: 135634846; UID 10074; state: DISABLED
06-15 12:56:49.101 D/CompatibilityChangeReporter( 1357): Compat change id reported: 177438394; UID 10074; state: DISABLED
06-15 12:56:49.101 D/CompatibilityChangeReporter( 1357): Compat change id reported: 135772972; UID 10074; state: DISABLED
06-15 12:56:49.101 D/CompatibilityChangeReporter( 1357): Compat change id reported: 135754954; UID 10074; state: ENABLED
06-15 12:56:49.101 D/CompatibilityChangeReporter( 1357): Compat change id reported: 143937733; UID 10074; state: ENABLED
06-15 12:56:49.117 W/[ 7224.475123] audit( 0): audit_lost=16865 audit_rate_limit=5 audit_backlog_limit=64
06-15 12:56:49.118 E/[ 7224.475125] audit( 0): rate limit exceeded
06-15 12:56:49.118 I/[ 7224.476195] binder( 0): 16314:16314 ioctl 40046210 7fcde88de4 returned -22
06-15 12:56:49.105 I/ActivityManager( 1357): Start proc 16314:com.android.launcher3/u0a74 for top-activity {com.android.launcher3/com.android.launcher3.uioverrides.QuickstepLauncher}
06-15 12:56:49.133 D/PowerManagerService( 1357): userActivityNoUpdateLocked: groupId=0, eventTime=7224492, event=0, flags=0x0, uid=1000
06-15 12:56:49.133 D/PowerManagerNotifier( 1357): onUserActivity: event=0, uid=1000
06-15 12:56:49.133 D/PowerManagerService( 1357): updateUserActivitySummaryLocked: groupId=0, mWakefulness=Awake, mUserActivitySummary=0x1, nextTimeout=7284492 (in 59998 ms)
06-15 12:56:49.133 D/PowerManagerNotifier( 1357): onScreenPolicyUpdate: newPolicy=3
06-15 12:56:49.133 D/PowerManagerService( 1357): updateDisplayPowerStateLocked: displayReady=true, groupId=0, policy=BRIGHT, mWakefulness=Awake, mWakeLockSummary=0x0, mUserActivitySummary=0x1, mBootCompleted=true, screenBrightnessOverride=NaN, useAutoBrightness=true, mScreenBrightnessBoostInProgress=false, mIsVrModeEnabled= false, sQuiescent=false
06-15 12:56:49.171 I/[ 7224.530701] oom_reaper( 0): reaped process 16314 (droid.launcher3), now anon-rss:0kB, file-rss:0kB, shmem-rss:380kB
06-15 12:56:49.171 I/[ 7224.532146] binder( 0): undelivered transaction 6737790, process died.
06-15 12:56:49.171 I/ActivityManager( 1357): Process com.android.launcher3 (pid 16314) has died: fg TOP
06-15 12:56:49.171 W/ActivityManager( 1357): Scheduling restart of crashed service com.android.launcher3/com.android.quickstep.TouchInteractionService in 1262000ms for connection
06-15 12:56:49.173 D/CompatibilityChangeReporter( 1357): Compat change id reported: 135634846; UID 10074; state: DISABLED
06-15 12:56:49.173 D/CompatibilityChangeReporter( 1357): Compat change id reported: 177438394; UID 10074; state: DISABLED
06-15 12:56:49.173 D/CompatibilityChangeReporter( 1357): Compat change id reported: 135772972; UID 10074; state: DISABLED
06-15 12:56:49.173 D/CompatibilityChangeReporter( 1357): Compat change id reported: 135754954; UID 10074; state: ENABLED
06-15 12:56:49.173 D/CompatibilityChangeReporter( 1357): Compat change id reported: 143937733; UID 10074; state: ENABLED
06-15 12:56:49.177 I/ActivityManager( 1357): Start proc 16333:com.android.launcher3/u0a74 for top-activity {com.android.launcher3/com.android.launcher3.uioverrides.QuickstepLauncher}
06-15 12:56:49.187 I/[ 7224.547752] binder( 0): 16333:16333 ioctl 40046210 7fcde88de4 returned -22
06-15 12:56:49.206 I/[ 7224.564884] oom_reaper( 0): reaped process 16333 (droid.launcher3), now anon-rss:0kB, file-rss:0kB, shmem-rss:92kB
06-15 12:56:49.215 I/ActivityManager( 1357): Process com.android.launcher3 (pid 16333) has died: fg TOP
06-15 12:56:49.216 W/ActivityManager( 1357): Scheduling restart of crashed service com.android.launcher3/com.android.quickstep.TouchInteractionService in 5048000ms for connection
06-15 12:56:49.221 D/CompatibilityChangeReporter( 1357): Compat change id reported: 135634846; UID 10074; state: DISABLED
06-15 12:56:49.221 D/CompatibilityChangeReporter( 1357): Compat change id reported: 177438394; UID 10074; state: DISABLED
06-15 12:56:49.221 D/CompatibilityChangeReporter( 1357): Compat change id reported: 135772972; UID 10074; state: DISABLED
06-15 12:56:49.221 D/CompatibilityChangeReporter( 1357): Compat change id reported: 135754954; UID 10074; state: ENABLED
06-15 12:56:49.222 D/CompatibilityChangeReporter( 1357): Compat change id reported: 143937733; UID 10074; state: ENABLED
06-15 12:56:49.229 I/ActivityManager( 1357): Start proc 16351:com.android.launcher3/u0a74 for top-activity {com.android.launcher3/com.android.launcher3.uioverrides.QuickstepLauncher}
06-15 12:56:49.247 I/[ 7224.605402] binder( 0): 16351:16351 ioctl 40046210 7fcde88de4 returned -22
06-15 12:56:49.268 D/PowerManagerService( 1357): userActivityNoUpdateLocked: groupId=0, eventTime=7224628, event=0, flags=0x0, uid=1000
06-15 12:56:49.268 D/PowerManagerNotifier( 1357): onUserActivity: event=0, uid=1000
06-15 12:56:49.268 D/PowerManagerService( 1357): updateUserActivitySummaryLocked: groupId=0, mWakefulness=Awake, mUserActivitySummary=0x1, nextTimeout=7284628 (in 59999 ms)
06-15 12:56:49.268 D/PowerManagerNotifier( 1357): onScreenPolicyUpdate: newPolicy=3
06-15 12:56:49.268 D/PowerManagerService( 1357): updateDisplayPowerStateLocked: displayReady=true, groupId=0, policy=BRIGHT, mWakefulness=Awake, mWakeLockSummary=0x0, mUserActivitySummary=0x1, mBootCompleted=true, screenBrightnessOverride=NaN, useAutoBrightness=true, mScreenBrightnessBoostInProgress=false, mIsVrModeEnabled= false, sQuiescent=false
06-15 12:56:49.311 I/[ 7224.669750] oom_reaper( 0): reaped process 16351 (droid.launcher3), now anon-rss:0kB, file-rss:0kB, shmem-rss:380kB
06-15 12:56:49.310 I/ActivityManager( 1357): Process com.android.launcher3 (pid 16351) has died: fg TOP
06-15 12:56:49.311 W/ActivityManager( 1357): Scheduling restart of crashed service com.android.launcher3/com.android.quickstep.TouchInteractionService in 20192000ms for connection
06-15 12:56:49.313 D/CompatibilityChangeReporter( 1357): Compat change id reported: 135634846; UID 10074; state: DISABLED
06-15 12:56:49.313 D/CompatibilityChangeReporter( 1357): Compat change id reported: 177438394; UID 10074; state: DISABLED
06-15 12:56:49.313 D/CompatibilityChangeReporter( 1357): Compat change id reported: 135772972; UID 10074; state: DISABLED
06-15 12:56:49.313 D/CompatibilityChangeReporter( 1357): Compat change id reported: 135754954; UID 10074; state: ENABLED
06-15 12:56:49.314 D/CompatibilityChangeReporter( 1357): Compat change id reported: 143937733; UID 10074; state: ENABLED
06-15 12:56:49.317 I/ActivityManager( 1357): Start proc 16368:com.android.launcher3/u0a74 for top-activity {com.android.launcher3/com.android.launcher3.uioverrides.QuickstepLauncher}
06-15 12:56:49.325 I/[ 7224.684802] binder( 0): 16368:16368 ioctl 40046210 7fcde88de4 returned -22
06-15 12:56:49.376 I/[ 7224.735457] oom_reaper( 0): reaped process 16368 (droid.launcher3), now anon-rss:0kB, file-rss:0kB, shmem-rss:380kB
06-15 12:56:49.379 I/[ 7224.740142] binder( 0): undelivered transaction 6738155, process died.
06-15 12:56:49.379 I/[ 7224.740196] binder( 0): undelivered transaction 6738151, process died.
06-15 12:56:49.379 I/ActivityManager( 1357): Process com.android.launcher3 (pid 16368) has died: fg TOP
06-15 12:56:49.379 W/ActivityManager( 1357): Scheduling restart of crashed service com.android.launcher3/com.android.quickstep.TouchInteractionService in 80768000ms for connection
06-15 12:56:49.380 D/CompatibilityChangeReporter( 1357): Compat change id reported: 135634846; UID 10074; state: DISABLED
06-15 12:56:49.380 D/CompatibilityChangeReporter( 1357): Compat change id reported: 177438394; UID 10074; state: DISABLED
06-15 12:56:49.380 D/CompatibilityChangeReporter( 1357): Compat change id reported: 135772972; UID 10074; state: DISABLED
06-15 12:56:49.380 D/CompatibilityChangeReporter( 1357): Compat change id reported: 135754954; UID 10074; state: ENABLED
06-15 12:56:49.381 D/CompatibilityChangeReporter( 1357): Compat change id reported: 143937733; UID 10074; state: ENABLED
06-15 12:56:49.384 D/PowerManagerService( 1357): userActivityNoUpdateLocked: groupId=0, eventTime=7224732, event=0, flags=0x0, uid=1000
06-15 12:56:49.384 D/PowerManagerNotifier( 1357): onUserActivity: event=0, uid=1000
06-15 12:56:49.384 D/PowerManagerService( 1357): updateUserActivitySummaryLocked: groupId=0, mWakefulness=Awake, mUserActivitySummary=0x1, nextTimeout=7284732 (in 59987 ms)
06-15 12:56:49.384 I/ActivityManager( 1357): Start proc 16385:com.android.launcher3/u0a74 for top-activity {com.android.launcher3/com.android.launcher3.uioverrides.QuickstepLauncher}
06-15 12:56:49.384 D/PowerManagerNotifier( 1357): onScreenPolicyUpdate: newPolicy=3
06-15 12:56:49.384 D/PowerManagerService( 1357): updateDisplayPowerStateLocked: displayReady=true, groupId=0, policy=BRIGHT, mWakefulness=Awake, mWakeLockSummary=0x0, mUserActivitySummary=0x1, mBootCompleted=true, screenBrightnessOverride=NaN, useAutoBrightness=true, mScreenBrightnessBoostInProgress=false, mIsVrModeEnabled= false, sQuiescent=false
06-15 12:56:49.395 I/[ 7224.753172] binder( 0): 16385:16385 ioctl 40046210 7fcde88de4 returned -22
06-15 12:56:49.446 I/[ 7224.807218] oom_reaper( 0): reaped process 16385 (droid.launcher3), now anon-rss:0kB, file-rss:0kB, shmem-rss:380kB
06-15 12:56:49.451 I/ActivityManager( 1357): Process com.android.launcher3 (pid 16385) has died: fg TOP
06-15 12:56:49.451 W/ActivityManager( 1357): Scheduling restart of crashed service com.android.launcher3/com.android.quickstep.TouchInteractionService in 323072000ms for connection
06-15 12:56:49.453 D/CompatibilityChangeReporter( 1357): Compat change id reported: 135634846; UID 10074; state: DISABLED
06-15 12:56:49.453 D/CompatibilityChangeReporter( 1357): Compat change id reported: 177438394; UID 10074; state: DISABLED
06-15 12:56:49.453 D/CompatibilityChangeReporter( 1357): Compat change id reported: 135772972; UID 10074; state: DISABLED
06-15 12:56:49.453 D/CompatibilityChangeReporter( 1357): Compat change id reported: 135754954; UID 10074; state: ENABLED
06-15 12:56:49.453 D/CompatibilityChangeReporter( 1357): Compat change id reported: 143937733; UID 10074; state: ENABLED
06-15 12:56:49.457 I/ActivityManager( 1357): Start proc 16405:com.android.launcher3/u0a74 for top-activity {com.android.launcher3/com.android.launcher3.uioverrides.QuickstepLauncher}
06-15 12:56:49.470 I/[ 7224.829117] binder( 0): 16405:16405 ioctl 40046210 7fcde88de4 returned -22
06-15 12:56:49.490 D/PowerManagerService( 1357): userActivityNoUpdateLocked: groupId=0, eventTime=7224850, event=0, flags=0x0, uid=1000
06-15 12:56:49.490 D/PowerManagerNotifier( 1357): onUserActivity: event=0, uid=1000
06-15 12:56:49.491 D/PowerManagerService( 1357): updateUserActivitySummaryLocked: groupId=0, mWakefulness=Awake, mUserActivitySummary=0x1, nextTimeout=7284850 (in 59998 ms)
06-15 12:56:49.491 D/PowerManagerNotifier( 1357): onScreenPolicyUpdate: newPolicy=3
06-15 12:56:49.491 D/PowerManagerService( 1357): updateDisplayPowerStateLocked: displayReady=true, groupId=0, policy=BRIGHT, mWakefulness=Awake, mWakeLockSummary=0x0, mUserActivitySummary=0x1, mBootCompleted=true, screenBrightnessOverride=NaN, useAutoBrightness=true, mScreenBrightnessBoostInProgress=false, mIsVrModeEnabled= false, sQuiescent=false
06-15 12:56:49.531 I/[ 7224.892591] oom_reaper( 0): reaped process 16405 (droid.launcher3), now anon-rss:0kB, file-rss:0kB, shmem-rss:380kB
06-15 12:56:49.535 I/ActivityManager( 1357): Process com.android.launcher3 (pid 16405) has died: fg TOP
06-15 12:56:49.535 W/ActivityManager( 1357): Scheduling restart of crashed service com.android.launcher3/com.android.quickstep.TouchInteractionService in 1292288000ms for connection
06-15 12:56:49.536 D/CompatibilityChangeReporter( 1357): Compat change id reported: 135634846; UID 10074; state: DISABLED
06-15 12:56:49.536 D/CompatibilityChangeReporter( 1357): Compat change id reported: 177438394; UID 10074; state: DISABLED
06-15 12:56:49.537 D/CompatibilityChangeReporter( 1357): Compat change id reported: 135772972; UID 10074; state: DISABLED
06-15 12:56:49.537 D/CompatibilityChangeReporter( 1357): Compat change id reported: 135754954; UID 10074; state: ENABLED
06-15 12:56:49.537 D/CompatibilityChangeReporter( 1357): Compat change id reported: 143937733; UID 10074; state: ENABLED
06-15 12:56:49.543 I/ActivityManager( 1357): Start proc 16428:com.android.launcher3/u0a74 for top-activity {com.android.launcher3/com.android.launcher3.uioverrides.QuickstepLauncher}
06-15 12:56:49.555 I/[ 7224.915117] binder( 0): 16428:16428 ioctl 40046210 7fcde88de4 returned -22
06-15 12:56:49.607 D/PowerManagerService( 1357): userActivityNoUpdateLocked: groupId=0, eventTime=7224967, event=0, flags=0x0, uid=1000
06-15 12:56:49.608 D/PowerManagerNotifier( 1357): onUserActivity: event=0, uid=1000
06-15 12:56:49.608 D/PowerManagerService( 1357): updateUserActivitySummaryLocked: groupId=0, mWakefulness=Awake, mUserActivitySummary=0x1, nextTimeout=7284967 (in 59998 ms)
06-15 12:56:49.608 D/PowerManagerNotifier( 1357): onScreenPolicyUpdate: newPolicy=3
06-15 12:56:49.608 D/PowerManagerService( 1357): updateDisplayPowerStateLocked: displayReady=true, groupId=0, policy=BRIGHT, mWakefulness=Awake, mWakeLockSummary=0x0, mUserActivitySummary=0x1, mBootCompleted=true, screenBrightnessOverride=NaN, useAutoBrightness=true, mScreenBrightnessBoostInProgress=false, mIsVrModeEnabled= false, sQuiescent=false
06-15 12:56:49.619 I/[ 7224.978562] oom_reaper( 0): reaped process 16428 (droid.launcher3), now anon-rss:0kB, file-rss:0kB, shmem-rss:380kB
06-15 12:56:49.623 I/ActivityManager( 1357): Process com.android.launcher3 (pid 16428) has died: fg TOP
06-15 12:56:49.623 W/ActivityManager( 1357): Scheduling restart of crashed service com.android.launcher3/com.android.quickstep.TouchInteractionService in 5169152000ms for connection
06-15 12:56:49.625 D/CompatibilityChangeReporter( 1357): Compat change id reported: 135634846; UID 10074; state: DISABLED
06-15 12:56:49.625 D/CompatibilityChangeReporter( 1357): Compat change id reported: 177438394; UID 10074; state: DISABLED
06-15 12:56:49.625 D/CompatibilityChangeReporter( 1357): Compat change id reported: 135772972; UID 10074; state: DISABLED
06-15 12:56:49.625 D/CompatibilityChangeReporter( 1357): Compat change id reported: 135754954; UID 10074; state: ENABLED
06-15 12:56:49.625 D/CompatibilityChangeReporter( 1357): Compat change id reported: 143937733; UID 10074; state: ENABLED
06-15 12:56:49.632 I/ActivityManager( 1357): Start proc 16448:com.android.launcher3/u0a74 for top-activity {com.android.launcher3/com.android.launcher3.uioverrides.QuickstepLauncher}
06-15 12:56:49.647 I/[ 7225.008566] binder( 0): 16448:16448 ioctl 40046210 7fcde88de4 returned -22
06-15 12:56:49.710 I/[ 7225.071247] oom_reaper( 0): reaped process 16448 (droid.launcher3), now anon-rss:0kB, file-rss:0kB, shmem-rss:380kB
06-15 12:56:49.714 D/PowerManagerService( 1357): userActivityNoUpdateLocked: groupId=0, eventTime=7225075, event=0, flags=0x0, uid=1000
06-15 12:56:49.714 D/PowerManagerNotifier( 1357): onUserActivity: event=0, uid=1000
06-15 12:56:49.714 D/PowerManagerService( 1357): updateUserActivitySummaryLocked: groupId=0, mWakefulness=Awake, mUserActivitySummary=0x1, nextTimeout=7285075 (in 60000 ms)
06-15 12:56:49.714 D/PowerManagerNotifier( 1357): onScreenPolicyUpdate: newPolicy=3
06-15 12:56:49.714 D/PowerManagerService( 1357): updateDisplayPowerStateLocked: displayReady=true, groupId=0, policy=BRIGHT, mWakefulness=Awake, mWakeLockSummary=0x0, mUserActivitySummary=0x1, mBootCompleted=true, screenBrightnessOverride=NaN, useAutoBrightness=true, mScreenBrightnessBoostInProgress=false, mIsVrModeEnabled= false, sQuiescent=false
06-15 12:56:49.715 I/[ 7225.076111] binder( 0): undelivered transaction 6738699, process died.
06-15 12:56:49.715 I/ActivityManager( 1357): Process com.android.launcher3 (pid 16448) has died: fg TOP
06-15 12:56:49.715 W/ActivityManager( 1357): Scheduling restart of crashed service com.android.launcher3/com.android.quickstep.TouchInteractionService in 20676608000ms for connection
06-15 12:56:49.716 D/CompatibilityChangeReporter( 1357): Compat change id reported: 135634846; UID 10074; state: DISABLED
06-15 12:56:49.716 D/CompatibilityChangeReporter( 1357): Compat change id reported: 177438394; UID 10074; state: DISABLED
06-15 12:56:49.716 D/CompatibilityChangeReporter( 1357): Compat change id reported: 135772972; UID 10074; state: DISABLED
06-15 12:56:49.716 D/CompatibilityChangeReporter( 1357): Compat change id reported: 135754954; UID 10074; state: ENABLED
06-15 12:56:49.716 D/CompatibilityChangeReporter( 1357): Compat change id reported: 143937733; UID 10074; state: ENABLED
06-15 12:56:49.720 I/ActivityManager( 1357): Start proc 16466:com.android.launcher3/u0a74 for top-activity {com.android.launcher3/com.android.launcher3.uioverrides.QuickstepLauncher}
06-15 12:56:49.735 I/[ 7225.095031] binder( 0): 16466:16466 ioctl 40046210 7fcde88de4 returned -22
06-15 12:56:49.790 I/[ 7225.151370] oom_reaper( 0): reaped process 16466 (droid.launcher3), now anon-rss:0kB, file-rss:0kB, shmem-rss:380kB
06-15 12:56:49.795 I/ActivityManager( 1357): Process com.android.launcher3 (pid 16466) has died: fg TOP
