06-15 12:49:09.582 D/PowerManagerNotifier( 1357): onWakeLockAcquired: flags=1, tag="*job*/com.tencent.android.qqdownloader.YYBLiveAccountProvider/com.tencent.android.qqdownloader.YYBLiveAccountProvider.account/应用宝:android", packageName=android, ownerUid=1000, ownerPid=1357, workSource=WorkSource{10117}
06-15 12:49:09.582 D/PowerManagerService( 1357): acquireWakeLockInternal: lock=231804768, flags=0x1, tag="SyncLoopWakeLock", ws=null, uid=1000, pid=1357
06-15 12:49:09.582 D/PowerManagerService( 1357): updateWakeLockSummaryLocked: mWakefulness=Awake, mWakeLockSummary=0x23
06-15 12:49:09.582 D/PowerManagerService( 1357): updateUserActivitySummaryLocked: groupId=0, mWakefulness=Awake, mUserActivitySummary=0x1, nextTimeout=6824730 (in 59810 ms)
06-15 12:49:09.582 D/PowerManagerNotifier( 1357): onScreenPolicyUpdate: newPolicy=3
06-15 12:49:09.582 D/PowerManagerService( 1357): updateDisplayPowerStateLocked: displayReady=true, groupId=0, policy=BRIGHT, mWakefulness=Awake, mWakeLockSummary=0x23, mUserActivitySummary=0x1, mBootCompleted=true, screenBrightnessOverride=NaN, useAutoBrightness=true, mScreenBrightnessBoostInProgress=false, mIsVrModeEnabled= false, sQuiescent=false
06-15 12:49:09.582 D/PowerManagerNotifier( 1357): onWakeLockAcquired: flags=1, tag="SyncLoopWakeLock", packageName=android, ownerUid=1000, ownerPid=1357, workSource=null
06-15 12:49:09.583 D/PowerManagerService( 1357): acquireWakeLockInternal: lock=26266518, flags=0x1, tag="*sync*/com.tencent.android.qqdownloader.YYBLiveAccountProvider/com.tencent.android.qqdownloader.YYBLiveAccountProvider.account/应用宝", ws=WorkSource{10117}, uid=1000, pid=1357
06-15 12:49:09.583 D/PowerManagerService( 1357): updateWakeLockSummaryLocked: mWakefulness=Awake, mWakeLockSummary=0x23
06-15 12:49:09.583 D/PowerManagerService( 1357): updateUserActivitySummaryLocked: groupId=0, mWakefulness=Awake, mUserActivitySummary=0x1, nextTimeout=6824730 (in 59809 ms)
06-15 12:49:09.583 D/PowerManagerNotifier( 1357): onScreenPolicyUpdate: newPolicy=3
06-15 12:49:09.583 D/PowerManagerService( 1357): updateDisplayPowerStateLocked: displayReady=true, groupId=0, policy=BRIGHT, mWakefulness=Awake, mWakeLockSummary=0x23, mUserActivitySummary=0x1, mBootCompleted=true, screenBrightnessOverride=NaN, useAutoBrightness=true, mScreenBrightnessBoostInProgress=false, mIsVrModeEnabled= false, sQuiescent=false
06-15 12:49:09.583 D/PowerManagerNotifier( 1357): onWakeLockAcquired: flags=1, tag="*sync*/com.tencent.android.qqdownloader.YYBLiveAccountProvider/com.tencent.android.qqdownloader.YYBLiveAccountProvider.account/应用宝", packageName=android, ownerUid=1000, ownerPid=1357, workSource=WorkSource{10117}
06-15 12:49:09.588 D/PowerManagerService( 1357): releaseWakeLockInternal: lock=231804768 [SyncLoopWakeLock], flags=0x0
06-15 12:49:09.588 D/PowerManagerNotifier( 1357): onWakeLockReleased: flags=1, tag="SyncLoopWakeLock", packageName=android, ownerUid=1000, ownerPid=1357, workSource=null
06-15 12:49:09.588 D/PowerManagerService( 1357): updateWakeLockSummaryLocked: mWakefulness=Awake, mWakeLockSummary=0x23
06-15 12:49:09.588 D/PowerManagerService( 1357): updateUserActivitySummaryLocked: groupId=0, mWakefulness=Awake, mUserActivitySummary=0x1, nextTimeout=6824730 (in 59804 ms)
06-15 12:49:09.588 D/PowerManagerNotifier( 1357): onScreenPolicyUpdate: newPolicy=3
06-15 12:49:09.588 D/PowerManagerService( 1357): updateDisplayPowerStateLocked: displayReady=true, groupId=0, policy=BRIGHT, mWakefulness=Awake, mWakeLockSummary=0x23, mUserActivitySummary=0x1, mBootCompleted=true, screenBrightnessOverride=NaN, useAutoBrightness=true, mScreenBrightnessBoostInProgress=false, mIsVrModeEnabled= false, sQuiescent=false
06-15 12:49:09.595 D/PowerManagerService( 1357): acquireWakeLockInternal: lock=231804768, flags=0x1, tag="SyncLoopWakeLock", ws=null, uid=1000, pid=1357
06-15 12:49:09.595 D/PowerManagerService( 1357): updateWakeLockSummaryLocked: mWakefulness=Awake, mWakeLockSummary=0x23
06-15 12:49:09.595 D/PowerManagerService( 1357): updateUserActivitySummaryLocked: groupId=0, mWakefulness=Awake, mUserActivitySummary=0x1, nextTimeout=6824730 (in 59797 ms)
06-15 12:49:09.595 D/PowerManagerNotifier( 1357): onScreenPolicyUpdate: newPolicy=3
06-15 12:49:09.595 D/PowerManagerService( 1357): updateDisplayPowerStateLocked: displayReady=true, groupId=0, policy=BRIGHT, mWakefulness=Awake, mWakeLockSummary=0x23, mUserActivitySummary=0x1, mBootCompleted=true, screenBrightnessOverride=NaN, useAutoBrightness=true, mScreenBrightnessBoostInProgress=false, mIsVrModeEnabled= false, sQuiescent=false
06-15 12:49:09.595 D/PowerManagerNotifier( 1357): onWakeLockAcquired: flags=1, tag="SyncLoopWakeLock", packageName=android, ownerUid=1000, ownerPid=1357, workSource=null
06-15 12:49:09.595 D/PowerManagerService( 1357): releaseWakeLockInternal: lock=231804768 [SyncLoopWakeLock], flags=0x0
06-15 12:49:09.595 D/PowerManagerNotifier( 1357): onWakeLockReleased: flags=1, tag="SyncLoopWakeLock", packageName=android, ownerUid=1000, ownerPid=1357, workSource=null
06-15 12:49:09.595 D/PowerManagerService( 1357): updateWakeLockSummaryLocked: mWakefulness=Awake, mWakeLockSummary=0x23
06-15 12:49:09.595 D/PowerManagerService( 1357): updateUserActivitySummaryLocked: groupId=0, mWakefulness=Awake, mUserActivitySummary=0x1, nextTimeout=6824730 (in 59797 ms)
06-15 12:49:09.596 D/PowerManagerNotifier( 1357): onScreenPolicyUpdate: newPolicy=3
06-15 12:49:09.596 D/PowerManagerService( 1357): updateDisplayPowerStateLocked: displayReady=true, groupId=0, policy=BRIGHT, mWakefulness=Awake, mWakeLockSummary=0x23, mUserActivitySummary=0x1, mBootCompleted=true, screenBrightnessOverride=NaN, useAutoBrightness=true, mScreenBrightnessBoostInProgress=false, mIsVrModeEnabled= false, sQuiescent=false
06-15 12:49:09.598 D/PowerManagerService( 1357): acquireWakeLockInternal: lock=231804768, flags=0x1, tag="SyncLoopWakeLock", ws=null, uid=1000, pid=1357
06-15 12:49:09.598 D/PowerManagerService( 1357): updateWakeLockSummaryLocked: mWakefulness=Awake, mWakeLockSummary=0x23
06-15 12:49:09.598 D/PowerManagerService( 1357): updateUserActivitySummaryLocked: groupId=0, mWakefulness=Awake, mUserActivitySummary=0x1, nextTimeout=6824730 (in 59794 ms)
06-15 12:49:09.598 D/PowerManagerNotifier( 1357): onScreenPolicyUpdate: newPolicy=3
06-15 12:49:09.598 D/PowerManagerService( 1357): updateDisplayPowerStateLocked: displayReady=true, groupId=0, policy=BRIGHT, mWakefulness=Awake, mWakeLockSummary=0x23, mUserActivitySummary=0x1, mBootCompleted=true, screenBrightnessOverride=NaN, useAutoBrightness=true, mScreenBrightnessBoostInProgress=false, mIsVrModeEnabled= false, sQuiescent=false
06-15 12:49:09.598 D/PowerManagerNotifier( 1357): onWakeLockAcquired: flags=1, tag="SyncLoopWakeLock", packageName=android, ownerUid=1000, ownerPid=1357, workSource=null
06-15 12:49:09.599 D/PowerManagerService( 1357): releaseWakeLockInternal: lock=126344639 [*job*/com.tencent.android.qqdownloader.YYBLiveAccountProvider/com.tencent.android.qqdownloader.YYBLiveAccountProvider.account/应用宝:android], flags=0x0
06-15 12:49:09.599 D/PowerManagerNotifier( 1357): onWakeLockReleased: flags=1, tag="*job*/com.tencent.android.qqdownloader.YYBLiveAccountProvider/com.tencent.android.qqdownloader.YYBLiveAccountProvider.account/应用宝:android", packageName=android, ownerUid=1000, ownerPid=1357, workSource=WorkSource{10117}
06-15 12:49:09.599 D/PowerManagerService( 1357): updateWakeLockSummaryLocked: mWakefulness=Awake, mWakeLockSummary=0x23
06-15 12:49:09.599 D/PowerManagerService( 1357): updateUserActivitySummaryLocked: groupId=0, mWakefulness=Awake, mUserActivitySummary=0x1, nextTimeout=6824730 (in 59793 ms)
06-15 12:49:09.599 D/PowerManagerNotifier( 1357): onScreenPolicyUpdate: newPolicy=3
06-15 12:49:09.599 D/PowerManagerService( 1357): updateDisplayPowerStateLocked: displayReady=true, groupId=0, policy=BRIGHT, mWakefulness=Awake, mWakeLockSummary=0x23, mUserActivitySummary=0x1, mBootCompleted=true, screenBrightnessOverride=NaN, useAutoBrightness=true, mScreenBrightnessBoostInProgress=false, mIsVrModeEnabled= false, sQuiescent=false
06-15 12:49:09.599 D/PowerManagerService( 1357): releaseWakeLockInternal: lock=26266518 [*sync*/com.tencent.android.qqdownloader.YYBLiveAccountProvider/com.tencent.android.qqdownloader.YYBLiveAccountProvider.account/应用宝], flags=0x0
06-15 12:49:09.599 D/PowerManagerNotifier( 1357): onWakeLockReleased: flags=1, tag="*sync*/com.tencent.android.qqdownloader.YYBLiveAccountProvider/com.tencent.android.qqdownloader.YYBLiveAccountProvider.account/应用宝", packageName=android, ownerUid=1000, ownerPid=1357, workSource=WorkSource{10117}
06-15 12:49:09.599 D/PowerManagerService( 1357): updateWakeLockSummaryLocked: mWakefulness=Awake, mWakeLockSummary=0x23
06-15 12:49:09.599 D/PowerManagerService( 1357): updateUserActivitySummaryLocked: groupId=0, mWakefulness=Awake, mUserActivitySummary=0x1, nextTimeout=6824730 (in 59793 ms)
06-15 12:49:09.599 D/PowerManagerNotifier( 1357): onScreenPolicyUpdate: newPolicy=3
06-15 12:49:09.599 D/PowerManagerService( 1357): updateDisplayPowerStateLocked: displayReady=true, groupId=0, policy=BRIGHT, mWakefulness=Awake, mWakeLockSummary=0x23, mUserActivitySummary=0x1, mBootCompleted=true, screenBrightnessOverride=NaN, useAutoBrightness=true, mScreenBrightnessBoostInProgress=false, mIsVrModeEnabled= false, sQuiescent=false
06-15 12:49:09.600 D/PowerManagerService( 1357): userActivityNoUpdateLocked: groupId=0, eventTime=6764937, event=0, flags=0x0, uid=1000
06-15 12:49:09.600 D/PowerManagerNotifier( 1357): onUserActivity: event=0, uid=1000
06-15 12:49:09.600 D/PowerManagerService( 1357): updateUserActivitySummaryLocked: groupId=0, mWakefulness=Awake, mUserActivitySummary=0x1, nextTimeout=6824937 (in 59999 ms)
06-15 12:49:09.600 D/PowerManagerNotifier( 1357): onScreenPolicyUpdate: newPolicy=3
06-15 12:49:09.600 D/PowerManagerService( 1357): updateDisplayPowerStateLocked: displayReady=true, groupId=0, policy=BRIGHT, mWakefulness=Awake, mWakeLockSummary=0x23, mUserActivitySummary=0x1, mBootCompleted=true, screenBrightnessOverride=NaN, useAutoBrightness=true, mScreenBrightnessBoostInProgress=false, mIsVrModeEnabled= false, sQuiescent=false
06-15 12:49:09.603 D/PowerManagerService( 1357): Releasing suspend blocker "PowerManagerService.Broadcasts".
06-15 12:49:09.603 D/PowerManagerService( 1357): releaseWakeLockInternal: lock=231804768 [SyncLoopWakeLock], flags=0x0
06-15 12:49:09.603 D/PowerManagerNotifier( 1357): onWakeLockReleased: flags=1, tag="SyncLoopWakeLock", packageName=android, ownerUid=1000, ownerPid=1357, workSource=null
06-15 12:49:09.604 D/PowerManagerService( 1357): updateWakeLockSummaryLocked: mWakefulness=Awake, mWakeLockSummary=0x23
06-15 12:49:09.604 D/PowerManagerService( 1357): updateUserActivitySummaryLocked: groupId=0, mWakefulness=Awake, mUserActivitySummary=0x1, nextTimeout=6824937 (in 59996 ms)
06-15 12:49:09.604 D/PowerManagerNotifier( 1357): onScreenPolicyUpdate: newPolicy=3
06-15 12:49:09.604 D/PowerManagerService( 1357): updateDisplayPowerStateLocked: displayReady=true, groupId=0, policy=BRIGHT, mWakefulness=Awake, mWakeLockSummary=0x23, mUserActivitySummary=0x1, mBootCompleted=true, screenBrightnessOverride=NaN, useAutoBrightness=true, mScreenBrightnessBoostInProgress=false, mIsVrModeEnabled= false, sQuiescent=false
06-15 12:49:09.604 D/PowerManagerService( 1357): acquireWakeLockInternal: lock=231804768, flags=0x1, tag="SyncLoopWakeLock", ws=null, uid=1000, pid=1357
06-15 12:49:09.604 D/PowerManagerService( 1357): updateWakeLockSummaryLocked: mWakefulness=Awake, mWakeLockSummary=0x23
06-15 12:49:09.604 D/PowerManagerService( 1357): updateUserActivitySummaryLocked: groupId=0, mWakefulness=Awake, mUserActivitySummary=0x1, nextTimeout=6824937 (in 59995 ms)
06-15 12:49:09.604 D/PowerManagerNotifier( 1357): onScreenPolicyUpdate: newPolicy=3
06-15 12:49:09.604 D/PowerManagerService( 1357): updateDisplayPowerStateLocked: displayReady=true, groupId=0, policy=BRIGHT, mWakefulness=Awake, mWakeLockSummary=0x23, mUserActivitySummary=0x1, mBootCompleted=true, screenBrightnessOverride=NaN, useAutoBrightness=true, mScreenBrightnessBoostInProgress=false, mIsVrModeEnabled= false, sQuiescent=false
06-15 12:49:09.604 D/PowerManagerNotifier( 1357): onWakeLockAcquired: flags=1, tag="SyncLoopWakeLock", packageName=android, ownerUid=1000, ownerPid=1357, workSource=null
06-15 12:49:09.605 D/PowerManagerService( 1357): releaseWakeLockInternal: lock=231804768 [SyncLoopWakeLock], flags=0x0
06-15 12:49:09.605 D/PowerManagerNotifier( 1357): onWakeLockReleased: flags=1, tag="SyncLoopWakeLock", packageName=android, ownerUid=1000, ownerPid=1357, workSource=null
06-15 12:49:09.605 D/PowerManagerService( 1357): updateWakeLockSummaryLocked: mWakefulness=Awake, mWakeLockSummary=0x23
06-15 12:49:09.605 D/PowerManagerService( 1357): updateUserActivitySummaryLocked: groupId=0, mWakefulness=Awake, mUserActivitySummary=0x1, nextTimeout=6824937 (in 59994 ms)
06-15 12:49:09.605 D/PowerManagerNotifier( 1357): onScreenPolicyUpdate: newPolicy=3
06-15 12:49:09.605 D/PowerManagerService( 1357): updateDisplayPowerStateLocked: displayReady=true, groupId=0, policy=BRIGHT, mWakefulness=Awake, mWakeLockSummary=0x23, mUserActivitySummary=0x1, mBootCompleted=true, screenBrightnessOverride=NaN, useAutoBrightness=true, mScreenBrightnessBoostInProgress=false, mIsVrModeEnabled= false, sQuiescent=false
06-15 12:49:09.684 D/PowerManagerService( 1357): acquireWakeLockInternal: lock=105192276, flags=0x1, tag="AudioMix", ws=null, uid=1041, pid=0
06-15 12:49:09.684 D/PowerManagerService( 1357): updateWakeLockSummaryLocked: mWakefulness=Awake, mWakeLockSummary=0x23
06-15 12:49:09.684 D/PowerManagerService( 1357): updateUserActivitySummaryLocked: groupId=0, mWakefulness=Awake, mUserActivitySummary=0x1, nextTimeout=6824937 (in 59915 ms)
06-15 12:49:09.684 D/PowerManagerNotifier( 1357): onScreenPolicyUpdate: newPolicy=3
06-15 12:49:09.684 D/PowerManagerService( 1357): updateDisplayPowerStateLocked: displayReady=true, groupId=0, policy=BRIGHT, mWakefulness=Awake, mWakeLockSummary=0x23, mUserActivitySummary=0x1, mBootCompleted=true, screenBrightnessOverride=NaN, useAutoBrightness=true, mScreenBrightnessBoostInProgress=false, mIsVrModeEnabled= false, sQuiescent=false
06-15 12:49:09.684 D/PowerManagerNotifier( 1357): onWakeLockAcquired: flags=1, tag="AudioMix", packageName=audioserver, ownerUid=1041, ownerPid=0, workSource=null
06-15 12:49:09.685 D/PowerManagerService( 1357): updateWakeLockWorkSourceInternal: lock=105192276 [AudioMix], ws=WorkSource{10102}
06-15 12:49:09.685 D/PowerManagerNotifier( 1357): onWakeLockReleased: flags=1, tag="AudioMix", packageName=audioserver, ownerUid=1041, ownerPid=0, workSource=null
06-15 12:49:09.685 D/PowerManagerNotifier( 1357): onWakeLockAcquired: flags=1, tag="AudioMix", packageName=audioserver, ownerUid=1041, ownerPid=0, workSource=WorkSource{10102}
06-15 12:49:09.702 I/ ( 0): [ 6765.036477] atmel_mxt_ts 0-004a: Enter resume
06-15 12:49:09.753 I/GameModeConfig( 1357): isGameModeOn = false
06-15 12:49:09.789 D/PowerManagerService( 1357): userActivityNoUpdateLocked: groupId=0, eventTime=6765126, event=0, flags=0x0, uid=1000
06-15 12:49:09.789 D/PowerManagerNotifier( 1357): onUserActivity: event=0, uid=1000
06-15 12:49:09.790 D/PowerManagerService( 1357): updateUserActivitySummaryLocked: groupId=0, mWakefulness=Awake, mUserActivitySummary=0x1, nextTimeout=6825126 (in 59998 ms)
06-15 12:49:09.790 D/PowerManagerNotifier( 1357): onScreenPolicyUpdate: newPolicy=3
06-15 12:49:09.790 D/PowerManagerService( 1357): updateDisplayPowerStateLocked: displayReady=true, groupId=0, policy=BRIGHT, mWakefulness=Awake, mWakeLockSummary=0x23, mUserActivitySummary=0x1, mBootCompleted=true, screenBrightnessOverride=NaN, useAutoBrightness=true, mScreenBrightnessBoostInProgress=false, mIsVrModeEnabled= false, sQuiescent=false
06-15 12:49:09.902 D/PowerManagerService( 1357): userActivityNoUpdateLocked: groupId=0, eventTime=6765238, event=0, flags=0x0, uid=1000
06-15 12:49:09.902 D/PowerManagerNotifier( 1357): onUserActivity: event=0, uid=1000
06-15 12:49:09.902 D/PowerManagerService( 1357): updateUserActivitySummaryLocked: groupId=0, mWakefulness=Awake, mUserActivitySummary=0x1, nextTimeout=6825238 (in 59998 ms)
06-15 12:49:09.902 D/PowerManagerNotifier( 1357): onScreenPolicyUpdate: newPolicy=3
06-15 12:49:09.902 D/PowerManagerService( 1357): updateDisplayPowerStateLocked: displayReady=true, groupId=0, policy=BRIGHT, mWakefulness=Awake, mWakeLockSummary=0x23, mUserActivitySummary=0x1, mBootCompleted=true, screenBrightnessOverride=NaN, useAutoBrightness=true, mScreenBrightnessBoostInProgress=false, mIsVrModeEnabled= false, sQuiescent=false
06-15 12:49:09.998 D/PowerManagerService( 1357): acquireWakeLockInternal: lock=265305406, flags=0x1, tag="i", ws=null, uid=10117, pid=31045
06-15 12:49:09.998 D/PowerManagerService( 1357): updateWakeLockSummaryLocked: mWakefulness=Awake, mWakeLockSummary=0x23
06-15 12:49:09.998 D/PowerManagerService( 1357): updateUserActivitySummaryLocked: groupId=0, mWakefulness=Awake, mUserActivitySummary=0x1, nextTimeout=6825238 (in 59902 ms)
06-15 12:49:09.998 D/PowerManagerNotifier( 1357): onScreenPolicyUpdate: newPolicy=3
06-15 12:49:09.998 D/PowerManagerService( 1357): updateDisplayPowerStateLocked: displayReady=true, groupId=0, policy=BRIGHT, mWakefulness=Awake, mWakeLockSummary=0x23, mUserActivitySummary=0x1, mBootCompleted=true, screenBrightnessOverride=NaN, useAutoBrightness=true, mScreenBrightnessBoostInProgress=false, mIsVrModeEnabled= false, sQuiescent=false
06-15 12:49:09.998 D/PowerManagerNotifier( 1357): onWakeLockAcquired: flags=1, tag="i", packageName=com.tencent.android.qqdownloader, ownerUid=10117, ownerPid=31045, workSource=null
06-15 12:49:10.124 D/PowerManagerService( 1357): releaseWakeLockInternal: lock=265305406 [i], flags=0x0
06-15 12:49:10.124 D/PowerManagerNotifier( 1357): onWakeLockReleased: flags=1, tag="i", packageName=com.tencent.android.qqdownloader, ownerUid=10117, ownerPid=31045, workSource=null
06-15 12:49:10.124 D/PowerManagerService( 1357): updateWakeLockSummaryLocked: mWakefulness=Awake, mWakeLockSummary=0x23
06-15 12:49:10.124 D/PowerManagerService( 1357): updateUserActivitySummaryLocked: groupId=0, mWakefulness=Awake, mUserActivitySummary=0x1, nextTimeout=6825238 (in 59776 ms)
06-15 12:49:10.124 D/PowerManagerNotifier( 1357): onScreenPolicyUpdate: newPolicy=3
06-15 12:49:10.124 D/PowerManagerService( 1357): updateDisplayPowerStateLocked: displayReady=true, groupId=0, policy=BRIGHT, mWakefulness=Awake, mWakeLockSummary=0x23, mUserActivitySummary=0x1, mBootCompleted=true, screenBrightnessOverride=NaN, useAutoBrightness=true, mScreenBrightnessBoostInProgress=false, mIsVrModeEnabled= false, sQuiescent=false
06-15 12:49:10.773 D/PowerManagerService( 1357): acquireWakeLockInternal: lock=172435359, flags=0x1, tag="i", ws=null, uid=10117, pid=31045
06-15 12:49:10.773 D/PowerManagerService( 1357): updateWakeLockSummaryLocked: mWakefulness=Awake, mWakeLockSummary=0x23
06-15 12:49:10.773 D/PowerManagerService( 1357): updateUserActivitySummaryLocked: groupId=0, mWakefulness=Awake, mUserActivitySummary=0x1, nextTimeout=6825238 (in 59127 ms)
06-15 12:49:10.773 D/PowerManagerNotifier( 1357): onScreenPolicyUpdate: newPolicy=3
06-15 12:49:10.774 D/PowerManagerService( 1357): updateDisplayPowerStateLocked: displayReady=true, groupId=0, policy=BRIGHT, mWakefulness=Awake, mWakeLockSummary=0x23, mUserActivitySummary=0x1, mBootCompleted=true, screenBrightnessOverride=NaN, useAutoBrightness=true, mScreenBrightnessBoostInProgress=false, mIsVrModeEnabled= false, sQuiescent=false
06-15 12:49:10.774 D/PowerManagerNotifier( 1357): onWakeLockAcquired: flags=1, tag="i", packageName=com.tencent.android.qqdownloader, ownerUid=10117, ownerPid=31045, workSource=null
06-15 12:49:10.791 D/PowerManagerService( 1357): userActivityNoUpdateLocked: groupId=0, eventTime=6766127, event=0, flags=0x0, uid=1000
06-15 12:49:10.791 D/PowerManagerNotifier( 1357): onUserActivity: event=0, uid=1000
06-15 12:49:10.791 D/PowerManagerService( 1357): updateUserActivitySummaryLocked: groupId=0, mWakefulness=Awake, mUserActivitySummary=0x1, nextTimeout=6826127 (in 59998 ms)
06-15 12:49:10.791 D/PowerManagerNotifier( 1357): onScreenPolicyUpdate: newPolicy=3
06-15 12:49:10.792 D/PowerManagerService( 1357): updateDisplayPowerStateLocked: displayReady=true, groupId=0, policy=BRIGHT, mWakefulness=Awake, mWakeLockSummary=0x23, mUserActivitySummary=0x1, mBootCompleted=true, screenBrightnessOverride=NaN, useAutoBrightness=true, mScreenBrightnessBoostInProgress=false, mIsVrModeEnabled= false, sQuiescent=false
06-15 12:49:10.892 D/PowerManagerService( 1357): releaseWakeLockInternal: lock=172435359 [i], flags=0x0
06-15 12:49:10.892 D/PowerManagerNotifier( 1357): onWakeLockReleased: flags=1, tag="i", packageName=com.tencent.android.qqdownloader, ownerUid=10117, ownerPid=31045, workSource=null
06-15 12:49:10.892 D/PowerManagerService( 1357): updateWakeLockSummaryLocked: mWakefulness=Awake, mWakeLockSummary=0x23
06-15 12:49:10.892 D/PowerManagerService( 1357): updateUserActivitySummaryLocked: groupId=0, mWakefulness=Awake, mUserActivitySummary=0x1, nextTimeout=6826127 (in 59897 ms)
06-15 12:49:10.892 D/PowerManagerNotifier( 1357): onScreenPolicyUpdate: newPolicy=3
06-15 12:49:10.892 D/PowerManagerService( 1357): updateDisplayPowerStateLocked: displayReady=true, groupId=0, policy=BRIGHT, mWakefulness=Awake, mWakeLockSummary=0x23, mUserActivitySummary=0x1, mBootCompleted=true, screenBrightnessOverride=NaN, useAutoBrightness=true, mScreenBrightnessBoostInProgress=false, mIsVrModeEnabled= false, sQuiescent=false
06-15 12:49:10.894 D/PowerManagerService( 1357): userActivityNoUpdateLocked: groupId=0, eventTime=6766229, event=0, flags=0x0, uid=1000
06-15 12:49:10.894 D/PowerManagerNotifier( 1357): onUserActivity: event=0, uid=1000
06-15 12:49:10.894 D/PowerManagerService( 1357): updateUserActivitySummaryLocked: groupId=0, mWakefulness=Awake, mUserActivitySummary=0x1, nextTimeout=6826229 (in 59997 ms)
06-15 12:49:10.894 D/PowerManagerNotifier( 1357): onScreenPolicyUpdate: newPolicy=3
06-15 12:49:10.894 D/PowerManagerService( 1357): updateDisplayPowerStateLocked: displayReady=true, groupId=0, policy=BRIGHT, mWakefulness=Awake, mWakeLockSummary=0x23, mUserActivitySummary=0x1, mBootCompleted=true, screenBrightnessOverride=NaN, useAutoBrightness=true, mScreenBrightnessBoostInProgress=false, mIsVrModeEnabled= false, sQuiescent=false
06-15 12:49:10.993 D/PowerManagerService( 1357): userActivityNoUpdateLocked: groupId=0, eventTime=6766330, event=0, flags=0x0, uid=1000
06-15 12:49:10.994 D/PowerManagerNotifier( 1357): onUserActivity: event=0, uid=1000
06-15 12:49:10.994 D/PowerManagerService( 1357): updateUserActivitySummaryLocked: groupId=0, mWakefulness=Awake, mUserActivitySummary=0x1, nextTimeout=6826330 (in 59998 ms)
06-15 12:49:10.994 D/PowerManagerNotifier( 1357): onScreenPolicyUpdate: newPolicy=3
06-15 12:49:10.995 D/PowerManagerService( 1357): updateDisplayPowerStateLocked: displayReady=true, groupId=0, policy=BRIGHT, mWakefulness=Awake, mWakeLockSummary=0x23, mUserActivitySummary=0x1, mBootCompleted=true, screenBrightnessOverride=NaN, useAutoBrightness=true, mScreenBrightnessBoostInProgress=false, mIsVrModeEnabled= false, sQuiescent=false
06-15 12:49:11.106 D/PowerManagerService( 1357): userActivityNoUpdateLocked: groupId=0, eventTime=6766443, event=0, flags=0x0, uid=1000
06-15 12:49:11.106 D/PowerManagerNotifier( 1357): onUserActivity: event=0, uid=1000
06-15 12:49:11.107 D/PowerManagerService( 1357): updateUserActivitySummaryLocked: groupId=0, mWakefulness=Awake, mUserActivitySummary=0x1, nextTimeout=6826443 (in 59999 ms)
06-15 12:49:11.107 D/PowerManagerNotifier( 1357): onScreenPolicyUpdate: newPolicy=3
06-15 12:49:11.107 D/PowerManagerService( 1357): updateDisplayPowerStateLocked: displayReady=true, groupId=0, policy=BRIGHT, mWakefulness=Awake, mWakeLockSummary=0x23, mUserActivitySummary=0x1, mBootCompleted=true, screenBrightnessOverride=NaN, useAutoBrightness=true, mScreenBrightnessBoostInProgress=false, mIsVrModeEnabled= false, sQuiescent=false
06-15 12:49:11.207 D/PowerManagerService( 1357): userActivityNoUpdateLocked: groupId=0, eventTime=6766544, event=0, flags=0x0, uid=1000
06-15 12:49:11.207 D/PowerManagerNotifier( 1357): onUserActivity: event=0, uid=1000
06-15 12:49:11.207 D/PowerManagerService( 1357): updateUserActivitySummaryLocked: groupId=0, mWakefulness=Awake, mUserActivitySummary=0x1, nextTimeout=6826544 (in 59999 ms)
06-15 12:49:11.208 D/PowerManagerNotifier( 1357): onScreenPolicyUpdate: newPolicy=3
06-15 12:49:11.208 D/PowerManagerService( 1357): updateDisplayPowerStateLocked: displayReady=true, groupId=0, policy=BRIGHT, mWakefulness=Awake, mWakeLockSummary=0x23, mUserActivitySummary=0x1, mBootCompleted=true, screenBrightnessOverride=NaN, useAutoBrightness=true, mScreenBrightnessBoostInProgress=false, mIsVrModeEnabled= false, sQuiescent=false
06-15 12:49:11.390 D/PowerManagerService( 1357): userActivityNoUpdateLocked: groupId=0, eventTime=6766727, event=0, flags=0x0, uid=1000
06-15 12:49:11.390 D/PowerManagerNotifier( 1357): onUserActivity: event=0, uid=1000
06-15 12:49:11.391 D/PowerManagerService( 1357): updateUserActivitySummaryLocked: groupId=0, mWakefulness=Awake, mUserActivitySummary=0x1, nextTimeout=6826727 (in 59999 ms)
06-15 12:49:11.391 D/PowerManagerNotifier( 1357): onScreenPolicyUpdate: newPolicy=3
06-15 12:49:11.391 D/PowerManagerService( 1357): updateDisplayPowerStateLocked: displayReady=true, groupId=0, policy=BRIGHT, mWakefulness=Awake, mWakeLockSummary=0x23, mUserActivitySummary=0x1, mBootCompleted=true, screenBrightnessOverride=NaN, useAutoBrightness=true, mScreenBrightnessBoostInProgress=false, mIsVrModeEnabled= false, sQuiescent=false
06-15 12:49:11.834 E/[ 6767.160597] [MAX975X( 0): max96755x_vc1_lcd_dtc_check] *ERROR* DTC_Display: screen not ready(0), bl_sta(0), lvl(0)
06-15 12:49:11.901 D/PowerManagerService( 1357): acquireWakeLockInternal: lock=219894062, flags=0x1, tag="NetworkStats", ws=null, uid=1000, pid=1357
06-15 12:49:11.901 D/PowerManagerService( 1357): updateWakeLockSummaryLocked: mWakefulness=Awake, mWakeLockSummary=0x23
06-15 12:49:11.901 D/PowerManagerService( 1357): updateUserActivitySummaryLocked: groupId=0, mWakefulness=Awake, mUserActivitySummary=0x1, nextTimeout=6826727 (in 59488 ms)
06-15 12:49:11.901 D/PowerManagerNotifier( 1357): onScreenPolicyUpdate: newPolicy=3
06-15 12:49:11.901 D/PowerManagerService( 1357): updateDisplayPowerStateLocked: displayReady=true, groupId=0, policy=BRIGHT, mWakefulness=Awake, mWakeLockSummary=0x23, mUserActivitySummary=0x1, mBootCompleted=true, screenBrightnessOverride=NaN, useAutoBrightness=true, mScreenBrightnessBoostInProgress=false, mIsVrModeEnabled= false, sQuiescent=false
06-15 12:49:11.901 D/PowerManagerNotifier( 1357): onWakeLockAcquired: flags=1, tag="NetworkStats", packageName=android, ownerUid=1000, ownerPid=1357, workSource=null
06-15 12:49:11.909 D/PowerManagerService( 1357): releaseWakeLockInternal: lock=219894062 [NetworkStats], flags=0x0
06-15 12:49:11.909 D/PowerManagerNotifier( 1357): onWakeLockReleased: flags=1, tag="NetworkStats", packageName=android, ownerUid=1000, ownerPid=1357, workSource=null
06-15 12:49:11.909 D/PowerManagerService( 1357): updateWakeLockSummaryLocked: mWakefulness=Awake, mWakeLockSummary=0x23
06-15 12:49:11.909 D/PowerManagerService( 1357): updateUserActivitySummaryLocked: groupId=0, mWakefulness=Awake, mUserActivitySummary=0x1, nextTimeout=6826727 (in 59480 ms)
06-15 12:49:11.909 D/PowerManagerNotifier( 1357): onScreenPolicyUpdate: newPolicy=3
06-15 12:49:11.910 D/PowerManagerService( 1357): updateDisplayPowerStateLocked: displayReady=true, groupId=0, policy=BRIGHT, mWakefulness=Awake, mWakeLockSummary=0x23, mUserActivitySummary=0x1, mBootCompleted=true, screenBrightnessOverride=NaN, useAutoBrightness=true, mScreenBrightnessBoostInProgress=false, mIsVrModeEnabled= false, sQuiescent=false
06-15 12:49:12.701 W/ActivityManager( 1357): Unable to start service Intent { act=android.intent.action.START_LEBO_SERVICE pkg=com.hpplay.happyplay.aw } U=0: not found
06-15 12:49:13.379 D/PowerManagerService( 1357): acquireWakeLockInternal: lock=219894062, flags=0x1, tag="NetworkStats", ws=null, uid=1000, pid=1357
06-15 12:49:13.379 D/PowerManagerService( 1357): updateWakeLockSummaryLocked: mWakefulness=Awake, mWakeLockSummary=0x23
06-15 12:49:13.379 D/PowerManagerService( 1357): updateUserActivitySummaryLocked: groupId=0, mWakefulness=Awake, mUserActivitySummary=0x1, nextTimeout=6826727 (in 58010 ms)
06-15 12:49:13.379 D/PowerManagerNotifier( 1357): onScreenPolicyUpdate: newPolicy=3
06-15 12:49:13.380 D/PowerManagerService( 1357): updateDisplayPowerStateLocked: displayReady=true, groupId=0, policy=BRIGHT, mWakefulness=Awake, mWakeLockSummary=0x23, mUserActivitySummary=0x1, mBootCompleted=true, screenBrightnessOverride=NaN, useAutoBrightness=true, mScreenBrightnessBoostInProgress=false, mIsVrModeEnabled= false, sQuiescent=false
06-15 12:49:13.380 D/PowerManagerNotifier( 1357): onWakeLockAcquired: flags=1, tag="NetworkStats", packageName=android, ownerUid=1000, ownerPid=1357, workSource=null
06-15 12:49:13.390 D/PowerManagerService( 1357): releaseWakeLockInternal: lock=219894062 [NetworkStats], flags=0x0
06-15 12:49:13.390 D/PowerManagerNotifier( 1357): onWakeLockReleased: flags=1, tag="NetworkStats", packageName=android, ownerUid=1000, ownerPid=1357, workSource=null
06-15 12:49:13.390 D/PowerManagerService( 1357): updateWakeLockSummaryLocked: mWakefulness=Awake, mWakeLockSummary=0x23
06-15 12:49:13.390 D/PowerManagerService( 1357): updateUserActivitySummaryLocked: groupId=0, mWakefulness=Awake, mUserActivitySummary=0x1, nextTimeout=6826727 (in 57999 ms)
06-15 12:49:13.391 D/PowerManagerNotifier( 1357): onScreenPolicyUpdate: newPolicy=3
06-15 12:49:13.391 D/PowerManagerService( 1357): updateDisplayPowerStateLocked: displayReady=true, groupId=0, policy=BRIGHT, mWakefulness=Awake, mWakeLockSummary=0x23, mUserActivitySummary=0x1, mBootCompleted=true, screenBrightnessOverride=NaN, useAutoBrightness=true, mScreenBrightnessBoostInProgress=false, mIsVrModeEnabled= false, sQuiescent=false
06-15 12:49:14.405 D/PowerManagerService( 1357): acquireWakeLockInternal: lock=25206459, flags=0x1, tag="AudioMix", ws=null, uid=1041, pid=0
06-15 12:49:14.405 D/PowerManagerService( 1357): updateWakeLockSummaryLocked: mWakefulness=Awake, mWakeLockSummary=0x23
06-15 12:49:14.405 D/PowerManagerService( 1357): updateUserActivitySummaryLocked: groupId=0, mWakefulness=Awake, mUserActivitySummary=0x1, nextTimeout=6826727 (in 56984 ms)
06-15 12:49:14.405 D/PowerManagerNotifier( 1357): onScreenPolicyUpdate: newPolicy=3
06-15 12:49:14.406 D/PowerManagerService( 1357): updateDisplayPowerStateLocked: displayReady=true, groupId=0, policy=BRIGHT, mWakefulness=Awake, mWakeLockSummary=0x23, mUserActivitySummary=0x1, mBootCompleted=true, screenBrightnessOverride=NaN, useAutoBrightness=true, mScreenBrightnessBoostInProgress=false, mIsVrModeEnabled= false, sQuiescent=false
06-15 12:49:14.406 D/PowerManagerNotifier( 1357): onWakeLockAcquired: flags=1, tag="AudioMix", packageName=audioserver, ownerUid=1041, ownerPid=0, workSource=null
06-15 12:49:14.406 D/PowerManagerService( 1357): updateWakeLockWorkSourceInternal: lock=25206459 [AudioMix], ws=null
06-15 12:49:14.406 D/PowerManagerService( 1357): acquireWakeLockInternal: lock=63094744, flags=0x1, tag="AudioMix", ws=null, uid=1041, pid=0
06-15 12:49:14.407 D/PowerManagerService( 1357): updateWakeLockSummaryLocked: mWakefulness=Awake, mWakeLockSummary=0x23
06-15 12:49:14.407 D/PowerManagerService( 1357): updateUserActivitySummaryLocked: groupId=0, mWakefulness=Awake, mUserActivitySummary=0x1, nextTimeout=6826727 (in 56983 ms)
06-15 12:49:14.407 D/PowerManagerNotifier( 1357): onScreenPolicyUpdate: newPolicy=3
06-15 12:49:14.407 D/PowerManagerService( 1357): updateDisplayPowerStateLocked: displayReady=true, groupId=0, policy=BRIGHT, mWakefulness=Awake, mWakeLockSummary=0x23, mUserActivitySummary=0x1, mBootCompleted=true, screenBrightnessOverride=NaN, useAutoBrightness=true, mScreenBrightnessBoostInProgress=false, mIsVrModeEnabled= false, sQuiescent=false
06-15 12:49:14.407 D/PowerManagerNotifier( 1357): onWakeLockAcquired: flags=1, tag="AudioMix", packageName=audioserver, ownerUid=1041, ownerPid=0, workSource=null
06-15 12:49:14.407 D/PowerManagerService( 1357): updateWakeLockWorkSourceInternal: lock=63094744 [AudioMix], ws=null
06-15 12:49:14.407 D/PowerManagerService( 1357): acquireWakeLockInternal: lock=158314289, flags=0x1, tag="AudioMix", ws=null, uid=1041, pid=0
06-15 12:49:14.407 D/PowerManagerService( 1357): updateWakeLockSummaryLocked: mWakefulness=Awake, mWakeLockSummary=0x23
06-15 12:49:14.407 D/PowerManagerService( 1357): updateUserActivitySummaryLocked: groupId=0, mWakefulness=Awake, mUserActivitySummary=0x1, nextTimeout=6826727 (in 56982 ms)
06-15 12:49:14.408 D/PowerManagerNotifier( 1357): onScreenPolicyUpdate: newPolicy=3
06-15 12:49:14.408 D/PowerManagerService( 1357): updateDisplayPowerStateLocked: displayReady=true, groupId=0, policy=BRIGHT, mWakefulness=Awake, mWakeLockSummary=0x23, mUserActivitySummary=0x1, mBootCompleted=true, screenBrightnessOverride=NaN, useAutoBrightness=true, mScreenBrightnessBoostInProgress=false, mIsVrModeEnabled= false, sQuiescent=false
06-15 12:49:14.408 D/PowerManagerNotifier( 1357): onWakeLockAcquired: flags=1, tag="AudioMix", packageName=audioserver, ownerUid=1041, ownerPid=0, workSource=null
06-15 12:49:14.408 D/PowerManagerService( 1357): updateWakeLockWorkSourceInternal: lock=158314289 [AudioMix], ws=null
06-15 12:49:16.118 E/[ 6771.441604] [MAX975X( 0): max96755x_vc1_lcd_dtc_check] *ERROR* DTC_Display: screen not ready(0), bl_sta(0), lvl(0)
06-15 12:49:16.582 I/[ 6771.918294] init( 0): processing action (sys.tlog.tlogdshc.active=1) from (/system/etc/init/tlogd.rc:195)
06-15 12:49:16.582 I/[ 6771.918825] init( 0): starting service 'tlogdshc'...
06-15 12:49:16.702 I/[ 6772.038569] init( 0): Service 'tlogdshc' (pid 12239) exited with status 0 oneshot service took 0.116000 seconds in background
06-15 12:49:16.702 I/[ 6772.038595] init( 0): Sending signal 9 to service 'tlogdshc' (pid 12239) process group...
06-15 12:49:16.702 I/[ 6772.038779] libprocessgroup( 0): Successfully killed process cgroup uid 0 pid 12239 in 0ms
06-15 12:49:17.410 D/PowerManagerService( 1357): releaseWakeLockInternal: lock=25206459 [AudioMix], flags=0x0
06-15 12:49:17.410 D/PowerManagerNotifier( 1357): onWakeLockReleased: flags=1, tag="AudioMix", packageName=audioserver, ownerUid=1041, ownerPid=0, workSource=null
06-15 12:49:17.410 D/PowerManagerService( 1357): updateWakeLockSummaryLocked: mWakefulness=Awake, mWakeLockSummary=0x23
06-15 12:49:17.410 D/PowerManagerService( 1357): updateUserActivitySummaryLocked: groupId=0, mWakefulness=Awake, mUserActivitySummary=0x1, nextTimeout=6826727 (in 53979 ms)
06-15 12:49:17.410 D/PowerManagerNotifier( 1357): onScreenPolicyUpdate: newPolicy=3
06-15 12:49:17.411 D/PowerManagerService( 1357): updateDisplayPowerStateLocked: displayReady=true, groupId=0, policy=BRIGHT, mWakefulness=Awake, mWakeLockSummary=0x23, mUserActivitySummary=0x1, mBootCompleted=true, screenBrightnessOverride=NaN, useAutoBrightness=true, mScreenBrightnessBoostInProgress=false, mIsVrModeEnabled= false, sQuiescent=false
06-15 12:49:17.411 D/PowerManagerService( 1357): releaseWakeLockInternal: lock=158314289 [AudioMix], flags=0x0
06-15 12:49:17.412 D/PowerManagerNotifier( 1357): onWakeLockReleased: flags=1, tag="AudioMix", packageName=audioserver, ownerUid=1041, ownerPid=0, workSource=null
06-15 12:49:17.412 D/PowerManagerService( 1357): updateWakeLockSummaryLocked: mWakefulness=Awake, mWakeLockSummary=0x23
06-15 12:49:17.412 D/PowerManagerService( 1357): updateUserActivitySummaryLocked: groupId=0, mWakefulness=Awake, mUserActivitySummary=0x1, nextTimeout=6826727 (in 53977 ms)
06-15 12:49:17.412 D/PowerManagerNotifier( 1357): onScreenPolicyUpdate: newPolicy=3
06-15 12:49:17.412 D/PowerManagerService( 1357): updateDisplayPowerStateLocked: displayReady=true, groupId=0, policy=BRIGHT, mWakefulness=Awake, mWakeLockSummary=0x23, mUserActivitySummary=0x1, mBootCompleted=true, screenBrightnessOverride=NaN, useAutoBrightness=true, mScreenBrightnessBoostInProgress=false, mIsVrModeEnabled= false, sQuiescent=false
06-15 12:49:17.417 D/PowerManagerService( 1357): releaseWakeLockInternal: lock=63094744 [AudioMix], flags=0x0
06-15 12:49:17.417 D/PowerManagerNotifier( 1357): onWakeLockReleased: flags=1, tag="AudioMix", packageName=audioserver, ownerUid=1041, ownerPid=0, workSource=null
06-15 12:49:17.418 D/PowerManagerService( 1357): updateWakeLockSummaryLocked: mWakefulness=Awake, mWakeLockSummary=0x23
06-15 12:49:17.418 D/PowerManagerService( 1357): updateUserActivitySummaryLocked: groupId=0, mWakefulness=Awake, mUserActivitySummary=0x1, nextTimeout=6826727 (in 53972 ms)
06-15 12:49:17.418 D/PowerManagerNotifier( 1357): onScreenPolicyUpdate: newPolicy=3
06-15 12:49:17.418 D/PowerManagerService( 1357): updateDisplayPowerStateLocked: displayReady=true, groupId=0, policy=BRIGHT, mWakefulness=Awake, mWakeLockSummary=0x23, mUserActivitySummary=0x1, mBootCompleted=true, screenBrightnessOverride=NaN, useAutoBrightness=true, mScreenBrightnessBoostInProgress=false, mIsVrModeEnabled= false, sQuiescent=false
06-15 12:49:20.397 E/[ 6775.724573] [MAX975X( 0): max96755x_vc1_lcd_dtc_check] *ERROR* DTC_Display: screen not ready(0), bl_sta(1), lvl(20)
06-15 12:49:20.679 D/PowerManagerService( 1357): acquireWakeLockInternal: lock=215266838, flags=0x20000001, tag="TPNS:VIP", ws=null, uid=10102, pid=1921
06-15 12:49:20.679 D/PowerManagerService( 1357): updateWakeLockSummaryLocked: mWakefulness=Awake, mWakeLockSummary=0x23
06-15 12:49:20.679 D/PowerManagerService( 1357): updateUserActivitySummaryLocked: groupId=0, mWakefulness=Awake, mUserActivitySummary=0x1, nextTimeout=6826727 (in 50710 ms)
06-15 12:49:20.679 D/PowerManagerNotifier( 1357): onScreenPolicyUpdate: newPolicy=3
06-15 12:49:20.680 D/PowerManagerService( 1357): updateDisplayPowerStateLocked: displayReady=true, groupId=0, policy=BRIGHT, mWakefulness=Awake, mWakeLockSummary=0x23, mUserActivitySummary=0x1, mBootCompleted=true, screenBrightnessOverride=NaN, useAutoBrightness=true, mScreenBrightnessBoostInProgress=false, mIsVrModeEnabled= false, sQuiescent=false
06-15 12:49:20.680 D/PowerManagerNotifier( 1357): onWakeLockAcquired: flags=536870913, tag="TPNS:VIP", packageName=com.tencent.tmgp.pubgmhd, ownerUid=10102, ownerPid=1921, workSource=null
06-15 12:49:20.682 W/ProcessStats( 1357): Tracking association SourceState{d6e69b1 com.tencent.android.qqdownloader:live/10117 BTopFgs #8496} whose proc state 2 is better than process ProcessState{5bbea17 com.tencent.android.qqdownloader:daemon/10117 pkg=com.tencent.android.qqdownloader} proc state 3 (42 skipped)
06-15 12:49:20.689 W/ActivityManager( 1357): Unable to start service Intent { act=com.tencent.tpns.mqttchannel.FEEDBACK pkg=com.tencent.tmgp.pubgmhd } U=0: not found
06-15 12:49:20.743 D/PowerManagerService( 1357): releaseWakeLockInternal: lock=215266838 [TPNS:VIP], flags=0x0
06-15 12:49:20.744 D/PowerManagerNotifier( 1357): onWakeLockReleased: flags=536870913, tag="TPNS:VIP", packageName=com.tencent.tmgp.pubgmhd, ownerUid=10102, ownerPid=1921, workSource=null
06-15 12:49:20.744 D/PowerManagerService( 1357): updateWakeLockSummaryLocked: mWakefulness=Awake, mWakeLockSummary=0x23
06-15 12:49:20.744 D/PowerManagerService( 1357): updateUserActivitySummaryLocked: groupId=0, mWakefulness=Awake, mUserActivitySummary=0x1, nextTimeout=6826727 (in 50645 ms)
06-15 12:49:20.744 D/PowerManagerNotifier( 1357): onScreenPolicyUpdate: newPolicy=3
06-15 12:49:20.744 D/PowerManagerService( 1357): updateDisplayPowerStateLocked: displayReady=true, groupId=0, policy=BRIGHT, mWakefulness=Awake, mWakeLockSummary=0x23, mUserActivitySummary=0x1, mBootCompleted=true, screenBrightnessOverride=NaN, useAutoBrightness=true, mScreenBrightnessBoostInProgress=false, mIsVrModeEnabled= false, sQuiescent=false
06-15 12:49:21.339 D/PowerManagerService( 1357): acquireWakeLockInternal: lock=219894062, flags=0x1, tag="NetworkStats", ws=null, uid=1000, pid=1357
06-15 12:49:21.340 D/PowerManagerService( 1357): updateWakeLockSummaryLocked: mWakefulness=Awake, mWakeLockSummary=0x23
06-15 12:49:21.340 D/PowerManagerService( 1357): updateUserActivitySummaryLocked: groupId=0, mWakefulness=Awake, mUserActivitySummary=0x1, nextTimeout=6826727 (in 50050 ms)
06-15 12:49:21.340 D/PowerManagerNotifier( 1357): onScreenPolicyUpdate: newPolicy=3
06-15 12:49:21.340 D/PowerManagerService( 1357): updateDisplayPowerStateLocked: displayReady=true, groupId=0, policy=BRIGHT, mWakefulness=Awake, mWakeLockSummary=0x23, mUserActivitySummary=0x1, mBootCompleted=true, screenBrightnessOverride=NaN, useAutoBrightness=true, mScreenBrightnessBoostInProgress=false, mIsVrModeEnabled= false, sQuiescent=false
06-15 12:49:21.340 D/PowerManagerNotifier( 1357): onWakeLockAcquired: flags=1, tag="NetworkStats", packageName=android, ownerUid=1000, ownerPid=1357, workSource=null
06-15 12:49:21.350 D/PowerManagerService( 1357): releaseWakeLockInternal: lock=219894062 [NetworkStats], flags=0x0
06-15 12:49:21.350 D/PowerManagerNotifier( 1357): onWakeLockReleased: flags=1, tag="NetworkStats", packageName=android, ownerUid=1000, ownerPid=1357, workSource=null
06-15 12:49:21.351 D/PowerManagerService( 1357): updateWakeLockSummaryLocked: mWakefulness=Awake, mWakeLockSummary=0x23
06-15 12:49:21.351 D/PowerManagerService( 1357): updateUserActivitySummaryLocked: groupId=0, mWakefulness=Awake, mUserActivitySummary=0x1, nextTimeout=6826727 (in 50038 ms)
06-15 12:49:21.351 D/PowerManagerNotifier( 1357): onScreenPolicyUpdate: newPolicy=3
06-15 12:49:21.351 D/PowerManagerService( 1357): updateDisplayPowerStateLocked: displayReady=true, groupId=0, policy=BRIGHT, mWakefulness=Awake, mWakeLockSummary=0x23, mUserActivitySummary=0x1, mBootCompleted=true, screenBrightnessOverride=NaN, useAutoBrightness=true, mScreenBrightnessBoostInProgress=false, mIsVrModeEnabled= false, sQuiescent=false
06-15 12:49:22.565 D/PowerManagerService( 1357): acquireWakeLockInternal: lock=90581555, flags=0x1, tag="AudioMix", ws=null, uid=1041, pid=0
06-15 12:49:22.565 D/PowerManagerService( 1357): updateWakeLockSummaryLocked: mWakefulness=Awake, mWakeLockSummary=0x23
06-15 12:49:22.565 D/PowerManagerService( 1357): updateUserActivitySummaryLocked: groupId=0, mWakefulness=Awake, mUserActivitySummary=0x1, nextTimeout=6826727 (in 48824 ms)
06-15 12:49:22.565 D/PowerManagerNotifier( 1357): onScreenPolicyUpdate: newPolicy=3
06-15 12:49:22.565 D/PowerManagerService( 1357): updateDisplayPowerStateLocked: displayReady=true, groupId=0, policy=BRIGHT, mWakefulness=Awake, mWakeLockSummary=0x23, mUserActivitySummary=0x1, mBootCompleted=true, screenBrightnessOverride=NaN, useAutoBrightness=true, mScreenBrightnessBoostInProgress=false, mIsVrModeEnabled= false, sQuiescent=false
06-15 12:49:22.565 D/PowerManagerNotifier( 1357): onWakeLockAcquired: flags=1, tag="AudioMix", packageName=audioserver, ownerUid=1041, ownerPid=0, workSource=null
06-15 12:49:22.566 D/PowerManagerService( 1357): updateWakeLockWorkSourceInternal: lock=90581555 [AudioMix], ws=null
06-15 12:49:22.566 D/PowerManagerService( 1357): acquireWakeLockInternal: lock=63812080, flags=0x1, tag="AudioMix", ws=null, uid=1041, pid=0
06-15 12:49:22.566 D/PowerManagerService( 1357): updateWakeLockSummaryLocked: mWakefulness=Awake, mWakeLockSummary=0x23
06-15 12:49:22.566 D/PowerManagerService( 1357): updateUserActivitySummaryLocked: groupId=0, mWakefulness=Awake, mUserActivitySummary=0x1, nextTimeout=6826727 (in 48823 ms)
06-15 12:49:22.566 D/PowerManagerNotifier( 1357): onScreenPolicyUpdate: newPolicy=3
06-15 12:49:22.566 D/PowerManagerService( 1357): updateDisplayPowerStateLocked: displayReady=true, groupId=0, policy=BRIGHT, mWakefulness=Awake, mWakeLockSummary=0x23, mUserActivitySummary=0x1, mBootCompleted=true, screenBrightnessOverride=NaN, useAutoBrightness=true, mScreenBrightnessBoostInProgress=false, mIsVrModeEnabled= false, sQuiescent=false
06-15 12:49:22.566 D/PowerManagerNotifier( 1357): onWakeLockAcquired: flags=1, tag="AudioMix", packageName=audioserver, ownerUid=1041, ownerPid=0, workSource=null
06-15 12:49:22.566 D/PowerManagerService( 1357): updateWakeLockWorkSourceInternal: lock=63812080 [AudioMix], ws=null
06-15 12:49:22.569 D/PowerManagerService( 1357): acquireWakeLockInternal: lock=174855017, flags=0x1, tag="AudioMix", ws=null, uid=1041, pid=0
06-15 12:49:22.569 D/PowerManagerService( 1357): updateWakeLockSummaryLocked: mWakefulness=Awake, mWakeLockSummary=0x23
06-15 12:49:22.569 D/PowerManagerService( 1357): updateUserActivitySummaryLocked: groupId=0, mWakefulness=Awake, mUserActivitySummary=0x1, nextTimeout=6826727 (in 48820 ms)
06-15 12:49:22.569 D/PowerManagerNotifier( 1357): onScreenPolicyUpdate: newPolicy=3
06-15 12:49:22.569 D/PowerManagerService( 1357): updateDisplayPowerStateLocked: displayReady=true, groupId=0, policy=BRIGHT, mWakefulness=Awake, mWakeLockSummary=0x23, mUserActivitySummary=0x1, mBootCompleted=true, screenBrightnessOverride=NaN, useAutoBrightness=true, mScreenBrightnessBoostInProgress=false, mIsVrModeEnabled= false, sQuiescent=false
06-15 12:49:22.569 D/PowerManagerNotifier( 1357): onWakeLockAcquired: flags=1, tag="AudioMix", packageName=audioserver, ownerUid=1041, ownerPid=0, workSource=null
06-15 12:49:22.569 D/PowerManagerService( 1357): updateWakeLockWorkSourceInternal: lock=174855017 [AudioMix], ws=null
06-15 12:49:24.694 E/[ 6780.020628] [MAX975X( 0): max96755x_vc1_lcd_dtc_check] *ERROR* DTC_Display: screen not ready(0), bl_sta(1), lvl(20)
06-15 12:49:25.572 D/PowerManagerService( 1357): releaseWakeLockInternal: lock=174855017 [AudioMix], flags=0x0
06-15 12:49:25.572 D/PowerManagerNotifier( 1357): onWakeLockReleased: flags=1, tag="AudioMix", packageName=audioserver, ownerUid=1041, ownerPid=0, workSource=null
06-15 12:49:25.572 D/PowerManagerService( 1357): updateWakeLockSummaryLocked: mWakefulness=Awake, mWakeLockSummary=0x23
06-15 12:49:25.573 D/PowerManagerService( 1357): updateUserActivitySummaryLocked: groupId=0, mWakefulness=Awake, mUserActivitySummary=0x1, nextTimeout=6826727 (in 45817 ms)
06-15 12:49:25.573 D/PowerManagerNotifier( 1357): onScreenPolicyUpdate: newPolicy=3
06-15 12:49:25.573 D/PowerManagerService( 1357): updateDisplayPowerStateLocked: displayReady=true, groupId=0, policy=BRIGHT, mWakefulness=Awake, mWakeLockSummary=0x23, mUserActivitySummary=0x1, mBootCompleted=true, screenBrightnessOverride=NaN, useAutoBrightness=true, mScreenBrightnessBoostInProgress=false, mIsVrModeEnabled= false, sQuiescent=false
06-15 12:49:25.574 D/PowerManagerService( 1357): releaseWakeLockInternal: lock=90581555 [AudioMix], flags=0x0
06-15 12:49:25.574 D/PowerManagerNotifier( 1357): onWakeLockReleased: flags=1, tag="AudioMix", packageName=audioserver, ownerUid=1041, ownerPid=0, workSource=null
06-15 12:49:25.575 D/PowerManagerService( 1357): updateWakeLockSummaryLocked: mWakefulness=Awake, mWakeLockSummary=0x23
06-15 12:49:25.575 D/PowerManagerService( 1357): updateUserActivitySummaryLocked: groupId=0, mWakefulness=Awake, mUserActivitySummary=0x1, nextTimeout=6826727 (in 45815 ms)
06-15 12:49:25.575 D/PowerManagerNotifier( 1357): onScreenPolicyUpdate: newPolicy=3
06-15 12:49:25.575 D/PowerManagerService( 1357): updateDisplayPowerStateLocked: displayReady=true, groupId=0, policy=BRIGHT, mWakefulness=Awake, mWakeLockSummary=0x23, mUserActivitySummary=0x1, mBootCompleted=true, screenBrightnessOverride=NaN, useAutoBrightness=true, mScreenBrightnessBoostInProgress=false, mIsVrModeEnabled= false, sQuiescent=false
06-15 12:49:25.575 D/PowerManagerService( 1357): releaseWakeLockInternal: lock=63812080 [AudioMix], flags=0x0
06-15 12:49:25.575 D/PowerManagerNotifier( 1357): onWakeLockReleased: flags=1, tag="AudioMix", packageName=audioserver, ownerUid=1041, ownerPid=0, workSource=null
06-15 12:49:25.575 D/PowerManagerService( 1357): updateWakeLockSummaryLocked: mWakefulness=Awake, mWakeLockSummary=0x23
06-15 12:49:25.575 D/PowerManagerService( 1357): updateUserActivitySummaryLocked: groupId=0, mWakefulness=Awake, mUserActivitySummary=0x1, nextTimeout=6826727 (in 45814 ms)
06-15 12:49:25.575 D/PowerManagerNotifier( 1357): onScreenPolicyUpdate: newPolicy=3
06-15 12:49:25.575 D/PowerManagerService( 1357): updateDisplayPowerStateLocked: displayReady=true, groupId=0, policy=BRIGHT, mWakefulness=Awake, mWakeLockSummary=0x23, mUserActivitySummary=0x1, mBootCompleted=true, screenBrightnessOverride=NaN, useAutoBrightness=true, mScreenBrightnessBoostInProgress=false, mIsVrModeEnabled= false, sQuiescent=false
06-15 12:49:28.970 E/[ 6784.296677] [MAX975X( 0): max96755x_vc1_lcd_dtc_check] *ERROR* DTC_Display: screen not ready(0), bl_sta(1), lvl(20)
06-15 12:49:30.690 D/PowerManagerService( 1357): acquireWakeLockInternal: lock=170160622, flags=0x1, tag="AudioMix", ws=null, uid=1041, pid=0
06-15 12:49:30.690 D/PowerManagerService( 1357): updateWakeLockSummaryLocked: mWakefulness=Awake, mWakeLockSummary=0x23
06-15 12:49:30.690 D/PowerManagerService( 1357): updateUserActivitySummaryLocked: groupId=0, mWakefulness=Awake, mUserActivitySummary=0x1, nextTimeout=6826727 (in 40699 ms)
06-15 12:49:30.690 D/PowerManagerNotifier( 1357): onScreenPolicyUpdate: newPolicy=3
06-15 12:49:30.690 D/PowerManagerService( 1357): updateDisplayPowerStateLocked: displayReady=true, groupId=0, policy=BRIGHT, mWakefulness=Awake, mWakeLockSummary=0x23, mUserActivitySummary=0x1, mBootCompleted=true, screenBrightnessOverride=NaN, useAutoBrightness=true, mScreenBrightnessBoostInProgress=false, mIsVrModeEnabled= false, sQuiescent=false
06-15 12:49:30.690 D/PowerManagerNotifier( 1357): onWakeLockAcquired: flags=1, tag="AudioMix", packageName=audioserver, ownerUid=1041, ownerPid=0, workSource=null
