06-15 12:56:32.393 D/PowerManagerService( 1357): updateWakeLockSummaryLocked: mWakefulness=Awake, mWakeLockSummary=0x23
06-15 12:56:32.393 D/PowerManagerService( 1357): updateUserActivitySummaryLocked: groupId=0, mWakefulness=Awake, mUserActivitySummary=0x1, nextTimeout=7227544 (in 19790 ms)
06-15 12:56:32.393 D/PowerManagerNotifier( 1357): onScreenPolicyUpdate: newPolicy=3
06-15 12:56:32.393 D/PowerManagerService( 1357): updateDisplayPowerStateLocked: displayReady=true, groupId=0, policy=BRIGHT, mWakefulness=Awake, mWakeLockSummary=0x23, mUserActivitySummary=0x1, mBootCompleted=true, screenBrightnessOverride=NaN, useAutoBrightness=true, mScreenBrightnessBoostInProgress=false, mIsVrModeEnabled= false, sQuiescent=false
06-15 12:56:32.398 D/PowerManagerService( 1357): acquireWakeLockInternal: lock=231804768, flags=0x1, tag="SyncLoopWakeLock", ws=null, uid=1000, pid=1357
06-15 12:56:32.398 D/PowerManagerService( 1357): updateWakeLockSummaryLocked: mWakefulness=Awake, mWakeLockSummary=0x23
06-15 12:56:32.398 D/PowerManagerService( 1357): updateUserActivitySummaryLocked: groupId=0, mWakefulness=Awake, mUserActivitySummary=0x1, nextTimeout=7227544 (in 19785 ms)
06-15 12:56:32.398 D/PowerManagerNotifier( 1357): onScreenPolicyUpdate: newPolicy=3
06-15 12:56:32.398 D/PowerManagerService( 1357): updateDisplayPowerStateLocked: displayReady=true, groupId=0, policy=BRIGHT, mWakefulness=Awake, mWakeLockSummary=0x23, mUserActivitySummary=0x1, mBootCompleted=true, screenBrightnessOverride=NaN, useAutoBrightness=true, mScreenBrightnessBoostInProgress=false, mIsVrModeEnabled= false, sQuiescent=false
06-15 12:56:32.398 D/PowerManagerNotifier( 1357): onWakeLockAcquired: flags=1, tag="SyncLoopWakeLock", packageName=android, ownerUid=1000, ownerPid=1357, workSource=null
06-15 12:56:32.400 D/PowerManagerService( 1357): releaseWakeLockInternal: lock=18189951 [*job*/com.tencent.android.qqdownloader.YYBLiveAccountProvider/com.tencent.android.qqdownloader.YYBLiveAccountProvider.account/应用宝:android], flags=0x0
06-15 12:56:32.400 D/PowerManagerNotifier( 1357): onWakeLockReleased: flags=1, tag="*job*/com.tencent.android.qqdownloader.YYBLiveAccountProvider/com.tencent.android.qqdownloader.YYBLiveAccountProvider.account/应用宝:android", packageName=android, ownerUid=1000, ownerPid=1357, workSource=WorkSource{10117}
06-15 12:56:32.400 D/PowerManagerService( 1357): updateWakeLockSummaryLocked: mWakefulness=Awake, mWakeLockSummary=0x23
06-15 12:56:32.400 D/PowerManagerService( 1357): updateUserActivitySummaryLocked: groupId=0, mWakefulness=Awake, mUserActivitySummary=0x1, nextTimeout=7227544 (in 19783 ms)
06-15 12:56:32.400 D/PowerManagerNotifier( 1357): onScreenPolicyUpdate: newPolicy=3
06-15 12:56:32.400 D/PowerManagerService( 1357): updateDisplayPowerStateLocked: displayReady=true, groupId=0, policy=BRIGHT, mWakefulness=Awake, mWakeLockSummary=0x23, mUserActivitySummary=0x1, mBootCompleted=true, screenBrightnessOverride=NaN, useAutoBrightness=true, mScreenBrightnessBoostInProgress=false, mIsVrModeEnabled= false, sQuiescent=false
06-15 12:56:32.400 D/PowerManagerService( 1357): releaseWakeLockInternal: lock=26266518 [*sync*/com.tencent.android.qqdownloader.YYBLiveAccountProvider/com.tencent.android.qqdownloader.YYBLiveAccountProvider.account/应用宝], flags=0x0
06-15 12:56:32.400 D/PowerManagerNotifier( 1357): onWakeLockReleased: flags=1, tag="*sync*/com.tencent.android.qqdownloader.YYBLiveAccountProvider/com.tencent.android.qqdownloader.YYBLiveAccountProvider.account/应用宝", packageName=android, ownerUid=1000, ownerPid=1357, workSource=WorkSource{10117}
06-15 12:56:32.400 D/PowerManagerService( 1357): updateWakeLockSummaryLocked: mWakefulness=Awake, mWakeLockSummary=0x23
06-15 12:56:32.400 D/PowerManagerService( 1357): updateUserActivitySummaryLocked: groupId=0, mWakefulness=Awake, mUserActivitySummary=0x1, nextTimeout=7227544 (in 19783 ms)
06-15 12:56:32.400 D/PowerManagerNotifier( 1357): onScreenPolicyUpdate: newPolicy=3
06-15 12:56:32.400 D/PowerManagerService( 1357): updateDisplayPowerStateLocked: displayReady=true, groupId=0, policy=BRIGHT, mWakefulness=Awake, mWakeLockSummary=0x23, mUserActivitySummary=0x1, mBootCompleted=true, screenBrightnessOverride=NaN, useAutoBrightness=true, mScreenBrightnessBoostInProgress=false, mIsVrModeEnabled= false, sQuiescent=false
06-15 12:56:32.405 D/PowerManagerService( 1357): releaseWakeLockInternal: lock=231804768 [SyncLoopWakeLock], flags=0x0
06-15 12:56:32.405 D/PowerManagerNotifier( 1357): onWakeLockReleased: flags=1, tag="SyncLoopWakeLock", packageName=android, ownerUid=1000, ownerPid=1357, workSource=null
06-15 12:56:32.405 D/PowerManagerService( 1357): updateWakeLockSummaryLocked: mWakefulness=Awake, mWakeLockSummary=0x23
06-15 12:56:32.405 D/PowerManagerService( 1357): updateUserActivitySummaryLocked: groupId=0, mWakefulness=Awake, mUserActivitySummary=0x1, nextTimeout=7227544 (in 19778 ms)
06-15 12:56:32.405 D/PowerManagerNotifier( 1357): onScreenPolicyUpdate: newPolicy=3
06-15 12:56:32.405 D/PowerManagerService( 1357): updateDisplayPowerStateLocked: displayReady=true, groupId=0, policy=BRIGHT, mWakefulness=Awake, mWakeLockSummary=0x23, mUserActivitySummary=0x1, mBootCompleted=true, screenBrightnessOverride=NaN, useAutoBrightness=true, mScreenBrightnessBoostInProgress=false, mIsVrModeEnabled= false, sQuiescent=false
06-15 12:56:32.406 D/PowerManagerService( 1357): acquireWakeLockInternal: lock=231804768, flags=0x1, tag="SyncLoopWakeLock", ws=null, uid=1000, pid=1357
06-15 12:56:32.406 D/PowerManagerService( 1357): updateWakeLockSummaryLocked: mWakefulness=Awake, mWakeLockSummary=0x23
06-15 12:56:32.406 D/PowerManagerService( 1357): updateUserActivitySummaryLocked: groupId=0, mWakefulness=Awake, mUserActivitySummary=0x1, nextTimeout=7227544 (in 19777 ms)
06-15 12:56:32.406 D/PowerManagerNotifier( 1357): onScreenPolicyUpdate: newPolicy=3
06-15 12:56:32.406 D/PowerManagerService( 1357): updateDisplayPowerStateLocked: displayReady=true, groupId=0, policy=BRIGHT, mWakefulness=Awake, mWakeLockSummary=0x23, mUserActivitySummary=0x1, mBootCompleted=true, screenBrightnessOverride=NaN, useAutoBrightness=true, mScreenBrightnessBoostInProgress=false, mIsVrModeEnabled= false, sQuiescent=false
06-15 12:56:32.406 D/PowerManagerNotifier( 1357): onWakeLockAcquired: flags=1, tag="SyncLoopWakeLock", packageName=android, ownerUid=1000, ownerPid=1357, workSource=null
06-15 12:56:32.407 D/PowerManagerService( 1357): releaseWakeLockInternal: lock=231804768 [SyncLoopWakeLock], flags=0x0
06-15 12:56:32.407 D/PowerManagerNotifier( 1357): onWakeLockReleased: flags=1, tag="SyncLoopWakeLock", packageName=android, ownerUid=1000, ownerPid=1357, workSource=null
06-15 12:56:32.407 D/PowerManagerService( 1357): updateWakeLockSummaryLocked: mWakefulness=Awake, mWakeLockSummary=0x23
06-15 12:56:32.407 D/PowerManagerService( 1357): updateUserActivitySummaryLocked: groupId=0, mWakefulness=Awake, mUserActivitySummary=0x1, nextTimeout=7227544 (in 19776 ms)
06-15 12:56:32.407 D/PowerManagerNotifier( 1357): onScreenPolicyUpdate: newPolicy=3
06-15 12:56:32.408 D/PowerManagerService( 1357): updateDisplayPowerStateLocked: displayReady=true, groupId=0, policy=BRIGHT, mWakefulness=Awake, mWakeLockSummary=0x23, mUserActivitySummary=0x1, mBootCompleted=true, screenBrightnessOverride=NaN, useAutoBrightness=true, mScreenBrightnessBoostInProgress=false, mIsVrModeEnabled= false, sQuiescent=false
06-15 12:56:32.408 D/PowerManagerService( 1357): acquireWakeLockInternal: lock=231804768, flags=0x1, tag="SyncLoopWakeLock", ws=null, uid=1000, pid=1357
06-15 12:56:32.408 D/PowerManagerService( 1357): updateWakeLockSummaryLocked: mWakefulness=Awake, mWakeLockSummary=0x23
06-15 12:56:32.408 D/PowerManagerService( 1357): updateUserActivitySummaryLocked: groupId=0, mWakefulness=Awake, mUserActivitySummary=0x1, nextTimeout=7227544 (in 19775 ms)
06-15 12:56:32.408 D/PowerManagerNotifier( 1357): onScreenPolicyUpdate: newPolicy=3
06-15 12:56:32.408 D/PowerManagerService( 1357): updateDisplayPowerStateLocked: displayReady=true, groupId=0, policy=BRIGHT, mWakefulness=Awake, mWakeLockSummary=0x23, mUserActivitySummary=0x1, mBootCompleted=true, screenBrightnessOverride=NaN, useAutoBrightness=true, mScreenBrightnessBoostInProgress=false, mIsVrModeEnabled= false, sQuiescent=false
06-15 12:56:32.408 D/PowerManagerNotifier( 1357): onWakeLockAcquired: flags=1, tag="SyncLoopWakeLock", packageName=android, ownerUid=1000, ownerPid=1357, workSource=null
06-15 12:56:32.409 D/PowerManagerService( 1357): releaseWakeLockInternal: lock=231804768 [SyncLoopWakeLock], flags=0x0
06-15 12:56:32.409 D/PowerManagerNotifier( 1357): onWakeLockReleased: flags=1, tag="SyncLoopWakeLock", packageName=android, ownerUid=1000, ownerPid=1357, workSource=null
06-15 12:56:32.409 D/PowerManagerService( 1357): updateWakeLockSummaryLocked: mWakefulness=Awake, mWakeLockSummary=0x23
06-15 12:56:32.409 D/PowerManagerService( 1357): updateUserActivitySummaryLocked: groupId=0, mWakefulness=Awake, mUserActivitySummary=0x1, nextTimeout=7227544 (in 19774 ms)
06-15 12:56:32.409 D/PowerManagerNotifier( 1357): onScreenPolicyUpdate: newPolicy=3
06-15 12:56:32.409 D/PowerManagerService( 1357): updateDisplayPowerStateLocked: displayReady=true, groupId=0, policy=BRIGHT, mWakefulness=Awake, mWakeLockSummary=0x23, mUserActivitySummary=0x1, mBootCompleted=true, screenBrightnessOverride=NaN, useAutoBrightness=true, mScreenBrightnessBoostInProgress=false, mIsVrModeEnabled= false, sQuiescent=false
06-15 12:56:32.905 D/PowerManagerService( 1357): userActivityNoUpdateLocked: groupId=0, eventTime=7208263, event=0, flags=0x0, uid=1000
06-15 12:56:32.905 D/PowerManagerNotifier( 1357): onUserActivity: event=0, uid=1000
06-15 12:56:32.906 D/PowerManagerService( 1357): updateUserActivitySummaryLocked: groupId=0, mWakefulness=Awake, mUserActivitySummary=0x1, nextTimeout=7268263 (in 59996 ms)
06-15 12:56:32.906 D/PowerManagerNotifier( 1357): onScreenPolicyUpdate: newPolicy=3
06-15 12:56:32.906 D/PowerManagerService( 1357): updateDisplayPowerStateLocked: displayReady=true, groupId=0, policy=BRIGHT, mWakefulness=Awake, mWakeLockSummary=0x23, mUserActivitySummary=0x1, mBootCompleted=true, screenBrightnessOverride=NaN, useAutoBrightness=true, mScreenBrightnessBoostInProgress=false, mIsVrModeEnabled= false, sQuiescent=false
06-15 12:56:34.653 W/ProcessStats( 1357): Tracking association SourceState{d6e69b1 com.tencent.android.qqdownloader:live/10117 BTopFgs #8862} whose proc state 2 is better than process ProcessState{5bbea17 com.tencent.android.qqdownloader:daemon/10117 pkg=com.tencent.android.qqdownloader} proc state 3 (24 skipped)
06-15 12:56:35.149 E/[ 7210.496653] [MAX975X( 0): max96755x_vc1_lcd_dtc_check] *ERROR* DTC_Display: screen not ready(0), bl_sta(1), lvl(20)
06-15 12:56:36.767 W/[ 7212.126051] add_to_oom_reaper( 0): 8 callbacks suppressed
06-15 12:56:36.795 I/[ 7212.152720] oom_reaper( 0): reaped process 7078 (aker:messagesdk), now anon-rss:0kB, file-rss:3208kB, shmem-rss:668kB
06-15 12:56:36.803 I/ActivityManager( 1357): Process com.smile.gifmaker:messagesdk (pid 7078) has died: cch+75 CEM
06-15 12:56:36.845 I/[ 7212.206601] oom_reaper( 0): reaped process 7709 (droid.ugc.aweme), now anon-rss:0kB, file-rss:0kB, shmem-rss:2252kB
06-15 12:56:36.892 I/[ 7212.253379] binder( 0): undelivered transaction 6714103, process died.
06-15 12:56:36.892 I/[ 7212.253795] init( 0): Untracked pid 8567 exited with status 0
06-15 12:56:36.891 I/ActivityManager( 1357): Process com.ss.android.ugc.aweme (pid 7709) has died: cch+45 CEM
06-15 12:56:36.894 W/ActivityManager( 1357): Scheduling restart of crashed service com.ss.android.ugc.aweme/com.bytedance.apm6.traffic.TrafficTransportService in 1000ms for connection
06-15 12:56:36.894 W/ActivityManager( 1357): Scheduling restart of crashed service com.ss.android.ugc.aweme/com.bytedance.common.process.service.CrossProcessServiceForMain in 11000ms for connection
06-15 12:56:36.901 W/ActivityManager( 1357): setHasOverlayUi called on unknown pid: 7709
06-15 12:56:36.915 I/[ 7212.272518] oom_reaper( 0): reaped process 8587 (.ugc.aweme:push), now anon-rss:0kB, file-rss:0kB, shmem-rss:844kB
06-15 12:56:37.007 I/[ 7212.365637] binder( 0): 7214:7228 ioctl c0306201 72978e79f8 returned -14
06-15 12:56:37.015 I/[ 7212.375872] oom_reaper( 0): reaped process 7214 (omm.timeservice), now anon-rss:0kB, file-rss:0kB, shmem-rss:428kB
06-15 12:56:37.028 I/ActivityManager( 1357): Process com.qualcomm.timeservice (pid 7214) has died: cch+35 CEM
06-15 12:56:37.033 I/[ 7212.394668] oom_reaper( 0): reaped process 7215 (viders.calendar), now anon-rss:0kB, file-rss:0kB, shmem-rss:420kB
06-15 12:56:37.043 I/ActivityManager( 1357): Process com.android.providers.calendar (pid 7215) has died: cch+25 CEM
06-15 12:56:37.099 I/[ 7212.459700] oom_reaper( 0): reaped process 13204 (memode.provider), now anon-rss:0kB, file-rss:0kB, shmem-rss:428kB
06-15 12:56:37.108 I/ActivityManager( 1357): Process com.thundercomm.gamemode.provider (pid 13204) has died: cch+15 CEM
06-15 12:56:37.128 I/[ 7212.489942] oom_reaper( 0): reaped process 7251 (.smile.gifmaker), now anon-rss:0kB, file-rss:1060kB, shmem-rss:908kB
06-15 12:56:37.219 I/[ 7212.579133] binder( 0): 7104:7120 ioctl c0306201 72946eb9f8 returned -14
06-15 12:56:37.219 I/[ 7212.579629] binder( 0): 7104:7118 ioctl c0306201 72957e99f8 returned -14
06-15 12:56:37.223 I/[ 7212.583632] oom_reaper( 0): reaped process 7104 (ti.diagservices), now anon-rss:0kB, file-rss:0kB, shmem-rss:428kB
06-15 12:56:37.234 I/ActivityManager( 1357): Process com.qti.diagservices (pid 7104) has died: svcb SVC
06-15 12:56:37.234 W/ActivityManager( 1357): Scheduling restart of crashed service com.qti.diagservices/.QTIDiagServices in 20660ms for start-requested
06-15 12:56:37.342 I/[ 7212.698639] oom_reaper( 0): reaped process 1662 (MainThread-UE4), now anon-rss:0kB, file-rss:10296kB, shmem-rss:712kB
06-15 12:56:37.355 I/[ 7212.712857] oom_reaper( 0): reaped process 1770 (ocessService0:0), now anon-rss:0kB, file-rss:0kB, shmem-rss:420kB
06-15 12:56:37.356 I/ActivityManager( 1357): Process com.tencent.tmgp.pubgmhd (pid 1662) has died: prev LAST
06-15 12:56:37.357 I/WindowManager( 1357): WIN DEATH: Window{2e61a0c u0 com.tencent.tmgp.pubgmhd/com.epicgames.ue4.GameActivity}
06-15 12:56:37.357 I/ActivityManager( 1357): Killing 1770:com.android.webview:sandboxed_process0:org.chromium.content.app.SandboxedProcessService0:0/u0a102i5 (adj 0): isolated not needed
06-15 12:56:37.367 I/[ 7212.727292] binder( 0): undelivered transaction 6716108, process died.
06-15 12:56:37.367 I/[ 7212.727297] binder( 0): undelivered transaction 6716110, process died.
06-15 12:56:37.367 I/[ 7212.727332] binder( 0): undelivered transaction 6716106, process died.
06-15 12:56:37.372 W/ActivityManager( 1357): setHasOverlayUi called on unknown pid: 1662
06-15 12:56:37.373 I/ActivityManager( 1357): Process com.smile.gifmaker (pid 7251) has died: cch+5 CEM
06-15 12:56:37.373 W/UsageStatsService( 1357): Unexpected activity event reported! (com.tencent.tmgp.pubgmhd/com.epicgames.ue4.GameActivity event : 23 instanceId : 249080507)
06-15 12:56:37.375 E/KernelCpuSpeedReader( 1357): Failed to read cpu-freq: /sys/devices/system/cpu/cpu4/cpufreq/stats/time_in_state: open failed: ENOENT (No such file or directory)
06-15 12:56:37.375 E/KernelCpuSpeedReader( 1357): Failed to read cpu-freq: /sys/devices/system/cpu/cpu0/cpufreq/stats/time_in_state: open failed: ENOENT (No such file or directory)
06-15 12:56:37.384 D/PowerManagerService( 1357): acquireWakeLockInternal: lock=197055575, flags=0x1, tag="AudioMix", ws=null, uid=1041, pid=0
06-15 12:56:37.384 D/PowerManagerService( 1357): updateWakeLockSummaryLocked: mWakefulness=Awake, mWakeLockSummary=0x23
06-15 12:56:37.384 D/PowerManagerService( 1357): updateUserActivitySummaryLocked: groupId=0, mWakefulness=Awake, mUserActivitySummary=0x1, nextTimeout=7268263 (in 55518 ms)
06-15 12:56:37.384 D/PowerManagerNotifier( 1357): onScreenPolicyUpdate: newPolicy=3
06-15 12:56:37.384 D/PowerManagerService( 1357): updateDisplayPowerStateLocked: displayReady=true, groupId=0, policy=BRIGHT, mWakefulness=Awake, mWakeLockSummary=0x23, mUserActivitySummary=0x1, mBootCompleted=true, screenBrightnessOverride=NaN, useAutoBrightness=true, mScreenBrightnessBoostInProgress=false, mIsVrModeEnabled= false, sQuiescent=false
06-15 12:56:37.384 D/PowerManagerNotifier( 1357): onWakeLockAcquired: flags=1, tag="AudioMix", packageName=audioserver, ownerUid=1041, ownerPid=0, workSource=null
06-15 12:56:37.384 D/PowerManagerService( 1357): updateWakeLockWorkSourceInternal: lock=197055575 [AudioMix], ws=null
06-15 12:56:37.402 I/[ 7212.762291] binder( 0): 1201:2298 transaction failed 29189/-22, size 104-0 line 3071
06-15 12:56:37.404 I/[ 7212.764955] binder( 0): undelivered transaction 6714636, process died.
06-15 12:56:37.404 I/[ 7212.764958] binder( 0): undelivered transaction 6714639, process died.
06-15 12:56:37.404 I/[ 7212.764959] binder( 0): undelivered transaction 6714640, process died.
06-15 12:56:37.404 I/[ 7212.764960] binder( 0): undelivered transaction 6714643, process died.
06-15 12:56:37.404 I/[ 7212.764961] binder( 0): undelivered transaction 6714645, process died.
06-15 12:56:37.404 I/[ 7212.765412] binder( 0): undelivered transaction 6714624, process died.
06-15 12:56:37.404 I/[ 7212.765413] binder( 0): undelivered death notification, 000000739f3c0490
06-15 12:56:37.404 I/ActivityManager( 1357): Process com.ss.android.ugc.aweme:push (pid 8587) has died: fg SVC
06-15 12:56:37.407 W/ActivityManager( 1357): Scheduling restart of crashed service com.ss.android.ugc.aweme/com.bytedance.common.process.service.CrossProcessServiceForPush in 30487ms for connection
06-15 12:56:37.411 I/[ 7212.768656] msm_vidc( 0): high: 00000001: h264d: Closed video instance: 0000000000000000
06-15 12:56:37.418 D/PowerManagerService( 1357): updateWakeLockWorkSourceInternal: lock=84218485 [AudioMix], ws=null
06-15 12:56:37.418 D/PowerManagerNotifier( 1357): onWakeLockReleased: flags=1, tag="AudioMix", packageName=audioserver, ownerUid=1041, ownerPid=0, workSource=WorkSource{10102}
06-15 12:56:37.418 D/PowerManagerNotifier( 1357): onWakeLockAcquired: flags=1, tag="AudioMix", packageName=audioserver, ownerUid=1041, ownerPid=0, workSource=null
06-15 12:56:37.418 D/PowerManagerNotifier( 1357): onLongPartialWakeLockFinish: ownerUid=1041, workSource=WorkSource{10102}
06-15 12:56:37.510 I/Telecom ( 1357): CallAudioRouteStateMachine: Message received: SPEAKER_OFF=1007, arg1=0: CARSM.mSPCR->CARSM.pM_SPEAKER_OFF@AHU
06-15 12:56:37.510 I/Telecom ( 1357): QuiescentEarpieceRoute: Processing message SPEAKER_OFF: CARSM.mSPCR->CARSM.pM_SPEAKER_OFF@AHU
06-15 12:56:37.539 I/[ 7212.900263] oom_reaper( 0): reaped process 1921 (:xg_vip_service), now anon-rss:0kB, file-rss:0kB, shmem-rss:428kB
06-15 12:56:37.552 I/ActivityManager( 1357): Process com.tencent.tmgp.pubgmhd:xg_vip_service (pid 1921) has died: svcb SVC
06-15 12:56:37.718 I/ActivityManager( 1357): Low on memory:
06-15 12:56:37.718 I/ActivityManager( 1357): ntv ?? 60342: surfaceflinger ( 32,264K memtrack) (pid 970) native
06-15 12:56:37.718 I/ActivityManager( 1357): ntv ?? 16690: audioserver (pid 955) native
06-15 12:56:37.718 I/ActivityManager( 1357): ntv ?? 15508: android.hardware.audio.service (pid 814) native
06-15 12:56:37.718 I/ActivityManager( 1357): ntv ?? 13941: mediaserver (pid 1201) native
06-15 12:56:37.718 I/ActivityManager( 1357): ntv ?? 12761: media.extractor (pid 1194) native
06-15 12:56:37.718 I/ActivityManager( 1357): ntv ?? 12067: zygote (pid 688) native
06-15 12:56:37.718 I/ActivityManager( 1357): ntv ?? 11149: webview_zygote (pid 2538) native
06-15 12:56:37.718 I/ActivityManager( 1357): ntv ?? 8385: media.swcodec (pid 1250) native
06-15 12:56:37.718 I/ActivityManager( 1357): ntv ?? 8171: android.hardware.wifi@1.0-service (pid 830) native
06-15 12:56:37.718 I/ActivityManager( 1357): ntv ?? 6910: init (pid 1) native
06-15 12:56:37.718 I/ActivityManager( 1357): ntv ?? 6409: zygote64 (pid 687) native
06-15 12:56:37.718 I/ActivityManager( 1357): ntv ?? 6326: vendor.qti.hardware.display.composer-service (pid 836) native
06-15 12:56:37.718 I/ActivityManager( 1357): ntv ?? 5627: hht_ota_mgr (pid 2016) native
06-15 12:56:37.718 I/ActivityManager( 1357): ntv ?? 5590: media.codec (pid 1211) native
06-15 12:56:37.718 I/ActivityManager( 1357): ntv ?? 5334: media.metrics (pid 1197) native
06-15 12:56:37.718 I/ActivityManager( 1357): ntv ?? 5247: adbd (pid 6513) native
06-15 12:56:37.718 I/ActivityManager( 1357): ntv ?? 4934: cameraserver (pid 1186) native
06-15 12:56:37.718 I/ActivityManager( 1357): ntv ?? 4901: logd (pid 514) native
06-15 12:56:37.718 I/ActivityManager( 1357): ntv ?? 4339: keystore2 (pid 583) native
06-15 12:56:37.718 I/ActivityManager( 1357): ntv ?? 4300: vendor.qti.hardware.perf@2.2-service (pid 852) native
06-15 12:56:37.718 I/ActivityManager( 1357): ntv ?? 4097: ueventd (pid 486) native
06-15 12:56:37.718 I/ActivityManager( 1357): ntv ?? 3855: media.hwcodec (pid 878) native
06-15 12:56:37.718 I/ActivityManager( 1357): ntv ?? 3817: android.hardware.neuralnetworks@1.3-service-qti (pid 825) native
06-15 12:56:37.718 I/ActivityManager( 1357): ntv ?? 3530: netd (pid 686) native
06-15 12:56:37.718 I/ActivityManager( 1357): ntv ?? 3270: android.hardware.bluetooth@1.0-service-qti (pid 817) native
06-15 12:56:37.718 I/ActivityManager( 1357): ntv ?? 3171: android.hardware.gnss@2.1-service-qti (pid 820) native
06-15 12:56:37.718 I/ActivityManager( 1357): ntv ?? 3169: cnss_diag (pid 1184) native
06-15 12:56:37.718 I/ActivityManager( 1357): ntv ?? 2984: iorapd (pid 1166) native
06-15 12:56:37.718 I/ActivityManager( 1357): ntv ?? 2880: cnd (pid 1212) native
06-15 12:56:37.718 I/ActivityManager( 1357): ntv ?? 2815: init (pid 484) native
06-15 12:56:37.718 I/ActivityManager( 1357): ntv ?? 2778: installd (pid 1193) native
06-15 12:56:37.718 I/ActivityManager( 1357): ntv ?? 2751: vold (pid 559) native
06-15 12:56:37.718 I/ActivityManager( 1357): ntv ?? 2591: ssgtzd (pid 813) native
06-15 12:56:37.718 I/ActivityManager( 1357): ntv ?? 2447: traced_probes (pid 1167) native
06-15 12:56:37.718 I/ActivityManager( 1357): ntv ?? 2401: vendor.qti.hardware.iop@2.0-service (pid 844) native
06-15 12:56:37.718 I/ActivityManager( 1357): ntv ?? 2367: lmkd (pid 515) native
06-15 12:56:37.718 I/ActivityManager( 1357): ntv ?? 2278: thermal-engine (pid 3344) native
06-15 12:56:37.718 I/ActivityManager( 1357): ntv ?? 2271: iorap.prefetcherd (pid 1841) native
06-15 12:56:37.718 I/ActivityManager( 1357): ntv ?? 2252: selfinstaller (pid 1203) native
06-15 12:56:37.718 I/ActivityManager( 1357): ntv ?? 2170: cnss-daemon (pid 1261) native
06-15 12:56:37.718 I/ActivityManager( 1357): ntv ?? 2122: tlog (pid 1207) native
06-15 12:56:37.718 I/ActivityManager( 1357): ntv ?? 2056: traced (pid 1172) native
06-15 12:56:37.718 I/ActivityManager( 1357): ntv ?? 2016: storaged (pid 1204) native
06-15 12:56:37.718 I/ActivityManager( 1357): ntv ?? 1977: hwservicemanager (pid 517) native
06-15 12:56:37.718 I/ActivityManager( 1357): ntv ?? 1957: xtra-daemon (pid 1374) native
06-15 12:56:37.718 I/ActivityManager( 1357): ntv ?? 1940: imsdatadaemon (pid 1453) native
06-15 12:56:37.718 I/ActivityManager( 1357): ntv ?? 1853: ims_rtp_daemon (pid 1219) native
06-15 12:56:37.718 I/ActivityManager( 1357): ntv ?? 1732: statsd (pid 685) native
06-15 12:56:37.718 I/ActivityManager( 1357): ntv ?? 1657: update_engine (pid 1365) native
06-15 12:56:37.718 I/ActivityManager( 1357): ntv ?? 1656: servicemanager (pid 516) native
06-15 12:56:37.718 I/ActivityManager( 1357): ntv ?? 1605: slim_daemon (pid 1372) native
06-15 12:56:37.718 I/ActivityManager( 1357): ntv ?? 1579: android.hardware.sensors@2.0-service.multihal (pid 827) native
06-15 12:56:37.718 I/ActivityManager( 1357): ntv ?? 1575: vppservice (pid 889) native
06-15 12:56:37.718 I/ActivityManager( 1357): ntv ?? 1528: perfservice (pid 1209) native
06-15 12:56:37.718 I/ActivityManager( 1357): ntv ?? 1514: wifidisplayhalservice (pid 1213) native
06-15 12:56:37.718 I/ActivityManager( 1357): ntv ?? 1498: spdaemon (pid 581) native
06-15 12:56:37.718 I/ActivityManager( 1357): ntv ?? 1483: wificond (pid 1208) native
06-15 12:56:37.718 I/ActivityManager( 1357): ntv ?? 1480: imsrcsd (pid 1232) native
06-15 12:56:37.718 I/ActivityManager( 1357): ntv ?? 1472: wfdhdcphalservice (pid 1210) native
06-15 12:56:37.718 I/ActivityManager( 1357): ntv ?? 1454: qfp-daemon (pid 1377) native
06-15 12:56:37.718 I/ActivityManager( 1357): ntv ?? 1451: android.hardware.keymaster@4.1-service-qti (pid 556) native
06-15 12:56:37.718 I/ActivityManager( 1357): ntv ?? 1434: qseecomd (pid 557) native
06-15 12:56:37.718 I/ActivityManager( 1357): ntv ?? 1418: vendor.qti.hardware.display.allocator-service (pid 835) native
06-15 12:56:37.718 I/ActivityManager( 1357): ntv ?? 1363: drmserver (pid 1165) native
06-15 12:56:37.718 I/ActivityManager( 1357): ntv ?? 1333: lowi-server (pid 1371) native
06-15 12:56:37.718 I/ActivityManager( 1357): ntv ?? 1332: gpuservice (pid 969) native
06-15 12:56:37.718 I/ActivityManager( 1357): ntv ?? 1306: sensors.qti (pid 994) native
06-15 12:56:37.718 I/ActivityManager( 1357): ntv ?? 1287: ipacm (pid 662) native
06-15 12:56:37.718 I/ActivityManager( 1357): ntv ?? 1277: dpmd (pid 1195) native
06-15 12:56:37.718 I/ActivityManager( 1357): ntv ?? 1245: tzlog (pid 1363) native
06-15 12:56:37.718 I/ActivityManager( 1357): ntv ?? 1220: android.hardware.drm@1.3-service.clearkey (pid 819) native
06-15 12:56:37.718 I/ActivityManager( 1357): ntv ?? 1219: vendor.ts.uart@1.0-service (pid 663) native
06-15 12:56:37.718 I/ActivityManager( 1357): ntv ?? 1195: imsqmidaemon (pid 1228) native
06-15 12:56:37.718 I/ActivityManager( 1357): ntv ?? 1173: android.system.suspend@1.0-service (pid 582) native
06-15 12:56:37.718 I/ActivityManager( 1357): ntv ?? 1152: vendor.qti.hardware.servicetracker@1.2-service (pid 859) native
06-15 12:56:37.718 I/ActivityManager( 1357): ntv ?? 1147: vendor.qti.hardware.qteeconnector@1.0-service (pid 855) native
06-15 12:56:37.718 I/ActivityManager( 1357): ntv ?? 1109: qcc-trd (pid 1373) native
06-15 12:56:37.718 I/ActivityManager( 1357): ntv ?? 1105: dpmQmiMgr (pid 1179) native
06-15 12:56:37.718 I/ActivityManager( 1357): ntv ?? 1103: android.hardware.power-service (pid 826) native
06-15 12:56:37.718 I/ActivityManager( 1357): ntv ?? 1099: time_daemon (pid 661) native
06-15 12:56:37.718 I/ActivityManager( 1357): ntv ?? 1099: vendor.display.color@1.0-service (pid 831) native
06-15 12:56:37.718 I/ActivityManager( 1357): ntv ?? 1092: feature_enabler_client (pid 1182) native
06-15 12:56:37.718 I/ActivityManager( 1357): ntv ?? 1086: credstore (pid 959) native
06-15 12:56:37.718 I/ActivityManager( 1357): ntv ?? 1051: dpmd (pid 1173) native
06-15 12:56:37.718 I/ActivityManager( 1357): ntv ?? 1050: ipacm-diag (pid 1235) native
06-15 12:56:37.718 I/ActivityManager( 1357): ntv ?? 1046: ip6tables-restore (pid 733) native
06-15 12:56:37.718 I/ActivityManager( 1357): ntv ?? 1045: vendor.qti.qspmhal@1.0-service (pid 880) native
06-15 12:56:37.718 I/ActivityManager( 1357): ntv ?? 1031: android.hardware.usb@1.2-service-qti (pid 829) native
06-15 12:56:37.718 I/ActivityManager( 1357): ntv ?? 1026: qccsyshal@1.1-service (pid 816) native
06-15 12:56:37.718 I/ActivityManager( 1357): ntv ?? 1008: android.hardware.health@2.1-service (pid 822) native
06-15 12:56:37.718 I/ActivityManager( 1357): ntv ?? 1001: vndservicemanager (pid 518) native
06-15 12:56:37.718 I/ActivityManager( 1357): ntv ?? 997: gatekeeperd (pid 1304) native
06-15 12:56:37.718 I/ActivityManager( 1357): ntv ?? 996: vendor.qti.secure_element@1.2-service (pid 885) native
06-15 12:56:37.718 I/ActivityManager( 1357): ntv ?? 995: android.hardware.thermal@2.0-service.qti (pid 828) native
06-15 12:56:37.718 I/ActivityManager( 1357): ntv ?? 992: incidentd (pid 1192) native
06-15 12:56:37.718 I/ActivityManager( 1357): ntv ?? 990: android.hardware.boot@1.1-service (pid 589) native
06-15 12:56:37.718 I/ActivityManager( 1357): ntv ?? 990: iptables-restore (pid 731) native
06-15 12:56:37.718 I/ActivityManager( 1357): ntv ?? 988: pm-service (pid 913) native
06-15 12:56:37.718 I/ActivityManager( 1357): ntv ?? 984: vendor.qti.hardware.capabilityconfigstore@1.0-service (pid 833) native
06-15 12:56:37.718 I/ActivityManager( 1357): ntv ?? 969: vendor.qti.hardware.soter@1.0-service (pid 860) native
06-15 12:56:37.718 I/ActivityManager( 1357): ntv ?? 968: vendor.qti.esepowermanager@1.1-service (pid 832) native
06-15 12:56:37.718 I/ActivityManager( 1357): ntv ?? 966: android.hardware.gatekeeper@1.0-service-qti (pid 591) native
06-15 12:56:37.718 I/ActivityManager( 1357): ntv ?? 956: vendor.qti.hardware.sensorscalibrate@1.0-service (pid 856) native
06-15 12:56:37.718 I/ActivityManager( 1357): ntv ?? 953: vendor.qti.hardware.vibrator.service (pid 864) native
06-15 12:56:37.718 I/ActivityManager( 1357): ntv ?? 951: dspservice (pid 838) native
06-15 12:56:37.718 I/ActivityManager( 1357): ntv ?? 943: vendor.qti.power.pasrmanager@1.0-service (pid 879) native
06-15 12:56:37.718 I/ActivityManager( 1357): ntv ?? 939: vendor.qti.hardware.qseecom@1.0-service (pid 558) native
06-15 12:56:37.718 I/ActivityManager( 1357): ntv ?? 936: vendor.thundercomm.hardware.tsnv@1.0-service (pid 888) native
06-15 12:56:37.718 I/ActivityManager( 1357): ntv ?? 931: vendor.qti.hardware.tui_comm@1.0-service-qti (pid 862) native
06-15 12:56:37.718 I/ActivityManager( 1357): ntv ?? 927: keymasterd (pid 633) native
06-15 12:56:37.718 I/ActivityManager( 1357): ntv ?? 927: adsprpcd (pid 1243) native
06-15 12:56:37.718 I/ActivityManager( 1357): ntv ?? 927: cdsprpcd (pid 1247) native
06-15 12:56:37.718 I/ActivityManager( 1357): ntv ?? 926: sscrpcd (pid 593) native
06-15 12:56:37.718 I/ActivityManager( 1357): ntv ?? 919: adsprpcd (pid 1242) native
06-15 12:56:37.718 I/ActivityManager( 1357): ntv ?? 912: android.hardware.memtrack@1.0-service (pid 824) native
06-15 12:56:37.718 I/ActivityManager( 1357): ntv ?? 902: vendor.qti.hardware.qccvndhal@1.0-service (pid 854) native
06-15 12:56:37.718 I/ActivityManager( 1357): ntv ?? 899: sscrpcd (pid 895) native
06-15 12:56:37.718 I/ActivityManager( 1357): ntv ?? 898: tloc_daemon (pid 1379) native
06-15 12:56:37.718 I/ActivityManager( 1357): ntv ?? 895: vendor.qti.hardware.limits@1.0-service (pid 846) native
06-15 12:56:37.718 I/ActivityManager( 1357): ntv ?? 890: android.hardware.cas@1.2-service (pid 818) native
06-15 12:56:37.718 I/ActivityManager( 1357): ntv ?? 877: qspmsvc (pid 3333) native
06-15 12:56:37.718 I/ActivityManager( 1357): ntv ?? 872: pd-mapper (pid 898) native
06-15 12:56:37.718 I/ActivityManager( 1357): ntv ?? 856: android.hardware.lights-service.qti (pid 823) native
06-15 12:56:37.718 I/ActivityManager( 1357): ntv ?? 852: loc_launcher (pid 1300) native
06-15 12:56:37.718 I/ActivityManager( 1357): ntv ?? 846: wfdvndservice (pid 1248) native
06-15 12:56:37.718 I/ActivityManager( 1357): ntv ?? 843: android.hardware.atrace@1.0-service (pid 587) native
06-15 12:56:37.718 I/ActivityManager( 1357): ntv ?? 800: msm_irqbalance (pid 1450) native
06-15 12:56:37.718 I/ActivityManager( 1357): ntv ?? 791: pm-proxy (pid 1163) native
06-15 12:56:37.718 I/ActivityManager( 1357): ntv ?? 757: android.hidl.allocator@1.0-service (pid 815) native
06-15 12:56:37.718 I/ActivityManager( 1357): ntv ?? 750: mlid (pid 1297) native
06-15 12:56:37.718 I/ActivityManager( 1357): ntv ?? 728: app_d (pid 31203) native
06-15 12:56:37.718 I/ActivityManager( 1357): ntv ?? 726: rmt_storage (pid 971) native
06-15 12:56:37.718 I/ActivityManager( 1357): ntv ?? 724: app_d (pid 31352) native
06-15 12:56:37.718 I/ActivityManager( 1357): ntv ?? 703: sh (pid 519) native
06-15 12:56:37.718 I/ActivityManager( 1357): ntv ?? 690: tftp_server (pid 993) native
06-15 12:56:37.718 I/ActivityManager( 1357): ntv ?? 684: mdnsd (pid 3284) native
06-15 12:56:37.718 I/ActivityManager( 1357): ntv ?? 637: qrtr-ns (pid 893) native
06-15 12:56:37.718 I/ActivityManager( 1357): ntv ?? 546: tombstoned (pid 645) native
06-15 12:56:37.718 I/ActivityManager( 1357): ntv ?? 461: (Other native)
06-15 12:56:37.718 I/ActivityManager( 1357): sys PER 175744: system ( 384K memtrack) (pid 1357) fixed
06-15 12:56:37.718 I/ActivityManager( 1357): pers PER 164208: com.android.systemui ( 6,232K memtrack) (pid 2287) fixed
06-15 12:56:37.718 I/ActivityManager( 1357): pers PER 28988: com.hryt.lebotp (pid 3530) fixed
06-15 12:56:37.718 I/ActivityManager( 1357): pers PER 14079: com.android.networkstack.process (pid 2502) fixed
06-15 12:56:37.718 I/ActivityManager( 1357): pers PER 12893: com.thundercomm.gamemode (pid 2581) fixed
06-15 12:56:37.718 I/ActivityManager( 1357): pers PER 11807: com.qualcomm.qti.workloadclassifier (pid 3520) fixed
06-15 12:56:37.718 I/ActivityManager( 1357): pers PER 7691: com.thundercomm.microsettings (pid 2631) fixed
06-15 12:56:37.718 I/ActivityManager( 1357): pers PER 7678: com.thundercomm.microservice (pid 2621) fixed
06-15 12:56:37.718 I/ActivityManager( 1357): pers PER 7558: com.qualcomm.location (pid 3209) fixed
06-15 12:56:37.718 I/ActivityManager( 1357): pers PER 7185: com.qualcomm.qti.qdma (pid 2866) fixed
06-15 12:56:37.718 I/ActivityManager( 1357): pers PER 7152: com.thundercomm.tcsetupwizard (pid 2726) fixed
06-15 12:56:37.718 I/ActivityManager( 1357): pers PER 6787: com.thundercomm.tchttpserver (pid 2709) fixed
06-15 12:56:37.718 I/ActivityManager( 1357): pers PER 6785: .dataservices (pid 2663) fixed
06-15 12:56:37.718 I/ActivityManager( 1357): pers PER 6728: com.thundercomm.tcservice (pid 2782) fixed
06-15 12:56:37.718 I/ActivityManager( 1357): pers PER 6708: com.thundercomm.remotecontrolservice (pid 2775) fixed
06-15 12:56:37.718 I/ActivityManager( 1357): pers PER 6649: com.hryt.hiphishowfsecontrol (pid 3450) fixed
06-15 12:56:37.718 I/ActivityManager( 1357): pers PER 6083: com.tc.logclient (pid 2720) fixed
06-15 12:56:37.718 I/ActivityManager( 1357): pers PER 5716: com.qualcomm.qti.services.systemhelper:systemhelper_service (pid 3490) fixed
06-15 12:56:37.718 I/ActivityManager( 1357): pers PER 5670: com.qualcomm.qti.qccnetstat (pid 3517) fixed
06-15 12:56:37.718 I/ActivityManager( 1357): pers PER 5656: com.android.se (pid 2771) fixed
06-15 12:56:37.718 I/ActivityManager( 1357): pers PER 5556: .qtidataservices (pid 2686) fixed
06-15 12:56:37.718 I/ActivityManager( 1357): pers PER 5506: vendor.qti.qesdk.sysservice (pid 2736) fixed
06-15 12:56:37.718 I/ActivityManager( 1357): pers PER 5432: com.qti.qualcomm.mstatssystemservice (pid 2754) fixed
06-15 12:56:37.718 I/ActivityManager( 1357): pers PER 5423: ts.car.uart (pid 3433) fixed
06-15 12:56:37.718 I/ActivityManager( 1357): pers PER 5329: .pasr (pid 3482) fixed
06-15 12:56:37.718 I/ActivityManager( 1357): pers PER 5276: com.qualcomm.qti.devicestatisticsservice (pid 4160) fixed
06-15 12:56:37.718 I/ActivityManager( 1357): psvc PER 20356: com.android.bluetooth (pid 2273) service
06-15 12:56:37.718 I/ActivityManager( 1357): com.android.bluetooth/.gatt.GattService<=Proc{1357:system/1000}
06-15 12:56:37.718 I/ActivityManager( 1357): psvc PER 17100: com.android.providers.media.module (pid 3665) service
06-15 12:56:37.718 I/ActivityManager( 1357): com.android.providers.media.module/com.android.providers.media.fuse.ExternalStorageServiceImpl<=Proc{1357:system/1000}
06-15 12:56:37.718 I/ActivityManager( 1357): fg TOP 389362: com.tencent.tmgp.sgame ( 33,924K memtrack) (pid 13232) top-activity
06-15 12:56:37.718 I/ActivityManager( 1357): fg SVC 154446: com.ss.android.ugc.aweme:pushservice (pid 7624) exec-service
06-15 12:56:37.718 I/ActivityManager( 1357): fg FGS 118289: com.tencent.android.qqdownloader:daemon ( 384K memtrack) (pid 31045) instrumentation
06-15 12:56:37.718 I/ActivityManager( 1357): fg FGS 91093: com.tencent.android.qqdownloader (pid 31113) service
06-15 12:56:37.718 I/ActivityManager( 1357): com.tencent.android.qqdownloader/com.tencent.assistant.main.MainService<=Proc{31045:com.tencent.android.qqdownloader:daemon/u0a117}
06-15 12:56:37.718 I/ActivityManager( 1357): fg SVC 88007: com.ss.android.ugc.aweme:sandboxed_process1 (pid 8898) exec-service
06-15 12:56:37.718 I/ActivityManager( 1357): fg FGS 80298: com.tencent.ilink.ServiceProcess (pid 32118) service
06-15 12:56:37.718 I/ActivityManager( 1357): com.tencent.android.qqdownloader/com.tencent.luggage.services.WxaStartUpService<=Proc{31113:com.tencent.android.qqdownloader/u0a117}
06-15 12:56:37.718 I/ActivityManager( 1357): fg FGS 52192: com.tencent.android.qqdownloader:cloud (pid 31161) service
06-15 12:56:37.718 I/ActivityManager( 1357): com.tencent.android.qqdownloader/com.live.watermelon.service.SentryAlphaService<=Proc{31045:com.tencent.android.qqdownloader:daemon/u0a117}
06-15 12:56:37.718 I/ActivityManager( 1357): fg FGS 30816: com.android.webview:sandboxed_process0:org.chromium.content.app.SandboxedProcessService0:0 (pid 31436) service
06-15 12:56:37.718 I/ActivityManager( 1357): fg SVC 0: com.tencent.tmgp.pubgmhd:xg_vip_service (pid 1921) exec-service
06-15 12:56:37.718 I/ActivityManager( 1357): fg SVC 0: com.ss.android.ugc.aweme:push (pid 8587) exec-service
06-15 12:56:37.718 I/ActivityManager( 1357): vis BFGS 146998: com.android.launcher3 ( 71,720K memtrack) (pid 2906) service
06-15 12:56:37.718 I/ActivityManager( 1357): com.android.launcher3/com.android.quickstep.TouchInteractionService<=Proc{2287:com.android.systemui/u0a77}
06-15 12:56:37.718 I/ActivityManager( 1357): vis BFGS 51307: com.tencent.android.qqdownloader:live (pid 31058) service
06-15 12:56:37.718 I/ActivityManager( 1357): com.tencent.android.qqdownloader/com.tencent.assistant.syscomponent.MediaRouteProviderService2<=Proc{1357:system/1000}
06-15 12:56:37.718 I/ActivityManager( 1357): vis FGS 29321: com.android.webview:webview_service (pid 11221) service
06-15 12:56:37.718 I/ActivityManager( 1357): vis BTOP 14178: com.tencent.tmgp.sgame:xg_vip_service (pid 13264) service
06-15 12:56:37.718 I/ActivityManager( 1357): com.tencent.tmgp.sgame/com.tencent.android.tpush.service.XGVipPushService<=Proc{13232:com.tencent.tmgp.sgame/u0a94}
06-15 12:56:37.718 I/ActivityManager( 1357): vis BFGS 10734: android.ext.services (pid 3205) service
06-15 12:56:37.718 I/ActivityManager( 1357): android.ext.services/.notification.Assistant<=Proc{1357:system/1000}
06-15 12:56:37.718 I/ActivityManager( 1357): vis IMPF 5892: com.qualcomm.location.XT (pid 3606) service
06-15 12:56:37.718 I/ActivityManager( 1357): com.qualcomm.location.XT/.XTSrv<=Proc{3209:com.qualcomm.location/u0a67}
06-15 12:56:37.718 I/ActivityManager( 1357): prcp IMPB 85329: com.baidu.input ( 384K memtrack) (pid 4077) service
06-15 12:56:37.718 I/ActivityManager( 1357): com.baidu.input/.ImeService<=Proc{1357:system/1000}
06-15 12:56:37.718 I/ActivityManager( 1357): 2309096: TOTAL ( 145,292K memtrack)
06-15 12:56:37.718 I/ActivityManager( 1357): MemInfo: 313,536K slab, 20,976K shmem, 93,144K vm alloc, 78,984K page tables 44,912K kernel stack
06-15 12:56:37.718 I/ActivityManager( 1357): 2,096K buffers, 3,790,872K cached, 511,848K mapped, 1,292,968K free
06-15 12:56:37.718 I/ActivityManager( 1357): ZRAM: 27,380K RAM, 4,194,300K swap total, 4,039,156K swap free
06-15 12:56:37.718 I/ActivityManager( 1357): Free RAM: 4,876,208K
06-15 12:56:37.718 I/ActivityManager( 1357): ION: 223,636K
06-15 12:56:37.718 I/ActivityManager( 1357): Used RAM: 2,785,124K
06-15 12:56:37.718 I/ActivityManager( 1357): Lost RAM: 360,680K
06-15 12:56:37.729 I/DropBoxManagerService( 1357): add tag=system_server_lowmem isTagEnabled=true flags=0x6
06-15 12:56:37.896 D/CompatibilityChangeReporter( 1357): Compat change id reported: 135634846; UID 10099; state: DISABLED
06-15 12:56:37.896 D/CompatibilityChangeReporter( 1357): Compat change id reported: 177438394; UID 10099; state: DISABLED
06-15 12:56:37.896 D/CompatibilityChangeReporter( 1357): Compat change id reported: 135772972; UID 10099; state: DISABLED
06-15 12:56:37.896 D/CompatibilityChangeReporter( 1357): Compat change id reported: 143937733; UID 10099; state: DISABLED
06-15 12:56:37.902 I/ActivityManager( 1357): Start proc 13775:com.ss.android.ugc.aweme/u0a99 for service {com.ss.android.ugc.aweme/com.bytedance.apm6.traffic.TrafficTransportService}
06-15 12:56:37.941 I/[ 7213.301779] binder( 0): 13775:13775 ioctl 40046210 7fcde88de4 returned -22
06-15 12:56:37.948 D/CompatibilityChangeReporter( 1357): Compat change id reported: 168419799; UID 10099; state: DISABLED
06-15 12:56:37.954 I/[ 7213.312570] oom_reaper( 0): reaped process 4077 (com.baidu.input), now anon-rss:0kB, file-rss:6920kB, shmem-rss:1556kB
06-15 12:56:37.972 I/ActivityManager( 1357): Process com.baidu.input (pid 4077) has died: prcp IMPB
06-15 12:56:37.973 I/WindowManager( 1357): WIN DEATH: Window{ceb494c u0 InputMethod}
06-15 12:56:37.973 W/InputMethodManagerService( 1357): Session failed to close due to remote exception
06-15 12:56:37.973 W/InputMethodManagerService( 1357): android.os.DeadObjectException
06-15 12:56:37.973 W/InputMethodManagerService( 1357): at android.os.BinderProxy.transactNative(Native Method)
06-15 12:56:37.973 W/InputMethodManagerService( 1357): at android.os.BinderProxy.transact(BinderProxy.java:571)
06-15 12:56:37.973 W/InputMethodManagerService( 1357): at com.android.internal.view.IInputMethodSession$Stub$Proxy.finishSession(IInputMethodSession.java:425)
06-15 12:56:37.973 W/InputMethodManagerService( 1357): at com.android.server.inputmethod.InputMethodManagerService.finishSessionLocked(InputMethodManagerService.java:2631)
06-15 12:56:37.973 W/InputMethodManagerService( 1357): at com.android.server.inputmethod.InputMethodManagerService.clearClientSessionLocked(InputMethodManagerService.java:2622)
06-15 12:56:37.973 W/InputMethodManagerService( 1357): at com.android.server.inputmethod.InputMethodManagerService.clearCurMethodLocked(InputMethodManagerService.java:2649)
06-15 12:56:37.973 W/InputMethodManagerService( 1357): at com.android.server.inputmethod.InputMethodManagerService.onServiceDisconnected(InputMethodManagerService.java:2678)
06-15 12:56:37.973 W/InputMethodManagerService( 1357): at android.app.LoadedApk$ServiceDispatcher.doDeath(LoadedApk.java:2097)
06-15 12:56:37.973 W/InputMethodManagerService( 1357): at android.app.LoadedApk$ServiceDispatcher$RunConnection.run(LoadedApk.java:2112)
06-15 12:56:37.973 W/InputMethodManagerService( 1357): at android.os.Handler.handleCallback(Handler.java:938)
06-15 12:56:37.973 W/InputMethodManagerService( 1357): at android.os.Handler.dispatchMessage(Handler.java:99)
06-15 12:56:37.973 W/InputMethodManagerService( 1357): at android.os.Looper.loopOnce(Looper.java:201)
06-15 12:56:37.973 W/InputMethodManagerService( 1357): at android.os.Looper.loop(Looper.java:288)
06-15 12:56:37.973 W/InputMethodManagerService( 1357): at com.android.server.SystemServer.run(SystemServer.java:909)
06-15 12:56:37.973 W/InputMethodManagerService( 1357): at com.android.server.SystemServer.main(SystemServer.java:616)
06-15 12:56:37.973 W/InputMethodManagerService( 1357): at java.lang.reflect.Method.invoke(Native Method)
06-15 12:56:37.973 W/InputMethodManagerService( 1357): at com.android.internal.os.RuntimeInit$MethodAndArgsCaller.run(RuntimeInit.java:548)
06-15 12:56:37.973 W/InputMethodManagerService( 1357): at com.android.internal.os.ZygoteInit.main(ZygoteInit.java:987)
06-15 12:56:37.974 W/InputMethodManagerService( 1357): Session failed to close due to remote exception
06-15 12:56:37.974 W/InputMethodManagerService( 1357): android.os.DeadObjectException
06-15 12:56:37.974 W/InputMethodManagerService( 1357): at android.os.BinderProxy.transactNative(Native Method)
06-15 12:56:37.974 W/InputMethodManagerService( 1357): at android.os.BinderProxy.transact(BinderProxy.java:571)
06-15 12:56:37.974 W/InputMethodManagerService( 1357): at com.android.internal.view.IInputMethodSession$Stub$Proxy.finishSession(IInputMethodSession.java:425)
06-15 12:56:37.974 W/InputMethodManagerService( 1357): at com.android.server.inputmethod.InputMethodManagerService.finishSessionLocked(InputMethodManagerService.java:2631)
06-15 12:56:37.974 W/InputMethodManagerService( 1357): at com.android.server.inputmethod.InputMethodManagerService.clearClientSessionLocked(InputMethodManagerService.java:2622)
06-15 12:56:37.974 W/InputMethodManagerService( 1357): at com.android.server.inputmethod.InputMethodManagerService.clearCurMethodLocked(InputMethodManagerService.java:2649)
06-15 12:56:37.974 W/InputMethodManagerService( 1357): at com.android.server.inputmethod.InputMethodManagerService.onServiceDisconnected(InputMethodManagerService.java:2678)
06-15 12:56:37.974 W/InputMethodManagerService( 1357): at android.app.LoadedApk$ServiceDispatcher.doDeath(LoadedApk.java:2097)
06-15 12:56:37.974 W/InputMethodManagerService( 1357): at android.app.LoadedApk$ServiceDispatcher$RunConnection.run(LoadedApk.java:2112)
06-15 12:56:37.974 W/InputMethodManagerService( 1357): at android.os.Handler.handleCallback(Handler.java:938)
06-15 12:56:37.974 W/InputMethodManagerService( 1357): at android.os.Handler.dispatchMessage(Handler.java:99)
06-15 12:56:37.974 W/InputMethodManagerService( 1357): at android.os.Looper.loopOnce(Looper.java:201)
06-15 12:56:37.974 W/InputMethodManagerService( 1357): at android.os.Looper.loop(Looper.java:288)
06-15 12:56:37.974 W/InputMethodManagerService( 1357): at com.android.server.SystemServer.run(SystemServer.java:909)
06-15 12:56:37.974 W/InputMethodManagerService( 1357): at com.android.server.SystemServer.main(SystemServer.java:616)
06-15 12:56:37.974 W/InputMethodManagerService( 1357): at java.lang.reflect.Method.invoke(Native Method)
06-15 12:56:37.974 W/InputMethodManagerService( 1357): at com.android.internal.os.RuntimeInit$MethodAndArgsCaller.run(RuntimeInit.java:548)
06-15 12:56:37.974 W/InputMethodManagerService( 1357): at com.android.internal.os.ZygoteInit.main(ZygoteInit.java:987)
06-15 12:56:37.974 I/[ 7213.334123] binder( 0): 1357:1357 transaction failed 29189/-22, size 108-0 line 3071
06-15 12:56:37.974 I/[ 7213.334918] binder( 0): 1357:1357 transaction failed 29189/-22, size 108-0 line 3071
06-15 12:56:37.977 W/ActivityManager( 1357): Scheduling restart of crashed service com.baidu.input/.ImeService in 1000ms for connection
06-15 12:56:37.979 W/ActivityManager( 1357): setHasOverlayUi called on unknown pid: 4077
06-15 12:56:37.995 I/[ 7213.353166] oom_reaper( 0): reaped process 31058 (downloader:live), now anon-rss:0kB, file-rss:260kB, shmem-rss:524kB
06-15 12:56:38.008 I/ActivityManager( 1357): Process com.tencent.android.qqdownloader:live (pid 31058) has died: vis BFGS
06-15 12:56:38.010 W/ActivityManager( 1357): Scheduling restart of crashed service com.tencent.android.qqdownloader/com.tencent.assistant.syscomponent.MediaRouteProviderService2 in 39884ms for connection
06-15 12:56:38.020 E/MR2ProviderSvcProxy( 1357): updateDiscoveryPreference: Failed to deliver request.
06-15 12:56:38.047 I/[ 7213.399911] oom_reaper( 0): reaped process 13264 (:xg_vip_service), now anon-rss:0kB, file-rss:0kB, shmem-rss:428kB
06-15 12:56:38.051 I/ActivityManager( 1357): Process com.tencent.tmgp.sgame:xg_vip_service (pid 13264) has died: vis BTOP
06-15 12:56:38.053 W/ActivityManager( 1357): Scheduling restart of crashed service com.tencent.tmgp.sgame/com.tencent.android.tpush.service.XGVipPushService in 49841ms for connection
06-15 12:56:38.219 I/[ 7213.577646] oom_reaper( 0): reaped process 2906 (droid.launcher3), now anon-rss:0kB, file-rss:7516kB, shmem-rss:1376kB
06-15 12:56:38.224 I/ActivityManager( 1357): Process com.android.launcher3 (pid 2906) has died: vis BFGS
06-15 12:56:38.225 I/WindowManager( 1357): WIN DEATH: Window{55eaa00 u0 com.android.launcher3/com.android.launcher3.uioverrides.QuickstepLauncher}
06-15 12:56:38.228 W/ActivityManager( 1357): Scheduling restart of crashed service com.android.launcher3/com.android.quickstep.TouchInteractionService in 59666ms for connection
06-15 12:56:38.230 W/ActivityManager( 1357): setHasOverlayUi called on unknown pid: 2906
06-15 12:56:38.230 W/UsageStatsService( 1357): Unexpected activity event reported! (com.android.launcher3/com.android.launcher3.uioverrides.QuickstepLauncher event : 23 instanceId : 193432953)
06-15 12:56:38.291 I/[ 7213.649971] oom_reaper( 0): reaped process 3606 (omm.location.XT), now anon-rss:0kB, file-rss:0kB, shmem-rss:428kB
06-15 12:56:38.292 I/ActivityManager( 1357): Process com.qualcomm.location.XT (pid 3606) has died: vis IMPF
06-15 12:56:38.300 W/ActivityManager( 1357): Scheduling restart of crashed service com.qualcomm.location.XT/.XTSrv in 59594ms for connection
06-15 12:56:38.339 I/[ 7213.697618] oom_reaper( 0): reaped process 7624 (eme:pushservice), now anon-rss:0kB, file-rss:1976kB, shmem-rss:844kB
06-15 12:56:38.345 I/[ 7213.704355] init( 0): Untracked pid 7881 exited with status 0
06-15 12:56:38.348 I/ActivityManager( 1357): Process com.ss.android.ugc.aweme:pushservice (pid 7624) has died: cch+5 CEM
06-15 12:56:38.368 I/[ 7213.728900] oom_reaper( 0): reaped process 3205 (id.ext.services), now anon-rss:0kB, file-rss:0kB, shmem-rss:456kB
06-15 12:56:38.373 D/CompatibilityChangeReporter( 1357): Compat change id reported: 135634846; UID 10074; state: DISABLED
06-15 12:56:38.373 D/CompatibilityChangeReporter( 1357): Compat change id reported: 177438394; UID 10074; state: DISABLED
06-15 12:56:38.373 D/CompatibilityChangeReporter( 1357): Compat change id reported: 135772972; UID 10074; state: DISABLED
06-15 12:56:38.373 D/CompatibilityChangeReporter( 1357): Compat change id reported: 135754954; UID 10074; state: ENABLED
06-15 12:56:38.373 D/CompatibilityChangeReporter( 1357): Compat change id reported: 143937733; UID 10074; state: ENABLED
06-15 12:56:38.375 D/NotificationAssistants( 1357): Removing active service ComponentInfo{android.ext.services/android.ext.services.notification.Assistant}
06-15 12:56:38.375 D/NotificationListeners( 1357): Removing active service ComponentInfo{android.ext.services/android.ext.services.notification.Assistant}
