06-15 12:56:52.478 W/ ( 0): [ 7227.865935] Normal free:419380kB min:7040kB low:41492kB high:43252kB active_anon:15456kB inactive_anon:138124kB active_file:908636kB inactive_file:3037004kB unevictable:114060kB writepending:260992kB present:5960896kB managed:5799092kB mlocked:114060kB kernel_stack:31360kB pagetables:56724kB bounce:0kB free_pcp:7464kB local_pcp:1348kB free_cma:292136kB
06-15 12:56:52.478 W/[ 7227.865937] lowmem_reserve[]( 0): 0 16384
06-15 12:56:52.478 W/ ( 0): [ 7227.865955] Movable free:1530904kB min:2544kB low:15000kB high:15636kB active_anon:540268kB inactive_anon:1192kB active_file:0kB inactive_file:0kB unevictable:748kB writepending:0kB present:2097152kB managed:2097152kB mlocked:748kB kernel_stack:0kB pagetables:0kB bounce:0kB free_pcp:2928kB local_pcp:16kB free_cma:0kB
06-15 12:56:52.478 W/[ 7227.865963] lowmem_reserve[]( 0): 0 0
06-15 12:56:52.478 W/[ 7227.865967] Normal( 0): 3083*4kB (UECH) 2581*8kB (UMECH) 1357*16kB (UMECH) 387*32kB (UMECH) 639*64kB (UMECH) 144*128kB (UMCH) 65*256kB (CH) 36*512kB (CH) 32*1024kB (CH) 20*2048kB (C) 45*4096kB (C) = 419524kB
06-15 12:56:52.478 W/[ 7227.866003] Movable( 0): 21118*4kB (M) 18823*8kB (M) 14108*16kB (M) 9465*32kB (M) 5157*64kB (M) 2046*128kB (M) 395*256kB (M) 59*512kB (M) 15*1024kB (M) 8*2048kB (M) 3*4096kB (M) = 1530960kB
06-15 12:56:52.478 W/ ( 0): [ 7227.866028] 1035153 total pagecache pages
06-15 12:56:52.478 W/ ( 0): [ 7227.866035] 17614 pages in swap cache
06-15 12:56:52.478 W/ ( 0): [ 7227.866038] Swap cache stats: add 345316, delete 327726, find 135286/300556
06-15 12:56:52.478 W/ ( 0): [ 7227.866039] Free swap = 4057460kB
06-15 12:56:52.478 W/ ( 0): [ 7227.866041] Total swap = 4194300kB
06-15 12:56:52.478 W/ ( 0): [ 7227.866060] 2014512 pages RAM
06-15 12:56:52.478 W/ ( 0): [ 7227.866061] 0 pages HighMem/MovableOnly
06-15 12:56:52.478 W/ ( 0): [ 7227.866062] 40451 pages reserved
06-15 12:56:52.478 W/ ( 0): [ 7227.866063] 89088 pages cma reserved
06-15 12:56:52.478 I/[ 7227.866084] cma( 0): cma-0 pages: => 0 used of 4096 total pages
06-15 12:56:52.478 I/[ 7227.866090] cma( 0): cma-1 pages: => 722 used of 8192 total pages
06-15 12:56:52.478 I/[ 7227.866094] cma( 0): cma-2 pages: => 0 used of 4096 total pages
06-15 12:56:52.478 I/[ 7227.866108] cma( 0): cma-3 pages: => 0 used of 41984 total pages
06-15 12:56:52.478 I/[ 7227.866111] cma( 0): cma-4 pages: => 3810 used of 5120 total pages
06-15 12:56:52.478 I/[ 7227.866116] cma( 0): cma-5 pages: => 9851 used of 10240 total pages
06-15 12:56:52.478 I/[ 7227.866119] cma( 0): cma-6 pages: => 0 used of 4096 total pages
06-15 12:56:52.479 I/[ 7227.866121] cma( 0): cma-7 pages: => 768 used of 1024 total pages
06-15 12:56:52.479 I/[ 7227.866125] cma( 0): cma-8 pages: => 203 used of 5120 total pages
06-15 12:56:52.479 I/[ 7227.866127] cma( 0): cma-9 pages: => 0 used of 2048 total pages
06-15 12:56:52.479 I/[ 7227.866131] cma( 0): cma-10 pages: => 512 used of 3072 total pages
06-15 12:56:52.518 I/[ 7227.906307] oom_reaper( 0): reaped process 17233 (droid.launcher3), now anon-rss:0kB, file-rss:0kB, shmem-rss:380kB
06-15 12:56:52.518 I/ActivityManager( 1357): Process com.android.launcher3 (pid 17233) has died: fg TOP
06-15 12:56:52.519 W/ActivityManager( 1357): Scheduling restart of crashed service com.android.launcher3/com.android.quickstep.TouchInteractionService in 4973723648ms for connection
06-15 12:56:52.520 D/CompatibilityChangeReporter( 1357): Compat change id reported: 135634846; UID 10074; state: DISABLED
06-15 12:56:52.520 D/CompatibilityChangeReporter( 1357): Compat change id reported: 177438394; UID 10074; state: DISABLED
06-15 12:56:52.520 D/CompatibilityChangeReporter( 1357): Compat change id reported: 135772972; UID 10074; state: DISABLED
06-15 12:56:52.520 D/CompatibilityChangeReporter( 1357): Compat change id reported: 135754954; UID 10074; state: ENABLED
06-15 12:56:52.520 D/CompatibilityChangeReporter( 1357): Compat change id reported: 143937733; UID 10074; state: ENABLED
06-15 12:56:52.525 I/ActivityManager( 1357): Start proc 17252:com.android.launcher3/u0a74 for top-activity {com.android.launcher3/com.android.launcher3.uioverrides.QuickstepLauncher}
06-15 12:56:52.534 I/[ 7227.922825] binder( 0): 17252:17252 ioctl 40046210 7fcde88de4 returned -22
06-15 12:56:52.552 W/[ 7227.936555] Mem-Info( 0):
06-15 12:56:52.553 W/[ 7227.936573] active_anon( 0): 138864 inactive_anon:34829 isolated_anon:0
06-15 12:56:52.553 W/[ 7227.936573] active_file( 0): 227159 inactive_file:759252 isolated_file:0
06-15 12:56:52.553 W/[ 7227.936573] unevictable( 0): 28702 dirty:65250 writeback:0 unstable:0
06-15 12:56:52.553 W/[ 7227.936573] slab_reclaimable( 0): 28171 slab_unreclaimable:45512
06-15 12:56:52.553 W/[ 7227.936573] mapped( 0): 58835 shmem:2795 pagetables:14164 bounce:0
06-15 12:56:52.555 W/[ 7227.936573] free( 0): 487622 free_pcp:2588 free_cma:73034
06-15 12:56:52.560 W/ ( 0): [ 7227.936582] Node 0 active_anon:555456kB inactive_anon:139316kB active_file:908636kB inactive_file:3037008kB unevictable:114808kB isolated(anon):0kB isolated(file):0kB mapped:235340kB dirty:261000kB writeback:0kB shmem:11180kB writeback_tmp:0kB unstable:0kB all_unreclaimable? no
06-15 12:56:52.560 W/ ( 0): [ 7227.936594] Normal free:419584kB min:7040kB low:41492kB high:43252kB active_anon:15084kB inactive_anon:138124kB active_file:908636kB inactive_file:3037008kB unevictable:114060kB writepending:261000kB present:5960896kB managed:5799092kB mlocked:114060kB kernel_stack:31344kB pagetables:56656kB bounce:0kB free_pcp:7572kB local_pcp:1460kB free_cma:292136kB
06-15 12:56:52.560 W/[ 7227.936596] lowmem_reserve[]( 0): 0 16384
06-15 12:56:52.561 W/ ( 0): [ 7227.936611] Movable free:1530904kB min:2544kB low:15000kB high:15636kB active_anon:540340kB inactive_anon:1192kB active_file:0kB inactive_file:0kB unevictable:748kB writepending:0kB present:2097152kB managed:2097152kB mlocked:748kB kernel_stack:0kB pagetables:0kB bounce:0kB free_pcp:2780kB local_pcp:16kB free_cma:0kB
06-15 12:56:52.561 W/[ 7227.936615] lowmem_reserve[]( 0): 0 0
06-15 12:56:52.561 W/[ 7227.936696] Normal( 0): 3124*4kB (UMECH) 2592*8kB (UMECH) 1357*16kB (UMECH) 387*32kB (UMECH) 639*64kB (UMECH) 144*128kB (UMCH) 65*256kB (CH) 36*512kB (CH) 32*1024kB (CH) 20*2048kB (C) 45*4096kB (C) = 419776kB
06-15 12:56:52.561 W/[ 7227.936873] Movable( 0): 21118*4kB (M) 18823*8kB (M) 14108*16kB (M) 9465*32kB (M) 5157*64kB (M) 2046*128kB (M) 395*256kB (M) 59*512kB (M) 15*1024kB (M) 8*2048kB (M) 3*4096kB (M) = 1530960kB
06-15 12:56:52.561 W/ ( 0): [ 7227.936939] 1035155 total pagecache pages
06-15 12:56:52.561 W/ ( 0): [ 7227.936973] 17614 pages in swap cache
06-15 12:56:52.561 W/ ( 0): [ 7227.936977] Swap cache stats: add 345316, delete 327726, find 135313/300583
06-15 12:56:52.561 W/ ( 0): [ 7227.936979] Free swap = 4057460kB
06-15 12:56:52.561 W/ ( 0): [ 7227.936981] Total swap = 4194300kB
06-15 12:56:52.561 W/ ( 0): [ 7227.936984] 2014512 pages RAM
06-15 12:56:52.561 W/ ( 0): [ 7227.936986] 0 pages HighMem/MovableOnly
06-15 12:56:52.561 W/ ( 0): [ 7227.936987] 40451 pages reserved
06-15 12:56:52.561 W/ ( 0): [ 7227.936990] 89088 pages cma reserved
06-15 12:56:52.561 I/[ 7227.936996] cma( 0): cma-0 pages: => 0 used of 4096 total pages
06-15 12:56:52.561 I/[ 7227.937003] cma( 0): cma-1 pages: => 722 used of 8192 total pages
06-15 12:56:52.561 I/[ 7227.937100] cma( 0): cma-2 pages: => 0 used of 4096 total pages
06-15 12:56:52.561 I/[ 7227.937224] cma( 0): cma-3 pages: => 0 used of 41984 total pages
06-15 12:56:52.561 I/[ 7227.937235] cma( 0): cma-4 pages: => 3810 used of 5120 total pages
06-15 12:56:52.561 I/[ 7227.937249] cma( 0): cma-5 pages: => 9851 used of 10240 total pages
06-15 12:56:52.561 I/[ 7227.937376] cma( 0): cma-6 pages: => 0 used of 4096 total pages
06-15 12:56:52.561 I/[ 7227.937433] cma( 0): cma-7 pages: => 768 used of 1024 total pages
06-15 12:56:52.561 I/[ 7227.937482] cma( 0): cma-8 pages: => 203 used of 5120 total pages
06-15 12:56:52.561 I/[ 7227.937543] cma( 0): cma-9 pages: => 0 used of 2048 total pages
06-15 12:56:52.561 I/[ 7227.937659] cma( 0): cma-10 pages: => 512 used of 3072 total pages
06-15 12:56:52.578 I/[ 7227.966473] oom_reaper( 0): reaped process 17253 (Runtime worker ), now anon-rss:0kB, file-rss:0kB, shmem-rss:380kB
06-15 12:56:52.578 I/ActivityManager( 1357): Process com.android.launcher3 (pid 17252) has died: fg TOP
06-15 12:56:52.579 W/ActivityManager( 1357): Scheduling restart of crashed service com.android.launcher3/com.android.quickstep.TouchInteractionService in 19894894592ms for connection
06-15 12:56:52.582 D/CompatibilityChangeReporter( 1357): Compat change id reported: 135634846; UID 10074; state: DISABLED
06-15 12:56:52.582 D/CompatibilityChangeReporter( 1357): Compat change id reported: 177438394; UID 10074; state: DISABLED
06-15 12:56:52.582 D/CompatibilityChangeReporter( 1357): Compat change id reported: 135772972; UID 10074; state: DISABLED
06-15 12:56:52.582 D/CompatibilityChangeReporter( 1357): Compat change id reported: 135754954; UID 10074; state: ENABLED
06-15 12:56:52.582 D/CompatibilityChangeReporter( 1357): Compat change id reported: 143937733; UID 10074; state: ENABLED
06-15 12:56:52.587 I/ActivityManager( 1357): Start proc 17270:com.android.launcher3/u0a74 for top-activity {com.android.launcher3/com.android.launcher3.uioverrides.QuickstepLauncher}
06-15 12:56:52.596 I/[ 7227.984877] binder( 0): 17270:17270 ioctl 40046210 7fcde88de4 returned -22
06-15 12:56:52.658 I/[ 7228.044301] oom_reaper( 0): reaped process 17270 (droid.launcher3), now anon-rss:0kB, file-rss:0kB, shmem-rss:380kB
06-15 12:56:52.662 I/[ 7228.052146] binder( 0): undelivered TRANSACTION_COMPLETE
06-15 12:56:52.662 I/ActivityManager( 1357): Process com.android.launcher3 (pid 17270) has died: fg TOP
06-15 12:56:52.664 W/ActivityManager( 1357): Scheduling restart of crashed service com.android.launcher3/com.android.quickstep.TouchInteractionService in 79579578368ms for connection
06-15 12:56:52.670 D/CompatibilityChangeReporter( 1357): Compat change id reported: 135634846; UID 10074; state: DISABLED
06-15 12:56:52.670 D/CompatibilityChangeReporter( 1357): Compat change id reported: 177438394; UID 10074; state: DISABLED
06-15 12:56:52.670 D/CompatibilityChangeReporter( 1357): Compat change id reported: 135772972; UID 10074; state: DISABLED
06-15 12:56:52.670 D/CompatibilityChangeReporter( 1357): Compat change id reported: 135754954; UID 10074; state: ENABLED
06-15 12:56:52.670 D/CompatibilityChangeReporter( 1357): Compat change id reported: 143937733; UID 10074; state: ENABLED
06-15 12:56:52.676 I/ActivityManager( 1357): Start proc 17288:com.android.launcher3/u0a74 for top-activity {com.android.launcher3/com.android.launcher3.uioverrides.QuickstepLauncher}
06-15 12:56:52.694 I/[ 7228.080908] binder( 0): 17288:17288 ioctl 40046210 7fcde88de4 returned -22
06-15 12:56:52.742 I/[ 7228.128169] oom_reaper( 0): reaped process 17288 (droid.launcher3), now anon-rss:0kB, file-rss:0kB, shmem-rss:380kB
06-15 12:56:52.740 I/ActivityManager( 1357): Process com.android.launcher3 (pid 17288) has died: fg TOP
06-15 12:56:52.742 W/ActivityManager( 1357): Scheduling restart of crashed service com.android.launcher3/com.android.quickstep.TouchInteractionService in 318318313472ms for connection
06-15 12:56:52.746 D/CompatibilityChangeReporter( 1357): Compat change id reported: 135634846; UID 10074; state: DISABLED
06-15 12:56:52.746 D/CompatibilityChangeReporter( 1357): Compat change id reported: 177438394; UID 10074; state: DISABLED
06-15 12:56:52.746 D/CompatibilityChangeReporter( 1357): Compat change id reported: 135772972; UID 10074; state: DISABLED
06-15 12:56:52.746 D/CompatibilityChangeReporter( 1357): Compat change id reported: 135754954; UID 10074; state: ENABLED
06-15 12:56:52.746 D/CompatibilityChangeReporter( 1357): Compat change id reported: 143937733; UID 10074; state: ENABLED
06-15 12:56:52.751 I/ActivityManager( 1357): Start proc 17306:com.android.launcher3/u0a74 for top-activity {com.android.launcher3/com.android.launcher3.uioverrides.QuickstepLauncher}
06-15 12:56:52.762 I/[ 7228.150175] binder( 0): 17306:17306 ioctl 40046210 7fcde88de4 returned -22
06-15 12:56:52.799 I/[ 7228.188265] oom_reaper( 0): reaped process 17306 (droid.launcher3), now anon-rss:0kB, file-rss:0kB, shmem-rss:380kB
06-15 12:56:52.799 I/[ 7228.189501] binder_alloc( 0): 17306: binder_alloc_buf, no vma
06-15 12:56:52.799 I/[ 7228.189508] binder( 0): 1357:6926 transaction failed 29189/-3, size 8-0 line 3240
06-15 12:56:52.799 I/[ 7228.189524] binder( 0): send failed reply for transaction 6744191 to 17306:17306
06-15 12:56:52.802 I/[ 7228.192111] binder( 0): undelivered TRANSACTION_COMPLETE
06-15 12:56:52.802 I/[ 7228.192112] binder( 0): undelivered TRANSACTION_ERROR: 29189
06-15 12:56:52.802 I/ActivityManager( 1357): Process com.android.launcher3 (pid 17306) has died: fg TOP
06-15 12:56:52.803 W/ActivityManager( 1357): Scheduling restart of crashed service com.android.launcher3/com.android.quickstep.TouchInteractionService in 1273273253888ms for connection
06-15 12:56:52.807 D/CompatibilityChangeReporter( 1357): Compat change id reported: 135634846; UID 10074; state: DISABLED
06-15 12:56:52.807 D/CompatibilityChangeReporter( 1357): Compat change id reported: 177438394; UID 10074; state: DISABLED
06-15 12:56:52.807 D/CompatibilityChangeReporter( 1357): Compat change id reported: 135772972; UID 10074; state: DISABLED
06-15 12:56:52.807 D/CompatibilityChangeReporter( 1357): Compat change id reported: 135754954; UID 10074; state: ENABLED
06-15 12:56:52.807 D/CompatibilityChangeReporter( 1357): Compat change id reported: 143937733; UID 10074; state: ENABLED
06-15 12:56:52.812 I/ActivityManager( 1357): Start proc 17323:com.android.launcher3/u0a74 for top-activity {com.android.launcher3/com.android.launcher3.uioverrides.QuickstepLauncher}
06-15 12:56:52.822 I/[ 7228.211419] binder( 0): 17323:17323 ioctl 40046210 7fcde88de4 returned -22
06-15 12:56:52.878 I/[ 7228.267624] oom_reaper( 0): reaped process 17323 (droid.launcher3), now anon-rss:0kB, file-rss:0kB, shmem-rss:380kB
06-15 12:56:52.879 I/ActivityManager( 1357): Process com.android.launcher3 (pid 17323) has died: fg TOP
06-15 12:56:52.881 W/ActivityManager( 1357): Scheduling restart of crashed service com.android.launcher3/com.android.quickstep.TouchInteractionService in 5093093015552ms for connection
06-15 12:56:52.885 D/CompatibilityChangeReporter( 1357): Compat change id reported: 135634846; UID 10074; state: DISABLED
06-15 12:56:52.885 D/CompatibilityChangeReporter( 1357): Compat change id reported: 177438394; UID 10074; state: DISABLED
06-15 12:56:52.885 D/CompatibilityChangeReporter( 1357): Compat change id reported: 135772972; UID 10074; state: DISABLED
06-15 12:56:52.885 D/CompatibilityChangeReporter( 1357): Compat change id reported: 135754954; UID 10074; state: ENABLED
06-15 12:56:52.885 D/CompatibilityChangeReporter( 1357): Compat change id reported: 143937733; UID 10074; state: ENABLED
06-15 12:56:52.893 I/ActivityManager( 1357): Start proc 17341:com.android.launcher3/u0a74 for top-activity {com.android.launcher3/com.android.launcher3.uioverrides.QuickstepLauncher}
06-15 12:56:52.906 I/[ 7228.294978] binder( 0): 17341:17341 ioctl 40046210 7fcde88de4 returned -22
06-15 12:56:52.955 I/[ 7228.345468] oom_reaper( 0): reaped process 17341 (droid.launcher3), now anon-rss:0kB, file-rss:0kB, shmem-rss:380kB
06-15 12:56:52.958 I/ActivityManager( 1357): Process com.android.launcher3 (pid 17341) has died: fg TOP
06-15 12:56:52.958 W/ActivityManager( 1357): Scheduling restart of crashed service com.android.launcher3/com.android.quickstep.TouchInteractionService in 20372372062208ms for connection
06-15 12:56:52.960 D/CompatibilityChangeReporter( 1357): Compat change id reported: 135634846; UID 10074; state: DISABLED
06-15 12:56:52.960 D/CompatibilityChangeReporter( 1357): Compat change id reported: 177438394; UID 10074; state: DISABLED
06-15 12:56:52.960 D/CompatibilityChangeReporter( 1357): Compat change id reported: 135772972; UID 10074; state: DISABLED
06-15 12:56:52.960 D/CompatibilityChangeReporter( 1357): Compat change id reported: 135754954; UID 10074; state: ENABLED
06-15 12:56:52.960 D/CompatibilityChangeReporter( 1357): Compat change id reported: 143937733; UID 10074; state: ENABLED
06-15 12:56:52.964 I/ActivityManager( 1357): Start proc 17358:com.android.launcher3/u0a74 for top-activity {com.android.launcher3/com.android.launcher3.uioverrides.QuickstepLauncher}
06-15 12:56:52.974 I/[ 7228.363812] binder( 0): 17358:17358 ioctl 40046210 7fcde88de4 returned -22
06-15 12:56:53.010 D/PowerManagerService( 1357): userActivityNoUpdateLocked: groupId=0, eventTime=7228399, event=0, flags=0x0, uid=1000
06-15 12:56:53.011 D/PowerManagerNotifier( 1357): onUserActivity: event=0, uid=1000
06-15 12:56:53.012 D/PowerManagerService( 1357): updateUserActivitySummaryLocked: groupId=0, mWakefulness=Awake, mUserActivitySummary=0x1, nextTimeout=7288399 (in 59997 ms)
06-15 12:56:53.012 D/PowerManagerNotifier( 1357): onScreenPolicyUpdate: newPolicy=3
06-15 12:56:53.013 D/PowerManagerService( 1357): updateDisplayPowerStateLocked: displayReady=true, groupId=0, policy=BRIGHT, mWakefulness=Awake, mWakeLockSummary=0x0, mUserActivitySummary=0x1, mBootCompleted=true, screenBrightnessOverride=NaN, useAutoBrightness=true, mScreenBrightnessBoostInProgress=false, mIsVrModeEnabled= false, sQuiescent=false
06-15 12:56:53.030 I/[ 7228.419171] oom_reaper( 0): reaped process 17358 (droid.launcher3), now anon-rss:0kB, file-rss:0kB, shmem-rss:380kB
06-15 12:56:53.034 I/[ 7228.420671] binder_alloc( 0): 17358: binder_alloc_buf, no vma
06-15 12:56:53.034 I/[ 7228.420675] binder( 0): 1357:6926 transaction failed 29189/-3, size 1224-0 line 3240
06-15 12:56:53.034 I/[ 7228.420788] binder( 0): send failed reply for transaction 6744514 to 17358:17358
06-15 12:56:53.034 I/[ 7228.424098] binder( 0): undelivered TRANSACTION_COMPLETE
06-15 12:56:53.034 I/[ 7228.424099] binder( 0): undelivered TRANSACTION_ERROR: 29189
06-15 12:56:53.034 I/ActivityManager( 1357): Process com.android.launcher3 (pid 17358) has died: fg TOP
06-15 12:56:53.034 W/ActivityManager( 1357): Scheduling restart of crashed service com.android.launcher3/com.android.quickstep.TouchInteractionService in 81489488248832ms for connection
06-15 12:56:53.036 D/CompatibilityChangeReporter( 1357): Compat change id reported: 135634846; UID 10074; state: DISABLED
06-15 12:56:53.036 D/CompatibilityChangeReporter( 1357): Compat change id reported: 177438394; UID 10074; state: DISABLED
06-15 12:56:53.036 D/CompatibilityChangeReporter( 1357): Compat change id reported: 135772972; UID 10074; state: DISABLED
06-15 12:56:53.036 D/CompatibilityChangeReporter( 1357): Compat change id reported: 135754954; UID 10074; state: ENABLED
06-15 12:56:53.036 D/CompatibilityChangeReporter( 1357): Compat change id reported: 143937733; UID 10074; state: ENABLED
06-15 12:56:53.040 I/ActivityManager( 1357): Start proc 17376:com.android.launcher3/u0a74 for top-activity {com.android.launcher3/com.android.launcher3.uioverrides.QuickstepLauncher}
06-15 12:56:53.054 I/[ 7228.442443] binder( 0): 17376:17376 ioctl 40046210 7fcde88de4 returned -22
06-15 12:56:53.093 I/ActivityManager( 1357): Process com.android.launcher3 (pid 17376) has died: fg TOP
06-15 12:56:53.094 W/ActivityManager( 1357): Scheduling restart of crashed service com.android.launcher3/com.android.quickstep.TouchInteractionService in 325957952995328ms for connection
06-15 12:56:53.095 I/[ 7228.481015] oom_reaper( 0): reaped process 17376 (droid.launcher3), now anon-rss:0kB, file-rss:0kB, shmem-rss:380kB
06-15 12:56:53.098 D/CompatibilityChangeReporter( 1357): Compat change id reported: 135634846; UID 10074; state: DISABLED
06-15 12:56:53.098 D/CompatibilityChangeReporter( 1357): Compat change id reported: 177438394; UID 10074; state: DISABLED
06-15 12:56:53.099 D/CompatibilityChangeReporter( 1357): Compat change id reported: 135772972; UID 10074; state: DISABLED
06-15 12:56:53.099 D/CompatibilityChangeReporter( 1357): Compat change id reported: 135754954; UID 10074; state: ENABLED
06-15 12:56:53.099 D/CompatibilityChangeReporter( 1357): Compat change id reported: 143937733; UID 10074; state: ENABLED
06-15 12:56:53.105 I/ActivityManager( 1357): Start proc 17393:com.android.launcher3/u0a74 for top-activity {com.android.launcher3/com.android.launcher3.uioverrides.QuickstepLauncher} --------- beginning of main
06-15 12:56:53.116 I/adbd ( 6513): jdwp connection from 17393
06-15 12:56:53.118 I/[ 7228.506786] binder( 0): 17393:17393 ioctl 40046210 7fcde88de4 returned -22
06-15 12:56:53.116 D/ProcessState(17393): Binder ioctl to enable oneway spam detection failed: Invalid argument
06-15 12:56:53.123 D/CompatibilityInfo( 1357): mCompatibilityFlags - 4
06-15 12:56:53.123 D/CompatibilityInfo( 1357): applicationDensity - 240
06-15 12:56:53.123 D/CompatibilityInfo( 1357): applicationScale - 1.0
06-15 12:56:53.124 D/CompatibilityInfo( 1357): mCompatibilityFlags - 4
06-15 12:56:53.124 D/CompatibilityInfo( 1357): applicationDensity - 240
06-15 12:56:53.124 D/CompatibilityInfo( 1357): applicationScale - 1.0
06-15 12:56:53.127 D/CompatibilityChangeReporter(17393): Compat change id reported: 171979766; UID 10074; state: ENABLED
06-15 12:56:53.128 E/ANDR-PERF-UTIL( 852): Failed to update node /proc/16790/sched_boost with value 0
06-15 12:56:53.128 E/ANDR-PERF-OPTSHANDLER( 852): can't reset task 16790
06-15 12:56:53.128 E/ANDR-PERF-RESOURCEQS( 852): Failed to reset optimization [3, 32]
06-15 12:56:53.131 D/CompatibilityInfo( 1357): mCompatibilityFlags - 4
06-15 12:56:53.131 D/CompatibilityInfo( 1357): applicationDensity - 240
06-15 12:56:53.131 D/CompatibilityInfo( 1357): applicationScale - 1.0
06-15 12:56:53.137 I/Perf (17393): Connecting to perf service.
06-15 12:56:53.143 I/lowmemorykiller( 515): Kill 'com.android.launcher3' (17393), uid 10074, oom_score_adj 0 to free 71232kB rss, 2544kb swap
06-15 12:56:53.143 I/lowmemorykiller( 515): Reclaimed 71232kB at oom_score_adj 0
06-15 12:56:53.143 I/lowmemorykiller( 515): Suppressed 4 failed kill reports
06-15 12:56:53.182 I/[ 7228.570788] oom_reaper( 0): reaped process 17393 (droid.launcher3), now anon-rss:0kB, file-rss:0kB, shmem-rss:380kB
06-15 12:56:53.182 I/Zygote ( 687): Process 17393 exited due to signal 9 (Killed)
06-15 12:56:53.185 I/vendor.qti.bluetooth@1.0-ibs_handler( 817): ProcessIbsCmd: Received IBS_SLEEP_IND: 0xFE
06-15 12:56:53.185 D/vendor.qti.bluetooth@1.0-ibs_handler( 817): SerialClockVote: vote for UART CLK OFF
06-15 12:56:53.187 I/[ 7228.576103] binder( 0): undelivered TRANSACTION_COMPLETE
06-15 12:56:53.186 I/ActivityManager( 1357): Process com.android.launcher3 (pid 17393) has died: fg TOP
06-15 12:56:53.187 W/[ 7228.576105] binder_cleanup_transaction( 0): 8 callbacks suppressed
06-15 12:56:53.186 I/libprocessgroup( 1357): Successfully killed process cgroup uid 10074 pid 17393 in 0ms
06-15 12:56:53.187 I/[ 7228.576106] binder( 0): undelivered transaction 6744777, process died.
06-15 12:56:53.189 W/ActivityManager( 1357): Scheduling restart of crashed service com.android.launcher3/com.android.quickstep.TouchInteractionService in 1303831811981312ms for connection
06-15 12:56:53.193 D/CompatibilityInfo( 1357): mCompatibilityFlags - 4
06-15 12:56:53.193 D/CompatibilityInfo( 1357): applicationDensity - 240
06-15 12:56:53.193 D/CompatibilityInfo( 1357): applicationScale - 1.0
06-15 12:56:53.194 D/CompatibilityChangeReporter( 1357): Compat change id reported: 135634846; UID 10074; state: DISABLED
06-15 12:56:53.194 D/CompatibilityChangeReporter( 1357): Compat change id reported: 177438394; UID 10074; state: DISABLED
06-15 12:56:53.194 D/CompatibilityChangeReporter( 1357): Compat change id reported: 135772972; UID 10074; state: DISABLED
06-15 12:56:53.194 D/CompatibilityChangeReporter( 1357): Compat change id reported: 135754954; UID 10074; state: ENABLED
06-15 12:56:53.195 D/CompatibilityChangeReporter( 1357): Compat change id reported: 143937733; UID 10074; state: ENABLED
06-15 12:56:53.202 D/Zygote ( 687): Forked child process 17412
06-15 12:56:53.202 I/ActivityManager( 1357): Start proc 17412:com.android.launcher3/u0a74 for top-activity {com.android.launcher3/com.android.launcher3.uioverrides.QuickstepLauncher}
06-15 12:56:53.206 I/Zygote (17412): seccomp disabled by setenforce 0
06-15 12:56:53.210 E/ANDR-PERF-UTIL( 852): Failed to update node /proc/16840/sched_boost with value 0
06-15 12:56:53.210 E/ANDR-PERF-OPTSHANDLER( 852): can't reset task 16840
06-15 12:56:53.210 E/ANDR-PERF-RESOURCEQS( 852): Failed to reset optimization [3, 32]
06-15 12:56:53.216 I/adbd ( 6513): jdwp connection from 17412
06-15 12:56:53.217 D/ProcessState(17412): Binder ioctl to enable oneway spam detection failed: Invalid argument
06-15 12:56:53.218 I/[ 7228.607860] binder( 0): 17412:17412 ioctl 40046210 7fcde88de4 returned -22
06-15 12:56:53.225 D/CompatibilityInfo( 1357): mCompatibilityFlags - 4
06-15 12:56:53.225 D/CompatibilityInfo( 1357): applicationDensity - 240
06-15 12:56:53.225 D/CompatibilityInfo( 1357): applicationScale - 1.0
06-15 12:56:53.227 D/CompatibilityInfo( 1357): mCompatibilityFlags - 4
06-15 12:56:53.227 D/CompatibilityInfo( 1357): applicationDensity - 240
06-15 12:56:53.227 D/CompatibilityInfo( 1357): applicationScale - 1.0
06-15 12:56:53.230 D/CompatibilityChangeReporter(17412): Compat change id reported: 171979766; UID 10074; state: ENABLED
06-15 12:56:53.231 D/CompatibilityInfo( 1357): mCompatibilityFlags - 4
06-15 12:56:53.231 D/CompatibilityInfo( 1357): applicationDensity - 240
06-15 12:56:53.231 D/CompatibilityInfo( 1357): applicationScale - 1.0
06-15 12:56:53.242 I/lowmemorykiller( 515): Kill 'com.android.launcher3' (17412), uid 10074, oom_score_adj 0 to free 71200kB rss, 2544kb swap
06-15 12:56:53.242 I/lowmemorykiller( 515): Reclaimed 71200kB at oom_score_adj 0
06-15 12:56:53.242 I/lowmemorykiller( 515): Suppressed 4 failed kill reports
06-15 12:56:53.276 I/[ 7228.666547] oom_reaper( 0): reaped process 17412 (droid.launcher3), now anon-rss:0kB, file-rss:0kB, shmem-rss:380kB
06-15 12:56:53.276 E/ANDR-PERF-UTIL( 852): Failed to update node /proc/16875/sched_boost with value 0
06-15 12:56:53.276 E/ANDR-PERF-OPTSHANDLER( 852): can't reset task 16875
06-15 12:56:53.276 E/ANDR-PERF-RESOURCEQS( 852): Failed to reset optimization [3, 32]
06-15 12:56:53.278 I/ActivityManager( 1357): Process com.android.launcher3 (pid 17412) has died: fg TOP
06-15 12:56:53.278 I/Zygote ( 687): Process 17412 exited due to signal 9 (Killed)
06-15 12:56:53.278 I/libprocessgroup( 1357): Successfully killed process cgroup uid 10074 pid 17412 in 0ms
06-15 12:56:53.278 W/ActivityManager( 1357): Scheduling restart of crashed service com.android.launcher3/com.android.quickstep.TouchInteractionService in 5215327247925248ms for connection
06-15 12:56:53.279 D/CompatibilityInfo( 1357): mCompatibilityFlags - 4
06-15 12:56:53.279 D/CompatibilityInfo( 1357): applicationDensity - 240
06-15 12:56:53.279 D/CompatibilityInfo( 1357): applicationScale - 1.0
06-15 12:56:53.280 D/CompatibilityChangeReporter( 1357): Compat change id reported: 135634846; UID 10074; state: DISABLED
06-15 12:56:53.280 D/CompatibilityChangeReporter( 1357): Compat change id reported: 177438394; UID 10074; state: DISABLED
06-15 12:56:53.280 D/CompatibilityChangeReporter( 1357): Compat change id reported: 135772972; UID 10074; state: DISABLED
06-15 12:56:53.280 D/CompatibilityChangeReporter( 1357): Compat change id reported: 135754954; UID 10074; state: ENABLED
06-15 12:56:53.280 D/CompatibilityChangeReporter( 1357): Compat change id reported: 143937733; UID 10074; state: ENABLED
06-15 12:56:53.284 D/Zygote ( 687): Forked child process 17430
06-15 12:56:53.285 I/ActivityManager( 1357): Start proc 17430:com.android.launcher3/u0a74 for top-activity {com.android.launcher3/com.android.launcher3.uioverrides.QuickstepLauncher}
06-15 12:56:53.288 I/Zygote (17430): seccomp disabled by setenforce 0
06-15 12:56:53.293 I/adbd ( 6513): jdwp connection from 17430
06-15 12:56:53.294 D/ProcessState(17430): Binder ioctl to enable oneway spam detection failed: Invalid argument
06-15 12:56:53.299 D/CompatibilityInfo( 1357): mCompatibilityFlags - 4
06-15 12:56:53.299 D/CompatibilityInfo( 1357): applicationDensity - 240
06-15 12:56:53.299 D/CompatibilityInfo( 1357): applicationScale - 1.0
06-15 12:56:53.300 D/CompatibilityInfo( 1357): mCompatibilityFlags - 4
06-15 12:56:53.300 D/CompatibilityInfo( 1357): applicationDensity - 240
06-15 12:56:53.300 D/CompatibilityInfo( 1357): applicationScale - 1.0
06-15 12:56:53.301 D/CompatibilityChangeReporter(17430): Compat change id reported: 171979766; UID 10074; state: ENABLED
06-15 12:56:53.302 D/CompatibilityInfo( 1357): mCompatibilityFlags - 4
06-15 12:56:53.302 D/CompatibilityInfo( 1357): applicationDensity - 240
06-15 12:56:53.302 D/CompatibilityInfo( 1357): applicationScale - 1.0
06-15 12:56:53.308 I/lowmemorykiller( 515): proc_get_script: No tasks are found to kill
06-15 12:56:53.308 I/[ 7228.683994] binder( 0): 17430:17430 ioctl 40046210 7fcde88de4 returned -22
06-15 12:56:53.310 I/Perf (17430): Connecting to perf service.
06-15 12:56:53.312 V/GraphicsEnvironment(17430): ANGLE Developer option for 'com.android.launcher3' set to: 'default'
06-15 12:56:53.312 V/GraphicsEnvironment(17430): ANGLE GameManagerService for com.android.launcher3: false
06-15 12:56:53.313 D/NetworkSecurityConfig(17430): No Network Security Config specified, using platform default
06-15 12:56:53.313 D/NetworkSecurityConfig(17430): No Network Security Config specified, using platform default
06-15 12:56:53.320 I/lowmemorykiller( 515): Kill 'com.android.launcher3' (17430), uid 10074, oom_score_adj 0 to free 71228kB rss, 2544kb swap
06-15 12:56:53.320 I/lowmemorykiller( 515): Reclaimed 71228kB at oom_score_adj 0
06-15 12:56:53.320 I/lowmemorykiller( 515): Suppressed 1 failed kill reports
06-15 12:56:53.336 D/vendor.qti.bluetooth@1.0-wake_lock( 817): Release wakelock is released
06-15 12:56:53.362 I/[ 7228.751537] oom_reaper( 0): reaped process 17430 (droid.launcher3), now anon-rss:0kB, file-rss:0kB, shmem-rss:380kB
06-15 12:56:53.363 I/Zygote ( 687): Process 17430 exited due to signal 9 (Killed)
06-15 12:56:53.366 I/ActivityManager( 1357): Process com.android.launcher3 (pid 17430) has died: fg TOP
06-15 12:56:53.366 I/libprocessgroup( 1357): Successfully killed process cgroup uid 10074 pid 17430 in 0ms
06-15 12:56:53.367 W/ActivityManager( 1357): Scheduling restart of crashed service com.android.launcher3/com.android.quickstep.TouchInteractionService in 20861308991700992ms for connection
06-15 12:56:53.369 D/CompatibilityInfo( 1357): mCompatibilityFlags - 4
06-15 12:56:53.369 D/CompatibilityInfo( 1357): applicationDensity - 240
06-15 12:56:53.369 D/CompatibilityInfo( 1357): applicationScale - 1.0
06-15 12:56:53.370 D/CompatibilityChangeReporter( 1357): Compat change id reported: 135634846; UID 10074; state: DISABLED
06-15 12:56:53.370 D/CompatibilityChangeReporter( 1357): Compat change id reported: 177438394; UID 10074; state: DISABLED
06-15 12:56:53.370 D/CompatibilityChangeReporter( 1357): Compat change id reported: 135772972; UID 10074; state: DISABLED
06-15 12:56:53.370 D/CompatibilityChangeReporter( 1357): Compat change id reported: 135754954; UID 10074; state: ENABLED
06-15 12:56:53.370 D/CompatibilityChangeReporter( 1357): Compat change id reported: 143937733; UID 10074; state: ENABLED
06-15 12:56:53.375 D/Zygote ( 687): Forked child process 17449
06-15 12:56:53.375 I/ActivityManager( 1357): Start proc 17449:com.android.launcher3/u0a74 for top-activity {com.android.launcher3/com.android.launcher3.uioverrides.QuickstepLauncher}
06-15 12:56:53.379 I/Zygote (17449): seccomp disabled by setenforce 0
06-15 12:56:53.387 E/ANDR-PERF-UTIL( 852): Failed to update node /proc/16913/sched_boost with value 0
06-15 12:56:53.388 E/ANDR-PERF-OPTSHANDLER( 852): can't reset task 16913
06-15 12:56:53.388 E/ANDR-PERF-RESOURCEQS( 852): Failed to reset optimization [3, 32]
06-15 12:56:53.389 W/[ 7228.775322] audit( 0): audit_lost=16882 audit_rate_limit=5 audit_backlog_limit=64
06-15 12:56:53.389 E/[ 7228.775324] audit( 0): rate limit exceeded
06-15 12:56:53.389 I/adbd ( 6513): jdwp connection from 17449
06-15 12:56:53.390 D/ProcessState(17449): Binder ioctl to enable oneway spam detection failed: Invalid argument
06-15 12:56:53.393 I/[ 7228.780552] binder( 0): 17449:17449 ioctl 40046210 7fcde88de4 returned -22
06-15 12:56:53.398 D/CompatibilityInfo( 1357): mCompatibilityFlags - 4
06-15 12:56:53.398 D/CompatibilityInfo( 1357): applicationDensity - 240
06-15 12:56:53.398 D/CompatibilityInfo( 1357): applicationScale - 1.0
06-15 12:56:53.401 D/CompatibilityInfo( 1357): mCompatibilityFlags - 4
06-15 12:56:53.401 D/CompatibilityInfo( 1357): applicationDensity - 240
06-15 12:56:53.401 D/CompatibilityInfo( 1357): applicationScale - 1.0
06-15 12:56:53.405 D/CompatibilityChangeReporter(17449): Compat change id reported: 171979766; UID 10074; state: ENABLED
06-15 12:56:53.407 D/CompatibilityInfo( 1357): mCompatibilityFlags - 4
06-15 12:56:53.407 D/CompatibilityInfo( 1357): applicationDensity - 240
06-15 12:56:53.407 D/CompatibilityInfo( 1357): applicationScale - 1.0
06-15 12:56:53.414 I/lowmemorykiller( 515): Kill 'com.android.launcher3' (17449), uid 10074, oom_score_adj 0 to free 71200kB rss, 2544kb swap
06-15 12:56:53.414 I/lowmemorykiller( 515): Reclaimed 71200kB at oom_score_adj 0
06-15 12:56:53.414 I/lowmemorykiller( 515): Suppressed 4 failed kill reports
06-15 12:56:53.455 I/Zygote ( 687): Process 17449 exited due to signal 9 (Killed)
06-15 12:56:53.458 I/[ 7228.844113] oom_reaper( 0): reaped process 17449 (droid.launcher3), now anon-rss:0kB, file-rss:0kB, shmem-rss:380kB
06-15 12:56:53.458 I/ActivityManager( 1357): Process com.android.launcher3 (pid 17449) has died: fg TOP
06-15 12:56:53.458 I/libprocessgroup( 1357): Successfully killed process cgroup uid 10074 pid 17449 in 0ms
06-15 12:56:53.459 W/ActivityManager( 1357): Scheduling restart of crashed service com.android.launcher3/com.android.quickstep.TouchInteractionService in 83445235966803968ms for connection
06-15 12:56:53.461 D/CompatibilityInfo( 1357): mCompatibilityFlags - 4
06-15 12:56:53.462 D/CompatibilityInfo( 1357): applicationDensity - 240
06-15 12:56:53.462 D/CompatibilityInfo( 1357): applicationScale - 1.0
06-15 12:56:53.464 D/CompatibilityChangeReporter( 1357): Compat change id reported: 135634846; UID 10074; state: DISABLED
06-15 12:56:53.464 D/CompatibilityChangeReporter( 1357): Compat change id reported: 177438394; UID 10074; state: DISABLED
06-15 12:56:53.464 D/CompatibilityChangeReporter( 1357): Compat change id reported: 135772972; UID 10074; state: DISABLED
06-15 12:56:53.464 D/CompatibilityChangeReporter( 1357): Compat change id reported: 135754954; UID 10074; state: ENABLED
06-15 12:56:53.465 D/CompatibilityChangeReporter( 1357): Compat change id reported: 143937733; UID 10074; state: ENABLED
06-15 12:56:53.470 E/ANDR-PERF-UTIL( 852): Failed to update node /proc/16948/sched_boost with value 0
06-15 12:56:53.470 E/ANDR-PERF-OPTSHANDLER( 852): can't reset task 16948
06-15 12:56:53.470 E/ANDR-PERF-RESOURCEQS( 852): Failed to reset optimization [3, 32]
06-15 12:56:53.471 D/Zygote ( 687): Forked child process 17466
06-15 12:56:53.471 I/ActivityManager( 1357): Start proc 17466:com.android.launcher3/u0a74 for top-activity {com.android.launcher3/com.android.launcher3.uioverrides.QuickstepLauncher}
06-15 12:56:53.475 I/Zygote (17466): seccomp disabled by setenforce 0
06-15 12:56:53.482 I/adbd ( 6513): jdwp connection from 17466
06-15 12:56:53.484 D/ProcessState(17466): Binder ioctl to enable oneway spam detection failed: Invalid argument
06-15 12:56:53.486 I/[ 7228.874322] binder( 0): 17466:17466 ioctl 40046210 7fcde88de4 returned -22
06-15 12:56:53.491 D/CompatibilityInfo( 1357): mCompatibilityFlags - 4
06-15 12:56:53.491 D/CompatibilityInfo( 1357): applicationDensity - 240
06-15 12:56:53.491 D/CompatibilityInfo( 1357): applicationScale - 1.0
06-15 12:56:53.493 D/CompatibilityInfo( 1357): mCompatibilityFlags - 4
06-15 12:56:53.493 D/CompatibilityInfo( 1357): applicationDensity - 240
06-15 12:56:53.493 D/CompatibilityInfo( 1357): applicationScale - 1.0
06-15 12:56:53.496 D/CompatibilityChangeReporter(17466): Compat change id reported: 171979766; UID 10074; state: ENABLED
06-15 12:56:53.498 D/CompatibilityInfo( 1357): mCompatibilityFlags - 4
06-15 12:56:53.498 D/CompatibilityInfo( 1357): applicationDensity - 240
06-15 12:56:53.498 D/CompatibilityInfo( 1357): applicationScale - 1.0
06-15 12:56:53.508 I/lowmemorykiller( 515): Kill 'com.android.launcher3' (17466), uid 10074, oom_score_adj 0 to free 71104kB rss, 2544kb swap
06-15 12:56:53.509 I/lowmemorykiller( 515): Reclaimed 71104kB at oom_score_adj 0
06-15 12:56:53.510 I/lowmemorykiller( 515): Suppressed 4 failed kill reports
06-15 12:56:53.538 I/[ 7228.927850] oom_reaper( 0): reaped process 17466 (droid.launcher3), now anon-rss:0kB, file-rss:0kB, shmem-rss:380kB
06-15 12:56:53.558 I/[ 7228.947540] binder( 0): 17484:17484 ioctl 40046210 7fcde88de4 returned -22
06-15 12:56:53.539 I/Zygote ( 687): Process 17466 exited due to signal 9 (Killed)
06-15 12:56:53.542 I/ActivityManager( 1357): Process com.android.launcher3 (pid 17466) has died: fg TOP
06-15 12:56:53.542 I/libprocessgroup( 1357): Successfully killed process cgroup uid 10074 pid 17466 in 0ms
06-15 12:56:53.542 W/ActivityManager( 1357): Scheduling restart of crashed service com.android.launcher3/com.android.quickstep.TouchInteractionService in 333780943867215872ms for connection
06-15 12:56:53.543 D/CompatibilityInfo( 1357): mCompatibilityFlags - 4
06-15 12:56:53.543 D/CompatibilityInfo( 1357): applicationDensity - 240
06-15 12:56:53.543 D/CompatibilityInfo( 1357): applicationScale - 1.0
06-15 12:56:53.543 D/CompatibilityChangeReporter( 1357): Compat change id reported: 135634846; UID 10074; state: DISABLED
06-15 12:56:53.543 D/CompatibilityChangeReporter( 1357): Compat change id reported: 177438394; UID 10074; state: DISABLED
06-15 12:56:53.543 D/CompatibilityChangeReporter( 1357): Compat change id reported: 135772972; UID 10074; state: DISABLED
06-15 12:56:53.543 D/CompatibilityChangeReporter( 1357): Compat change id reported: 135754954; UID 10074; state: ENABLED
06-15 12:56:53.543 D/CompatibilityChangeReporter( 1357): Compat change id reported: 143937733; UID 10074; state: ENABLED
06-15 12:56:53.547 D/Zygote ( 687): Forked child process 17484
06-15 12:56:53.548 I/ActivityManager( 1357): Start proc 17484:com.android.launcher3/u0a74 for top-activity {com.android.launcher3/com.android.launcher3.uioverrides.QuickstepLauncher}
06-15 12:56:53.551 I/Zygote (17484): seccomp disabled by setenforce 0
06-15 12:56:53.552 E/ANDR-PERF-UTIL( 852): Failed to update node /proc/16982/sched_boost with value 0
06-15 12:56:53.552 E/ANDR-PERF-OPTSHANDLER( 852): can't reset task 16982
06-15 12:56:53.552 E/ANDR-PERF-RESOURCEQS( 852): Failed to reset optimization [3, 32]
06-15 12:56:53.557 I/adbd ( 6513): jdwp connection from 17484
06-15 12:56:53.557 D/ProcessState(17484): Binder ioctl to enable oneway spam detection failed: Invalid argument
06-15 12:56:53.563 D/CompatibilityInfo( 1357): mCompatibilityFlags - 4
06-15 12:56:53.563 D/CompatibilityInfo( 1357): applicationDensity - 240
06-15 12:56:53.563 D/CompatibilityInfo( 1357): applicationScale - 1.0
06-15 12:56:53.564 I/lowmemorykiller( 515): proc_get_script: No tasks are found to kill
06-15 12:56:53.564 D/CompatibilityInfo( 1357): mCompatibilityFlags - 4
06-15 12:56:53.564 D/CompatibilityInfo( 1357): applicationDensity - 240
06-15 12:56:53.564 D/CompatibilityInfo( 1357): applicationScale - 1.0
06-15 12:56:53.566 D/CompatibilityChangeReporter(17484): Compat change id reported: 171979766; UID 10074; state: ENABLED
06-15 12:56:53.567 D/CompatibilityInfo( 1357): mCompatibilityFlags - 4
06-15 12:56:53.567 D/CompatibilityInfo( 1357): applicationDensity - 240
06-15 12:56:53.567 D/CompatibilityInfo( 1357): applicationScale - 1.0
06-15 12:56:53.575 I/Perf (17484): Connecting to perf service.
06-15 12:56:53.578 I/lowmemorykiller( 515): Kill 'com.android.launcher3' (17484), uid 10074, oom_score_adj 0 to free 71112kB rss, 2544kb swap
06-15 12:56:53.579 I/lowmemorykiller( 515): Reclaimed 71112kB at oom_score_adj 0
06-15 12:56:53.579 I/lowmemorykiller( 515): Suppressed 1 failed kill reports
06-15 12:56:53.602 I/[ 7228.991072] oom_reaper( 0): reaped process 17484 (droid.launcher3), now anon-rss:0kB, file-rss:0kB, shmem-rss:380kB
06-15 12:56:53.603 I/Zygote ( 687): Process 17484 exited due to signal 9 (Killed)
06-15 12:56:53.606 I/[ 7228.996124] binder( 0): undelivered transaction 6745336, process died.
06-15 12:56:53.606 I/ActivityManager( 1357): Process com.android.launcher3 (pid 17484) has died: fg TOP
06-15 12:56:53.606 I/libprocessgroup( 1357): Successfully killed process cgroup uid 10074 pid 17484 in 0ms
06-15 12:56:53.607 W/ActivityManager( 1357): Scheduling restart of crashed service com.android.launcher3/com.android.quickstep.TouchInteractionService in 1335123775468863488ms for connection
06-15 12:56:53.610 D/CompatibilityInfo( 1357): mCompatibilityFlags - 4
06-15 12:56:53.610 D/CompatibilityInfo( 1357): applicationDensity - 240
06-15 12:56:53.610 D/CompatibilityInfo( 1357): applicationScale - 1.0
06-15 12:56:53.612 D/CompatibilityChangeReporter( 1357): Compat change id reported: 135634846; UID 10074; state: DISABLED
06-15 12:56:53.612 D/CompatibilityChangeReporter( 1357): Compat change id reported: 177438394; UID 10074; state: DISABLED
06-15 12:56:53.612 D/CompatibilityChangeReporter( 1357): Compat change id reported: 135772972; UID 10074; state: DISABLED
06-15 12:56:53.612 D/CompatibilityChangeReporter( 1357): Compat change id reported: 135754954; UID 10074; state: ENABLED
06-15 12:56:53.612 D/CompatibilityChangeReporter( 1357): Compat change id reported: 143937733; UID 10074; state: ENABLED
06-15 12:56:53.619 D/Zygote ( 687): Forked child process 17502
06-15 12:56:53.619 I/ActivityManager( 1357): Start proc 17502:com.android.launcher3/u0a74 for top-activity {com.android.launcher3/com.android.launcher3.uioverrides.QuickstepLauncher}
06-15 12:56:53.623 I/Zygote (17502): seccomp disabled by setenforce 0
06-15 12:56:53.626 E/ANDR-PERF-UTIL( 852): Failed to update node /proc/17015/sched_boost with value 0
06-15 12:56:53.626 E/ANDR-PERF-OPTSHANDLER( 852): can't reset task 17015
06-15 12:56:53.626 E/ANDR-PERF-RESOURCEQS( 852): Failed to reset optimization [3, 32]
06-15 12:56:53.632 I/adbd ( 6513): jdwp connection from 17502
06-15 12:56:53.627 I/zygote64(17502): type=1400 audit(0.0:19922): avc: denied { connectto } for comm=4144422D4A44575020436F6E6E6563 path=006A6477702D636F6E74726F6C scontext=u:r:priv_app:s0:c512,c768 tcontext=u:r:su:s0 tclass=unix_stream_socket permissive=1
06-15 12:56:53.633 D/ProcessState(17502): Binder ioctl to enable oneway spam detection failed: Invalid argument
06-15 12:56:53.634 I/[ 7229.023230] binder( 0): 17502:17502 ioctl 40046210 7fcde88de4 returned -22
06-15 12:56:53.640 D/CompatibilityInfo( 1357): mCompatibilityFlags - 4
06-15 12:56:53.640 D/CompatibilityInfo( 1357): applicationDensity - 240
06-15 12:56:53.640 D/CompatibilityInfo( 1357): applicationScale - 1.0
06-15 12:56:53.642 D/CompatibilityInfo( 1357): mCompatibilityFlags - 4
06-15 12:56:53.642 D/CompatibilityInfo( 1357): applicationDensity - 240
06-15 12:56:53.642 D/CompatibilityInfo( 1357): applicationScale - 1.0
06-15 12:56:53.644 D/CompatibilityChangeReporter(17502): Compat change id reported: 171979766; UID 10074; state: ENABLED
06-15 12:56:53.645 D/CompatibilityInfo( 1357): mCompatibilityFlags - 4
06-15 12:56:53.645 D/CompatibilityInfo( 1357): applicationDensity - 240
06-15 12:56:53.645 D/CompatibilityInfo( 1357): applicationScale - 1.0
06-15 12:56:53.654 I/lowmemorykiller( 515): Kill 'com.android.launcher3' (17502), uid 10074, oom_score_adj 0 to free 71156kB rss, 2544kb swap
06-15 12:56:53.655 I/lowmemorykiller( 515): Reclaimed 71156kB at oom_score_adj 0
06-15 12:56:53.655 I/lowmemorykiller( 515): Suppressed 4 failed kill reports
06-15 12:56:53.692 I/[ 7229.081874] oom_reaper( 0): reaped process 17502 (droid.launcher3), now anon-rss:0kB, file-rss:0kB, shmem-rss:380kB
06-15 12:56:53.693 I/Zygote ( 687): Process 17502 exited due to signal 9 (Killed)
06-15 12:56:53.694 I/ActivityManager( 1357): Process com.android.launcher3 (pid 17502) has died: fg TOP
06-15 12:56:53.694 W/ActivityManager( 1357): Scheduling restart of crashed service com.android.launcher3/com.android.quickstep.TouchInteractionService in 5340495101875453952ms for connection
06-15 12:56:53.695 D/CompatibilityInfo( 1357): mCompatibilityFlags - 4
06-15 12:56:53.695 D/CompatibilityInfo( 1357): applicationDensity - 240
06-15 12:56:53.695 D/CompatibilityInfo( 1357): applicationScale - 1.0
06-15 12:56:53.695 D/CompatibilityChangeReporter( 1357): Compat change id reported: 135634846; UID 10074; state: DISABLED
06-15 12:56:53.696 D/CompatibilityChangeReporter( 1357): Compat change id reported: 177438394; UID 10074; state: DISABLED
06-15 12:56:53.696 D/CompatibilityChangeReporter( 1357): Compat change id reported: 135772972; UID 10074; state: DISABLED
06-15 12:56:53.696 D/CompatibilityChangeReporter( 1357): Compat change id reported: 135754954; UID 10074; state: ENABLED
06-15 12:56:53.696 I/libprocessgroup( 1357): Successfully killed process cgroup uid 10074 pid 17502 in 1ms
06-15 12:56:53.696 D/CompatibilityChangeReporter( 1357): Compat change id reported: 143937733; UID 10074; state: ENABLED
06-15 12:56:53.699 D/Zygote ( 687): Forked child process 17520
06-15 12:56:53.699 I/ActivityManager( 1357): Start proc 17520:com.android.launcher3/u0a74 for top-activity {com.android.launcher3/com.android.launcher3.uioverrides.QuickstepLauncher}
06-15 12:56:53.702 E/ANDR-PERF-UTIL( 852): Failed to update node /proc/17049/sched_boost with value 0
06-15 12:56:53.702 E/ANDR-PERF-OPTSHANDLER( 852): can't reset task 17049
06-15 12:56:53.702 E/ANDR-PERF-RESOURCEQS( 852): Failed to reset optimization [3, 32]
06-15 12:56:53.702 I/Zygote (17520): seccomp disabled by setenforce 0
06-15 12:56:53.708 I/adbd ( 6513): jdwp connection from 17520
06-15 12:56:53.708 D/ProcessState(17520): Binder ioctl to enable oneway spam detection failed: Invalid argument
06-15 12:56:53.710 I/[ 7229.098782] binder( 0): 17520:17520 ioctl 40046210 7fcde88de4 returned -22
06-15 12:56:53.714 D/CompatibilityInfo( 1357): mCompatibilityFlags - 4
06-15 12:56:53.714 D/CompatibilityInfo( 1357): applicationDensity - 240
06-15 12:56:53.714 D/CompatibilityInfo( 1357): applicationScale - 1.0
06-15 12:56:53.715 D/CompatibilityInfo( 1357): mCompatibilityFlags - 4
06-15 12:56:53.715 D/CompatibilityInfo( 1357): applicationDensity - 240
06-15 12:56:53.715 D/CompatibilityInfo( 1357): applicationScale - 1.0
06-15 12:56:53.717 D/CompatibilityChangeReporter(17520): Compat change id reported: 171979766; UID 10074; state: ENABLED
06-15 12:56:53.719 D/CompatibilityInfo( 1357): mCompatibilityFlags - 4
06-15 12:56:53.719 D/CompatibilityInfo( 1357): applicationDensity - 240
06-15 12:56:53.719 D/CompatibilityInfo( 1357): applicationScale - 1.0
06-15 12:56:53.727 I/Perf (17520): Connecting to perf service.
06-15 12:56:53.730 I/lowmemorykiller( 515): Kill 'com.android.launcher3' (17520), uid 10074, oom_score_adj 0 to free 71112kB rss, 2544kb swap
06-15 12:56:53.731 I/lowmemorykiller( 515): Reclaimed 71112kB at oom_score_adj 0
06-15 12:56:53.731 I/lowmemorykiller( 515): Suppressed 3 failed kill reports
06-15 12:56:53.772 E/ANDR-PERF-UTIL( 852): Failed to update node /proc/17067/sched_boost with value 0
06-15 12:56:53.772 E/ANDR-PERF-OPTSHANDLER( 852): can't reset task 17067
06-15 12:56:53.773 E/ANDR-PERF-RESOURCEQS( 852): Failed to reset optimization [3, 32]
06-15 12:56:53.774 I/[ 7229.163970] oom_reaper( 0): reaped process 17520 (droid.launcher3), now anon-rss:0kB, file-rss:0kB, shmem-rss:380kB
06-15 12:56:53.776 I/Zygote ( 687): Process 17520 exited due to signal 9 (Killed)
06-15 12:56:53.778 I/ActivityManager( 1357): Process com.android.launcher3 (pid 17520) has died: fg TOP
06-15 12:56:53.778 W/ActivityManager( 1357): Scheduling restart of crashed service com.android.launcher3/com.android.quickstep.TouchInteractionService in 2915236333792264192ms for connection
06-15 12:56:53.779 D/CompatibilityInfo( 1357): mCompatibilityFlags - 4
06-15 12:56:53.779 D/CompatibilityInfo( 1357): applicationDensity - 240
06-15 12:56:53.779 D/CompatibilityInfo( 1357): applicationScale - 1.0
06-15 12:56:53.780 I/libprocessgroup( 1357): Successfully killed process cgroup uid 10074 pid 17520 in 0ms
06-15 12:56:53.780 D/CompatibilityChangeReporter( 1357): Compat change id reported: 135634846; UID 10074; state: DISABLED
06-15 12:56:53.780 D/CompatibilityChangeReporter( 1357): Compat change id reported: 177438394; UID 10074; state: DISABLED
06-15 12:56:53.780 D/CompatibilityChangeReporter( 1357): Compat change id reported: 135772972; UID 10074; state: DISABLED
06-15 12:56:53.780 D/CompatibilityChangeReporter( 1357): Compat change id reported: 135754954; UID 10074; state: ENABLED
06-15 12:56:53.780 D/CompatibilityChangeReporter( 1357): Compat change id reported: 143937733; UID 10074; state: ENABLED
06-15 12:56:53.784 D/Zygote ( 687): Forked child process 17538
06-15 12:56:53.785 I/ActivityManager( 1357): Start proc 17538:com.android.launcher3/u0a74 for top-activity {com.android.launcher3/com.android.launcher3.uioverrides.QuickstepLauncher}
06-15 12:56:53.788 I/Zygote (17538): seccomp disabled by setenforce 0
06-15 12:56:53.793 I/adbd ( 6513): jdwp connection from 17538
06-15 12:56:53.794 I/[ 7229.183874] binder( 0): 17538:17538 ioctl 40046210 7fcde88de4 returned -22
06-15 12:56:53.793 D/ProcessState(17538): Binder ioctl to enable oneway spam detection failed: Invalid argument
