06-15 12:56:56.015 W/ActivityManager( 1357): Scheduling restart of crashed service com.android.launcher3/com.android.quickstep.TouchInteractionService in 1152672ms for connection
06-15 12:56:56.017 D/CompatibilityInfo( 1357): mCompatibilityFlags - 4
06-15 12:56:56.017 D/CompatibilityInfo( 1357): applicationDensity - 240
06-15 12:56:56.017 D/CompatibilityInfo( 1357): applicationScale - 1.0
06-15 12:56:56.018 D/CompatibilityChangeReporter( 1357): Compat change id reported: 135634846; UID 10074; state: DISABLED
06-15 12:56:56.018 D/CompatibilityChangeReporter( 1357): Compat change id reported: 177438394; UID 10074; state: DISABLED
06-15 12:56:56.018 D/CompatibilityChangeReporter( 1357): Compat change id reported: 135772972; UID 10074; state: DISABLED
06-15 12:56:56.018 D/CompatibilityChangeReporter( 1357): Compat change id reported: 135754954; UID 10074; state: ENABLED
06-15 12:56:56.018 D/CompatibilityChangeReporter( 1357): Compat change id reported: 143937733; UID 10074; state: ENABLED
06-15 12:56:56.023 D/Zygote ( 687): Forked child process 18039
06-15 12:56:56.023 I/ActivityManager( 1357): Start proc 18039:com.android.launcher3/u0a74 for top-activity {com.android.launcher3/com.android.launcher3.uioverrides.QuickstepLauncher}
06-15 12:56:56.027 I/Zygote (18039): seccomp disabled by setenforce 0
06-15 12:56:56.028 I/mpu_uart( 663): [MSG-P:R]:recv sync frame timeout
06-15 12:56:56.031 I/mpu_uart( 663): [MSG-P:RECV]:No message received in 1000 ms
06-15 12:56:56.032 D/MicroService( 2621): handleHeartBeat:3706
06-15 12:56:56.036 I/adbd ( 6513): jdwp connection from 18039
06-15 12:56:56.037 D/ProcessState(18039): Binder ioctl to enable oneway spam detection failed: Invalid argument
06-15 12:56:56.038 I/[ 7231.427050] binder( 0): 18039:18039 ioctl 40046210 7fcde88de4 returned -22
06-15 12:56:56.042 D/CompatibilityInfo( 1357): mCompatibilityFlags - 4
06-15 12:56:56.042 D/CompatibilityInfo( 1357): applicationDensity - 240
06-15 12:56:56.042 D/CompatibilityInfo( 1357): applicationScale - 1.0
06-15 12:56:56.043 D/CompatibilityInfo( 1357): mCompatibilityFlags - 4
06-15 12:56:56.043 D/CompatibilityInfo( 1357): applicationDensity - 240
06-15 12:56:56.043 D/CompatibilityInfo( 1357): applicationScale - 1.0
06-15 12:56:56.046 D/CompatibilityChangeReporter(18039): Compat change id reported: 171979766; UID 10074; state: ENABLED
06-15 12:56:56.046 E/ANDR-PERF-UTIL( 852): Failed to update node /proc/17590/sched_boost with value 0
06-15 12:56:56.046 E/ANDR-PERF-OPTSHANDLER( 852): can't reset task 17590
06-15 12:56:56.046 E/ANDR-PERF-RESOURCEQS( 852): Failed to reset optimization [3, 32]
06-15 12:56:56.049 D/CompatibilityInfo( 1357): mCompatibilityFlags - 4
06-15 12:56:56.049 D/CompatibilityInfo( 1357): applicationDensity - 240
06-15 12:56:56.049 D/CompatibilityInfo( 1357): applicationScale - 1.0
06-15 12:56:56.056 I/Perf (18039): Connecting to perf service.
06-15 12:56:56.059 V/GraphicsEnvironment(18039): ANGLE Developer option for 'com.android.launcher3' set to: 'default'
06-15 12:56:56.059 V/GraphicsEnvironment(18039): ANGLE GameManagerService for com.android.launcher3: false
06-15 12:56:56.059 D/NetworkSecurityConfig(18039): No Network Security Config specified, using platform default
06-15 12:56:56.059 D/NetworkSecurityConfig(18039): No Network Security Config specified, using platform default
06-15 12:56:56.061 I/lowmemorykiller( 515): Kill 'com.android.launcher3' (18039), uid 10074, oom_score_adj 0 to free 71168kB rss, 2544kb swap
06-15 12:56:56.061 I/lowmemorykiller( 515): Reclaimed 71168kB at oom_score_adj 0
06-15 12:56:56.061 I/lowmemorykiller( 515): Suppressed 4 failed kill reports
06-15 12:56:56.110 I/[ 7231.499781] oom_reaper( 0): reaped process 18039 (droid.launcher3), now anon-rss:0kB, file-rss:0kB, shmem-rss:380kB
06-15 12:56:56.111 I/Zygote ( 687): Process 18039 exited due to signal 9 (Killed)
06-15 12:56:56.114 I/ActivityManager( 1357): Process com.android.launcher3 (pid 18039) has died: fg TOP
06-15 12:56:56.114 I/libprocessgroup( 1357): Successfully killed process cgroup uid 10074 pid 18039 in 0ms
06-15 12:56:56.115 W/ActivityManager( 1357): Scheduling restart of crashed service com.android.launcher3/com.android.quickstep.TouchInteractionService in 4610688ms for connection
06-15 12:56:56.118 E/ANDR-PERF-UTIL( 852): Failed to update node /proc/17608/sched_boost with value 0
06-15 12:56:56.118 E/ANDR-PERF-OPTSHANDLER( 852): can't reset task 17608
06-15 12:56:56.118 E/ANDR-PERF-RESOURCEQS( 852): Failed to reset optimization [3, 32]
06-15 12:56:56.118 D/CompatibilityInfo( 1357): mCompatibilityFlags - 4
06-15 12:56:56.118 D/CompatibilityInfo( 1357): applicationDensity - 240
06-15 12:56:56.118 D/CompatibilityInfo( 1357): applicationScale - 1.0
06-15 12:56:56.120 D/CompatibilityChangeReporter( 1357): Compat change id reported: 135634846; UID 10074; state: DISABLED
06-15 12:56:56.120 D/CompatibilityChangeReporter( 1357): Compat change id reported: 177438394; UID 10074; state: DISABLED
06-15 12:56:56.120 D/CompatibilityChangeReporter( 1357): Compat change id reported: 135772972; UID 10074; state: DISABLED
06-15 12:56:56.121 D/CompatibilityChangeReporter( 1357): Compat change id reported: 135754954; UID 10074; state: ENABLED
06-15 12:56:56.121 D/CompatibilityChangeReporter( 1357): Compat change id reported: 143937733; UID 10074; state: ENABLED
06-15 12:56:56.127 D/Zygote ( 687): Forked child process 18058
06-15 12:56:56.127 I/ActivityManager( 1357): Start proc 18058:com.android.launcher3/u0a74 for top-activity {com.android.launcher3/com.android.launcher3.uioverrides.QuickstepLauncher}
06-15 12:56:56.132 I/Zygote (18058): seccomp disabled by setenforce 0
06-15 12:56:56.140 I/adbd ( 6513): jdwp connection from 18058
06-15 12:56:56.135 I/zygote64(18058): type=1400 audit(0.0:19939): avc: denied { connectto } for comm=4144422D4A44575020436F6E6E6563 path=006A6477702D636F6E74726F6C scontext=u:r:priv_app:s0:c512,c768 tcontext=u:r:su:s0 tclass=unix_stream_socket permissive=1
06-15 12:56:56.141 D/ProcessState(18058): Binder ioctl to enable oneway spam detection failed: Invalid argument
06-15 12:56:56.142 I/[ 7231.531360] binder( 0): 18058:18058 ioctl 40046210 7fcde88de4 returned -22
06-15 12:56:56.148 D/CompatibilityInfo( 1357): mCompatibilityFlags - 4
06-15 12:56:56.148 D/CompatibilityInfo( 1357): applicationDensity - 240
06-15 12:56:56.148 D/CompatibilityInfo( 1357): applicationScale - 1.0
06-15 12:56:56.149 D/CompatibilityInfo( 1357): mCompatibilityFlags - 4
06-15 12:56:56.149 D/CompatibilityInfo( 1357): applicationDensity - 240
06-15 12:56:56.149 D/CompatibilityInfo( 1357): applicationScale - 1.0
06-15 12:56:56.152 D/CompatibilityChangeReporter(18058): Compat change id reported: 171979766; UID 10074; state: ENABLED
06-15 12:56:56.152 D/CompatibilityInfo( 1357): mCompatibilityFlags - 4
06-15 12:56:56.152 D/CompatibilityInfo( 1357): applicationDensity - 240
06-15 12:56:56.152 D/CompatibilityInfo( 1357): applicationScale - 1.0
06-15 12:56:56.163 I/lowmemorykiller( 515): Kill 'com.android.launcher3' (18058), uid 10074, oom_score_adj 0 to free 71220kB rss, 2544kb swap
06-15 12:56:56.163 I/lowmemorykiller( 515): Reclaimed 71220kB at oom_score_adj 0
06-15 12:56:56.163 I/lowmemorykiller( 515): Suppressed 4 failed kill reports
06-15 12:56:56.194 I/[ 7231.583713] oom_reaper( 0): reaped process 18058 (droid.launcher3), now anon-rss:0kB, file-rss:0kB, shmem-rss:380kB
06-15 12:56:56.195 I/Zygote ( 687): Process 18058 exited due to signal 9 (Killed)
06-15 12:56:56.198 I/ActivityManager( 1357): Process com.android.launcher3 (pid 18058) has died: fg TOP
06-15 12:56:56.198 W/ActivityManager( 1357): Scheduling restart of crashed service com.android.launcher3/com.android.quickstep.TouchInteractionService in 18442752ms for connection
06-15 12:56:56.200 I/libprocessgroup( 1357): Successfully killed process cgroup uid 10074 pid 18058 in 0ms
06-15 12:56:56.203 D/CompatibilityInfo( 1357): mCompatibilityFlags - 4
06-15 12:56:56.203 D/CompatibilityInfo( 1357): applicationDensity - 240
06-15 12:56:56.203 D/CompatibilityInfo( 1357): applicationScale - 1.0
06-15 12:56:56.203 D/CompatibilityChangeReporter( 1357): Compat change id reported: 135634846; UID 10074; state: DISABLED
06-15 12:56:56.203 D/CompatibilityChangeReporter( 1357): Compat change id reported: 177438394; UID 10074; state: DISABLED
06-15 12:56:56.203 D/CompatibilityChangeReporter( 1357): Compat change id reported: 135772972; UID 10074; state: DISABLED
06-15 12:56:56.203 D/CompatibilityChangeReporter( 1357): Compat change id reported: 135754954; UID 10074; state: ENABLED
06-15 12:56:56.204 D/CompatibilityChangeReporter( 1357): Compat change id reported: 143937733; UID 10074; state: ENABLED
06-15 12:56:56.208 E/ANDR-PERF-UTIL( 852): Failed to update node /proc/17626/sched_boost with value 0
06-15 12:56:56.208 E/ANDR-PERF-OPTSHANDLER( 852): can't reset task 17626
06-15 12:56:56.208 E/ANDR-PERF-RESOURCEQS( 852): Failed to reset optimization [3, 32]
06-15 12:56:56.209 D/Zygote ( 687): Forked child process 18076
06-15 12:56:56.209 I/ActivityManager( 1357): Start proc 18076:com.android.launcher3/u0a74 for top-activity {com.android.launcher3/com.android.launcher3.uioverrides.QuickstepLauncher}
06-15 12:56:56.212 I/Zygote (18076): seccomp disabled by setenforce 0
06-15 12:56:56.220 I/adbd ( 6513): jdwp connection from 18076
06-15 12:56:56.221 D/ProcessState(18076): Binder ioctl to enable oneway spam detection failed: Invalid argument
06-15 12:56:56.222 I/[ 7231.610894] binder( 0): 18076:18076 ioctl 40046210 7fcde88de4 returned -22
06-15 12:56:56.223 I/lowmemorykiller( 515): proc_get_script: No tasks are found to kill
06-15 12:56:56.227 D/CompatibilityInfo( 1357): mCompatibilityFlags - 4
06-15 12:56:56.227 D/CompatibilityInfo( 1357): applicationDensity - 240
06-15 12:56:56.227 D/CompatibilityInfo( 1357): applicationScale - 1.0
06-15 12:56:56.228 D/CompatibilityInfo( 1357): mCompatibilityFlags - 4
06-15 12:56:56.228 D/CompatibilityInfo( 1357): applicationDensity - 240
06-15 12:56:56.228 D/CompatibilityInfo( 1357): applicationScale - 1.0
06-15 12:56:56.231 D/CompatibilityChangeReporter(18076): Compat change id reported: 171979766; UID 10074; state: ENABLED
06-15 12:56:56.234 D/CompatibilityInfo( 1357): mCompatibilityFlags - 4
06-15 12:56:56.234 D/CompatibilityInfo( 1357): applicationDensity - 240
06-15 12:56:56.234 D/CompatibilityInfo( 1357): applicationScale - 1.0
06-15 12:56:56.239 I/lowmemorykiller( 515): Kill 'com.android.launcher3' (18076), uid 10074, oom_score_adj 0 to free 71156kB rss, 2544kb swap
06-15 12:56:56.239 I/lowmemorykiller( 515): Reclaimed 71156kB at oom_score_adj 0
06-15 12:56:56.239 I/lowmemorykiller( 515): Suppressed 1 failed kill reports
06-15 12:56:56.269 E/ANDR-PERF-UTIL( 852): Failed to update node /proc/17643/sched_boost with value 0
06-15 12:56:56.270 E/ANDR-PERF-OPTSHANDLER( 852): can't reset task 17643
06-15 12:56:56.270 E/ANDR-PERF-RESOURCEQS( 852): Failed to reset optimization [3, 32]
06-15 12:56:56.277 I/Zygote ( 687): Process 18076 exited due to signal 9 (Killed)
06-15 12:56:56.278 I/[ 7231.665714] oom_reaper( 0): reaped process 18076 (droid.launcher3), now anon-rss:0kB, file-rss:0kB, shmem-rss:380kB
06-15 12:56:56.278 I/ActivityManager( 1357): Process com.android.launcher3 (pid 18076) has died: fg TOP
06-15 12:56:56.278 I/libprocessgroup( 1357): Successfully killed process cgroup uid 10074 pid 18076 in 0ms
06-15 12:56:56.278 W/ActivityManager( 1357): Scheduling restart of crashed service com.android.launcher3/com.android.quickstep.TouchInteractionService in 73771008ms for connection
06-15 12:56:56.279 D/CompatibilityInfo( 1357): mCompatibilityFlags - 4
06-15 12:56:56.279 D/CompatibilityInfo( 1357): applicationDensity - 240
06-15 12:56:56.279 D/CompatibilityInfo( 1357): applicationScale - 1.0
06-15 12:56:56.280 D/CompatibilityChangeReporter( 1357): Compat change id reported: 135634846; UID 10074; state: DISABLED
06-15 12:56:56.280 D/CompatibilityChangeReporter( 1357): Compat change id reported: 177438394; UID 10074; state: DISABLED
06-15 12:56:56.280 D/CompatibilityChangeReporter( 1357): Compat change id reported: 135772972; UID 10074; state: DISABLED
06-15 12:56:56.280 D/CompatibilityChangeReporter( 1357): Compat change id reported: 135754954; UID 10074; state: ENABLED
06-15 12:56:56.280 D/CompatibilityChangeReporter( 1357): Compat change id reported: 143937733; UID 10074; state: ENABLED
06-15 12:56:56.284 D/Zygote ( 687): Forked child process 18093
06-15 12:56:56.284 I/ActivityManager( 1357): Start proc 18093:com.android.launcher3/u0a74 for top-activity {com.android.launcher3/com.android.launcher3.uioverrides.QuickstepLauncher}
06-15 12:56:56.287 I/Zygote (18093): seccomp disabled by setenforce 0
06-15 12:56:56.292 I/adbd ( 6513): jdwp connection from 18093
06-15 12:56:56.287 I/zygote64(18093): type=1400 audit(0.0:19940): avc: denied { connectto } for comm=4144422D4A44575020436F6E6E6563 path=006A6477702D636F6E74726F6C scontext=u:r:priv_app:s0:c512,c768 tcontext=u:r:su:s0 tclass=unix_stream_socket permissive=1
06-15 12:56:56.293 D/ProcessState(18093): Binder ioctl to enable oneway spam detection failed: Invalid argument
06-15 12:56:56.294 I/[ 7231.683344] binder( 0): 18093:18093 ioctl 40046210 7fcde88de4 returned -22
06-15 12:56:56.297 D/CompatibilityInfo( 1357): mCompatibilityFlags - 4
06-15 12:56:56.297 D/CompatibilityInfo( 1357): applicationDensity - 240
06-15 12:56:56.297 D/CompatibilityInfo( 1357): applicationScale - 1.0
06-15 12:56:56.299 D/CompatibilityInfo( 1357): mCompatibilityFlags - 4
06-15 12:56:56.299 D/CompatibilityInfo( 1357): applicationDensity - 240
06-15 12:56:56.299 D/CompatibilityInfo( 1357): applicationScale - 1.0
06-15 12:56:56.301 D/CompatibilityChangeReporter(18093): Compat change id reported: 171979766; UID 10074; state: ENABLED
06-15 12:56:56.302 D/CompatibilityInfo( 1357): mCompatibilityFlags - 4
06-15 12:56:56.302 D/CompatibilityInfo( 1357): applicationDensity - 240
06-15 12:56:56.302 D/CompatibilityInfo( 1357): applicationScale - 1.0
06-15 12:56:56.310 I/Perf (18093): Connecting to perf service.
06-15 12:56:56.312 V/GraphicsEnvironment(18093): ANGLE Developer option for 'com.android.launcher3' set to: 'default'
06-15 12:56:56.312 V/GraphicsEnvironment(18093): ANGLE GameManagerService for com.android.launcher3: false
06-15 12:56:56.316 I/lowmemorykiller( 515): Kill 'com.android.launcher3' (18093), uid 10074, oom_score_adj 0 to free 71148kB rss, 2544kb swap
06-15 12:56:56.316 I/lowmemorykiller( 515): Reclaimed 71148kB at oom_score_adj 0
06-15 12:56:56.316 I/lowmemorykiller( 515): Suppressed 3 failed kill reports
06-15 12:56:56.343 E/ANDR-PERF-UTIL( 852): Failed to update node /proc/17660/sched_boost with value 0
06-15 12:56:56.344 E/ANDR-PERF-OPTSHANDLER( 852): can't reset task 17660
06-15 12:56:56.344 E/ANDR-PERF-RESOURCEQS( 852): Failed to reset optimization [3, 32]
06-15 12:56:56.350 I/[ 7231.739276] oom_reaper( 0): reaped process 18093 (droid.launcher3), now anon-rss:0kB, file-rss:0kB, shmem-rss:380kB
06-15 12:56:56.351 I/Zygote ( 687): Process 18093 exited due to signal 9 (Killed)
06-15 12:56:56.358 I/[ 7231.748156] binder( 0): undelivered TRANSACTION_COMPLETE
06-15 12:56:56.358 I/ActivityManager( 1357): Process com.android.launcher3 (pid 18093) has died: fg TOP
06-15 12:56:56.359 I/libprocessgroup( 1357): Successfully killed process cgroup uid 10074 pid 18093 in 0ms
06-15 12:56:56.360 W/ActivityManager( 1357): Scheduling restart of crashed service com.android.launcher3/com.android.quickstep.TouchInteractionService in 295084032ms for connection
06-15 12:56:56.364 D/CompatibilityInfo( 1357): mCompatibilityFlags - 4
06-15 12:56:56.364 D/CompatibilityInfo( 1357): applicationDensity - 240
06-15 12:56:56.364 D/CompatibilityInfo( 1357): applicationScale - 1.0
06-15 12:56:56.366 D/CompatibilityChangeReporter( 1357): Compat change id reported: 135634846; UID 10074; state: DISABLED
06-15 12:56:56.366 D/CompatibilityChangeReporter( 1357): Compat change id reported: 177438394; UID 10074; state: DISABLED
06-15 12:56:56.366 D/CompatibilityChangeReporter( 1357): Compat change id reported: 135772972; UID 10074; state: DISABLED
06-15 12:56:56.366 D/CompatibilityChangeReporter( 1357): Compat change id reported: 135754954; UID 10074; state: ENABLED
06-15 12:56:56.366 D/CompatibilityChangeReporter( 1357): Compat change id reported: 143937733; UID 10074; state: ENABLED
06-15 12:56:56.373 D/Zygote ( 687): Forked child process 18112
06-15 12:56:56.374 I/ActivityManager( 1357): Start proc 18112:com.android.launcher3/u0a74 for top-activity {com.android.launcher3/com.android.launcher3.uioverrides.QuickstepLauncher}
06-15 12:56:56.379 I/Zygote (18112): seccomp disabled by setenforce 0
06-15 12:56:56.388 I/adbd ( 6513): jdwp connection from 18112
06-15 12:56:56.389 D/ProcessState(18112): Binder ioctl to enable oneway spam detection failed: Invalid argument
06-15 12:56:56.390 I/[ 7231.779619] binder( 0): 18112:18112 ioctl 40046210 7fcde88de4 returned -22
06-15 12:56:56.397 D/CompatibilityInfo( 1357): mCompatibilityFlags - 4
06-15 12:56:56.397 D/CompatibilityInfo( 1357): applicationDensity - 240
06-15 12:56:56.397 D/CompatibilityInfo( 1357): applicationScale - 1.0
06-15 12:56:56.398 D/CompatibilityInfo( 1357): mCompatibilityFlags - 4
06-15 12:56:56.398 D/CompatibilityInfo( 1357): applicationDensity - 240
06-15 12:56:56.398 D/CompatibilityInfo( 1357): applicationScale - 1.0
06-15 12:56:56.400 D/CompatibilityChangeReporter(18112): Compat change id reported: 171979766; UID 10074; state: ENABLED
06-15 12:56:56.402 D/CompatibilityInfo( 1357): mCompatibilityFlags - 4
06-15 12:56:56.402 D/CompatibilityInfo( 1357): applicationDensity - 240
06-15 12:56:56.402 D/CompatibilityInfo( 1357): applicationScale - 1.0
06-15 12:56:56.410 I/Perf (18112): Connecting to perf service.
06-15 12:56:56.412 V/GraphicsEnvironment(18112): ANGLE Developer option for 'com.android.launcher3' set to: 'default'
06-15 12:56:56.412 V/GraphicsEnvironment(18112): ANGLE GameManagerService for com.android.launcher3: false
06-15 12:56:56.423 I/lowmemorykiller( 515): Kill 'com.android.launcher3' (18112), uid 10074, oom_score_adj 0 to free 71268kB rss, 2544kb swap
06-15 12:56:56.424 I/lowmemorykiller( 515): Reclaimed 71268kB at oom_score_adj 0
06-15 12:56:56.424 I/lowmemorykiller( 515): Suppressed 5 failed kill reports
06-15 12:56:56.426 E/ANDR-PERF-UTIL( 852): Failed to update node /proc/17678/sched_boost with value 0
06-15 12:56:56.427 E/ANDR-PERF-OPTSHANDLER( 852): can't reset task 17678
06-15 12:56:56.428 E/ANDR-PERF-RESOURCEQS( 852): Failed to reset optimization [3, 32]
06-15 12:56:56.450 I/[ 7231.839716] oom_reaper( 0): reaped process 18112 (droid.launcher3), now anon-rss:0kB, file-rss:0kB, shmem-rss:380kB
06-15 12:56:56.451 I/[ 7231.841398] binder( 0): undelivered TRANSACTION_COMPLETE
06-15 12:56:56.451 I/ActivityManager( 1357): Process com.android.launcher3 (pid 18112) has died: fg TOP
06-15 12:56:56.452 I/Zygote ( 687): Process 18112 exited due to signal 9 (Killed)
06-15 12:56:56.452 I/libprocessgroup( 1357): Successfully killed process cgroup uid 10074 pid 18112 in 0ms
06-15 12:56:56.453 W/ActivityManager( 1357): Scheduling restart of crashed service com.android.launcher3/com.android.quickstep.TouchInteractionService in 1180336128ms for connection
06-15 12:56:56.454 D/CompatibilityInfo( 1357): mCompatibilityFlags - 4
06-15 12:56:56.454 D/CompatibilityInfo( 1357): applicationDensity - 240
06-15 12:56:56.455 D/CompatibilityInfo( 1357): applicationScale - 1.0
06-15 12:56:56.457 D/CompatibilityChangeReporter( 1357): Compat change id reported: 135634846; UID 10074; state: DISABLED
06-15 12:56:56.457 D/CompatibilityChangeReporter( 1357): Compat change id reported: 177438394; UID 10074; state: DISABLED
06-15 12:56:56.457 D/CompatibilityChangeReporter( 1357): Compat change id reported: 135772972; UID 10074; state: DISABLED
06-15 12:56:56.457 D/CompatibilityChangeReporter( 1357): Compat change id reported: 135754954; UID 10074; state: ENABLED
06-15 12:56:56.457 D/CompatibilityChangeReporter( 1357): Compat change id reported: 143937733; UID 10074; state: ENABLED
06-15 12:56:56.462 D/Zygote ( 687): Forked child process 18131
06-15 12:56:56.462 I/ActivityManager( 1357): Start proc 18131:com.android.launcher3/u0a74 for top-activity {com.android.launcher3/com.android.launcher3.uioverrides.QuickstepLauncher}
06-15 12:56:56.465 I/Zygote (18131): seccomp disabled by setenforce 0
06-15 12:56:56.470 I/adbd ( 6513): jdwp connection from 18131
06-15 12:56:56.470 I/[ 7231.860327] binder( 0): 18131:18131 ioctl 40046210 7fcde88de4 returned -22
06-15 12:56:56.470 D/ProcessState(18131): Binder ioctl to enable oneway spam detection failed: Invalid argument
06-15 12:56:56.463 I/unknown (18131): type=1400 audit(0.0:19941): avc: denied { connectto } for comm=4144422D4A44575020436F6E6E6563 path=006A6477702D636F6E74726F6C scontext=u:r:priv_app:s0:c512,c768 tcontext=u:r:su:s0 tclass=unix_stream_socket permissive=1
06-15 12:56:56.475 I/lowmemorykiller( 515): proc_get_script: No tasks are found to kill
06-15 12:56:56.475 D/CompatibilityInfo( 1357): mCompatibilityFlags - 4
06-15 12:56:56.475 D/CompatibilityInfo( 1357): applicationDensity - 240
06-15 12:56:56.475 D/CompatibilityInfo( 1357): applicationScale - 1.0
06-15 12:56:56.477 D/CompatibilityInfo( 1357): mCompatibilityFlags - 4
06-15 12:56:56.477 D/CompatibilityInfo( 1357): applicationDensity - 240
06-15 12:56:56.477 D/CompatibilityInfo( 1357): applicationScale - 1.0
06-15 12:56:56.479 D/CompatibilityChangeReporter(18131): Compat change id reported: 171979766; UID 10074; state: ENABLED
06-15 12:56:56.480 D/CompatibilityInfo( 1357): mCompatibilityFlags - 4
06-15 12:56:56.480 D/CompatibilityInfo( 1357): applicationDensity - 240
06-15 12:56:56.480 D/CompatibilityInfo( 1357): applicationScale - 1.0
06-15 12:56:56.487 I/Perf (18131): Connecting to perf service.
06-15 12:56:56.489 I/lowmemorykiller( 515): Kill 'com.android.launcher3' (18131), uid 10074, oom_score_adj 0 to free 71292kB rss, 2544kb swap
06-15 12:56:56.490 I/lowmemorykiller( 515): Reclaimed 71292kB at oom_score_adj 0
06-15 12:56:56.490 I/lowmemorykiller( 515): Suppressed 1 failed kill reports
06-15 12:56:56.515 E/ANDR-PERF-UTIL( 852): Failed to update node /proc/17697/sched_boost with value 0
06-15 12:56:56.515 E/ANDR-PERF-OPTSHANDLER( 852): can't reset task 17697
06-15 12:56:56.515 E/ANDR-PERF-RESOURCEQS( 852): Failed to reset optimization [3, 32]
06-15 12:56:56.516 I/Zygote ( 687): Process 18131 exited due to signal 9 (Killed)
06-15 12:56:56.518 I/[ 7231.904681] oom_reaper( 0): reaped process 18131 (droid.launcher3), now anon-rss:0kB, file-rss:0kB, shmem-rss:380kB
06-15 12:56:56.518 I/[ 7231.908117] binder( 0): undelivered TRANSACTION_COMPLETE
06-15 12:56:56.518 I/ActivityManager( 1357): Process com.android.launcher3 (pid 18131) has died: fg TOP
06-15 12:56:56.518 I/libprocessgroup( 1357): Successfully killed process cgroup uid 10074 pid 18131 in 0ms
06-15 12:56:56.520 W/ActivityManager( 1357): Scheduling restart of crashed service com.android.launcher3/com.android.quickstep.TouchInteractionService in 4721344512ms for connection
06-15 12:56:56.524 D/CompatibilityInfo( 1357): mCompatibilityFlags - 4
06-15 12:56:56.524 D/CompatibilityInfo( 1357): applicationDensity - 240
06-15 12:56:56.524 D/CompatibilityInfo( 1357): applicationScale - 1.0
06-15 12:56:56.526 D/CompatibilityChangeReporter( 1357): Compat change id reported: 135634846; UID 10074; state: DISABLED
06-15 12:56:56.526 D/CompatibilityChangeReporter( 1357): Compat change id reported: 177438394; UID 10074; state: DISABLED
06-15 12:56:56.526 D/CompatibilityChangeReporter( 1357): Compat change id reported: 135772972; UID 10074; state: DISABLED
06-15 12:56:56.526 D/CompatibilityChangeReporter( 1357): Compat change id reported: 135754954; UID 10074; state: ENABLED
06-15 12:56:56.526 D/CompatibilityChangeReporter( 1357): Compat change id reported: 143937733; UID 10074; state: ENABLED
06-15 12:56:56.533 D/Zygote ( 687): Forked child process 18149
06-15 12:56:56.533 I/ActivityManager( 1357): Start proc 18149:com.android.launcher3/u0a74 for top-activity {com.android.launcher3/com.android.launcher3.uioverrides.QuickstepLauncher}
06-15 12:56:56.537 I/Zygote (18149): seccomp disabled by setenforce 0
06-15 12:56:56.545 I/adbd ( 6513): jdwp connection from 18149
06-15 12:56:56.545 D/ProcessState(18149): Binder ioctl to enable oneway spam detection failed: Invalid argument
06-15 12:56:56.546 I/[ 7231.935743] binder( 0): 18149:18149 ioctl 40046210 7fcde88de4 returned -22
06-15 12:56:56.551 D/CompatibilityInfo( 1357): mCompatibilityFlags - 4
06-15 12:56:56.551 D/CompatibilityInfo( 1357): applicationDensity - 240
06-15 12:56:56.551 D/CompatibilityInfo( 1357): applicationScale - 1.0
06-15 12:56:56.552 D/CompatibilityInfo( 1357): mCompatibilityFlags - 4
06-15 12:56:56.552 D/CompatibilityInfo( 1357): applicationDensity - 240
06-15 12:56:56.552 D/CompatibilityInfo( 1357): applicationScale - 1.0
06-15 12:56:56.554 D/CompatibilityChangeReporter(18149): Compat change id reported: 171979766; UID 10074; state: ENABLED
06-15 12:56:56.555 D/CompatibilityInfo( 1357): mCompatibilityFlags - 4
06-15 12:56:56.555 D/CompatibilityInfo( 1357): applicationDensity - 240
06-15 12:56:56.556 D/CompatibilityInfo( 1357): applicationScale - 1.0
06-15 12:56:56.562 I/Perf (18149): Connecting to perf service.
06-15 12:56:56.566 I/lowmemorykiller( 515): Kill 'com.android.launcher3' (18149), uid 10074, oom_score_adj 0 to free 71232kB rss, 2544kb swap
06-15 12:56:56.566 I/lowmemorykiller( 515): Reclaimed 71232kB at oom_score_adj 0
06-15 12:56:56.566 I/lowmemorykiller( 515): Suppressed 4 failed kill reports
06-15 12:56:56.590 E/ANDR-PERF-UTIL( 852): Failed to update node /proc/17714/sched_boost with value 0
06-15 12:56:56.591 E/ANDR-PERF-OPTSHANDLER( 852): can't reset task 17714
06-15 12:56:56.591 E/ANDR-PERF-RESOURCEQS( 852): Failed to reset optimization [3, 32]
06-15 12:56:56.602 E/[ 7231.978767] [MAX975X( 0): max96755x_vc1_lcd_dtc_check] *ERROR* DTC_Display: screen not ready(0), bl_sta(1), lvl(20)
06-15 12:56:56.608 I/Zygote ( 687): Process 18149 exited due to signal 9 (Killed)
06-15 12:56:56.610 I/[ 7231.996772] oom_reaper( 0): reaped process 18149 (droid.launcher3), now anon-rss:0kB, file-rss:0kB, shmem-rss:380kB
06-15 12:56:56.610 I/[ 7232.000102] binder( 0): undelivered TRANSACTION_COMPLETE
06-15 12:56:56.610 I/ActivityManager( 1357): Process com.android.launcher3 (pid 18149) has died: fg TOP
06-15 12:56:56.610 I/libprocessgroup( 1357): Successfully killed process cgroup uid 10074 pid 18149 in 0ms
06-15 12:56:56.611 W/ActivityManager( 1357): Scheduling restart of crashed service com.android.launcher3/com.android.quickstep.TouchInteractionService in 18885378048ms for connection
06-15 12:56:56.614 D/CompatibilityInfo( 1357): mCompatibilityFlags - 4
06-15 12:56:56.614 D/CompatibilityInfo( 1357): applicationDensity - 240
06-15 12:56:56.614 D/CompatibilityInfo( 1357): applicationScale - 1.0
06-15 12:56:56.615 D/CompatibilityChangeReporter( 1357): Compat change id reported: 135634846; UID 10074; state: DISABLED
06-15 12:56:56.615 D/CompatibilityChangeReporter( 1357): Compat change id reported: 177438394; UID 10074; state: DISABLED
06-15 12:56:56.615 D/CompatibilityChangeReporter( 1357): Compat change id reported: 135772972; UID 10074; state: DISABLED
06-15 12:56:56.615 D/CompatibilityChangeReporter( 1357): Compat change id reported: 135754954; UID 10074; state: ENABLED
06-15 12:56:56.615 D/CompatibilityChangeReporter( 1357): Compat change id reported: 143937733; UID 10074; state: ENABLED
06-15 12:56:56.621 D/Zygote ( 687): Forked child process 18167
06-15 12:56:56.621 I/ActivityManager( 1357): Start proc 18167:com.android.launcher3/u0a74 for top-activity {com.android.launcher3/com.android.launcher3.uioverrides.QuickstepLauncher}
06-15 12:56:56.625 I/Zygote (18167): seccomp disabled by setenforce 0
06-15 12:56:56.634 I/adbd ( 6513): jdwp connection from 18167
06-15 12:56:56.635 D/ProcessState(18167): Binder ioctl to enable oneway spam detection failed: Invalid argument
06-15 12:56:56.638 I/[ 7232.025079] binder( 0): 18167:18167 ioctl 40046210 7fcde88de4 returned -22
06-15 12:56:56.642 D/CompatibilityInfo( 1357): mCompatibilityFlags - 4
06-15 12:56:56.642 D/CompatibilityInfo( 1357): applicationDensity - 240
06-15 12:56:56.642 D/CompatibilityInfo( 1357): applicationScale - 1.0
06-15 12:56:56.643 D/CompatibilityInfo( 1357): mCompatibilityFlags - 4
06-15 12:56:56.643 D/CompatibilityInfo( 1357): applicationDensity - 240
06-15 12:56:56.643 D/CompatibilityInfo( 1357): applicationScale - 1.0
06-15 12:56:56.646 D/CompatibilityChangeReporter(18167): Compat change id reported: 171979766; UID 10074; state: ENABLED
06-15 12:56:56.647 D/CompatibilityInfo( 1357): mCompatibilityFlags - 4
06-15 12:56:56.647 D/CompatibilityInfo( 1357): applicationDensity - 240
06-15 12:56:56.647 D/CompatibilityInfo( 1357): applicationScale - 1.0
06-15 12:56:56.659 I/lowmemorykiller( 515): Kill 'com.android.launcher3' (18167), uid 10074, oom_score_adj 0 to free 71216kB rss, 2544kb swap
06-15 12:56:56.659 I/lowmemorykiller( 515): Reclaimed 71216kB at oom_score_adj 0
06-15 12:56:56.660 I/lowmemorykiller( 515): Suppressed 4 failed kill reports
06-15 12:56:56.676 E/ANDR-PERF-UTIL( 852): Failed to update node /proc/17732/sched_boost with value 0
06-15 12:56:56.676 E/ANDR-PERF-OPTSHANDLER( 852): can't reset task 17732
06-15 12:56:56.676 E/ANDR-PERF-RESOURCEQS( 852): Failed to reset optimization [3, 32]
06-15 12:56:56.697 I/[ 7232.087484] oom_reaper( 0): reaped process 18167 (droid.launcher3), now anon-rss:0kB, file-rss:0kB, shmem-rss:380kB
06-15 12:56:56.699 I/Zygote ( 687): Process 18167 exited due to signal 9 (Killed)
06-15 12:56:56.706 I/ActivityManager( 1357): Process com.android.launcher3 (pid 18167) has died: fg TOP
06-15 12:56:56.706 W/ActivityManager( 1357): Scheduling restart of crashed service com.android.launcher3/com.android.quickstep.TouchInteractionService in 75541512192ms for connection
06-15 12:56:56.707 D/CompatibilityInfo( 1357): mCompatibilityFlags - 4
06-15 12:56:56.707 D/CompatibilityInfo( 1357): applicationDensity - 240
06-15 12:56:56.707 D/CompatibilityInfo( 1357): applicationScale - 1.0
06-15 12:56:56.708 D/CompatibilityChangeReporter( 1357): Compat change id reported: 135634846; UID 10074; state: DISABLED
06-15 12:56:56.708 D/CompatibilityChangeReporter( 1357): Compat change id reported: 177438394; UID 10074; state: DISABLED
06-15 12:56:56.708 D/CompatibilityChangeReporter( 1357): Compat change id reported: 135772972; UID 10074; state: DISABLED
06-15 12:56:56.708 D/CompatibilityChangeReporter( 1357): Compat change id reported: 135754954; UID 10074; state: ENABLED
06-15 12:56:56.708 D/CompatibilityChangeReporter( 1357): Compat change id reported: 143937733; UID 10074; state: ENABLED
06-15 12:56:56.709 I/libprocessgroup( 1357): Successfully killed process cgroup uid 10074 pid 18167 in 3ms
06-15 12:56:56.714 D/Zygote ( 687): Forked child process 18185
06-15 12:56:56.714 I/ActivityManager( 1357): Start proc 18185:com.android.launcher3/u0a74 for top-activity {com.android.launcher3/com.android.launcher3.uioverrides.QuickstepLauncher}
06-15 12:56:56.719 I/Zygote (18185): seccomp disabled by setenforce 0
06-15 12:56:56.726 I/lowmemorykiller( 515): proc_get_script: No tasks are found to kill
06-15 12:56:56.731 W/[ 7232.117536] audit( 0): audit_lost=16890 audit_rate_limit=5 audit_backlog_limit=64
06-15 12:56:56.731 E/[ 7232.117539] audit( 0): rate limit exceeded
06-15 12:56:56.731 I/adbd ( 6513): jdwp connection from 18185
06-15 12:56:56.733 D/ProcessState(18185): Binder ioctl to enable oneway spam detection failed: Invalid argument
06-15 12:56:56.734 I/[ 7232.123272] binder( 0): 18185:18185 ioctl 40046210 7fcde88de4 returned -22
06-15 12:56:56.739 D/CompatibilityInfo( 1357): mCompatibilityFlags - 4
06-15 12:56:56.739 D/CompatibilityInfo( 1357): applicationDensity - 240
06-15 12:56:56.739 D/CompatibilityInfo( 1357): applicationScale - 1.0
06-15 12:56:56.740 D/CompatibilityInfo( 1357): mCompatibilityFlags - 4
06-15 12:56:56.740 D/CompatibilityInfo( 1357): applicationDensity - 240
06-15 12:56:56.740 D/CompatibilityInfo( 1357): applicationScale - 1.0
06-15 12:56:56.743 D/CompatibilityChangeReporter(18185): Compat change id reported: 171979766; UID 10074; state: ENABLED
06-15 12:56:56.744 D/CompatibilityInfo( 1357): mCompatibilityFlags - 4
06-15 12:56:56.744 D/CompatibilityInfo( 1357): applicationDensity - 240
06-15 12:56:56.744 D/CompatibilityInfo( 1357): applicationScale - 1.0
06-15 12:56:56.754 I/lowmemorykiller( 515): Kill 'com.android.launcher3' (18185), uid 10074, oom_score_adj 0 to free 71100kB rss, 2544kb swap
06-15 12:56:56.754 I/lowmemorykiller( 515): Reclaimed 71100kB at oom_score_adj 0
06-15 12:56:56.754 I/lowmemorykiller( 515): Suppressed 2 failed kill reports
06-15 12:56:56.780 E/ANDR-PERF-UTIL( 852): Failed to update node /proc/17750/sched_boost with value 0
06-15 12:56:56.782 E/ANDR-PERF-OPTSHANDLER( 852): can't reset task 17750
06-15 12:56:56.782 E/ANDR-PERF-RESOURCEQS( 852): Failed to reset optimization [3, 32]
06-15 12:56:56.790 I/[ 7232.179145] oom_reaper( 0): reaped process 18185 (droid.launcher3), now anon-rss:0kB, file-rss:0kB, shmem-rss:380kB
06-15 12:56:56.791 I/ActivityManager( 1357): Process com.android.launcher3 (pid 18185) has died: fg TOP
06-15 12:56:56.791 I/Zygote ( 687): Process 18185 exited due to signal 9 (Killed)
06-15 12:56:56.791 I/libprocessgroup( 1357): Successfully killed process cgroup uid 10074 pid 18185 in 0ms
06-15 12:56:56.792 W/ActivityManager( 1357): Scheduling restart of crashed service com.android.launcher3/com.android.quickstep.TouchInteractionService in 302166048768ms for connection
06-15 12:56:56.794 D/CompatibilityInfo( 1357): mCompatibilityFlags - 4
06-15 12:56:56.794 D/CompatibilityInfo( 1357): applicationDensity - 240
06-15 12:56:56.794 D/CompatibilityInfo( 1357): applicationScale - 1.0
06-15 12:56:56.797 D/CompatibilityChangeReporter( 1357): Compat change id reported: 135634846; UID 10074; state: DISABLED
06-15 12:56:56.797 D/CompatibilityChangeReporter( 1357): Compat change id reported: 177438394; UID 10074; state: DISABLED
06-15 12:56:56.797 D/CompatibilityChangeReporter( 1357): Compat change id reported: 135772972; UID 10074; state: DISABLED
06-15 12:56:56.797 D/CompatibilityChangeReporter( 1357): Compat change id reported: 135754954; UID 10074; state: ENABLED
06-15 12:56:56.797 D/CompatibilityChangeReporter( 1357): Compat change id reported: 143937733; UID 10074; state: ENABLED
06-15 12:56:56.802 D/Zygote ( 687): Forked child process 18202
06-15 12:56:56.802 I/ActivityManager( 1357): Start proc 18202:com.android.launcher3/u0a74 for top-activity {com.android.launcher3/com.android.launcher3.uioverrides.QuickstepLauncher}
06-15 12:56:56.805 I/Zygote (18202): seccomp disabled by setenforce 0
06-15 12:56:56.814 I/adbd ( 6513): jdwp connection from 18202
06-15 12:56:56.815 D/ProcessState(18202): Binder ioctl to enable oneway spam detection failed: Invalid argument
06-15 12:56:56.818 I/[ 7232.205014] binder( 0): 18202:18202 ioctl 40046210 7fcde88de4 returned -22
06-15 12:56:56.821 D/CompatibilityInfo( 1357): mCompatibilityFlags - 4
06-15 12:56:56.821 D/CompatibilityInfo( 1357): applicationDensity - 240
06-15 12:56:56.821 D/CompatibilityInfo( 1357): applicationScale - 1.0
06-15 12:56:56.822 D/CompatibilityInfo( 1357): mCompatibilityFlags - 4
06-15 12:56:56.822 D/CompatibilityInfo( 1357): applicationDensity - 240
06-15 12:56:56.822 D/CompatibilityInfo( 1357): applicationScale - 1.0
06-15 12:56:56.824 D/CompatibilityChangeReporter(18202): Compat change id reported: 171979766; UID 10074; state: ENABLED
06-15 12:56:56.827 D/CompatibilityInfo( 1357): mCompatibilityFlags - 4
06-15 12:56:56.828 D/CompatibilityInfo( 1357): applicationDensity - 240
06-15 12:56:56.828 D/CompatibilityInfo( 1357): applicationScale - 1.0
06-15 12:56:56.846 I/lowmemorykiller( 515): Kill 'com.android.launcher3' (18202), uid 10074, oom_score_adj 0 to free 66960kB rss, 2552kb swap
06-15 12:56:56.847 I/lowmemorykiller( 515): Reclaimed 66960kB at oom_score_adj 0
06-15 12:56:56.847 I/lowmemorykiller( 515): Suppressed 3 failed kill reports
06-15 12:56:56.858 E/ANDR-PERF-UTIL( 852): Failed to update node /proc/17768/sched_boost with value 0
06-15 12:56:56.858 E/ANDR-PERF-OPTSHANDLER( 852): can't reset task 17768
06-15 12:56:56.858 E/ANDR-PERF-RESOURCEQS( 852): Failed to reset optimization [3, 32]
06-15 12:56:56.860 I/ActivityManager( 1357): Process com.android.launcher3 (pid 18202) has died: fg TOP
06-15 12:56:56.860 I/Zygote ( 687): Process 18202 exited due to signal 9 (Killed)
06-15 12:56:56.860 I/libprocessgroup( 1357): Successfully killed process cgroup uid 10074 pid 18202 in 0ms
06-15 12:56:56.861 W/ActivityManager( 1357): Scheduling restart of crashed service com.android.launcher3/com.android.quickstep.TouchInteractionService in 1208664195072ms for connection
06-15 12:56:56.862 I/[ 7232.248340] oom_reaper( 0): reaped process 18202 (droid.launcher3), now anon-rss:0kB, file-rss:0kB, shmem-rss:380kB
06-15 12:56:56.864 D/CompatibilityInfo( 1357): mCompatibilityFlags - 4
06-15 12:56:56.864 D/CompatibilityInfo( 1357): applicationDensity - 240
06-15 12:56:56.864 D/CompatibilityInfo( 1357): applicationScale - 1.0
06-15 12:56:56.865 D/CompatibilityChangeReporter( 1357): Compat change id reported: 135634846; UID 10074; state: DISABLED
06-15 12:56:56.865 D/CompatibilityChangeReporter( 1357): Compat change id reported: 177438394; UID 10074; state: DISABLED
06-15 12:56:56.865 D/CompatibilityChangeReporter( 1357): Compat change id reported: 135772972; UID 10074; state: DISABLED
06-15 12:56:56.865 D/CompatibilityChangeReporter( 1357): Compat change id reported: 135754954; UID 10074; state: ENABLED
06-15 12:56:56.866 D/CompatibilityChangeReporter( 1357): Compat change id reported: 143937733; UID 10074; state: ENABLED
06-15 12:56:56.872 D/Zygote ( 687): Forked child process 18220
06-15 12:56:56.873 I/ActivityManager( 1357): Start proc 18220:com.android.launcher3/u0a74 for top-activity {com.android.launcher3/com.android.launcher3.uioverrides.QuickstepLauncher}
06-15 12:56:56.876 I/Zygote (18220): seccomp disabled by setenforce 0
06-15 12:56:56.883 I/adbd ( 6513): jdwp connection from 18220
06-15 12:56:56.884 D/ProcessState(18220): Binder ioctl to enable oneway spam detection failed: Invalid argument
06-15 12:56:56.886 I/[ 7232.274265] binder( 0): 18220:18220 ioctl 40046210 7fcde88de4 returned -22
06-15 12:56:56.890 D/CompatibilityInfo( 1357): mCompatibilityFlags - 4
06-15 12:56:56.890 D/CompatibilityInfo( 1357): applicationDensity - 240
06-15 12:56:56.890 D/CompatibilityInfo( 1357): applicationScale - 1.0
06-15 12:56:56.891 D/CompatibilityInfo( 1357): mCompatibilityFlags - 4
06-15 12:56:56.891 D/CompatibilityInfo( 1357): applicationDensity - 240
06-15 12:56:56.891 D/CompatibilityInfo( 1357): applicationScale - 1.0
06-15 12:56:56.894 D/CompatibilityChangeReporter(18220): Compat change id reported: 171979766; UID 10074; state: ENABLED
06-15 12:56:56.895 D/CompatibilityInfo( 1357): mCompatibilityFlags - 4
06-15 12:56:56.895 D/CompatibilityInfo( 1357): applicationDensity - 240
06-15 12:56:56.895 D/CompatibilityInfo( 1357): applicationScale - 1.0
06-15 12:56:56.905 I/Perf (18220): Connecting to perf service.
06-15 12:56:56.910 W/[ 7232.299161] add_to_oom_reaper( 0): 53 callbacks suppressed
06-15 12:56:56.910 W/[ 7232.299165] Mem-Info( 0):
06-15 12:56:56.910 W/[ 7232.299179] active_anon( 0): 140045 inactive_anon:34826 isolated_anon:0
06-15 12:56:56.910 W/[ 7232.299179] active_file( 0): 227163 inactive_file:759326 isolated_file:0
06-15 12:56:56.910 W/[ 7232.299179] unevictable( 0): 28702 dirty:65323 writeback:0 unstable:0
06-15 12:56:56.910 W/[ 7232.299179] slab_reclaimable( 0): 28159 slab_unreclaimable:45531
06-15 12:56:56.910 W/[ 7232.299179] mapped( 0): 58905 shmem:2792 pagetables:14147 bounce:0
06-15 12:56:56.910 W/[ 7232.299179] free( 0): 485813 free_pcp:3105 free_cma:73034
06-15 12:56:56.911 W/ ( 0): [ 7232.299189] Node 0 active_anon:560180kB inactive_anon:139304kB active_file:908652kB inactive_file:3037304kB unevictable:114808kB isolated(anon):0kB isolated(file):0kB mapped:235620kB dirty:261292kB writeback:0kB shmem:11168kB writeback_tmp:0kB unstable:0kB all_unreclaimable? no
06-15 12:56:56.911 W/ ( 0): [ 7232.299201] Normal free:418340kB min:7040kB low:41492kB high:43252kB active_anon:15604kB inactive_anon:138112kB active_file:908652kB inactive_file:3037304kB unevictable:114060kB writepending:261292kB present:5960896kB managed:5799092kB mlocked:114060kB kernel_stack:31376kB pagetables:56588kB bounce:0kB free_pcp:7980kB local_pcp:1292kB free_cma:292136kB
06-15 12:56:56.911 W/[ 7232.299203] lowmem_reserve[]( 0): 0 16384
06-15 12:56:56.911 W/ ( 0): [ 7232.299217] Movable free:1524912kB min:2544kB low:15000kB high:15636kB active_anon:544576kB inactive_anon:1192kB active_file:0kB inactive_file:0kB unevictable:748kB writepending:0kB present:2097152kB managed:2097152kB mlocked:748kB kernel_stack:0kB pagetables:0kB bounce:0kB free_pcp:4440kB local_pcp:376kB free_cma:0kB
06-15 12:56:56.911 W/[ 7232.299218] lowmem_reserve[]( 0): 0 0
06-15 12:56:56.911 W/[ 7232.299223] Normal( 0): 3208*4kB (UECH) 2469*8kB (UMECH) 1323*16kB (UMECH) 388*32kB (UMECH) 639*64kB (UMECH) 144*128kB (UMCH) 65*256kB (CH) 36*512kB (CH) 32*1024kB (CH) 20*2048kB (C) 45*4096kB (C) = 418616kB
06-15 12:56:56.911 W/[ 7232.299317] Movable( 0): 19556*4kB (M) 18802*8kB (M) 14095*16kB (M) 9459*32kB (M) 5157*64kB (M) 2048*128kB (M) 397*256kB (M) 59*512kB (M) 15*1024kB (M) 8*2048kB (M) 3*4096kB (M) = 1524912kB
06-15 12:56:56.911 W/ ( 0): [ 7232.299375] 1035229 total pagecache pages
06-15 12:56:56.911 W/ ( 0): [ 7232.299379] 17614 pages in swap cache
06-15 12:56:56.911 W/ ( 0): [ 7232.299382] Swap cache stats: add 345316, delete 327726, find 136779/302049
06-15 12:56:56.911 W/ ( 0): [ 7232.299384] Free swap = 4057460kB
06-15 12:56:56.911 W/ ( 0): [ 7232.299387] Total swap = 4194300kB
06-15 12:56:56.911 W/ ( 0): [ 7232.299389] 2014512 pages RAM
06-15 12:56:56.911 W/ ( 0): [ 7232.299391] 0 pages HighMem/MovableOnly
06-15 12:56:56.911 W/ ( 0): [ 7232.299393] 40451 pages reserved
06-15 12:56:56.911 W/ ( 0): [ 7232.299395] 89088 pages cma reserved
06-15 12:56:56.911 I/[ 7232.299402] cma( 0): cma-0 pages: => 0 used of 4096 total pages
06-15 12:56:56.911 I/[ 7232.299434] cma( 0): cma-1 pages: => 722 used of 8192 total pages
06-15 12:56:56.911 I/[ 7232.299443] cma( 0): cma-2 pages: => 0 used of 4096 total pages
06-15 12:56:56.911 I/[ 7232.299492] cma( 0): cma-3 pages: => 0 used of 41984 total pages
06-15 12:56:56.911 I/[ 7232.299511] cma( 0): cma-4 pages: => 3810 used of 5120 total pages
06-15 12:56:56.911 I/[ 7232.299527] cma( 0): cma-5 pages: => 9851 used of 10240 total pages
06-15 12:56:56.911 I/[ 7232.299545] cma( 0): cma-6 pages: => 0 used of 4096 total pages
06-15 12:56:56.911 I/[ 7232.299550] cma( 0): cma-7 pages: => 768 used of 1024 total pages
06-15 12:56:56.911 I/[ 7232.299569] cma( 0): cma-8 pages: => 203 used of 5120 total pages
06-15 12:56:56.911 I/[ 7232.299576] cma( 0): cma-9 pages: => 0 used of 2048 total pages
06-15 12:56:56.911 I/[ 7232.299597] cma( 0): cma-10 pages: => 512 used of 3072 total pages
06-15 12:56:56.913 I/lowmemorykiller( 515): Kill 'com.android.launcher3' (18220), uid 10074, oom_score_adj 0 to free 71168kB rss, 2544kb swap
06-15 12:56:56.914 I/lowmemorykiller( 515): Reclaimed 71168kB at oom_score_adj 0
06-15 12:56:56.914 I/lowmemorykiller( 515): Suppressed 4 failed kill reports
06-15 12:56:56.945 E/ANDR-PERF-UTIL( 852): Failed to update node /proc/17786/sched_boost with value 0
06-15 12:56:56.946 E/ANDR-PERF-OPTSHANDLER( 852): can't reset task 17786
06-15 12:56:56.947 E/ANDR-PERF-RESOURCEQS( 852): Failed to reset optimization [3, 32]
06-15 12:56:56.953 I/[ 7232.342148] oom_reaper( 0): reaped process 18220 (droid.launcher3), now anon-rss:0kB, file-rss:0kB, shmem-rss:380kB
06-15 12:56:56.953 I/[ 7232.343692] binder( 0): undelivered TRANSACTION_COMPLETE
06-15 12:56:56.954 I/Zygote ( 687): Process 18220 exited due to signal 9 (Killed)
06-15 12:56:56.954 I/ActivityManager( 1357): Process com.android.launcher3 (pid 18220) has died: fg TOP
06-15 12:56:56.954 I/libprocessgroup( 1357): Successfully killed process cgroup uid 10074 pid 18220 in 0ms
06-15 12:56:56.956 W/ActivityManager( 1357): Scheduling restart of crashed service com.android.launcher3/com.android.quickstep.TouchInteractionService in 4834656780288ms for connection
06-15 12:56:56.958 D/CompatibilityInfo( 1357): mCompatibilityFlags - 4
06-15 12:56:56.958 D/CompatibilityInfo( 1357): applicationDensity - 240
06-15 12:56:56.958 D/CompatibilityInfo( 1357): applicationScale - 1.0
06-15 12:56:56.960 D/CompatibilityChangeReporter( 1357): Compat change id reported: 135634846; UID 10074; state: DISABLED
06-15 12:56:56.960 D/CompatibilityChangeReporter( 1357): Compat change id reported: 177438394; UID 10074; state: DISABLED
06-15 12:56:56.960 D/CompatibilityChangeReporter( 1357): Compat change id reported: 135772972; UID 10074; state: DISABLED
06-15 12:56:56.960 D/CompatibilityChangeReporter( 1357): Compat change id reported: 135754954; UID 10074; state: ENABLED
06-15 12:56:56.960 D/CompatibilityChangeReporter( 1357): Compat change id reported: 143937733; UID 10074; state: ENABLED
06-15 12:56:56.967 D/Zygote ( 687): Forked child process 18238
06-15 12:56:56.967 I/ActivityManager( 1357): Start proc 18238:com.android.launcher3/u0a74 for top-activity {com.android.launcher3/com.android.launcher3.uioverrides.QuickstepLauncher}
06-15 12:56:56.970 I/Zygote (18238): seccomp disabled by setenforce 0
06-15 12:56:56.973 W/OverviewProxyService( 2287): Binder supposed established connection but actual connection to service timed out, trying again
06-15 12:56:56.974 W/OverviewProxyService( 2287): Failed to connect on attempt 3 will try again in 4000ms
06-15 12:56:56.978 I/adbd ( 6513): jdwp connection from 18238
06-15 12:56:56.978 I/lowmemorykiller( 515): proc_get_script: No tasks are found to kill
06-15 12:56:56.979 D/ProcessState(18238): Binder ioctl to enable oneway spam detection failed: Invalid argument
06-15 12:56:56.982 I/[ 7232.369296] binder( 0): 18238:18238 ioctl 40046210 7fcde88de4 returned -22
06-15 12:56:56.985 D/CompatibilityInfo( 1357): mCompatibilityFlags - 4
06-15 12:56:56.985 D/CompatibilityInfo( 1357): applicationDensity - 240
06-15 12:56:56.985 D/CompatibilityInfo( 1357): applicationScale - 1.0
06-15 12:56:56.986 D/CompatibilityInfo( 1357): mCompatibilityFlags - 4
06-15 12:56:56.986 D/CompatibilityInfo( 1357): applicationDensity - 240
06-15 12:56:56.986 D/CompatibilityInfo( 1357): applicationScale - 1.0
06-15 12:56:56.989 D/CompatibilityChangeReporter(18238): Compat change id reported: 171979766; UID 10074; state: ENABLED
06-15 12:56:56.990 D/CompatibilityInfo( 1357): mCompatibilityFlags - 4
06-15 12:56:56.990 D/CompatibilityInfo( 1357): applicationDensity - 240
06-15 12:56:56.991 D/CompatibilityInfo( 1357): applicationScale - 1.0
06-15 12:56:56.994 I/lowmemorykiller( 515): Kill 'com.android.launcher3' (18238), uid 10074, oom_score_adj 0 to free 70712kB rss, 2544kb swap
06-15 12:56:56.994 I/lowmemorykiller( 515): Reclaimed 70712kB at oom_score_adj 0
06-15 12:56:56.994 I/lowmemorykiller( 515): Suppressed 1 failed kill reports
06-15 12:56:56.995 W/[ 7232.383272] Mem-Info( 0):
06-15 12:56:56.995 W/[ 7232.383307] active_anon( 0): 139863 inactive_anon:34826 isolated_anon:0
06-15 12:56:56.995 W/[ 7232.383307] active_file( 0): 227163 inactive_file:759326 isolated_file:0
06-15 12:56:56.995 W/[ 7232.383307] unevictable( 0): 28702 dirty:65323 writeback:0 unstable:0
06-15 12:56:56.995 W/[ 7232.383307] slab_reclaimable( 0): 28159 slab_unreclaimable:45551
06-15 12:56:56.995 W/[ 7232.383307] mapped( 0): 58801 shmem:2792 pagetables:14130 bounce:0
06-15 12:56:56.995 W/[ 7232.383307] free( 0): 485834 free_pcp:3272 free_cma:73034
06-15 12:56:56.995 W/ ( 0): [ 7232.383323] Node 0 active_anon:559452kB inactive_anon:139304kB active_file:908652kB inactive_file:3037304kB unevictable:114808kB isolated(anon):0kB isolated(file):0kB mapped:235204kB dirty:261292kB writeback:0kB shmem:11168kB writeback_tmp:0kB unstable:0kB all_unreclaimable? no
06-15 12:56:56.995 W/ ( 0): [ 7232.383365] Normal free:418424kB min:7040kB low:41492kB high:43252kB active_anon:14980kB inactive_anon:138112kB active_file:908652kB inactive_file:3037304kB unevictable:114060kB writepending:261292kB present:5960896kB managed:5799092kB mlocked:114060kB kernel_stack:31172kB pagetables:56520kB bounce:0kB free_pcp:8664kB local_pcp:1320kB free_cma:292136kB
06-15 12:56:56.995 W/[ 7232.383369] lowmem_reserve[]( 0): 0 16384
06-15 12:56:56.995 W/ ( 0): [ 7232.383381] Movable free:1524912kB min:2544kB low:15000kB high:15636kB active_anon:544472kB inactive_anon:1192kB active_file:0kB inactive_file:0kB unevictable:748kB writepending:0kB present:2097152kB managed:2097152kB mlocked:748kB kernel_stack:0kB pagetables:0kB bounce:0kB free_pcp:4440kB local_pcp:4kB free_cma:0kB
06-15 12:56:56.995 W/[ 7232.383383] lowmem_reserve[]( 0): 0 0
06-15 12:56:56.995 W/[ 7232.383388] Normal( 0): 3196*4kB (UECH) 2473*8kB (UMECH) 1321*16kB (UMECH) 388*32kB (UMECH) 639*64kB (UMECH) 144*128kB (UMCH) 65*256kB (CH) 36*512kB (CH) 32*1024kB (CH) 20*2048kB (C) 45*4096kB (C) = 418568kB
06-15 12:56:56.995 W/[ 7232.383424] Movable( 0): 19556*4kB (M) 18802*8kB (M) 14095*16kB (M) 9459*32kB (M) 5157*64kB (M) 2048*128kB (M) 397*256kB (M) 59*512kB (M) 15*1024kB (M) 8*2048kB (M) 3*4096kB (M) = 1524912kB
06-15 12:56:56.995 W/ ( 0): [ 7232.383452] 1035229 total pagecache pages
06-15 12:56:56.995 W/ ( 0): [ 7232.383461] 17614 pages in swap cache
06-15 12:56:56.995 W/ ( 0): [ 7232.383469] Swap cache stats: add 345316, delete 327726, find 136805/302075
06-15 12:56:56.995 W/ ( 0): [ 7232.383472] Free swap = 4057460kB
06-15 12:56:56.995 W/ ( 0): [ 7232.383477] Total swap = 4194300kB
06-15 12:56:56.995 W/ ( 0): [ 7232.383482] 2014512 pages RAM
06-15 12:56:56.995 W/ ( 0): [ 7232.383484] 0 pages HighMem/MovableOnly
