06-15 12:48:04.255 D/PowerManagerService( 1357): updateDisplayPowerStateLocked: displayReady=true, groupId=0, policy=OFF, mWakefulness=Asleep, mWakeLockSummary=0x1, mUserActivitySummary=0x0, mBootCompleted=true, screenBrightnessOverride=NaN, useAutoBrightness=true, mScreenBrightnessBoostInProgress=false, mIsVrModeEnabled= false, sQuiescent=false
06-15 12:48:04.255 D/PowerManagerNotifier( 1357): onWakeLockAcquired: flags=1, tag="*sync*/com.tencent.android.qqdownloader.YYBLiveAccountProvider/com.tencent.android.qqdownloader.YYBLiveAccountProvider.account/应用宝", packageName=android, ownerUid=1000, ownerPid=1357, workSource=WorkSource{10117}
06-15 12:48:04.259 D/PowerManagerService( 1357): releaseWakeLockInternal: lock=231804768 [SyncLoopWakeLock], flags=0x0
06-15 12:48:04.259 D/PowerManagerNotifier( 1357): onWakeLockReleased: flags=1, tag="SyncLoopWakeLock", packageName=android, ownerUid=1000, ownerPid=1357, workSource=null
06-15 12:48:04.259 D/PowerManagerService( 1357): updateWakeLockSummaryLocked: mWakefulness=Asleep, mWakeLockSummary=0x1
06-15 12:48:04.259 D/PowerManagerService( 1357): updateUserActivitySummaryLocked: groupId=0, mWakefulness=Asleep, mUserActivitySummary=0x0, nextTimeout=0 (6700020 ms ago)
06-15 12:48:04.259 D/PowerManagerNotifier( 1357): onScreenPolicyUpdate: newPolicy=0
06-15 12:48:04.259 D/PowerManagerService( 1357): updateDisplayPowerStateLocked: displayReady=true, groupId=0, policy=OFF, mWakefulness=Asleep, mWakeLockSummary=0x1, mUserActivitySummary=0x0, mBootCompleted=true, screenBrightnessOverride=NaN, useAutoBrightness=true, mScreenBrightnessBoostInProgress=false, mIsVrModeEnabled= false, sQuiescent=false
06-15 12:48:04.268 D/PowerManagerService( 1357): acquireWakeLockInternal: lock=231804768, flags=0x1, tag="SyncLoopWakeLock", ws=null, uid=1000, pid=1357
06-15 12:48:04.268 D/PowerManagerService( 1357): updateWakeLockSummaryLocked: mWakefulness=Asleep, mWakeLockSummary=0x1
06-15 12:48:04.268 D/PowerManagerService( 1357): updateUserActivitySummaryLocked: groupId=0, mWakefulness=Asleep, mUserActivitySummary=0x0, nextTimeout=0 (6700028 ms ago)
06-15 12:48:04.268 D/PowerManagerNotifier( 1357): onScreenPolicyUpdate: newPolicy=0
06-15 12:48:04.268 D/PowerManagerService( 1357): updateDisplayPowerStateLocked: displayReady=true, groupId=0, policy=OFF, mWakefulness=Asleep, mWakeLockSummary=0x1, mUserActivitySummary=0x0, mBootCompleted=true, screenBrightnessOverride=NaN, useAutoBrightness=true, mScreenBrightnessBoostInProgress=false, mIsVrModeEnabled= false, sQuiescent=false
06-15 12:48:04.268 D/PowerManagerNotifier( 1357): onWakeLockAcquired: flags=1, tag="SyncLoopWakeLock", packageName=android, ownerUid=1000, ownerPid=1357, workSource=null
06-15 12:48:04.269 D/PowerManagerService( 1357): releaseWakeLockInternal: lock=231804768 [SyncLoopWakeLock], flags=0x0
06-15 12:48:04.269 D/PowerManagerNotifier( 1357): onWakeLockReleased: flags=1, tag="SyncLoopWakeLock", packageName=android, ownerUid=1000, ownerPid=1357, workSource=null
06-15 12:48:04.269 D/PowerManagerService( 1357): updateWakeLockSummaryLocked: mWakefulness=Asleep, mWakeLockSummary=0x1
06-15 12:48:04.269 D/PowerManagerService( 1357): updateUserActivitySummaryLocked: groupId=0, mWakefulness=Asleep, mUserActivitySummary=0x0, nextTimeout=0 (6700029 ms ago)
06-15 12:48:04.269 D/PowerManagerNotifier( 1357): onScreenPolicyUpdate: newPolicy=0
06-15 12:48:04.269 D/PowerManagerService( 1357): updateDisplayPowerStateLocked: displayReady=true, groupId=0, policy=OFF, mWakefulness=Asleep, mWakeLockSummary=0x1, mUserActivitySummary=0x0, mBootCompleted=true, screenBrightnessOverride=NaN, useAutoBrightness=true, mScreenBrightnessBoostInProgress=false, mIsVrModeEnabled= false, sQuiescent=false
06-15 12:48:04.274 D/PowerManagerService( 1357): acquireWakeLockInternal: lock=231804768, flags=0x1, tag="SyncLoopWakeLock", ws=null, uid=1000, pid=1357
06-15 12:48:04.275 D/PowerManagerService( 1357): updateWakeLockSummaryLocked: mWakefulness=Asleep, mWakeLockSummary=0x1
06-15 12:48:04.275 D/PowerManagerService( 1357): updateUserActivitySummaryLocked: groupId=0, mWakefulness=Asleep, mUserActivitySummary=0x0, nextTimeout=0 (6700035 ms ago)
06-15 12:48:04.275 D/PowerManagerNotifier( 1357): onScreenPolicyUpdate: newPolicy=0
06-15 12:48:04.275 D/PowerManagerService( 1357): updateDisplayPowerStateLocked: displayReady=true, groupId=0, policy=OFF, mWakefulness=Asleep, mWakeLockSummary=0x1, mUserActivitySummary=0x0, mBootCompleted=true, screenBrightnessOverride=NaN, useAutoBrightness=true, mScreenBrightnessBoostInProgress=false, mIsVrModeEnabled= false, sQuiescent=false
06-15 12:48:04.275 D/PowerManagerNotifier( 1357): onWakeLockAcquired: flags=1, tag="SyncLoopWakeLock", packageName=android, ownerUid=1000, ownerPid=1357, workSource=null
06-15 12:48:04.276 D/PowerManagerService( 1357): releaseWakeLockInternal: lock=33394838 [*job*/com.tencent.android.qqdownloader.YYBLiveAccountProvider/com.tencent.android.qqdownloader.YYBLiveAccountProvider.account/应用宝:android], flags=0x0
06-15 12:48:04.276 D/PowerManagerNotifier( 1357): onWakeLockReleased: flags=1, tag="*job*/com.tencent.android.qqdownloader.YYBLiveAccountProvider/com.tencent.android.qqdownloader.YYBLiveAccountProvider.account/应用宝:android", packageName=android, ownerUid=1000, ownerPid=1357, workSource=WorkSource{10117}
06-15 12:48:04.276 D/PowerManagerService( 1357): updateWakeLockSummaryLocked: mWakefulness=Asleep, mWakeLockSummary=0x1
06-15 12:48:04.276 D/PowerManagerService( 1357): updateUserActivitySummaryLocked: groupId=0, mWakefulness=Asleep, mUserActivitySummary=0x0, nextTimeout=0 (6700036 ms ago)
06-15 12:48:04.276 D/PowerManagerNotifier( 1357): onScreenPolicyUpdate: newPolicy=0
06-15 12:48:04.276 D/PowerManagerService( 1357): updateDisplayPowerStateLocked: displayReady=true, groupId=0, policy=OFF, mWakefulness=Asleep, mWakeLockSummary=0x1, mUserActivitySummary=0x0, mBootCompleted=true, screenBrightnessOverride=NaN, useAutoBrightness=true, mScreenBrightnessBoostInProgress=false, mIsVrModeEnabled= false, sQuiescent=false
06-15 12:48:04.278 D/PowerManagerService( 1357): releaseWakeLockInternal: lock=26266518 [*sync*/com.tencent.android.qqdownloader.YYBLiveAccountProvider/com.tencent.android.qqdownloader.YYBLiveAccountProvider.account/应用宝], flags=0x0
06-15 12:48:04.278 D/PowerManagerNotifier( 1357): onWakeLockReleased: flags=1, tag="*sync*/com.tencent.android.qqdownloader.YYBLiveAccountProvider/com.tencent.android.qqdownloader.YYBLiveAccountProvider.account/应用宝", packageName=android, ownerUid=1000, ownerPid=1357, workSource=WorkSource{10117}
06-15 12:48:04.278 D/PowerManagerService( 1357): updateWakeLockSummaryLocked: mWakefulness=Asleep, mWakeLockSummary=0x1
06-15 12:48:04.278 D/PowerManagerService( 1357): updateUserActivitySummaryLocked: groupId=0, mWakefulness=Asleep, mUserActivitySummary=0x0, nextTimeout=0 (6700038 ms ago)
06-15 12:48:04.278 D/PowerManagerNotifier( 1357): onScreenPolicyUpdate: newPolicy=0
06-15 12:48:04.278 D/PowerManagerService( 1357): updateDisplayPowerStateLocked: displayReady=true, groupId=0, policy=OFF, mWakefulness=Asleep, mWakeLockSummary=0x1, mUserActivitySummary=0x0, mBootCompleted=true, screenBrightnessOverride=NaN, useAutoBrightness=true, mScreenBrightnessBoostInProgress=false, mIsVrModeEnabled= false, sQuiescent=false
06-15 12:48:04.285 D/PowerManagerService( 1357): releaseWakeLockInternal: lock=231804768 [SyncLoopWakeLock], flags=0x0
06-15 12:48:04.286 D/PowerManagerNotifier( 1357): onWakeLockReleased: flags=1, tag="SyncLoopWakeLock", packageName=android, ownerUid=1000, ownerPid=1357, workSource=null
06-15 12:48:04.286 D/PowerManagerService( 1357): updateWakeLockSummaryLocked: mWakefulness=Asleep, mWakeLockSummary=0x1
06-15 12:48:04.286 D/PowerManagerService( 1357): updateUserActivitySummaryLocked: groupId=0, mWakefulness=Asleep, mUserActivitySummary=0x0, nextTimeout=0 (6700046 ms ago)
06-15 12:48:04.286 D/PowerManagerNotifier( 1357): onScreenPolicyUpdate: newPolicy=0
06-15 12:48:04.286 D/PowerManagerService( 1357): updateDisplayPowerStateLocked: displayReady=true, groupId=0, policy=OFF, mWakefulness=Asleep, mWakeLockSummary=0x1, mUserActivitySummary=0x0, mBootCompleted=true, screenBrightnessOverride=NaN, useAutoBrightness=true, mScreenBrightnessBoostInProgress=false, mIsVrModeEnabled= false, sQuiescent=false
06-15 12:48:04.286 D/PowerManagerService( 1357): acquireWakeLockInternal: lock=231804768, flags=0x1, tag="SyncLoopWakeLock", ws=null, uid=1000, pid=1357
06-15 12:48:04.286 D/PowerManagerService( 1357): updateWakeLockSummaryLocked: mWakefulness=Asleep, mWakeLockSummary=0x1
06-15 12:48:04.286 D/PowerManagerService( 1357): updateUserActivitySummaryLocked: groupId=0, mWakefulness=Asleep, mUserActivitySummary=0x0, nextTimeout=0 (6700047 ms ago)
06-15 12:48:04.286 D/PowerManagerNotifier( 1357): onScreenPolicyUpdate: newPolicy=0
06-15 12:48:04.286 D/PowerManagerService( 1357): updateDisplayPowerStateLocked: displayReady=true, groupId=0, policy=OFF, mWakefulness=Asleep, mWakeLockSummary=0x1, mUserActivitySummary=0x0, mBootCompleted=true, screenBrightnessOverride=NaN, useAutoBrightness=true, mScreenBrightnessBoostInProgress=false, mIsVrModeEnabled= false, sQuiescent=false
06-15 12:48:04.286 D/PowerManagerNotifier( 1357): onWakeLockAcquired: flags=1, tag="SyncLoopWakeLock", packageName=android, ownerUid=1000, ownerPid=1357, workSource=null
06-15 12:48:04.288 D/PowerManagerService( 1357): releaseWakeLockInternal: lock=231804768 [SyncLoopWakeLock], flags=0x0
06-15 12:48:04.288 D/PowerManagerNotifier( 1357): onWakeLockReleased: flags=1, tag="SyncLoopWakeLock", packageName=android, ownerUid=1000, ownerPid=1357, workSource=null
06-15 12:48:04.288 D/PowerManagerService( 1357): updateWakeLockSummaryLocked: mWakefulness=Asleep, mWakeLockSummary=0x1
06-15 12:48:04.288 D/PowerManagerService( 1357): updateUserActivitySummaryLocked: groupId=0, mWakefulness=Asleep, mUserActivitySummary=0x0, nextTimeout=0 (6700049 ms ago)
06-15 12:48:04.288 D/PowerManagerNotifier( 1357): onScreenPolicyUpdate: newPolicy=0
06-15 12:48:04.288 D/PowerManagerService( 1357): updateDisplayPowerStateLocked: displayReady=true, groupId=0, policy=OFF, mWakefulness=Asleep, mWakeLockSummary=0x1, mUserActivitySummary=0x0, mBootCompleted=true, screenBrightnessOverride=NaN, useAutoBrightness=true, mScreenBrightnessBoostInProgress=false, mIsVrModeEnabled= false, sQuiescent=false
06-15 12:48:07.395 E/[ 6703.144591] [MAX975X( 0): max96755x_vc1_lcd_dtc_check] *ERROR* DTC_Display: screen not ready(0), bl_sta(0), lvl(0)
06-15 12:48:11.655 E/[ 6707.404772] [MAX975X( 0): max96755x_vc1_lcd_dtc_check] *ERROR* DTC_Display: screen not ready(0), bl_sta(0), lvl(0)
06-15 12:48:15.939 E/[ 6711.688746] [MAX975X( 0): max96755x_vc1_lcd_dtc_check] *ERROR* DTC_Display: screen not ready(0), bl_sta(0), lvl(0)
06-15 12:48:16.155 I/[ 6711.915046] init( 0): processing action (sys.tlog.tlogdshc.active=1) from (/system/etc/init/tlogd.rc:195)
06-15 12:48:16.155 I/[ 6711.915880] init( 0): starting service 'tlogdshc'...
06-15 12:48:16.279 I/[ 6712.036076] init( 0): Service 'tlogdshc' (pid 11917) exited with status 0 oneshot service took 0.114000 seconds in background
06-15 12:48:16.279 I/[ 6712.036106] init( 0): Sending signal 9 to service 'tlogdshc' (pid 11917) process group...
06-15 12:48:16.279 I/[ 6712.036275] libprocessgroup( 0): Successfully killed process cgroup uid 0 pid 11917 in 0ms
06-15 12:48:20.195 E/[ 6715.944831] [MAX975X( 0): max96755x_vc1_lcd_dtc_check] *ERROR* DTC_Display: screen not ready(0), bl_sta(0), lvl(0)
06-15 12:48:22.335 D/PowerManagerService( 1357): acquireWakeLockInternal: lock=26219060, flags=0x1, tag="i", ws=null, uid=10117, pid=31045
06-15 12:48:22.335 D/PowerManagerService( 1357): updateWakeLockSummaryLocked: mWakefulness=Asleep, mWakeLockSummary=0x1
06-15 12:48:22.335 D/PowerManagerService( 1357): updateUserActivitySummaryLocked: groupId=0, mWakefulness=Asleep, mUserActivitySummary=0x0, nextTimeout=0 (6718096 ms ago)
06-15 12:48:22.335 D/PowerManagerNotifier( 1357): onScreenPolicyUpdate: newPolicy=0
06-15 12:48:22.336 D/PowerManagerService( 1357): updateDisplayPowerStateLocked: displayReady=true, groupId=0, policy=OFF, mWakefulness=Asleep, mWakeLockSummary=0x1, mUserActivitySummary=0x0, mBootCompleted=true, screenBrightnessOverride=NaN, useAutoBrightness=true, mScreenBrightnessBoostInProgress=false, mIsVrModeEnabled= false, sQuiescent=false
06-15 12:48:22.336 D/PowerManagerNotifier( 1357): onWakeLockAcquired: flags=1, tag="i", packageName=com.tencent.android.qqdownloader, ownerUid=10117, ownerPid=31045, workSource=null
06-15 12:48:22.417 D/PowerManagerService( 1357): releaseWakeLockInternal: lock=26219060 [i], flags=0x0
06-15 12:48:22.417 D/PowerManagerNotifier( 1357): onWakeLockReleased: flags=1, tag="i", packageName=com.tencent.android.qqdownloader, ownerUid=10117, ownerPid=31045, workSource=null
06-15 12:48:22.418 D/PowerManagerService( 1357): updateWakeLockSummaryLocked: mWakefulness=Asleep, mWakeLockSummary=0x1
06-15 12:48:22.418 D/PowerManagerService( 1357): updateUserActivitySummaryLocked: groupId=0, mWakefulness=Asleep, mUserActivitySummary=0x0, nextTimeout=0 (6718178 ms ago)
06-15 12:48:22.418 D/PowerManagerNotifier( 1357): onScreenPolicyUpdate: newPolicy=0
06-15 12:48:22.418 D/PowerManagerService( 1357): updateDisplayPowerStateLocked: displayReady=true, groupId=0, policy=OFF, mWakefulness=Asleep, mWakeLockSummary=0x1, mUserActivitySummary=0x0, mBootCompleted=true, screenBrightnessOverride=NaN, useAutoBrightness=true, mScreenBrightnessBoostInProgress=false, mIsVrModeEnabled= false, sQuiescent=false
06-15 12:48:24.451 E/[ 6720.200651] [MAX975X( 0): max96755x_vc1_lcd_dtc_check] *ERROR* DTC_Display: screen not ready(0), bl_sta(0), lvl(0)
06-15 12:48:28.711 E/[ 6724.460938] [MAX975X( 0): max96755x_vc1_lcd_dtc_check] *ERROR* DTC_Display: screen not ready(0), bl_sta(0), lvl(0)
06-15 12:48:32.995 E/[ 6728.744702] [MAX975X( 0): max96755x_vc1_lcd_dtc_check] *ERROR* DTC_Display: screen not ready(0), bl_sta(0), lvl(0)
06-15 12:48:34.571 I/GameModeConfig( 1357): isGameModeOn = false
06-15 12:48:37.255 E/[ 6733.004716] [MAX975X( 0): max96755x_vc1_lcd_dtc_check] *ERROR* DTC_Display: screen not ready(0), bl_sta(0), lvl(0)
06-15 12:48:41.539 E/[ 6737.288750] [MAX975X( 0): max96755x_vc1_lcd_dtc_check] *ERROR* DTC_Display: screen not ready(0), bl_sta(0), lvl(0)
06-15 12:48:45.795 E/[ 6741.544875] [MAX975X( 0): max96755x_vc1_lcd_dtc_check] *ERROR* DTC_Display: screen not ready(0), bl_sta(0), lvl(0)
06-15 12:48:46.159 I/[ 6741.917346] init( 0): processing action (sys.tlog.tlogdshc.active=1) from (/system/etc/init/tlogd.rc:195)
06-15 12:48:46.159 I/[ 6741.918038] init( 0): starting service 'tlogdshc'...
06-15 12:48:46.283 I/[ 6742.041235] init( 0): Service 'tlogdshc' (pid 11990) exited with status 0 oneshot service took 0.117000 seconds in background
06-15 12:48:46.283 I/[ 6742.041272] init( 0): Sending signal 9 to service 'tlogdshc' (pid 11990) process group...
06-15 12:48:46.283 I/[ 6742.041480] libprocessgroup( 0): Successfully killed process cgroup uid 0 pid 11990 in 0ms
06-15 12:48:50.051 E/[ 6745.801052] [MAX975X( 0): max96755x_vc1_lcd_dtc_check] *ERROR* DTC_Display: screen not ready(0), bl_sta(0), lvl(0)
06-15 12:48:51.004 W/ContextImpl( 2631): Calling a method in the system process without a qualified user: android.app.ContextImpl.sendBroadcast:1173 android.content.ContextWrapper.sendBroadcast:479 com.thundercomm.microsettings.action.SetTimeAction.timeUpdated:191 com.thundercomm.microsettings.action.SetTimeAction.update24HourFormat:173 com.thundercomm.microsettings.action.SetTimeAction.doActualAction:133
06-15 12:48:51.018 D/DevicePolicyManager( 1357): updateSystemUpdateFreezePeriodsRecord
06-15 12:48:51.018 D/ConditionProviders.SCP( 1357): onReceive android.intent.action.TIME_SET
06-15 12:48:51.019 D/ConditionProviders.SCP( 1357): evaluateSubscriptionLocked cal=ScheduleCalendar[mDays={1, 2, 3, 4, 5, 6, 7}, mSchedule=ScheduleInfo{days=[1, 2, 3, 4, 5, 6, 7], startHour=22, startMinute=0, endHour=7, endMinute=0, exitAtAlarm=true, nextAlarm=Thu Jan 01 08:00:00 GMT+08:00 1970 (0)}], now=Thu Jun 15 12:48:51 GMT+08:00 2023 (1686804531018), nextUserAlarmTime=Thu Jan 01 08:00:00 GMT+08:00 1970 (0)
06-15 12:48:51.019 D/ConditionProviders.SCP( 1357): notifyCondition condition://android/schedule?days=1.2.3.4.5.6.7&start=22.0&end=7.0&exitAtAlarm=true STATE_FALSE reason=!meetsSchedule
06-15 12:48:51.023 D/ConditionProviders.SCP( 1357): Scheduling evaluate for Thu Jun 15 22:00:00 GMT+08:00 2023 (1686837600000), in +9h11m8s982ms, now=Thu Jun 15 12:48:51 GMT+08:00 2023 (1686804531018)
06-15 12:48:51.025 D/PowerManagerService( 1357): acquireWakeLockInternal: lock=265213394, flags=0x1, tag="TimeService", ws=null, uid=10056, pid=7214
06-15 12:48:51.025 D/PowerManagerService( 1357): updateWakeLockSummaryLocked: mWakefulness=Asleep, mWakeLockSummary=0x1
06-15 12:48:51.025 D/PowerManagerService( 1357): updateUserActivitySummaryLocked: groupId=0, mWakefulness=Asleep, mUserActivitySummary=0x0, nextTimeout=0 (6746363 ms ago)
06-15 12:48:51.025 D/PowerManagerNotifier( 1357): onScreenPolicyUpdate: newPolicy=0
06-15 12:48:51.025 D/PowerManagerService( 1357): updateDisplayPowerStateLocked: displayReady=true, groupId=0, policy=OFF, mWakefulness=Asleep, mWakeLockSummary=0x1, mUserActivitySummary=0x0, mBootCompleted=true, screenBrightnessOverride=NaN, useAutoBrightness=true, mScreenBrightnessBoostInProgress=false, mIsVrModeEnabled= false, sQuiescent=false
06-15 12:48:51.025 D/PowerManagerNotifier( 1357): onWakeLockAcquired: flags=1, tag="TimeService", packageName=com.qualcomm.timeservice, ownerUid=10056, ownerPid=7214, workSource=null
06-15 12:48:51.039 D/PowerManagerService( 1357): releaseWakeLockInternal: lock=265213394 [TimeService], flags=0x0
06-15 12:48:51.039 D/PowerManagerNotifier( 1357): onWakeLockReleased: flags=1, tag="TimeService", packageName=com.qualcomm.timeservice, ownerUid=10056, ownerPid=7214, workSource=null
06-15 12:48:51.039 D/PowerManagerService( 1357): updateWakeLockSummaryLocked: mWakefulness=Asleep, mWakeLockSummary=0x1
06-15 12:48:51.039 D/PowerManagerService( 1357): updateUserActivitySummaryLocked: groupId=0, mWakefulness=Asleep, mUserActivitySummary=0x0, nextTimeout=0 (6746377 ms ago)
06-15 12:48:51.039 D/PowerManagerNotifier( 1357): onScreenPolicyUpdate: newPolicy=0
06-15 12:48:51.040 D/PowerManagerService( 1357): updateDisplayPowerStateLocked: displayReady=true, groupId=0, policy=OFF, mWakefulness=Asleep, mWakeLockSummary=0x1, mUserActivitySummary=0x0, mBootCompleted=true, screenBrightnessOverride=NaN, useAutoBrightness=true, mScreenBrightnessBoostInProgress=false, mIsVrModeEnabled= false, sQuiescent=false
06-15 12:48:54.734 E/[ 6750.060802] [MAX975X( 0): max96755x_vc1_lcd_dtc_check] *ERROR* DTC_Display: screen not ready(0), bl_sta(0), lvl(0)
06-15 12:48:56.032 D/PowerManagerService( 1357): acquireWakeLockInternal: lock=181927960, flags=0x1, tag="*alarm*", ws=WorkSource{10031}, uid=1000, pid=1357
06-15 12:48:56.032 D/PowerManagerService( 1357): updateWakeLockSummaryLocked: mWakefulness=Asleep, mWakeLockSummary=0x1
06-15 12:48:56.032 D/PowerManagerService( 1357): updateUserActivitySummaryLocked: groupId=0, mWakefulness=Asleep, mUserActivitySummary=0x0, nextTimeout=0 (6751370 ms ago)
06-15 12:48:56.032 D/PowerManagerNotifier( 1357): onScreenPolicyUpdate: newPolicy=0
06-15 12:48:56.033 D/PowerManagerService( 1357): updateDisplayPowerStateLocked: displayReady=true, groupId=0, policy=OFF, mWakefulness=Asleep, mWakeLockSummary=0x1, mUserActivitySummary=0x0, mBootCompleted=true, screenBrightnessOverride=NaN, useAutoBrightness=true, mScreenBrightnessBoostInProgress=false, mIsVrModeEnabled= false, sQuiescent=false
06-15 12:48:56.034 D/PowerManagerNotifier( 1357): onWakeLockAcquired: flags=1, tag="*alarm*", packageName=android, ownerUid=1000, ownerPid=1357, workSource=WorkSource{10031}
06-15 12:48:56.036 W/ProcessStats( 1357): Tracking association SourceState{bec73d2 com.tencent.tmgp.pubgmhd/10102 Top #8410} whose proc state 1 is better than process ProcessState{43f199 com.android.webview:webview_service/10066 pkg=com.android.webview} proc state 3 (14 skipped)
06-15 12:48:56.048 D/PowerManagerService( 1357): releaseWakeLockInternal: lock=181927960 [*alarm*], flags=0x0
06-15 12:48:56.048 D/PowerManagerNotifier( 1357): onWakeLockReleased: flags=1, tag="*alarm*", packageName=android, ownerUid=1000, ownerPid=1357, workSource=WorkSource{10031}
06-15 12:48:56.048 D/PowerManagerService( 1357): updateWakeLockSummaryLocked: mWakefulness=Asleep, mWakeLockSummary=0x1
06-15 12:48:56.048 D/PowerManagerService( 1357): updateUserActivitySummaryLocked: groupId=0, mWakefulness=Asleep, mUserActivitySummary=0x0, nextTimeout=0 (6751386 ms ago)
06-15 12:48:56.048 D/PowerManagerNotifier( 1357): onScreenPolicyUpdate: newPolicy=0
06-15 12:48:56.048 D/PowerManagerService( 1357): updateDisplayPowerStateLocked: displayReady=true, groupId=0, policy=OFF, mWakefulness=Asleep, mWakeLockSummary=0x1, mUserActivitySummary=0x0, mBootCompleted=true, screenBrightnessOverride=NaN, useAutoBrightness=true, mScreenBrightnessBoostInProgress=false, mIsVrModeEnabled= false, sQuiescent=false
06-15 12:48:56.049 D/PowerManagerService( 1357): acquireWakeLockInternal: lock=122899754, flags=0x1, tag="*job*/com.android.providers.calendar/.CalendarProviderJobService", ws=WorkSource{10031}, uid=1000, pid=1357
06-15 12:48:56.049 D/PowerManagerService( 1357): updateWakeLockSummaryLocked: mWakefulness=Asleep, mWakeLockSummary=0x1
06-15 12:48:56.049 D/PowerManagerService( 1357): updateUserActivitySummaryLocked: groupId=0, mWakefulness=Asleep, mUserActivitySummary=0x0, nextTimeout=0 (6751386 ms ago)
06-15 12:48:56.049 D/PowerManagerNotifier( 1357): onScreenPolicyUpdate: newPolicy=0
06-15 12:48:56.049 D/PowerManagerService( 1357): updateDisplayPowerStateLocked: displayReady=true, groupId=0, policy=OFF, mWakefulness=Asleep, mWakeLockSummary=0x1, mUserActivitySummary=0x0, mBootCompleted=true, screenBrightnessOverride=NaN, useAutoBrightness=true, mScreenBrightnessBoostInProgress=false, mIsVrModeEnabled= false, sQuiescent=false
06-15 12:48:56.049 D/PowerManagerNotifier( 1357): onWakeLockAcquired: flags=1, tag="*job*/com.android.providers.calendar/.CalendarProviderJobService", packageName=android, ownerUid=1000, ownerPid=1357, workSource=WorkSource{10031}
06-15 12:48:56.059 D/PowerManagerService( 1357): releaseWakeLockInternal: lock=122899754 [*job*/com.android.providers.calendar/.CalendarProviderJobService], flags=0x0
06-15 12:48:56.060 D/PowerManagerNotifier( 1357): onWakeLockReleased: flags=1, tag="*job*/com.android.providers.calendar/.CalendarProviderJobService", packageName=android, ownerUid=1000, ownerPid=1357, workSource=WorkSource{10031}
06-15 12:48:56.060 D/PowerManagerService( 1357): updateWakeLockSummaryLocked: mWakefulness=Asleep, mWakeLockSummary=0x1
06-15 12:48:56.060 D/PowerManagerService( 1357): updateUserActivitySummaryLocked: groupId=0, mWakefulness=Asleep, mUserActivitySummary=0x0, nextTimeout=0 (6751397 ms ago)
06-15 12:48:56.060 D/PowerManagerNotifier( 1357): onScreenPolicyUpdate: newPolicy=0
06-15 12:48:56.060 D/PowerManagerService( 1357): updateDisplayPowerStateLocked: displayReady=true, groupId=0, policy=OFF, mWakefulness=Asleep, mWakeLockSummary=0x1, mUserActivitySummary=0x0, mBootCompleted=true, screenBrightnessOverride=NaN, useAutoBrightness=true, mScreenBrightnessBoostInProgress=false, mIsVrModeEnabled= false, sQuiescent=false
06-15 12:48:58.516 D/PowerManagerService( 1357): acquireWakeLockInternal: lock=219894062, flags=0x1, tag="NetworkStats", ws=null, uid=1000, pid=1357
06-15 12:48:58.517 D/PowerManagerService( 1357): updateWakeLockSummaryLocked: mWakefulness=Asleep, mWakeLockSummary=0x1
06-15 12:48:58.517 D/PowerManagerService( 1357): updateUserActivitySummaryLocked: groupId=0, mWakefulness=Asleep, mUserActivitySummary=0x0, nextTimeout=0 (6753855 ms ago)
06-15 12:48:58.517 D/PowerManagerNotifier( 1357): onScreenPolicyUpdate: newPolicy=0
06-15 12:48:58.517 D/PowerManagerService( 1357): updateDisplayPowerStateLocked: displayReady=true, groupId=0, policy=OFF, mWakefulness=Asleep, mWakeLockSummary=0x1, mUserActivitySummary=0x0, mBootCompleted=true, screenBrightnessOverride=NaN, useAutoBrightness=true, mScreenBrightnessBoostInProgress=false, mIsVrModeEnabled= false, sQuiescent=false
06-15 12:48:58.517 D/PowerManagerNotifier( 1357): onWakeLockAcquired: flags=1, tag="NetworkStats", packageName=android, ownerUid=1000, ownerPid=1357, workSource=null
06-15 12:48:58.533 D/PowerManagerService( 1357): releaseWakeLockInternal: lock=219894062 [NetworkStats], flags=0x0
06-15 12:48:58.533 D/PowerManagerNotifier( 1357): onWakeLockReleased: flags=1, tag="NetworkStats", packageName=android, ownerUid=1000, ownerPid=1357, workSource=null
06-15 12:48:58.534 D/PowerManagerService( 1357): updateWakeLockSummaryLocked: mWakefulness=Asleep, mWakeLockSummary=0x1
06-15 12:48:58.534 D/PowerManagerService( 1357): updateUserActivitySummaryLocked: groupId=0, mWakefulness=Asleep, mUserActivitySummary=0x0, nextTimeout=0 (6753872 ms ago)
06-15 12:48:58.534 D/PowerManagerNotifier( 1357): onScreenPolicyUpdate: newPolicy=0
06-15 12:48:58.534 D/PowerManagerService( 1357): updateDisplayPowerStateLocked: displayReady=true, groupId=0, policy=OFF, mWakefulness=Asleep, mWakeLockSummary=0x1, mUserActivitySummary=0x0, mBootCompleted=true, screenBrightnessOverride=NaN, useAutoBrightness=true, mScreenBrightnessBoostInProgress=false, mIsVrModeEnabled= false, sQuiescent=false
06-15 12:48:59.026 E/[ 6754.352731] [MAX975X( 0): max96755x_vc1_lcd_dtc_check] *ERROR* DTC_Display: screen not ready(0), bl_sta(0), lvl(0)
06-15 12:49:03.306 E/[ 6758.632590] [MAX975X( 0): max96755x_vc1_lcd_dtc_check] *ERROR* DTC_Display: screen not ready(0), bl_sta(0), lvl(0)
06-15 12:49:06.090 W/ProcessStats( 1357): Tracking association SourceState{bec73d2 com.tencent.tmgp.pubgmhd/10102 Top #8419} whose proc state 1 is better than process ProcessState{43f199 com.android.webview:webview_service/10066 pkg=com.android.webview} proc state 3 (0 skipped)
06-15 12:49:07.562 E/[ 6762.888891] [MAX975X( 0): max96755x_vc1_lcd_dtc_check] *ERROR* DTC_Display: screen not ready(0), bl_sta(0), lvl(0)
06-15 12:49:09.393 D/PowerManagerService( 1357): wakeDisplayGroupNoUpdateLocked: eventTime=6764730, groupId=0, uid=1000
06-15 12:49:09.393 I/PowerManagerService( 1357): Powering on display group fromAsleep (groupId=0, uid=1000, reason=WAKE_REASON_WAKE_MOTION, details=android.policy:MOTION)...
06-15 12:49:09.393 I/PowerManagerService( 1357): Waking up from Asleep (uid=1000, reason=WAKE_REASON_WAKE_MOTION, details=android.policy:MOTION)...
06-15 12:49:09.395 D/PowerManagerNotifier( 1357): onWakefulnessChangeStarted: wakefulness=1, reason=7, interactive=true
06-15 12:49:09.399 D/PowerManagerService( 1357): Acquiring suspend blocker "PowerManagerService.Broadcasts".
06-15 12:49:09.400 D/PowerManagerNotifier( 1357): onWakeUp: reason=WAKE_REASON_WAKE_MOTION, details=android.policy:MOTION, reasonUid=1000 opPackageName=android opUid=1000
06-15 12:49:09.403 D/PowerManagerService( 1357): userActivityNoUpdateLocked: groupId=0, eventTime=6764730, event=0, flags=0x0, uid=1000
06-15 12:49:09.403 D/PowerManagerNotifier( 1357): onUserActivity: event=0, uid=1000
06-15 12:49:09.403 D/PowerManagerService( 1357): updateWakeLockSummaryLocked: mWakefulness=Awake, mWakeLockSummary=0x1
06-15 12:49:09.403 D/PowerManagerService( 1357): updateUserActivitySummaryLocked: groupId=0, mWakefulness=Awake, mUserActivitySummary=0x1, nextTimeout=6824730 (in 59989 ms)
06-15 12:49:09.403 D/PowerManagerNotifier( 1357): onScreenPolicyUpdate: newPolicy=3
06-15 12:49:09.403 D/PowerManagerService( 1357): updateDisplayPowerStateLocked: displayReady=false, groupId=0, policy=BRIGHT, mWakefulness=Awake, mWakeLockSummary=0x1, mUserActivitySummary=0x1, mBootCompleted=true, screenBrightnessOverride=NaN, useAutoBrightness=true, mScreenBrightnessBoostInProgress=false, mIsVrModeEnabled= false, sQuiescent=false
06-15 12:49:09.403 D/PowerManagerService( 1357): Acquiring suspend blocker "PowerManagerService.Display".
06-15 12:49:09.404 I/DisplayPowerController[0]( 1357): Blocking screen on until initial contents have been drawn.
06-15 12:49:09.404 D/ActivityTaskManager( 1357): Top Process State changed to PROCESS_STATE_TOP
06-15 12:49:09.411 D/PowerManagerService( 1357): userActivityNoUpdateLocked: groupId=0, eventTime=6764730, event=0, flags=0x0, uid=1000
06-15 12:49:09.411 D/PowerManagerNotifier( 1357): onUserActivity: event=0, uid=1000
06-15 12:49:09.417 D/CompatibilityChangeReporter( 1357): Compat change id reported: 174042980; UID 10102; state: DISABLED
06-15 12:49:09.418 D/CompatibilityChangeReporter( 1357): Compat change id reported: 184838306; UID 10102; state: DISABLED
06-15 12:49:09.418 D/CompatibilityChangeReporter( 1357): Compat change id reported: 185004937; UID 10102; state: DISABLED
06-15 12:49:09.420 D/PowerManagerNotifier( 1357): Sending wake up broadcast.
06-15 12:49:09.422 E/KernelCpuSpeedReader( 1357): Failed to read cpu-freq: /sys/devices/system/cpu/cpu4/cpufreq/stats/time_in_state: open failed: ENOENT (No such file or directory)
06-15 12:49:09.422 E/KernelCpuSpeedReader( 1357): Failed to read cpu-freq: /sys/devices/system/cpu/cpu0/cpufreq/stats/time_in_state: open failed: ENOENT (No such file or directory)
06-15 12:49:09.424 D/PowerManagerService( 1357): acquireWakeLockInternal: lock=181927960, flags=0x1, tag="*alarm*", ws=WorkSource{10117 com.tencent.android.qqdownloader}, uid=1000, pid=1357
06-15 12:49:09.424 D/PowerManagerService( 1357): updateWakeLockSummaryLocked: mWakefulness=Awake, mWakeLockSummary=0x1
06-15 12:49:09.424 D/PowerManagerService( 1357): updateUserActivitySummaryLocked: groupId=0, mWakefulness=Awake, mUserActivitySummary=0x1, nextTimeout=6824730 (in 59968 ms)
06-15 12:49:09.424 D/PowerManagerNotifier( 1357): onScreenPolicyUpdate: newPolicy=3
06-15 12:49:09.424 D/PowerManagerService( 1357): updateDisplayPowerStateLocked: displayReady=false, groupId=0, policy=BRIGHT, mWakefulness=Awake, mWakeLockSummary=0x1, mUserActivitySummary=0x1, mBootCompleted=true, screenBrightnessOverride=NaN, useAutoBrightness=true, mScreenBrightnessBoostInProgress=false, mIsVrModeEnabled= false, sQuiescent=false
06-15 12:49:09.424 D/PowerManagerNotifier( 1357): onWakeLockAcquired: flags=1, tag="*alarm*", packageName=android, ownerUid=1000, ownerPid=1357, workSource=WorkSource{10117 com.tencent.android.qqdownloader}
06-15 12:49:09.425 V/DisplayPowerController[0]( 1357): Brightness [0.1919192] reason changing to: 'manual', previous reason: 'screen_off'.
06-15 12:49:09.426 D/PowerManagerService( 1357): Setting HAL auto-suspend mode to false
06-15 12:49:09.426 W/BroadcastQueue( 1357): Background execution not allowed: receiving Intent { act=android.intent.action.USER_PRESENT flg=0x24200010 } to com.microsoft.emmx/org.chromium.chrome.browser.sharing.click_to_call.ClickToCallMessageHandler$PhoneUnlockedReceiver
06-15 12:49:09.428 D/PowerManagerService( 1357): Setting HAL interactive mode to true
06-15 12:49:09.439 I/[ 6764.776338] [drm( 0): dsi_display_set_mode] [msm-dsi-info]: mdp_transfer_time_us=0 us
06-15 12:49:09.430 D/PowerManagerService( 1357): updateWakeLockWorkSourceInternal: lock=181927960 [*alarm*], ws=WorkSource{1000}
06-15 12:49:09.430 D/PowerManagerNotifier( 1357): onWakeLockChanging: flags=1, tag="*alarm*", packageName=android, ownerUid=1000, ownerPid=1357, workSource=WorkSource{1000}
06-15 12:49:09.433 D/PowerManagerService( 1357): releaseWakeLockInternal: lock=181927960 [*alarm*], flags=0x0
06-15 12:49:09.433 D/PowerManagerNotifier( 1357): onWakeLockReleased: flags=1, tag="*alarm*", packageName=android, ownerUid=1000, ownerPid=1357, workSource=WorkSource{1000}
06-15 12:49:09.433 D/PowerManagerService( 1357): updateWakeLockSummaryLocked: mWakefulness=Awake, mWakeLockSummary=0x1
06-15 12:49:09.433 D/PowerManagerService( 1357): updateUserActivitySummaryLocked: groupId=0, mWakefulness=Awake, mUserActivitySummary=0x1, nextTimeout=6824730 (in 59959 ms)
06-15 12:49:09.433 D/PowerManagerNotifier( 1357): onScreenPolicyUpdate: newPolicy=3
06-15 12:49:09.433 D/PowerManagerService( 1357): updateDisplayPowerStateLocked: displayReady=false, groupId=0, policy=BRIGHT, mWakefulness=Awake, mWakeLockSummary=0x1, mUserActivitySummary=0x1, mBootCompleted=true, screenBrightnessOverride=NaN, useAutoBrightness=true, mScreenBrightnessBoostInProgress=false, mIsVrModeEnabled= false, sQuiescent=false
06-15 12:49:09.436 I/DisplayDeviceRepository( 1357): Display device changed state: "内置屏幕", ON
06-15 12:49:09.447 I/[ 6764.776344] [drm( 0): dsi_display_set_mode] [msm-dsi-info]: hactive= 2560,vactive= 1080,fps=60
06-15 12:49:09.447 I/[ 6764.776405] [drm( 0): dsi_ctrl_isr_configure] [msm-dsi-info]: dsi-ctrl-0: IRQ 387 registered
06-15 12:49:09.447 I/DisplayPowerController[0]( 1357): Unblocked screen on after 42 ms
06-15 12:49:09.450 W/[ 6764.788083] ALERT( 0): changing window size from 20000000 to 16000000 at 6764788041292
06-15 12:49:09.481 D/PowerManagerService( 1357): acquireWakeLockInternal: lock=86286248, flags=0x2000000a, tag="WindowManager", ws=WorkSource{10102}, uid=1000, pid=1357
06-15 12:49:09.482 D/PowerManagerService( 1357): updateWakeLockSummaryLocked: mWakefulness=Awake, mWakeLockSummary=0x23
06-15 12:49:09.482 D/PowerManagerService( 1357): updateUserActivitySummaryLocked: groupId=0, mWakefulness=Awake, mUserActivitySummary=0x1, nextTimeout=6824730 (in 59911 ms)
06-15 12:49:09.482 D/PowerManagerNotifier( 1357): onScreenPolicyUpdate: newPolicy=3
06-15 12:49:09.482 D/PowerManagerService( 1357): updateDisplayPowerStateLocked: displayReady=false, groupId=0, policy=BRIGHT, mWakefulness=Awake, mWakeLockSummary=0x23, mUserActivitySummary=0x1, mBootCompleted=true, screenBrightnessOverride=NaN, useAutoBrightness=true, mScreenBrightnessBoostInProgress=false, mIsVrModeEnabled= false, sQuiescent=false
06-15 12:49:09.482 D/PowerManagerNotifier( 1357): onWakeLockAcquired: flags=536870922, tag="WindowManager", packageName=android, ownerUid=1000, ownerPid=1357, workSource=WorkSource{10102}
06-15 12:49:09.496 I/[ 6764.833750] [drm( 0): dsi_ctrl_hw_cmn_video_engine_en] [msm-dsi-info]: DSI_0: MAX975X: Video engine = 1
06-15 12:49:09.497 W/[ 6764.833825] [drm( 0): programmable_fetch_get_num_lines:228] low vbp+vfp may lead to perf issues in some cases
06-15 12:49:09.497 I/[ 6764.834570] [MAX975X( 0): max96755x_drm_notifier_callback] *INFO* receives BLANK: UNBLANK
06-15 12:49:09.503 E/DisplayDeviceConfig( 1357): requesting nits when no mapping exists.
06-15 12:49:09.503 E/DisplayDeviceConfig( 1357): requesting nits when no mapping exists.
06-15 12:49:09.504 I/DropBoxManagerService( 1357): add tag=system_server_wtf isTagEnabled=true flags=0x2
06-15 12:49:09.506 D/PowerManagerNotifier( 1357): onScreenPolicyUpdate: newPolicy=3
06-15 12:49:09.507 D/PowerManagerService( 1357): updateDisplayPowerStateLocked: displayReady=true, groupId=0, policy=BRIGHT, mWakefulness=Awake, mWakeLockSummary=0x23, mUserActivitySummary=0x1, mBootCompleted=true, screenBrightnessOverride=NaN, useAutoBrightness=true, mScreenBrightnessBoostInProgress=false, mIsVrModeEnabled= false, sQuiescent=false
06-15 12:49:09.507 D/PowerManagerNotifier( 1357): onWakefulnessChangeFinished
06-15 12:49:09.507 I/DropBoxManagerService( 1357): add tag=system_server_wtf isTagEnabled=true flags=0x2
06-15 12:49:09.529 D/PowerManagerService( 1357): acquireWakeLockInternal: lock=115195618, flags=0x1, tag="*job*/com.tencent.android.qqdownloader.YYBLiveAccountProvider/com.tencent.android.qqdownloader.YYBLiveAccountProvider.account/应用宝:android", ws=WorkSource{10117}, uid=1000, pid=1357
06-15 12:49:09.529 D/PowerManagerService( 1357): updateWakeLockSummaryLocked: mWakefulness=Awake, mWakeLockSummary=0x23
06-15 12:49:09.529 D/PowerManagerService( 1357): updateUserActivitySummaryLocked: groupId=0, mWakefulness=Awake, mUserActivitySummary=0x1, nextTimeout=6824730 (in 59863 ms)
06-15 12:49:09.529 D/PowerManagerNotifier( 1357): onScreenPolicyUpdate: newPolicy=3
06-15 12:49:09.529 D/PowerManagerService( 1357): updateDisplayPowerStateLocked: displayReady=true, groupId=0, policy=BRIGHT, mWakefulness=Awake, mWakeLockSummary=0x23, mUserActivitySummary=0x1, mBootCompleted=true, screenBrightnessOverride=NaN, useAutoBrightness=true, mScreenBrightnessBoostInProgress=false, mIsVrModeEnabled= false, sQuiescent=false
06-15 12:49:09.529 D/PowerManagerNotifier( 1357): onWakeLockAcquired: flags=1, tag="*job*/com.tencent.android.qqdownloader.YYBLiveAccountProvider/com.tencent.android.qqdownloader.YYBLiveAccountProvider.account/应用宝:android", packageName=android, ownerUid=1000, ownerPid=1357, workSource=WorkSource{10117}
06-15 12:49:09.529 D/PowerManagerService( 1357): acquireWakeLockInternal: lock=231804768, flags=0x1, tag="SyncLoopWakeLock", ws=null, uid=1000, pid=1357
06-15 12:49:09.529 D/PowerManagerService( 1357): updateWakeLockSummaryLocked: mWakefulness=Awake, mWakeLockSummary=0x23
06-15 12:49:09.529 D/PowerManagerService( 1357): updateUserActivitySummaryLocked: groupId=0, mWakefulness=Awake, mUserActivitySummary=0x1, nextTimeout=6824730 (in 59863 ms)
06-15 12:49:09.529 D/PowerManagerNotifier( 1357): onScreenPolicyUpdate: newPolicy=3
06-15 12:49:09.529 D/PowerManagerService( 1357): updateDisplayPowerStateLocked: displayReady=true, groupId=0, policy=BRIGHT, mWakefulness=Awake, mWakeLockSummary=0x23, mUserActivitySummary=0x1, mBootCompleted=true, screenBrightnessOverride=NaN, useAutoBrightness=true, mScreenBrightnessBoostInProgress=false, mIsVrModeEnabled= false, sQuiescent=false
06-15 12:49:09.529 D/PowerManagerNotifier( 1357): onWakeLockAcquired: flags=1, tag="SyncLoopWakeLock", packageName=android, ownerUid=1000, ownerPid=1357, workSource=null
06-15 12:49:09.530 D/PowerManagerService( 1357): acquireWakeLockInternal: lock=26266518, flags=0x1, tag="*sync*/com.tencent.android.qqdownloader.YYBLiveAccountProvider/com.tencent.android.qqdownloader.YYBLiveAccountProvider.account/应用宝", ws=WorkSource{10117}, uid=1000, pid=1357
06-15 12:49:09.530 D/PowerManagerService( 1357): updateWakeLockSummaryLocked: mWakefulness=Awake, mWakeLockSummary=0x23
06-15 12:49:09.530 D/PowerManagerService( 1357): updateUserActivitySummaryLocked: groupId=0, mWakefulness=Awake, mUserActivitySummary=0x1, nextTimeout=6824730 (in 59862 ms)
06-15 12:49:09.530 D/PowerManagerNotifier( 1357): onScreenPolicyUpdate: newPolicy=3
06-15 12:49:09.530 D/PowerManagerService( 1357): updateDisplayPowerStateLocked: displayReady=true, groupId=0, policy=BRIGHT, mWakefulness=Awake, mWakeLockSummary=0x23, mUserActivitySummary=0x1, mBootCompleted=true, screenBrightnessOverride=NaN, useAutoBrightness=true, mScreenBrightnessBoostInProgress=false, mIsVrModeEnabled= false, sQuiescent=false
06-15 12:49:09.530 D/PowerManagerNotifier( 1357): onWakeLockAcquired: flags=1, tag="*sync*/com.tencent.android.qqdownloader.YYBLiveAccountProvider/com.tencent.android.qqdownloader.YYBLiveAccountProvider.account/应用宝", packageName=android, ownerUid=1000, ownerPid=1357, workSource=WorkSource{10117}
06-15 12:49:09.545 D/PowerManagerService( 1357): releaseWakeLockInternal: lock=231804768 [SyncLoopWakeLock], flags=0x0
06-15 12:49:09.545 D/PowerManagerNotifier( 1357): onWakeLockReleased: flags=1, tag="SyncLoopWakeLock", packageName=android, ownerUid=1000, ownerPid=1357, workSource=null
06-15 12:49:09.545 D/PowerManagerService( 1357): updateWakeLockSummaryLocked: mWakefulness=Awake, mWakeLockSummary=0x23
06-15 12:49:09.545 D/PowerManagerService( 1357): updateUserActivitySummaryLocked: groupId=0, mWakefulness=Awake, mUserActivitySummary=0x1, nextTimeout=6824730 (in 59847 ms)
06-15 12:49:09.545 D/PowerManagerNotifier( 1357): onScreenPolicyUpdate: newPolicy=3
06-15 12:49:09.545 D/PowerManagerService( 1357): updateDisplayPowerStateLocked: displayReady=true, groupId=0, policy=BRIGHT, mWakefulness=Awake, mWakeLockSummary=0x23, mUserActivitySummary=0x1, mBootCompleted=true, screenBrightnessOverride=NaN, useAutoBrightness=true, mScreenBrightnessBoostInProgress=false, mIsVrModeEnabled= false, sQuiescent=false
06-15 12:49:09.555 I/MicroServiceManager( 2631): requestResult(reportScreenDisplay) parameters is{"ScreenDisplay":1}.
06-15 12:49:09.560 D/PowerManagerService( 1357): acquireWakeLockInternal: lock=231804768, flags=0x1, tag="SyncLoopWakeLock", ws=null, uid=1000, pid=1357
06-15 12:49:09.560 D/PowerManagerService( 1357): updateWakeLockSummaryLocked: mWakefulness=Awake, mWakeLockSummary=0x23
06-15 12:49:09.560 D/PowerManagerService( 1357): updateUserActivitySummaryLocked: groupId=0, mWakefulness=Awake, mUserActivitySummary=0x1, nextTimeout=6824730 (in 59832 ms)
06-15 12:49:09.560 D/PowerManagerNotifier( 1357): onScreenPolicyUpdate: newPolicy=3
06-15 12:49:09.560 D/PowerManagerService( 1357): updateDisplayPowerStateLocked: displayReady=true, groupId=0, policy=BRIGHT, mWakefulness=Awake, mWakeLockSummary=0x23, mUserActivitySummary=0x1, mBootCompleted=true, screenBrightnessOverride=NaN, useAutoBrightness=true, mScreenBrightnessBoostInProgress=false, mIsVrModeEnabled= false, sQuiescent=false
06-15 12:49:09.560 D/PowerManagerNotifier( 1357): onWakeLockAcquired: flags=1, tag="SyncLoopWakeLock", packageName=android, ownerUid=1000, ownerPid=1357, workSource=null
06-15 12:49:09.560 D/PowerManagerService( 1357): releaseWakeLockInternal: lock=231804768 [SyncLoopWakeLock], flags=0x0
06-15 12:49:09.560 D/PowerManagerNotifier( 1357): onWakeLockReleased: flags=1, tag="SyncLoopWakeLock", packageName=android, ownerUid=1000, ownerPid=1357, workSource=null
06-15 12:49:09.560 D/PowerManagerService( 1357): updateWakeLockSummaryLocked: mWakefulness=Awake, mWakeLockSummary=0x23
06-15 12:49:09.560 D/PowerManagerService( 1357): updateUserActivitySummaryLocked: groupId=0, mWakefulness=Awake, mUserActivitySummary=0x1, nextTimeout=6824730 (in 59832 ms)
06-15 12:49:09.560 D/PowerManagerNotifier( 1357): onScreenPolicyUpdate: newPolicy=3
06-15 12:49:09.560 D/PowerManagerService( 1357): updateDisplayPowerStateLocked: displayReady=true, groupId=0, policy=BRIGHT, mWakefulness=Awake, mWakeLockSummary=0x23, mUserActivitySummary=0x1, mBootCompleted=true, screenBrightnessOverride=NaN, useAutoBrightness=true, mScreenBrightnessBoostInProgress=false, mIsVrModeEnabled= false, sQuiescent=false
06-15 12:49:09.565 D/PowerManagerService( 1357): acquireWakeLockInternal: lock=231804768, flags=0x1, tag="SyncLoopWakeLock", ws=null, uid=1000, pid=1357
06-15 12:49:09.565 D/PowerManagerService( 1357): updateWakeLockSummaryLocked: mWakefulness=Awake, mWakeLockSummary=0x23
06-15 12:49:09.565 D/PowerManagerService( 1357): updateUserActivitySummaryLocked: groupId=0, mWakefulness=Awake, mUserActivitySummary=0x1, nextTimeout=6824730 (in 59827 ms)
06-15 12:49:09.565 D/PowerManagerNotifier( 1357): onScreenPolicyUpdate: newPolicy=3
06-15 12:49:09.565 D/PowerManagerService( 1357): updateDisplayPowerStateLocked: displayReady=true, groupId=0, policy=BRIGHT, mWakefulness=Awake, mWakeLockSummary=0x23, mUserActivitySummary=0x1, mBootCompleted=true, screenBrightnessOverride=NaN, useAutoBrightness=true, mScreenBrightnessBoostInProgress=false, mIsVrModeEnabled= false, sQuiescent=false
06-15 12:49:09.565 D/PowerManagerNotifier( 1357): onWakeLockAcquired: flags=1, tag="SyncLoopWakeLock", packageName=android, ownerUid=1000, ownerPid=1357, workSource=null
06-15 12:49:09.565 D/PowerManagerService( 1357): releaseWakeLockInternal: lock=115195618 [*job*/com.tencent.android.qqdownloader.YYBLiveAccountProvider/com.tencent.android.qqdownloader.YYBLiveAccountProvider.account/应用宝:android], flags=0x0
06-15 12:49:09.565 D/PowerManagerNotifier( 1357): onWakeLockReleased: flags=1, tag="*job*/com.tencent.android.qqdownloader.YYBLiveAccountProvider/com.tencent.android.qqdownloader.YYBLiveAccountProvider.account/应用宝:android", packageName=android, ownerUid=1000, ownerPid=1357, workSource=WorkSource{10117}
06-15 12:49:09.565 D/PowerManagerService( 1357): updateWakeLockSummaryLocked: mWakefulness=Awake, mWakeLockSummary=0x23
06-15 12:49:09.566 D/PowerManagerService( 1357): updateUserActivitySummaryLocked: groupId=0, mWakefulness=Awake, mUserActivitySummary=0x1, nextTimeout=6824730 (in 59827 ms)
06-15 12:49:09.566 D/PowerManagerNotifier( 1357): onScreenPolicyUpdate: newPolicy=3
06-15 12:49:09.566 D/PowerManagerService( 1357): updateDisplayPowerStateLocked: displayReady=true, groupId=0, policy=BRIGHT, mWakefulness=Awake, mWakeLockSummary=0x23, mUserActivitySummary=0x1, mBootCompleted=true, screenBrightnessOverride=NaN, useAutoBrightness=true, mScreenBrightnessBoostInProgress=false, mIsVrModeEnabled= false, sQuiescent=false
06-15 12:49:09.567 D/PowerManagerService( 1357): releaseWakeLockInternal: lock=26266518 [*sync*/com.tencent.android.qqdownloader.YYBLiveAccountProvider/com.tencent.android.qqdownloader.YYBLiveAccountProvider.account/应用宝], flags=0x0
06-15 12:49:09.567 D/PowerManagerNotifier( 1357): onWakeLockReleased: flags=1, tag="*sync*/com.tencent.android.qqdownloader.YYBLiveAccountProvider/com.tencent.android.qqdownloader.YYBLiveAccountProvider.account/应用宝", packageName=android, ownerUid=1000, ownerPid=1357, workSource=WorkSource{10117}
06-15 12:49:09.567 D/PowerManagerService( 1357): updateWakeLockSummaryLocked: mWakefulness=Awake, mWakeLockSummary=0x23
06-15 12:49:09.567 D/PowerManagerService( 1357): updateUserActivitySummaryLocked: groupId=0, mWakefulness=Awake, mUserActivitySummary=0x1, nextTimeout=6824730 (in 59825 ms)
06-15 12:49:09.567 D/PowerManagerNotifier( 1357): onScreenPolicyUpdate: newPolicy=3
06-15 12:49:09.567 D/PowerManagerService( 1357): updateDisplayPowerStateLocked: displayReady=true, groupId=0, policy=BRIGHT, mWakefulness=Awake, mWakeLockSummary=0x23, mUserActivitySummary=0x1, mBootCompleted=true, screenBrightnessOverride=NaN, useAutoBrightness=true, mScreenBrightnessBoostInProgress=false, mIsVrModeEnabled= false, sQuiescent=false
06-15 12:49:09.569 D/PowerManagerService( 1357): releaseWakeLockInternal: lock=231804768 [SyncLoopWakeLock], flags=0x0
06-15 12:49:09.570 D/PowerManagerNotifier( 1357): onWakeLockReleased: flags=1, tag="SyncLoopWakeLock", packageName=android, ownerUid=1000, ownerPid=1357, workSource=null
06-15 12:49:09.575 D/PowerManagerService( 1357): updateWakeLockSummaryLocked: mWakefulness=Awake, mWakeLockSummary=0x23
06-15 12:49:09.576 D/PowerManagerService( 1357): updateUserActivitySummaryLocked: groupId=0, mWakefulness=Awake, mUserActivitySummary=0x1, nextTimeout=6824730 (in 59817 ms)
06-15 12:49:09.576 D/PowerManagerNotifier( 1357): onScreenPolicyUpdate: newPolicy=3
06-15 12:49:09.576 D/PowerManagerService( 1357): updateDisplayPowerStateLocked: displayReady=true, groupId=0, policy=BRIGHT, mWakefulness=Awake, mWakeLockSummary=0x23, mUserActivitySummary=0x1, mBootCompleted=true, screenBrightnessOverride=NaN, useAutoBrightness=true, mScreenBrightnessBoostInProgress=false, mIsVrModeEnabled= false, sQuiescent=false
06-15 12:49:09.576 D/PowerManagerService( 1357): acquireWakeLockInternal: lock=231804768, flags=0x1, tag="SyncLoopWakeLock", ws=null, uid=1000, pid=1357
06-15 12:49:09.576 D/PowerManagerService( 1357): updateWakeLockSummaryLocked: mWakefulness=Awake, mWakeLockSummary=0x23
06-15 12:49:09.576 D/PowerManagerService( 1357): updateUserActivitySummaryLocked: groupId=0, mWakefulness=Awake, mUserActivitySummary=0x1, nextTimeout=6824730 (in 59816 ms)
06-15 12:49:09.576 D/PowerManagerNotifier( 1357): onScreenPolicyUpdate: newPolicy=3
06-15 12:49:09.576 D/PowerManagerService( 1357): updateDisplayPowerStateLocked: displayReady=true, groupId=0, policy=BRIGHT, mWakefulness=Awake, mWakeLockSummary=0x23, mUserActivitySummary=0x1, mBootCompleted=true, screenBrightnessOverride=NaN, useAutoBrightness=true, mScreenBrightnessBoostInProgress=false, mIsVrModeEnabled= false, sQuiescent=false
06-15 12:49:09.576 D/PowerManagerNotifier( 1357): onWakeLockAcquired: flags=1, tag="SyncLoopWakeLock", packageName=android, ownerUid=1000, ownerPid=1357, workSource=null
06-15 12:49:09.581 D/PowerManagerService( 1357): releaseWakeLockInternal: lock=231804768 [SyncLoopWakeLock], flags=0x0
06-15 12:49:09.581 D/PowerManagerNotifier( 1357): onWakeLockReleased: flags=1, tag="SyncLoopWakeLock", packageName=android, ownerUid=1000, ownerPid=1357, workSource=null
06-15 12:49:09.581 D/PowerManagerService( 1357): updateWakeLockSummaryLocked: mWakefulness=Awake, mWakeLockSummary=0x23
06-15 12:49:09.581 D/PowerManagerService( 1357): updateUserActivitySummaryLocked: groupId=0, mWakefulness=Awake, mUserActivitySummary=0x1, nextTimeout=6824730 (in 59811 ms)
06-15 12:49:09.581 D/PowerManagerNotifier( 1357): onScreenPolicyUpdate: newPolicy=3
06-15 12:49:09.581 D/PowerManagerService( 1357): updateDisplayPowerStateLocked: displayReady=true, groupId=0, policy=BRIGHT, mWakefulness=Awake, mWakeLockSummary=0x23, mUserActivitySummary=0x1, mBootCompleted=true, screenBrightnessOverride=NaN, useAutoBrightness=true, mScreenBrightnessBoostInProgress=false, mIsVrModeEnabled= false, sQuiescent=false
06-15 12:49:09.582 D/PowerManagerService( 1357): acquireWakeLockInternal: lock=126344639, flags=0x1, tag="*job*/com.tencent.android.qqdownloader.YYBLiveAccountProvider/com.tencent.android.qqdownloader.YYBLiveAccountProvider.account/应用宝:android", ws=WorkSource{10117}, uid=1000, pid=1357
06-15 12:49:09.582 D/PowerManagerService( 1357): updateWakeLockSummaryLocked: mWakefulness=Awake, mWakeLockSummary=0x23
06-15 12:49:09.582 D/PowerManagerService( 1357): updateUserActivitySummaryLocked: groupId=0, mWakefulness=Awake, mUserActivitySummary=0x1, nextTimeout=6824730 (in 59811 ms)
06-15 12:49:09.582 D/PowerManagerNotifier( 1357): onScreenPolicyUpdate: newPolicy=3
06-15 12:49:09.582 D/PowerManagerService( 1357): updateDisplayPowerStateLocked: displayReady=true, groupId=0, policy=BRIGHT, mWakefulness=Awake, mWakeLockSummary=0x23, mUserActivitySummary=0x1, mBootCompleted=true, screenBrightnessOverride=NaN, useAutoBrightness=true, mScreenBrightnessBoostInProgress=false, mIsVrModeEnabled= false, sQuiescent=false
