06-15 12:55:36.392 D/PowerManagerNotifier( 1357): onScreenPolicyUpdate: newPolicy=3
06-15 12:55:36.392 D/PowerManagerService( 1357): updateDisplayPowerStateLocked: displayReady=true, groupId=0, policy=BRIGHT, mWakefulness=Awake, mWakeLockSummary=0x23, mUserActivitySummary=0x4, mBootCompleted=true, screenBrightnessOverride=NaN, useAutoBrightness=true, mScreenBrightnessBoostInProgress=false, mIsVrModeEnabled= false, sQuiescent=false
06-15 12:55:36.392 D/PowerManagerNotifier( 1357): onWakeLockAcquired: flags=1, tag="SyncLoopWakeLock", packageName=android, ownerUid=1000, ownerPid=1357, workSource=null
06-15 12:55:36.392 D/PowerManagerService( 1357): releaseWakeLockInternal: lock=104436364 [*job*/com.tencent.android.qqdownloader.YYBLiveAccountProvider/com.tencent.android.qqdownloader.YYBLiveAccountProvider.account/应用宝:android], flags=0x0
06-15 12:55:36.393 D/PowerManagerNotifier( 1357): onWakeLockReleased: flags=1, tag="*job*/com.tencent.android.qqdownloader.YYBLiveAccountProvider/com.tencent.android.qqdownloader.YYBLiveAccountProvider.account/应用宝:android", packageName=android, ownerUid=1000, ownerPid=1357, workSource=WorkSource{10117}
06-15 12:55:36.393 D/PowerManagerService( 1357): updateWakeLockSummaryLocked: mWakefulness=Awake, mWakeLockSummary=0x23
06-15 12:55:36.393 D/PowerManagerService( 1357): updateUserActivitySummaryLocked: groupId=0, mWakefulness=Awake, mUserActivitySummary=0x4, nextTimeout=-1 (7151755 ms ago)
06-15 12:55:36.393 D/PowerManagerNotifier( 1357): onScreenPolicyUpdate: newPolicy=3
06-15 12:55:36.393 D/PowerManagerService( 1357): updateDisplayPowerStateLocked: displayReady=true, groupId=0, policy=BRIGHT, mWakefulness=Awake, mWakeLockSummary=0x23, mUserActivitySummary=0x4, mBootCompleted=true, screenBrightnessOverride=NaN, useAutoBrightness=true, mScreenBrightnessBoostInProgress=false, mIsVrModeEnabled= false, sQuiescent=false
06-15 12:55:36.395 D/PowerManagerService( 1357): releaseWakeLockInternal: lock=26266518 [*sync*/com.tencent.android.qqdownloader.YYBLiveAccountProvider/com.tencent.android.qqdownloader.YYBLiveAccountProvider.account/应用宝], flags=0x0
06-15 12:55:36.395 D/PowerManagerNotifier( 1357): onWakeLockReleased: flags=1, tag="*sync*/com.tencent.android.qqdownloader.YYBLiveAccountProvider/com.tencent.android.qqdownloader.YYBLiveAccountProvider.account/应用宝", packageName=android, ownerUid=1000, ownerPid=1357, workSource=WorkSource{10117}
06-15 12:55:36.395 D/PowerManagerService( 1357): updateWakeLockSummaryLocked: mWakefulness=Awake, mWakeLockSummary=0x23
06-15 12:55:36.395 D/PowerManagerService( 1357): updateUserActivitySummaryLocked: groupId=0, mWakefulness=Awake, mUserActivitySummary=0x4, nextTimeout=-1 (7151757 ms ago)
06-15 12:55:36.395 D/PowerManagerNotifier( 1357): onScreenPolicyUpdate: newPolicy=3
06-15 12:55:36.395 D/PowerManagerService( 1357): updateDisplayPowerStateLocked: displayReady=true, groupId=0, policy=BRIGHT, mWakefulness=Awake, mWakeLockSummary=0x23, mUserActivitySummary=0x4, mBootCompleted=true, screenBrightnessOverride=NaN, useAutoBrightness=true, mScreenBrightnessBoostInProgress=false, mIsVrModeEnabled= false, sQuiescent=false
06-15 12:55:36.402 D/PowerManagerService( 1357): releaseWakeLockInternal: lock=231804768 [SyncLoopWakeLock], flags=0x0
06-15 12:55:36.402 D/PowerManagerNotifier( 1357): onWakeLockReleased: flags=1, tag="SyncLoopWakeLock", packageName=android, ownerUid=1000, ownerPid=1357, workSource=null
06-15 12:55:36.402 D/PowerManagerService( 1357): updateWakeLockSummaryLocked: mWakefulness=Awake, mWakeLockSummary=0x23
06-15 12:55:36.402 D/PowerManagerService( 1357): updateUserActivitySummaryLocked: groupId=0, mWakefulness=Awake, mUserActivitySummary=0x4, nextTimeout=-1 (7151764 ms ago)
06-15 12:55:36.402 D/PowerManagerNotifier( 1357): onScreenPolicyUpdate: newPolicy=3
06-15 12:55:36.402 D/PowerManagerService( 1357): updateDisplayPowerStateLocked: displayReady=true, groupId=0, policy=BRIGHT, mWakefulness=Awake, mWakeLockSummary=0x23, mUserActivitySummary=0x4, mBootCompleted=true, screenBrightnessOverride=NaN, useAutoBrightness=true, mScreenBrightnessBoostInProgress=false, mIsVrModeEnabled= false, sQuiescent=false
06-15 12:55:36.402 D/PowerManagerService( 1357): acquireWakeLockInternal: lock=231804768, flags=0x1, tag="SyncLoopWakeLock", ws=null, uid=1000, pid=1357
06-15 12:55:36.402 D/PowerManagerService( 1357): updateWakeLockSummaryLocked: mWakefulness=Awake, mWakeLockSummary=0x23
06-15 12:55:36.403 D/PowerManagerService( 1357): updateUserActivitySummaryLocked: groupId=0, mWakefulness=Awake, mUserActivitySummary=0x4, nextTimeout=-1 (7151765 ms ago)
06-15 12:55:36.403 D/PowerManagerNotifier( 1357): onScreenPolicyUpdate: newPolicy=3
06-15 12:55:36.403 D/PowerManagerService( 1357): updateDisplayPowerStateLocked: displayReady=true, groupId=0, policy=BRIGHT, mWakefulness=Awake, mWakeLockSummary=0x23, mUserActivitySummary=0x4, mBootCompleted=true, screenBrightnessOverride=NaN, useAutoBrightness=true, mScreenBrightnessBoostInProgress=false, mIsVrModeEnabled= false, sQuiescent=false
06-15 12:55:36.403 D/PowerManagerNotifier( 1357): onWakeLockAcquired: flags=1, tag="SyncLoopWakeLock", packageName=android, ownerUid=1000, ownerPid=1357, workSource=null
06-15 12:55:36.404 D/PowerManagerService( 1357): releaseWakeLockInternal: lock=231804768 [SyncLoopWakeLock], flags=0x0
06-15 12:55:36.404 D/PowerManagerNotifier( 1357): onWakeLockReleased: flags=1, tag="SyncLoopWakeLock", packageName=android, ownerUid=1000, ownerPid=1357, workSource=null
06-15 12:55:36.405 D/PowerManagerService( 1357): updateWakeLockSummaryLocked: mWakefulness=Awake, mWakeLockSummary=0x23
06-15 12:55:36.405 D/PowerManagerService( 1357): updateUserActivitySummaryLocked: groupId=0, mWakefulness=Awake, mUserActivitySummary=0x4, nextTimeout=-1 (7151767 ms ago)
06-15 12:55:36.405 D/PowerManagerNotifier( 1357): onScreenPolicyUpdate: newPolicy=3
06-15 12:55:36.405 D/PowerManagerService( 1357): updateDisplayPowerStateLocked: displayReady=true, groupId=0, policy=BRIGHT, mWakefulness=Awake, mWakeLockSummary=0x23, mUserActivitySummary=0x4, mBootCompleted=true, screenBrightnessOverride=NaN, useAutoBrightness=true, mScreenBrightnessBoostInProgress=false, mIsVrModeEnabled= false, sQuiescent=false
06-15 12:55:36.405 D/PowerManagerService( 1357): acquireWakeLockInternal: lock=231804768, flags=0x1, tag="SyncLoopWakeLock", ws=null, uid=1000, pid=1357
06-15 12:55:36.405 D/PowerManagerService( 1357): updateWakeLockSummaryLocked: mWakefulness=Awake, mWakeLockSummary=0x23
06-15 12:55:36.405 D/PowerManagerService( 1357): updateUserActivitySummaryLocked: groupId=0, mWakefulness=Awake, mUserActivitySummary=0x4, nextTimeout=-1 (7151767 ms ago)
06-15 12:55:36.405 D/PowerManagerNotifier( 1357): onScreenPolicyUpdate: newPolicy=3
06-15 12:55:36.405 D/PowerManagerService( 1357): updateDisplayPowerStateLocked: displayReady=true, groupId=0, policy=BRIGHT, mWakefulness=Awake, mWakeLockSummary=0x23, mUserActivitySummary=0x4, mBootCompleted=true, screenBrightnessOverride=NaN, useAutoBrightness=true, mScreenBrightnessBoostInProgress=false, mIsVrModeEnabled= false, sQuiescent=false
06-15 12:55:36.405 D/PowerManagerNotifier( 1357): onWakeLockAcquired: flags=1, tag="SyncLoopWakeLock", packageName=android, ownerUid=1000, ownerPid=1357, workSource=null
06-15 12:55:36.406 D/PowerManagerService( 1357): releaseWakeLockInternal: lock=231804768 [SyncLoopWakeLock], flags=0x0
06-15 12:55:36.406 D/PowerManagerNotifier( 1357): onWakeLockReleased: flags=1, tag="SyncLoopWakeLock", packageName=android, ownerUid=1000, ownerPid=1357, workSource=null
06-15 12:55:36.406 D/PowerManagerService( 1357): updateWakeLockSummaryLocked: mWakefulness=Awake, mWakeLockSummary=0x23
06-15 12:55:36.406 D/PowerManagerService( 1357): updateUserActivitySummaryLocked: groupId=0, mWakefulness=Awake, mUserActivitySummary=0x4, nextTimeout=-1 (7151768 ms ago)
06-15 12:55:36.406 D/PowerManagerNotifier( 1357): onScreenPolicyUpdate: newPolicy=3
06-15 12:55:36.406 D/PowerManagerService( 1357): updateDisplayPowerStateLocked: displayReady=true, groupId=0, policy=BRIGHT, mWakefulness=Awake, mWakeLockSummary=0x23, mUserActivitySummary=0x4, mBootCompleted=true, screenBrightnessOverride=NaN, useAutoBrightness=true, mScreenBrightnessBoostInProgress=false, mIsVrModeEnabled= false, sQuiescent=false
06-15 12:55:36.834 D/PowerManagerService( 1357): acquireWakeLockInternal: lock=13658179, flags=0x1, tag="AudioMix", ws=null, uid=1041, pid=0
06-15 12:55:36.836 D/PowerManagerService( 1357): updateWakeLockSummaryLocked: mWakefulness=Awake, mWakeLockSummary=0x23
06-15 12:55:36.836 D/PowerManagerService( 1357): updateUserActivitySummaryLocked: groupId=0, mWakefulness=Awake, mUserActivitySummary=0x4, nextTimeout=-1 (7152198 ms ago)
06-15 12:55:36.836 D/PowerManagerNotifier( 1357): onScreenPolicyUpdate: newPolicy=3
06-15 12:55:36.837 D/PowerManagerService( 1357): updateDisplayPowerStateLocked: displayReady=true, groupId=0, policy=BRIGHT, mWakefulness=Awake, mWakeLockSummary=0x23, mUserActivitySummary=0x4, mBootCompleted=true, screenBrightnessOverride=NaN, useAutoBrightness=true, mScreenBrightnessBoostInProgress=false, mIsVrModeEnabled= false, sQuiescent=false
06-15 12:55:36.837 D/PowerManagerNotifier( 1357): onWakeLockAcquired: flags=1, tag="AudioMix", packageName=audioserver, ownerUid=1041, ownerPid=0, workSource=null
06-15 12:55:36.838 D/PowerManagerService( 1357): acquireWakeLockInternal: lock=257097408, flags=0x1, tag="AudioMix", ws=null, uid=1041, pid=0
06-15 12:55:36.839 D/PowerManagerService( 1357): updateWakeLockSummaryLocked: mWakefulness=Awake, mWakeLockSummary=0x23
06-15 12:55:36.839 D/PowerManagerService( 1357): updateUserActivitySummaryLocked: groupId=0, mWakefulness=Awake, mUserActivitySummary=0x4, nextTimeout=-1 (7152201 ms ago)
06-15 12:55:36.839 D/PowerManagerNotifier( 1357): onScreenPolicyUpdate: newPolicy=3
06-15 12:55:36.839 D/PowerManagerService( 1357): updateDisplayPowerStateLocked: displayReady=true, groupId=0, policy=BRIGHT, mWakefulness=Awake, mWakeLockSummary=0x23, mUserActivitySummary=0x4, mBootCompleted=true, screenBrightnessOverride=NaN, useAutoBrightness=true, mScreenBrightnessBoostInProgress=false, mIsVrModeEnabled= false, sQuiescent=false
06-15 12:55:36.839 D/PowerManagerNotifier( 1357): onWakeLockAcquired: flags=1, tag="AudioMix", packageName=audioserver, ownerUid=1041, ownerPid=0, workSource=null
06-15 12:55:36.840 D/PowerManagerService( 1357): acquireWakeLockInternal: lock=141895673, flags=0x1, tag="AudioMix", ws=null, uid=1041, pid=0
06-15 12:55:36.840 D/PowerManagerService( 1357): updateWakeLockSummaryLocked: mWakefulness=Awake, mWakeLockSummary=0x23
06-15 12:55:36.840 D/PowerManagerService( 1357): updateUserActivitySummaryLocked: groupId=0, mWakefulness=Awake, mUserActivitySummary=0x4, nextTimeout=-1 (7152202 ms ago)
06-15 12:55:36.840 D/PowerManagerNotifier( 1357): onScreenPolicyUpdate: newPolicy=3
06-15 12:55:36.840 D/PowerManagerService( 1357): updateDisplayPowerStateLocked: displayReady=true, groupId=0, policy=BRIGHT, mWakefulness=Awake, mWakeLockSummary=0x23, mUserActivitySummary=0x4, mBootCompleted=true, screenBrightnessOverride=NaN, useAutoBrightness=true, mScreenBrightnessBoostInProgress=false, mIsVrModeEnabled= false, sQuiescent=false
06-15 12:55:36.841 D/PowerManagerNotifier( 1357): onWakeLockAcquired: flags=1, tag="AudioMix", packageName=audioserver, ownerUid=1041, ownerPid=0, workSource=null
06-15 12:55:36.841 D/PowerManagerService( 1357): updateWakeLockWorkSourceInternal: lock=13658179 [AudioMix], ws=null
06-15 12:55:36.841 D/PowerManagerService( 1357): updateWakeLockWorkSourceInternal: lock=257097408 [AudioMix], ws=null
06-15 12:55:36.841 D/PowerManagerService( 1357): updateWakeLockWorkSourceInternal: lock=141895673 [AudioMix], ws=null
06-15 12:55:39.703 E/[ 7155.052769] [MAX975X( 0): max96755x_vc1_lcd_dtc_check] *ERROR* DTC_Display: screen not ready(0), bl_sta(1), lvl(20)
06-15 12:55:39.834 D/PowerManagerService( 1357): releaseWakeLockInternal: lock=257097408 [AudioMix], flags=0x0
06-15 12:55:39.835 D/PowerManagerNotifier( 1357): onWakeLockReleased: flags=1, tag="AudioMix", packageName=audioserver, ownerUid=1041, ownerPid=0, workSource=null
06-15 12:55:39.835 D/PowerManagerService( 1357): updateWakeLockSummaryLocked: mWakefulness=Awake, mWakeLockSummary=0x23
06-15 12:55:39.835 D/PowerManagerService( 1357): updateUserActivitySummaryLocked: groupId=0, mWakefulness=Awake, mUserActivitySummary=0x4, nextTimeout=-1 (7155197 ms ago)
06-15 12:55:39.835 D/PowerManagerNotifier( 1357): onScreenPolicyUpdate: newPolicy=3
06-15 12:55:39.836 D/PowerManagerService( 1357): updateDisplayPowerStateLocked: displayReady=true, groupId=0, policy=BRIGHT, mWakefulness=Awake, mWakeLockSummary=0x23, mUserActivitySummary=0x4, mBootCompleted=true, screenBrightnessOverride=NaN, useAutoBrightness=true, mScreenBrightnessBoostInProgress=false, mIsVrModeEnabled= false, sQuiescent=false
06-15 12:55:39.836 D/PowerManagerService( 1357): releaseWakeLockInternal: lock=141895673 [AudioMix], flags=0x0
06-15 12:55:39.836 D/PowerManagerNotifier( 1357): onWakeLockReleased: flags=1, tag="AudioMix", packageName=audioserver, ownerUid=1041, ownerPid=0, workSource=null
06-15 12:55:39.837 D/PowerManagerService( 1357): updateWakeLockSummaryLocked: mWakefulness=Awake, mWakeLockSummary=0x23
06-15 12:55:39.837 D/PowerManagerService( 1357): updateUserActivitySummaryLocked: groupId=0, mWakefulness=Awake, mUserActivitySummary=0x4, nextTimeout=-1 (7155199 ms ago)
06-15 12:55:39.837 D/PowerManagerNotifier( 1357): onScreenPolicyUpdate: newPolicy=3
06-15 12:55:39.837 D/PowerManagerService( 1357): updateDisplayPowerStateLocked: displayReady=true, groupId=0, policy=BRIGHT, mWakefulness=Awake, mWakeLockSummary=0x23, mUserActivitySummary=0x4, mBootCompleted=true, screenBrightnessOverride=NaN, useAutoBrightness=true, mScreenBrightnessBoostInProgress=false, mIsVrModeEnabled= false, sQuiescent=false
06-15 12:55:39.837 D/PowerManagerService( 1357): releaseWakeLockInternal: lock=13658179 [AudioMix], flags=0x0
06-15 12:55:39.837 D/PowerManagerNotifier( 1357): onWakeLockReleased: flags=1, tag="AudioMix", packageName=audioserver, ownerUid=1041, ownerPid=0, workSource=null
06-15 12:55:39.838 D/PowerManagerService( 1357): updateWakeLockSummaryLocked: mWakefulness=Awake, mWakeLockSummary=0x23
06-15 12:55:39.838 D/PowerManagerService( 1357): updateUserActivitySummaryLocked: groupId=0, mWakefulness=Awake, mUserActivitySummary=0x4, nextTimeout=-1 (7155200 ms ago)
06-15 12:55:39.838 D/PowerManagerNotifier( 1357): onScreenPolicyUpdate: newPolicy=3
06-15 12:55:39.838 D/PowerManagerService( 1357): updateDisplayPowerStateLocked: displayReady=true, groupId=0, policy=BRIGHT, mWakefulness=Awake, mWakeLockSummary=0x23, mUserActivitySummary=0x4, mBootCompleted=true, screenBrightnessOverride=NaN, useAutoBrightness=true, mScreenBrightnessBoostInProgress=false, mIsVrModeEnabled= false, sQuiescent=false
06-15 12:55:40.730 E/ ( 0): [ 7156.082963] q6asm_get_shared_pos out of tries trying to get a good read, try again
06-15 12:55:40.988 I/GameModeConfig( 1357): isGameModeOn = false
06-15 12:55:43.995 E/[ 7159.344960] [MAX975X( 0): max96755x_vc1_lcd_dtc_check] *ERROR* DTC_Display: screen not ready(0), bl_sta(1), lvl(20)
06-15 12:55:44.958 D/PowerManagerService( 1357): acquireWakeLockInternal: lock=59196831, flags=0x1, tag="AudioMix", ws=null, uid=1041, pid=0
06-15 12:55:44.958 D/PowerManagerService( 1357): updateWakeLockSummaryLocked: mWakefulness=Awake, mWakeLockSummary=0x23
06-15 12:55:44.958 D/PowerManagerService( 1357): updateUserActivitySummaryLocked: groupId=0, mWakefulness=Awake, mUserActivitySummary=0x4, nextTimeout=-1 (7160320 ms ago)
06-15 12:55:44.961 D/PowerManagerNotifier( 1357): onScreenPolicyUpdate: newPolicy=3
06-15 12:55:44.961 D/PowerManagerService( 1357): updateDisplayPowerStateLocked: displayReady=true, groupId=0, policy=BRIGHT, mWakefulness=Awake, mWakeLockSummary=0x23, mUserActivitySummary=0x4, mBootCompleted=true, screenBrightnessOverride=NaN, useAutoBrightness=true, mScreenBrightnessBoostInProgress=false, mIsVrModeEnabled= false, sQuiescent=false
06-15 12:55:44.962 D/PowerManagerNotifier( 1357): onWakeLockAcquired: flags=1, tag="AudioMix", packageName=audioserver, ownerUid=1041, ownerPid=0, workSource=null
06-15 12:55:44.962 D/PowerManagerService( 1357): updateWakeLockWorkSourceInternal: lock=59196831 [AudioMix], ws=null
06-15 12:55:44.962 D/PowerManagerService( 1357): acquireWakeLockInternal: lock=264849132, flags=0x1, tag="AudioMix", ws=null, uid=1041, pid=0
06-15 12:55:44.963 D/PowerManagerService( 1357): updateWakeLockSummaryLocked: mWakefulness=Awake, mWakeLockSummary=0x23
06-15 12:55:44.963 D/PowerManagerService( 1357): updateUserActivitySummaryLocked: groupId=0, mWakefulness=Awake, mUserActivitySummary=0x4, nextTimeout=-1 (7160325 ms ago)
06-15 12:55:44.963 D/PowerManagerNotifier( 1357): onScreenPolicyUpdate: newPolicy=3
06-15 12:55:44.963 D/PowerManagerService( 1357): updateDisplayPowerStateLocked: displayReady=true, groupId=0, policy=BRIGHT, mWakefulness=Awake, mWakeLockSummary=0x23, mUserActivitySummary=0x4, mBootCompleted=true, screenBrightnessOverride=NaN, useAutoBrightness=true, mScreenBrightnessBoostInProgress=false, mIsVrModeEnabled= false, sQuiescent=false
06-15 12:55:44.963 D/PowerManagerNotifier( 1357): onWakeLockAcquired: flags=1, tag="AudioMix", packageName=audioserver, ownerUid=1041, ownerPid=0, workSource=null
06-15 12:55:44.964 D/PowerManagerService( 1357): updateWakeLockWorkSourceInternal: lock=264849132 [AudioMix], ws=null
06-15 12:55:44.964 D/PowerManagerService( 1357): acquireWakeLockInternal: lock=47663797, flags=0x1, tag="AudioMix", ws=null, uid=1041, pid=0
06-15 12:55:44.964 D/PowerManagerService( 1357): updateWakeLockSummaryLocked: mWakefulness=Awake, mWakeLockSummary=0x23
06-15 12:55:44.964 D/PowerManagerService( 1357): updateUserActivitySummaryLocked: groupId=0, mWakefulness=Awake, mUserActivitySummary=0x4, nextTimeout=-1 (7160326 ms ago)
06-15 12:55:44.964 D/PowerManagerNotifier( 1357): onScreenPolicyUpdate: newPolicy=3
06-15 12:55:44.964 D/PowerManagerService( 1357): updateDisplayPowerStateLocked: displayReady=true, groupId=0, policy=BRIGHT, mWakefulness=Awake, mWakeLockSummary=0x23, mUserActivitySummary=0x4, mBootCompleted=true, screenBrightnessOverride=NaN, useAutoBrightness=true, mScreenBrightnessBoostInProgress=false, mIsVrModeEnabled= false, sQuiescent=false
06-15 12:55:44.964 D/PowerManagerNotifier( 1357): onWakeLockAcquired: flags=1, tag="AudioMix", packageName=audioserver, ownerUid=1041, ownerPid=0, workSource=null
06-15 12:55:44.965 D/PowerManagerService( 1357): updateWakeLockWorkSourceInternal: lock=47663797 [AudioMix], ws=null
06-15 12:55:46.587 I/[ 7161.947603] init( 0): processing action (sys.tlog.tlogdshc.active=1) from (/system/etc/init/tlogd.rc:195)
06-15 12:55:46.591 I/[ 7161.948749] init( 0): starting service 'tlogdshc'...
06-15 12:55:46.719 I/[ 7162.076624] init( 0): Service 'tlogdshc' (pid 13178) exited with status 0 oneshot service took 0.123000 seconds in background
06-15 12:55:46.719 I/[ 7162.076651] init( 0): Sending signal 9 to service 'tlogdshc' (pid 13178) process group...
06-15 12:55:46.719 I/[ 7162.076861] libprocessgroup( 0): Successfully killed process cgroup uid 0 pid 13178 in 0ms
06-15 12:55:47.963 D/PowerManagerService( 1357): releaseWakeLockInternal: lock=59196831 [AudioMix], flags=0x0
06-15 12:55:47.963 D/PowerManagerNotifier( 1357): onWakeLockReleased: flags=1, tag="AudioMix", packageName=audioserver, ownerUid=1041, ownerPid=0, workSource=null
06-15 12:55:47.964 D/PowerManagerService( 1357): updateWakeLockSummaryLocked: mWakefulness=Awake, mWakeLockSummary=0x23
06-15 12:55:47.964 D/PowerManagerService( 1357): updateUserActivitySummaryLocked: groupId=0, mWakefulness=Awake, mUserActivitySummary=0x4, nextTimeout=-1 (7163326 ms ago)
06-15 12:55:47.964 D/PowerManagerNotifier( 1357): onScreenPolicyUpdate: newPolicy=3
06-15 12:55:47.964 D/PowerManagerService( 1357): updateDisplayPowerStateLocked: displayReady=true, groupId=0, policy=BRIGHT, mWakefulness=Awake, mWakeLockSummary=0x23, mUserActivitySummary=0x4, mBootCompleted=true, screenBrightnessOverride=NaN, useAutoBrightness=true, mScreenBrightnessBoostInProgress=false, mIsVrModeEnabled= false, sQuiescent=false
06-15 12:55:47.964 D/PowerManagerService( 1357): releaseWakeLockInternal: lock=264849132 [AudioMix], flags=0x0
06-15 12:55:47.964 D/PowerManagerNotifier( 1357): onWakeLockReleased: flags=1, tag="AudioMix", packageName=audioserver, ownerUid=1041, ownerPid=0, workSource=null
06-15 12:55:47.965 D/PowerManagerService( 1357): updateWakeLockSummaryLocked: mWakefulness=Awake, mWakeLockSummary=0x23
06-15 12:55:47.965 D/PowerManagerService( 1357): updateUserActivitySummaryLocked: groupId=0, mWakefulness=Awake, mUserActivitySummary=0x4, nextTimeout=-1 (7163327 ms ago)
06-15 12:55:47.965 D/PowerManagerNotifier( 1357): onScreenPolicyUpdate: newPolicy=3
06-15 12:55:47.965 D/PowerManagerService( 1357): updateDisplayPowerStateLocked: displayReady=true, groupId=0, policy=BRIGHT, mWakefulness=Awake, mWakeLockSummary=0x23, mUserActivitySummary=0x4, mBootCompleted=true, screenBrightnessOverride=NaN, useAutoBrightness=true, mScreenBrightnessBoostInProgress=false, mIsVrModeEnabled= false, sQuiescent=false
06-15 12:55:47.968 D/PowerManagerService( 1357): releaseWakeLockInternal: lock=47663797 [AudioMix], flags=0x0
06-15 12:55:47.968 D/PowerManagerNotifier( 1357): onWakeLockReleased: flags=1, tag="AudioMix", packageName=audioserver, ownerUid=1041, ownerPid=0, workSource=null
06-15 12:55:47.969 D/PowerManagerService( 1357): updateWakeLockSummaryLocked: mWakefulness=Awake, mWakeLockSummary=0x23
06-15 12:55:47.969 D/PowerManagerService( 1357): updateUserActivitySummaryLocked: groupId=0, mWakefulness=Awake, mUserActivitySummary=0x4, nextTimeout=-1 (7163331 ms ago)
06-15 12:55:47.969 D/PowerManagerNotifier( 1357): onScreenPolicyUpdate: newPolicy=3
06-15 12:55:47.969 D/PowerManagerService( 1357): updateDisplayPowerStateLocked: displayReady=true, groupId=0, policy=BRIGHT, mWakefulness=Awake, mWakeLockSummary=0x23, mUserActivitySummary=0x4, mBootCompleted=true, screenBrightnessOverride=NaN, useAutoBrightness=true, mScreenBrightnessBoostInProgress=false, mIsVrModeEnabled= false, sQuiescent=false
06-15 12:55:48.046 D/PowerManagerNotifier( 1357): onLongPartialWakeLockStart: ownerUid=1041, workSource=WorkSource{10102}
06-15 12:55:48.291 E/[ 7163.640597] [MAX975X( 0): max96755x_vc1_lcd_dtc_check] *ERROR* DTC_Display: screen not ready(0), bl_sta(1), lvl(20)
06-15 12:55:50.040 D/PowerManagerService( 1357): userActivityNoUpdateLocked: groupId=0, eventTime=7165400, event=2, flags=0x0, uid=1000
06-15 12:55:50.041 D/PowerManagerNotifier( 1357): onUserActivity: event=2, uid=1000
06-15 12:55:50.041 D/PowerManagerService( 1357): updateUserActivitySummaryLocked: groupId=0, mWakefulness=Awake, mUserActivitySummary=0x1, nextTimeout=7225400 (in 59998 ms)
06-15 12:55:50.041 D/PowerManagerNotifier( 1357): onScreenPolicyUpdate: newPolicy=3
06-15 12:55:50.041 D/PowerManagerService( 1357): updateDisplayPowerStateLocked: displayReady=true, groupId=0, policy=BRIGHT, mWakefulness=Awake, mWakeLockSummary=0x23, mUserActivitySummary=0x1, mBootCompleted=true, screenBrightnessOverride=NaN, useAutoBrightness=true, mScreenBrightnessBoostInProgress=false, mIsVrModeEnabled= false, sQuiescent=false
06-15 12:55:50.067 W/ProcessStats( 1357): Tracking association SourceState{d6e69b1 com.tencent.android.qqdownloader:live/10117 BTopFgs #8781} whose proc state 2 is better than process ProcessState{5bbea17 com.tencent.android.qqdownloader:daemon/10117 pkg=com.tencent.android.qqdownloader} proc state 3 (19 skipped)
06-15 12:55:50.084 D/AutofillManagerService( 1357): Close system dialogs
06-15 12:55:50.146 D/PowerManagerService( 1357): userActivityNoUpdateLocked: groupId=0, eventTime=7165507, event=2, flags=0x0, uid=1000
06-15 12:55:50.147 D/PowerManagerNotifier( 1357): onUserActivity: event=2, uid=1000
06-15 12:55:50.147 D/PowerManagerService( 1357): updateUserActivitySummaryLocked: groupId=0, mWakefulness=Awake, mUserActivitySummary=0x1, nextTimeout=7225507 (in 59999 ms)
06-15 12:55:50.147 D/PowerManagerNotifier( 1357): onScreenPolicyUpdate: newPolicy=3
06-15 12:55:50.147 D/PowerManagerService( 1357): updateDisplayPowerStateLocked: displayReady=true, groupId=0, policy=BRIGHT, mWakefulness=Awake, mWakeLockSummary=0x23, mUserActivitySummary=0x1, mBootCompleted=true, screenBrightnessOverride=NaN, useAutoBrightness=true, mScreenBrightnessBoostInProgress=false, mIsVrModeEnabled= false, sQuiescent=false
06-15 12:55:50.966 D/PowerManagerService( 1357): acquireWakeLockInternal: lock=112426894, flags=0x1, tag="*launch*", ws=WorkSource{10074}, uid=1000, pid=1357
06-15 12:55:50.966 D/PowerManagerService( 1357): updateWakeLockSummaryLocked: mWakefulness=Awake, mWakeLockSummary=0x23
06-15 12:55:50.966 D/PowerManagerService( 1357): updateUserActivitySummaryLocked: groupId=0, mWakefulness=Awake, mUserActivitySummary=0x1, nextTimeout=7225507 (in 59180 ms)
06-15 12:55:50.966 D/PowerManagerNotifier( 1357): onScreenPolicyUpdate: newPolicy=3
06-15 12:55:50.966 D/PowerManagerService( 1357): updateDisplayPowerStateLocked: displayReady=true, groupId=0, policy=BRIGHT, mWakefulness=Awake, mWakeLockSummary=0x23, mUserActivitySummary=0x1, mBootCompleted=true, screenBrightnessOverride=NaN, useAutoBrightness=true, mScreenBrightnessBoostInProgress=false, mIsVrModeEnabled= false, sQuiescent=false
06-15 12:55:50.966 D/PowerManagerNotifier( 1357): onWakeLockAcquired: flags=1, tag="*launch*", packageName=android, ownerUid=1000, ownerPid=1357, workSource=WorkSource{10074}
06-15 12:55:50.967 I/ActivityTaskManager( 1357): FOREGROUND_APPLICATION_CHANGED to com.android.launcher3.uioverrides.QuickstepLauncher
06-15 12:55:50.982 D/PowerManagerService( 1357): releaseWakeLockInternal: lock=86286248 [WindowManager], flags=0x0
06-15 12:55:50.983 D/PowerManagerNotifier( 1357): onWakeLockReleased: flags=536870922, tag="WindowManager", packageName=android, ownerUid=1000, ownerPid=1357, workSource=WorkSource{10102}
06-15 12:55:50.983 D/PowerManagerService( 1357): userActivityNoUpdateLocked: groupId=0, eventTime=7166344, event=0, flags=0x1, uid=1000
06-15 12:55:50.983 D/PowerManagerNotifier( 1357): onUserActivity: event=0, uid=1000
06-15 12:55:50.983 D/PowerManagerService( 1357): updateWakeLockSummaryLocked: mWakefulness=Awake, mWakeLockSummary=0x1
06-15 12:55:50.983 D/PowerManagerService( 1357): updateUserActivitySummaryLocked: groupId=0, mWakefulness=Awake, mUserActivitySummary=0x1, nextTimeout=7225507 (in 59163 ms)
06-15 12:55:50.983 D/PowerManagerNotifier( 1357): onScreenPolicyUpdate: newPolicy=3
06-15 12:55:50.983 D/PowerManagerService( 1357): updateDisplayPowerStateLocked: displayReady=true, groupId=0, policy=BRIGHT, mWakefulness=Awake, mWakeLockSummary=0x1, mUserActivitySummary=0x1, mBootCompleted=true, screenBrightnessOverride=NaN, useAutoBrightness=true, mScreenBrightnessBoostInProgress=false, mIsVrModeEnabled= false, sQuiescent=false
06-15 12:55:50.998 D/PowerManagerService( 1357): releaseWakeLockInternal: lock=112426894 [*launch*], flags=0x0
06-15 12:55:50.998 D/PowerManagerNotifier( 1357): onWakeLockReleased: flags=1, tag="*launch*", packageName=android, ownerUid=1000, ownerPid=1357, workSource=WorkSource{10074}
06-15 12:55:50.998 D/PowerManagerService( 1357): updateWakeLockSummaryLocked: mWakefulness=Awake, mWakeLockSummary=0x1
06-15 12:55:50.998 D/PowerManagerService( 1357): updateUserActivitySummaryLocked: groupId=0, mWakefulness=Awake, mUserActivitySummary=0x1, nextTimeout=7225507 (in 59148 ms)
06-15 12:55:50.998 D/PowerManagerNotifier( 1357): onScreenPolicyUpdate: newPolicy=3
06-15 12:55:50.998 D/PowerManagerService( 1357): updateDisplayPowerStateLocked: displayReady=true, groupId=0, policy=BRIGHT, mWakefulness=Awake, mWakeLockSummary=0x1, mUserActivitySummary=0x1, mBootCompleted=true, screenBrightnessOverride=NaN, useAutoBrightness=true, mScreenBrightnessBoostInProgress=false, mIsVrModeEnabled= false, sQuiescent=false
06-15 12:55:51.107 D/CompatibilityChangeReporter( 1357): Compat change id reported: 135634846; UID 10063; state: DISABLED
06-15 12:55:51.107 D/CompatibilityChangeReporter( 1357): Compat change id reported: 177438394; UID 10063; state: DISABLED
06-15 12:55:51.107 D/CompatibilityChangeReporter( 1357): Compat change id reported: 135772972; UID 10063; state: DISABLED
06-15 12:55:51.107 D/CompatibilityChangeReporter( 1357): Compat change id reported: 135754954; UID 10063; state: ENABLED
06-15 12:55:51.111 D/CompatibilityChangeReporter( 1357): Compat change id reported: 143937733; UID 10063; state: ENABLED
06-15 12:55:51.122 I/ActivityManager( 1357): Start proc 13204:com.thundercomm.gamemode.provider/u0a63 for content provider {com.thundercomm.gamemode.provider/com.thundercomm.gamemode.provider.SettingsProvider}
06-15 12:55:51.149 I/[ 7166.507961] binder( 0): 13204:13204 ioctl 40046210 7fcde88de4 returned -22
06-15 12:55:51.153 D/CompatibilityChangeReporter( 1357): Compat change id reported: 168419799; UID 10063; state: DISABLED
06-15 12:55:51.173 D/CompatibilityChangeReporter( 1357): Compat change id reported: 157929241; UID 1000; state: LOGGED
06-15 12:55:51.204 D/PowerManagerService( 1357): updateWakeLockWorkSourceInternal: lock=105192276 [AudioMix], ws=null
06-15 12:55:51.204 D/PowerManagerNotifier( 1357): onWakeLockReleased: flags=1, tag="AudioMix", packageName=audioserver, ownerUid=1041, ownerPid=0, workSource=WorkSource{10102}
06-15 12:55:51.204 D/PowerManagerNotifier( 1357): onWakeLockAcquired: flags=1, tag="AudioMix", packageName=audioserver, ownerUid=1041, ownerPid=0, workSource=null
06-15 12:55:51.204 D/PowerManagerNotifier( 1357): onLongPartialWakeLockFinish: ownerUid=1041, workSource=WorkSource{10102}
06-15 12:55:52.082 D/PowerManagerService( 1357): userActivityNoUpdateLocked: groupId=0, eventTime=7167440, event=2, flags=0x0, uid=1000
06-15 12:55:52.082 D/PowerManagerNotifier( 1357): onUserActivity: event=2, uid=1000
06-15 12:55:52.082 D/PowerManagerService( 1357): updateUserActivitySummaryLocked: groupId=0, mWakefulness=Awake, mUserActivitySummary=0x1, nextTimeout=7227440 (in 59997 ms)
06-15 12:55:52.082 D/PowerManagerNotifier( 1357): onScreenPolicyUpdate: newPolicy=3
06-15 12:55:52.083 D/PowerManagerService( 1357): updateDisplayPowerStateLocked: displayReady=true, groupId=0, policy=BRIGHT, mWakefulness=Awake, mWakeLockSummary=0x1, mUserActivitySummary=0x1, mBootCompleted=true, screenBrightnessOverride=NaN, useAutoBrightness=true, mScreenBrightnessBoostInProgress=false, mIsVrModeEnabled= false, sQuiescent=false
06-15 12:55:52.184 D/PowerManagerService( 1357): userActivityNoUpdateLocked: groupId=0, eventTime=7167544, event=2, flags=0x0, uid=1000
06-15 12:55:52.185 D/PowerManagerNotifier( 1357): onUserActivity: event=2, uid=1000
06-15 12:55:52.185 D/PowerManagerService( 1357): updateUserActivitySummaryLocked: groupId=0, mWakefulness=Awake, mUserActivitySummary=0x1, nextTimeout=7227544 (in 59998 ms)
06-15 12:55:52.185 D/PowerManagerNotifier( 1357): onScreenPolicyUpdate: newPolicy=3
06-15 12:55:52.185 D/PowerManagerService( 1357): updateDisplayPowerStateLocked: displayReady=true, groupId=0, policy=BRIGHT, mWakefulness=Awake, mWakeLockSummary=0x1, mUserActivitySummary=0x1, mBootCompleted=true, screenBrightnessOverride=NaN, useAutoBrightness=true, mScreenBrightnessBoostInProgress=false, mIsVrModeEnabled= false, sQuiescent=false
06-15 12:55:52.201 I/thunderperf( 1357): PlatormCompat.setOverrides: Uid1=10074 Pid1=2906 Uid2=10074 Pid2=2906
06-15 12:55:52.201 I/thunderperf( 1357): PlatormCompat.setOverrides: needCheck:false
06-15 12:55:52.201 I/thunderperf( 1357): CompatConfig.addOverrideUnsafe: bef-state=0
06-15 12:55:52.201 I/thunderperf( 1357): CompatConfig.addOverrideUnsafe: aft-state=0
06-15 12:55:52.202 I/thunderperf( 1357): CompatConfig.addOverrideUnsafe: bef-state=0
06-15 12:55:52.202 I/thunderperf( 1357): CompatConfig.addOverrideUnsafe: aft-state=0
06-15 12:55:52.204 I/thunderperf( 1357): CompatConfig.addOverrideUnsafe: bef-state=0
06-15 12:55:52.204 I/thunderperf( 1357): CompatConfig.addOverrideUnsafe: aft-state=0
06-15 12:55:52.204 I/thunderperf( 1357): CompatConfig.addOverrideUnsafe: bef-state=0
06-15 12:55:52.204 I/thunderperf( 1357): CompatConfig.addOverrideUnsafe: aft-state=0
06-15 12:55:52.205 I/thunderperf( 1357): CompatConfig.addOverrideUnsafe: bef-state=0
06-15 12:55:52.205 I/thunderperf( 1357): CompatConfig.addOverrideUnsafe: aft-state=0
06-15 12:55:52.205 I/thunderperf( 1357): CompatConfig.addOverrideUnsafe: bef-state=0
06-15 12:55:52.205 I/thunderperf( 1357): CompatConfig.addOverrideUnsafe: aft-state=0
06-15 12:55:52.206 I/thunderperf( 1357): CompatConfig.addOverrideUnsafe: bef-state=0
06-15 12:55:52.206 I/thunderperf( 1357): CompatConfig.addOverrideUnsafe: aft-state=0
06-15 12:55:52.206 I/thunderperf( 1357): CompatConfig.addOverrideUnsafe: bef-state=0
06-15 12:55:52.206 I/thunderperf( 1357): CompatConfig.addOverrideUnsafe: aft-state=0
06-15 12:55:52.206 I/thunderperf( 1357): CompatConfig.addOverrideUnsafe: bef-state=0
06-15 12:55:52.207 I/thunderperf( 1357): CompatConfig.addOverrideUnsafe: aft-state=0
06-15 12:55:52.207 I/thunderperf( 1357): CompatConfig.addOverrideUnsafe: bef-state=0
06-15 12:55:52.207 I/thunderperf( 1357): CompatConfig.addOverrideUnsafe: aft-state=0
06-15 12:55:52.208 I/thunderperf( 1357): CompatConfig.addOverrideUnsafe: bef-state=0
06-15 12:55:52.208 I/thunderperf( 1357): CompatConfig.addOverrideUnsafe: aft-state=0
06-15 12:55:52.209 I/thunderperf( 1357): CompatConfig.addOverrideUnsafe: bef-state=0
06-15 12:55:52.209 I/thunderperf( 1357): CompatConfig.addOverrideUnsafe: aft-state=0
06-15 12:55:52.209 I/thunderperf( 1357): CompatConfig.addOverrideUnsafe: bef-state=0
06-15 12:55:52.209 I/thunderperf( 1357): CompatConfig.addOverrideUnsafe: aft-state=0
06-15 12:55:52.210 I/thunderperf( 1357): CompatConfig.addOverrideUnsafe: bef-state=0
06-15 12:55:52.210 I/thunderperf( 1357): CompatConfig.addOverrideUnsafe: aft-state=0
06-15 12:55:52.221 I/ActivityTaskManager( 1357): START u0 {act=android.intent.action.MAIN cat=[android.intent.category.LAUNCHER] flg=0x10200000 cmp=com.tencent.tmgp.sgame/.SGameActivity bnds=[1926,96][2226,394]} from uid 10074
06-15 12:55:52.226 D/ActivityTaskManager( 1357): TaskLaunchParamsModifier:task=null activity=ActivityRecord{24b295f u0 com.tencent.tmgp.sgame/.SGameActivity taskAffinity=10094:com.tencent.tmgp.sgame display-area-from-source=DefaultTaskDisplayArea@228095991 display-id=0 display-windowing-mode=1 suggested-display-area=DefaultTaskDisplayArea@228095991
06-15 12:55:52.231 D/ActivityTaskManager( 1357): TaskLaunchParamsModifier:task=Task{3d68075 #32 type=standard A=10094:com.tencent.tmgp.sgame U=0 visible=false mode=fullscreen translucent=true sz=1 visible freeform task=true rootAffinity=10094:com.tencent.tmgp.sgame isMini=false} activity=ActivityRecord{24b295f u0 com.tencent.tmgp.sgame/.SGameActivity taskAffinity=10094:com.tencent.tmgp.sgame t-1} display-area-from-source=DefaultTaskDisplayArea@228095991 display-id=0 display-windowing-mode=1 suggested-display-area=DefaultTaskDisplayArea@228095991 inherit-from-source=fullscreen activity-options-fullscreen=Rect(0, 0 - 0, 0) non-freeform-display display-area=DefaultTaskDisplayArea@228095991
06-15 12:55:52.232 V/SplashScreenExceptionList( 1357): SplashScreen checking exception for package com.tencent.tmgp.sgame (target sdk:29) -> false
06-15 12:55:52.232 D/PowerManagerService( 1357): acquireWakeLockInternal: lock=112426894, flags=0x1, tag="*launch*", ws=WorkSource{10094}, uid=1000, pid=1357
06-15 12:55:52.232 D/PowerManagerService( 1357): updateWakeLockSummaryLocked: mWakefulness=Awake, mWakeLockSummary=0x1
06-15 12:55:52.232 D/PowerManagerService( 1357): updateUserActivitySummaryLocked: groupId=0, mWakefulness=Awake, mUserActivitySummary=0x1, nextTimeout=7227544 (in 59950 ms)
06-15 12:55:52.233 D/PowerManagerNotifier( 1357): onScreenPolicyUpdate: newPolicy=3
06-15 12:55:52.233 D/PowerManagerService( 1357): updateDisplayPowerStateLocked: displayReady=true, groupId=0, policy=BRIGHT, mWakefulness=Awake, mWakeLockSummary=0x1, mUserActivitySummary=0x1, mBootCompleted=true, screenBrightnessOverride=NaN, useAutoBrightness=true, mScreenBrightnessBoostInProgress=false, mIsVrModeEnabled= false, sQuiescent=false
06-15 12:55:52.233 D/PhoneStartingWindowTypeAlgorithm( 2287): preferredStartingWindowType newTask:true taskSwitch:true processRunning:false allowTaskSnapshot:true activityCreated:false useEmptySplashScreen:false legacySplashScreen:false topIsHome:false
06-15 12:55:52.233 D/PowerManagerNotifier( 1357): onWakeLockAcquired: flags=1, tag="*launch*", packageName=android, ownerUid=1000, ownerPid=1357, workSource=WorkSource{10094}
06-15 12:55:52.233 D/StartingSurfaceDrawer( 2287): addSplashScreen com.tencent.tmgp.sgame theme=7f0e0002 task=32 suggestType=1
06-15 12:55:52.234 D/StartingSurfaceDrawer( 2287): window attributes color: 0 icon null duration 0 brandImage null
06-15 12:55:52.235 D/CompatibilityChangeReporter( 1357): Compat change id reported: 135634846; UID 10094; state: DISABLED
06-15 12:55:52.235 D/CompatibilityChangeReporter( 1357): Compat change id reported: 177438394; UID 10094; state: DISABLED
06-15 12:55:52.235 D/CompatibilityChangeReporter( 1357): Compat change id reported: 135772972; UID 10094; state: DISABLED
06-15 12:55:52.235 D/CompatibilityChangeReporter( 1357): Compat change id reported: 135754954; UID 10094; state: DISABLED
06-15 12:55:52.235 D/StartingSurfaceDrawer( 2287): The icon is not an AdaptiveIconDrawable
06-15 12:55:52.237 D/CompatibilityChangeReporter( 1357): Compat change id reported: 143937733; UID 10094; state: DISABLED
06-15 12:55:52.237 I/ActivityTaskManager( 1357): FOREGROUND_APPLICATION_CHANGED to com.tencent.tmgp.sgame.SGameActivity
06-15 12:55:52.239 D/StartingSurfaceDrawer( 2287): fillViewWithIcon surfaceWindowView android.window.SplashScreenView{e17912f V.E...... ......ID 0,0-0,0}
06-15 12:55:52.239 D/CompatibilityChangeReporter( 1357): Compat change id reported: 181136395; UID 10102; state: DISABLED
06-15 12:55:52.239 D/CompatibilityChangeReporter( 1357): Compat change id reported: 174042936; UID 10102; state: DISABLED
06-15 12:55:52.243 I/ActivityManager( 1357): Start proc 13232:com.tencent.tmgp.sgame/u0a94 for pre-top-activity {com.tencent.tmgp.sgame/com.tencent.tmgp.sgame.SGameActivity}
06-15 12:55:52.250 W/ContextImpl( 1357): Calling a method in the system process without a qualified user: android.app.ContextImpl.sendBroadcast:1173 com.qualcomm.qti.Performance$SendGameLaunchBroadcast.run:217 java.lang.Thread.run:920
06-15 12:55:52.250 W/[ 7167.611567] perfetto( 0): enabled ftrace
06-15 12:55:52.253 I/[ 7167.613173] binder( 0): 13232:13232 ioctl 40046210 7fcde88de4 returned -22
06-15 12:55:52.256 D/CompatibilityChangeReporter( 1357): Compat change id reported: 174042980; UID 10094; state: DISABLED
06-15 12:55:52.256 D/CompatibilityChangeReporter( 1357): Compat change id reported: 181136395; UID 10094; state: DISABLED
06-15 12:55:52.256 D/CompatibilityChangeReporter( 1357): Compat change id reported: 174042936; UID 10094; state: DISABLED
06-15 12:55:52.256 D/CompatibilityChangeReporter( 1357): Compat change id reported: 184838306; UID 10094; state: DISABLED
06-15 12:55:52.257 D/CompatibilityChangeReporter( 1357): Compat change id reported: 185004937; UID 10094; state: DISABLED
06-15 12:55:52.271 W/ContextImpl( 2581): Calling a method in the system process without a qualified user: android.app.ContextImpl.startService:1816 android.content.ContextWrapper.startService:774 com.thundercomm.gamemode.ingame.services.GameModeActionUtils.startGameModeService:118 com.thundercomm.gamemode.ingame.services.GameModeActionUtils.startGameModeEntry:29 com.thundercomm.gamemode.ingame.services.ActivityMonitoringService$1.onActivityLaunch:140
06-15 12:55:52.273 I/GameModeConfig( 1357): Current uri is uri = content://com.thundercomm.gamemode.api/gamemode_settings/gamemode_isgaming
06-15 12:55:52.275 I/GameModeConfig( 1357): isGameModeOn = false
06-15 12:55:52.275 I/GameModeConfig( 1357): isGameModeOn = false
06-15 12:55:52.275 I/GameModeConfig( 1357): isDisableVoice = true
06-15 12:55:52.304 D/ActivityThread(13232): Loading provider com.tencent.tmgp.sgame.XG_SETTINGS_PROVIDER: com.tencent.tpns.baseapi.base.SettingsContentProvider
06-15 12:55:52.312 D/CompatibilityChangeReporter( 1357): Compat change id reported: 135634846; UID 10094; state: DISABLED
06-15 12:55:52.312 D/CompatibilityChangeReporter( 1357): Compat change id reported: 177438394; UID 10094; state: DISABLED
06-15 12:55:52.312 D/CompatibilityChangeReporter( 1357): Compat change id reported: 135772972; UID 10094; state: DISABLED
06-15 12:55:52.312 D/CompatibilityChangeReporter( 1357): Compat change id reported: 135754954; UID 10094; state: DISABLED
06-15 12:55:52.312 D/CompatibilityChangeReporter( 1357): Compat change id reported: 143937733; UID 10094; state: DISABLED
06-15 12:55:52.318 I/ActivityManager( 1357): Start proc 13264:com.tencent.tmgp.sgame:xg_vip_service/u0a94 for service {com.tencent.tmgp.sgame/com.tencent.android.tpush.service.XGVipPushService}
06-15 12:55:52.330 I/[ 7167.690230] binder( 0): 13264:13264 ioctl 40046210 7fcde88de4 returned -22
06-15 12:55:52.403 W/[ 7167.760709] audit( 0): audit_lost=16164 audit_rate_limit=5 audit_backlog_limit=64
06-15 12:55:52.403 E/[ 7167.760711] audit( 0): rate limit exceeded
06-15 12:55:52.562 E/[ 7167.912483] [MAX975X( 0): max96755x_vc1_lcd_dtc_check] *ERROR* DTC_Display: screen not ready(0), bl_sta(1), lvl(20)
06-15 12:55:52.690 W/WindowManager( 1357): Failed looking up window session=Session{d10bea5 13232:u0a10094} callers=com.android.server.wm.WindowManagerService.windowForClientLocked:5628 com.android.server.wm.Session.insetsModified:629 android.view.IWindowSession$Stub.onTransact:1151
06-15 12:55:52.699 W/WindowManager( 1357): Failed looking up window session=Session{d10bea5 13232:u0a10094} callers=com.android.server.wm.WindowManagerService.windowForClientLocked:5628 com.android.server.wm.Session.insetsModified:629 android.view.IWindowSession$Stub.onTransact:1151
06-15 12:55:52.710 D/PowerManagerService( 1357): acquireWakeLockInternal: lock=8335961, flags=0x1, tag="AudioMix", ws=null, uid=1041, pid=0
06-15 12:55:52.711 D/PowerManagerService( 1357): updateWakeLockSummaryLocked: mWakefulness=Awake, mWakeLockSummary=0x1
06-15 12:55:52.711 D/PowerManagerService( 1357): updateUserActivitySummaryLocked: groupId=0, mWakefulness=Awake, mUserActivitySummary=0x1, nextTimeout=7227544 (in 59472 ms)
06-15 12:55:52.711 D/PowerManagerNotifier( 1357): onScreenPolicyUpdate: newPolicy=3
06-15 12:55:52.711 D/PowerManagerService( 1357): updateDisplayPowerStateLocked: displayReady=true, groupId=0, policy=BRIGHT, mWakefulness=Awake, mWakeLockSummary=0x1, mUserActivitySummary=0x1, mBootCompleted=true, screenBrightnessOverride=NaN, useAutoBrightness=true, mScreenBrightnessBoostInProgress=false, mIsVrModeEnabled= false, sQuiescent=false
06-15 12:55:52.711 D/PowerManagerNotifier( 1357): onWakeLockAcquired: flags=1, tag="AudioMix", packageName=audioserver, ownerUid=1041, ownerPid=0, workSource=null
06-15 12:55:52.711 D/PowerManagerService( 1357): acquireWakeLockInternal: lock=22396446, flags=0x1, tag="AudioMix", ws=null, uid=1041, pid=0
06-15 12:55:52.711 D/PowerManagerService( 1357): updateWakeLockSummaryLocked: mWakefulness=Awake, mWakeLockSummary=0x1
06-15 12:55:52.711 D/PowerManagerService( 1357): updateUserActivitySummaryLocked: groupId=0, mWakefulness=Awake, mUserActivitySummary=0x1, nextTimeout=7227544 (in 59472 ms)
06-15 12:55:52.711 D/PowerManagerNotifier( 1357): onScreenPolicyUpdate: newPolicy=3
06-15 12:55:52.711 D/PowerManagerService( 1357): updateDisplayPowerStateLocked: displayReady=true, groupId=0, policy=BRIGHT, mWakefulness=Awake, mWakeLockSummary=0x1, mUserActivitySummary=0x1, mBootCompleted=true, screenBrightnessOverride=NaN, useAutoBrightness=true, mScreenBrightnessBoostInProgress=false, mIsVrModeEnabled= false, sQuiescent=false
06-15 12:55:52.711 D/PowerManagerNotifier( 1357): onWakeLockAcquired: flags=1, tag="AudioMix", packageName=audioserver, ownerUid=1041, ownerPid=0, workSource=null
06-15 12:55:52.711 D/PowerManagerService( 1357): acquireWakeLockInternal: lock=178472703, flags=0x1, tag="AudioMix", ws=null, uid=1041, pid=0
06-15 12:55:52.711 D/PowerManagerService( 1357): updateWakeLockSummaryLocked: mWakefulness=Awake, mWakeLockSummary=0x1
06-15 12:55:52.711 D/PowerManagerService( 1357): updateUserActivitySummaryLocked: groupId=0, mWakefulness=Awake, mUserActivitySummary=0x1, nextTimeout=7227544 (in 59472 ms)
06-15 12:55:52.711 D/PowerManagerNotifier( 1357): onScreenPolicyUpdate: newPolicy=3
06-15 12:55:52.711 D/PowerManagerService( 1357): updateDisplayPowerStateLocked: displayReady=true, groupId=0, policy=BRIGHT, mWakefulness=Awake, mWakeLockSummary=0x1, mUserActivitySummary=0x1, mBootCompleted=true, screenBrightnessOverride=NaN, useAutoBrightness=true, mScreenBrightnessBoostInProgress=false, mIsVrModeEnabled= false, sQuiescent=false
06-15 12:55:52.711 D/PowerManagerNotifier( 1357): onWakeLockAcquired: flags=1, tag="AudioMix", packageName=audioserver, ownerUid=1041, ownerPid=0, workSource=null
06-15 12:55:52.711 D/PowerManagerService( 1357): updateWakeLockWorkSourceInternal: lock=8335961 [AudioMix], ws=null
06-15 12:55:52.711 D/PowerManagerService( 1357): updateWakeLockWorkSourceInternal: lock=22396446 [AudioMix], ws=null
06-15 12:55:52.711 D/PowerManagerService( 1357): updateWakeLockWorkSourceInternal: lock=178472703 [AudioMix], ws=null
06-15 12:55:52.722 I/[ 7168.081740] binder( 0): 13232:13270 ioctl 40046210 7288ab61f4 returned -22
06-15 12:55:52.748 D/StartingSurfaceDrawer( 2287): Task start finish, remove starting surface for task 32
06-15 12:55:52.748 V/StartingSurfaceDrawer( 2287): Removing splash screen window for task: 32
06-15 12:55:52.769 D/PowerManagerService( 1357): acquireWakeLockInternal: lock=86286248, flags=0x2000000a, tag="WindowManager", ws=WorkSource{10094}, uid=1000, pid=1357
06-15 12:55:52.769 D/PowerManagerService( 1357): updateWakeLockSummaryLocked: mWakefulness=Awake, mWakeLockSummary=0x23
06-15 12:55:52.769 D/PowerManagerService( 1357): updateUserActivitySummaryLocked: groupId=0, mWakefulness=Awake, mUserActivitySummary=0x1, nextTimeout=7227544 (in 59414 ms)
06-15 12:55:52.769 D/PowerManagerNotifier( 1357): onScreenPolicyUpdate: newPolicy=3
06-15 12:55:52.769 D/PowerManagerService( 1357): updateDisplayPowerStateLocked: displayReady=true, groupId=0, policy=BRIGHT, mWakefulness=Awake, mWakeLockSummary=0x23, mUserActivitySummary=0x1, mBootCompleted=true, screenBrightnessOverride=NaN, useAutoBrightness=true, mScreenBrightnessBoostInProgress=false, mIsVrModeEnabled= false, sQuiescent=false
06-15 12:55:52.770 D/PowerManagerNotifier( 1357): onWakeLockAcquired: flags=536870922, tag="WindowManager", packageName=android, ownerUid=1000, ownerPid=1357, workSource=WorkSource{10094}
06-15 12:55:52.776 D/PowerManagerService( 1357): releaseWakeLockInternal: lock=112426894 [*launch*], flags=0x0
06-15 12:55:52.777 D/PowerManagerNotifier( 1357): onWakeLockReleased: flags=1, tag="*launch*", packageName=android, ownerUid=1000, ownerPid=1357, workSource=WorkSource{10094}
06-15 12:55:52.777 D/PowerManagerService( 1357): updateWakeLockSummaryLocked: mWakefulness=Awake, mWakeLockSummary=0x23
06-15 12:55:52.777 D/PowerManagerService( 1357): updateUserActivitySummaryLocked: groupId=0, mWakefulness=Awake, mUserActivitySummary=0x1, nextTimeout=7227544 (in 59406 ms)
06-15 12:55:52.777 D/PowerManagerNotifier( 1357): onScreenPolicyUpdate: newPolicy=3
06-15 12:55:52.777 D/PowerManagerService( 1357): updateDisplayPowerStateLocked: displayReady=true, groupId=0, policy=BRIGHT, mWakefulness=Awake, mWakeLockSummary=0x23, mUserActivitySummary=0x1, mBootCompleted=true, screenBrightnessOverride=NaN, useAutoBrightness=true, mScreenBrightnessBoostInProgress=false, mIsVrModeEnabled= false, sQuiescent=false
06-15 12:55:52.786 I/[ 7168.147462] msm_vidc( 0): high: 00000002: ....d: Opening video instance: 0000000000000000, 1
06-15 12:55:52.786 I/[ 7168.147494] msm_vidc( 0): err : 00000002: ....d: Failed to create debugfs for msm_vidc
06-15 12:55:52.843 D/PowerManagerService( 1357): updateWakeLockWorkSourceInternal: lock=105192276 [AudioMix], ws=WorkSource{10094}
06-15 12:55:52.843 D/PowerManagerNotifier( 1357): onWakeLockReleased: flags=1, tag="AudioMix", packageName=audioserver, ownerUid=1041, ownerPid=0, workSource=null
06-15 12:55:52.843 D/PowerManagerNotifier( 1357): onWakeLockAcquired: flags=1, tag="AudioMix", packageName=audioserver, ownerUid=1041, ownerPid=0, workSource=WorkSource{10094}
06-15 12:55:55.711 D/PowerManagerService( 1357): releaseWakeLockInternal: lock=8335961 [AudioMix], flags=0x0
06-15 12:55:55.712 D/PowerManagerNotifier( 1357): onWakeLockReleased: flags=1, tag="AudioMix", packageName=audioserver, ownerUid=1041, ownerPid=0, workSource=null
06-15 12:55:55.712 D/PowerManagerService( 1357): updateWakeLockSummaryLocked: mWakefulness=Awake, mWakeLockSummary=0x23
06-15 12:55:55.712 D/PowerManagerService( 1357): updateUserActivitySummaryLocked: groupId=0, mWakefulness=Awake, mUserActivitySummary=0x1, nextTimeout=7227544 (in 56471 ms)
06-15 12:55:55.712 D/PowerManagerNotifier( 1357): onScreenPolicyUpdate: newPolicy=3
06-15 12:55:55.712 D/PowerManagerService( 1357): updateDisplayPowerStateLocked: displayReady=true, groupId=0, policy=BRIGHT, mWakefulness=Awake, mWakeLockSummary=0x23, mUserActivitySummary=0x1, mBootCompleted=true, screenBrightnessOverride=NaN, useAutoBrightness=true, mScreenBrightnessBoostInProgress=false, mIsVrModeEnabled= false, sQuiescent=false
06-15 12:55:55.714 D/PowerManagerService( 1357): releaseWakeLockInternal: lock=178472703 [AudioMix], flags=0x0
06-15 12:55:55.714 D/PowerManagerNotifier( 1357): onWakeLockReleased: flags=1, tag="AudioMix", packageName=audioserver, ownerUid=1041, ownerPid=0, workSource=null
06-15 12:55:55.714 D/PowerManagerService( 1357): updateWakeLockSummaryLocked: mWakefulness=Awake, mWakeLockSummary=0x23
