06-15 12:56:49.795 W/ActivityManager( 1357): Scheduling restart of crashed service com.android.launcher3/com.android.quickstep.TouchInteractionService in 82706432000ms for connection
06-15 12:56:49.796 D/CompatibilityChangeReporter( 1357): Compat change id reported: 135634846; UID 10074; state: DISABLED
06-15 12:56:49.796 D/CompatibilityChangeReporter( 1357): Compat change id reported: 177438394; UID 10074; state: DISABLED
06-15 12:56:49.796 D/CompatibilityChangeReporter( 1357): Compat change id reported: 135772972; UID 10074; state: DISABLED
06-15 12:56:49.796 D/CompatibilityChangeReporter( 1357): Compat change id reported: 135754954; UID 10074; state: ENABLED
06-15 12:56:49.797 D/CompatibilityChangeReporter( 1357): Compat change id reported: 143937733; UID 10074; state: ENABLED
06-15 12:56:49.802 I/ActivityManager( 1357): Start proc 16482:com.android.launcher3/u0a74 for top-activity {com.android.launcher3/com.android.launcher3.uioverrides.QuickstepLauncher}
06-15 12:56:49.815 I/[ 7225.173488] binder( 0): 16482:16482 ioctl 40046210 7fcde88de4 returned -22
06-15 12:56:49.864 I/[ 7225.224641] oom_reaper( 0): reaped process 16482 (droid.launcher3), now anon-rss:0kB, file-rss:0kB, shmem-rss:380kB
06-15 12:56:49.867 I/ActivityManager( 1357): Process com.android.launcher3 (pid 16482) has died: fg TOP
06-15 12:56:49.867 W/ActivityManager( 1357): Scheduling restart of crashed service com.android.launcher3/com.android.quickstep.TouchInteractionService in 330825728000ms for connection
06-15 12:56:49.868 D/CompatibilityChangeReporter( 1357): Compat change id reported: 135634846; UID 10074; state: DISABLED
06-15 12:56:49.868 D/CompatibilityChangeReporter( 1357): Compat change id reported: 177438394; UID 10074; state: DISABLED
06-15 12:56:49.868 D/CompatibilityChangeReporter( 1357): Compat change id reported: 135772972; UID 10074; state: DISABLED
06-15 12:56:49.868 D/CompatibilityChangeReporter( 1357): Compat change id reported: 135754954; UID 10074; state: ENABLED
06-15 12:56:49.869 D/CompatibilityChangeReporter( 1357): Compat change id reported: 143937733; UID 10074; state: ENABLED
06-15 12:56:49.873 I/ActivityManager( 1357): Start proc 16498:com.android.launcher3/u0a74 for top-activity {com.android.launcher3/com.android.launcher3.uioverrides.QuickstepLauncher}
06-15 12:56:49.882 I/[ 7225.242194] binder( 0): 16498:16498 ioctl 40046210 7fcde88de4 returned -22
06-15 12:56:49.922 I/ActivityManager( 1357): Process com.android.launcher3 (pid 16498) has died: fg TOP
06-15 12:56:49.923 I/[ 7225.280978] oom_reaper( 0): reaped process 16499 (Runtime worker ), now anon-rss:0kB, file-rss:0kB, shmem-rss:380kB
06-15 12:56:49.923 W/ActivityManager( 1357): Scheduling restart of crashed service com.android.launcher3/com.android.quickstep.TouchInteractionService in 1323302912000ms for connection
06-15 12:56:49.926 D/CompatibilityChangeReporter( 1357): Compat change id reported: 135634846; UID 10074; state: DISABLED
06-15 12:56:49.926 D/CompatibilityChangeReporter( 1357): Compat change id reported: 177438394; UID 10074; state: DISABLED
06-15 12:56:49.926 D/CompatibilityChangeReporter( 1357): Compat change id reported: 135772972; UID 10074; state: DISABLED
06-15 12:56:49.926 D/CompatibilityChangeReporter( 1357): Compat change id reported: 135754954; UID 10074; state: ENABLED
06-15 12:56:49.926 D/CompatibilityChangeReporter( 1357): Compat change id reported: 143937733; UID 10074; state: ENABLED
06-15 12:56:49.930 I/ActivityManager( 1357): Start proc 16515:com.android.launcher3/u0a74 for top-activity {com.android.launcher3/com.android.launcher3.uioverrides.QuickstepLauncher}
06-15 12:56:49.939 I/[ 7225.298695] binder( 0): 16515:16515 ioctl 40046210 7fcde88de4 returned -22
06-15 12:56:49.983 I/[ 7225.344001] oom_reaper( 0): reaped process 16515 (droid.launcher3), now anon-rss:0kB, file-rss:0kB, shmem-rss:380kB
06-15 12:56:49.987 I/ActivityManager( 1357): Process com.android.launcher3 (pid 16515) has died: fg TOP
06-15 12:56:49.988 W/ActivityManager( 1357): Scheduling restart of crashed service com.android.launcher3/com.android.quickstep.TouchInteractionService in 5293211648000ms for connection
06-15 12:56:49.992 D/CompatibilityChangeReporter( 1357): Compat change id reported: 135634846; UID 10074; state: DISABLED
06-15 12:56:49.992 D/CompatibilityChangeReporter( 1357): Compat change id reported: 177438394; UID 10074; state: DISABLED
06-15 12:56:49.992 D/CompatibilityChangeReporter( 1357): Compat change id reported: 135772972; UID 10074; state: DISABLED
06-15 12:56:49.992 D/CompatibilityChangeReporter( 1357): Compat change id reported: 135754954; UID 10074; state: ENABLED
06-15 12:56:49.992 D/CompatibilityChangeReporter( 1357): Compat change id reported: 143937733; UID 10074; state: ENABLED
06-15 12:56:49.995 I/ActivityManager( 1357): Start proc 16532:com.android.launcher3/u0a74 for top-activity {com.android.launcher3/com.android.launcher3.uioverrides.QuickstepLauncher}
06-15 12:56:50.002 I/[ 7225.362791] binder( 0): 16532:16532 ioctl 40046210 7fcde88de4 returned -22
06-15 12:56:50.050 I/[ 7225.409234] oom_reaper( 0): reaped process 16532 (droid.launcher3), now anon-rss:0kB, file-rss:0kB, shmem-rss:380kB
06-15 12:56:50.051 W/[ 7225.412097] binder_release_work( 0): 6 callbacks suppressed
06-15 12:56:50.051 I/[ 7225.412098] binder( 0): undelivered TRANSACTION_COMPLETE
06-15 12:56:50.051 I/[ 7225.412099] binder( 0): undelivered transaction 6739277, process died.
06-15 12:56:50.051 I/ActivityManager( 1357): Process com.android.launcher3 (pid 16532) has died: fg TOP
06-15 12:56:50.052 W/ActivityManager( 1357): Scheduling restart of crashed service com.android.launcher3/com.android.quickstep.TouchInteractionService in 21172846592000ms for connection
06-15 12:56:50.055 D/CompatibilityChangeReporter( 1357): Compat change id reported: 135634846; UID 10074; state: DISABLED
06-15 12:56:50.055 D/CompatibilityChangeReporter( 1357): Compat change id reported: 177438394; UID 10074; state: DISABLED
06-15 12:56:50.055 D/CompatibilityChangeReporter( 1357): Compat change id reported: 135772972; UID 10074; state: DISABLED
06-15 12:56:50.055 D/CompatibilityChangeReporter( 1357): Compat change id reported: 135754954; UID 10074; state: ENABLED
06-15 12:56:50.055 D/CompatibilityChangeReporter( 1357): Compat change id reported: 143937733; UID 10074; state: ENABLED
06-15 12:56:50.058 I/ActivityManager( 1357): Start proc 16551:com.android.launcher3/u0a74 for top-activity {com.android.launcher3/com.android.launcher3.uioverrides.QuickstepLauncher}
06-15 12:56:50.066 I/[ 7225.425823] binder( 0): 16551:16551 ioctl 40046210 7fcde88de4 returned -22
06-15 12:56:50.121 I/ActivityManager( 1357): Process com.android.launcher3 (pid 16551) has died: fg TOP
06-15 12:56:50.123 I/[ 7225.480568] oom_reaper( 0): reaped process 16551 (droid.launcher3), now anon-rss:0kB, file-rss:0kB, shmem-rss:380kB
06-15 12:56:50.123 W/ActivityManager( 1357): Scheduling restart of crashed service com.android.launcher3/com.android.quickstep.TouchInteractionService in 84691386368000ms for connection
06-15 12:56:50.125 D/CompatibilityChangeReporter( 1357): Compat change id reported: 135634846; UID 10074; state: DISABLED
06-15 12:56:50.125 D/CompatibilityChangeReporter( 1357): Compat change id reported: 177438394; UID 10074; state: DISABLED
06-15 12:56:50.125 D/CompatibilityChangeReporter( 1357): Compat change id reported: 135772972; UID 10074; state: DISABLED
06-15 12:56:50.125 D/CompatibilityChangeReporter( 1357): Compat change id reported: 135754954; UID 10074; state: ENABLED
06-15 12:56:50.126 D/CompatibilityChangeReporter( 1357): Compat change id reported: 143937733; UID 10074; state: ENABLED
06-15 12:56:50.129 I/ActivityManager( 1357): Start proc 16568:com.android.launcher3/u0a74 for top-activity {com.android.launcher3/com.android.launcher3.uioverrides.QuickstepLauncher}
06-15 12:56:50.141 W/[ 7225.498332] audit( 0): audit_lost=16868 audit_rate_limit=5 audit_backlog_limit=64
06-15 12:56:50.141 E/[ 7225.498335] audit( 0): rate limit exceeded
06-15 12:56:50.141 I/[ 7225.499168] binder( 0): 16568:16568 ioctl 40046210 7fcde88de4 returned -22
06-15 12:56:50.199 I/[ 7225.559146] oom_reaper( 0): reaped process 16568 (droid.launcher3), now anon-rss:0kB, file-rss:0kB, shmem-rss:380kB
06-15 12:56:50.203 I/ActivityManager( 1357): Process com.android.launcher3 (pid 16568) has died: fg TOP
06-15 12:56:50.203 W/ActivityManager( 1357): Scheduling restart of crashed service com.android.launcher3/com.android.quickstep.TouchInteractionService in 338765545472000ms for connection
06-15 12:56:50.204 D/CompatibilityChangeReporter( 1357): Compat change id reported: 135634846; UID 10074; state: DISABLED
06-15 12:56:50.204 D/CompatibilityChangeReporter( 1357): Compat change id reported: 177438394; UID 10074; state: DISABLED
06-15 12:56:50.204 D/CompatibilityChangeReporter( 1357): Compat change id reported: 135772972; UID 10074; state: DISABLED
06-15 12:56:50.204 D/CompatibilityChangeReporter( 1357): Compat change id reported: 135754954; UID 10074; state: ENABLED
06-15 12:56:50.205 D/CompatibilityChangeReporter( 1357): Compat change id reported: 143937733; UID 10074; state: ENABLED
06-15 12:56:50.208 I/ActivityManager( 1357): Start proc 16586:com.android.launcher3/u0a74 for top-activity {com.android.launcher3/com.android.launcher3.uioverrides.QuickstepLauncher}
06-15 12:56:50.223 I/[ 7225.583697] binder( 0): 16586:16586 ioctl 40046210 7fcde88de4 returned -22
06-15 12:56:50.283 I/[ 7225.642697] oom_reaper( 0): reaped process 16586 (droid.launcher3), now anon-rss:0kB, file-rss:0kB, shmem-rss:380kB
06-15 12:56:50.287 I/ActivityManager( 1357): Process com.android.launcher3 (pid 16586) has died: fg TOP
06-15 12:56:50.288 W/ActivityManager( 1357): Scheduling restart of crashed service com.android.launcher3/com.android.quickstep.TouchInteractionService in 1355062181888000ms for connection
06-15 12:56:50.289 D/CompatibilityChangeReporter( 1357): Compat change id reported: 135634846; UID 10074; state: DISABLED
06-15 12:56:50.289 D/CompatibilityChangeReporter( 1357): Compat change id reported: 177438394; UID 10074; state: DISABLED
06-15 12:56:50.289 D/CompatibilityChangeReporter( 1357): Compat change id reported: 135772972; UID 10074; state: DISABLED
06-15 12:56:50.289 D/CompatibilityChangeReporter( 1357): Compat change id reported: 135754954; UID 10074; state: ENABLED
06-15 12:56:50.290 D/CompatibilityChangeReporter( 1357): Compat change id reported: 143937733; UID 10074; state: ENABLED
06-15 12:56:50.294 I/ActivityManager( 1357): Start proc 16602:com.android.launcher3/u0a74 for top-activity {com.android.launcher3/com.android.launcher3.uioverrides.QuickstepLauncher}
06-15 12:56:50.303 I/[ 7225.663752] binder( 0): 16602:16602 ioctl 40046210 7fcde88de4 returned -22
06-15 12:56:50.367 I/[ 7225.727754] oom_reaper( 0): reaped process 16602 (droid.launcher3), now anon-rss:0kB, file-rss:0kB, shmem-rss:380kB
06-15 12:56:50.368 D/PowerManagerService( 1357): userActivityNoUpdateLocked: groupId=0, eventTime=7225728, event=0, flags=0x0, uid=1000
06-15 12:56:50.368 D/PowerManagerNotifier( 1357): onUserActivity: event=0, uid=1000
06-15 12:56:50.368 D/PowerManagerService( 1357): updateUserActivitySummaryLocked: groupId=0, mWakefulness=Awake, mUserActivitySummary=0x1, nextTimeout=7285728 (in 59999 ms)
06-15 12:56:50.368 D/PowerManagerNotifier( 1357): onScreenPolicyUpdate: newPolicy=3
06-15 12:56:50.368 D/PowerManagerService( 1357): updateDisplayPowerStateLocked: displayReady=true, groupId=0, policy=BRIGHT, mWakefulness=Awake, mWakeLockSummary=0x0, mUserActivitySummary=0x1, mBootCompleted=true, screenBrightnessOverride=NaN, useAutoBrightness=true, mScreenBrightnessBoostInProgress=false, mIsVrModeEnabled= false, sQuiescent=false
06-15 12:56:50.371 I/ActivityManager( 1357): Process com.android.launcher3 (pid 16602) has died: fg TOP
06-15 12:56:50.372 W/ActivityManager( 1357): Scheduling restart of crashed service com.android.launcher3/com.android.quickstep.TouchInteractionService in 5420248727552000ms for connection
06-15 12:56:50.375 D/CompatibilityChangeReporter( 1357): Compat change id reported: 135634846; UID 10074; state: DISABLED
06-15 12:56:50.376 D/CompatibilityChangeReporter( 1357): Compat change id reported: 177438394; UID 10074; state: DISABLED
06-15 12:56:50.376 D/CompatibilityChangeReporter( 1357): Compat change id reported: 135772972; UID 10074; state: DISABLED
06-15 12:56:50.376 D/CompatibilityChangeReporter( 1357): Compat change id reported: 135754954; UID 10074; state: ENABLED
06-15 12:56:50.376 D/CompatibilityChangeReporter( 1357): Compat change id reported: 143937733; UID 10074; state: ENABLED
06-15 12:56:50.382 I/ActivityManager( 1357): Start proc 16619:com.android.launcher3/u0a74 for top-activity {com.android.launcher3/com.android.launcher3.uioverrides.QuickstepLauncher}
06-15 12:56:50.398 I/[ 7225.756709] binder( 0): 16619:16619 ioctl 40046210 7fcde88de4 returned -22
06-15 12:56:50.455 I/[ 7225.815286] oom_reaper( 0): reaped process 16619 (droid.launcher3), now anon-rss:0kB, file-rss:0kB, shmem-rss:380kB
06-15 12:56:50.459 I/ActivityManager( 1357): Process com.android.launcher3 (pid 16619) has died: fg TOP
06-15 12:56:50.460 W/ActivityManager( 1357): Scheduling restart of crashed service com.android.launcher3/com.android.quickstep.TouchInteractionService in 21680994910208000ms for connection
06-15 12:56:50.463 D/CompatibilityChangeReporter( 1357): Compat change id reported: 135634846; UID 10074; state: DISABLED
06-15 12:56:50.463 D/CompatibilityChangeReporter( 1357): Compat change id reported: 177438394; UID 10074; state: DISABLED
06-15 12:56:50.464 D/CompatibilityChangeReporter( 1357): Compat change id reported: 135772972; UID 10074; state: DISABLED
06-15 12:56:50.464 D/CompatibilityChangeReporter( 1357): Compat change id reported: 135754954; UID 10074; state: ENABLED
06-15 12:56:50.464 D/CompatibilityChangeReporter( 1357): Compat change id reported: 143937733; UID 10074; state: ENABLED
06-15 12:56:50.468 I/ActivityManager( 1357): Start proc 16635:com.android.launcher3/u0a74 for top-activity {com.android.launcher3/com.android.launcher3.uioverrides.QuickstepLauncher}
06-15 12:56:50.483 I/[ 7225.841247] binder( 0): 16635:16635 ioctl 40046210 7fcde88de4 returned -22
06-15 12:56:50.535 I/[ 7225.894325] oom_reaper( 0): reaped process 16635 (droid.launcher3), now anon-rss:0kB, file-rss:0kB, shmem-rss:380kB
06-15 12:56:50.535 I/ActivityManager( 1357): Process com.android.launcher3 (pid 16635) has died: fg TOP
06-15 12:56:50.535 W/ActivityManager( 1357): Scheduling restart of crashed service com.android.launcher3/com.android.quickstep.TouchInteractionService in 86723979640832000ms for connection
06-15 12:56:50.537 D/CompatibilityChangeReporter( 1357): Compat change id reported: 135634846; UID 10074; state: DISABLED
06-15 12:56:50.537 D/CompatibilityChangeReporter( 1357): Compat change id reported: 177438394; UID 10074; state: DISABLED
06-15 12:56:50.537 D/CompatibilityChangeReporter( 1357): Compat change id reported: 135772972; UID 10074; state: DISABLED
06-15 12:56:50.537 D/CompatibilityChangeReporter( 1357): Compat change id reported: 135754954; UID 10074; state: ENABLED
06-15 12:56:50.537 D/CompatibilityChangeReporter( 1357): Compat change id reported: 143937733; UID 10074; state: ENABLED
06-15 12:56:50.541 I/ActivityManager( 1357): Start proc 16652:com.android.launcher3/u0a74 for top-activity {com.android.launcher3/com.android.launcher3.uioverrides.QuickstepLauncher}
06-15 12:56:50.550 D/PowerManagerService( 1357): userActivityNoUpdateLocked: groupId=0, eventTime=7225910, event=0, flags=0x0, uid=1000
06-15 12:56:50.550 D/PowerManagerNotifier( 1357): onUserActivity: event=0, uid=1000
06-15 12:56:50.550 D/PowerManagerService( 1357): updateUserActivitySummaryLocked: groupId=0, mWakefulness=Awake, mUserActivitySummary=0x1, nextTimeout=7285910 (in 59999 ms)
06-15 12:56:50.550 D/PowerManagerNotifier( 1357): onScreenPolicyUpdate: newPolicy=3
06-15 12:56:50.550 D/PowerManagerService( 1357): updateDisplayPowerStateLocked: displayReady=true, groupId=0, policy=BRIGHT, mWakefulness=Awake, mWakeLockSummary=0x0, mUserActivitySummary=0x1, mBootCompleted=true, screenBrightnessOverride=NaN, useAutoBrightness=true, mScreenBrightnessBoostInProgress=false, mIsVrModeEnabled= false, sQuiescent=false
06-15 12:56:50.554 I/[ 7225.912260] binder( 0): 16652:16652 ioctl 40046210 7fcde88de4 returned -22
06-15 12:56:50.619 I/[ 7225.978851] oom_reaper( 0): reaped process 16652 (droid.launcher3), now anon-rss:0kB, file-rss:0kB, shmem-rss:380kB
06-15 12:56:50.623 I/ActivityManager( 1357): Process com.android.launcher3 (pid 16652) has died: fg TOP
06-15 12:56:50.624 W/ActivityManager( 1357): Scheduling restart of crashed service com.android.launcher3/com.android.quickstep.TouchInteractionService in 346895918563328000ms for connection
06-15 12:56:50.630 D/CompatibilityChangeReporter( 1357): Compat change id reported: 135634846; UID 10074; state: DISABLED
06-15 12:56:50.630 D/CompatibilityChangeReporter( 1357): Compat change id reported: 177438394; UID 10074; state: DISABLED
06-15 12:56:50.630 D/CompatibilityChangeReporter( 1357): Compat change id reported: 135772972; UID 10074; state: DISABLED
06-15 12:56:50.630 D/CompatibilityChangeReporter( 1357): Compat change id reported: 135754954; UID 10074; state: ENABLED
06-15 12:56:50.631 D/CompatibilityChangeReporter( 1357): Compat change id reported: 143937733; UID 10074; state: ENABLED
06-15 12:56:50.638 I/ActivityManager( 1357): Start proc 16669:com.android.launcher3/u0a74 for top-activity {com.android.launcher3/com.android.launcher3.uioverrides.QuickstepLauncher}
06-15 12:56:50.654 I/[ 7226.012370] binder( 0): 16669:16669 ioctl 40046210 7fcde88de4 returned -22
06-15 12:56:50.684 D/PowerManagerService( 1357): userActivityNoUpdateLocked: groupId=0, eventTime=7226035, event=0, flags=0x0, uid=1000
06-15 12:56:50.684 D/PowerManagerNotifier( 1357): onUserActivity: event=0, uid=1000
06-15 12:56:50.684 D/PowerManagerService( 1357): updateUserActivitySummaryLocked: groupId=0, mWakefulness=Awake, mUserActivitySummary=0x1, nextTimeout=7286035 (in 59990 ms)
06-15 12:56:50.684 D/PowerManagerNotifier( 1357): onScreenPolicyUpdate: newPolicy=3
06-15 12:56:50.685 D/PowerManagerService( 1357): updateDisplayPowerStateLocked: displayReady=true, groupId=0, policy=BRIGHT, mWakefulness=Awake, mWakeLockSummary=0x0, mUserActivitySummary=0x1, mBootCompleted=true, screenBrightnessOverride=NaN, useAutoBrightness=true, mScreenBrightnessBoostInProgress=false, mIsVrModeEnabled= false, sQuiescent=false
06-15 12:56:50.711 I/[ 7226.068533] oom_reaper( 0): reaped process 16669 (droid.launcher3), now anon-rss:0kB, file-rss:0kB, shmem-rss:380kB
06-15 12:56:50.715 I/ActivityManager( 1357): Process com.android.launcher3 (pid 16669) has died: fg TOP
06-15 12:56:50.716 W/ActivityManager( 1357): Scheduling restart of crashed service com.android.launcher3/com.android.quickstep.TouchInteractionService in 1387583674253312000ms for connection
06-15 12:56:50.720 D/CompatibilityChangeReporter( 1357): Compat change id reported: 135634846; UID 10074; state: DISABLED
06-15 12:56:50.720 D/CompatibilityChangeReporter( 1357): Compat change id reported: 177438394; UID 10074; state: DISABLED
06-15 12:56:50.720 D/CompatibilityChangeReporter( 1357): Compat change id reported: 135772972; UID 10074; state: DISABLED
06-15 12:56:50.720 D/CompatibilityChangeReporter( 1357): Compat change id reported: 135754954; UID 10074; state: ENABLED
06-15 12:56:50.721 D/CompatibilityChangeReporter( 1357): Compat change id reported: 143937733; UID 10074; state: ENABLED
06-15 12:56:50.728 I/ActivityManager( 1357): Start proc 16686:com.android.launcher3/u0a74 for top-activity {com.android.launcher3/com.android.launcher3.uioverrides.QuickstepLauncher}
06-15 12:56:50.747 I/[ 7226.106071] binder( 0): 16686:16686 ioctl 40046210 7fcde88de4 returned -22
06-15 12:56:50.819 I/[ 7226.178456] oom_reaper( 0): reaped process 16686 (droid.launcher3), now anon-rss:0kB, file-rss:0kB, shmem-rss:380kB
06-15 12:56:50.827 I/ActivityManager( 1357): Process com.android.launcher3 (pid 16686) has died: fg TOP
06-15 12:56:50.827 W/ActivityManager( 1357): Scheduling restart of crashed service com.android.launcher3/com.android.quickstep.TouchInteractionService in 5550334697013248000ms for connection
06-15 12:56:50.829 D/CompatibilityChangeReporter( 1357): Compat change id reported: 135634846; UID 10074; state: DISABLED
06-15 12:56:50.829 D/CompatibilityChangeReporter( 1357): Compat change id reported: 177438394; UID 10074; state: DISABLED
06-15 12:56:50.829 D/CompatibilityChangeReporter( 1357): Compat change id reported: 135772972; UID 10074; state: DISABLED
06-15 12:56:50.829 D/CompatibilityChangeReporter( 1357): Compat change id reported: 135754954; UID 10074; state: ENABLED
06-15 12:56:50.829 D/CompatibilityChangeReporter( 1357): Compat change id reported: 143937733; UID 10074; state: ENABLED
06-15 12:56:50.837 I/ActivityManager( 1357): Start proc 16703:com.android.launcher3/u0a74 for top-activity {com.android.launcher3/com.android.launcher3.uioverrides.QuickstepLauncher}
06-15 12:56:50.851 I/[ 7226.212177] binder( 0): 16703:16703 ioctl 40046210 7fcde88de4 returned -22
06-15 12:56:50.935 I/[ 7226.295218] oom_reaper( 0): reaped process 16703 (droid.launcher3), now anon-rss:0kB, file-rss:0kB, shmem-rss:380kB
06-15 12:56:50.939 I/[ 7226.300093] binder( 0): undelivered TRANSACTION_COMPLETE
06-15 12:56:50.939 I/ActivityManager( 1357): Process com.android.launcher3 (pid 16703) has died: fg TOP
06-15 12:56:50.940 W/ActivityManager( 1357): Scheduling restart of crashed service com.android.launcher3/com.android.quickstep.TouchInteractionService in 3754594714343440384ms for connection
06-15 12:56:50.944 D/CompatibilityChangeReporter( 1357): Compat change id reported: 135634846; UID 10074; state: DISABLED
06-15 12:56:50.944 D/CompatibilityChangeReporter( 1357): Compat change id reported: 177438394; UID 10074; state: DISABLED
06-15 12:56:50.944 D/CompatibilityChangeReporter( 1357): Compat change id reported: 135772972; UID 10074; state: DISABLED
06-15 12:56:50.944 D/CompatibilityChangeReporter( 1357): Compat change id reported: 135754954; UID 10074; state: ENABLED
06-15 12:56:50.945 D/CompatibilityChangeReporter( 1357): Compat change id reported: 143937733; UID 10074; state: ENABLED
06-15 12:56:50.952 I/ActivityManager( 1357): Start proc 16721:com.android.launcher3/u0a74 for top-activity {com.android.launcher3/com.android.launcher3.uioverrides.QuickstepLauncher}
06-15 12:56:50.971 I/[ 7226.329356] binder( 0): 16721:16721 ioctl 40046210 7fcde88de4 returned -22
06-15 12:56:51.000 I/[ 7226.389793] oom_reaper( 0): reaped process 16721 (droid.launcher3), now anon-rss:0kB, file-rss:0kB, shmem-rss:380kB
06-15 12:56:51.002 W/ContextImpl( 2631): Calling a method in the system process without a qualified user: android.app.ContextImpl.sendBroadcast:1173 android.content.ContextWrapper.sendBroadcast:479 com.thundercomm.microsettings.action.SetTimeAction.timeUpdated:191 com.thundercomm.microsettings.action.SetTimeAction.update24HourFormat:173 com.thundercomm.microsettings.action.SetTimeAction.doActualAction:133
06-15 12:56:51.002 W/ActivityManager( 1357): Failed to update preferences for: com.android.launcher3
06-15 12:56:51.004 I/ActivityManager( 1357): Process com.android.launcher3 (pid 16721) has died: fg TOP
06-15 12:56:51.005 W/ActivityManager( 1357): Scheduling restart of crashed service com.android.launcher3/com.android.quickstep.TouchInteractionService in 76860ms for connection
06-15 12:56:51.006 D/DevicePolicyManager( 1357): updateSystemUpdateFreezePeriodsRecord
06-15 12:56:51.006 D/ConditionProviders.SCP( 1357): onReceive android.intent.action.TIME_SET
06-15 12:56:51.007 D/ConditionProviders.SCP( 1357): evaluateSubscriptionLocked cal=ScheduleCalendar[mDays={1, 2, 3, 4, 5, 6, 7}, mSchedule=ScheduleInfo{days=[1, 2, 3, 4, 5, 6, 7], startHour=22, startMinute=0, endHour=7, endMinute=0, exitAtAlarm=true, nextAlarm=Thu Jan 01 08:00:00 GMT+08:00 1970 (0)}], now=Thu Jun 15 12:56:51 GMT+08:00 2023 (1686805011006), nextUserAlarmTime=Thu Jan 01 08:00:00 GMT+08:00 1970 (0)
06-15 12:56:51.007 D/ConditionProviders.SCP( 1357): notifyCondition condition://android/schedule?days=1.2.3.4.5.6.7&start=22.0&end=7.0&exitAtAlarm=true STATE_FALSE reason=!meetsSchedule
06-15 12:56:51.007 D/CompatibilityChangeReporter( 1357): Compat change id reported: 135634846; UID 10056; state: DISABLED
06-15 12:56:51.007 D/CompatibilityChangeReporter( 1357): Compat change id reported: 177438394; UID 10056; state: DISABLED
06-15 12:56:51.007 D/CompatibilityChangeReporter( 1357): Compat change id reported: 135772972; UID 10056; state: DISABLED
06-15 12:56:51.007 D/CompatibilityChangeReporter( 1357): Compat change id reported: 135754954; UID 10056; state: ENABLED
06-15 12:56:51.007 D/ConditionProviders.SCP( 1357): Scheduling evaluate for Thu Jun 15 22:00:00 GMT+08:00 2023 (1686837600000), in +9h3m8s994ms, now=Thu Jun 15 12:56:51 GMT+08:00 2023 (1686805011006)
06-15 12:56:51.007 D/CompatibilityChangeReporter( 1357): Compat change id reported: 143937733; UID 10056; state: ENABLED
06-15 12:56:51.008 D/CompatibilityChangeReporter( 1357): Compat change id reported: 135634846; UID 10074; state: DISABLED
06-15 12:56:51.008 D/CompatibilityChangeReporter( 1357): Compat change id reported: 177438394; UID 10074; state: DISABLED
06-15 12:56:51.008 D/CompatibilityChangeReporter( 1357): Compat change id reported: 135772972; UID 10074; state: DISABLED
06-15 12:56:51.008 D/CompatibilityChangeReporter( 1357): Compat change id reported: 135754954; UID 10074; state: ENABLED
06-15 12:56:51.008 D/CompatibilityChangeReporter( 1357): Compat change id reported: 171306433; UID 1000; state: ENABLED
06-15 12:56:51.009 D/CompatibilityChangeReporter( 1357): Compat change id reported: 135634846; UID 10031; state: DISABLED
06-15 12:56:51.010 D/CompatibilityChangeReporter( 1357): Compat change id reported: 177438394; UID 10031; state: DISABLED
06-15 12:56:51.010 D/CompatibilityChangeReporter( 1357): Compat change id reported: 135772972; UID 10031; state: DISABLED
06-15 12:56:51.010 D/CompatibilityChangeReporter( 1357): Compat change id reported: 135754954; UID 10031; state: ENABLED
06-15 12:56:51.012 I/ActivityManager( 1357): Start proc 16740:com.qualcomm.timeservice/u0a56 for broadcast {com.qualcomm.timeservice/com.qualcomm.timeservice.TimeServiceBroadcastReceiver}
06-15 12:56:51.012 D/CompatibilityChangeReporter( 1357): Compat change id reported: 143937733; UID 10074; state: ENABLED
06-15 12:56:51.017 I/ActivityManager( 1357): Start proc 16741:com.android.launcher3/u0a74 for top-activity {com.android.launcher3/com.android.launcher3.uioverrides.QuickstepLauncher}
06-15 12:56:51.017 D/CompatibilityChangeReporter( 1357): Compat change id reported: 143937733; UID 10031; state: ENABLED
06-15 12:56:51.023 I/ActivityManager( 1357): Start proc 16750:com.android.providers.calendar/u0a31 for content provider {com.android.providers.calendar/com.android.providers.calendar.CalendarProvider2}
06-15 12:56:51.026 I/[ 7226.415660] binder( 0): 16740:16740 ioctl 40046210 7fcde88de4 returned -22
06-15 12:56:51.030 I/[ 7226.417893] binder( 0): 16741:16741 ioctl 40046210 7fcde88de4 returned -22
06-15 12:56:51.036 D/CompatibilityChangeReporter( 1357): Compat change id reported: 168419799; UID 10056; state: DISABLED
06-15 12:56:51.055 I/[ 7226.441981] binder( 0): 16750:16750 ioctl 40046210 7fcde88de4 returned -22
06-15 12:56:51.069 I/[ 7226.457644] oom_reaper( 0): reaped process 16741 (droid.launcher3), now anon-rss:0kB, file-rss:0kB, shmem-rss:380kB
06-15 12:56:51.093 I/[ 7226.475034] oom_reaper( 0): reaped process 16740 (omm.timeservice), now anon-rss:0kB, file-rss:0kB, shmem-rss:380kB
06-15 12:56:51.084 D/CompatibilityChangeReporter( 1357): Compat change id reported: 168419799; UID 10031; state: DISABLED
06-15 12:56:51.087 I/ActivityManager( 1357): Process com.android.launcher3 (pid 16741) has died: fg TOP
06-15 12:56:51.093 W/ActivityManager( 1357): Scheduling restart of crashed service com.android.launcher3/com.android.quickstep.TouchInteractionService in 307440ms for connection
06-15 12:56:51.097 D/CompatibilityChangeReporter( 1357): Compat change id reported: 135634846; UID 10074; state: DISABLED
06-15 12:56:51.097 D/CompatibilityChangeReporter( 1357): Compat change id reported: 177438394; UID 10074; state: DISABLED
06-15 12:56:51.097 D/CompatibilityChangeReporter( 1357): Compat change id reported: 135772972; UID 10074; state: DISABLED
06-15 12:56:51.097 D/CompatibilityChangeReporter( 1357): Compat change id reported: 135754954; UID 10074; state: ENABLED
06-15 12:56:51.097 D/CompatibilityChangeReporter( 1357): Compat change id reported: 143937733; UID 10074; state: ENABLED
06-15 12:56:51.098 I/[ 7226.487458] binder( 0): 16750:16788 ioctl c0306201 72957e99f8 returned -14
06-15 12:56:51.098 I/ActivityManager( 1357): Process com.qualcomm.timeservice (pid 16740) has died: fg RCVR
06-15 12:56:51.112 D/CompatibilityChangeReporter( 1357): Compat change id reported: 135634846; UID 10107; state: DISABLED
06-15 12:56:51.113 I/ActivityManager( 1357): Start proc 16790:com.android.launcher3/u0a74 for top-activity {com.android.launcher3/com.android.launcher3.uioverrides.QuickstepLauncher}
06-15 12:56:51.113 D/CompatibilityChangeReporter( 1357): Compat change id reported: 143937733; UID 10107; state: DISABLED
06-15 12:56:51.114 I/[ 7226.501654] oom_reaper( 0): reaped process 16750 (viders.calendar), now anon-rss:0kB, file-rss:0kB, shmem-rss:380kB
06-15 12:56:51.114 I/ActivityManager( 1357): Process com.android.providers.calendar (pid 16750) has died: fg BFGS
06-15 12:56:51.115 D/CompatibilityChangeReporter( 1357): Compat change id reported: 135634846; UID 10031; state: DISABLED
06-15 12:56:51.115 D/CompatibilityChangeReporter( 1357): Compat change id reported: 177438394; UID 10031; state: DISABLED
06-15 12:56:51.115 D/CompatibilityChangeReporter( 1357): Compat change id reported: 135772972; UID 10031; state: DISABLED
06-15 12:56:51.115 D/CompatibilityChangeReporter( 1357): Compat change id reported: 135754954; UID 10031; state: ENABLED
06-15 12:56:51.117 I/ActivityManager( 1357): Start proc 16791:com.smile.gifmaker/u0a107 for broadcast {com.smile.gifmaker/androidx.work.impl.background.systemalarm.RescheduleReceiver}
06-15 12:56:51.117 D/CompatibilityChangeReporter( 1357): Compat change id reported: 143937733; UID 10031; state: ENABLED
06-15 12:56:51.121 I/ActivityManager( 1357): Start proc 16800:com.android.providers.calendar/u0a31 for restart com.android.providers.calendar
06-15 12:56:51.125 W/[ 7226.511352] audit( 0): audit_lost=16872 audit_rate_limit=5 audit_backlog_limit=64
06-15 12:56:51.126 E/[ 7226.511354] audit( 0): rate limit exceeded
06-15 12:56:51.127 I/[ 7226.515818] binder( 0): 16790:16790 ioctl 40046210 7fcde88de4 returned -22
06-15 12:56:51.141 I/[ 7226.530097] binder( 0): 16800:16800 ioctl 40046210 7fcde88de4 returned -22
06-15 12:56:51.141 I/[ 7226.530228] binder( 0): 16791:16791 ioctl 40046210 ffd5be78 returned -22
06-15 12:56:51.166 I/[ 7226.553860] oom_reaper( 0): reaped process 16790 (droid.launcher3), now anon-rss:0kB, file-rss:0kB, shmem-rss:380kB
06-15 12:56:51.170 I/ActivityManager( 1357): Process com.android.launcher3 (pid 16790) has died: fg TOP
06-15 12:56:51.181 W/ActivityManager( 1357): Scheduling restart of crashed service com.android.launcher3/com.android.quickstep.TouchInteractionService in 1229760ms for connection
06-15 12:56:51.190 I/[ 7226.578671] oom_reaper( 0): reaped process 16800 (viders.calendar), now anon-rss:0kB, file-rss:0kB, shmem-rss:380kB
06-15 12:56:51.191 D/CompatibilityChangeReporter( 1357): Compat change id reported: 135634846; UID 10074; state: DISABLED
06-15 12:56:51.191 D/CompatibilityChangeReporter( 1357): Compat change id reported: 177438394; UID 10074; state: DISABLED
06-15 12:56:51.191 D/CompatibilityChangeReporter( 1357): Compat change id reported: 135772972; UID 10074; state: DISABLED
06-15 12:56:51.191 D/CompatibilityChangeReporter( 1357): Compat change id reported: 135754954; UID 10074; state: ENABLED
06-15 12:56:51.191 D/CompatibilityChangeReporter( 1357): Compat change id reported: 143937733; UID 10074; state: ENABLED
06-15 12:56:51.191 I/ActivityManager( 1357): Process com.android.providers.calendar (pid 16800) has died: fg BFGS
06-15 12:56:51.206 I/[ 7226.595270] oom_reaper( 0): reaped process 16791 (.smile.gifmaker), now anon-rss:0kB, file-rss:0kB, shmem-rss:380kB
06-15 12:56:51.207 I/[ 7226.596777] binder( 0): 16840:16840 ioctl 40046210 7fcde88de4 returned -22
06-15 12:56:51.192 D/CompatibilityChangeReporter( 1357): Compat change id reported: 135634846; UID 10031; state: DISABLED
06-15 12:56:51.192 D/CompatibilityChangeReporter( 1357): Compat change id reported: 177438394; UID 10031; state: DISABLED
06-15 12:56:51.192 D/CompatibilityChangeReporter( 1357): Compat change id reported: 135772972; UID 10031; state: DISABLED
06-15 12:56:51.192 D/CompatibilityChangeReporter( 1357): Compat change id reported: 135754954; UID 10031; state: ENABLED
06-15 12:56:51.196 I/ActivityManager( 1357): Start proc 16840:com.android.launcher3/u0a74 for top-activity {com.android.launcher3/com.android.launcher3.uioverrides.QuickstepLauncher}
06-15 12:56:51.196 D/CompatibilityChangeReporter( 1357): Compat change id reported: 143937733; UID 10031; state: ENABLED
06-15 12:56:51.207 I/ActivityManager( 1357): Start proc 16854:com.android.providers.calendar/u0a31 for restart com.android.providers.calendar
06-15 12:56:51.214 I/ActivityManager( 1357): Process com.smile.gifmaker (pid 16791) has died: fg RCVR
06-15 12:56:51.221 I/[ 7226.608885] binder( 0): 16854:16854 ioctl 40046210 7fcde88de4 returned -22
06-15 12:56:51.254 I/[ 7226.643224] oom_reaper( 0): reaped process 16854 (viders.calendar), now anon-rss:0kB, file-rss:0kB, shmem-rss:380kB
06-15 12:56:51.245 I/ActivityManager( 1357): Process com.android.launcher3 (pid 16840) has died: fg TOP
06-15 12:56:51.253 W/ActivityManager( 1357): Scheduling restart of crashed service com.android.launcher3/com.android.quickstep.TouchInteractionService in 4919040ms for connection
06-15 12:56:51.257 D/CompatibilityChangeReporter( 1357): Compat change id reported: 135634846; UID 10074; state: DISABLED
06-15 12:56:51.257 D/CompatibilityChangeReporter( 1357): Compat change id reported: 177438394; UID 10074; state: DISABLED
06-15 12:56:51.257 D/CompatibilityChangeReporter( 1357): Compat change id reported: 135772972; UID 10074; state: DISABLED
06-15 12:56:51.257 D/CompatibilityChangeReporter( 1357): Compat change id reported: 135754954; UID 10074; state: ENABLED
06-15 12:56:51.257 I/ActivityManager( 1357): Process com.android.providers.calendar (pid 16854) has died: fg BFGS
06-15 12:56:51.257 D/CompatibilityChangeReporter( 1357): Compat change id reported: 143937733; UID 10074; state: ENABLED
06-15 12:56:51.259 D/CompatibilityChangeReporter( 1357): Compat change id reported: 135634846; UID 10031; state: DISABLED
06-15 12:56:51.259 D/CompatibilityChangeReporter( 1357): Compat change id reported: 177438394; UID 10031; state: DISABLED
06-15 12:56:51.259 D/CompatibilityChangeReporter( 1357): Compat change id reported: 135772972; UID 10031; state: DISABLED
06-15 12:56:51.259 D/CompatibilityChangeReporter( 1357): Compat change id reported: 135754954; UID 10031; state: ENABLED
06-15 12:56:51.263 I/ActivityManager( 1357): Start proc 16875:com.android.launcher3/u0a74 for top-activity {com.android.launcher3/com.android.launcher3.uioverrides.QuickstepLauncher}
06-15 12:56:51.263 D/CompatibilityChangeReporter( 1357): Compat change id reported: 143937733; UID 10031; state: ENABLED
06-15 12:56:51.267 I/ActivityManager( 1357): Start proc 16876:com.android.providers.calendar/u0a31 for restart com.android.providers.calendar
06-15 12:56:51.274 I/[ 7226.660784] binder( 0): 16875:16875 ioctl 40046210 7fcde88de4 returned -22
06-15 12:56:51.282 I/[ 7226.668790] binder( 0): 16876:16876 ioctl 40046210 7fcde88de4 returned -22
06-15 12:56:51.336 I/[ 7226.724057] oom_reaper( 0): reaped process 16875 (droid.launcher3), now anon-rss:0kB, file-rss:0kB, shmem-rss:384kB
06-15 12:56:51.366 I/[ 7226.755655] oom_reaper( 0): reaped process 16876 (viders.calendar), now anon-rss:0kB, file-rss:0kB, shmem-rss:380kB
06-15 12:56:51.340 I/ActivityManager( 1357): Process com.android.launcher3 (pid 16875) has died: fg TOP
06-15 12:56:51.351 W/ActivityManager( 1357): Scheduling restart of crashed service com.android.launcher3/com.android.quickstep.TouchInteractionService in 19676160ms for connection
06-15 12:56:51.365 D/CompatibilityChangeReporter( 1357): Compat change id reported: 135634846; UID 10074; state: DISABLED
06-15 12:56:51.365 D/CompatibilityChangeReporter( 1357): Compat change id reported: 177438394; UID 10074; state: DISABLED
06-15 12:56:51.365 D/CompatibilityChangeReporter( 1357): Compat change id reported: 135772972; UID 10074; state: DISABLED
06-15 12:56:51.366 D/CompatibilityChangeReporter( 1357): Compat change id reported: 135754954; UID 10074; state: ENABLED
06-15 12:56:51.366 D/CompatibilityChangeReporter( 1357): Compat change id reported: 143937733; UID 10074; state: ENABLED
06-15 12:56:51.371 I/ActivityManager( 1357): Start proc 16913:com.android.launcher3/u0a74 for top-activity {com.android.launcher3/com.android.launcher3.uioverrides.QuickstepLauncher}
06-15 12:56:51.374 I/ActivityManager( 1357): Process com.android.providers.calendar (pid 16876) has died: fg BFGS
06-15 12:56:51.375 W/ActivityManager( 1357): Unable to launch app com.android.providers.calendar/10031 for provider com.android.calendar: launching app became null
06-15 12:56:51.375 E/ActivityThread( 1357): Failed to find provider info for com.android.calendar
06-15 12:56:51.377 D/CompatibilityChangeReporter( 1357): Compat change id reported: 135634846; UID 10031; state: DISABLED
06-15 12:56:51.377 D/CompatibilityChangeReporter( 1357): Compat change id reported: 177438394; UID 10031; state: DISABLED
06-15 12:56:51.377 D/CompatibilityChangeReporter( 1357): Compat change id reported: 135772972; UID 10031; state: DISABLED
06-15 12:56:51.377 D/CompatibilityChangeReporter( 1357): Compat change id reported: 135754954; UID 10031; state: ENABLED
06-15 12:56:51.377 D/CompatibilityChangeReporter( 1357): Compat change id reported: 143937733; UID 10031; state: ENABLED
06-15 12:56:51.384 I/ActivityManager( 1357): Start proc 16921:com.android.providers.calendar/u0a31 for content provider {com.android.providers.calendar/com.android.providers.calendar.CalendarProvider2}
06-15 12:56:51.386 I/[ 7226.774094] binder( 0): 16913:16913 ioctl 40046210 7fcde88de4 returned -22
06-15 12:56:51.406 I/[ 7226.792278] binder( 0): 16921:16921 ioctl 40046210 7fcde88de4 returned -22
06-15 12:56:51.438 I/[ 7226.826595] oom_reaper( 0): reaped process 16913 (droid.launcher3), now anon-rss:0kB, file-rss:0kB, shmem-rss:380kB
06-15 12:56:51.439 I/[ 7226.828337] binder( 0): undelivered TRANSACTION_COMPLETE
06-15 12:56:51.438 I/ActivityManager( 1357): Process com.android.launcher3 (pid 16913) has died: fg TOP
06-15 12:56:51.440 W/ActivityManager( 1357): Scheduling restart of crashed service com.android.launcher3/com.android.quickstep.TouchInteractionService in 78704640ms for connection
06-15 12:56:51.443 D/CompatibilityChangeReporter( 1357): Compat change id reported: 135634846; UID 10074; state: DISABLED
06-15 12:56:51.443 D/CompatibilityChangeReporter( 1357): Compat change id reported: 177438394; UID 10074; state: DISABLED
06-15 12:56:51.444 D/CompatibilityChangeReporter( 1357): Compat change id reported: 135772972; UID 10074; state: DISABLED
06-15 12:56:51.444 D/CompatibilityChangeReporter( 1357): Compat change id reported: 135754954; UID 10074; state: ENABLED
06-15 12:56:51.444 D/CompatibilityChangeReporter( 1357): Compat change id reported: 143937733; UID 10074; state: ENABLED
06-15 12:56:51.450 I/ActivityManager( 1357): Start proc 16948:com.android.launcher3/u0a74 for top-activity {com.android.launcher3/com.android.launcher3.uioverrides.QuickstepLauncher}
06-15 12:56:51.466 I/[ 7226.852153] oom_reaper( 0): reaped process 16921 (re-initialized>), now anon-rss:0kB, file-rss:0kB, shmem-rss:16kB
06-15 12:56:51.466 I/[ 7226.854960] binder( 0): 16948:16948 ioctl 40046210 7fcde88de4 returned -22
06-15 12:56:51.467 I/ActivityManager( 1357): Process com.android.providers.calendar (pid 16921) has died: fg BFGS
06-15 12:56:51.468 D/CompatibilityChangeReporter( 1357): Compat change id reported: 135634846; UID 10031; state: DISABLED
06-15 12:56:51.468 D/CompatibilityChangeReporter( 1357): Compat change id reported: 177438394; UID 10031; state: DISABLED
06-15 12:56:51.468 D/CompatibilityChangeReporter( 1357): Compat change id reported: 135772972; UID 10031; state: DISABLED
06-15 12:56:51.468 D/CompatibilityChangeReporter( 1357): Compat change id reported: 135754954; UID 10031; state: ENABLED
06-15 12:56:51.469 D/CompatibilityChangeReporter( 1357): Compat change id reported: 143937733; UID 10031; state: ENABLED
06-15 12:56:51.475 I/ActivityManager( 1357): Start proc 16965:com.android.providers.calendar/u0a31 for restart com.android.providers.calendar
06-15 12:56:51.485 I/[ 7226.873198] binder( 0): 16965:16965 ioctl 40046210 7fcde88de4 returned -22
06-15 12:56:51.507 I/ActivityManager( 1357): Process com.android.launcher3 (pid 16948) has died: fg TOP
06-15 12:56:51.511 W/ActivityManager( 1357): Scheduling restart of crashed service com.android.launcher3/com.android.quickstep.TouchInteractionService in 314818560ms for connection
06-15 12:56:51.525 D/CompatibilityChangeReporter( 1357): Compat change id reported: 135634846; UID 10074; state: DISABLED
06-15 12:56:51.525 D/CompatibilityChangeReporter( 1357): Compat change id reported: 177438394; UID 10074; state: DISABLED
06-15 12:56:51.525 D/CompatibilityChangeReporter( 1357): Compat change id reported: 135772972; UID 10074; state: DISABLED
06-15 12:56:51.525 D/CompatibilityChangeReporter( 1357): Compat change id reported: 135754954; UID 10074; state: ENABLED
06-15 12:56:51.525 D/CompatibilityChangeReporter( 1357): Compat change id reported: 143937733; UID 10074; state: ENABLED
06-15 12:56:51.526 I/[ 7226.914647] oom_reaper( 0): reaped process 16965 (re-initialized>), now anon-rss:0kB, file-rss:0kB, shmem-rss:16kB
06-15 12:56:51.531 I/ActivityManager( 1357): Process com.android.providers.calendar (pid 16965) has died: fg BFGS
06-15 12:56:51.534 D/CompatibilityChangeReporter( 1357): Compat change id reported: 135634846; UID 10031; state: DISABLED
06-15 12:56:51.534 D/CompatibilityChangeReporter( 1357): Compat change id reported: 177438394; UID 10031; state: DISABLED
06-15 12:56:51.534 D/CompatibilityChangeReporter( 1357): Compat change id reported: 135772972; UID 10031; state: DISABLED
06-15 12:56:51.534 D/CompatibilityChangeReporter( 1357): Compat change id reported: 135754954; UID 10031; state: ENABLED
06-15 12:56:51.535 I/ActivityManager( 1357): Start proc 16982:com.android.launcher3/u0a74 for top-activity {com.android.launcher3/com.android.launcher3.uioverrides.QuickstepLauncher}
06-15 12:56:51.535 D/CompatibilityChangeReporter( 1357): Compat change id reported: 143937733; UID 10031; state: ENABLED
06-15 12:56:51.541 I/ActivityManager( 1357): Start proc 16983:com.android.providers.calendar/u0a31 for restart com.android.providers.calendar
06-15 12:56:51.547 I/[ 7226.936932] binder( 0): 16982:16982 ioctl 40046210 7fcde88de4 returned -22
06-15 12:56:51.558 I/[ 7226.946990] binder( 0): 16983:16983 ioctl 40046210 7fcde88de4 returned -22
06-15 12:56:51.578 I/ActivityManager( 1357): Process com.android.launcher3 (pid 16982) has died: fg TOP
06-15 12:56:51.581 W/ActivityManager( 1357): Scheduling restart of crashed service com.android.launcher3/com.android.quickstep.TouchInteractionService in 1259274240ms for connection
06-15 12:56:51.600 D/CompatibilityChangeReporter( 1357): Compat change id reported: 135634846; UID 10074; state: DISABLED
06-15 12:56:51.600 D/CompatibilityChangeReporter( 1357): Compat change id reported: 177438394; UID 10074; state: DISABLED
06-15 12:56:51.600 D/CompatibilityChangeReporter( 1357): Compat change id reported: 135772972; UID 10074; state: DISABLED
06-15 12:56:51.600 D/CompatibilityChangeReporter( 1357): Compat change id reported: 135754954; UID 10074; state: ENABLED
06-15 12:56:51.600 D/CompatibilityChangeReporter( 1357): Compat change id reported: 143937733; UID 10074; state: ENABLED
06-15 12:56:51.602 I/[ 7226.988911] oom_reaper( 0): reaped process 16983 (viders.calendar), now anon-rss:0kB, file-rss:0kB, shmem-rss:380kB
06-15 12:56:51.604 I/ActivityManager( 1357): Start proc 17015:com.android.launcher3/u0a74 for top-activity {com.android.launcher3/com.android.launcher3.uioverrides.QuickstepLauncher}
06-15 12:56:51.606 I/ActivityManager( 1357): Process com.android.providers.calendar (pid 16983) has died: fg BFGS
06-15 12:56:51.608 D/CompatibilityChangeReporter( 1357): Compat change id reported: 135634846; UID 10031; state: DISABLED
06-15 12:56:51.609 D/CompatibilityChangeReporter( 1357): Compat change id reported: 177438394; UID 10031; state: DISABLED
06-15 12:56:51.609 D/CompatibilityChangeReporter( 1357): Compat change id reported: 135772972; UID 10031; state: DISABLED
06-15 12:56:51.609 D/CompatibilityChangeReporter( 1357): Compat change id reported: 135754954; UID 10031; state: ENABLED
06-15 12:56:51.609 D/CompatibilityChangeReporter( 1357): Compat change id reported: 143937733; UID 10031; state: ENABLED
06-15 12:56:51.614 I/ActivityManager( 1357): Start proc 17028:com.android.providers.calendar/u0a31 for restart com.android.providers.calendar
06-15 12:56:51.627 I/[ 7227.004866] binder( 0): 17015:17015 ioctl 40046210 7fcde88de4 returned -22
06-15 12:56:51.627 I/[ 7227.015751] binder( 0): 17028:17028 ioctl 40046210 7fcde88de4 returned -22
06-15 12:56:51.665 I/[ 7227.053304] oom_reaper( 0): reaped process 17015 (droid.launcher3), now anon-rss:0kB, file-rss:0kB, shmem-rss:380kB
06-15 12:56:51.665 I/[ 7227.055062] binder( 0): undelivered TRANSACTION_COMPLETE
06-15 12:56:51.665 I/ActivityManager( 1357): Process com.android.launcher3 (pid 17015) has died: fg TOP
06-15 12:56:51.666 W/ActivityManager( 1357): Scheduling restart of crashed service com.android.launcher3/com.android.quickstep.TouchInteractionService in 5037096960ms for connection
06-15 12:56:51.682 I/[ 7227.069193] oom_reaper( 0): reaped process 17028 (viders.calendar), now anon-rss:0kB, file-rss:0kB, shmem-rss:380kB
06-15 12:56:51.685 D/PowerManagerService( 1357): userActivityNoUpdateLocked: groupId=0, eventTime=7227069, event=0, flags=0x0, uid=1000
06-15 12:56:51.685 D/PowerManagerNotifier( 1357): onUserActivity: event=0, uid=1000
06-15 12:56:51.685 D/PowerManagerService( 1357): updateUserActivitySummaryLocked: groupId=0, mWakefulness=Awake, mUserActivitySummary=0x1, nextTimeout=7287069 (in 59994 ms)
06-15 12:56:51.685 D/PowerManagerNotifier( 1357): onScreenPolicyUpdate: newPolicy=3
06-15 12:56:51.685 D/PowerManagerService( 1357): updateDisplayPowerStateLocked: displayReady=true, groupId=0, policy=BRIGHT, mWakefulness=Awake, mWakeLockSummary=0x0, mUserActivitySummary=0x1, mBootCompleted=true, screenBrightnessOverride=NaN, useAutoBrightness=true, mScreenBrightnessBoostInProgress=false, mIsVrModeEnabled= false, sQuiescent=false
06-15 12:56:51.686 D/CompatibilityChangeReporter( 1357): Compat change id reported: 135634846; UID 10074; state: DISABLED
06-15 12:56:51.686 D/CompatibilityChangeReporter( 1357): Compat change id reported: 177438394; UID 10074; state: DISABLED
06-15 12:56:51.686 D/CompatibilityChangeReporter( 1357): Compat change id reported: 135772972; UID 10074; state: DISABLED
06-15 12:56:51.686 D/CompatibilityChangeReporter( 1357): Compat change id reported: 135754954; UID 10074; state: ENABLED
06-15 12:56:51.686 D/CompatibilityChangeReporter( 1357): Compat change id reported: 143937733; UID 10074; state: ENABLED
06-15 12:56:51.686 I/ActivityManager( 1357): Process com.android.providers.calendar (pid 17028) has died: fg BFGS
06-15 12:56:51.687 W/ActivityManager( 1357): Unable to launch app com.android.providers.calendar/10031 for provider com.android.calendar: launching app became null
06-15 12:56:51.687 E/ActivityThread( 1357): Failed to find provider info for com.android.calendar
06-15 12:56:51.691 I/ActivityManager( 1357): Start proc 17049:com.android.launcher3/u0a74 for top-activity {com.android.launcher3/com.android.launcher3.uioverrides.QuickstepLauncher}
06-15 12:56:51.701 I/[ 7227.089413] binder( 0): 17049:17049 ioctl 40046210 7fcde88de4 returned -22
06-15 12:56:51.750 I/[ 7227.137022] oom_reaper( 0): reaped process 17050 (Runtime worker ), now anon-rss:0kB, file-rss:0kB, shmem-rss:380kB
06-15 12:56:51.749 I/ActivityManager( 1357): Process com.android.launcher3 (pid 17049) has died: fg TOP
06-15 12:56:51.750 W/ActivityManager( 1357): Scheduling restart of crashed service com.android.launcher3/com.android.quickstep.TouchInteractionService in 20148387840ms for connection
06-15 12:56:51.754 D/CompatibilityChangeReporter( 1357): Compat change id reported: 135634846; UID 10074; state: DISABLED
06-15 12:56:51.754 D/CompatibilityChangeReporter( 1357): Compat change id reported: 177438394; UID 10074; state: DISABLED
06-15 12:56:51.754 D/CompatibilityChangeReporter( 1357): Compat change id reported: 135772972; UID 10074; state: DISABLED
06-15 12:56:51.754 D/CompatibilityChangeReporter( 1357): Compat change id reported: 135754954; UID 10074; state: ENABLED
06-15 12:56:51.754 D/CompatibilityChangeReporter( 1357): Compat change id reported: 143937733; UID 10074; state: ENABLED
06-15 12:56:51.758 I/ActivityManager( 1357): Start proc 17067:com.android.launcher3/u0a74 for top-activity {com.android.launcher3/com.android.launcher3.uioverrides.QuickstepLauncher}
06-15 12:56:51.766 I/[ 7227.156200] binder( 0): 17067:17067 ioctl 40046210 7fcde88de4 returned -22
06-15 12:56:51.814 I/[ 7227.200930] oom_reaper( 0): reaped process 17067 (droid.launcher3), now anon-rss:0kB, file-rss:0kB, shmem-rss:380kB
