06-15 12:34:25.536 E/[ 5880.777053] [MAX975X( 0): max96755x_vc1_lcd_dtc_check] *ERROR* DTC_Display: screen not ready(0), bl_sta(0), lvl(0)
06-15 12:34:29.796 E/[ 5885.037059] [MAX975X( 0): max96755x_vc1_lcd_dtc_check] *ERROR* DTC_Display: screen not ready(0), bl_sta(0), lvl(0)
06-15 12:34:34.080 E/[ 5889.320751] [MAX975X( 0): max96755x_vc1_lcd_dtc_check] *ERROR* DTC_Display: screen not ready(0), bl_sta(0), lvl(0)
06-15 12:34:38.336 E/[ 5893.576798] [MAX975X( 0): max96755x_vc1_lcd_dtc_check] *ERROR* DTC_Display: screen not ready(0), bl_sta(0), lvl(0)
06-15 12:34:42.592 E/[ 5897.832961] [MAX975X( 0): max96755x_vc1_lcd_dtc_check] *ERROR* DTC_Display: screen not ready(0), bl_sta(0), lvl(0)
06-15 12:34:46.576 I/[ 5901.826875] init( 0): processing action (sys.tlog.tlogdshc.active=1) from (/system/etc/init/tlogd.rc:195)
06-15 12:34:46.576 I/[ 5901.827638] init( 0): starting service 'tlogdshc'...
06-15 12:34:46.708 I/[ 5901.959665] init( 0): Service 'tlogdshc' (pid 9111) exited with status 0 oneshot service took 0.126000 seconds in background
06-15 12:34:46.708 I/[ 5901.959695] init( 0): Sending signal 9 to service 'tlogdshc' (pid 9111) process group...
06-15 12:34:46.708 I/[ 5901.959872] libprocessgroup( 0): Successfully killed process cgroup uid 0 pid 9111 in 0ms
06-15 12:34:46.847 E/[ 5902.089149] [MAX975X( 0): max96755x_vc1_lcd_dtc_check] *ERROR* DTC_Display: screen not ready(0), bl_sta(0), lvl(0)
06-15 12:34:51.110 E/[ 5906.348817] [MAX975X( 0): max96755x_vc1_lcd_dtc_check] *ERROR* DTC_Display: screen not ready(0), bl_sta(0), lvl(0)
06-15 12:34:55.394 E/[ 5910.632774] [MAX975X( 0): max96755x_vc1_lcd_dtc_check] *ERROR* DTC_Display: screen not ready(0), bl_sta(0), lvl(0)
06-15 12:34:59.650 E/[ 5914.889187] [MAX975X( 0): max96755x_vc1_lcd_dtc_check] *ERROR* DTC_Display: screen not ready(0), bl_sta(0), lvl(0)
06-15 12:35:03.906 E/[ 5919.144817] [MAX975X( 0): max96755x_vc1_lcd_dtc_check] *ERROR* DTC_Display: screen not ready(0), bl_sta(0), lvl(0)
06-15 12:35:08.162 E/[ 5923.400718] [MAX975X( 0): max96755x_vc1_lcd_dtc_check] *ERROR* DTC_Display: screen not ready(0), bl_sta(0), lvl(0)
06-15 12:35:12.418 E/[ 5927.656665] [MAX975X( 0): max96755x_vc1_lcd_dtc_check] *ERROR* DTC_Display: screen not ready(0), bl_sta(0), lvl(0)
06-15 12:35:16.582 I/[ 5931.828815] init( 0): processing action (sys.tlog.tlogdshc.active=1) from (/system/etc/init/tlogd.rc:195)
06-15 12:35:16.582 I/[ 5931.829648] init( 0): starting service 'tlogdshc'...
06-15 12:35:16.674 E/[ 5931.912571] [MAX975X( 0): max96755x_vc1_lcd_dtc_check] *ERROR* DTC_Display: screen not ready(0), bl_sta(0), lvl(0)
06-15 12:35:16.706 I/[ 5931.953097] init( 0): Service 'tlogdshc' (pid 9196) exited with status 0 oneshot service took 0.118000 seconds in background
06-15 12:35:16.706 I/[ 5931.953124] init( 0): Sending signal 9 to service 'tlogdshc' (pid 9196) process group...
06-15 12:35:16.706 I/[ 5931.953319] libprocessgroup( 0): Successfully killed process cgroup uid 0 pid 9196 in 0ms
06-15 12:35:20.930 E/[ 5936.169027] [MAX975X( 0): max96755x_vc1_lcd_dtc_check] *ERROR* DTC_Display: screen not ready(0), bl_sta(0), lvl(0)
06-15 12:35:25.186 E/[ 5940.424795] [MAX975X( 0): max96755x_vc1_lcd_dtc_check] *ERROR* DTC_Display: screen not ready(0), bl_sta(0), lvl(0)
06-15 12:35:29.442 E/[ 5944.680795] [MAX975X( 0): max96755x_vc1_lcd_dtc_check] *ERROR* DTC_Display: screen not ready(0), bl_sta(0), lvl(0)
06-15 12:35:33.562 E/[ 5948.801020] [MAX975X( 0): max96755x_vc1_lcd_dtc_check] *ERROR* DTC_Display: screen not ready(0), bl_sta(0), lvl(0)
06-15 12:35:37.826 E/[ 5953.064664] [MAX975X( 0): max96755x_vc1_lcd_dtc_check] *ERROR* DTC_Display: screen not ready(0), bl_sta(0), lvl(0)
06-15 12:35:42.082 E/[ 5957.320657] [MAX975X( 0): max96755x_vc1_lcd_dtc_check] *ERROR* DTC_Display: screen not ready(0), bl_sta(0), lvl(0)
06-15 12:35:46.342 E/[ 5961.576962] [MAX975X( 0): max96755x_vc1_lcd_dtc_check] *ERROR* DTC_Display: screen not ready(0), bl_sta(0), lvl(0)
06-15 12:35:46.586 I/[ 5961.834401] init( 0): processing action (sys.tlog.tlogdshc.active=1) from (/system/etc/init/tlogd.rc:195)
06-15 12:35:46.586 I/[ 5961.835145] init( 0): starting service 'tlogdshc'...
06-15 12:35:46.710 I/[ 5961.958617] init( 0): Service 'tlogdshc' (pid 9273) exited with status 0 oneshot service took 0.117000 seconds in background
06-15 12:35:46.710 I/[ 5961.958649] init( 0): Sending signal 9 to service 'tlogdshc' (pid 9273) process group...
06-15 12:35:46.710 I/[ 5961.958877] libprocessgroup( 0): Successfully killed process cgroup uid 0 pid 9273 in 0ms
06-15 12:35:50.626 E/[ 5965.865084] [MAX975X( 0): max96755x_vc1_lcd_dtc_check] *ERROR* DTC_Display: screen not ready(0), bl_sta(0), lvl(0)
06-15 12:35:54.882 E/[ 5970.120684] [MAX975X( 0): max96755x_vc1_lcd_dtc_check] *ERROR* DTC_Display: screen not ready(0), bl_sta(0), lvl(0)
06-15 12:35:59.138 E/[ 5974.376790] [MAX975X( 0): max96755x_vc1_lcd_dtc_check] *ERROR* DTC_Display: screen not ready(0), bl_sta(0), lvl(0)
06-15 12:36:03.394 E/[ 5978.632702] [MAX975X( 0): max96755x_vc1_lcd_dtc_check] *ERROR* DTC_Display: screen not ready(0), bl_sta(0), lvl(0)
06-15 12:36:07.650 E/[ 5982.888798] [MAX975X( 0): max96755x_vc1_lcd_dtc_check] *ERROR* DTC_Display: screen not ready(0), bl_sta(0), lvl(0)
06-15 12:36:11.905 E/[ 5987.144693] [MAX975X( 0): max96755x_vc1_lcd_dtc_check] *ERROR* DTC_Display: screen not ready(0), bl_sta(0), lvl(0)
06-15 12:36:16.162 E/[ 5991.400699] [MAX975X( 0): max96755x_vc1_lcd_dtc_check] *ERROR* DTC_Display: screen not ready(0), bl_sta(0), lvl(0)
06-15 12:36:16.587 I/[ 5991.835866] init( 0): processing action (sys.tlog.tlogdshc.active=1) from (/system/etc/init/tlogd.rc:195)
06-15 12:36:16.590 I/[ 5991.836641] init( 0): starting service 'tlogdshc'...
06-15 12:36:16.710 I/[ 5991.959547] init( 0): Service 'tlogdshc' (pid 9340) exited with status 0 oneshot service took 0.117000 seconds in background
06-15 12:36:16.710 I/[ 5991.959578] init( 0): Sending signal 9 to service 'tlogdshc' (pid 9340) process group...
06-15 12:36:16.710 I/[ 5991.959903] libprocessgroup( 0): Successfully killed process cgroup uid 0 pid 9340 in 0ms
06-15 12:36:20.418 E/[ 5995.656795] [MAX975X( 0): max96755x_vc1_lcd_dtc_check] *ERROR* DTC_Display: screen not ready(0), bl_sta(0), lvl(0)
06-15 12:36:24.674 E/[ 5999.912727] [MAX975X( 0): max96755x_vc1_lcd_dtc_check] *ERROR* DTC_Display: screen not ready(0), bl_sta(0), lvl(0)
06-15 12:36:28.930 E/[ 6004.168854] [MAX975X( 0): max96755x_vc1_lcd_dtc_check] *ERROR* DTC_Display: screen not ready(0), bl_sta(0), lvl(0)
06-15 12:36:33.190 E/[ 6008.428831] [MAX975X( 0): max96755x_vc1_lcd_dtc_check] *ERROR* DTC_Display: screen not ready(0), bl_sta(0), lvl(0)
06-15 12:36:37.474 E/[ 6012.712685] [MAX975X( 0): max96755x_vc1_lcd_dtc_check] *ERROR* DTC_Display: screen not ready(0), bl_sta(0), lvl(0)
06-15 12:36:41.730 E/[ 6016.968781] [MAX975X( 0): max96755x_vc1_lcd_dtc_check] *ERROR* DTC_Display: screen not ready(0), bl_sta(0), lvl(0)
06-15 12:36:45.990 E/[ 6021.228798] [MAX975X( 0): max96755x_vc1_lcd_dtc_check] *ERROR* DTC_Display: screen not ready(0), bl_sta(0), lvl(0)
06-15 12:36:46.590 I/[ 6021.838243] init( 0): processing action (sys.tlog.tlogdshc.active=1) from (/system/etc/init/tlogd.rc:195)
06-15 12:36:46.590 I/[ 6021.838981] init( 0): starting service 'tlogdshc'...
06-15 12:36:46.710 I/[ 6021.958422] init( 0): Service 'tlogdshc' (pid 9418) exited with status 0 oneshot service took 0.113000 seconds in background
06-15 12:36:46.710 I/[ 6021.958455] init( 0): Sending signal 9 to service 'tlogdshc' (pid 9418) process group...
06-15 12:36:46.710 I/[ 6021.958643] libprocessgroup( 0): Successfully killed process cgroup uid 0 pid 9418 in 0ms
06-15 12:36:50.278 E/[ 6025.513576] [MAX975X( 0): max96755x_vc1_lcd_dtc_check] *ERROR* DTC_Display: screen not ready(0), bl_sta(0), lvl(0)
06-15 12:36:54.552 E/[ 6029.800661] [MAX975X( 0): max96755x_vc1_lcd_dtc_check] *ERROR* DTC_Display: screen not ready(0), bl_sta(0), lvl(0)
06-15 12:36:58.808 E/[ 6034.056862] [MAX975X( 0): max96755x_vc1_lcd_dtc_check] *ERROR* DTC_Display: screen not ready(0), bl_sta(0), lvl(0)
06-15 12:37:03.064 E/[ 6038.312707] [MAX975X( 0): max96755x_vc1_lcd_dtc_check] *ERROR* DTC_Display: screen not ready(0), bl_sta(0), lvl(0)
06-15 12:37:07.320 E/[ 6042.568775] [MAX975X( 0): max96755x_vc1_lcd_dtc_check] *ERROR* DTC_Display: screen not ready(0), bl_sta(0), lvl(0)
06-15 12:37:11.575 E/[ 6046.824669] [MAX975X( 0): max96755x_vc1_lcd_dtc_check] *ERROR* DTC_Display: screen not ready(0), bl_sta(0), lvl(0)
06-15 12:37:15.831 E/[ 6051.080705] [MAX975X( 0): max96755x_vc1_lcd_dtc_check] *ERROR* DTC_Display: screen not ready(0), bl_sta(0), lvl(0)
06-15 12:37:16.584 I/[ 6051.842660] init( 0): processing action (sys.tlog.tlogdshc.active=1) from (/system/etc/init/tlogd.rc:195)
06-15 12:37:16.584 I/[ 6051.843420] init( 0): starting service 'tlogdshc'...
06-15 12:37:16.704 I/[ 6051.962052] init( 0): Service 'tlogdshc' (pid 9483) exited with status 0 oneshot service took 0.114000 seconds in background
06-15 12:37:16.704 I/[ 6051.962084] init( 0): Sending signal 9 to service 'tlogdshc' (pid 9483) process group...
06-15 12:37:16.704 I/[ 6051.962271] libprocessgroup( 0): Successfully killed process cgroup uid 0 pid 9483 in 0ms
06-15 12:37:20.091 E/[ 6055.340661] [MAX975X( 0): max96755x_vc1_lcd_dtc_check] *ERROR* DTC_Display: screen not ready(0), bl_sta(0), lvl(0)
06-15 12:37:24.375 E/[ 6059.624707] [MAX975X( 0): max96755x_vc1_lcd_dtc_check] *ERROR* DTC_Display: screen not ready(0), bl_sta(0), lvl(0)
06-15 12:37:28.632 E/[ 6063.880927] [MAX975X( 0): max96755x_vc1_lcd_dtc_check] *ERROR* DTC_Display: screen not ready(0), bl_sta(0), lvl(0)
06-15 12:37:32.888 E/[ 6068.136807] [MAX975X( 0): max96755x_vc1_lcd_dtc_check] *ERROR* DTC_Display: screen not ready(0), bl_sta(0), lvl(0)
06-15 12:37:37.144 E/[ 6072.392924] [MAX975X( 0): max96755x_vc1_lcd_dtc_check] *ERROR* DTC_Display: screen not ready(0), bl_sta(0), lvl(0)
06-15 12:37:41.401 E/[ 6076.649708] [MAX975X( 0): max96755x_vc1_lcd_dtc_check] *ERROR* DTC_Display: screen not ready(0), bl_sta(0), lvl(0)
06-15 12:37:45.688 E/[ 6080.936690] [MAX975X( 0): max96755x_vc1_lcd_dtc_check] *ERROR* DTC_Display: screen not ready(0), bl_sta(0), lvl(0)
06-15 12:37:46.588 I/[ 6081.847070] init( 0): processing action (sys.tlog.tlogdshc.active=1) from (/system/etc/init/tlogd.rc:195)
06-15 12:37:46.588 I/[ 6081.847737] init( 0): starting service 'tlogdshc'...
06-15 12:37:46.712 I/[ 6081.969224] init( 0): Service 'tlogdshc' (pid 9544) exited with status 0 oneshot service took 0.116000 seconds in background
06-15 12:37:46.712 I/[ 6081.969251] init( 0): Sending signal 9 to service 'tlogdshc' (pid 9544) process group...
06-15 12:37:46.712 I/[ 6081.969430] libprocessgroup( 0): Successfully killed process cgroup uid 0 pid 9544 in 0ms
06-15 12:37:49.944 E/[ 6085.192978] [MAX975X( 0): max96755x_vc1_lcd_dtc_check] *ERROR* DTC_Display: screen not ready(0), bl_sta(0), lvl(0)
06-15 12:37:54.204 E/[ 6089.452734] [MAX975X( 0): max96755x_vc1_lcd_dtc_check] *ERROR* DTC_Display: screen not ready(0), bl_sta(0), lvl(0)
06-15 12:37:58.488 E/[ 6093.736697] [MAX975X( 0): max96755x_vc1_lcd_dtc_check] *ERROR* DTC_Display: screen not ready(0), bl_sta(0), lvl(0)
06-15 12:38:02.743 E/[ 6097.992769] [MAX975X( 0): max96755x_vc1_lcd_dtc_check] *ERROR* DTC_Display: screen not ready(0), bl_sta(0), lvl(0)
06-15 12:38:07.004 E/[ 6102.249217] [MAX975X( 0): max96755x_vc1_lcd_dtc_check] *ERROR* DTC_Display: screen not ready(0), bl_sta(0), lvl(0)
06-15 12:38:11.288 E/[ 6106.536694] [MAX975X( 0): max96755x_vc1_lcd_dtc_check] *ERROR* DTC_Display: screen not ready(0), bl_sta(0), lvl(0)
06-15 12:38:15.543 E/[ 6110.792697] [MAX975X( 0): max96755x_vc1_lcd_dtc_check] *ERROR* DTC_Display: screen not ready(0), bl_sta(0), lvl(0)
06-15 12:38:16.592 I/[ 6111.851246] init( 0): processing action (sys.tlog.tlogdshc.active=1) from (/system/etc/init/tlogd.rc:195)
06-15 12:38:16.596 I/[ 6111.852907] init( 0): starting service 'tlogdshc'...
06-15 12:38:16.712 I/[ 6111.971118] init( 0): Service 'tlogdshc' (pid 9611) exited with status 0 oneshot service took 0.112000 seconds in background
06-15 12:38:16.712 I/[ 6111.971145] init( 0): Sending signal 9 to service 'tlogdshc' (pid 9611) process group...
06-15 12:38:16.712 I/[ 6111.971352] libprocessgroup( 0): Successfully killed process cgroup uid 0 pid 9611 in 0ms
06-15 12:38:19.800 E/[ 6115.048923] [MAX975X( 0): max96755x_vc1_lcd_dtc_check] *ERROR* DTC_Display: screen not ready(0), bl_sta(0), lvl(0)
06-15 12:38:24.056 E/[ 6119.304727] [MAX975X( 0): max96755x_vc1_lcd_dtc_check] *ERROR* DTC_Display: screen not ready(0), bl_sta(0), lvl(0)
06-15 12:38:28.312 E/[ 6123.560790] [MAX975X( 0): max96755x_vc1_lcd_dtc_check] *ERROR* DTC_Display: screen not ready(0), bl_sta(0), lvl(0)
06-15 12:38:32.572 E/[ 6127.820645] [MAX975X( 0): max96755x_vc1_lcd_dtc_check] *ERROR* DTC_Display: screen not ready(0), bl_sta(0), lvl(0)
06-15 12:38:36.855 E/[ 6132.104706] [MAX975X( 0): max96755x_vc1_lcd_dtc_check] *ERROR* DTC_Display: screen not ready(0), bl_sta(0), lvl(0)
06-15 12:38:41.111 E/[ 6136.360720] [MAX975X( 0): max96755x_vc1_lcd_dtc_check] *ERROR* DTC_Display: screen not ready(0), bl_sta(0), lvl(0)
06-15 12:38:45.368 E/[ 6140.616782] [MAX975X( 0): max96755x_vc1_lcd_dtc_check] *ERROR* DTC_Display: screen not ready(0), bl_sta(0), lvl(0)
06-15 12:38:46.596 I/[ 6141.854241] init( 0): processing action (sys.tlog.tlogdshc.active=1) from (/system/etc/init/tlogd.rc:195)
06-15 12:38:46.596 I/[ 6141.854904] init( 0): starting service 'tlogdshc'...
06-15 12:38:46.720 I/[ 6141.979672] init( 0): Service 'tlogdshc' (pid 9674) exited with status 0 oneshot service took 0.119000 seconds in background
06-15 12:38:46.720 I/[ 6141.979703] init( 0): Sending signal 9 to service 'tlogdshc' (pid 9674) process group...
06-15 12:38:46.720 I/[ 6141.979896] libprocessgroup( 0): Successfully killed process cgroup uid 0 pid 9674 in 0ms
06-15 12:38:49.624 E/[ 6144.872689] [MAX975X( 0): max96755x_vc1_lcd_dtc_check] *ERROR* DTC_Display: screen not ready(0), bl_sta(0), lvl(0)
06-15 12:38:53.857 E/[ 6149.132680] [MAX975X( 0): max96755x_vc1_lcd_dtc_check] *ERROR* DTC_Display: screen not ready(0), bl_sta(0), lvl(0)
06-15 12:38:58.145 E/[ 6153.420721] [MAX975X( 0): max96755x_vc1_lcd_dtc_check] *ERROR* DTC_Display: screen not ready(0), bl_sta(0), lvl(0)
06-15 12:39:02.429 E/[ 6157.704737] [MAX975X( 0): max96755x_vc1_lcd_dtc_check] *ERROR* DTC_Display: screen not ready(0), bl_sta(0), lvl(0)
06-15 12:39:06.685 E/[ 6161.960836] [MAX975X( 0): max96755x_vc1_lcd_dtc_check] *ERROR* DTC_Display: screen not ready(0), bl_sta(0), lvl(0)
06-15 12:39:10.941 E/[ 6166.216926] [MAX975X( 0): max96755x_vc1_lcd_dtc_check] *ERROR* DTC_Display: screen not ready(0), bl_sta(0), lvl(0)
06-15 12:39:15.197 E/[ 6170.472793] [MAX975X( 0): max96755x_vc1_lcd_dtc_check] *ERROR* DTC_Display: screen not ready(0), bl_sta(0), lvl(0)
06-15 12:39:16.573 I/[ 6171.858006] init( 0): processing action (sys.tlog.tlogdshc.active=1) from (/system/etc/init/tlogd.rc:195)
06-15 12:39:16.573 I/[ 6171.858857] init( 0): starting service 'tlogdshc'...
06-15 12:39:16.693 I/[ 6171.979354] init( 0): Service 'tlogdshc' (pid 10229) exited with status 0 oneshot service took 0.115000 seconds in background
06-15 12:39:16.693 I/[ 6171.979382] init( 0): Sending signal 9 to service 'tlogdshc' (pid 10229) process group...
06-15 12:39:16.693 I/[ 6171.979685] libprocessgroup( 0): Successfully killed process cgroup uid 0 pid 10229 in 0ms
06-15 12:39:19.453 E/[ 6174.728683] [MAX975X( 0): max96755x_vc1_lcd_dtc_check] *ERROR* DTC_Display: screen not ready(0), bl_sta(0), lvl(0)
06-15 12:39:23.709 E/[ 6178.984655] [MAX975X( 0): max96755x_vc1_lcd_dtc_check] *ERROR* DTC_Display: screen not ready(0), bl_sta(0), lvl(0)
06-15 12:39:27.965 E/[ 6183.240912] [MAX975X( 0): max96755x_vc1_lcd_dtc_check] *ERROR* DTC_Display: screen not ready(0), bl_sta(0), lvl(0)
06-15 12:39:32.221 E/[ 6187.496713] [MAX975X( 0): max96755x_vc1_lcd_dtc_check] *ERROR* DTC_Display: screen not ready(0), bl_sta(0), lvl(0)
06-15 12:39:36.477 E/[ 6191.752730] [MAX975X( 0): max96755x_vc1_lcd_dtc_check] *ERROR* DTC_Display: screen not ready(0), bl_sta(0), lvl(0)
06-15 12:39:40.733 E/[ 6196.008860] [MAX975X( 0): max96755x_vc1_lcd_dtc_check] *ERROR* DTC_Display: screen not ready(0), bl_sta(0), lvl(0)
06-15 12:39:44.989 E/[ 6200.264719] [MAX975X( 0): max96755x_vc1_lcd_dtc_check] *ERROR* DTC_Display: screen not ready(0), bl_sta(0), lvl(0)
06-15 12:39:46.577 I/[ 6201.863913] init( 0): processing action (sys.tlog.tlogdshc.active=1) from (/system/etc/init/tlogd.rc:195)
06-15 12:39:46.581 I/[ 6201.864757] init( 0): starting service 'tlogdshc'...
06-15 12:39:46.697 I/[ 6201.981838] init( 0): Service 'tlogdshc' (pid 10294) exited with status 0 oneshot service took 0.111000 seconds in background
06-15 12:39:46.697 I/[ 6201.981869] init( 0): Sending signal 9 to service 'tlogdshc' (pid 10294) process group...
06-15 12:39:46.697 I/[ 6201.982052] libprocessgroup( 0): Successfully killed process cgroup uid 0 pid 10294 in 0ms
06-15 12:39:49.245 E/[ 6204.520668] [MAX975X( 0): max96755x_vc1_lcd_dtc_check] *ERROR* DTC_Display: screen not ready(0), bl_sta(0), lvl(0)
06-15 12:39:53.509 E/[ 6208.784692] [MAX975X( 0): max96755x_vc1_lcd_dtc_check] *ERROR* DTC_Display: screen not ready(0), bl_sta(0), lvl(0)
06-15 12:39:57.797 E/[ 6213.072716] [MAX975X( 0): max96755x_vc1_lcd_dtc_check] *ERROR* DTC_Display: screen not ready(0), bl_sta(0), lvl(0)
06-15 12:40:02.077 E/[ 6217.352693] [MAX975X( 0): max96755x_vc1_lcd_dtc_check] *ERROR* DTC_Display: screen not ready(0), bl_sta(0), lvl(0)
06-15 12:40:06.333 E/[ 6221.608778] [MAX975X( 0): max96755x_vc1_lcd_dtc_check] *ERROR* DTC_Display: screen not ready(0), bl_sta(0), lvl(0)
06-15 12:40:10.597 E/[ 6225.872716] [MAX975X( 0): max96755x_vc1_lcd_dtc_check] *ERROR* DTC_Display: screen not ready(0), bl_sta(0), lvl(0)
06-15 12:40:14.881 E/[ 6230.153851] [MAX975X( 0): max96755x_vc1_lcd_dtc_check] *ERROR* DTC_Display: screen not ready(0), bl_sta(0), lvl(0)
06-15 12:40:16.581 I/[ 6231.867588] init( 0): processing action (sys.tlog.tlogdshc.active=1) from (/system/etc/init/tlogd.rc:195)
06-15 12:40:16.585 I/[ 6231.868452] init( 0): starting service 'tlogdshc'...
06-15 12:40:16.713 I/[ 6231.999031] init( 0): Service 'tlogdshc' (pid 10368) exited with status 0 oneshot service took 0.125000 seconds in background
06-15 12:40:16.713 I/[ 6231.999063] init( 0): Sending signal 9 to service 'tlogdshc' (pid 10368) process group...
06-15 12:40:16.713 I/[ 6231.999278] libprocessgroup( 0): Successfully killed process cgroup uid 0 pid 10368 in 0ms
06-15 12:40:19.165 E/[ 6234.440706] [MAX975X( 0): max96755x_vc1_lcd_dtc_check] *ERROR* DTC_Display: screen not ready(0), bl_sta(0), lvl(0)
06-15 12:40:23.421 E/[ 6238.696785] [MAX975X( 0): max96755x_vc1_lcd_dtc_check] *ERROR* DTC_Display: screen not ready(0), bl_sta(0), lvl(0)
06-15 12:40:27.677 E/[ 6242.952940] [MAX975X( 0): max96755x_vc1_lcd_dtc_check] *ERROR* DTC_Display: screen not ready(0), bl_sta(0), lvl(0)
06-15 12:40:31.935 E/[ 6247.209026] [MAX975X( 0): max96755x_vc1_lcd_dtc_check] *ERROR* DTC_Display: screen not ready(0), bl_sta(0), lvl(0)
06-15 12:40:36.225 E/[ 6251.501099] [MAX975X( 0): max96755x_vc1_lcd_dtc_check] *ERROR* DTC_Display: screen not ready(0), bl_sta(0), lvl(0)
06-15 12:40:40.508 E/[ 6255.784577] [MAX975X( 0): max96755x_vc1_lcd_dtc_check] *ERROR* DTC_Display: screen not ready(0), bl_sta(0), lvl(0)
06-15 12:40:44.765 E/[ 6260.041299] [MAX975X( 0): max96755x_vc1_lcd_dtc_check] *ERROR* DTC_Display: screen not ready(0), bl_sta(0), lvl(0)
06-15 12:40:46.585 I/[ 6261.869759] init( 0): processing action (sys.tlog.tlogdshc.active=1) from (/system/etc/init/tlogd.rc:195)
06-15 12:40:46.585 I/[ 6261.870599] init( 0): starting service 'tlogdshc'...
06-15 12:40:46.709 I/[ 6261.995267] init( 0): Service 'tlogdshc' (pid 10431) exited with status 0 oneshot service took 0.119000 seconds in background
06-15 12:40:46.709 I/[ 6261.995297] init( 0): Sending signal 9 to service 'tlogdshc' (pid 10431) process group...
06-15 12:40:46.709 I/[ 6261.995468] libprocessgroup( 0): Successfully killed process cgroup uid 0 pid 10431 in 0ms
06-15 12:40:49.021 E/[ 6264.296712] [MAX975X( 0): max96755x_vc1_lcd_dtc_check] *ERROR* DTC_Display: screen not ready(0), bl_sta(0), lvl(0) --------- beginning of system
06-15 12:40:51.041 D/PowerManagerService( 1357): updateDisplayPowerStateLocked: displayReady=true, groupId=0, policy=OFF, mWakefulness=Asleep, mWakeLockSummary=0x1, mUserActivitySummary=0x0, mBootCompleted=true, screenBrightnessOverride=NaN, useAutoBrightness=true, mScreenBrightnessBoostInProgress=false, mIsVrModeEnabled= false, sQuiescent=false
06-15 12:40:53.269 E/[ 6268.560697] [MAX975X( 0): max96755x_vc1_lcd_dtc_check] *ERROR* DTC_Display: screen not ready(0), bl_sta(0), lvl(0)
06-15 12:40:55.603 W/ProcessStats( 1357): Tracking association SourceState{bec73d2 com.tencent.tmgp.pubgmhd/10102 Top #8217} whose proc state 1 is better than process ProcessState{43f199 com.android.webview:webview_service/10066 pkg=com.android.webview} proc state 3 (25 skipped)
06-15 12:40:56.028 D/PowerManagerService( 1357): acquireWakeLockInternal: lock=181927960, flags=0x1, tag="*alarm*", ws=WorkSource{10031}, uid=1000, pid=1357
06-15 12:40:56.028 D/PowerManagerService( 1357): updateWakeLockSummaryLocked: mWakefulness=Asleep, mWakeLockSummary=0x1
06-15 12:40:56.028 D/PowerManagerService( 1357): updateUserActivitySummaryLocked: groupId=0, mWakefulness=Asleep, mUserActivitySummary=0x0, nextTimeout=0 (6271331 ms ago)
06-15 12:40:56.028 D/PowerManagerNotifier( 1357): onScreenPolicyUpdate: newPolicy=0
06-15 12:40:56.029 D/PowerManagerService( 1357): updateDisplayPowerStateLocked: displayReady=true, groupId=0, policy=OFF, mWakefulness=Asleep, mWakeLockSummary=0x1, mUserActivitySummary=0x0, mBootCompleted=true, screenBrightnessOverride=NaN, useAutoBrightness=true, mScreenBrightnessBoostInProgress=false, mIsVrModeEnabled= false, sQuiescent=false
06-15 12:40:56.030 D/PowerManagerNotifier( 1357): onWakeLockAcquired: flags=1, tag="*alarm*", packageName=android, ownerUid=1000, ownerPid=1357, workSource=WorkSource{10031}
06-15 12:40:56.043 D/PowerManagerService( 1357): releaseWakeLockInternal: lock=181927960 [*alarm*], flags=0x0
06-15 12:40:56.043 D/PowerManagerNotifier( 1357): onWakeLockReleased: flags=1, tag="*alarm*", packageName=android, ownerUid=1000, ownerPid=1357, workSource=WorkSource{10031}
06-15 12:40:56.044 D/PowerManagerService( 1357): updateWakeLockSummaryLocked: mWakefulness=Asleep, mWakeLockSummary=0x1
06-15 12:40:56.044 D/PowerManagerService( 1357): updateUserActivitySummaryLocked: groupId=0, mWakefulness=Asleep, mUserActivitySummary=0x0, nextTimeout=0 (6271346 ms ago)
06-15 12:40:56.044 D/PowerManagerNotifier( 1357): onScreenPolicyUpdate: newPolicy=0
06-15 12:40:56.044 D/PowerManagerService( 1357): updateDisplayPowerStateLocked: displayReady=true, groupId=0, policy=OFF, mWakefulness=Asleep, mWakeLockSummary=0x1, mUserActivitySummary=0x0, mBootCompleted=true, screenBrightnessOverride=NaN, useAutoBrightness=true, mScreenBrightnessBoostInProgress=false, mIsVrModeEnabled= false, sQuiescent=false
06-15 12:40:56.045 D/PowerManagerService( 1357): acquireWakeLockInternal: lock=251878135, flags=0x1, tag="*job*/com.android.providers.calendar/.CalendarProviderJobService", ws=WorkSource{10031}, uid=1000, pid=1357
06-15 12:40:56.045 D/PowerManagerService( 1357): updateWakeLockSummaryLocked: mWakefulness=Asleep, mWakeLockSummary=0x1
06-15 12:40:56.045 D/PowerManagerService( 1357): updateUserActivitySummaryLocked: groupId=0, mWakefulness=Asleep, mUserActivitySummary=0x0, nextTimeout=0 (6271347 ms ago)
06-15 12:40:56.045 D/PowerManagerNotifier( 1357): onScreenPolicyUpdate: newPolicy=0
06-15 12:40:56.045 D/PowerManagerService( 1357): updateDisplayPowerStateLocked: displayReady=true, groupId=0, policy=OFF, mWakefulness=Asleep, mWakeLockSummary=0x1, mUserActivitySummary=0x0, mBootCompleted=true, screenBrightnessOverride=NaN, useAutoBrightness=true, mScreenBrightnessBoostInProgress=false, mIsVrModeEnabled= false, sQuiescent=false
06-15 12:40:56.045 D/PowerManagerNotifier( 1357): onWakeLockAcquired: flags=1, tag="*job*/com.android.providers.calendar/.CalendarProviderJobService", packageName=android, ownerUid=1000, ownerPid=1357, workSource=WorkSource{10031}
06-15 12:40:56.056 D/PowerManagerService( 1357): releaseWakeLockInternal: lock=251878135 [*job*/com.android.providers.calendar/.CalendarProviderJobService], flags=0x0
06-15 12:40:56.056 D/PowerManagerNotifier( 1357): onWakeLockReleased: flags=1, tag="*job*/com.android.providers.calendar/.CalendarProviderJobService", packageName=android, ownerUid=1000, ownerPid=1357, workSource=WorkSource{10031}
06-15 12:40:56.056 D/PowerManagerService( 1357): updateWakeLockSummaryLocked: mWakefulness=Asleep, mWakeLockSummary=0x1
06-15 12:40:56.056 D/PowerManagerService( 1357): updateUserActivitySummaryLocked: groupId=0, mWakefulness=Asleep, mUserActivitySummary=0x0, nextTimeout=0 (6271359 ms ago)
06-15 12:40:56.056 D/PowerManagerNotifier( 1357): onScreenPolicyUpdate: newPolicy=0
06-15 12:40:56.057 D/PowerManagerService( 1357): updateDisplayPowerStateLocked: displayReady=true, groupId=0, policy=OFF, mWakefulness=Asleep, mWakeLockSummary=0x1, mUserActivitySummary=0x0, mBootCompleted=true, screenBrightnessOverride=NaN, useAutoBrightness=true, mScreenBrightnessBoostInProgress=false, mIsVrModeEnabled= false, sQuiescent=false
06-15 12:40:57.553 E/[ 6272.845077] [MAX975X( 0): max96755x_vc1_lcd_dtc_check] *ERROR* DTC_Display: screen not ready(0), bl_sta(0), lvl(0)
06-15 12:41:01.705 E/[ 6276.996692] [MAX975X( 0): max96755x_vc1_lcd_dtc_check] *ERROR* DTC_Display: screen not ready(0), bl_sta(0), lvl(0)
06-15 12:41:05.833 E/[ 6281.124693] [MAX975X( 0): max96755x_vc1_lcd_dtc_check] *ERROR* DTC_Display: screen not ready(0), bl_sta(0), lvl(0)
06-15 12:41:06.079 W/ProcessStats( 1357): Tracking association SourceState{bec73d2 com.tencent.tmgp.pubgmhd/10102 Top #8227} whose proc state 1 is better than process ProcessState{43f199 com.android.webview:webview_service/10066 pkg=com.android.webview} proc state 3 (1 skipped)
06-15 12:41:10.093 E/[ 6285.384804] [MAX975X( 0): max96755x_vc1_lcd_dtc_check] *ERROR* DTC_Display: screen not ready(0), bl_sta(0), lvl(0)
06-15 12:41:14.213 E/[ 6289.504730] [MAX975X( 0): max96755x_vc1_lcd_dtc_check] *ERROR* DTC_Display: screen not ready(0), bl_sta(0), lvl(0)
06-15 12:41:16.573 I/[ 6291.872232] init( 0): processing action (sys.tlog.tlogdshc.active=1) from (/system/etc/init/tlogd.rc:195)
06-15 12:41:16.573 I/[ 6291.873301] init( 0): starting service 'tlogdshc'...
06-15 12:41:16.693 I/[ 6291.995221] init( 0): Service 'tlogdshc' (pid 10503) exited with status 0 oneshot service took 0.116000 seconds in background
06-15 12:41:16.693 I/[ 6291.995254] init( 0): Sending signal 9 to service 'tlogdshc' (pid 10503) process group...
06-15 12:41:16.693 I/[ 6291.995468] libprocessgroup( 0): Successfully killed process cgroup uid 0 pid 10503 in 0ms
06-15 12:41:18.349 E/[ 6293.640634] [MAX975X( 0): max96755x_vc1_lcd_dtc_check] *ERROR* DTC_Display: screen not ready(0), bl_sta(0), lvl(0)
06-15 12:41:22.468 E/[ 6297.760731] [MAX975X( 0): max96755x_vc1_lcd_dtc_check] *ERROR* DTC_Display: screen not ready(0), bl_sta(0), lvl(0)
06-15 12:41:26.733 E/[ 6302.024676] [MAX975X( 0): max96755x_vc1_lcd_dtc_check] *ERROR* DTC_Display: screen not ready(0), bl_sta(0), lvl(0)
06-15 12:41:27.538 I/GameModeConfig( 1357): isGameModeOn = false
06-15 12:41:30.853 E/[ 6306.144877] [MAX975X( 0): max96755x_vc1_lcd_dtc_check] *ERROR* DTC_Display: screen not ready(0), bl_sta(0), lvl(0)
06-15 12:41:34.981 E/[ 6310.272773] [MAX975X( 0): max96755x_vc1_lcd_dtc_check] *ERROR* DTC_Display: screen not ready(0), bl_sta(0), lvl(0)
06-15 12:41:39.109 E/[ 6314.400792] [MAX975X( 0): max96755x_vc1_lcd_dtc_check] *ERROR* DTC_Display: screen not ready(0), bl_sta(0), lvl(0)
06-15 12:41:43.373 E/[ 6318.664790] [MAX975X( 0): max96755x_vc1_lcd_dtc_check] *ERROR* DTC_Display: screen not ready(0), bl_sta(0), lvl(0)
06-15 12:41:46.573 I/[ 6321.875311] init( 0): processing action (sys.tlog.tlogdshc.active=1) from (/system/etc/init/tlogd.rc:195)
06-15 12:41:46.573 I/[ 6321.875911] init( 0): starting service 'tlogdshc'...
06-15 12:41:46.693 I/[ 6321.995174] init( 0): Service 'tlogdshc' (pid 10568) exited with status 0 oneshot service took 0.114000 seconds in background
06-15 12:41:46.693 I/[ 6321.995203] init( 0): Sending signal 9 to service 'tlogdshc' (pid 10568) process group...
06-15 12:41:46.693 I/[ 6321.995379] libprocessgroup( 0): Successfully killed process cgroup uid 0 pid 10568 in 0ms
06-15 12:41:47.493 E/[ 6322.784828] [MAX975X( 0): max96755x_vc1_lcd_dtc_check] *ERROR* DTC_Display: screen not ready(0), bl_sta(0), lvl(0)
06-15 12:41:51.621 E/[ 6326.912914] [MAX975X( 0): max96755x_vc1_lcd_dtc_check] *ERROR* DTC_Display: screen not ready(0), bl_sta(0), lvl(0)
06-15 12:41:55.645 W/ActivityManager( 1357): Stopping service due to app idle: u0a107 -11m10s131ms com.smile.gifmaker/com.kwai.chat.kwailink.service.NewKwaiLinkService
06-15 12:41:55.748 E/[ 6331.040674] [MAX975X( 0): max96755x_vc1_lcd_dtc_check] *ERROR* DTC_Display: screen not ready(0), bl_sta(0), lvl(0)
06-15 12:42:00.012 E/[ 6335.304654] [MAX975X( 0): max96755x_vc1_lcd_dtc_check] *ERROR* DTC_Display: screen not ready(0), bl_sta(0), lvl(0)
06-15 12:42:04.133 E/[ 6339.424711] [MAX975X( 0): max96755x_vc1_lcd_dtc_check] *ERROR* DTC_Display: screen not ready(0), bl_sta(0), lvl(0)
06-15 12:42:08.261 E/[ 6343.552718] [MAX975X( 0): max96755x_vc1_lcd_dtc_check] *ERROR* DTC_Display: screen not ready(0), bl_sta(0), lvl(0)
06-15 12:42:12.389 E/[ 6347.680742] [MAX975X( 0): max96755x_vc1_lcd_dtc_check] *ERROR* DTC_Display: screen not ready(0), bl_sta(0), lvl(0)
06-15 12:42:14.332 D/PowerManagerService( 1357): acquireWakeLockInternal: lock=219894062, flags=0x1, tag="NetworkStats", ws=null, uid=1000, pid=1357
06-15 12:42:14.332 D/PowerManagerService( 1357): updateWakeLockSummaryLocked: mWakefulness=Asleep, mWakeLockSummary=0x1
06-15 12:42:14.333 D/PowerManagerService( 1357): updateUserActivitySummaryLocked: groupId=0, mWakefulness=Asleep, mUserActivitySummary=0x0, nextTimeout=0 (6349635 ms ago)
06-15 12:42:14.333 D/PowerManagerNotifier( 1357): onScreenPolicyUpdate: newPolicy=0
06-15 12:42:14.333 D/PowerManagerService( 1357): updateDisplayPowerStateLocked: displayReady=true, groupId=0, policy=OFF, mWakefulness=Asleep, mWakeLockSummary=0x1, mUserActivitySummary=0x0, mBootCompleted=true, screenBrightnessOverride=NaN, useAutoBrightness=true, mScreenBrightnessBoostInProgress=false, mIsVrModeEnabled= false, sQuiescent=false
06-15 12:42:14.333 D/PowerManagerNotifier( 1357): onWakeLockAcquired: flags=1, tag="NetworkStats", packageName=android, ownerUid=1000, ownerPid=1357, workSource=null
06-15 12:42:14.352 D/PowerManagerService( 1357): releaseWakeLockInternal: lock=219894062 [NetworkStats], flags=0x0
06-15 12:42:14.352 D/PowerManagerNotifier( 1357): onWakeLockReleased: flags=1, tag="NetworkStats", packageName=android, ownerUid=1000, ownerPid=1357, workSource=null
06-15 12:42:14.352 D/PowerManagerService( 1357): updateWakeLockSummaryLocked: mWakefulness=Asleep, mWakeLockSummary=0x1
06-15 12:42:14.352 D/PowerManagerService( 1357): updateUserActivitySummaryLocked: groupId=0, mWakefulness=Asleep, mUserActivitySummary=0x0, nextTimeout=0 (6349655 ms ago)
06-15 12:42:14.352 D/PowerManagerNotifier( 1357): onScreenPolicyUpdate: newPolicy=0
06-15 12:42:14.352 D/PowerManagerService( 1357): updateDisplayPowerStateLocked: displayReady=true, groupId=0, policy=OFF, mWakefulness=Asleep, mWakeLockSummary=0x1, mUserActivitySummary=0x0, mBootCompleted=true, screenBrightnessOverride=NaN, useAutoBrightness=true, mScreenBrightnessBoostInProgress=false, mIsVrModeEnabled= false, sQuiescent=false
06-15 12:42:16.581 I/[ 6351.883139] init( 0): processing action (sys.tlog.tlogdshc.active=1) from (/system/etc/init/tlogd.rc:195)
06-15 12:42:16.581 I/[ 6351.884009] init( 0): starting service 'tlogdshc'...
06-15 12:42:16.653 E/[ 6351.944571] [MAX975X( 0): max96755x_vc1_lcd_dtc_check] *ERROR* DTC_Display: screen not ready(0), bl_sta(0), lvl(0)
06-15 12:42:16.725 I/[ 6352.025930] init( 0): Service 'tlogdshc' (pid 10627) exited with status 0 oneshot service took 0.128000 seconds in background
06-15 12:42:16.725 I/[ 6352.025962] init( 0): Sending signal 9 to service 'tlogdshc' (pid 10627) process group...
06-15 12:42:16.725 I/[ 6352.026148] libprocessgroup( 0): Successfully killed process cgroup uid 0 pid 10627 in 0ms
06-15 12:42:20.781 E/[ 6356.072669] [MAX975X( 0): max96755x_vc1_lcd_dtc_check] *ERROR* DTC_Display: screen not ready(0), bl_sta(0), lvl(0)
06-15 12:42:24.765 E/[ 6360.056747] [MAX975X( 0): max96755x_vc1_lcd_dtc_check] *ERROR* DTC_Display: screen not ready(0), bl_sta(0), lvl(0)
06-15 12:42:28.765 E/[ 6364.056768] [MAX975X( 0): max96755x_vc1_lcd_dtc_check] *ERROR* DTC_Display: screen not ready(0), bl_sta(0), lvl(0)
06-15 12:42:29.048 I/GameModeConfig( 1357): isGameModeOn = false
06-15 12:42:33.037 E/[ 6368.328856] [MAX975X( 0): max96755x_vc1_lcd_dtc_check] *ERROR* DTC_Display: screen not ready(0), bl_sta(0), lvl(0)
06-15 12:42:37.021 E/[ 6372.312727] [MAX975X( 0): max96755x_vc1_lcd_dtc_check] *ERROR* DTC_Display: screen not ready(0), bl_sta(0), lvl(0)
06-15 12:42:41.021 E/[ 6376.313138] [MAX975X( 0): max96755x_vc1_lcd_dtc_check] *ERROR* DTC_Display: screen not ready(0), bl_sta(0), lvl(0)
06-15 12:42:45.021 E/[ 6380.312670] [MAX975X( 0): max96755x_vc1_lcd_dtc_check] *ERROR* DTC_Display: screen not ready(0), bl_sta(0), lvl(0)
06-15 12:42:46.585 I/[ 6381.887773] init( 0): processing action (sys.tlog.tlogdshc.active=1) from (/system/etc/init/tlogd.rc:195)
06-15 12:42:46.589 I/[ 6381.888539] init( 0): starting service 'tlogdshc'...
06-15 12:42:46.713 I/[ 6382.014452] init( 0): Service 'tlogdshc' (pid 10693) exited with status 0 oneshot service took 0.120000 seconds in background
06-15 12:42:46.713 I/[ 6382.014483] init( 0): Sending signal 9 to service 'tlogdshc' (pid 10693) process group...
06-15 12:42:46.713 I/[ 6382.014669] libprocessgroup( 0): Successfully killed process cgroup uid 0 pid 10693 in 0ms
06-15 12:42:49.293 E/[ 6384.585404] [MAX975X( 0): max96755x_vc1_lcd_dtc_check] *ERROR* DTC_Display: screen not ready(0), bl_sta(0), lvl(0)
06-15 12:42:51.004 W/ContextImpl( 2631): Calling a method in the system process without a qualified user: android.app.ContextImpl.sendBroadcast:1173 android.content.ContextWrapper.sendBroadcast:479 com.thundercomm.microsettings.action.SetTimeAction.timeUpdated:191 com.thundercomm.microsettings.action.SetTimeAction.update24HourFormat:173 com.thundercomm.microsettings.action.SetTimeAction.doActualAction:133
06-15 12:42:51.014 D/DevicePolicyManager( 1357): updateSystemUpdateFreezePeriodsRecord
06-15 12:42:51.015 D/ConditionProviders.SCP( 1357): onReceive android.intent.action.TIME_SET
06-15 12:42:51.016 D/ConditionProviders.SCP( 1357): evaluateSubscriptionLocked cal=ScheduleCalendar[mDays={1, 2, 3, 4, 5, 6, 7}, mSchedule=ScheduleInfo{days=[1, 2, 3, 4, 5, 6, 7], startHour=22, startMinute=0, endHour=7, endMinute=0, exitAtAlarm=true, nextAlarm=Thu Jan 01 08:00:00 GMT+08:00 1970 (0)}], now=Thu Jun 15 12:42:51 GMT+08:00 2023 (1686804171015), nextUserAlarmTime=Thu Jan 01 08:00:00 GMT+08:00 1970 (0)
06-15 12:42:51.016 D/ConditionProviders.SCP( 1357): notifyCondition condition://android/schedule?days=1.2.3.4.5.6.7&start=22.0&end=7.0&exitAtAlarm=true STATE_FALSE reason=!meetsSchedule
06-15 12:42:51.017 D/ConditionProviders.SCP( 1357): Scheduling evaluate for Thu Jun 15 22:00:00 GMT+08:00 2023 (1686837600000), in +9h17m8s985ms, now=Thu Jun 15 12:42:51 GMT+08:00 2023 (1686804171015)
06-15 12:42:51.026 D/PowerManagerService( 1357): acquireWakeLockInternal: lock=26508811, flags=0x1, tag="TimeService", ws=null, uid=10056, pid=7214
06-15 12:42:51.026 D/PowerManagerService( 1357): updateWakeLockSummaryLocked: mWakefulness=Asleep, mWakeLockSummary=0x1
06-15 12:42:51.026 D/PowerManagerService( 1357): updateUserActivitySummaryLocked: groupId=0, mWakefulness=Asleep, mUserActivitySummary=0x0, nextTimeout=0 (6386334 ms ago)
06-15 12:42:51.026 D/PowerManagerNotifier( 1357): onScreenPolicyUpdate: newPolicy=0
06-15 12:42:51.026 D/PowerManagerService( 1357): updateDisplayPowerStateLocked: displayReady=true, groupId=0, policy=OFF, mWakefulness=Asleep, mWakeLockSummary=0x1, mUserActivitySummary=0x0, mBootCompleted=true, screenBrightnessOverride=NaN, useAutoBrightness=true, mScreenBrightnessBoostInProgress=false, mIsVrModeEnabled= false, sQuiescent=false
06-15 12:42:51.026 D/PowerManagerNotifier( 1357): onWakeLockAcquired: flags=1, tag="TimeService", packageName=com.qualcomm.timeservice, ownerUid=10056, ownerPid=7214, workSource=null
06-15 12:42:51.037 D/PowerManagerService( 1357): releaseWakeLockInternal: lock=26508811 [TimeService], flags=0x0
06-15 12:42:51.037 D/PowerManagerNotifier( 1357): onWakeLockReleased: flags=1, tag="TimeService", packageName=com.qualcomm.timeservice, ownerUid=10056, ownerPid=7214, workSource=null
06-15 12:42:51.037 D/PowerManagerService( 1357): updateWakeLockSummaryLocked: mWakefulness=Asleep, mWakeLockSummary=0x1
06-15 12:42:51.037 D/PowerManagerService( 1357): updateUserActivitySummaryLocked: groupId=0, mWakefulness=Asleep, mUserActivitySummary=0x0, nextTimeout=0 (6386344 ms ago)
06-15 12:42:51.037 D/PowerManagerNotifier( 1357): onScreenPolicyUpdate: newPolicy=0
06-15 12:42:51.037 D/PowerManagerService( 1357): updateDisplayPowerStateLocked: displayReady=true, groupId=0, policy=OFF, mWakefulness=Asleep, mWakeLockSummary=0x1, mUserActivitySummary=0x0, mBootCompleted=true, screenBrightnessOverride=NaN, useAutoBrightness=true, mScreenBrightnessBoostInProgress=false, mIsVrModeEnabled= false, sQuiescent=false
06-15 12:42:51.124 W/ProcessStats( 1357): Tracking association SourceState{bec73d2 com.tencent.tmgp.pubgmhd/10102 Top #8233} whose proc state 1 is better than process ProcessState{43f199 com.android.webview:webview_service/10066 pkg=com.android.webview} proc state 3 (0 skipped)
06-15 12:42:53.303 E/[ 6388.600727] [MAX975X( 0): max96755x_vc1_lcd_dtc_check] *ERROR* DTC_Display: screen not ready(0), bl_sta(0), lvl(0)
06-15 12:42:56.025 D/PowerManagerService( 1357): acquireWakeLockInternal: lock=181927960, flags=0x1, tag="*alarm*", ws=WorkSource{1000}, uid=1000, pid=1357
06-15 12:42:56.026 D/PowerManagerService( 1357): updateWakeLockSummaryLocked: mWakefulness=Asleep, mWakeLockSummary=0x1
06-15 12:42:56.026 D/PowerManagerService( 1357): updateUserActivitySummaryLocked: groupId=0, mWakefulness=Asleep, mUserActivitySummary=0x0, nextTimeout=0 (6391333 ms ago)
06-15 12:42:56.026 D/PowerManagerNotifier( 1357): onScreenPolicyUpdate: newPolicy=0
06-15 12:42:56.026 D/PowerManagerService( 1357): updateDisplayPowerStateLocked: displayReady=true, groupId=0, policy=OFF, mWakefulness=Asleep, mWakeLockSummary=0x1, mUserActivitySummary=0x0, mBootCompleted=true, screenBrightnessOverride=NaN, useAutoBrightness=true, mScreenBrightnessBoostInProgress=false, mIsVrModeEnabled= false, sQuiescent=false
06-15 12:42:56.027 D/PowerManagerNotifier( 1357): onWakeLockAcquired: flags=1, tag="*alarm*", packageName=android, ownerUid=1000, ownerPid=1357, workSource=WorkSource{1000}
06-15 12:42:56.039 D/PowerManagerService( 1357): updateWakeLockWorkSourceInternal: lock=181927960 [*alarm*], ws=WorkSource{10117 com.tencent.android.qqdownloader}
06-15 12:42:56.039 D/PowerManagerNotifier( 1357): onWakeLockChanging: flags=1, tag="*alarm*", packageName=android, ownerUid=1000, ownerPid=1357, workSource=WorkSource{10117 com.tencent.android.qqdownloader}
06-15 12:42:56.043 D/PowerManagerService( 1357): updateWakeLockWorkSourceInternal: lock=181927960 [*alarm*], ws=WorkSource{10031}
06-15 12:42:56.043 D/PowerManagerNotifier( 1357): onWakeLockChanging: flags=1, tag="*alarm*", packageName=android, ownerUid=1000, ownerPid=1357, workSource=WorkSource{10031}
06-15 12:42:56.045 D/PowerManagerService( 1357): updateWakeLockWorkSourceInternal: lock=181927960 [*alarm*], ws=WorkSource{10115}
06-15 12:42:56.045 D/PowerManagerNotifier( 1357): onWakeLockChanging: flags=1, tag="*alarm*", packageName=android, ownerUid=1000, ownerPid=1357, workSource=WorkSource{10115}
06-15 12:42:56.045 D/PowerManagerService( 1357): updateWakeLockWorkSourceInternal: lock=181927960 [*alarm*], ws=WorkSource{10107}
06-15 12:42:56.045 D/PowerManagerNotifier( 1357): onWakeLockChanging: flags=1, tag="*alarm*", packageName=android, ownerUid=1000, ownerPid=1357, workSource=WorkSource{10107}
06-15 12:42:56.050 D/PowerManagerService( 1357): acquireWakeLockInternal: lock=49018079, flags=0x1, tag="*job*/com.android.providers.calendar/.CalendarProviderJobService", ws=WorkSource{10031}, uid=1000, pid=1357
06-15 12:42:56.051 D/PowerManagerService( 1357): updateWakeLockSummaryLocked: mWakefulness=Asleep, mWakeLockSummary=0x1
06-15 12:42:56.051 D/PowerManagerService( 1357): updateUserActivitySummaryLocked: groupId=0, mWakefulness=Asleep, mUserActivitySummary=0x0, nextTimeout=0 (6391358 ms ago)
06-15 12:42:56.051 D/PowerManagerNotifier( 1357): onScreenPolicyUpdate: newPolicy=0
06-15 12:42:56.051 D/PowerManagerService( 1357): updateDisplayPowerStateLocked: displayReady=true, groupId=0, policy=OFF, mWakefulness=Asleep, mWakeLockSummary=0x1, mUserActivitySummary=0x0, mBootCompleted=true, screenBrightnessOverride=NaN, useAutoBrightness=true, mScreenBrightnessBoostInProgress=false, mIsVrModeEnabled= false, sQuiescent=false
06-15 12:42:56.051 D/PowerManagerNotifier( 1357): onWakeLockAcquired: flags=1, tag="*job*/com.android.providers.calendar/.CalendarProviderJobService", packageName=android, ownerUid=1000, ownerPid=1357, workSource=WorkSource{10031}
06-15 12:42:56.053 D/PowerManagerService( 1357): releaseWakeLockInternal: lock=181927960 [*alarm*], flags=0x0
06-15 12:42:56.053 D/PowerManagerNotifier( 1357): onWakeLockReleased: flags=1, tag="*alarm*", packageName=android, ownerUid=1000, ownerPid=1357, workSource=WorkSource{10107}
06-15 12:42:56.053 D/PowerManagerService( 1357): updateWakeLockSummaryLocked: mWakefulness=Asleep, mWakeLockSummary=0x1
06-15 12:42:56.053 D/PowerManagerService( 1357): updateUserActivitySummaryLocked: groupId=0, mWakefulness=Asleep, mUserActivitySummary=0x0, nextTimeout=0 (6391361 ms ago)
06-15 12:42:56.053 D/PowerManagerNotifier( 1357): onScreenPolicyUpdate: newPolicy=0
06-15 12:42:56.054 D/PowerManagerService( 1357): updateDisplayPowerStateLocked: displayReady=true, groupId=0, policy=OFF, mWakefulness=Asleep, mWakeLockSummary=0x1, mUserActivitySummary=0x0, mBootCompleted=true, screenBrightnessOverride=NaN, useAutoBrightness=true, mScreenBrightnessBoostInProgress=false, mIsVrModeEnabled= false, sQuiescent=false
06-15 12:42:56.054 D/PowerManagerService( 1357): acquireWakeLockInternal: lock=109929772, flags=0x1, tag="*job*/com.tencent.android.qqdownloader.YYBLiveAccountProvider/com.tencent.android.qqdownloader.YYBLiveAccountProvider.account/应用宝:android", ws=WorkSource{10117}, uid=1000, pid=1357
06-15 12:42:56.054 D/PowerManagerService( 1357): updateWakeLockSummaryLocked: mWakefulness=Asleep, mWakeLockSummary=0x1
06-15 12:42:56.054 D/PowerManagerService( 1357): updateUserActivitySummaryLocked: groupId=0, mWakefulness=Asleep, mUserActivitySummary=0x0, nextTimeout=0 (6391361 ms ago)
06-15 12:42:56.054 D/PowerManagerNotifier( 1357): onScreenPolicyUpdate: newPolicy=0
06-15 12:42:56.054 D/PowerManagerService( 1357): updateDisplayPowerStateLocked: displayReady=true, groupId=0, policy=OFF, mWakefulness=Asleep, mWakeLockSummary=0x1, mUserActivitySummary=0x0, mBootCompleted=true, screenBrightnessOverride=NaN, useAutoBrightness=true, mScreenBrightnessBoostInProgress=false, mIsVrModeEnabled= false, sQuiescent=false
06-15 12:42:56.054 D/PowerManagerNotifier( 1357): onWakeLockAcquired: flags=1, tag="*job*/com.tencent.android.qqdownloader.YYBLiveAccountProvider/com.tencent.android.qqdownloader.YYBLiveAccountProvider.account/应用宝:android", packageName=android, ownerUid=1000, ownerPid=1357, workSource=WorkSource{10117}
06-15 12:42:56.055 D/PowerManagerService( 1357): acquireWakeLockInternal: lock=231804768, flags=0x1, tag="SyncLoopWakeLock", ws=null, uid=1000, pid=1357
06-15 12:42:56.055 D/PowerManagerService( 1357): updateWakeLockSummaryLocked: mWakefulness=Asleep, mWakeLockSummary=0x1
06-15 12:42:56.055 D/PowerManagerService( 1357): updateUserActivitySummaryLocked: groupId=0, mWakefulness=Asleep, mUserActivitySummary=0x0, nextTimeout=0 (6391362 ms ago)
06-15 12:42:56.055 D/PowerManagerNotifier( 1357): onScreenPolicyUpdate: newPolicy=0
06-15 12:42:56.055 D/PowerManagerService( 1357): updateDisplayPowerStateLocked: displayReady=true, groupId=0, policy=OFF, mWakefulness=Asleep, mWakeLockSummary=0x1, mUserActivitySummary=0x0, mBootCompleted=true, screenBrightnessOverride=NaN, useAutoBrightness=true, mScreenBrightnessBoostInProgress=false, mIsVrModeEnabled= false, sQuiescent=false
06-15 12:42:56.055 D/PowerManagerNotifier( 1357): onWakeLockAcquired: flags=1, tag="SyncLoopWakeLock", packageName=android, ownerUid=1000, ownerPid=1357, workSource=null
06-15 12:42:56.058 D/PowerManagerService( 1357): acquireWakeLockInternal: lock=26266518, flags=0x1, tag="*sync*/com.tencent.android.qqdownloader.YYBLiveAccountProvider/com.tencent.android.qqdownloader.YYBLiveAccountProvider.account/应用宝", ws=WorkSource{10117}, uid=1000, pid=1357
06-15 12:42:56.058 D/PowerManagerService( 1357): updateWakeLockSummaryLocked: mWakefulness=Asleep, mWakeLockSummary=0x1
06-15 12:42:56.058 D/PowerManagerService( 1357): updateUserActivitySummaryLocked: groupId=0, mWakefulness=Asleep, mUserActivitySummary=0x0, nextTimeout=0 (6391366 ms ago)
06-15 12:42:56.058 D/PowerManagerNotifier( 1357): onScreenPolicyUpdate: newPolicy=0
06-15 12:42:56.058 D/PowerManagerService( 1357): updateDisplayPowerStateLocked: displayReady=true, groupId=0, policy=OFF, mWakefulness=Asleep, mWakeLockSummary=0x1, mUserActivitySummary=0x0, mBootCompleted=true, screenBrightnessOverride=NaN, useAutoBrightness=true, mScreenBrightnessBoostInProgress=false, mIsVrModeEnabled= false, sQuiescent=false
06-15 12:42:56.059 D/PowerManagerNotifier( 1357): onWakeLockAcquired: flags=1, tag="*sync*/com.tencent.android.qqdownloader.YYBLiveAccountProvider/com.tencent.android.qqdownloader.YYBLiveAccountProvider.account/应用宝", packageName=android, ownerUid=1000, ownerPid=1357, workSource=WorkSource{10117}
06-15 12:42:56.059 D/PowerManagerService( 1357): releaseWakeLockInternal: lock=49018079 [*job*/com.android.providers.calendar/.CalendarProviderJobService], flags=0x0
06-15 12:42:56.059 D/PowerManagerNotifier( 1357): onWakeLockReleased: flags=1, tag="*job*/com.android.providers.calendar/.CalendarProviderJobService", packageName=android, ownerUid=1000, ownerPid=1357, workSource=WorkSource{10031}
06-15 12:42:56.059 D/PowerManagerService( 1357): updateWakeLockSummaryLocked: mWakefulness=Asleep, mWakeLockSummary=0x1
06-15 12:42:56.059 D/PowerManagerService( 1357): updateUserActivitySummaryLocked: groupId=0, mWakefulness=Asleep, mUserActivitySummary=0x0, nextTimeout=0 (6391366 ms ago)
06-15 12:42:56.059 D/PowerManagerNotifier( 1357): onScreenPolicyUpdate: newPolicy=0
06-15 12:42:56.059 D/PowerManagerService( 1357): updateDisplayPowerStateLocked: displayReady=true, groupId=0, policy=OFF, mWakefulness=Asleep, mWakeLockSummary=0x1, mUserActivitySummary=0x0, mBootCompleted=true, screenBrightnessOverride=NaN, useAutoBrightness=true, mScreenBrightnessBoostInProgress=false, mIsVrModeEnabled= false, sQuiescent=false
06-15 12:42:56.068 D/PowerManagerService( 1357): releaseWakeLockInternal: lock=231804768 [SyncLoopWakeLock], flags=0x0
06-15 12:42:56.068 D/PowerManagerNotifier( 1357): onWakeLockReleased: flags=1, tag="SyncLoopWakeLock", packageName=android, ownerUid=1000, ownerPid=1357, workSource=null
06-15 12:42:56.069 D/PowerManagerService( 1357): updateWakeLockSummaryLocked: mWakefulness=Asleep, mWakeLockSummary=0x1
06-15 12:42:56.069 D/PowerManagerService( 1357): updateUserActivitySummaryLocked: groupId=0, mWakefulness=Asleep, mUserActivitySummary=0x0, nextTimeout=0 (6391376 ms ago)
06-15 12:42:56.069 D/PowerManagerNotifier( 1357): onScreenPolicyUpdate: newPolicy=0
06-15 12:42:56.069 D/PowerManagerService( 1357): updateDisplayPowerStateLocked: displayReady=true, groupId=0, policy=OFF, mWakefulness=Asleep, mWakeLockSummary=0x1, mUserActivitySummary=0x0, mBootCompleted=true, screenBrightnessOverride=NaN, useAutoBrightness=true, mScreenBrightnessBoostInProgress=false, mIsVrModeEnabled= false, sQuiescent=false
06-15 12:42:56.076 D/PowerManagerService( 1357): acquireWakeLockInternal: lock=231804768, flags=0x1, tag="SyncLoopWakeLock", ws=null, uid=1000, pid=1357
06-15 12:42:56.076 D/PowerManagerService( 1357): updateWakeLockSummaryLocked: mWakefulness=Asleep, mWakeLockSummary=0x1
06-15 12:42:56.076 D/PowerManagerService( 1357): updateUserActivitySummaryLocked: groupId=0, mWakefulness=Asleep, mUserActivitySummary=0x0, nextTimeout=0 (6391384 ms ago)
06-15 12:42:56.076 D/PowerManagerNotifier( 1357): onScreenPolicyUpdate: newPolicy=0
06-15 12:42:56.076 D/PowerManagerService( 1357): updateDisplayPowerStateLocked: displayReady=true, groupId=0, policy=OFF, mWakefulness=Asleep, mWakeLockSummary=0x1, mUserActivitySummary=0x0, mBootCompleted=true, screenBrightnessOverride=NaN, useAutoBrightness=true, mScreenBrightnessBoostInProgress=false, mIsVrModeEnabled= false, sQuiescent=false
06-15 12:42:56.076 D/PowerManagerNotifier( 1357): onWakeLockAcquired: flags=1, tag="SyncLoopWakeLock", packageName=android, ownerUid=1000, ownerPid=1357, workSource=null
06-15 12:42:56.078 D/PowerManagerService( 1357): releaseWakeLockInternal: lock=231804768 [SyncLoopWakeLock], flags=0x0
06-15 12:42:56.078 D/PowerManagerNotifier( 1357): onWakeLockReleased: flags=1, tag="SyncLoopWakeLock", packageName=android, ownerUid=1000, ownerPid=1357, workSource=null
06-15 12:42:56.078 D/PowerManagerService( 1357): updateWakeLockSummaryLocked: mWakefulness=Asleep, mWakeLockSummary=0x1
