06-15 12:56:44.463 I/[ 7219.823107] binder( 0): 15188:15188 ioctl 40046210 7fcde88de4 returned -22
06-15 12:56:44.519 I/[ 7219.877794] oom_reaper( 0): reaped process 15188 (droid.launcher3), now anon-rss:0kB, file-rss:0kB, shmem-rss:380kB
06-15 12:56:44.519 I/ActivityManager( 1357): Process com.android.launcher3 (pid 15188) has died: fg TOP
06-15 12:56:44.519 W/ActivityManager( 1357): Scheduling restart of crashed service com.android.launcher3/com.android.quickstep.TouchInteractionService in 353223311360ms for connection
06-15 12:56:44.522 D/CompatibilityChangeReporter( 1357): Compat change id reported: 135634846; UID 10074; state: DISABLED
06-15 12:56:44.522 D/CompatibilityChangeReporter( 1357): Compat change id reported: 177438394; UID 10074; state: DISABLED
06-15 12:56:44.522 D/CompatibilityChangeReporter( 1357): Compat change id reported: 135772972; UID 10074; state: DISABLED
06-15 12:56:44.522 D/CompatibilityChangeReporter( 1357): Compat change id reported: 135754954; UID 10074; state: ENABLED
06-15 12:56:44.522 D/CompatibilityChangeReporter( 1357): Compat change id reported: 143937733; UID 10074; state: ENABLED
06-15 12:56:44.525 I/ActivityManager( 1357): Start proc 15206:com.android.launcher3/u0a74 for top-activity {com.android.launcher3/com.android.launcher3.uioverrides.QuickstepLauncher}
06-15 12:56:44.535 I/[ 7219.893470] binder( 0): 15206:15206 ioctl 40046210 7fcde88de4 returned -22
06-15 12:56:44.611 I/[ 7219.968191] oom_reaper( 0): reaped process 15207 (Runtime worker ), now anon-rss:0kB, file-rss:0kB, shmem-rss:384kB
06-15 12:56:44.611 I/ActivityManager( 1357): Process com.android.launcher3 (pid 15206) has died: fg TOP
06-15 12:56:44.612 W/ActivityManager( 1357): Scheduling restart of crashed service com.android.launcher3/com.android.quickstep.TouchInteractionService in 1412893245440ms for connection
06-15 12:56:44.615 D/CompatibilityChangeReporter( 1357): Compat change id reported: 135634846; UID 10074; state: DISABLED
06-15 12:56:44.615 D/CompatibilityChangeReporter( 1357): Compat change id reported: 177438394; UID 10074; state: DISABLED
06-15 12:56:44.615 D/CompatibilityChangeReporter( 1357): Compat change id reported: 135772972; UID 10074; state: DISABLED
06-15 12:56:44.615 D/CompatibilityChangeReporter( 1357): Compat change id reported: 135754954; UID 10074; state: ENABLED
06-15 12:56:44.615 D/CompatibilityChangeReporter( 1357): Compat change id reported: 143937733; UID 10074; state: ENABLED
06-15 12:56:44.620 I/ActivityManager( 1357): Start proc 15228:com.android.launcher3/u0a74 for top-activity {com.android.launcher3/com.android.launcher3.uioverrides.QuickstepLauncher}
06-15 12:56:44.631 I/[ 7219.989959] binder( 0): 15228:15228 ioctl 40046210 7fcde88de4 returned -22
06-15 12:56:44.649 D/PowerManagerService( 1357): userActivityNoUpdateLocked: groupId=0, eventTime=7220006, event=2, flags=0x0, uid=1000
06-15 12:56:44.651 D/PowerManagerNotifier( 1357): onUserActivity: event=2, uid=1000
06-15 12:56:44.654 D/PowerManagerService( 1357): updateUserActivitySummaryLocked: groupId=0, mWakefulness=Awake, mUserActivitySummary=0x1, nextTimeout=7280006 (in 59992 ms)
06-15 12:56:44.655 D/PowerManagerNotifier( 1357): onScreenPolicyUpdate: newPolicy=3
06-15 12:56:44.655 D/PowerManagerService( 1357): updateDisplayPowerStateLocked: displayReady=true, groupId=0, policy=BRIGHT, mWakefulness=Awake, mWakeLockSummary=0x0, mUserActivitySummary=0x1, mBootCompleted=true, screenBrightnessOverride=NaN, useAutoBrightness=true, mScreenBrightnessBoostInProgress=false, mIsVrModeEnabled= false, sQuiescent=false
06-15 12:56:44.684 I/ActivityManager( 1357): Process com.android.launcher3 (pid 15228) has died: fg TOP
06-15 12:56:44.685 W/ActivityManager( 1357): Scheduling restart of crashed service com.android.launcher3/com.android.quickstep.TouchInteractionService in 5651572981760ms for connection
06-15 12:56:44.687 I/[ 7220.044251] oom_reaper( 0): reaped process 15229 (Runtime worker ), now anon-rss:0kB, file-rss:0kB, shmem-rss:380kB
06-15 12:56:44.687 D/CompatibilityChangeReporter( 1357): Compat change id reported: 135634846; UID 10074; state: DISABLED
06-15 12:56:44.687 D/CompatibilityChangeReporter( 1357): Compat change id reported: 177438394; UID 10074; state: DISABLED
06-15 12:56:44.687 D/CompatibilityChangeReporter( 1357): Compat change id reported: 135772972; UID 10074; state: DISABLED
06-15 12:56:44.687 D/CompatibilityChangeReporter( 1357): Compat change id reported: 135754954; UID 10074; state: ENABLED
06-15 12:56:44.687 D/CompatibilityChangeReporter( 1357): Compat change id reported: 143937733; UID 10074; state: ENABLED
06-15 12:56:44.690 I/ActivityManager( 1357): Start proc 15246:com.android.launcher3/u0a74 for top-activity {com.android.launcher3/com.android.launcher3.uioverrides.QuickstepLauncher}
06-15 12:56:44.700 W/[ 7220.058050] audit( 0): audit_lost=16852 audit_rate_limit=5 audit_backlog_limit=64
06-15 12:56:44.700 E/[ 7220.058052] audit( 0): rate limit exceeded
06-15 12:56:44.700 I/[ 7220.059022] binder( 0): 15246:15246 ioctl 40046210 7fcde88de4 returned -22
06-15 12:56:44.731 I/ActivityManager( 1357): Process com.android.launcher3 (pid 15246) has died: fg TOP
06-15 12:56:44.731 W/ActivityManager( 1357): Scheduling restart of crashed service com.android.launcher3/com.android.quickstep.TouchInteractionService in 22606291927040ms for connection
06-15 12:56:44.734 D/CompatibilityChangeReporter( 1357): Compat change id reported: 135634846; UID 10074; state: DISABLED
06-15 12:56:44.734 D/CompatibilityChangeReporter( 1357): Compat change id reported: 177438394; UID 10074; state: DISABLED
06-15 12:56:44.734 D/CompatibilityChangeReporter( 1357): Compat change id reported: 135772972; UID 10074; state: DISABLED
06-15 12:56:44.734 D/CompatibilityChangeReporter( 1357): Compat change id reported: 135754954; UID 10074; state: ENABLED
06-15 12:56:44.735 D/CompatibilityChangeReporter( 1357): Compat change id reported: 143937733; UID 10074; state: ENABLED
06-15 12:56:44.740 I/ActivityManager( 1357): Start proc 15265:com.android.launcher3/u0a74 for top-activity {com.android.launcher3/com.android.launcher3.uioverrides.QuickstepLauncher}
06-15 12:56:44.752 I/[ 7220.112812] binder( 0): 15265:15265 ioctl 40046210 7fcde88de4 returned -22
06-15 12:56:44.752 D/PowerManagerService( 1357): userActivityNoUpdateLocked: groupId=0, eventTime=7220112, event=2, flags=0x0, uid=1000
06-15 12:56:44.752 D/PowerManagerNotifier( 1357): onUserActivity: event=2, uid=1000
06-15 12:56:44.752 D/PowerManagerService( 1357): updateUserActivitySummaryLocked: groupId=0, mWakefulness=Awake, mUserActivitySummary=0x1, nextTimeout=7280112 (in 59999 ms)
06-15 12:56:44.752 D/PowerManagerNotifier( 1357): onScreenPolicyUpdate: newPolicy=3
06-15 12:56:44.752 D/PowerManagerService( 1357): updateDisplayPowerStateLocked: displayReady=true, groupId=0, policy=BRIGHT, mWakefulness=Awake, mWakeLockSummary=0x0, mUserActivitySummary=0x1, mBootCompleted=true, screenBrightnessOverride=NaN, useAutoBrightness=true, mScreenBrightnessBoostInProgress=false, mIsVrModeEnabled= false, sQuiescent=false
06-15 12:56:44.824 I/[ 7220.183156] oom_reaper( 0): reaped process 15265 (droid.launcher3), now anon-rss:0kB, file-rss:0kB, shmem-rss:388kB
06-15 12:56:44.827 I/ActivityManager( 1357): Process com.android.launcher3 (pid 15265) has died: fg TOP
06-15 12:56:44.827 W/ActivityManager( 1357): Scheduling restart of crashed service com.android.launcher3/com.android.quickstep.TouchInteractionService in 90425167708160ms for connection
06-15 12:56:44.828 D/CompatibilityChangeReporter( 1357): Compat change id reported: 135634846; UID 10074; state: DISABLED
06-15 12:56:44.828 D/CompatibilityChangeReporter( 1357): Compat change id reported: 177438394; UID 10074; state: DISABLED
06-15 12:56:44.828 D/CompatibilityChangeReporter( 1357): Compat change id reported: 135772972; UID 10074; state: DISABLED
06-15 12:56:44.828 D/CompatibilityChangeReporter( 1357): Compat change id reported: 135754954; UID 10074; state: ENABLED
06-15 12:56:44.828 D/CompatibilityChangeReporter( 1357): Compat change id reported: 143937733; UID 10074; state: ENABLED
06-15 12:56:44.832 I/ActivityManager( 1357): Start proc 15293:com.android.launcher3/u0a74 for top-activity {com.android.launcher3/com.android.launcher3.uioverrides.QuickstepLauncher}
06-15 12:56:44.842 I/[ 7220.203385] binder( 0): 15293:15293 ioctl 40046210 7fcde88de4 returned -22
06-15 12:56:44.891 I/ActivityManager( 1357): Process com.android.launcher3 (pid 15293) has died: fg TOP
06-15 12:56:44.891 W/ActivityManager( 1357): Scheduling restart of crashed service com.android.launcher3/com.android.quickstep.TouchInteractionService in 361700670832640ms for connection
06-15 12:56:44.892 I/[ 7220.250627] oom_reaper( 0): reaped process 15293 (droid.launcher3), now anon-rss:0kB, file-rss:0kB, shmem-rss:380kB
06-15 12:56:44.892 W/[ 7220.252100] binder_release_work( 0): 7 callbacks suppressed
06-15 12:56:44.892 I/[ 7220.252100] binder( 0): undelivered TRANSACTION_COMPLETE
06-15 12:56:44.892 I/[ 7220.252102] binder( 0): undelivered transaction 6730451, process died.
06-15 12:56:44.892 D/CompatibilityChangeReporter( 1357): Compat change id reported: 135634846; UID 10074; state: DISABLED
06-15 12:56:44.892 D/CompatibilityChangeReporter( 1357): Compat change id reported: 177438394; UID 10074; state: DISABLED
06-15 12:56:44.892 D/CompatibilityChangeReporter( 1357): Compat change id reported: 135772972; UID 10074; state: DISABLED
06-15 12:56:44.892 D/CompatibilityChangeReporter( 1357): Compat change id reported: 135754954; UID 10074; state: ENABLED
06-15 12:56:44.892 D/CompatibilityChangeReporter( 1357): Compat change id reported: 143937733; UID 10074; state: ENABLED
06-15 12:56:44.896 I/ActivityManager( 1357): Start proc 15310:com.android.launcher3/u0a74 for top-activity {com.android.launcher3/com.android.launcher3.uioverrides.QuickstepLauncher}
06-15 12:56:44.906 I/[ 7220.264474] binder( 0): 15310:15310 ioctl 40046210 7fcde88de4 returned -22
06-15 12:56:44.947 I/[ 7220.304935] oom_reaper( 0): reaped process 15310 (droid.launcher3), now anon-rss:0kB, file-rss:0kB, shmem-rss:380kB
06-15 12:56:44.947 I/ActivityManager( 1357): Process com.android.launcher3 (pid 15310) has died: fg TOP
06-15 12:56:44.947 W/ActivityManager( 1357): Scheduling restart of crashed service com.android.launcher3/com.android.quickstep.TouchInteractionService in 1446802683330560ms for connection
06-15 12:56:44.948 D/CompatibilityChangeReporter( 1357): Compat change id reported: 135634846; UID 10074; state: DISABLED
06-15 12:56:44.948 D/CompatibilityChangeReporter( 1357): Compat change id reported: 177438394; UID 10074; state: DISABLED
06-15 12:56:44.948 D/CompatibilityChangeReporter( 1357): Compat change id reported: 135772972; UID 10074; state: DISABLED
06-15 12:56:44.948 D/CompatibilityChangeReporter( 1357): Compat change id reported: 135754954; UID 10074; state: ENABLED
06-15 12:56:44.948 D/CompatibilityChangeReporter( 1357): Compat change id reported: 143937733; UID 10074; state: ENABLED
06-15 12:56:44.952 I/ActivityManager( 1357): Start proc 15327:com.android.launcher3/u0a74 for top-activity {com.android.launcher3/com.android.launcher3.uioverrides.QuickstepLauncher}
06-15 12:56:44.959 I/[ 7220.319404] binder( 0): 15327:15327 ioctl 40046210 7fcde88de4 returned -22
06-15 12:56:44.995 I/[ 7220.355018] oom_reaper( 0): reaped process 15327 (droid.launcher3), now anon-rss:0kB, file-rss:0kB, shmem-rss:380kB
06-15 12:56:44.999 I/ActivityManager( 1357): Process com.android.launcher3 (pid 15327) has died: fg TOP
06-15 12:56:44.999 W/ActivityManager( 1357): Scheduling restart of crashed service com.android.launcher3/com.android.quickstep.TouchInteractionService in 1000ms for connection
06-15 12:56:45.000 D/CompatibilityChangeReporter( 1357): Compat change id reported: 135634846; UID 10074; state: DISABLED
06-15 12:56:45.000 D/CompatibilityChangeReporter( 1357): Compat change id reported: 177438394; UID 10074; state: DISABLED
06-15 12:56:45.000 D/CompatibilityChangeReporter( 1357): Compat change id reported: 135772972; UID 10074; state: DISABLED
06-15 12:56:45.000 D/CompatibilityChangeReporter( 1357): Compat change id reported: 135754954; UID 10074; state: ENABLED
06-15 12:56:45.000 D/CompatibilityChangeReporter( 1357): Compat change id reported: 143937733; UID 10074; state: ENABLED
06-15 12:56:45.004 I/ActivityManager( 1357): Start proc 15344:com.android.launcher3/u0a74 for top-activity {com.android.launcher3/com.android.launcher3.uioverrides.QuickstepLauncher}
06-15 12:56:45.011 I/[ 7220.371494] binder( 0): 15344:15344 ioctl 40046210 7fcde88de4 returned -22
06-15 12:56:45.056 I/[ 7220.417048] oom_reaper( 0): reaped process 15344 (droid.launcher3), now anon-rss:0kB, file-rss:0kB, shmem-rss:380kB
06-15 12:56:45.059 I/ActivityManager( 1357): Process com.android.launcher3 (pid 15344) has died: fg TOP
06-15 12:56:45.059 I/[ 7220.418750] binder_alloc( 0): 15344: binder_alloc_buf, no vma
06-15 12:56:45.059 I/[ 7220.418753] binder( 0): 1357:3927 transaction failed 29189/-3, size 1224-0 line 3240
06-15 12:56:45.059 I/[ 7220.418760] binder( 0): send failed reply for transaction 6730838 to 15344:15344
06-15 12:56:45.059 I/[ 7220.420124] binder( 0): undelivered TRANSACTION_COMPLETE
06-15 12:56:45.059 I/[ 7220.420125] binder( 0): undelivered TRANSACTION_ERROR: 29189
06-15 12:56:45.059 W/ActivityManager( 1357): Scheduling restart of crashed service com.android.launcher3/com.android.quickstep.TouchInteractionService in 82835ms for connection
06-15 12:56:45.060 D/CompatibilityChangeReporter( 1357): Compat change id reported: 135634846; UID 10074; state: DISABLED
06-15 12:56:45.060 D/CompatibilityChangeReporter( 1357): Compat change id reported: 177438394; UID 10074; state: DISABLED
06-15 12:56:45.060 D/CompatibilityChangeReporter( 1357): Compat change id reported: 135772972; UID 10074; state: DISABLED
06-15 12:56:45.061 D/CompatibilityChangeReporter( 1357): Compat change id reported: 135754954; UID 10074; state: ENABLED
06-15 12:56:45.061 D/CompatibilityChangeReporter( 1357): Compat change id reported: 143937733; UID 10074; state: ENABLED
06-15 12:56:45.064 I/ActivityManager( 1357): Start proc 15361:com.android.launcher3/u0a74 for top-activity {com.android.launcher3/com.android.launcher3.uioverrides.QuickstepLauncher}
06-15 12:56:45.073 I/[ 7220.432607] binder( 0): 15361:15361 ioctl 40046210 7fcde88de4 returned -22
06-15 12:56:45.122 I/[ 7220.483572] oom_reaper( 0): reaped process 15361 (droid.launcher3), now anon-rss:0kB, file-rss:0kB, shmem-rss:380kB
06-15 12:56:45.127 I/ActivityManager( 1357): Process com.android.launcher3 (pid 15361) has died: fg TOP
06-15 12:56:45.128 W/ActivityManager( 1357): Scheduling restart of crashed service com.android.launcher3/com.android.quickstep.TouchInteractionService in 331340ms for connection
06-15 12:56:45.130 D/CompatibilityChangeReporter( 1357): Compat change id reported: 135634846; UID 10074; state: DISABLED
06-15 12:56:45.130 D/CompatibilityChangeReporter( 1357): Compat change id reported: 177438394; UID 10074; state: DISABLED
06-15 12:56:45.130 D/CompatibilityChangeReporter( 1357): Compat change id reported: 135772972; UID 10074; state: DISABLED
06-15 12:56:45.131 D/CompatibilityChangeReporter( 1357): Compat change id reported: 135754954; UID 10074; state: ENABLED
06-15 12:56:45.131 D/CompatibilityChangeReporter( 1357): Compat change id reported: 143937733; UID 10074; state: ENABLED
06-15 12:56:45.135 I/ActivityManager( 1357): Start proc 15380:com.android.launcher3/u0a74 for top-activity {com.android.launcher3/com.android.launcher3.uioverrides.QuickstepLauncher}
06-15 12:56:45.146 I/[ 7220.506114] binder( 0): 15380:15380 ioctl 40046210 7fcde88de4 returned -22
06-15 12:56:45.190 I/[ 7220.548463] oom_reaper( 0): reaped process 15380 (droid.launcher3), now anon-rss:0kB, file-rss:0kB, shmem-rss:380kB
06-15 12:56:45.195 I/ActivityManager( 1357): Process com.android.launcher3 (pid 15380) has died: fg TOP
06-15 12:56:45.195 W/ActivityManager( 1357): Scheduling restart of crashed service com.android.launcher3/com.android.quickstep.TouchInteractionService in 1325360ms for connection
06-15 12:56:45.198 D/CompatibilityChangeReporter( 1357): Compat change id reported: 135634846; UID 10074; state: DISABLED
06-15 12:56:45.198 D/CompatibilityChangeReporter( 1357): Compat change id reported: 177438394; UID 10074; state: DISABLED
06-15 12:56:45.198 D/CompatibilityChangeReporter( 1357): Compat change id reported: 135772972; UID 10074; state: DISABLED
06-15 12:56:45.198 D/CompatibilityChangeReporter( 1357): Compat change id reported: 135754954; UID 10074; state: ENABLED
06-15 12:56:45.198 D/CompatibilityChangeReporter( 1357): Compat change id reported: 143937733; UID 10074; state: ENABLED
06-15 12:56:45.201 I/ActivityManager( 1357): Start proc 15398:com.android.launcher3/u0a74 for top-activity {com.android.launcher3/com.android.launcher3.uioverrides.QuickstepLauncher}
06-15 12:56:45.211 I/[ 7220.572251] binder( 0): 15398:15398 ioctl 40046210 7fcde88de4 returned -22
06-15 12:56:45.233 D/PowerManagerService( 1357): userActivityNoUpdateLocked: groupId=0, eventTime=7220591, event=0, flags=0x0, uid=1000
06-15 12:56:45.233 D/PowerManagerNotifier( 1357): onUserActivity: event=0, uid=1000
06-15 12:56:45.234 D/PowerManagerService( 1357): updateUserActivitySummaryLocked: groupId=0, mWakefulness=Awake, mUserActivitySummary=0x1, nextTimeout=7280591 (in 59996 ms)
06-15 12:56:45.234 D/PowerManagerNotifier( 1357): onScreenPolicyUpdate: newPolicy=3
06-15 12:56:45.234 D/PowerManagerService( 1357): updateDisplayPowerStateLocked: displayReady=true, groupId=0, policy=BRIGHT, mWakefulness=Awake, mWakeLockSummary=0x0, mUserActivitySummary=0x1, mBootCompleted=true, screenBrightnessOverride=NaN, useAutoBrightness=true, mScreenBrightnessBoostInProgress=false, mIsVrModeEnabled= false, sQuiescent=false
06-15 12:56:45.255 I/[ 7220.612970] oom_reaper( 0): reaped process 15398 (droid.launcher3), now anon-rss:0kB, file-rss:0kB, shmem-rss:380kB
06-15 12:56:45.255 I/ActivityManager( 1357): Process com.android.launcher3 (pid 15398) has died: fg TOP
06-15 12:56:45.255 W/ActivityManager( 1357): Scheduling restart of crashed service com.android.launcher3/com.android.quickstep.TouchInteractionService in 5301440ms for connection
06-15 12:56:45.256 D/CompatibilityChangeReporter( 1357): Compat change id reported: 135634846; UID 10074; state: DISABLED
06-15 12:56:45.256 D/CompatibilityChangeReporter( 1357): Compat change id reported: 177438394; UID 10074; state: DISABLED
06-15 12:56:45.257 D/CompatibilityChangeReporter( 1357): Compat change id reported: 135772972; UID 10074; state: DISABLED
06-15 12:56:45.257 D/CompatibilityChangeReporter( 1357): Compat change id reported: 135754954; UID 10074; state: ENABLED
06-15 12:56:45.257 D/CompatibilityChangeReporter( 1357): Compat change id reported: 143937733; UID 10074; state: ENABLED
06-15 12:56:45.260 I/ActivityManager( 1357): Start proc 15415:com.android.launcher3/u0a74 for top-activity {com.android.launcher3/com.android.launcher3.uioverrides.QuickstepLauncher}
06-15 12:56:45.266 I/[ 7220.627987] binder( 0): 15415:15415 ioctl 40046210 7fcde88de4 returned -22
06-15 12:56:45.323 I/[ 7220.683030] oom_reaper( 0): reaped process 15415 (droid.launcher3), now anon-rss:0kB, file-rss:0kB, shmem-rss:380kB
06-15 12:56:45.323 I/ActivityManager( 1357): Process com.android.launcher3 (pid 15415) has died: fg TOP
06-15 12:56:45.324 W/ActivityManager( 1357): Scheduling restart of crashed service com.android.launcher3/com.android.quickstep.TouchInteractionService in 21205760ms for connection
06-15 12:56:45.326 D/CompatibilityChangeReporter( 1357): Compat change id reported: 135634846; UID 10074; state: DISABLED
06-15 12:56:45.326 D/CompatibilityChangeReporter( 1357): Compat change id reported: 177438394; UID 10074; state: DISABLED
06-15 12:56:45.326 D/CompatibilityChangeReporter( 1357): Compat change id reported: 135772972; UID 10074; state: DISABLED
06-15 12:56:45.326 D/CompatibilityChangeReporter( 1357): Compat change id reported: 135754954; UID 10074; state: ENABLED
06-15 12:56:45.326 D/CompatibilityChangeReporter( 1357): Compat change id reported: 143937733; UID 10074; state: ENABLED
06-15 12:56:45.330 I/ActivityManager( 1357): Start proc 15433:com.android.launcher3/u0a74 for top-activity {com.android.launcher3/com.android.launcher3.uioverrides.QuickstepLauncher}
06-15 12:56:45.338 I/[ 7220.699049] binder( 0): 15433:15433 ioctl 40046210 7fcde88de4 returned -22
06-15 12:56:45.375 I/[ 7220.736266] oom_reaper( 0): reaped process 15433 (droid.launcher3), now anon-rss:0kB, file-rss:0kB, shmem-rss:380kB
06-15 12:56:45.379 I/ActivityManager( 1357): Process com.android.launcher3 (pid 15433) has died: fg TOP
06-15 12:56:45.379 W/ActivityManager( 1357): Scheduling restart of crashed service com.android.launcher3/com.android.quickstep.TouchInteractionService in 84823040ms for connection
06-15 12:56:45.381 D/CompatibilityChangeReporter( 1357): Compat change id reported: 135634846; UID 10074; state: DISABLED
06-15 12:56:45.381 D/CompatibilityChangeReporter( 1357): Compat change id reported: 177438394; UID 10074; state: DISABLED
06-15 12:56:45.381 D/CompatibilityChangeReporter( 1357): Compat change id reported: 135772972; UID 10074; state: DISABLED
06-15 12:56:45.381 D/CompatibilityChangeReporter( 1357): Compat change id reported: 135754954; UID 10074; state: ENABLED
06-15 12:56:45.381 D/CompatibilityChangeReporter( 1357): Compat change id reported: 143937733; UID 10074; state: ENABLED
06-15 12:56:45.385 I/ActivityManager( 1357): Start proc 15449:com.android.launcher3/u0a74 for top-activity {com.android.launcher3/com.android.launcher3.uioverrides.QuickstepLauncher}
06-15 12:56:45.391 I/[ 7220.751952] binder( 0): 15449:15449 ioctl 40046210 7fcde88de4 returned -22
06-15 12:56:45.434 I/[ 7220.794615] oom_reaper( 0): reaped process 15449 (droid.launcher3), now anon-rss:0kB, file-rss:0kB, shmem-rss:380kB
06-15 12:56:45.435 I/ActivityManager( 1357): Process com.android.launcher3 (pid 15449) has died: fg TOP
06-15 12:56:45.435 W/ActivityManager( 1357): Scheduling restart of crashed service com.android.launcher3/com.android.quickstep.TouchInteractionService in 339292160ms for connection
06-15 12:56:45.437 D/CompatibilityChangeReporter( 1357): Compat change id reported: 135634846; UID 10074; state: DISABLED
06-15 12:56:45.437 D/CompatibilityChangeReporter( 1357): Compat change id reported: 177438394; UID 10074; state: DISABLED
06-15 12:56:45.437 D/CompatibilityChangeReporter( 1357): Compat change id reported: 135772972; UID 10074; state: DISABLED
06-15 12:56:45.437 D/CompatibilityChangeReporter( 1357): Compat change id reported: 135754954; UID 10074; state: ENABLED
06-15 12:56:45.438 D/CompatibilityChangeReporter( 1357): Compat change id reported: 143937733; UID 10074; state: ENABLED
06-15 12:56:45.441 I/ActivityManager( 1357): Start proc 15465:com.android.launcher3/u0a74 for top-activity {com.android.launcher3/com.android.launcher3.uioverrides.QuickstepLauncher}
06-15 12:56:45.450 I/[ 7220.808392] binder( 0): 15465:15465 ioctl 40046210 7fcde88de4 returned -22
06-15 12:56:45.471 I/ActivityManager( 1357): Process com.android.launcher3 (pid 15465) has died: fg TOP
06-15 12:56:45.471 W/ActivityManager( 1357): Scheduling restart of crashed service com.android.launcher3/com.android.quickstep.TouchInteractionService in 1357168640ms for connection
06-15 12:56:45.473 D/CompatibilityChangeReporter( 1357): Compat change id reported: 135634846; UID 10074; state: DISABLED
06-15 12:56:45.473 D/CompatibilityChangeReporter( 1357): Compat change id reported: 177438394; UID 10074; state: DISABLED
06-15 12:56:45.473 D/CompatibilityChangeReporter( 1357): Compat change id reported: 135772972; UID 10074; state: DISABLED
06-15 12:56:45.473 D/CompatibilityChangeReporter( 1357): Compat change id reported: 135754954; UID 10074; state: ENABLED
06-15 12:56:45.473 D/CompatibilityChangeReporter( 1357): Compat change id reported: 143937733; UID 10074; state: ENABLED
06-15 12:56:45.478 I/ActivityManager( 1357): Start proc 15483:com.android.launcher3/u0a74 for top-activity {com.android.launcher3/com.android.launcher3.uioverrides.QuickstepLauncher}
06-15 12:56:45.491 I/[ 7220.850492] binder( 0): 15483:15483 ioctl 40046210 7fcde88de4 returned -22
06-15 12:56:45.550 I/[ 7220.911618] oom_reaper( 0): reaped process 15483 (droid.launcher3), now anon-rss:0kB, file-rss:0kB, shmem-rss:384kB
06-15 12:56:45.555 I/[ 7220.913405] binder_alloc( 0): 15483: binder_alloc_buf, no vma
06-15 12:56:45.555 I/[ 7220.913408] binder( 0): 1357:16943 transaction failed 29189/-3, size 4-0 line 3240
06-15 12:56:45.555 I/[ 7220.913415] binder( 0): send failed reply for transaction 6731859 to 15483:15483
06-15 12:56:45.555 I/[ 7220.916153] binder( 0): undelivered TRANSACTION_COMPLETE
06-15 12:56:45.555 I/[ 7220.916154] binder( 0): undelivered TRANSACTION_ERROR: 29189
06-15 12:56:45.555 I/ActivityManager( 1357): Process com.android.launcher3 (pid 15483) has died: fg TOP
06-15 12:56:45.555 W/ActivityManager( 1357): Scheduling restart of crashed service com.android.launcher3/com.android.quickstep.TouchInteractionService in 5428674560ms for connection
06-15 12:56:45.557 D/CompatibilityChangeReporter( 1357): Compat change id reported: 135634846; UID 10074; state: DISABLED
06-15 12:56:45.557 D/CompatibilityChangeReporter( 1357): Compat change id reported: 177438394; UID 10074; state: DISABLED
06-15 12:56:45.557 D/CompatibilityChangeReporter( 1357): Compat change id reported: 135772972; UID 10074; state: DISABLED
06-15 12:56:45.557 D/CompatibilityChangeReporter( 1357): Compat change id reported: 135754954; UID 10074; state: ENABLED
06-15 12:56:45.557 D/CompatibilityChangeReporter( 1357): Compat change id reported: 143937733; UID 10074; state: ENABLED
06-15 12:56:45.561 I/ActivityManager( 1357): Start proc 15505:com.android.launcher3/u0a74 for top-activity {com.android.launcher3/com.android.launcher3.uioverrides.QuickstepLauncher}
06-15 12:56:45.571 I/[ 7220.929898] binder( 0): 15505:15505 ioctl 40046210 7fcde88de4 returned -22
06-15 12:56:45.619 I/[ 7220.980359] oom_reaper( 0): reaped process 15505 (droid.launcher3), now anon-rss:0kB, file-rss:0kB, shmem-rss:380kB
06-15 12:56:45.629 I/ActivityManager( 1357): Process com.android.launcher3 (pid 15505) has died: fg TOP
06-15 12:56:45.630 W/ActivityManager( 1357): Scheduling restart of crashed service com.android.launcher3/com.android.quickstep.TouchInteractionService in 21714698240ms for connection
06-15 12:56:45.633 D/CompatibilityChangeReporter( 1357): Compat change id reported: 135634846; UID 10074; state: DISABLED
06-15 12:56:45.633 D/CompatibilityChangeReporter( 1357): Compat change id reported: 177438394; UID 10074; state: DISABLED
06-15 12:56:45.633 D/CompatibilityChangeReporter( 1357): Compat change id reported: 135772972; UID 10074; state: DISABLED
06-15 12:56:45.633 D/CompatibilityChangeReporter( 1357): Compat change id reported: 135754954; UID 10074; state: ENABLED
06-15 12:56:45.634 D/CompatibilityChangeReporter( 1357): Compat change id reported: 143937733; UID 10074; state: ENABLED
06-15 12:56:45.639 I/ActivityManager( 1357): Start proc 15523:com.android.launcher3/u0a74 for top-activity {com.android.launcher3/com.android.launcher3.uioverrides.QuickstepLauncher}
06-15 12:56:45.651 I/[ 7221.010359] binder( 0): 15523:15523 ioctl 40046210 7fcde88de4 returned -22
06-15 12:56:45.703 I/[ 7221.062859] oom_reaper( 0): reaped process 15523 (droid.launcher3), now anon-rss:0kB, file-rss:0kB, shmem-rss:380kB
06-15 12:56:45.707 I/ActivityManager( 1357): Process com.android.launcher3 (pid 15523) has died: fg TOP
06-15 12:56:45.707 W/ActivityManager( 1357): Scheduling restart of crashed service com.android.launcher3/com.android.quickstep.TouchInteractionService in 86858792960ms for connection
06-15 12:56:45.709 D/CompatibilityChangeReporter( 1357): Compat change id reported: 135634846; UID 10074; state: DISABLED
06-15 12:56:45.709 D/CompatibilityChangeReporter( 1357): Compat change id reported: 177438394; UID 10074; state: DISABLED
06-15 12:56:45.709 D/CompatibilityChangeReporter( 1357): Compat change id reported: 135772972; UID 10074; state: DISABLED
06-15 12:56:45.709 D/CompatibilityChangeReporter( 1357): Compat change id reported: 135754954; UID 10074; state: ENABLED
06-15 12:56:45.709 D/CompatibilityChangeReporter( 1357): Compat change id reported: 143937733; UID 10074; state: ENABLED
06-15 12:56:45.713 I/ActivityManager( 1357): Start proc 15540:com.android.launcher3/u0a74 for top-activity {com.android.launcher3/com.android.launcher3.uioverrides.QuickstepLauncher}
06-15 12:56:45.727 I/[ 7221.084992] binder( 0): 15540:15540 ioctl 40046210 7fcde88de4 returned -22
06-15 12:56:45.791 I/[ 7221.150598] oom_reaper( 0): reaped process 15540 (droid.launcher3), now anon-rss:0kB, file-rss:0kB, shmem-rss:384kB
06-15 12:56:45.791 I/[ 7221.152091] binder_alloc( 0): 15540: binder_alloc_buf, no vma
06-15 12:56:45.791 I/[ 7221.152095] binder( 0): 1357:3111 transaction failed 29189/-3, size 1224-0 line 3240
06-15 12:56:45.791 I/[ 7221.152102] binder( 0): send failed reply for transaction 6732344 to 15540:15540
06-15 12:56:45.791 I/[ 7221.152172] binder( 0): undelivered TRANSACTION_COMPLETE
06-15 12:56:45.791 I/[ 7221.152173] binder( 0): undelivered TRANSACTION_ERROR: 29189
06-15 12:56:45.791 I/ActivityManager( 1357): Process com.android.launcher3 (pid 15540) has died: fg TOP
06-15 12:56:45.791 W/ActivityManager( 1357): Scheduling restart of crashed service com.android.launcher3/com.android.quickstep.TouchInteractionService in 347435171840ms for connection
06-15 12:56:45.793 D/CompatibilityChangeReporter( 1357): Compat change id reported: 135634846; UID 10074; state: DISABLED
06-15 12:56:45.793 D/CompatibilityChangeReporter( 1357): Compat change id reported: 177438394; UID 10074; state: DISABLED
06-15 12:56:45.793 D/CompatibilityChangeReporter( 1357): Compat change id reported: 135772972; UID 10074; state: DISABLED
06-15 12:56:45.793 D/CompatibilityChangeReporter( 1357): Compat change id reported: 135754954; UID 10074; state: ENABLED
06-15 12:56:45.793 D/CompatibilityChangeReporter( 1357): Compat change id reported: 143937733; UID 10074; state: ENABLED
06-15 12:56:45.797 I/ActivityManager( 1357): Start proc 15561:com.android.launcher3/u0a74 for top-activity {com.android.launcher3/com.android.launcher3.uioverrides.QuickstepLauncher}
06-15 12:56:45.807 W/[ 7221.164843] audit( 0): audit_lost=16856 audit_rate_limit=5 audit_backlog_limit=64
06-15 12:56:45.807 E/[ 7221.164844] audit( 0): rate limit exceeded
06-15 12:56:45.807 I/[ 7221.165460] binder( 0): 15561:15561 ioctl 40046210 7fcde88de4 returned -22
06-15 12:56:45.858 I/[ 7221.218306] oom_reaper( 0): reaped process 15561 (droid.launcher3), now anon-rss:0kB, file-rss:0kB, shmem-rss:384kB
06-15 12:56:45.859 I/ActivityManager( 1357): Process com.android.launcher3 (pid 15561) has died: fg TOP
06-15 12:56:45.859 W/ActivityManager( 1357): Scheduling restart of crashed service com.android.launcher3/com.android.quickstep.TouchInteractionService in 1389740687360ms for connection
06-15 12:56:45.861 D/CompatibilityChangeReporter( 1357): Compat change id reported: 135634846; UID 10074; state: DISABLED
06-15 12:56:45.861 D/CompatibilityChangeReporter( 1357): Compat change id reported: 177438394; UID 10074; state: DISABLED
06-15 12:56:45.861 D/CompatibilityChangeReporter( 1357): Compat change id reported: 135772972; UID 10074; state: DISABLED
06-15 12:56:45.861 D/CompatibilityChangeReporter( 1357): Compat change id reported: 135754954; UID 10074; state: ENABLED
06-15 12:56:45.862 D/CompatibilityChangeReporter( 1357): Compat change id reported: 143937733; UID 10074; state: ENABLED
06-15 12:56:45.865 I/ActivityManager( 1357): Start proc 15580:com.android.launcher3/u0a74 for top-activity {com.android.launcher3/com.android.launcher3.uioverrides.QuickstepLauncher}
06-15 12:56:45.871 I/[ 7221.232332] binder( 0): 15580:15580 ioctl 40046210 7fcde88de4 returned -22
06-15 12:56:45.918 I/[ 7221.277645] oom_reaper( 0): reaped process 15580 (droid.launcher3), now anon-rss:0kB, file-rss:0kB, shmem-rss:380kB
06-15 12:56:45.923 I/ActivityManager( 1357): Process com.android.launcher3 (pid 15580) has died: fg TOP
06-15 12:56:45.923 W/ActivityManager( 1357): Scheduling restart of crashed service com.android.launcher3/com.android.quickstep.TouchInteractionService in 5558962749440ms for connection
06-15 12:56:45.925 D/CompatibilityChangeReporter( 1357): Compat change id reported: 135634846; UID 10074; state: DISABLED
06-15 12:56:45.925 D/CompatibilityChangeReporter( 1357): Compat change id reported: 177438394; UID 10074; state: DISABLED
06-15 12:56:45.925 D/CompatibilityChangeReporter( 1357): Compat change id reported: 135772972; UID 10074; state: DISABLED
06-15 12:56:45.925 D/CompatibilityChangeReporter( 1357): Compat change id reported: 135754954; UID 10074; state: ENABLED
06-15 12:56:45.925 D/CompatibilityChangeReporter( 1357): Compat change id reported: 143937733; UID 10074; state: ENABLED
06-15 12:56:45.928 I/ActivityManager( 1357): Start proc 15597:com.android.launcher3/u0a74 for top-activity {com.android.launcher3/com.android.launcher3.uioverrides.QuickstepLauncher}
06-15 12:56:45.935 I/[ 7221.295882] binder( 0): 15597:15597 ioctl 40046210 7fcde88de4 returned -22
06-15 12:56:46.014 I/[ 7221.372455] oom_reaper( 0): reaped process 15597 (droid.launcher3), now anon-rss:0kB, file-rss:0kB, shmem-rss:388kB
06-15 12:56:46.015 I/ActivityManager( 1357): Process com.android.launcher3 (pid 15597) has died: fg TOP
06-15 12:56:46.017 W/ActivityManager( 1357): Scheduling restart of crashed service com.android.launcher3/com.android.quickstep.TouchInteractionService in 22235850997760ms for connection
06-15 12:56:46.021 D/CompatibilityChangeReporter( 1357): Compat change id reported: 135634846; UID 10074; state: DISABLED
06-15 12:56:46.021 D/CompatibilityChangeReporter( 1357): Compat change id reported: 177438394; UID 10074; state: DISABLED
06-15 12:56:46.021 D/CompatibilityChangeReporter( 1357): Compat change id reported: 135772972; UID 10074; state: DISABLED
06-15 12:56:46.021 D/CompatibilityChangeReporter( 1357): Compat change id reported: 135754954; UID 10074; state: ENABLED
06-15 12:56:46.021 D/CompatibilityChangeReporter( 1357): Compat change id reported: 143937733; UID 10074; state: ENABLED
06-15 12:56:46.026 I/ActivityManager( 1357): Start proc 15623:com.android.launcher3/u0a74 for top-activity {com.android.launcher3/com.android.launcher3.uioverrides.QuickstepLauncher}
06-15 12:56:46.038 I/[ 7221.397116] binder( 0): 15623:15623 ioctl 40046210 7fcde88de4 returned -22
06-15 12:56:46.082 I/[ 7221.441826] oom_reaper( 0): reaped process 15623 (droid.launcher3), now anon-rss:0kB, file-rss:0kB, shmem-rss:380kB
06-15 12:56:46.083 I/ActivityManager( 1357): Process com.android.launcher3 (pid 15623) has died: fg TOP
06-15 12:56:46.083 W/ActivityManager( 1357): Scheduling restart of crashed service com.android.launcher3/com.android.quickstep.TouchInteractionService in 88943403991040ms for connection
06-15 12:56:46.085 D/CompatibilityChangeReporter( 1357): Compat change id reported: 135634846; UID 10074; state: DISABLED
06-15 12:56:46.085 D/CompatibilityChangeReporter( 1357): Compat change id reported: 177438394; UID 10074; state: DISABLED
06-15 12:56:46.085 D/CompatibilityChangeReporter( 1357): Compat change id reported: 135772972; UID 10074; state: DISABLED
06-15 12:56:46.085 D/CompatibilityChangeReporter( 1357): Compat change id reported: 135754954; UID 10074; state: ENABLED
06-15 12:56:46.085 D/CompatibilityChangeReporter( 1357): Compat change id reported: 143937733; UID 10074; state: ENABLED
06-15 12:56:46.089 I/ActivityManager( 1357): Start proc 15640:com.android.launcher3/u0a74 for top-activity {com.android.launcher3/com.android.launcher3.uioverrides.QuickstepLauncher}
06-15 12:56:46.099 I/[ 7221.458622] binder( 0): 15640:15640 ioctl 40046210 7fcde88de4 returned -22
06-15 12:56:46.159 I/[ 7221.518974] oom_reaper( 0): reaped process 15641 (Runtime worker ), now anon-rss:0kB, file-rss:0kB, shmem-rss:380kB
06-15 12:56:46.159 I/[ 7221.520521] binder( 0): undelivered TRANSACTION_COMPLETE
06-15 12:56:46.159 I/[ 7221.520523] binder( 0): undelivered transaction 6733090, process died.
06-15 12:56:46.159 I/ActivityManager( 1357): Process com.android.launcher3 (pid 15640) has died: fg TOP
06-15 12:56:46.160 W/ActivityManager( 1357): Scheduling restart of crashed service com.android.launcher3/com.android.quickstep.TouchInteractionService in 355773615964160ms for connection
06-15 12:56:46.162 D/CompatibilityChangeReporter( 1357): Compat change id reported: 135634846; UID 10074; state: DISABLED
06-15 12:56:46.162 D/CompatibilityChangeReporter( 1357): Compat change id reported: 177438394; UID 10074; state: DISABLED
06-15 12:56:46.162 D/CompatibilityChangeReporter( 1357): Compat change id reported: 135772972; UID 10074; state: DISABLED
06-15 12:56:46.162 D/CompatibilityChangeReporter( 1357): Compat change id reported: 135754954; UID 10074; state: ENABLED
06-15 12:56:46.162 D/CompatibilityChangeReporter( 1357): Compat change id reported: 143937733; UID 10074; state: ENABLED
06-15 12:56:46.166 I/ActivityManager( 1357): Start proc 15657:com.android.launcher3/u0a74 for top-activity {com.android.launcher3/com.android.launcher3.uioverrides.QuickstepLauncher}
06-15 12:56:46.175 I/[ 7221.534517] binder( 0): 15657:15657 ioctl 40046210 7fcde88de4 returned -22
06-15 12:56:46.271 I/[ 7221.629016] oom_reaper( 0): reaped process 15657 (droid.launcher3), now anon-rss:0kB, file-rss:0kB, shmem-rss:388kB
06-15 12:56:46.271 I/ActivityManager( 1357): Process com.android.launcher3 (pid 15657) has died: fg TOP
06-15 12:56:46.273 W/ActivityManager( 1357): Scheduling restart of crashed service com.android.launcher3/com.android.quickstep.TouchInteractionService in 1423094463856640ms for connection
06-15 12:56:46.276 D/CompatibilityChangeReporter( 1357): Compat change id reported: 135634846; UID 10074; state: DISABLED
06-15 12:56:46.277 D/CompatibilityChangeReporter( 1357): Compat change id reported: 177438394; UID 10074; state: DISABLED
06-15 12:56:46.277 D/CompatibilityChangeReporter( 1357): Compat change id reported: 135772972; UID 10074; state: DISABLED
06-15 12:56:46.277 D/CompatibilityChangeReporter( 1357): Compat change id reported: 135754954; UID 10074; state: ENABLED
06-15 12:56:46.277 D/CompatibilityChangeReporter( 1357): Compat change id reported: 143937733; UID 10074; state: ENABLED
06-15 12:56:46.282 I/ActivityManager( 1357): Start proc 15681:com.android.launcher3/u0a74 for top-activity {com.android.launcher3/com.android.launcher3.uioverrides.QuickstepLauncher}
06-15 12:56:46.294 I/[ 7221.652997] binder( 0): 15681:15681 ioctl 40046210 7fcde88de4 returned -22
06-15 12:56:46.339 I/[ 7221.698521] oom_reaper( 0): reaped process 15681 (droid.launcher3), now anon-rss:0kB, file-rss:0kB, shmem-rss:380kB
06-15 12:56:46.343 I/[ 7221.704105] binder( 0): undelivered TRANSACTION_COMPLETE
06-15 12:56:46.343 I/ActivityManager( 1357): Process com.android.launcher3 (pid 15681) has died: fg TOP
06-15 12:56:46.345 W/ActivityManager( 1357): Scheduling restart of crashed service com.android.launcher3/com.android.quickstep.TouchInteractionService in 5692377855426560ms for connection
06-15 12:56:46.348 D/CompatibilityChangeReporter( 1357): Compat change id reported: 135634846; UID 10074; state: DISABLED
06-15 12:56:46.348 D/CompatibilityChangeReporter( 1357): Compat change id reported: 177438394; UID 10074; state: DISABLED
06-15 12:56:46.348 D/CompatibilityChangeReporter( 1357): Compat change id reported: 135772972; UID 10074; state: DISABLED
06-15 12:56:46.348 D/CompatibilityChangeReporter( 1357): Compat change id reported: 135754954; UID 10074; state: ENABLED
06-15 12:56:46.348 D/CompatibilityChangeReporter( 1357): Compat change id reported: 143937733; UID 10074; state: ENABLED
06-15 12:56:46.352 I/ActivityManager( 1357): Start proc 15698:com.android.launcher3/u0a74 for top-activity {com.android.launcher3/com.android.launcher3.uioverrides.QuickstepLauncher}
06-15 12:56:46.363 I/[ 7221.723388] binder( 0): 15698:15698 ioctl 40046210 7fcde88de4 returned -22
06-15 12:56:46.407 I/[ 7221.768986] oom_reaper( 0): reaped process 15698 (droid.launcher3), now anon-rss:0kB, file-rss:0kB, shmem-rss:380kB
06-15 12:56:46.411 I/ActivityManager( 1357): Process com.android.launcher3 (pid 15698) has died: fg TOP
06-15 12:56:46.411 W/ActivityManager( 1357): Scheduling restart of crashed service com.android.launcher3/com.android.quickstep.TouchInteractionService in 22769511421706240ms for connection
06-15 12:56:46.412 D/CompatibilityChangeReporter( 1357): Compat change id reported: 135634846; UID 10074; state: DISABLED
06-15 12:56:46.412 D/CompatibilityChangeReporter( 1357): Compat change id reported: 177438394; UID 10074; state: DISABLED
06-15 12:56:46.412 D/CompatibilityChangeReporter( 1357): Compat change id reported: 135772972; UID 10074; state: DISABLED
06-15 12:56:46.412 D/CompatibilityChangeReporter( 1357): Compat change id reported: 135754954; UID 10074; state: ENABLED
06-15 12:56:46.412 D/CompatibilityChangeReporter( 1357): Compat change id reported: 143937733; UID 10074; state: ENABLED
06-15 12:56:46.416 I/ActivityManager( 1357): Start proc 15714:com.android.launcher3/u0a74 for top-activity {com.android.launcher3/com.android.launcher3.uioverrides.QuickstepLauncher}
06-15 12:56:46.426 I/[ 7221.785805] binder( 0): 15714:15714 ioctl 40046210 7fcde88de4 returned -22
06-15 12:56:46.483 I/[ 7221.843792] oom_reaper( 0): reaped process 15714 (droid.launcher3), now anon-rss:0kB, file-rss:0kB, shmem-rss:380kB
06-15 12:56:46.487 I/ActivityManager( 1357): Process com.android.launcher3 (pid 15714) has died: fg TOP
06-15 12:56:46.487 W/ActivityManager( 1357): Scheduling restart of crashed service com.android.launcher3/com.android.quickstep.TouchInteractionService in 91078045686824960ms for connection
06-15 12:56:46.489 D/CompatibilityChangeReporter( 1357): Compat change id reported: 135634846; UID 10074; state: DISABLED
06-15 12:56:46.489 D/CompatibilityChangeReporter( 1357): Compat change id reported: 177438394; UID 10074; state: DISABLED
06-15 12:56:46.489 D/CompatibilityChangeReporter( 1357): Compat change id reported: 135772972; UID 10074; state: DISABLED
06-15 12:56:46.489 D/CompatibilityChangeReporter( 1357): Compat change id reported: 135754954; UID 10074; state: ENABLED
06-15 12:56:46.489 D/CompatibilityChangeReporter( 1357): Compat change id reported: 143937733; UID 10074; state: ENABLED
06-15 12:56:46.492 I/ActivityManager( 1357): Start proc 15732:com.android.launcher3/u0a74 for top-activity {com.android.launcher3/com.android.launcher3.uioverrides.QuickstepLauncher}
06-15 12:56:46.502 I/[ 7221.863698] binder( 0): 15732:15732 ioctl 40046210 7fcde88de4 returned -22
06-15 12:56:46.555 I/[ 7221.914939] oom_reaper( 0): reaped process 15732 (droid.launcher3), now anon-rss:0kB, file-rss:0kB, shmem-rss:380kB
06-15 12:56:46.559 I/[ 7221.920095] binder( 0): undelivered TRANSACTION_COMPLETE
06-15 12:56:46.559 I/ActivityManager( 1357): Process com.android.launcher3 (pid 15732) has died: fg TOP
06-15 12:56:46.560 W/ActivityManager( 1357): Scheduling restart of crashed service com.android.launcher3/com.android.quickstep.TouchInteractionService in 364312182747299840ms for connection
06-15 12:56:46.564 D/CompatibilityChangeReporter( 1357): Compat change id reported: 135634846; UID 10074; state: DISABLED
06-15 12:56:46.564 D/CompatibilityChangeReporter( 1357): Compat change id reported: 177438394; UID 10074; state: DISABLED
06-15 12:56:46.564 D/CompatibilityChangeReporter( 1357): Compat change id reported: 135772972; UID 10074; state: DISABLED
06-15 12:56:46.564 D/CompatibilityChangeReporter( 1357): Compat change id reported: 135754954; UID 10074; state: ENABLED
06-15 12:56:46.565 D/CompatibilityChangeReporter( 1357): Compat change id reported: 143937733; UID 10074; state: ENABLED
06-15 12:56:46.570 I/ActivityManager( 1357): Start proc 15749:com.android.launcher3/u0a74 for top-activity {com.android.launcher3/com.android.launcher3.uioverrides.QuickstepLauncher}
06-15 12:56:46.583 I/[ 7221.943143] binder( 0): 15749:15749 ioctl 40046210 7fcde88de4 returned -22
06-15 12:56:46.598 I/[ 7221.952931] init( 0): processing action (sys.tlog.tlogdshc.active=1) from (/system/etc/init/tlogd.rc:195)
06-15 12:56:46.598 I/[ 7221.953471] init( 0): starting service 'tlogdshc'...
06-15 12:56:46.645 I/[ 7222.006864] oom_reaper( 0): reaped process 15749 (droid.launcher3), now anon-rss:0kB, file-rss:0kB, shmem-rss:380kB
06-15 12:56:46.651 I/ActivityManager( 1357): Process com.android.launcher3 (pid 15749) has died: fg TOP
06-15 12:56:46.651 W/ActivityManager( 1357): Scheduling restart of crashed service com.android.launcher3/com.android.quickstep.TouchInteractionService in 1457248730989199360ms for connection
06-15 12:56:46.653 D/CompatibilityChangeReporter( 1357): Compat change id reported: 135634846; UID 10074; state: DISABLED
06-15 12:56:46.653 D/CompatibilityChangeReporter( 1357): Compat change id reported: 177438394; UID 10074; state: DISABLED
06-15 12:56:46.653 D/CompatibilityChangeReporter( 1357): Compat change id reported: 135772972; UID 10074; state: DISABLED
06-15 12:56:46.653 D/CompatibilityChangeReporter( 1357): Compat change id reported: 135754954; UID 10074; state: ENABLED
06-15 12:56:46.653 D/CompatibilityChangeReporter( 1357): Compat change id reported: 143937733; UID 10074; state: ENABLED
06-15 12:56:46.657 I/ActivityManager( 1357): Start proc 15769:com.android.launcher3/u0a74 for top-activity {com.android.launcher3/com.android.launcher3.uioverrides.QuickstepLauncher}
06-15 12:56:46.667 I/[ 7222.027909] binder( 0): 15769:15769 ioctl 40046210 7fcde88de4 returned -22
06-15 12:56:46.713 I/ActivityManager( 1357): Process com.android.launcher3 (pid 15769) has died: fg TOP
06-15 12:56:46.713 W/ActivityManager( 1357): Scheduling restart of crashed service com.android.launcher3/com.android.quickstep.TouchInteractionService in 5828994923956797440ms for connection
06-15 12:56:46.715 I/[ 7222.072656] oom_reaper( 0): reaped process 15769 (droid.launcher3), now anon-rss:0kB, file-rss:0kB, shmem-rss:380kB
06-15 12:56:46.715 D/CompatibilityChangeReporter( 1357): Compat change id reported: 135634846; UID 10074; state: DISABLED
06-15 12:56:46.715 D/CompatibilityChangeReporter( 1357): Compat change id reported: 177438394; UID 10074; state: DISABLED
06-15 12:56:46.715 D/CompatibilityChangeReporter( 1357): Compat change id reported: 135772972; UID 10074; state: DISABLED
06-15 12:56:46.715 D/CompatibilityChangeReporter( 1357): Compat change id reported: 135754954; UID 10074; state: ENABLED
06-15 12:56:46.715 D/CompatibilityChangeReporter( 1357): Compat change id reported: 143937733; UID 10074; state: ENABLED
06-15 12:56:46.719 I/ActivityManager( 1357): Start proc 15789:com.android.launcher3/u0a74 for top-activity {com.android.launcher3/com.android.launcher3.uioverrides.QuickstepLauncher}
06-15 12:56:46.727 I/[ 7222.087457] binder( 0): 15789:15789 ioctl 40046210 7fcde88de4 returned -22
06-15 12:56:46.766 I/[ 7222.125992] oom_reaper( 0): reaped process 15789 (droid.launcher3), now anon-rss:0kB, file-rss:0kB, shmem-rss:380kB
06-15 12:56:46.767 I/ActivityManager( 1357): Process com.android.launcher3 (pid 15789) has died: fg TOP
06-15 12:56:46.767 W/ActivityManager( 1357): Scheduling restart of crashed service com.android.launcher3/com.android.quickstep.TouchInteractionService in 4869235622117638144ms for connection
06-15 12:56:46.768 D/CompatibilityChangeReporter( 1357): Compat change id reported: 135634846; UID 10074; state: DISABLED
06-15 12:56:46.768 D/CompatibilityChangeReporter( 1357): Compat change id reported: 177438394; UID 10074; state: DISABLED
06-15 12:56:46.768 D/CompatibilityChangeReporter( 1357): Compat change id reported: 135772972; UID 10074; state: DISABLED
06-15 12:56:46.768 D/CompatibilityChangeReporter( 1357): Compat change id reported: 135754954; UID 10074; state: ENABLED
06-15 12:56:46.768 D/CompatibilityChangeReporter( 1357): Compat change id reported: 143937733; UID 10074; state: ENABLED
06-15 12:56:46.773 I/ActivityManager( 1357): Start proc 15807:com.android.launcher3/u0a74 for top-activity {com.android.launcher3/com.android.launcher3.uioverrides.QuickstepLauncher}
06-15 12:56:46.783 I/[ 7222.140190] binder( 0): 15807:15807 ioctl 40046210 7fcde88de4 returned -22
06-15 12:56:46.814 I/[ 7222.173700] oom_reaper( 0): reaped process 15807 (droid.launcher3), now anon-rss:0kB, file-rss:0kB, shmem-rss:380kB
06-15 12:56:46.814 I/[ 7222.174815] init( 0): Service 'tlogdshc' (pid 15766) exited with status 0 oneshot service took 0.216000 seconds in background
06-15 12:56:46.814 I/[ 7222.174854] init( 0): Sending signal 9 to service 'tlogdshc' (pid 15766) process group...
06-15 12:56:46.814 I/[ 7222.175103] libprocessgroup( 0): Successfully killed process cgroup uid 0 pid 15766 in 0ms
06-15 12:56:46.814 I/ActivityManager( 1357): Process com.android.launcher3 (pid 15807) has died: fg TOP
06-15 12:56:46.815 W/ActivityManager( 1357): Scheduling restart of crashed service com.android.launcher3/com.android.quickstep.TouchInteractionService in 1030198414761000960ms for connection
06-15 12:56:46.818 D/CompatibilityChangeReporter( 1357): Compat change id reported: 135634846; UID 10074; state: DISABLED
06-15 12:56:46.818 D/CompatibilityChangeReporter( 1357): Compat change id reported: 177438394; UID 10074; state: DISABLED
06-15 12:56:46.818 D/CompatibilityChangeReporter( 1357): Compat change id reported: 135772972; UID 10074; state: DISABLED
06-15 12:56:46.818 D/CompatibilityChangeReporter( 1357): Compat change id reported: 135754954; UID 10074; state: ENABLED
06-15 12:56:46.819 D/CompatibilityChangeReporter( 1357): Compat change id reported: 143937733; UID 10074; state: ENABLED
06-15 12:56:46.822 I/ActivityManager( 1357): Start proc 15825:com.android.launcher3/u0a74 for top-activity {com.android.launcher3/com.android.launcher3.uioverrides.QuickstepLauncher}
