06-15 12:56:54.939 D/ProcessState(17786): Binder ioctl to enable oneway spam detection failed: Invalid argument
06-15 12:56:54.935 I/zygote64(17786): type=1400 audit(0.0:19930): avc: denied { connectto } for comm=4144422D4A44575020436F6E6E6563 path=006A6477702D636F6E74726F6C scontext=u:r:priv_app:s0:c512,c768 tcontext=u:r:su:s0 tclass=unix_stream_socket permissive=1
06-15 12:56:54.942 I/[ 7230.328899] binder( 0): 17786:17786 ioctl 40046210 7fcde88de4 returned -22
06-15 12:56:54.944 D/CompatibilityInfo( 1357): mCompatibilityFlags - 4
06-15 12:56:54.944 D/CompatibilityInfo( 1357): applicationDensity - 240
06-15 12:56:54.944 D/CompatibilityInfo( 1357): applicationScale - 1.0
06-15 12:56:54.945 D/CompatibilityInfo( 1357): mCompatibilityFlags - 4
06-15 12:56:54.945 D/CompatibilityInfo( 1357): applicationDensity - 240
06-15 12:56:54.945 D/CompatibilityInfo( 1357): applicationScale - 1.0
06-15 12:56:54.947 D/CompatibilityChangeReporter(17786): Compat change id reported: 171979766; UID 10074; state: ENABLED
06-15 12:56:54.949 D/CompatibilityInfo( 1357): mCompatibilityFlags - 4
06-15 12:56:54.949 D/CompatibilityInfo( 1357): applicationDensity - 240
06-15 12:56:54.949 D/CompatibilityInfo( 1357): applicationScale - 1.0
06-15 12:56:54.958 I/lowmemorykiller( 515): Kill 'com.android.launcher3' (17786), uid 10074, oom_score_adj 0 to free 71156kB rss, 2544kb swap
06-15 12:56:54.959 I/lowmemorykiller( 515): Reclaimed 71156kB at oom_score_adj 0
06-15 12:56:54.959 I/lowmemorykiller( 515): Suppressed 3 failed kill reports
06-15 12:56:54.979 E/ANDR-PERF-UTIL( 852): Failed to update node /proc/17358/sched_boost with value 0
06-15 12:56:54.979 E/ANDR-PERF-OPTSHANDLER( 852): can't reset task 17358
06-15 12:56:54.980 E/ANDR-PERF-RESOURCEQS( 852): Failed to reset optimization [3, 32]
06-15 12:56:54.987 I/[ 7230.377250] oom_reaper( 0): reaped process 17786 (droid.launcher3), now anon-rss:0kB, file-rss:0kB, shmem-rss:380kB
06-15 12:56:54.989 I/Zygote ( 687): Process 17786 exited due to signal 9 (Killed)
06-15 12:56:54.990 I/ActivityManager( 1357): Process com.android.launcher3 (pid 17786) has died: fg TOP
06-15 12:56:54.990 I/libprocessgroup( 1357): Successfully killed process cgroup uid 10074 pid 17786 in 0ms
06-15 12:56:54.991 W/ActivityManager( 1357): Scheduling restart of crashed service com.android.launcher3/com.android.quickstep.TouchInteractionService in 19866908098560ms for connection
06-15 12:56:54.993 D/CompatibilityInfo( 1357): mCompatibilityFlags - 4
06-15 12:56:54.993 D/CompatibilityInfo( 1357): applicationDensity - 240
06-15 12:56:54.993 D/CompatibilityInfo( 1357): applicationScale - 1.0
06-15 12:56:54.994 D/CompatibilityChangeReporter( 1357): Compat change id reported: 135634846; UID 10074; state: DISABLED
06-15 12:56:54.994 D/CompatibilityChangeReporter( 1357): Compat change id reported: 177438394; UID 10074; state: DISABLED
06-15 12:56:54.994 D/CompatibilityChangeReporter( 1357): Compat change id reported: 135772972; UID 10074; state: DISABLED
06-15 12:56:54.994 D/CompatibilityChangeReporter( 1357): Compat change id reported: 135754954; UID 10074; state: ENABLED
06-15 12:56:54.994 D/CompatibilityChangeReporter( 1357): Compat change id reported: 143937733; UID 10074; state: ENABLED
06-15 12:56:55.001 D/Zygote ( 687): Forked child process 17804
06-15 12:56:55.001 I/ActivityManager( 1357): Start proc 17804:com.android.launcher3/u0a74 for top-activity {com.android.launcher3/com.android.launcher3.uioverrides.QuickstepLauncher}
06-15 12:56:55.005 I/Zygote (17804): seccomp disabled by setenforce 0
06-15 12:56:55.009 I/lowmemorykiller( 515): proc_get_script: No tasks are found to kill
06-15 12:56:55.012 I/adbd ( 6513): jdwp connection from 17804
06-15 12:56:55.013 D/ProcessState(17804): Binder ioctl to enable oneway spam detection failed: Invalid argument
06-15 12:56:55.007 I/zygote64(17804): type=1400 audit(0.0:19931): avc: denied { connectto } for comm=4144422D4A44575020436F6E6E6563 path=006A6477702D636F6E74726F6C scontext=u:r:priv_app:s0:c512,c768 tcontext=u:r:su:s0 tclass=unix_stream_socket permissive=1
06-15 12:56:55.014 I/[ 7230.403138] binder( 0): 17804:17804 ioctl 40046210 7fcde88de4 returned -22
06-15 12:56:55.018 D/CompatibilityInfo( 1357): mCompatibilityFlags - 4
06-15 12:56:55.018 D/CompatibilityInfo( 1357): applicationDensity - 240
06-15 12:56:55.018 D/CompatibilityInfo( 1357): applicationScale - 1.0
06-15 12:56:55.019 D/CompatibilityInfo( 1357): mCompatibilityFlags - 4
06-15 12:56:55.019 D/CompatibilityInfo( 1357): applicationDensity - 240
06-15 12:56:55.019 D/CompatibilityInfo( 1357): applicationScale - 1.0
06-15 12:56:55.022 D/CompatibilityChangeReporter(17804): Compat change id reported: 171979766; UID 10074; state: ENABLED
06-15 12:56:55.023 D/CompatibilityInfo( 1357): mCompatibilityFlags - 4
06-15 12:56:55.023 D/CompatibilityInfo( 1357): applicationDensity - 240
06-15 12:56:55.023 D/CompatibilityInfo( 1357): applicationScale - 1.0
06-15 12:56:55.030 I/mpu_uart( 663): [MSG-P:RECV]:No message received in 1000 ms
06-15 12:56:55.032 I/lowmemorykiller( 515): Kill 'com.android.launcher3' (17804), uid 10074, oom_score_adj 0 to free 71208kB rss, 2544kb swap
06-15 12:56:55.033 I/lowmemorykiller( 515): Reclaimed 71208kB at oom_score_adj 0
06-15 12:56:55.033 I/lowmemorykiller( 515): Suppressed 2 failed kill reports
06-15 12:56:55.056 E/ANDR-PERF-UTIL( 852): Failed to update node /proc/17376/sched_boost with value 0
06-15 12:56:55.057 E/ANDR-PERF-OPTSHANDLER( 852): can't reset task 17376
06-15 12:56:55.057 E/ANDR-PERF-RESOURCEQS( 852): Failed to reset optimization [3, 32]
06-15 12:56:55.070 I/[ 7230.457937] oom_reaper( 0): reaped process 17804 (droid.launcher3), now anon-rss:0kB, file-rss:0kB, shmem-rss:380kB
06-15 12:56:55.070 W/[ 7230.459586] binder_release_work( 0): 4 callbacks suppressed
06-15 12:56:55.070 I/[ 7230.459587] binder( 0): undelivered TRANSACTION_COMPLETE
06-15 12:56:55.070 I/[ 7230.459589] binder( 0): undelivered transaction 6747259, process died.
06-15 12:56:55.069 I/ActivityManager( 1357): Process com.android.launcher3 (pid 17804) has died: fg TOP
06-15 12:56:55.070 I/Zygote ( 687): Process 17804 exited due to signal 9 (Killed)
06-15 12:56:55.070 W/ActivityManager( 1357): Scheduling restart of crashed service com.android.launcher3/com.android.quickstep.TouchInteractionService in 79467632394240ms for connection
06-15 12:56:55.070 I/libprocessgroup( 1357): Successfully killed process cgroup uid 10074 pid 17804 in 0ms
06-15 12:56:55.071 D/CompatibilityInfo( 1357): mCompatibilityFlags - 4
06-15 12:56:55.071 D/CompatibilityInfo( 1357): applicationDensity - 240
06-15 12:56:55.071 D/CompatibilityInfo( 1357): applicationScale - 1.0
06-15 12:56:55.071 D/CompatibilityChangeReporter( 1357): Compat change id reported: 135634846; UID 10074; state: DISABLED
06-15 12:56:55.071 D/CompatibilityChangeReporter( 1357): Compat change id reported: 177438394; UID 10074; state: DISABLED
06-15 12:56:55.071 D/CompatibilityChangeReporter( 1357): Compat change id reported: 135772972; UID 10074; state: DISABLED
06-15 12:56:55.071 D/CompatibilityChangeReporter( 1357): Compat change id reported: 135754954; UID 10074; state: ENABLED
06-15 12:56:55.072 D/CompatibilityChangeReporter( 1357): Compat change id reported: 143937733; UID 10074; state: ENABLED
06-15 12:56:55.076 D/Zygote ( 687): Forked child process 17822
06-15 12:56:55.076 I/ActivityManager( 1357): Start proc 17822:com.android.launcher3/u0a74 for top-activity {com.android.launcher3/com.android.launcher3.uioverrides.QuickstepLauncher}
06-15 12:56:55.079 I/Zygote (17822): seccomp disabled by setenforce 0
06-15 12:56:55.085 I/adbd ( 6513): jdwp connection from 17822
06-15 12:56:55.085 D/ProcessState(17822): Binder ioctl to enable oneway spam detection failed: Invalid argument
06-15 12:56:55.086 I/[ 7230.475589] binder( 0): 17822:17822 ioctl 40046210 7fcde88de4 returned -22
06-15 12:56:55.091 D/CompatibilityInfo( 1357): mCompatibilityFlags - 4
06-15 12:56:55.091 D/CompatibilityInfo( 1357): applicationDensity - 240
06-15 12:56:55.091 D/CompatibilityInfo( 1357): applicationScale - 1.0
06-15 12:56:55.092 D/CompatibilityInfo( 1357): mCompatibilityFlags - 4
06-15 12:56:55.092 D/CompatibilityInfo( 1357): applicationDensity - 240
06-15 12:56:55.092 D/CompatibilityInfo( 1357): applicationScale - 1.0
06-15 12:56:55.094 D/CompatibilityChangeReporter(17822): Compat change id reported: 171979766; UID 10074; state: ENABLED
06-15 12:56:55.096 D/CompatibilityInfo( 1357): mCompatibilityFlags - 4
06-15 12:56:55.096 D/CompatibilityInfo( 1357): applicationDensity - 240
06-15 12:56:55.096 D/CompatibilityInfo( 1357): applicationScale - 1.0
06-15 12:56:55.103 I/Perf (17822): Connecting to perf service.
06-15 12:56:55.107 D/MicroService( 2621): onHeartBeatDetected
06-15 12:56:55.108 D/MicroService( 2621): sendHeartbeatMessage
06-15 12:56:55.110 I/lowmemorykiller( 515): Kill 'com.android.launcher3' (17822), uid 10074, oom_score_adj 0 to free 71212kB rss, 2544kb swap
06-15 12:56:55.110 I/lowmemorykiller( 515): Reclaimed 71212kB at oom_score_adj 0
06-15 12:56:55.110 I/lowmemorykiller( 515): Suppressed 3 failed kill reports
06-15 12:56:55.120 I/Zygote ( 687): Process 17822 exited due to signal 9 (Killed)
06-15 12:56:55.122 I/[ 7230.512096] binder( 0): undelivered TRANSACTION_COMPLETE
06-15 12:56:55.122 I/[ 7230.512099] binder( 0): undelivered transaction 6747382, process died.
06-15 12:56:55.122 I/ActivityManager( 1357): Process com.android.launcher3 (pid 17822) has died: fg TOP
06-15 12:56:55.122 E/ANDR-PERF-UTIL( 852): Failed to update node /proc/17393/sched_boost with value 0
06-15 12:56:55.122 E/ANDR-PERF-OPTSHANDLER( 852): can't reset task 17393
06-15 12:56:55.122 E/ANDR-PERF-RESOURCEQS( 852): Failed to reset optimization [3, 32]
06-15 12:56:55.122 I/libprocessgroup( 1357): Successfully killed process cgroup uid 10074 pid 17822 in 0ms
06-15 12:56:55.123 W/ActivityManager( 1357): Scheduling restart of crashed service com.android.launcher3/com.android.quickstep.TouchInteractionService in 317870529576960ms for connection
06-15 12:56:55.127 D/CompatibilityInfo( 1357): mCompatibilityFlags - 4
06-15 12:56:55.127 D/CompatibilityInfo( 1357): applicationDensity - 240
06-15 12:56:55.127 D/CompatibilityInfo( 1357): applicationScale - 1.0
06-15 12:56:55.129 D/CompatibilityChangeReporter( 1357): Compat change id reported: 135634846; UID 10074; state: DISABLED
06-15 12:56:55.129 D/CompatibilityChangeReporter( 1357): Compat change id reported: 177438394; UID 10074; state: DISABLED
06-15 12:56:55.129 D/CompatibilityChangeReporter( 1357): Compat change id reported: 135772972; UID 10074; state: DISABLED
06-15 12:56:55.129 D/CompatibilityChangeReporter( 1357): Compat change id reported: 135754954; UID 10074; state: ENABLED
06-15 12:56:55.129 D/CompatibilityChangeReporter( 1357): Compat change id reported: 143937733; UID 10074; state: ENABLED
06-15 12:56:55.136 D/Zygote ( 687): Forked child process 17841
06-15 12:56:55.137 I/ActivityManager( 1357): Start proc 17841:com.android.launcher3/u0a74 for top-activity {com.android.launcher3/com.android.launcher3.uioverrides.QuickstepLauncher}
06-15 12:56:55.142 I/Zygote (17841): seccomp disabled by setenforce 0
06-15 12:56:55.152 D/ProcessState(17841): Binder ioctl to enable oneway spam detection failed: Invalid argument
06-15 12:56:55.154 I/[ 7230.542282] binder( 0): 17841:17841 ioctl 40046210 7fcde88de4 returned -22
06-15 12:56:55.154 I/adbd ( 6513): jdwp connection from 17841
06-15 12:56:55.159 D/CompatibilityInfo( 1357): mCompatibilityFlags - 4
06-15 12:56:55.159 D/CompatibilityInfo( 1357): applicationDensity - 240
06-15 12:56:55.159 D/CompatibilityInfo( 1357): applicationScale - 1.0
06-15 12:56:55.160 D/CompatibilityInfo( 1357): mCompatibilityFlags - 4
06-15 12:56:55.160 D/CompatibilityInfo( 1357): applicationDensity - 240
06-15 12:56:55.160 D/CompatibilityInfo( 1357): applicationScale - 1.0
06-15 12:56:55.162 D/CompatibilityChangeReporter(17841): Compat change id reported: 171979766; UID 10074; state: ENABLED
06-15 12:56:55.164 D/CompatibilityInfo( 1357): mCompatibilityFlags - 4
06-15 12:56:55.164 D/CompatibilityInfo( 1357): applicationDensity - 240
06-15 12:56:55.164 D/CompatibilityInfo( 1357): applicationScale - 1.0
06-15 12:56:55.175 I/lowmemorykiller( 515): Kill 'com.android.launcher3' (17841), uid 10074, oom_score_adj 0 to free 70712kB rss, 2544kb swap
06-15 12:56:55.176 I/lowmemorykiller( 515): Reclaimed 70712kB at oom_score_adj 0
06-15 12:56:55.176 I/lowmemorykiller( 515): Suppressed 4 failed kill reports
06-15 12:56:55.178 I/[ 7230.565120] oom_reaper( 0): reaped process 17841 (droid.launcher3), now anon-rss:0kB, file-rss:0kB, shmem-rss:368kB
06-15 12:56:55.189 I/ActivityManager( 1357): Process com.android.launcher3 (pid 17841) has died: fg TOP
06-15 12:56:55.189 I/libprocessgroup( 1357): Successfully killed process cgroup uid 10074 pid 17841 in 0ms
06-15 12:56:55.190 I/Zygote ( 687): Process 17841 exited due to signal 9 (Killed)
06-15 12:56:55.190 W/ActivityManager( 1357): Scheduling restart of crashed service com.android.launcher3/com.android.quickstep.TouchInteractionService in 1271482118307840ms for connection
06-15 12:56:55.192 D/CompatibilityInfo( 1357): mCompatibilityFlags - 4
06-15 12:56:55.192 D/CompatibilityInfo( 1357): applicationDensity - 240
06-15 12:56:55.192 D/CompatibilityInfo( 1357): applicationScale - 1.0
06-15 12:56:55.194 D/CompatibilityChangeReporter( 1357): Compat change id reported: 135634846; UID 10074; state: DISABLED
06-15 12:56:55.194 D/CompatibilityChangeReporter( 1357): Compat change id reported: 177438394; UID 10074; state: DISABLED
06-15 12:56:55.194 D/CompatibilityChangeReporter( 1357): Compat change id reported: 135772972; UID 10074; state: DISABLED
06-15 12:56:55.194 D/CompatibilityChangeReporter( 1357): Compat change id reported: 135754954; UID 10074; state: ENABLED
06-15 12:56:55.195 D/CompatibilityChangeReporter( 1357): Compat change id reported: 143937733; UID 10074; state: ENABLED
06-15 12:56:55.200 D/Zygote ( 687): Forked child process 17859
06-15 12:56:55.201 I/ActivityManager( 1357): Start proc 17859:com.android.launcher3/u0a74 for top-activity {com.android.launcher3/com.android.launcher3.uioverrides.QuickstepLauncher}
06-15 12:56:55.205 I/Zygote (17859): seccomp disabled by setenforce 0
06-15 12:56:55.215 I/adbd ( 6513): jdwp connection from 17859
06-15 12:56:55.216 D/ProcessState(17859): Binder ioctl to enable oneway spam detection failed: Invalid argument
06-15 12:56:55.218 I/[ 7230.606853] binder( 0): 17859:17859 ioctl 40046210 7fcde88de4 returned -22
06-15 12:56:55.211 I/unknown (17859): type=1400 audit(0.0:19932): avc: denied { connectto } for comm=4144422D4A44575020436F6E6E6563 path=006A6477702D636F6E74726F6C scontext=u:r:priv_app:s0:c512,c768 tcontext=u:r:su:s0 tclass=unix_stream_socket permissive=1 app=com.android.launcher3
06-15 12:56:55.223 D/CompatibilityInfo( 1357): mCompatibilityFlags - 4
06-15 12:56:55.223 D/CompatibilityInfo( 1357): applicationDensity - 240
06-15 12:56:55.223 D/CompatibilityInfo( 1357): applicationScale - 1.0
06-15 12:56:55.223 E/ANDR-PERF-UTIL( 852): Failed to update node /proc/17412/sched_boost with value 0
06-15 12:56:55.223 E/ANDR-PERF-OPTSHANDLER( 852): can't reset task 17412
06-15 12:56:55.223 E/ANDR-PERF-RESOURCEQS( 852): Failed to reset optimization [3, 32]
06-15 12:56:55.224 D/CompatibilityInfo( 1357): mCompatibilityFlags - 4
06-15 12:56:55.224 D/CompatibilityInfo( 1357): applicationDensity - 240
06-15 12:56:55.224 D/CompatibilityInfo( 1357): applicationScale - 1.0
06-15 12:56:55.227 D/CompatibilityChangeReporter(17859): Compat change id reported: 171979766; UID 10074; state: ENABLED
06-15 12:56:55.228 D/CompatibilityInfo( 1357): mCompatibilityFlags - 4
06-15 12:56:55.228 D/CompatibilityInfo( 1357): applicationDensity - 240
06-15 12:56:55.228 D/CompatibilityInfo( 1357): applicationScale - 1.0
06-15 12:56:55.239 I/Perf (17859): Connecting to perf service.
06-15 12:56:55.240 I/lowmemorykiller( 515): proc_get_script: No tasks are found to kill
06-15 12:56:55.244 V/GraphicsEnvironment(17859): ANGLE Developer option for 'com.android.launcher3' set to: 'default'
06-15 12:56:55.244 V/GraphicsEnvironment(17859): ANGLE GameManagerService for com.android.launcher3: false
06-15 12:56:55.247 D/NetworkSecurityConfig(17859): No Network Security Config specified, using platform default
06-15 12:56:55.247 D/NetworkSecurityConfig(17859): No Network Security Config specified, using platform default
06-15 12:56:55.255 I/lowmemorykiller( 515): Kill 'com.android.launcher3' (17859), uid 10074, oom_score_adj 0 to free 71112kB rss, 2544kb swap
06-15 12:56:55.255 I/lowmemorykiller( 515): Reclaimed 71112kB at oom_score_adj 0
06-15 12:56:55.255 I/lowmemorykiller( 515): Suppressed 3 failed kill reports
06-15 12:56:55.284 I/[ 7230.672860] oom_reaper( 0): reaped process 17859 (droid.launcher3), now anon-rss:0kB, file-rss:0kB, shmem-rss:384kB
06-15 12:56:55.285 I/ActivityManager( 1357): Process com.android.launcher3 (pid 17859) has died: fg TOP
06-15 12:56:55.285 I/Zygote ( 687): Process 17859 exited due to signal 9 (Killed)
06-15 12:56:55.286 W/ActivityManager( 1357): Scheduling restart of crashed service com.android.launcher3/com.android.quickstep.TouchInteractionService in 5085928473231360ms for connection
06-15 12:56:55.287 I/libprocessgroup( 1357): Successfully killed process cgroup uid 10074 pid 17859 in 0ms
06-15 12:56:55.288 D/CompatibilityInfo( 1357): mCompatibilityFlags - 4
06-15 12:56:55.288 D/CompatibilityInfo( 1357): applicationDensity - 240
06-15 12:56:55.288 D/CompatibilityInfo( 1357): applicationScale - 1.0
06-15 12:56:55.289 D/CompatibilityChangeReporter( 1357): Compat change id reported: 135634846; UID 10074; state: DISABLED
06-15 12:56:55.289 D/CompatibilityChangeReporter( 1357): Compat change id reported: 177438394; UID 10074; state: DISABLED
06-15 12:56:55.289 D/CompatibilityChangeReporter( 1357): Compat change id reported: 135772972; UID 10074; state: DISABLED
06-15 12:56:55.289 D/CompatibilityChangeReporter( 1357): Compat change id reported: 135754954; UID 10074; state: ENABLED
06-15 12:56:55.289 D/CompatibilityChangeReporter( 1357): Compat change id reported: 143937733; UID 10074; state: ENABLED
06-15 12:56:55.295 D/Zygote ( 687): Forked child process 17878
06-15 12:56:55.295 I/ActivityManager( 1357): Start proc 17878:com.android.launcher3/u0a74 for top-activity {com.android.launcher3/com.android.launcher3.uioverrides.QuickstepLauncher}
06-15 12:56:55.298 E/ANDR-PERF-UTIL( 852): Failed to update node /proc/17430/sched_boost with value 0
06-15 12:56:55.298 E/ANDR-PERF-OPTSHANDLER( 852): can't reset task 17430
06-15 12:56:55.298 E/ANDR-PERF-RESOURCEQS( 852): Failed to reset optimization [3, 32]
06-15 12:56:55.298 I/Zygote (17878): seccomp disabled by setenforce 0
06-15 12:56:55.305 I/adbd ( 6513): jdwp connection from 17878
06-15 12:56:55.299 I/zygote64(17878): type=1400 audit(0.0:19933): avc: denied { connectto } for comm=4144422D4A44575020436F6E6E6563 path=006A6477702D636F6E74726F6C scontext=u:r:priv_app:s0:c512,c768 tcontext=u:r:su:s0 tclass=unix_stream_socket permissive=1
06-15 12:56:55.306 D/ProcessState(17878): Binder ioctl to enable oneway spam detection failed: Invalid argument
06-15 12:56:55.308 I/[ 7230.696232] binder( 0): 17878:17878 ioctl 40046210 7fcde88de4 returned -22
06-15 12:56:55.311 D/CompatibilityInfo( 1357): mCompatibilityFlags - 4
06-15 12:56:55.311 D/CompatibilityInfo( 1357): applicationDensity - 240
06-15 12:56:55.311 D/CompatibilityInfo( 1357): applicationScale - 1.0
06-15 12:56:55.312 D/CompatibilityInfo( 1357): mCompatibilityFlags - 4
06-15 12:56:55.312 D/CompatibilityInfo( 1357): applicationDensity - 240
06-15 12:56:55.312 D/CompatibilityInfo( 1357): applicationScale - 1.0
06-15 12:56:55.314 D/CompatibilityChangeReporter(17878): Compat change id reported: 171979766; UID 10074; state: ENABLED
06-15 12:56:55.318 D/CompatibilityInfo( 1357): mCompatibilityFlags - 4
06-15 12:56:55.318 D/CompatibilityInfo( 1357): applicationDensity - 240
06-15 12:56:55.318 D/CompatibilityInfo( 1357): applicationScale - 1.0
06-15 12:56:55.323 I/lowmemorykiller( 515): Kill 'com.android.launcher3' (17878), uid 10074, oom_score_adj 0 to free 71132kB rss, 2544kb swap
06-15 12:56:55.323 I/lowmemorykiller( 515): Reclaimed 71132kB at oom_score_adj 0
06-15 12:56:55.323 I/lowmemorykiller( 515): Suppressed 3 failed kill reports
06-15 12:56:55.354 I/[ 7230.740404] oom_reaper( 0): reaped process 17878 (droid.launcher3), now anon-rss:0kB, file-rss:0kB, shmem-rss:380kB
06-15 12:56:55.352 I/ActivityManager( 1357): Process com.android.launcher3 (pid 17878) has died: fg TOP
06-15 12:56:55.352 I/Zygote ( 687): Process 17878 exited due to signal 9 (Killed)
06-15 12:56:55.353 I/libprocessgroup( 1357): Successfully killed process cgroup uid 10074 pid 17878 in 0ms
06-15 12:56:55.354 W/ActivityManager( 1357): Scheduling restart of crashed service com.android.launcher3/com.android.quickstep.TouchInteractionService in 20343713892925440ms for connection
06-15 12:56:55.355 D/CompatibilityInfo( 1357): mCompatibilityFlags - 4
06-15 12:56:55.355 D/CompatibilityInfo( 1357): applicationDensity - 240
06-15 12:56:55.355 D/CompatibilityInfo( 1357): applicationScale - 1.0
06-15 12:56:55.357 D/CompatibilityChangeReporter( 1357): Compat change id reported: 135634846; UID 10074; state: DISABLED
06-15 12:56:55.357 D/CompatibilityChangeReporter( 1357): Compat change id reported: 177438394; UID 10074; state: DISABLED
06-15 12:56:55.357 D/CompatibilityChangeReporter( 1357): Compat change id reported: 135772972; UID 10074; state: DISABLED
06-15 12:56:55.357 D/CompatibilityChangeReporter( 1357): Compat change id reported: 135754954; UID 10074; state: ENABLED
06-15 12:56:55.357 D/CompatibilityChangeReporter( 1357): Compat change id reported: 143937733; UID 10074; state: ENABLED
06-15 12:56:55.361 D/Zygote ( 687): Forked child process 17896
06-15 12:56:55.362 I/ActivityManager( 1357): Start proc 17896:com.android.launcher3/u0a74 for top-activity {com.android.launcher3/com.android.launcher3.uioverrides.QuickstepLauncher}
06-15 12:56:55.364 I/Zygote (17896): seccomp disabled by setenforce 0
06-15 12:56:55.370 I/adbd ( 6513): jdwp connection from 17896
06-15 12:56:55.370 D/ProcessState(17896): Binder ioctl to enable oneway spam detection failed: Invalid argument
06-15 12:56:55.374 I/[ 7230.760676] binder( 0): 17896:17896 ioctl 40046210 7fcde88de4 returned -22
06-15 12:56:55.375 D/CompatibilityInfo( 1357): mCompatibilityFlags - 4
06-15 12:56:55.376 D/CompatibilityInfo( 1357): applicationDensity - 240
06-15 12:56:55.376 D/CompatibilityInfo( 1357): applicationScale - 1.0
06-15 12:56:55.377 D/CompatibilityInfo( 1357): mCompatibilityFlags - 4
06-15 12:56:55.377 D/CompatibilityInfo( 1357): applicationDensity - 240
06-15 12:56:55.377 D/CompatibilityInfo( 1357): applicationScale - 1.0
06-15 12:56:55.379 D/CompatibilityChangeReporter(17896): Compat change id reported: 171979766; UID 10074; state: ENABLED
06-15 12:56:55.380 D/CompatibilityInfo( 1357): mCompatibilityFlags - 4
06-15 12:56:55.380 D/CompatibilityInfo( 1357): applicationDensity - 240
06-15 12:56:55.380 D/CompatibilityInfo( 1357): applicationScale - 1.0
06-15 12:56:55.389 I/lowmemorykiller( 515): Kill 'com.android.launcher3' (17896), uid 10074, oom_score_adj 0 to free 71160kB rss, 2544kb swap
06-15 12:56:55.389 I/lowmemorykiller( 515): Reclaimed 71160kB at oom_score_adj 0
06-15 12:56:55.389 I/lowmemorykiller( 515): Suppressed 3 failed kill reports
06-15 12:56:55.394 E/ANDR-PERF-UTIL( 852): Failed to update node /proc/17449/sched_boost with value 0
06-15 12:56:55.395 E/ANDR-PERF-OPTSHANDLER( 852): can't reset task 17449
06-15 12:56:55.395 E/ANDR-PERF-RESOURCEQS( 852): Failed to reset optimization [3, 32]
06-15 12:56:55.418 I/[ 7230.807000] oom_reaper( 0): reaped process 17896 (droid.launcher3), now anon-rss:0kB, file-rss:0kB, shmem-rss:380kB
06-15 12:56:55.420 I/Zygote ( 687): Process 17896 exited due to signal 9 (Killed)
06-15 12:56:55.422 I/ActivityManager( 1357): Process com.android.launcher3 (pid 17896) has died: fg TOP
06-15 12:56:55.422 I/libprocessgroup( 1357): Successfully killed process cgroup uid 10074 pid 17896 in 0ms
06-15 12:56:55.423 W/ActivityManager( 1357): Scheduling restart of crashed service com.android.launcher3/com.android.quickstep.TouchInteractionService in 81374855571701760ms for connection
06-15 12:56:55.436 D/CompatibilityInfo( 1357): mCompatibilityFlags - 4
06-15 12:56:55.436 D/CompatibilityInfo( 1357): applicationDensity - 240
06-15 12:56:55.436 D/CompatibilityInfo( 1357): applicationScale - 1.0
06-15 12:56:55.438 D/CompatibilityChangeReporter( 1357): Compat change id reported: 135634846; UID 10074; state: DISABLED
06-15 12:56:55.438 D/CompatibilityChangeReporter( 1357): Compat change id reported: 177438394; UID 10074; state: DISABLED
06-15 12:56:55.438 D/CompatibilityChangeReporter( 1357): Compat change id reported: 135772972; UID 10074; state: DISABLED
06-15 12:56:55.438 D/CompatibilityChangeReporter( 1357): Compat change id reported: 135754954; UID 10074; state: ENABLED
06-15 12:56:55.438 D/CompatibilityChangeReporter( 1357): Compat change id reported: 143937733; UID 10074; state: ENABLED
06-15 12:56:55.445 D/Zygote ( 687): Forked child process 17914
06-15 12:56:55.445 I/ActivityManager( 1357): Start proc 17914:com.android.launcher3/u0a74 for top-activity {com.android.launcher3/com.android.launcher3.uioverrides.QuickstepLauncher}
06-15 12:56:55.451 I/Zygote (17914): seccomp disabled by setenforce 0
06-15 12:56:55.460 I/adbd ( 6513): jdwp connection from 17914
06-15 12:56:55.462 D/ProcessState(17914): Binder ioctl to enable oneway spam detection failed: Invalid argument
06-15 12:56:55.468 D/CompatibilityInfo( 1357): mCompatibilityFlags - 4
06-15 12:56:55.468 D/CompatibilityInfo( 1357): applicationDensity - 240
06-15 12:56:55.468 D/CompatibilityInfo( 1357): applicationScale - 1.0
06-15 12:56:55.468 I/[ 7230.852335] binder( 0): 17914:17914 ioctl 40046210 7fcde88de4 returned -22
06-15 12:56:55.468 I/lowmemorykiller( 515): proc_get_script: No tasks are found to kill
06-15 12:56:55.469 D/CompatibilityInfo( 1357): mCompatibilityFlags - 4
06-15 12:56:55.469 D/CompatibilityInfo( 1357): applicationDensity - 240
06-15 12:56:55.469 D/CompatibilityInfo( 1357): applicationScale - 1.0
06-15 12:56:55.470 D/CompatibilityChangeReporter(17914): Compat change id reported: 171979766; UID 10074; state: ENABLED
06-15 12:56:55.473 D/CompatibilityInfo( 1357): mCompatibilityFlags - 4
06-15 12:56:55.473 D/CompatibilityInfo( 1357): applicationDensity - 240
06-15 12:56:55.473 D/CompatibilityInfo( 1357): applicationScale - 1.0
06-15 12:56:55.480 I/Perf (17914): Connecting to perf service.
06-15 12:56:55.483 W/lowmemorykiller( 515): Failed to get t_pid for '0' of pid(17914)
06-15 12:56:55.483 I/lowmemorykiller( 515): Kill 'com.android.launcher3' (17914), uid 10074, oom_score_adj 0 to free 71108kB rss, 2544kb swap
06-15 12:56:55.484 I/lowmemorykiller( 515): Reclaimed 71108kB at oom_score_adj 0
06-15 12:56:55.484 I/lowmemorykiller( 515): Suppressed 3 failed kill reports
06-15 12:56:55.489 E/ANDR-PERF-UTIL( 852): Failed to update node /proc/17466/sched_boost with value 0
06-15 12:56:55.489 E/ANDR-PERF-OPTSHANDLER( 852): can't reset task 17466
06-15 12:56:55.489 E/ANDR-PERF-RESOURCEQS( 852): Failed to reset optimization [3, 32]
06-15 12:56:55.522 I/[ 7230.909217] oom_reaper( 0): reaped process 17914 (droid.launcher3), now anon-rss:0kB, file-rss:0kB, shmem-rss:380kB
06-15 12:56:55.523 I/Zygote ( 687): Process 17914 exited due to signal 9 (Killed)
06-15 12:56:55.526 I/[ 7230.912843] binder( 0): undelivered TRANSACTION_COMPLETE
06-15 12:56:55.526 I/[ 7230.912846] binder( 0): undelivered transaction 6748080, process died.
06-15 12:56:55.524 I/ActivityManager( 1357): Process com.android.launcher3 (pid 17914) has died: fg TOP
06-15 12:56:55.524 I/libprocessgroup( 1357): Successfully killed process cgroup uid 10074 pid 17914 in 0ms
06-15 12:56:55.525 W/ActivityManager( 1357): Scheduling restart of crashed service com.android.launcher3/com.android.quickstep.TouchInteractionService in 325499422286807040ms for connection
06-15 12:56:55.529 D/CompatibilityInfo( 1357): mCompatibilityFlags - 4
06-15 12:56:55.529 D/CompatibilityInfo( 1357): applicationDensity - 240
06-15 12:56:55.529 D/CompatibilityInfo( 1357): applicationScale - 1.0
06-15 12:56:55.530 D/CompatibilityChangeReporter( 1357): Compat change id reported: 135634846; UID 10074; state: DISABLED
06-15 12:56:55.530 D/CompatibilityChangeReporter( 1357): Compat change id reported: 177438394; UID 10074; state: DISABLED
06-15 12:56:55.530 D/CompatibilityChangeReporter( 1357): Compat change id reported: 135772972; UID 10074; state: DISABLED
06-15 12:56:55.530 D/CompatibilityChangeReporter( 1357): Compat change id reported: 135754954; UID 10074; state: ENABLED
06-15 12:56:55.530 D/CompatibilityChangeReporter( 1357): Compat change id reported: 143937733; UID 10074; state: ENABLED
06-15 12:56:55.534 D/Zygote ( 687): Forked child process 17932
06-15 12:56:55.535 I/ActivityManager( 1357): Start proc 17932:com.android.launcher3/u0a74 for top-activity {com.android.launcher3/com.android.launcher3.uioverrides.QuickstepLauncher}
06-15 12:56:55.537 I/Zygote (17932): seccomp disabled by setenforce 0
06-15 12:56:55.546 W/[ 7230.932884] audit( 0): audit_lost=16887 audit_rate_limit=5 audit_backlog_limit=64
06-15 12:56:55.546 D/ProcessState(17932): Binder ioctl to enable oneway spam detection failed: Invalid argument
06-15 12:56:55.547 E/[ 7230.932886] audit( 0): rate limit exceeded
06-15 12:56:55.547 I/[ 7230.934445] binder( 0): 17932:17932 ioctl 40046210 7fcde88de4 returned -22
06-15 12:56:55.547 I/adbd ( 6513): jdwp connection from 17932
06-15 12:56:55.552 D/CompatibilityInfo( 1357): mCompatibilityFlags - 4
06-15 12:56:55.552 D/CompatibilityInfo( 1357): applicationDensity - 240
06-15 12:56:55.552 D/CompatibilityInfo( 1357): applicationScale - 1.0
06-15 12:56:55.553 D/CompatibilityInfo( 1357): mCompatibilityFlags - 4
06-15 12:56:55.553 D/CompatibilityInfo( 1357): applicationDensity - 240
06-15 12:56:55.553 D/CompatibilityInfo( 1357): applicationScale - 1.0
06-15 12:56:55.555 D/CompatibilityChangeReporter(17932): Compat change id reported: 171979766; UID 10074; state: ENABLED
06-15 12:56:55.556 D/CompatibilityInfo( 1357): mCompatibilityFlags - 4
06-15 12:56:55.556 D/CompatibilityInfo( 1357): applicationDensity - 240
06-15 12:56:55.556 D/CompatibilityInfo( 1357): applicationScale - 1.0
06-15 12:56:55.562 E/ANDR-PERF-UTIL( 852): Failed to update node /proc/17484/sched_boost with value 0
06-15 12:56:55.563 E/ANDR-PERF-OPTSHANDLER( 852): can't reset task 17484
06-15 12:56:55.563 E/ANDR-PERF-RESOURCEQS( 852): Failed to reset optimization [3, 32]
06-15 12:56:55.563 E/libprocessgroup( 515): set_timerslack_ns write failed: No such process
06-15 12:56:55.563 I/lowmemorykiller( 515): Kill 'com.android.launcher3' (17932), uid 10074, oom_score_adj 0 to free 71216kB rss, 2544kb swap
06-15 12:56:55.564 I/lowmemorykiller( 515): Reclaimed 71216kB at oom_score_adj 0
06-15 12:56:55.564 I/lowmemorykiller( 515): Suppressed 3 failed kill reports
06-15 12:56:55.600 I/[ 7230.982550] oom_reaper( 0): reaped process 17932 (droid.launcher3), now anon-rss:0kB, file-rss:0kB, shmem-rss:380kB
06-15 12:56:55.602 I/Zygote ( 687): Process 17932 exited due to signal 9 (Killed)
06-15 12:56:55.602 I/ActivityManager( 1357): Process com.android.launcher3 (pid 17932) has died: fg TOP
06-15 12:56:55.603 I/libprocessgroup( 1357): Successfully killed process cgroup uid 10074 pid 17932 in 0ms
06-15 12:56:55.604 W/ActivityManager( 1357): Scheduling restart of crashed service com.android.launcher3/com.android.quickstep.TouchInteractionService in 1301997689147228160ms for connection
06-15 12:56:55.605 D/CompatibilityInfo( 1357): mCompatibilityFlags - 4
06-15 12:56:55.605 D/CompatibilityInfo( 1357): applicationDensity - 240
06-15 12:56:55.606 D/CompatibilityInfo( 1357): applicationScale - 1.0
06-15 12:56:55.608 D/CompatibilityChangeReporter( 1357): Compat change id reported: 135634846; UID 10074; state: DISABLED
06-15 12:56:55.608 D/CompatibilityChangeReporter( 1357): Compat change id reported: 177438394; UID 10074; state: DISABLED
06-15 12:56:55.608 D/CompatibilityChangeReporter( 1357): Compat change id reported: 135772972; UID 10074; state: DISABLED
06-15 12:56:55.608 D/CompatibilityChangeReporter( 1357): Compat change id reported: 135754954; UID 10074; state: ENABLED
06-15 12:56:55.608 D/CompatibilityChangeReporter( 1357): Compat change id reported: 143937733; UID 10074; state: ENABLED
06-15 12:56:55.614 D/Zygote ( 687): Forked child process 17949
06-15 12:56:55.615 I/ActivityManager( 1357): Start proc 17949:com.android.launcher3/u0a74 for top-activity {com.android.launcher3/com.android.launcher3.uioverrides.QuickstepLauncher}
06-15 12:56:55.621 I/Zygote (17949): seccomp disabled by setenforce 0
06-15 12:56:55.630 I/adbd ( 6513): jdwp connection from 17949
06-15 12:56:55.632 D/ProcessState(17949): Binder ioctl to enable oneway spam detection failed: Invalid argument
06-15 12:56:55.634 I/[ 7231.021900] binder( 0): 17949:17949 ioctl 40046210 7fcde88de4 returned -22
06-15 12:56:55.638 D/CompatibilityInfo( 1357): mCompatibilityFlags - 4
06-15 12:56:55.638 D/CompatibilityInfo( 1357): applicationDensity - 240
06-15 12:56:55.638 D/CompatibilityInfo( 1357): applicationScale - 1.0
06-15 12:56:55.638 E/ANDR-PERF-UTIL( 852): Failed to update node /proc/17502/sched_boost with value 0
06-15 12:56:55.638 E/ANDR-PERF-OPTSHANDLER( 852): can't reset task 17502
06-15 12:56:55.638 E/ANDR-PERF-RESOURCEQS( 852): Failed to reset optimization [3, 32]
06-15 12:56:55.639 D/CompatibilityInfo( 1357): mCompatibilityFlags - 4
06-15 12:56:55.639 D/CompatibilityInfo( 1357): applicationDensity - 240
06-15 12:56:55.639 D/CompatibilityInfo( 1357): applicationScale - 1.0
06-15 12:56:55.642 D/CompatibilityChangeReporter(17949): Compat change id reported: 171979766; UID 10074; state: ENABLED
06-15 12:56:55.643 D/CompatibilityInfo( 1357): mCompatibilityFlags - 4
06-15 12:56:55.643 D/CompatibilityInfo( 1357): applicationDensity - 240
06-15 12:56:55.643 D/CompatibilityInfo( 1357): applicationScale - 1.0
06-15 12:56:55.650 I/lowmemorykiller( 515): Kill 'com.android.launcher3' (17949), uid 10074, oom_score_adj 0 to free 71144kB rss, 2544kb swap
06-15 12:56:55.650 I/lowmemorykiller( 515): Reclaimed 71144kB at oom_score_adj 0
06-15 12:56:55.650 I/lowmemorykiller( 515): Suppressed 4 failed kill reports
06-15 12:56:55.660 I/selfinstaller( 1203): create socket failed: No route to host 113
06-15 12:56:55.667 W/SDM ( 836): HWCDisplay::GetHWCLayer: [0] GetLayer(663) failed: no such layer
06-15 12:56:55.684 W/HwcComposer( 970): command 0x3000000 generated error 3
06-15 12:56:55.686 I/[ 7231.074307] oom_reaper( 0): reaped process 17949 (droid.launcher3), now anon-rss:0kB, file-rss:0kB, shmem-rss:380kB
06-15 12:56:55.686 I/Zygote ( 687): Process 17949 exited due to signal 9 (Killed)
06-15 12:56:55.686 I/ActivityManager( 1357): Process com.android.launcher3 (pid 17949) has died: fg TOP
06-15 12:56:55.686 I/libprocessgroup( 1357): Successfully killed process cgroup uid 10074 pid 17949 in 0ms
06-15 12:56:55.688 W/ActivityManager( 1357): Scheduling restart of crashed service com.android.launcher3/com.android.quickstep.TouchInteractionService in 5207990756588912640ms for connection
06-15 12:56:55.690 D/CompatibilityInfo( 1357): mCompatibilityFlags - 4
06-15 12:56:55.690 D/CompatibilityInfo( 1357): applicationDensity - 240
06-15 12:56:55.690 D/CompatibilityInfo( 1357): applicationScale - 1.0
06-15 12:56:55.691 D/CompatibilityChangeReporter( 1357): Compat change id reported: 135634846; UID 10074; state: DISABLED
06-15 12:56:55.691 D/CompatibilityChangeReporter( 1357): Compat change id reported: 177438394; UID 10074; state: DISABLED
06-15 12:56:55.691 D/CompatibilityChangeReporter( 1357): Compat change id reported: 135772972; UID 10074; state: DISABLED
06-15 12:56:55.691 D/CompatibilityChangeReporter( 1357): Compat change id reported: 135754954; UID 10074; state: ENABLED
06-15 12:56:55.692 D/CompatibilityChangeReporter( 1357): Compat change id reported: 143937733; UID 10074; state: ENABLED
06-15 12:56:55.696 D/Zygote ( 687): Forked child process 17967
06-15 12:56:55.696 I/ActivityManager( 1357): Start proc 17967:com.android.launcher3/u0a74 for top-activity {com.android.launcher3/com.android.launcher3.uioverrides.QuickstepLauncher}
06-15 12:56:55.698 I/Zygote (17967): seccomp disabled by setenforce 0
06-15 12:56:55.704 I/adbd ( 6513): jdwp connection from 17967
06-15 12:56:55.705 D/ProcessState(17967): Binder ioctl to enable oneway spam detection failed: Invalid argument
06-15 12:56:55.706 I/[ 7231.094917] binder( 0): 17967:17967 ioctl 40046210 7fcde88de4 returned -22
06-15 12:56:55.706 I/lowmemorykiller( 515): proc_get_script: No tasks are found to kill
06-15 12:56:55.710 D/CompatibilityInfo( 1357): mCompatibilityFlags - 4
06-15 12:56:55.710 D/CompatibilityInfo( 1357): applicationDensity - 240
06-15 12:56:55.710 D/CompatibilityInfo( 1357): applicationScale - 1.0
06-15 12:56:55.711 D/CompatibilityInfo( 1357): mCompatibilityFlags - 4
06-15 12:56:55.711 D/CompatibilityInfo( 1357): applicationDensity - 240
06-15 12:56:55.711 D/CompatibilityInfo( 1357): applicationScale - 1.0
06-15 12:56:55.712 D/CompatibilityChangeReporter(17967): Compat change id reported: 171979766; UID 10074; state: ENABLED
06-15 12:56:55.713 E/ANDR-PERF-UTIL( 852): Failed to update node /proc/17520/sched_boost with value 0
06-15 12:56:55.713 E/ANDR-PERF-OPTSHANDLER( 852): can't reset task 17520
06-15 12:56:55.713 E/ANDR-PERF-RESOURCEQS( 852): Failed to reset optimization [3, 32]
06-15 12:56:55.715 D/CompatibilityInfo( 1357): mCompatibilityFlags - 4
06-15 12:56:55.715 D/CompatibilityInfo( 1357): applicationDensity - 240
06-15 12:56:55.715 D/CompatibilityInfo( 1357): applicationScale - 1.0
06-15 12:56:55.720 I/Perf (17967): Connecting to perf service.
06-15 12:56:55.733 I/lowmemorykiller( 515): Kill 'com.android.launcher3' (17967), uid 10074, oom_score_adj 0 to free 71060kB rss, 2544kb swap
06-15 12:56:55.734 I/lowmemorykiller( 515): Reclaimed 71060kB at oom_score_adj 0
06-15 12:56:55.734 I/lowmemorykiller( 515): Suppressed 1 failed kill reports
06-15 12:56:55.750 I/[ 7231.139025] oom_reaper( 0): reaped process 17967 (droid.launcher3), now anon-rss:0kB, file-rss:0kB, shmem-rss:380kB
06-15 12:56:55.750 I/[ 7231.140697] binder( 0): undelivered TRANSACTION_COMPLETE
06-15 12:56:55.751 I/Zygote ( 687): Process 17967 exited due to signal 9 (Killed)
06-15 12:56:55.751 I/ActivityManager( 1357): Process com.android.launcher3 (pid 17967) has died: fg TOP
06-15 12:56:55.751 I/libprocessgroup( 1357): Successfully killed process cgroup uid 10074 pid 17967 in 0ms
06-15 12:56:55.752 W/ActivityManager( 1357): Scheduling restart of crashed service com.android.launcher3/com.android.quickstep.TouchInteractionService in 2385218952646098944ms for connection
06-15 12:56:55.754 D/CompatibilityInfo( 1357): mCompatibilityFlags - 4
06-15 12:56:55.754 D/CompatibilityInfo( 1357): applicationDensity - 240
06-15 12:56:55.754 D/CompatibilityInfo( 1357): applicationScale - 1.0
06-15 12:56:55.755 D/CompatibilityChangeReporter( 1357): Compat change id reported: 135634846; UID 10074; state: DISABLED
06-15 12:56:55.755 D/CompatibilityChangeReporter( 1357): Compat change id reported: 177438394; UID 10074; state: DISABLED
06-15 12:56:55.755 D/CompatibilityChangeReporter( 1357): Compat change id reported: 135772972; UID 10074; state: DISABLED
06-15 12:56:55.755 D/CompatibilityChangeReporter( 1357): Compat change id reported: 135754954; UID 10074; state: ENABLED
06-15 12:56:55.755 D/CompatibilityChangeReporter( 1357): Compat change id reported: 143937733; UID 10074; state: ENABLED
06-15 12:56:55.760 D/Zygote ( 687): Forked child process 17985
06-15 12:56:55.760 I/ActivityManager( 1357): Start proc 17985:com.android.launcher3/u0a74 for top-activity {com.android.launcher3/com.android.launcher3.uioverrides.QuickstepLauncher}
06-15 12:56:55.762 I/Zygote (17985): seccomp disabled by setenforce 0
06-15 12:56:55.767 I/adbd ( 6513): jdwp connection from 17985
06-15 12:56:55.768 D/ProcessState(17985): Binder ioctl to enable oneway spam detection failed: Invalid argument
06-15 12:56:55.770 I/[ 7231.158442] binder( 0): 17985:17985 ioctl 40046210 7fcde88de4 returned -22
06-15 12:56:55.772 D/CompatibilityInfo( 1357): mCompatibilityFlags - 4
06-15 12:56:55.772 D/CompatibilityInfo( 1357): applicationDensity - 240
06-15 12:56:55.772 D/CompatibilityInfo( 1357): applicationScale - 1.0
06-15 12:56:55.773 D/CompatibilityInfo( 1357): mCompatibilityFlags - 4
06-15 12:56:55.773 D/CompatibilityInfo( 1357): applicationDensity - 240
06-15 12:56:55.773 D/CompatibilityInfo( 1357): applicationScale - 1.0
06-15 12:56:55.774 D/CompatibilityChangeReporter(17985): Compat change id reported: 171979766; UID 10074; state: ENABLED
06-15 12:56:55.778 D/CompatibilityInfo( 1357): mCompatibilityFlags - 4
06-15 12:56:55.778 D/CompatibilityInfo( 1357): applicationDensity - 240
06-15 12:56:55.779 D/CompatibilityInfo( 1357): applicationScale - 1.0
06-15 12:56:55.782 I/Perf (17985): Connecting to perf service.
06-15 12:56:55.785 V/GraphicsEnvironment(17985): ANGLE Developer option for 'com.android.launcher3' set to: 'default'
06-15 12:56:55.785 V/GraphicsEnvironment(17985): ANGLE GameManagerService for com.android.launcher3: false
06-15 12:56:55.787 D/NetworkSecurityConfig(17985): No Network Security Config specified, using platform default
06-15 12:56:55.787 D/NetworkSecurityConfig(17985): No Network Security Config specified, using platform default
06-15 12:56:55.790 I/lowmemorykiller( 515): Kill 'com.android.launcher3' (17985), uid 10074, oom_score_adj 0 to free 71224kB rss, 2544kb swap
06-15 12:56:55.790 I/lowmemorykiller( 515): Reclaimed 71224kB at oom_score_adj 0
06-15 12:56:55.790 I/lowmemorykiller( 515): Suppressed 3 failed kill reports
06-15 12:56:55.802 E/ANDR-PERF-UTIL( 852): Failed to update node /proc/17538/sched_boost with value 0
06-15 12:56:55.802 E/ANDR-PERF-OPTSHANDLER( 852): can't reset task 17538
06-15 12:56:55.802 E/ANDR-PERF-RESOURCEQS( 852): Failed to reset optimization [3, 32]
06-15 12:56:55.818 I/[ 7231.207236] oom_reaper( 0): reaped process 17985 (droid.launcher3), now anon-rss:0kB, file-rss:0kB, shmem-rss:380kB
06-15 12:56:55.819 I/Zygote ( 687): Process 17985 exited due to signal 9 (Killed)
06-15 12:56:55.822 I/ActivityManager( 1357): Process com.android.launcher3 (pid 17985) has died: fg TOP
06-15 12:56:55.822 I/libprocessgroup( 1357): Successfully killed process cgroup uid 10074 pid 17985 in 0ms
06-15 12:56:55.824 W/ActivityManager( 1357): Scheduling restart of crashed service com.android.launcher3/com.android.quickstep.TouchInteractionService in 72042ms for connection
06-15 12:56:55.829 D/CompatibilityInfo( 1357): mCompatibilityFlags - 4
06-15 12:56:55.829 D/CompatibilityInfo( 1357): applicationDensity - 240
06-15 12:56:55.829 D/CompatibilityInfo( 1357): applicationScale - 1.0
06-15 12:56:55.832 D/CompatibilityChangeReporter( 1357): Compat change id reported: 135634846; UID 10074; state: DISABLED
06-15 12:56:55.832 D/CompatibilityChangeReporter( 1357): Compat change id reported: 177438394; UID 10074; state: DISABLED
06-15 12:56:55.832 D/CompatibilityChangeReporter( 1357): Compat change id reported: 135772972; UID 10074; state: DISABLED
06-15 12:56:55.832 D/CompatibilityChangeReporter( 1357): Compat change id reported: 135754954; UID 10074; state: ENABLED
06-15 12:56:55.832 D/CompatibilityChangeReporter( 1357): Compat change id reported: 143937733; UID 10074; state: ENABLED
06-15 12:56:55.839 D/Zygote ( 687): Forked child process 18004
06-15 12:56:55.840 I/ActivityManager( 1357): Start proc 18004:com.android.launcher3/u0a74 for top-activity {com.android.launcher3/com.android.launcher3.uioverrides.QuickstepLauncher}
06-15 12:56:55.844 I/Zygote (18004): seccomp disabled by setenforce 0
06-15 12:56:55.854 I/adbd ( 6513): jdwp connection from 18004
06-15 12:56:55.851 I/zygote64(18004): type=1400 audit(0.0:19937): avc: denied { connectto } for comm=4144422D4A44575020436F6E6E6563 path=006A6477702D636F6E74726F6C scontext=u:r:priv_app:s0:c512,c768 tcontext=u:r:su:s0 tclass=unix_stream_socket permissive=1
06-15 12:56:55.856 D/ProcessState(18004): Binder ioctl to enable oneway spam detection failed: Invalid argument
06-15 12:56:55.858 I/[ 7231.246639] binder( 0): 18004:18004 ioctl 40046210 7fcde88de4 returned -22
06-15 12:56:55.865 D/CompatibilityInfo( 1357): mCompatibilityFlags - 4
06-15 12:56:55.865 D/CompatibilityInfo( 1357): applicationDensity - 240
06-15 12:56:55.865 D/CompatibilityInfo( 1357): applicationScale - 1.0
06-15 12:56:55.868 D/CompatibilityInfo( 1357): mCompatibilityFlags - 4
06-15 12:56:55.868 D/CompatibilityInfo( 1357): applicationDensity - 240
06-15 12:56:55.868 D/CompatibilityInfo( 1357): applicationScale - 1.0
06-15 12:56:55.870 D/CompatibilityChangeReporter(18004): Compat change id reported: 171979766; UID 10074; state: ENABLED
06-15 12:56:55.872 D/CompatibilityInfo( 1357): mCompatibilityFlags - 4
06-15 12:56:55.872 D/CompatibilityInfo( 1357): applicationDensity - 240
06-15 12:56:55.872 D/CompatibilityInfo( 1357): applicationScale - 1.0
06-15 12:56:55.882 I/lowmemorykiller( 515): Kill 'com.android.launcher3' (18004), uid 10074, oom_score_adj 0 to free 71100kB rss, 2544kb swap
06-15 12:56:55.882 I/lowmemorykiller( 515): Reclaimed 71100kB at oom_score_adj 0
06-15 12:56:55.882 I/lowmemorykiller( 515): Suppressed 5 failed kill reports
06-15 12:56:55.883 E/ANDR-PERF-UTIL( 852): Failed to update node /proc/17556/sched_boost with value 0
06-15 12:56:55.883 E/ANDR-PERF-OPTSHANDLER( 852): can't reset task 17556
06-15 12:56:55.883 E/ANDR-PERF-RESOURCEQS( 852): Failed to reset optimization [3, 32]
06-15 12:56:55.925 I/Zygote ( 687): Process 18004 exited due to signal 9 (Killed)
06-15 12:56:55.926 I/[ 7231.313318] oom_reaper( 0): reaped process 18004 (droid.launcher3), now anon-rss:0kB, file-rss:0kB, shmem-rss:380kB
06-15 12:56:55.926 I/ActivityManager( 1357): Process com.android.launcher3 (pid 18004) has died: fg TOP
06-15 12:56:55.927 I/libprocessgroup( 1357): Successfully killed process cgroup uid 10074 pid 18004 in 0ms
06-15 12:56:55.928 W/ActivityManager( 1357): Scheduling restart of crashed service com.android.launcher3/com.android.quickstep.TouchInteractionService in 288168ms for connection
06-15 12:56:55.930 D/CompatibilityInfo( 1357): mCompatibilityFlags - 4
06-15 12:56:55.930 D/CompatibilityInfo( 1357): applicationDensity - 240
06-15 12:56:55.930 D/CompatibilityInfo( 1357): applicationScale - 1.0
06-15 12:56:55.932 D/CompatibilityChangeReporter( 1357): Compat change id reported: 135634846; UID 10074; state: DISABLED
06-15 12:56:55.932 D/CompatibilityChangeReporter( 1357): Compat change id reported: 177438394; UID 10074; state: DISABLED
06-15 12:56:55.933 D/CompatibilityChangeReporter( 1357): Compat change id reported: 135772972; UID 10074; state: DISABLED
06-15 12:56:55.933 D/CompatibilityChangeReporter( 1357): Compat change id reported: 135754954; UID 10074; state: ENABLED
06-15 12:56:55.933 D/CompatibilityChangeReporter( 1357): Compat change id reported: 143937733; UID 10074; state: ENABLED
06-15 12:56:55.938 D/Zygote ( 687): Forked child process 18022
06-15 12:56:55.939 I/ActivityManager( 1357): Start proc 18022:com.android.launcher3/u0a74 for top-activity {com.android.launcher3/com.android.launcher3.uioverrides.QuickstepLauncher}
06-15 12:56:55.943 I/Zygote (18022): seccomp disabled by setenforce 0
06-15 12:56:55.950 I/lowmemorykiller( 515): proc_get_script: No tasks are found to kill
06-15 12:56:55.953 I/adbd ( 6513): jdwp connection from 18022
06-15 12:56:55.947 I/zygote64(18022): type=1400 audit(0.0:19938): avc: denied { connectto } for comm=4144422D4A44575020436F6E6E6563 path=006A6477702D636F6E74726F6C scontext=u:r:priv_app:s0:c512,c768 tcontext=u:r:su:s0 tclass=unix_stream_socket permissive=1
06-15 12:56:55.956 D/ProcessState(18022): Binder ioctl to enable oneway spam detection failed: Invalid argument
06-15 12:56:55.958 I/[ 7231.346056] binder( 0): 18022:18022 ioctl 40046210 7fcde88de4 returned -22
06-15 12:56:55.959 E/ANDR-PERF-UTIL( 852): Failed to update node /proc/17573/sched_boost with value 0
06-15 12:56:55.959 E/ANDR-PERF-OPTSHANDLER( 852): can't reset task 17573
06-15 12:56:55.959 E/ANDR-PERF-RESOURCEQS( 852): Failed to reset optimization [3, 32]
06-15 12:56:55.965 D/CompatibilityInfo( 1357): mCompatibilityFlags - 4
06-15 12:56:55.965 D/CompatibilityInfo( 1357): applicationDensity - 240
06-15 12:56:55.965 D/CompatibilityInfo( 1357): applicationScale - 1.0
06-15 12:56:55.966 D/CompatibilityInfo( 1357): mCompatibilityFlags - 4
06-15 12:56:55.966 D/CompatibilityInfo( 1357): applicationDensity - 240
06-15 12:56:55.966 D/CompatibilityInfo( 1357): applicationScale - 1.0
06-15 12:56:55.969 D/CompatibilityChangeReporter(18022): Compat change id reported: 171979766; UID 10074; state: ENABLED
06-15 12:56:55.971 D/CompatibilityInfo( 1357): mCompatibilityFlags - 4
06-15 12:56:55.971 D/CompatibilityInfo( 1357): applicationDensity - 240
06-15 12:56:55.971 D/CompatibilityInfo( 1357): applicationScale - 1.0
06-15 12:56:55.977 I/lowmemorykiller( 515): Kill 'com.android.launcher3' (18022), uid 10074, oom_score_adj 0 to free 71200kB rss, 2544kb swap
06-15 12:56:55.978 I/lowmemorykiller( 515): Reclaimed 71200kB at oom_score_adj 0
06-15 12:56:55.978 I/lowmemorykiller( 515): Suppressed 2 failed kill reports
06-15 12:56:56.012 I/Zygote ( 687): Process 18022 exited due to signal 9 (Killed)
06-15 12:56:56.014 I/[ 7231.400733] oom_reaper( 0): reaped process 18022 (droid.launcher3), now anon-rss:0kB, file-rss:0kB, shmem-rss:380kB
06-15 12:56:56.014 I/ActivityManager( 1357): Process com.android.launcher3 (pid 18022) has died: fg TOP
06-15 12:56:56.015 I/libprocessgroup( 1357): Successfully killed process cgroup uid 10074 pid 18022 in 0ms
