06-15 12:56:38.375 V/NotificationAssistants( 1357): 0 notification assistant connection lost: ComponentInfo{android.ext.services/android.ext.services.notification.Assistant}
06-15 12:56:38.375 I/ActivityManager( 1357): Process android.ext.services (pid 3205) has died: vis BFGS
06-15 12:56:38.376 W/AutofillManagerServiceImpl( 1357): remote service died: RemoteInlineSuggestionRenderService[ComponentInfo{android.ext.services/android.ext.services.autofill.InlineSuggestionRenderServiceImpl} 134806793 (unbound)]
06-15 12:56:38.376 W/AutofillManagerServiceImpl( 1357): remote service died: RemoteInlineSuggestionRenderService[ComponentInfo{android.ext.services/android.ext.services.autofill.InlineSuggestionRenderServiceImpl} 115518222 (unbound)]
06-15 12:56:38.376 W/AutofillManagerServiceImpl( 1357): remote service died: RemoteInlineSuggestionRenderService[ComponentInfo{android.ext.services/android.ext.services.autofill.InlineSuggestionRenderServiceImpl} 158681391 (unbound)]
06-15 12:56:38.376 W/AutofillManagerServiceImpl( 1357): remote service died: RemoteInlineSuggestionRenderService[ComponentInfo{android.ext.services/android.ext.services.autofill.InlineSuggestionRenderServiceImpl} 211200828 (unbound)]
06-15 12:56:38.376 W/AutofillManagerServiceImpl( 1357): remote service died: RemoteInlineSuggestionRenderService[ComponentInfo{android.ext.services/android.ext.services.autofill.InlineSuggestionRenderServiceImpl} 12280005 (unbound)]
06-15 12:56:38.377 W/ActivityManager( 1357): Scheduling restart of crashed service android.ext.services/.notification.Assistant in 69517ms for connection
06-15 12:56:38.377 W/ActivityManager( 1357): Scheduling restart of crashed service android.ext.services/.autofill.InlineSuggestionRenderServiceImpl in 79517ms for connection
06-15 12:56:38.379 I/ActivityManager( 1357): Start proc 13796:com.android.launcher3/u0a74 for service {com.android.launcher3/com.android.quickstep.TouchInteractionService}
06-15 12:56:38.427 I/[ 7213.787979] oom_reaper( 0): reaped process 11221 (webview_service), now anon-rss:0kB, file-rss:0kB, shmem-rss:420kB
06-15 12:56:38.433 I/[ 7213.794456] binder( 0): 13796:13796 ioctl 40046210 7fcde88de4 returned -22
06-15 12:56:38.435 I/ActivityManager( 1357): Process com.android.webview:webview_service (pid 11221) has died: vis FGS
06-15 12:56:38.436 W/ActivityManager( 1357): Scheduling restart of crashed service com.android.webview/org.chromium.android_webview.services.MetricsUploadService in 89458ms for connection
06-15 12:56:38.443 I/ActivityManager( 1357): Process com.ss.android.ugc.aweme:sandboxed_process1 (pid 8898) has died: fg SVC
06-15 12:56:38.539 I/[ 7213.898158] oom_reaper( 0): reaped process 13232 (cent.tmgp.sgame), now anon-rss:0kB, file-rss:8056kB, shmem-rss:488kB
06-15 12:56:38.556 I/ActivityManager( 1357): Process com.tencent.tmgp.sgame (pid 13232) has died: fg TOP
06-15 12:56:38.558 W/ActivityTaskManager( 1357): Force removing ActivityRecord{290bbac u0 com.tencent.tmgp.sgame/.SGameActivity taskAffinity=10094:com.tencent.tmgp.sgame t32}: app died, no saved state
06-15 12:56:38.560 D/PowerManagerService( 1357): releaseWakeLockInternal: lock=86286248 [WindowManager], flags=0x0
06-15 12:56:38.560 D/PowerManagerNotifier( 1357): onWakeLockReleased: flags=536870922, tag="WindowManager", packageName=android, ownerUid=1000, ownerPid=1357, workSource=WorkSource{10094}
06-15 12:56:38.560 D/PowerManagerService( 1357): userActivityNoUpdateLocked: groupId=0, eventTime=7213921, event=0, flags=0x1, uid=1000
06-15 12:56:38.561 D/PowerManagerNotifier( 1357): onUserActivity: event=0, uid=1000
06-15 12:56:38.561 D/PowerManagerService( 1357): updateWakeLockSummaryLocked: mWakefulness=Awake, mWakeLockSummary=0x1
06-15 12:56:38.561 D/PowerManagerService( 1357): updateUserActivitySummaryLocked: groupId=0, mWakefulness=Awake, mUserActivitySummary=0x1, nextTimeout=7268263 (in 54341 ms)
06-15 12:56:38.561 D/PowerManagerNotifier( 1357): onScreenPolicyUpdate: newPolicy=3
06-15 12:56:38.561 D/PowerManagerService( 1357): updateDisplayPowerStateLocked: displayReady=true, groupId=0, policy=BRIGHT, mWakefulness=Awake, mWakeLockSummary=0x1, mUserActivitySummary=0x1, mBootCompleted=true, screenBrightnessOverride=NaN, useAutoBrightness=true, mScreenBrightnessBoostInProgress=false, mIsVrModeEnabled= false, sQuiescent=false
06-15 12:56:38.563 I/[ 7213.922859] binder_alloc( 0): 13232: binder_alloc_buf, no vma
06-15 12:56:38.563 I/[ 7213.922866] binder( 0): 1357:1636 transaction failed 29189/-3, size 64-0 line 3240
06-15 12:56:38.567 I/ActivityTaskManager( 1357): FOREGROUND_APPLICATION_CHANGED to com.android.launcher3.uioverrides.QuickstepLauncher
06-15 12:56:38.568 I/ActivityTaskManager( 1357): The Process com.android.launcher3 Already Exists in BG. So sending its PID: 13796
06-15 12:56:38.570 D/CompatibilityChangeReporter( 1357): Compat change id reported: 174042980; UID 10074; state: DISABLED
06-15 12:56:38.570 D/CompatibilityChangeReporter( 1357): Compat change id reported: 181136395; UID 10074; state: DISABLED
06-15 12:56:38.571 D/CompatibilityChangeReporter( 1357): Compat change id reported: 174042936; UID 10074; state: DISABLED
06-15 12:56:38.571 D/CompatibilityChangeReporter( 1357): Compat change id reported: 184838306; UID 10074; state: DISABLED
06-15 12:56:38.573 D/CompatibilityChangeReporter( 1357): Compat change id reported: 185004937; UID 10074; state: DISABLED
06-15 12:56:38.576 W/ActivityTaskManager( 1357): Can't find TaskDisplayArea to determine support for multi window. Task id=32 attached=false
06-15 12:56:38.576 W/ActivityTaskManager( 1357): Can't find TaskDisplayArea to determine support for multi window. Task id=32 attached=false
06-15 12:56:38.583 W/WindowManager( 1357): Failed looking up window session=Session{d10bea5 13232:u0a10094} callers=com.android.server.wm.WindowManagerService.windowForClientLocked:5628 com.android.server.wm.WindowState$DeathRecipient.binderDied:3066 android.os.IBinder$DeathRecipient.binderDied:314
06-15 12:56:38.583 I/WindowManager( 1357): WIN DEATH: null
06-15 12:56:38.583 W/ActivityManager( 1357): setHasOverlayUi called on unknown pid: 13232
06-15 12:56:38.595 D/CompatibilityChangeReporter( 1357): Compat change id reported: 135634846; UID 10063; state: DISABLED
06-15 12:56:38.595 D/CompatibilityChangeReporter( 1357): Compat change id reported: 177438394; UID 10063; state: DISABLED
06-15 12:56:38.595 D/CompatibilityChangeReporter( 1357): Compat change id reported: 135772972; UID 10063; state: DISABLED
06-15 12:56:38.595 D/CompatibilityChangeReporter( 1357): Compat change id reported: 135754954; UID 10063; state: ENABLED
06-15 12:56:38.595 D/CompatibilityChangeReporter( 1357): Compat change id reported: 143937733; UID 10063; state: ENABLED
06-15 12:56:38.602 I/ActivityManager( 1357): Start proc 13830:com.thundercomm.gamemode.provider/u0a63 for content provider {com.thundercomm.gamemode.provider/com.thundercomm.gamemode.provider.SettingsProvider}
06-15 12:56:38.618 I/[ 7213.977200] binder( 0): 13830:13830 ioctl 40046210 7fcde88de4 returned -22
06-15 12:56:38.620 D/CompatibilityChangeReporter( 1357): Compat change id reported: 168419799; UID 10063; state: DISABLED
06-15 12:56:38.626 I/[ 7213.986907] binder( 0): 13796:13826 ioctl 40046210 728e226254 returned -22
06-15 12:56:38.754 I/[ 7214.108637] binder( 0): 31045:31197 transaction failed 29189/-22, size 300-8 line 3071
06-15 12:56:38.917 I/ActivityManager( 1357): Process com.ss.android.ugc.aweme (pid 13775) has died: fg SVC
06-15 12:56:38.936 I/ActivityManager( 1357): Process com.android.launcher3 (pid 13796) has died: fg TOP
06-15 12:56:38.937 W/ActivityManager( 1357): Scheduling restart of crashed service com.android.launcher3/com.android.quickstep.TouchInteractionService in 98957ms for connection
06-15 12:56:38.938 I/WindowManager( 1357): WIN DEATH: Window{baf932e u0 com.android.launcher3/com.android.launcher3.uioverrides.QuickstepLauncher}
06-15 12:56:38.947 D/CompatibilityChangeReporter( 1357): Compat change id reported: 135634846; UID 10074; state: DISABLED
06-15 12:56:38.947 D/CompatibilityChangeReporter( 1357): Compat change id reported: 177438394; UID 10074; state: DISABLED
06-15 12:56:38.947 D/CompatibilityChangeReporter( 1357): Compat change id reported: 135772972; UID 10074; state: DISABLED
06-15 12:56:38.947 D/CompatibilityChangeReporter( 1357): Compat change id reported: 135754954; UID 10074; state: ENABLED
06-15 12:56:38.948 D/CompatibilityChangeReporter( 1357): Compat change id reported: 143937733; UID 10074; state: ENABLED
06-15 12:56:38.958 I/ActivityManager( 1357): Start proc 13909:com.android.launcher3/u0a74 for top-activity {com.android.launcher3/com.android.launcher3.uioverrides.QuickstepLauncher}
06-15 12:56:38.980 D/CompatibilityChangeReporter( 1357): Compat change id reported: 135634846; UID 10027; state: DISABLED
06-15 12:56:38.981 D/CompatibilityChangeReporter( 1357): Compat change id reported: 177438394; UID 10027; state: DISABLED
06-15 12:56:38.981 D/CompatibilityChangeReporter( 1357): Compat change id reported: 135772972; UID 10027; state: DISABLED
06-15 12:56:38.981 D/CompatibilityChangeReporter( 1357): Compat change id reported: 135754954; UID 10027; state: DISABLED
06-15 12:56:38.982 D/CompatibilityChangeReporter( 1357): Compat change id reported: 143937733; UID 10027; state: DISABLED
06-15 12:56:38.995 I/[ 7214.354345] binder( 0): 13909:13909 ioctl 40046210 7fcde88de4 returned -22
06-15 12:56:39.003 I/ActivityManager( 1357): Start proc 13924:com.baidu.input/u0a27 for service {com.baidu.input/com.baidu.input.ImeService}
06-15 12:56:39.010 I/[ 7214.368912] oom_reaper( 0): reaped process 32118 (.ServiceProcess), now anon-rss:0kB, file-rss:80kB, shmem-rss:624kB
06-15 12:56:39.017 I/[ 7214.376228] binder( 0): 13924:13924 ioctl 40046210 7fcde88de4 returned -22
06-15 12:56:39.026 W/WindowManager( 1357): Failed to report 'resized' to Window{baf932e u0 com.android.launcher3/com.android.launcher3.uioverrides.QuickstepLauncher EXITING} due to android.os.DeadObjectException
06-15 12:56:39.059 I/[ 7214.419373] oom_reaper( 0): reaped process 31161 (ownloader:cloud), now anon-rss:0kB, file-rss:80kB, shmem-rss:524kB
06-15 12:56:39.064 I/ActivityManager( 1357): Process com.tencent.ilink.ServiceProcess (pid 32118) has died: fg FGS
06-15 12:56:39.066 W/ActivityManager( 1357): Scheduling restart of crashed service com.tencent.android.qqdownloader/com.tencent.luggage.services.WxaStartUpService in 1000ms for connection
06-15 12:56:39.069 D/CompatibilityChangeReporter( 1357): Compat change id reported: 135634846; UID 10117; state: DISABLED
06-15 12:56:39.069 D/CompatibilityChangeReporter( 1357): Compat change id reported: 177438394; UID 10117; state: DISABLED
06-15 12:56:39.069 D/CompatibilityChangeReporter( 1357): Compat change id reported: 135772972; UID 10117; state: DISABLED
06-15 12:56:39.069 D/CompatibilityChangeReporter( 1357): Compat change id reported: 135754954; UID 10117; state: DISABLED
06-15 12:56:39.069 D/CompatibilityChangeReporter( 1357): Compat change id reported: 143937733; UID 10117; state: DISABLED
06-15 12:56:39.083 I/ActivityManager( 1357): Start proc 13946:com.tencent.ilink.ServiceProcess/u0a117 for service {com.tencent.android.qqdownloader/com.tencent.luggage.services.WxaStartUpService}
06-15 12:56:39.090 I/ActivityManager( 1357): Process com.tencent.android.qqdownloader:cloud (pid 31161) has died: fg FGS
06-15 12:56:39.091 W/ActivityManager( 1357): Scheduling restart of crashed service com.tencent.android.qqdownloader/com.live.watermelon.service.SentryAlphaService in 1000ms for connection
06-15 12:56:39.104 I/[ 7214.464160] init( 0): Untracked pid 31352 received signal 9
06-15 12:56:39.098 I/ActivityManager( 1357): Force stopping com.tencent.android.qqdownloader appid=10117 user=0: start instr
06-15 12:56:39.099 I/ActivityManager( 1357): Killing 31113:com.tencent.android.qqdownloader/u0a117 (adj 0): stop com.tencent.android.qqdownloader due to start instr
06-15 12:56:39.107 I/[ 7214.465430] oom_reaper( 0): reaped process 31050 (Signal Catcher), now anon-rss:0kB, file-rss:844kB, shmem-rss:1448kB
06-15 12:56:39.107 I/ActivityManager( 1357): Killing 13946:com.tencent.ilink.ServiceProcess/u0a117 (adj -10000): stop com.tencent.android.qqdownloader due to start instr
06-15 12:56:39.108 I/ActivityManager( 1357): Killing 31045:com.tencent.android.qqdownloader:daemon/u0a117 (adj 0): stop com.tencent.android.qqdownloader due to start instr
06-15 12:56:39.109 I/ActivityManager( 1357): Killing 31436:com.android.webview:sandboxed_process0:org.chromium.content.app.SandboxedProcessService0:0/u0a117i4 (adj 0): isolated not needed
06-15 12:56:39.110 W/ActivityManager( 1357): Crash of app com.tencent.android.qqdownloader:daemon running instrumentation ComponentInfo{com.tencent.android.qqdownloader/com.live.watermelon.Instrumentation}
06-15 12:56:39.110 I/ActivityManager( 1357): Force stopping com.tencent.android.qqdownloader appid=10117 user=0: finished inst
06-15 12:56:39.110 I/ActivityManager( 1357): Force stopping service ServiceRecord{52a2cf u0 com.tencent.android.qqdownloader/com.tencent.assistant.syscomponent.MediaRouteProviderService2}
06-15 12:56:39.111 I/ActivityManager( 1357): Process PhantomProcessRecord {cf9e216 31352:31161:app_d/u0a117} died
06-15 12:56:39.111 W/ActivityManager( 1357): setHasOverlayUi called on unknown pid: 13796
06-15 12:56:39.114 I/[ 7214.474636] init( 0): Untracked pid 31203 exited with status 0
06-15 12:56:39.116 I/ActivityManager( 1357): Start proc 13964:com.tencent.android.qqdownloader:daemon/u0a117 for added application com.tencent.android.qqdownloader:daemon
06-15 12:56:39.122 I/ActivityManager( 1357): Start proc 13965:com.tencent.android.qqdownloader:live/u0a117 for service {com.tencent.android.qqdownloader/com.tencent.assistant.syscomponent.MediaRouteProviderService2}
06-15 12:56:39.131 W/[ 7214.488645] audit( 0): audit_lost=16836 audit_rate_limit=5 audit_backlog_limit=64
06-15 12:56:39.131 E/[ 7214.488647] audit( 0): rate limit exceeded
06-15 12:56:39.131 I/[ 7214.490151] binder( 0): 13964:13964 ioctl 40046210 7fcde88de4 returned -22
06-15 12:56:39.131 I/[ 7214.490278] binder( 0): 13909:13947 ioctl 40046210 7291538254 returned -22
06-15 12:56:39.139 I/[ 7214.498079] binder( 0): 13965:13965 ioctl 40046210 7fcde88de4 returned -22
06-15 12:56:39.174 V/ActivityManager( 1357): Got obituary of 31045:com.tencent.android.qqdownloader:daemon
06-15 12:56:39.183 I/[ 7214.540439] oom_reaper( 0): reaped process 13909 (droid.launcher3), now anon-rss:0kB, file-rss:88kB, shmem-rss:384kB
06-15 12:56:39.183 I/ActivityManager( 1357): Process com.android.launcher3 (pid 13909) has died: fg TOP
06-15 12:56:39.184 W/ActivityManager( 1357): Scheduling restart of crashed service com.android.launcher3/com.android.quickstep.TouchInteractionService in 1000ms for connection
06-15 12:56:39.187 D/CompatibilityChangeReporter( 1357): Compat change id reported: 135634846; UID 10074; state: DISABLED
06-15 12:56:39.187 D/CompatibilityChangeReporter( 1357): Compat change id reported: 177438394; UID 10074; state: DISABLED
06-15 12:56:39.187 D/CompatibilityChangeReporter( 1357): Compat change id reported: 135772972; UID 10074; state: DISABLED
06-15 12:56:39.187 D/CompatibilityChangeReporter( 1357): Compat change id reported: 135754954; UID 10074; state: ENABLED
06-15 12:56:39.189 D/CompatibilityChangeReporter( 1357): Compat change id reported: 143937733; UID 10074; state: ENABLED
06-15 12:56:39.199 I/ActivityManager( 1357): Start proc 14000:com.android.launcher3/u0a74 for top-activity {com.android.launcher3/com.android.launcher3.uioverrides.QuickstepLauncher}
06-15 12:56:39.211 I/[ 7214.572598] oom_reaper( 0): reaped process 13830 (memode.provider), now anon-rss:0kB, file-rss:0kB, shmem-rss:380kB
06-15 12:56:39.215 I/[ 7214.575870] binder( 0): 14000:14000 ioctl 40046210 7fcde88de4 returned -22
06-15 12:56:39.216 I/ActivityManager( 1357): Process com.thundercomm.gamemode.provider (pid 13830) has died: fg BFGS
06-15 12:56:39.218 I/ActivityThread( 2581): Removing dead content provider:android.content.ContentProviderProxy@b33d26e
06-15 12:56:39.235 V/ActivityManager( 1357): Got obituary of 31113:com.tencent.android.qqdownloader
06-15 12:56:39.236 I/[ 7214.597331] oom_reaper( 0): reaped process 13964 (wnloader:daemon), now anon-rss:0kB, file-rss:0kB, shmem-rss:380kB
06-15 12:56:39.237 I/ActivityManager( 1357): Process PhantomProcessRecord {22084d9 31203:31045:app_d/u0a117} died
06-15 12:56:39.239 I/ActivityManager( 1357): Process com.tencent.android.qqdownloader:daemon (pid 13964) has died: fg FGS
06-15 12:56:39.241 W/ActivityManager( 1357): Crash of app com.tencent.android.qqdownloader:daemon running instrumentation ComponentInfo{com.tencent.android.qqdownloader/com.live.watermelon.Instrumentation}
06-15 12:56:39.241 I/ActivityManager( 1357): Force stopping com.tencent.android.qqdownloader appid=10117 user=0: finished inst
06-15 12:56:39.242 I/ActivityManager( 1357): Killing 13965:com.tencent.android.qqdownloader:live/u0a117 (adj 0): stop com.tencent.android.qqdownloader due to finished inst
06-15 12:56:39.268 I/[ 7214.628863] oom_reaper( 0): reaped process 13965 (downloader:live), now anon-rss:0kB, file-rss:8kB, shmem-rss:380kB
06-15 12:56:39.269 W/ActivityManager( 1357): ProcessRecord{aaa09a2 0:com.tencent.android.qqdownloader:live/u0a117} is attached to a previous process 13965
06-15 12:56:39.270 D/CompatibilityChangeReporter( 1357): Compat change id reported: 135634846; UID 10117; state: DISABLED
06-15 12:56:39.270 D/CompatibilityChangeReporter( 1357): Compat change id reported: 177438394; UID 10117; state: DISABLED
06-15 12:56:39.270 D/CompatibilityChangeReporter( 1357): Compat change id reported: 135772972; UID 10117; state: DISABLED
06-15 12:56:39.270 D/CompatibilityChangeReporter( 1357): Compat change id reported: 135754954; UID 10117; state: DISABLED
06-15 12:56:39.271 V/ActivityManager( 1357): Got obituary of 13965:com.tencent.android.qqdownloader:live
06-15 12:56:39.271 D/CompatibilityChangeReporter( 1357): Compat change id reported: 143937733; UID 10117; state: DISABLED
06-15 12:56:39.277 I/ActivityManager( 1357): Start proc 14023:com.tencent.android.qqdownloader:live/u0a117 for service {com.tencent.android.qqdownloader/com.tencent.assistant.syscomponent.MediaRouteProviderService2}
06-15 12:56:39.291 I/[ 7214.651165] oom_reaper( 0): reaped process 13924 (com.baidu.input), now anon-rss:0kB, file-rss:0kB, shmem-rss:380kB
06-15 12:56:39.295 I/[ 7214.653866] binder( 0): 14023:14023 ioctl 40046210 7fcde88de4 returned -22
06-15 12:56:39.295 E/KernelCpuSpeedReader( 1357): Failed to read cpu-freq: /sys/devices/system/cpu/cpu4/cpufreq/stats/time_in_state: open failed: ENOENT (No such file or directory)
06-15 12:56:39.295 E/KernelCpuSpeedReader( 1357): Failed to read cpu-freq: /sys/devices/system/cpu/cpu0/cpufreq/stats/time_in_state: open failed: ENOENT (No such file or directory)
06-15 12:56:39.306 I/ActivityManager( 1357): Process com.baidu.input (pid 13924) has died: fg IMPB
06-15 12:56:39.307 W/ActivityManager( 1357): Scheduling restart of crashed service com.baidu.input/.ImeService in 4000ms for connection
06-15 12:56:39.328 I/[ 7214.688251] oom_reaper( 0): reaped process 14000 (droid.launcher3), now anon-rss:0kB, file-rss:0kB, shmem-rss:388kB
06-15 12:56:39.331 I/ActivityManager( 1357): Process com.android.launcher3 (pid 14000) has died: fg TOP
06-15 12:56:39.332 W/ActivityManager( 1357): Scheduling restart of crashed service com.android.launcher3/com.android.quickstep.TouchInteractionService in 28562ms for connection
06-15 12:56:39.335 D/CompatibilityChangeReporter( 1357): Compat change id reported: 135634846; UID 10074; state: DISABLED
06-15 12:56:39.335 D/CompatibilityChangeReporter( 1357): Compat change id reported: 177438394; UID 10074; state: DISABLED
06-15 12:56:39.335 D/CompatibilityChangeReporter( 1357): Compat change id reported: 135772972; UID 10074; state: DISABLED
06-15 12:56:39.335 D/CompatibilityChangeReporter( 1357): Compat change id reported: 135754954; UID 10074; state: ENABLED
06-15 12:56:39.335 D/CompatibilityChangeReporter( 1357): Compat change id reported: 143937733; UID 10074; state: ENABLED
06-15 12:56:39.342 I/ActivityManager( 1357): Start proc 14046:com.android.launcher3/u0a74 for top-activity {com.android.launcher3/com.android.launcher3.uioverrides.QuickstepLauncher}
06-15 12:56:39.356 I/[ 7214.716403] oom_reaper( 0): reaped process 14023 (downloader:live), now anon-rss:0kB, file-rss:0kB, shmem-rss:380kB
06-15 12:56:39.357 I/[ 7214.717537] binder( 0): 14046:14046 ioctl 40046210 7fcde88de4 returned -22
06-15 12:56:39.363 I/ActivityManager( 1357): Process com.tencent.android.qqdownloader:live (pid 14023) has died: fg BFGS
06-15 12:56:39.364 W/ActivityManager( 1357): Scheduling restart of crashed service com.tencent.android.qqdownloader/com.tencent.assistant.syscomponent.MediaRouteProviderService2 in 28530ms for connection
06-15 12:56:39.403 I/ActivityManager( 1357): Process com.android.launcher3 (pid 14046) has died: fg TOP
06-15 12:56:39.403 W/ActivityManager( 1357): Scheduling restart of crashed service com.android.launcher3/com.android.quickstep.TouchInteractionService in 114248ms for connection
06-15 12:56:39.405 D/CompatibilityChangeReporter( 1357): Compat change id reported: 135634846; UID 10074; state: DISABLED
06-15 12:56:39.405 D/CompatibilityChangeReporter( 1357): Compat change id reported: 177438394; UID 10074; state: DISABLED
06-15 12:56:39.405 D/CompatibilityChangeReporter( 1357): Compat change id reported: 135772972; UID 10074; state: DISABLED
06-15 12:56:39.405 D/CompatibilityChangeReporter( 1357): Compat change id reported: 135754954; UID 10074; state: ENABLED
06-15 12:56:39.406 D/CompatibilityChangeReporter( 1357): Compat change id reported: 143937733; UID 10074; state: ENABLED
06-15 12:56:39.411 I/ActivityManager( 1357): Start proc 14072:com.android.launcher3/u0a74 for top-activity {com.android.launcher3/com.android.launcher3.uioverrides.QuickstepLauncher}
06-15 12:56:39.427 I/[ 7214.787254] binder( 0): 14072:14072 ioctl 40046210 7fcde88de4 returned -22
06-15 12:56:39.455 E/[ 7214.800870] [MAX975X( 0): max96755x_vc1_lcd_dtc_check] *ERROR* DTC_Display: screen not ready(0), bl_sta(1), lvl(20)
06-15 12:56:39.474 I/[ 7214.835559] oom_reaper( 0): reaped process 14072 (droid.launcher3), now anon-rss:0kB, file-rss:0kB, shmem-rss:380kB
06-15 12:56:39.479 I/ActivityManager( 1357): Process com.android.launcher3 (pid 14072) has died: fg TOP
06-15 12:56:39.479 W/ActivityManager( 1357): Scheduling restart of crashed service com.android.launcher3/com.android.quickstep.TouchInteractionService in 456992ms for connection
06-15 12:56:39.481 D/CompatibilityChangeReporter( 1357): Compat change id reported: 135634846; UID 10074; state: DISABLED
06-15 12:56:39.481 D/CompatibilityChangeReporter( 1357): Compat change id reported: 177438394; UID 10074; state: DISABLED
06-15 12:56:39.481 D/CompatibilityChangeReporter( 1357): Compat change id reported: 135772972; UID 10074; state: DISABLED
06-15 12:56:39.481 D/CompatibilityChangeReporter( 1357): Compat change id reported: 135754954; UID 10074; state: ENABLED
06-15 12:56:39.481 D/CompatibilityChangeReporter( 1357): Compat change id reported: 143937733; UID 10074; state: ENABLED
06-15 12:56:39.485 I/ActivityManager( 1357): Start proc 14089:com.android.launcher3/u0a74 for top-activity {com.android.launcher3/com.android.launcher3.uioverrides.QuickstepLauncher}
06-15 12:56:39.495 I/[ 7214.855414] binder( 0): 14089:14089 ioctl 40046210 7fcde88de4 returned -22
06-15 12:56:39.542 I/[ 7214.903169] oom_reaper( 0): reaped process 14089 (droid.launcher3), now anon-rss:0kB, file-rss:0kB, shmem-rss:380kB
06-15 12:56:39.544 I/ActivityManager( 1357): Process com.android.launcher3 (pid 14089) has died: fg TOP
06-15 12:56:39.545 W/ActivityManager( 1357): Scheduling restart of crashed service com.android.launcher3/com.android.quickstep.TouchInteractionService in 1827968ms for connection
06-15 12:56:39.548 D/CompatibilityChangeReporter( 1357): Compat change id reported: 135634846; UID 10074; state: DISABLED
06-15 12:56:39.548 D/CompatibilityChangeReporter( 1357): Compat change id reported: 177438394; UID 10074; state: DISABLED
06-15 12:56:39.548 D/CompatibilityChangeReporter( 1357): Compat change id reported: 135772972; UID 10074; state: DISABLED
06-15 12:56:39.548 D/CompatibilityChangeReporter( 1357): Compat change id reported: 135754954; UID 10074; state: ENABLED
06-15 12:56:39.548 D/CompatibilityChangeReporter( 1357): Compat change id reported: 143937733; UID 10074; state: ENABLED
06-15 12:56:39.554 I/ActivityManager( 1357): Start proc 14107:com.android.launcher3/u0a74 for top-activity {com.android.launcher3/com.android.launcher3.uioverrides.QuickstepLauncher}
06-15 12:56:39.567 I/[ 7214.927305] binder( 0): 14107:14107 ioctl 40046210 7fcde88de4 returned -22
06-15 12:56:39.663 I/[ 7215.022089] oom_reaper( 0): reaped process 14107 (droid.launcher3), now anon-rss:0kB, file-rss:0kB, shmem-rss:384kB
06-15 12:56:39.663 I/[ 7215.024114] binder( 0): undelivered TRANSACTION_COMPLETE
06-15 12:56:39.663 I/ActivityManager( 1357): Process com.android.launcher3 (pid 14107) has died: fg TOP
06-15 12:56:39.664 W/ActivityManager( 1357): Scheduling restart of crashed service com.android.launcher3/com.android.quickstep.TouchInteractionService in 7311872ms for connection
06-15 12:56:39.669 D/CompatibilityChangeReporter( 1357): Compat change id reported: 135634846; UID 10074; state: DISABLED
06-15 12:56:39.669 D/CompatibilityChangeReporter( 1357): Compat change id reported: 177438394; UID 10074; state: DISABLED
06-15 12:56:39.669 D/CompatibilityChangeReporter( 1357): Compat change id reported: 135772972; UID 10074; state: DISABLED
06-15 12:56:39.669 D/CompatibilityChangeReporter( 1357): Compat change id reported: 135754954; UID 10074; state: ENABLED
06-15 12:56:39.669 D/CompatibilityChangeReporter( 1357): Compat change id reported: 143937733; UID 10074; state: ENABLED
06-15 12:56:39.676 I/ActivityManager( 1357): Start proc 14130:com.android.launcher3/u0a74 for top-activity {com.android.launcher3/com.android.launcher3.uioverrides.QuickstepLauncher}
06-15 12:56:39.691 I/[ 7215.050538] binder( 0): 14130:14130 ioctl 40046210 7fcde88de4 returned -22
06-15 12:56:39.754 I/[ 7215.115234] oom_reaper( 0): reaped process 14130 (droid.launcher3), now anon-rss:0kB, file-rss:0kB, shmem-rss:380kB
06-15 12:56:39.759 I/[ 7215.120099] binder( 0): undelivered TRANSACTION_COMPLETE
06-15 12:56:39.759 I/ActivityManager( 1357): Process com.android.launcher3 (pid 14130) has died: fg TOP
06-15 12:56:39.760 W/ActivityManager( 1357): Scheduling restart of crashed service com.android.launcher3/com.android.quickstep.TouchInteractionService in 29247488ms for connection
06-15 12:56:39.764 D/CompatibilityChangeReporter( 1357): Compat change id reported: 135634846; UID 10074; state: DISABLED
06-15 12:56:39.764 D/CompatibilityChangeReporter( 1357): Compat change id reported: 177438394; UID 10074; state: DISABLED
06-15 12:56:39.764 D/CompatibilityChangeReporter( 1357): Compat change id reported: 135772972; UID 10074; state: DISABLED
06-15 12:56:39.764 D/CompatibilityChangeReporter( 1357): Compat change id reported: 135754954; UID 10074; state: ENABLED
06-15 12:56:39.765 D/CompatibilityChangeReporter( 1357): Compat change id reported: 143937733; UID 10074; state: ENABLED
06-15 12:56:39.771 I/ActivityManager( 1357): Start proc 14150:com.android.launcher3/u0a74 for top-activity {com.android.launcher3/com.android.launcher3.uioverrides.QuickstepLauncher}
06-15 12:56:39.786 I/[ 7215.144599] binder( 0): 14150:14150 ioctl 40046210 7fcde88de4 returned -22
06-15 12:56:39.847 I/[ 7215.204375] oom_reaper( 0): reaped process 14150 (droid.launcher3), now anon-rss:0kB, file-rss:0kB, shmem-rss:380kB
06-15 12:56:39.846 I/ActivityManager( 1357): Process com.android.launcher3 (pid 14150) has died: fg TOP
06-15 12:56:39.847 W/ActivityManager( 1357): Scheduling restart of crashed service com.android.launcher3/com.android.quickstep.TouchInteractionService in 116989952ms for connection
06-15 12:56:39.853 D/CompatibilityChangeReporter( 1357): Compat change id reported: 135634846; UID 10074; state: DISABLED
06-15 12:56:39.854 D/CompatibilityChangeReporter( 1357): Compat change id reported: 177438394; UID 10074; state: DISABLED
06-15 12:56:39.854 D/CompatibilityChangeReporter( 1357): Compat change id reported: 135772972; UID 10074; state: DISABLED
06-15 12:56:39.854 D/CompatibilityChangeReporter( 1357): Compat change id reported: 135754954; UID 10074; state: ENABLED
06-15 12:56:39.854 D/CompatibilityChangeReporter( 1357): Compat change id reported: 143937733; UID 10074; state: ENABLED
06-15 12:56:39.859 I/ActivityManager( 1357): Start proc 14168:com.android.launcher3/u0a74 for top-activity {com.android.launcher3/com.android.launcher3.uioverrides.QuickstepLauncher}
06-15 12:56:39.875 I/[ 7215.232509] binder( 0): 14168:14168 ioctl 40046210 7fcde88de4 returned -22
06-15 12:56:39.930 I/[ 7215.291722] oom_reaper( 0): reaped process 14168 (droid.launcher3), now anon-rss:0kB, file-rss:0kB, shmem-rss:380kB
06-15 12:56:39.934 I/[ 7215.293352] binder_alloc( 0): 14168: binder_alloc_buf, no vma
06-15 12:56:39.935 I/[ 7215.293355] binder( 0): 1357:15230 transaction failed 29189/-3, size 1336-0 line 3240
06-15 12:56:39.935 I/[ 7215.293363] binder( 0): send failed reply for transaction 6723155 to 14168:14168
06-15 12:56:39.935 I/[ 7215.296116] binder( 0): undelivered TRANSACTION_COMPLETE
06-15 12:56:39.935 I/[ 7215.296117] binder( 0): undelivered TRANSACTION_ERROR: 29189
06-15 12:56:39.935 I/ActivityManager( 1357): Process com.android.launcher3 (pid 14168) has died: fg TOP
06-15 12:56:39.937 W/ActivityManager( 1357): Scheduling restart of crashed service com.android.launcher3/com.android.quickstep.TouchInteractionService in 467959808ms for connection
06-15 12:56:39.941 D/CompatibilityChangeReporter( 1357): Compat change id reported: 135634846; UID 10074; state: DISABLED
06-15 12:56:39.941 D/CompatibilityChangeReporter( 1357): Compat change id reported: 177438394; UID 10074; state: DISABLED
06-15 12:56:39.941 D/CompatibilityChangeReporter( 1357): Compat change id reported: 135772972; UID 10074; state: DISABLED
06-15 12:56:39.941 D/CompatibilityChangeReporter( 1357): Compat change id reported: 135754954; UID 10074; state: ENABLED
06-15 12:56:39.941 D/CompatibilityChangeReporter( 1357): Compat change id reported: 143937733; UID 10074; state: ENABLED
06-15 12:56:39.947 I/ActivityManager( 1357): Start proc 14186:com.android.launcher3/u0a74 for top-activity {com.android.launcher3/com.android.launcher3.uioverrides.QuickstepLauncher}
06-15 12:56:39.963 I/[ 7215.322938] binder( 0): 14186:14186 ioctl 40046210 7fcde88de4 returned -22
06-15 12:56:40.022 I/[ 7215.383862] oom_reaper( 0): reaped process 14186 (droid.launcher3), now anon-rss:0kB, file-rss:0kB, shmem-rss:380kB
06-15 12:56:40.027 I/ActivityManager( 1357): Process com.android.launcher3 (pid 14186) has died: fg TOP
06-15 12:56:40.028 W/ActivityManager( 1357): Scheduling restart of crashed service com.android.launcher3/com.android.quickstep.TouchInteractionService in 1871839232ms for connection
06-15 12:56:40.033 D/CompatibilityChangeReporter( 1357): Compat change id reported: 135634846; UID 10074; state: DISABLED
06-15 12:56:40.033 D/CompatibilityChangeReporter( 1357): Compat change id reported: 177438394; UID 10074; state: DISABLED
06-15 12:56:40.033 D/CompatibilityChangeReporter( 1357): Compat change id reported: 135772972; UID 10074; state: DISABLED
06-15 12:56:40.033 D/CompatibilityChangeReporter( 1357): Compat change id reported: 135754954; UID 10074; state: ENABLED
06-15 12:56:40.033 D/CompatibilityChangeReporter( 1357): Compat change id reported: 143937733; UID 10074; state: ENABLED
06-15 12:56:40.041 I/ActivityManager( 1357): Start proc 14206:com.android.launcher3/u0a74 for top-activity {com.android.launcher3/com.android.launcher3.uioverrides.QuickstepLauncher}
06-15 12:56:40.055 I/[ 7215.416294] binder( 0): 14206:14206 ioctl 40046210 7fcde88de4 returned -22
06-15 12:56:40.106 I/[ 7215.467439] oom_reaper( 0): reaped process 14206 (droid.launcher3), now anon-rss:0kB, file-rss:0kB, shmem-rss:380kB
06-15 12:56:40.111 I/ActivityManager( 1357): Process com.android.launcher3 (pid 14206) has died: fg TOP
06-15 12:56:40.112 W/ActivityManager( 1357): Scheduling restart of crashed service com.android.launcher3/com.android.quickstep.TouchInteractionService in 7487356928ms for connection
06-15 12:56:40.117 D/CompatibilityChangeReporter( 1357): Compat change id reported: 135634846; UID 10074; state: DISABLED
06-15 12:56:40.117 D/CompatibilityChangeReporter( 1357): Compat change id reported: 177438394; UID 10074; state: DISABLED
06-15 12:56:40.117 D/CompatibilityChangeReporter( 1357): Compat change id reported: 135772972; UID 10074; state: DISABLED
06-15 12:56:40.117 D/CompatibilityChangeReporter( 1357): Compat change id reported: 135754954; UID 10074; state: ENABLED
06-15 12:56:40.118 D/CompatibilityChangeReporter( 1357): Compat change id reported: 143937733; UID 10074; state: ENABLED
06-15 12:56:40.124 I/ActivityManager( 1357): Start proc 14224:com.android.launcher3/u0a74 for top-activity {com.android.launcher3/com.android.launcher3.uioverrides.QuickstepLauncher}
06-15 12:56:40.139 I/[ 7215.500524] binder( 0): 14224:14224 ioctl 40046210 7fcde88de4 returned -22
06-15 12:56:40.198 I/[ 7215.559695] oom_reaper( 0): reaped process 14224 (droid.launcher3), now anon-rss:0kB, file-rss:0kB, shmem-rss:380kB
06-15 12:56:40.203 I/ActivityManager( 1357): Process com.android.launcher3 (pid 14224) has died: fg TOP
06-15 12:56:40.204 W/ActivityManager( 1357): Scheduling restart of crashed service com.android.launcher3/com.android.quickstep.TouchInteractionService in 29949427712ms for connection
06-15 12:56:40.206 D/CompatibilityChangeReporter( 1357): Compat change id reported: 135634846; UID 10074; state: DISABLED
06-15 12:56:40.207 D/CompatibilityChangeReporter( 1357): Compat change id reported: 177438394; UID 10074; state: DISABLED
06-15 12:56:40.207 D/CompatibilityChangeReporter( 1357): Compat change id reported: 135772972; UID 10074; state: DISABLED
06-15 12:56:40.207 D/CompatibilityChangeReporter( 1357): Compat change id reported: 135754954; UID 10074; state: ENABLED
06-15 12:56:40.207 D/CompatibilityChangeReporter( 1357): Compat change id reported: 143937733; UID 10074; state: ENABLED
06-15 12:56:40.213 I/ActivityManager( 1357): Start proc 14243:com.android.launcher3/u0a74 for top-activity {com.android.launcher3/com.android.launcher3.uioverrides.QuickstepLauncher}
06-15 12:56:40.227 I/[ 7215.585523] binder( 0): 14243:14243 ioctl 40046210 7fcde88de4 returned -22
06-15 12:56:40.278 I/[ 7215.639638] oom_reaper( 0): reaped process 14243 (droid.launcher3), now anon-rss:0kB, file-rss:0kB, shmem-rss:380kB
06-15 12:56:40.283 I/ActivityManager( 1357): Process com.android.launcher3 (pid 14243) has died: fg TOP
06-15 12:56:40.284 W/ActivityManager( 1357): Scheduling restart of crashed service com.android.launcher3/com.android.quickstep.TouchInteractionService in 119797710848ms for connection
06-15 12:56:40.291 D/CompatibilityChangeReporter( 1357): Compat change id reported: 135634846; UID 10074; state: DISABLED
06-15 12:56:40.291 D/CompatibilityChangeReporter( 1357): Compat change id reported: 177438394; UID 10074; state: DISABLED
06-15 12:56:40.291 D/CompatibilityChangeReporter( 1357): Compat change id reported: 135772972; UID 10074; state: DISABLED
06-15 12:56:40.292 D/CompatibilityChangeReporter( 1357): Compat change id reported: 135754954; UID 10074; state: ENABLED
06-15 12:56:40.292 D/CompatibilityChangeReporter( 1357): Compat change id reported: 143937733; UID 10074; state: ENABLED
06-15 12:56:40.300 I/ActivityManager( 1357): Start proc 14260:com.android.launcher3/u0a74 for top-activity {com.android.launcher3/com.android.launcher3.uioverrides.QuickstepLauncher}
06-15 12:56:40.322 I/[ 7215.681505] binder( 0): 14260:14260 ioctl 40046210 7fcde88de4 returned -22
06-15 12:56:40.375 I/[ 7215.735496] oom_reaper( 0): reaped process 14260 (droid.launcher3), now anon-rss:0kB, file-rss:0kB, shmem-rss:380kB
06-15 12:56:40.379 I/[ 7215.740107] binder( 0): undelivered TRANSACTION_COMPLETE
06-15 12:56:40.379 I/ActivityManager( 1357): Process com.android.launcher3 (pid 14260) has died: fg TOP
06-15 12:56:40.380 W/ActivityManager( 1357): Scheduling restart of crashed service com.android.launcher3/com.android.quickstep.TouchInteractionService in 479190843392ms for connection
06-15 12:56:40.383 D/CompatibilityChangeReporter( 1357): Compat change id reported: 135634846; UID 10074; state: DISABLED
06-15 12:56:40.384 D/CompatibilityChangeReporter( 1357): Compat change id reported: 177438394; UID 10074; state: DISABLED
06-15 12:56:40.384 D/CompatibilityChangeReporter( 1357): Compat change id reported: 135772972; UID 10074; state: DISABLED
06-15 12:56:40.384 D/CompatibilityChangeReporter( 1357): Compat change id reported: 135754954; UID 10074; state: ENABLED
06-15 12:56:40.384 D/CompatibilityChangeReporter( 1357): Compat change id reported: 143937733; UID 10074; state: ENABLED
06-15 12:56:40.390 D/PowerManagerService( 1357): releaseWakeLockInternal: lock=197055575 [AudioMix], flags=0x0
06-15 12:56:40.390 D/PowerManagerNotifier( 1357): onWakeLockReleased: flags=1, tag="AudioMix", packageName=audioserver, ownerUid=1041, ownerPid=0, workSource=null
06-15 12:56:40.390 D/PowerManagerService( 1357): updateWakeLockSummaryLocked: mWakefulness=Awake, mWakeLockSummary=0x1
06-15 12:56:40.390 D/PowerManagerService( 1357): updateUserActivitySummaryLocked: groupId=0, mWakefulness=Awake, mUserActivitySummary=0x1, nextTimeout=7268263 (in 52512 ms)
06-15 12:56:40.390 D/PowerManagerNotifier( 1357): onScreenPolicyUpdate: newPolicy=3
06-15 12:56:40.390 D/PowerManagerService( 1357): updateDisplayPowerStateLocked: displayReady=true, groupId=0, policy=BRIGHT, mWakefulness=Awake, mWakeLockSummary=0x1, mUserActivitySummary=0x1, mBootCompleted=true, screenBrightnessOverride=NaN, useAutoBrightness=true, mScreenBrightnessBoostInProgress=false, mIsVrModeEnabled= false, sQuiescent=false
06-15 12:56:40.392 I/ActivityManager( 1357): Start proc 14280:com.android.launcher3/u0a74 for top-activity {com.android.launcher3/com.android.launcher3.uioverrides.QuickstepLauncher}
06-15 12:56:40.411 W/[ 7215.768723] audit( 0): audit_lost=16841 audit_rate_limit=5 audit_backlog_limit=64
06-15 12:56:40.411 E/[ 7215.768726] audit( 0): rate limit exceeded
06-15 12:56:40.411 I/[ 7215.769515] binder( 0): 14280:14280 ioctl 40046210 7fcde88de4 returned -22
06-15 12:56:40.423 I/[ 7215.781122] afe_close( 0): port_id = 0x9000
06-15 12:56:40.454 I/[ 7215.814106] oom_reaper( 0): reaped process 14280 (droid.launcher3), now anon-rss:0kB, file-rss:0kB, shmem-rss:380kB
06-15 12:56:40.454 D/PowerManagerService( 1357): releaseWakeLockInternal: lock=84218485 [AudioMix], flags=0x0
06-15 12:56:40.454 D/PowerManagerNotifier( 1357): onWakeLockReleased: flags=1, tag="AudioMix", packageName=audioserver, ownerUid=1041, ownerPid=0, workSource=null
06-15 12:56:40.455 D/PowerManagerService( 1357): updateWakeLockSummaryLocked: mWakefulness=Awake, mWakeLockSummary=0x0
06-15 12:56:40.455 D/PowerManagerService( 1357): updateUserActivitySummaryLocked: groupId=0, mWakefulness=Awake, mUserActivitySummary=0x1, nextTimeout=7268263 (in 52447 ms)
06-15 12:56:40.455 D/PowerManagerNotifier( 1357): onScreenPolicyUpdate: newPolicy=3
06-15 12:56:40.455 D/PowerManagerService( 1357): updateDisplayPowerStateLocked: displayReady=true, groupId=0, policy=BRIGHT, mWakefulness=Awake, mWakeLockSummary=0x0, mUserActivitySummary=0x1, mBootCompleted=true, screenBrightnessOverride=NaN, useAutoBrightness=true, mScreenBrightnessBoostInProgress=false, mIsVrModeEnabled= false, sQuiescent=false
06-15 12:56:40.455 D/PowerManagerService( 1357): Releasing suspend blocker "PowerManagerService.WakeLocks".
06-15 12:56:40.463 I/ActivityManager( 1357): Process com.android.launcher3 (pid 14280) has died: fg TOP
06-15 12:56:40.464 W/ActivityManager( 1357): Scheduling restart of crashed service com.android.launcher3/com.android.quickstep.TouchInteractionService in 1916763373568ms for connection
06-15 12:56:40.468 D/CompatibilityChangeReporter( 1357): Compat change id reported: 135634846; UID 10074; state: DISABLED
06-15 12:56:40.468 D/CompatibilityChangeReporter( 1357): Compat change id reported: 177438394; UID 10074; state: DISABLED
06-15 12:56:40.468 D/CompatibilityChangeReporter( 1357): Compat change id reported: 135772972; UID 10074; state: DISABLED
06-15 12:56:40.468 D/CompatibilityChangeReporter( 1357): Compat change id reported: 135754954; UID 10074; state: ENABLED
06-15 12:56:40.468 D/CompatibilityChangeReporter( 1357): Compat change id reported: 143937733; UID 10074; state: ENABLED
06-15 12:56:40.476 I/ActivityManager( 1357): Start proc 14298:com.android.launcher3/u0a74 for top-activity {com.android.launcher3/com.android.launcher3.uioverrides.QuickstepLauncher}
06-15 12:56:40.499 I/[ 7215.857034] binder( 0): 14298:14298 ioctl 40046210 7fcde88de4 returned -22
06-15 12:56:40.559 I/[ 7215.918065] oom_reaper( 0): reaped process 14298 (droid.launcher3), now anon-rss:0kB, file-rss:0kB, shmem-rss:380kB
06-15 12:56:40.563 I/[ 7215.924154] binder( 0): undelivered TRANSACTION_COMPLETE
06-15 12:56:40.563 I/ActivityManager( 1357): Process com.android.launcher3 (pid 14298) has died: fg TOP
06-15 12:56:40.564 W/ActivityManager( 1357): Scheduling restart of crashed service com.android.launcher3/com.android.quickstep.TouchInteractionService in 7667053494272ms for connection
06-15 12:56:40.569 D/CompatibilityChangeReporter( 1357): Compat change id reported: 135634846; UID 10074; state: DISABLED
06-15 12:56:40.570 D/CompatibilityChangeReporter( 1357): Compat change id reported: 177438394; UID 10074; state: DISABLED
06-15 12:56:40.570 D/CompatibilityChangeReporter( 1357): Compat change id reported: 135772972; UID 10074; state: DISABLED
06-15 12:56:40.570 D/CompatibilityChangeReporter( 1357): Compat change id reported: 135754954; UID 10074; state: ENABLED
06-15 12:56:40.571 D/CompatibilityChangeReporter( 1357): Compat change id reported: 143937733; UID 10074; state: ENABLED
06-15 12:56:40.580 I/ActivityManager( 1357): Start proc 14316:com.android.launcher3/u0a74 for top-activity {com.android.launcher3/com.android.launcher3.uioverrides.QuickstepLauncher}
06-15 12:56:40.599 I/[ 7215.957370] binder( 0): 14316:14316 ioctl 40046210 7fcde88de4 returned -22
06-15 12:56:40.638 I/ActivityManager( 1357): Process com.android.launcher3 (pid 14316) has died: fg TOP
06-15 12:56:40.639 W/ActivityManager( 1357): Scheduling restart of crashed service com.android.launcher3/com.android.quickstep.TouchInteractionService in 30668213977088ms for connection
06-15 12:56:40.642 D/CompatibilityChangeReporter( 1357): Compat change id reported: 135634846; UID 10074; state: DISABLED
06-15 12:56:40.643 I/[ 7215.996953] oom_reaper( 0): reaped process 14316 (droid.launcher3), now anon-rss:0kB, file-rss:0kB, shmem-rss:380kB
06-15 12:56:40.643 D/CompatibilityChangeReporter( 1357): Compat change id reported: 177438394; UID 10074; state: DISABLED
06-15 12:56:40.643 D/CompatibilityChangeReporter( 1357): Compat change id reported: 135772972; UID 10074; state: DISABLED
06-15 12:56:40.643 D/CompatibilityChangeReporter( 1357): Compat change id reported: 135754954; UID 10074; state: ENABLED
06-15 12:56:40.643 D/CompatibilityChangeReporter( 1357): Compat change id reported: 143937733; UID 10074; state: ENABLED
06-15 12:56:40.649 I/ActivityManager( 1357): Start proc 14333:com.android.launcher3/u0a74 for top-activity {com.android.launcher3/com.android.launcher3.uioverrides.QuickstepLauncher}
06-15 12:56:40.667 I/[ 7216.024989] binder( 0): 14333:14333 ioctl 40046210 7fcde88de4 returned -22
06-15 12:56:40.723 I/[ 7216.080374] oom_reaper( 0): reaped process 14333 (droid.launcher3), now anon-rss:0kB, file-rss:0kB, shmem-rss:380kB
06-15 12:56:40.723 I/ActivityManager( 1357): Process com.android.launcher3 (pid 14333) has died: fg TOP
06-15 12:56:40.723 W/ActivityManager( 1357): Scheduling restart of crashed service com.android.launcher3/com.android.quickstep.TouchInteractionService in 122672855908352ms for connection
06-15 12:56:40.725 D/CompatibilityChangeReporter( 1357): Compat change id reported: 135634846; UID 10074; state: DISABLED
06-15 12:56:40.725 D/CompatibilityChangeReporter( 1357): Compat change id reported: 177438394; UID 10074; state: DISABLED
06-15 12:56:40.725 D/CompatibilityChangeReporter( 1357): Compat change id reported: 135772972; UID 10074; state: DISABLED
06-15 12:56:40.725 D/CompatibilityChangeReporter( 1357): Compat change id reported: 135754954; UID 10074; state: ENABLED
06-15 12:56:40.725 D/CompatibilityChangeReporter( 1357): Compat change id reported: 143937733; UID 10074; state: ENABLED
06-15 12:56:40.733 I/ActivityManager( 1357): Start proc 14350:com.android.launcher3/u0a74 for top-activity {com.android.launcher3/com.android.launcher3.uioverrides.QuickstepLauncher}
06-15 12:56:40.755 I/[ 7216.112876] binder( 0): 14350:14350 ioctl 40046210 7fcde88de4 returned -22
06-15 12:56:40.803 I/[ 7216.161221] oom_reaper( 0): reaped process 14350 (droid.launcher3), now anon-rss:0kB, file-rss:0kB, shmem-rss:380kB
06-15 12:56:40.807 I/ActivityManager( 1357): Process com.android.launcher3 (pid 14350) has died: fg TOP
06-15 12:56:40.808 W/ActivityManager( 1357): Scheduling restart of crashed service com.android.launcher3/com.android.quickstep.TouchInteractionService in 490691423633408ms for connection
06-15 12:56:40.812 D/CompatibilityChangeReporter( 1357): Compat change id reported: 135634846; UID 10074; state: DISABLED
06-15 12:56:40.812 D/CompatibilityChangeReporter( 1357): Compat change id reported: 177438394; UID 10074; state: DISABLED
06-15 12:56:40.812 D/CompatibilityChangeReporter( 1357): Compat change id reported: 135772972; UID 10074; state: DISABLED
06-15 12:56:40.812 D/CompatibilityChangeReporter( 1357): Compat change id reported: 135754954; UID 10074; state: ENABLED
06-15 12:56:40.812 D/CompatibilityChangeReporter( 1357): Compat change id reported: 143937733; UID 10074; state: ENABLED
06-15 12:56:40.820 I/ActivityManager( 1357): Start proc 14368:com.android.launcher3/u0a74 for top-activity {com.android.launcher3/com.android.launcher3.uioverrides.QuickstepLauncher}
06-15 12:56:40.839 I/[ 7216.197696] binder( 0): 14368:14368 ioctl 40046210 7fcde88de4 returned -22
06-15 12:56:40.887 I/[ 7216.247423] oom_reaper( 0): reaped process 14368 (droid.launcher3), now anon-rss:0kB, file-rss:0kB, shmem-rss:380kB
06-15 12:56:40.895 I/ActivityManager( 1357): Process com.android.launcher3 (pid 14368) has died: fg TOP
06-15 12:56:40.896 W/ActivityManager( 1357): Scheduling restart of crashed service com.android.launcher3/com.android.quickstep.TouchInteractionService in 1962765694533632ms for connection
06-15 12:56:40.901 D/CompatibilityChangeReporter( 1357): Compat change id reported: 135634846; UID 10074; state: DISABLED
06-15 12:56:40.901 D/CompatibilityChangeReporter( 1357): Compat change id reported: 177438394; UID 10074; state: DISABLED
06-15 12:56:40.901 D/CompatibilityChangeReporter( 1357): Compat change id reported: 135772972; UID 10074; state: DISABLED
06-15 12:56:40.901 D/CompatibilityChangeReporter( 1357): Compat change id reported: 135754954; UID 10074; state: ENABLED
06-15 12:56:40.901 D/CompatibilityChangeReporter( 1357): Compat change id reported: 143937733; UID 10074; state: ENABLED
06-15 12:56:40.908 I/ActivityManager( 1357): Start proc 14385:com.android.launcher3/u0a74 for top-activity {com.android.launcher3/com.android.launcher3.uioverrides.QuickstepLauncher}
06-15 12:56:40.927 I/[ 7216.287731] binder( 0): 14385:14385 ioctl 40046210 7fcde88de4 returned -22
06-15 12:56:40.995 I/[ 7216.354119] oom_reaper( 0): reaped process 14385 (droid.launcher3), now anon-rss:0kB, file-rss:0kB, shmem-rss:380kB
06-15 12:56:40.996 I/[ 7216.357813] binder( 0): undelivered TRANSACTION_COMPLETE
06-15 12:56:40.997 I/ActivityManager( 1357): Process com.android.launcher3 (pid 14385) has died: fg TOP
06-15 12:56:40.999 W/ActivityManager( 1357): Scheduling restart of crashed service com.android.launcher3/com.android.quickstep.TouchInteractionService in 7851062778134528ms for connection
06-15 12:56:41.004 D/CompatibilityChangeReporter( 1357): Compat change id reported: 135634846; UID 10074; state: DISABLED
06-15 12:56:41.004 D/CompatibilityChangeReporter( 1357): Compat change id reported: 177438394; UID 10074; state: DISABLED
06-15 12:56:41.004 D/CompatibilityChangeReporter( 1357): Compat change id reported: 135772972; UID 10074; state: DISABLED
06-15 12:56:41.004 D/CompatibilityChangeReporter( 1357): Compat change id reported: 135754954; UID 10074; state: ENABLED
06-15 12:56:41.004 D/CompatibilityChangeReporter( 1357): Compat change id reported: 143937733; UID 10074; state: ENABLED
06-15 12:56:41.009 I/ActivityManager( 1357): Start proc 14403:com.android.launcher3/u0a74 for top-activity {com.android.launcher3/com.android.launcher3.uioverrides.QuickstepLauncher}
06-15 12:56:41.023 I/[ 7216.382059] binder( 0): 14403:14403 ioctl 40046210 7fcde88de4 returned -22
06-15 12:56:41.075 I/[ 7216.433987] oom_reaper( 0): reaped process 14403 (droid.launcher3), now anon-rss:0kB, file-rss:0kB, shmem-rss:380kB
06-15 12:56:41.079 I/ActivityManager( 1357): Process com.android.launcher3 (pid 14403) has died: fg TOP
06-15 12:56:41.080 W/ActivityManager( 1357): Scheduling restart of crashed service com.android.launcher3/com.android.quickstep.TouchInteractionService in 31404251112538112ms for connection
06-15 12:56:41.084 D/CompatibilityChangeReporter( 1357): Compat change id reported: 135634846; UID 10074; state: DISABLED
06-15 12:56:41.084 D/CompatibilityChangeReporter( 1357): Compat change id reported: 177438394; UID 10074; state: DISABLED
06-15 12:56:41.084 D/CompatibilityChangeReporter( 1357): Compat change id reported: 135772972; UID 10074; state: DISABLED
