06-15 12:53:45.679 D/PowerManagerService( 1357): updateDisplayPowerStateLocked: displayReady=true, groupId=0, policy=BRIGHT, mWakefulness=Awake, mWakeLockSummary=0x23, mUserActivitySummary=0x1, mBootCompleted=true, screenBrightnessOverride=NaN, useAutoBrightness=true, mScreenBrightnessBoostInProgress=false, mIsVrModeEnabled= false, sQuiescent=false
06-15 12:53:45.681 D/PowerManagerService( 1357): releaseWakeLockInternal: lock=59530412 [*job*/com.tencent.android.qqdownloader.YYBLiveAccountProvider/com.tencent.android.qqdownloader.YYBLiveAccountProvider.account/应用宝:android], flags=0x0
06-15 12:53:45.681 D/PowerManagerNotifier( 1357): onWakeLockReleased: flags=1, tag="*job*/com.tencent.android.qqdownloader.YYBLiveAccountProvider/com.tencent.android.qqdownloader.YYBLiveAccountProvider.account/应用宝:android", packageName=android, ownerUid=1000, ownerPid=1357, workSource=WorkSource{10117}
06-15 12:53:45.681 D/PowerManagerService( 1357): updateWakeLockSummaryLocked: mWakefulness=Awake, mWakeLockSummary=0x23
06-15 12:53:45.681 D/PowerManagerService( 1357): updateUserActivitySummaryLocked: groupId=0, mWakefulness=Awake, mUserActivitySummary=0x1, nextTimeout=7101035 (in 59997 ms)
06-15 12:53:45.681 D/PowerManagerNotifier( 1357): onScreenPolicyUpdate: newPolicy=3
06-15 12:53:45.681 D/PowerManagerService( 1357): updateDisplayPowerStateLocked: displayReady=true, groupId=0, policy=BRIGHT, mWakefulness=Awake, mWakeLockSummary=0x23, mUserActivitySummary=0x1, mBootCompleted=true, screenBrightnessOverride=NaN, useAutoBrightness=true, mScreenBrightnessBoostInProgress=false, mIsVrModeEnabled= false, sQuiescent=false
06-15 12:53:45.687 D/PowerManagerService( 1357): releaseWakeLockInternal: lock=231804768 [SyncLoopWakeLock], flags=0x0
06-15 12:53:45.687 D/PowerManagerNotifier( 1357): onWakeLockReleased: flags=1, tag="SyncLoopWakeLock", packageName=android, ownerUid=1000, ownerPid=1357, workSource=null
06-15 12:53:45.687 D/PowerManagerService( 1357): updateWakeLockSummaryLocked: mWakefulness=Awake, mWakeLockSummary=0x23
06-15 12:53:45.687 D/PowerManagerService( 1357): updateUserActivitySummaryLocked: groupId=0, mWakefulness=Awake, mUserActivitySummary=0x1, nextTimeout=7101035 (in 59991 ms)
06-15 12:53:45.687 D/PowerManagerNotifier( 1357): onScreenPolicyUpdate: newPolicy=3
06-15 12:53:45.687 D/PowerManagerService( 1357): updateDisplayPowerStateLocked: displayReady=true, groupId=0, policy=BRIGHT, mWakefulness=Awake, mWakeLockSummary=0x23, mUserActivitySummary=0x1, mBootCompleted=true, screenBrightnessOverride=NaN, useAutoBrightness=true, mScreenBrightnessBoostInProgress=false, mIsVrModeEnabled= false, sQuiescent=false
06-15 12:53:45.687 D/PowerManagerService( 1357): acquireWakeLockInternal: lock=231804768, flags=0x1, tag="SyncLoopWakeLock", ws=null, uid=1000, pid=1357
06-15 12:53:45.687 D/PowerManagerService( 1357): updateWakeLockSummaryLocked: mWakefulness=Awake, mWakeLockSummary=0x23
06-15 12:53:45.687 D/PowerManagerService( 1357): updateUserActivitySummaryLocked: groupId=0, mWakefulness=Awake, mUserActivitySummary=0x1, nextTimeout=7101035 (in 59991 ms)
06-15 12:53:45.687 D/PowerManagerNotifier( 1357): onScreenPolicyUpdate: newPolicy=3
06-15 12:53:45.687 D/PowerManagerService( 1357): updateDisplayPowerStateLocked: displayReady=true, groupId=0, policy=BRIGHT, mWakefulness=Awake, mWakeLockSummary=0x23, mUserActivitySummary=0x1, mBootCompleted=true, screenBrightnessOverride=NaN, useAutoBrightness=true, mScreenBrightnessBoostInProgress=false, mIsVrModeEnabled= false, sQuiescent=false
06-15 12:53:45.687 D/PowerManagerNotifier( 1357): onWakeLockAcquired: flags=1, tag="SyncLoopWakeLock", packageName=android, ownerUid=1000, ownerPid=1357, workSource=null
06-15 12:53:45.691 D/PowerManagerService( 1357): releaseWakeLockInternal: lock=231804768 [SyncLoopWakeLock], flags=0x0
06-15 12:53:45.691 D/PowerManagerNotifier( 1357): onWakeLockReleased: flags=1, tag="SyncLoopWakeLock", packageName=android, ownerUid=1000, ownerPid=1357, workSource=null
06-15 12:53:45.692 D/PowerManagerService( 1357): updateWakeLockSummaryLocked: mWakefulness=Awake, mWakeLockSummary=0x23
06-15 12:53:45.692 D/PowerManagerService( 1357): updateUserActivitySummaryLocked: groupId=0, mWakefulness=Awake, mUserActivitySummary=0x1, nextTimeout=7101035 (in 59987 ms)
06-15 12:53:45.692 D/PowerManagerNotifier( 1357): onScreenPolicyUpdate: newPolicy=3
06-15 12:53:45.692 D/PowerManagerService( 1357): updateDisplayPowerStateLocked: displayReady=true, groupId=0, policy=BRIGHT, mWakefulness=Awake, mWakeLockSummary=0x23, mUserActivitySummary=0x1, mBootCompleted=true, screenBrightnessOverride=NaN, useAutoBrightness=true, mScreenBrightnessBoostInProgress=false, mIsVrModeEnabled= false, sQuiescent=false
06-15 12:53:45.693 D/PowerManagerService( 1357): acquireWakeLockInternal: lock=229396666, flags=0x1, tag="*job*/com.tencent.android.qqdownloader.YYBLiveAccountProvider/com.tencent.android.qqdownloader.YYBLiveAccountProvider.account/应用宝:android", ws=WorkSource{10117}, uid=1000, pid=1357
06-15 12:53:45.693 D/PowerManagerService( 1357): updateWakeLockSummaryLocked: mWakefulness=Awake, mWakeLockSummary=0x23
06-15 12:53:45.693 D/PowerManagerService( 1357): updateUserActivitySummaryLocked: groupId=0, mWakefulness=Awake, mUserActivitySummary=0x1, nextTimeout=7101035 (in 59986 ms)
06-15 12:53:45.693 D/PowerManagerNotifier( 1357): onScreenPolicyUpdate: newPolicy=3
06-15 12:53:45.693 D/PowerManagerService( 1357): updateDisplayPowerStateLocked: displayReady=true, groupId=0, policy=BRIGHT, mWakefulness=Awake, mWakeLockSummary=0x23, mUserActivitySummary=0x1, mBootCompleted=true, screenBrightnessOverride=NaN, useAutoBrightness=true, mScreenBrightnessBoostInProgress=false, mIsVrModeEnabled= false, sQuiescent=false
06-15 12:53:45.693 D/PowerManagerNotifier( 1357): onWakeLockAcquired: flags=1, tag="*job*/com.tencent.android.qqdownloader.YYBLiveAccountProvider/com.tencent.android.qqdownloader.YYBLiveAccountProvider.account/应用宝:android", packageName=android, ownerUid=1000, ownerPid=1357, workSource=WorkSource{10117}
06-15 12:53:45.694 D/PowerManagerService( 1357): acquireWakeLockInternal: lock=231804768, flags=0x1, tag="SyncLoopWakeLock", ws=null, uid=1000, pid=1357
06-15 12:53:45.694 D/PowerManagerService( 1357): updateWakeLockSummaryLocked: mWakefulness=Awake, mWakeLockSummary=0x23
06-15 12:53:45.694 D/PowerManagerService( 1357): updateUserActivitySummaryLocked: groupId=0, mWakefulness=Awake, mUserActivitySummary=0x1, nextTimeout=7101035 (in 59984 ms)
06-15 12:53:45.694 D/PowerManagerNotifier( 1357): onScreenPolicyUpdate: newPolicy=3
06-15 12:53:45.694 D/PowerManagerService( 1357): updateDisplayPowerStateLocked: displayReady=true, groupId=0, policy=BRIGHT, mWakefulness=Awake, mWakeLockSummary=0x23, mUserActivitySummary=0x1, mBootCompleted=true, screenBrightnessOverride=NaN, useAutoBrightness=true, mScreenBrightnessBoostInProgress=false, mIsVrModeEnabled= false, sQuiescent=false
06-15 12:53:45.694 D/PowerManagerNotifier( 1357): onWakeLockAcquired: flags=1, tag="SyncLoopWakeLock", packageName=android, ownerUid=1000, ownerPid=1357, workSource=null
06-15 12:53:45.695 D/PowerManagerService( 1357): acquireWakeLockInternal: lock=26266518, flags=0x1, tag="*sync*/com.tencent.android.qqdownloader.YYBLiveAccountProvider/com.tencent.android.qqdownloader.YYBLiveAccountProvider.account/应用宝", ws=WorkSource{10117}, uid=1000, pid=1357
06-15 12:53:45.695 D/PowerManagerService( 1357): updateWakeLockSummaryLocked: mWakefulness=Awake, mWakeLockSummary=0x23
06-15 12:53:45.695 D/PowerManagerService( 1357): updateUserActivitySummaryLocked: groupId=0, mWakefulness=Awake, mUserActivitySummary=0x1, nextTimeout=7101035 (in 59983 ms)
06-15 12:53:45.695 D/PowerManagerNotifier( 1357): onScreenPolicyUpdate: newPolicy=3
06-15 12:53:45.695 D/PowerManagerService( 1357): updateDisplayPowerStateLocked: displayReady=true, groupId=0, policy=BRIGHT, mWakefulness=Awake, mWakeLockSummary=0x23, mUserActivitySummary=0x1, mBootCompleted=true, screenBrightnessOverride=NaN, useAutoBrightness=true, mScreenBrightnessBoostInProgress=false, mIsVrModeEnabled= false, sQuiescent=false
06-15 12:53:45.695 D/PowerManagerNotifier( 1357): onWakeLockAcquired: flags=1, tag="*sync*/com.tencent.android.qqdownloader.YYBLiveAccountProvider/com.tencent.android.qqdownloader.YYBLiveAccountProvider.account/应用宝", packageName=android, ownerUid=1000, ownerPid=1357, workSource=WorkSource{10117}
06-15 12:53:45.701 D/PowerManagerService( 1357): releaseWakeLockInternal: lock=231804768 [SyncLoopWakeLock], flags=0x0
06-15 12:53:45.701 D/PowerManagerNotifier( 1357): onWakeLockReleased: flags=1, tag="SyncLoopWakeLock", packageName=android, ownerUid=1000, ownerPid=1357, workSource=null
06-15 12:53:45.701 D/PowerManagerService( 1357): updateWakeLockSummaryLocked: mWakefulness=Awake, mWakeLockSummary=0x23
06-15 12:53:45.701 D/PowerManagerService( 1357): updateUserActivitySummaryLocked: groupId=0, mWakefulness=Awake, mUserActivitySummary=0x1, nextTimeout=7101035 (in 59977 ms)
06-15 12:53:45.701 D/PowerManagerNotifier( 1357): onScreenPolicyUpdate: newPolicy=3
06-15 12:53:45.701 D/PowerManagerService( 1357): updateDisplayPowerStateLocked: displayReady=true, groupId=0, policy=BRIGHT, mWakefulness=Awake, mWakeLockSummary=0x23, mUserActivitySummary=0x1, mBootCompleted=true, screenBrightnessOverride=NaN, useAutoBrightness=true, mScreenBrightnessBoostInProgress=false, mIsVrModeEnabled= false, sQuiescent=false
06-15 12:53:45.713 D/PowerManagerService( 1357): acquireWakeLockInternal: lock=231804768, flags=0x1, tag="SyncLoopWakeLock", ws=null, uid=1000, pid=1357
06-15 12:53:45.713 D/PowerManagerService( 1357): updateWakeLockSummaryLocked: mWakefulness=Awake, mWakeLockSummary=0x23
06-15 12:53:45.713 D/PowerManagerService( 1357): updateUserActivitySummaryLocked: groupId=0, mWakefulness=Awake, mUserActivitySummary=0x1, nextTimeout=7101035 (in 59965 ms)
06-15 12:53:45.713 D/PowerManagerNotifier( 1357): onScreenPolicyUpdate: newPolicy=3
06-15 12:53:45.713 D/PowerManagerService( 1357): updateDisplayPowerStateLocked: displayReady=true, groupId=0, policy=BRIGHT, mWakefulness=Awake, mWakeLockSummary=0x23, mUserActivitySummary=0x1, mBootCompleted=true, screenBrightnessOverride=NaN, useAutoBrightness=true, mScreenBrightnessBoostInProgress=false, mIsVrModeEnabled= false, sQuiescent=false
06-15 12:53:45.714 D/PowerManagerNotifier( 1357): onWakeLockAcquired: flags=1, tag="SyncLoopWakeLock", packageName=android, ownerUid=1000, ownerPid=1357, workSource=null
06-15 12:53:45.714 D/PowerManagerService( 1357): releaseWakeLockInternal: lock=231804768 [SyncLoopWakeLock], flags=0x0
06-15 12:53:45.714 D/PowerManagerNotifier( 1357): onWakeLockReleased: flags=1, tag="SyncLoopWakeLock", packageName=android, ownerUid=1000, ownerPid=1357, workSource=null
06-15 12:53:45.714 D/PowerManagerService( 1357): updateWakeLockSummaryLocked: mWakefulness=Awake, mWakeLockSummary=0x23
06-15 12:53:45.714 D/PowerManagerService( 1357): updateUserActivitySummaryLocked: groupId=0, mWakefulness=Awake, mUserActivitySummary=0x1, nextTimeout=7101035 (in 59964 ms)
06-15 12:53:45.714 D/PowerManagerNotifier( 1357): onScreenPolicyUpdate: newPolicy=3
06-15 12:53:45.715 D/PowerManagerService( 1357): updateDisplayPowerStateLocked: displayReady=true, groupId=0, policy=BRIGHT, mWakefulness=Awake, mWakeLockSummary=0x23, mUserActivitySummary=0x1, mBootCompleted=true, screenBrightnessOverride=NaN, useAutoBrightness=true, mScreenBrightnessBoostInProgress=false, mIsVrModeEnabled= false, sQuiescent=false
06-15 12:53:45.723 D/PowerManagerService( 1357): acquireWakeLockInternal: lock=231804768, flags=0x1, tag="SyncLoopWakeLock", ws=null, uid=1000, pid=1357
06-15 12:53:45.724 D/PowerManagerService( 1357): updateWakeLockSummaryLocked: mWakefulness=Awake, mWakeLockSummary=0x23
06-15 12:53:45.725 D/PowerManagerService( 1357): updateUserActivitySummaryLocked: groupId=0, mWakefulness=Awake, mUserActivitySummary=0x1, nextTimeout=7101035 (in 59954 ms)
06-15 12:53:45.725 D/PowerManagerNotifier( 1357): onScreenPolicyUpdate: newPolicy=3
06-15 12:53:45.725 D/PowerManagerService( 1357): updateDisplayPowerStateLocked: displayReady=true, groupId=0, policy=BRIGHT, mWakefulness=Awake, mWakeLockSummary=0x23, mUserActivitySummary=0x1, mBootCompleted=true, screenBrightnessOverride=NaN, useAutoBrightness=true, mScreenBrightnessBoostInProgress=false, mIsVrModeEnabled= false, sQuiescent=false
06-15 12:53:45.725 D/PowerManagerNotifier( 1357): onWakeLockAcquired: flags=1, tag="SyncLoopWakeLock", packageName=android, ownerUid=1000, ownerPid=1357, workSource=null
06-15 12:53:45.726 D/PowerManagerService( 1357): releaseWakeLockInternal: lock=229396666 [*job*/com.tencent.android.qqdownloader.YYBLiveAccountProvider/com.tencent.android.qqdownloader.YYBLiveAccountProvider.account/应用宝:android], flags=0x0
06-15 12:53:45.727 D/PowerManagerNotifier( 1357): onWakeLockReleased: flags=1, tag="*job*/com.tencent.android.qqdownloader.YYBLiveAccountProvider/com.tencent.android.qqdownloader.YYBLiveAccountProvider.account/应用宝:android", packageName=android, ownerUid=1000, ownerPid=1357, workSource=WorkSource{10117}
06-15 12:53:45.727 D/PowerManagerService( 1357): updateWakeLockSummaryLocked: mWakefulness=Awake, mWakeLockSummary=0x23
06-15 12:53:45.727 D/PowerManagerService( 1357): updateUserActivitySummaryLocked: groupId=0, mWakefulness=Awake, mUserActivitySummary=0x1, nextTimeout=7101035 (in 59951 ms)
06-15 12:53:45.727 D/PowerManagerNotifier( 1357): onScreenPolicyUpdate: newPolicy=3
06-15 12:53:45.727 D/PowerManagerService( 1357): updateDisplayPowerStateLocked: displayReady=true, groupId=0, policy=BRIGHT, mWakefulness=Awake, mWakeLockSummary=0x23, mUserActivitySummary=0x1, mBootCompleted=true, screenBrightnessOverride=NaN, useAutoBrightness=true, mScreenBrightnessBoostInProgress=false, mIsVrModeEnabled= false, sQuiescent=false
06-15 12:53:45.729 D/PowerManagerService( 1357): releaseWakeLockInternal: lock=26266518 [*sync*/com.tencent.android.qqdownloader.YYBLiveAccountProvider/com.tencent.android.qqdownloader.YYBLiveAccountProvider.account/应用宝], flags=0x0
06-15 12:53:45.729 D/PowerManagerNotifier( 1357): onWakeLockReleased: flags=1, tag="*sync*/com.tencent.android.qqdownloader.YYBLiveAccountProvider/com.tencent.android.qqdownloader.YYBLiveAccountProvider.account/应用宝", packageName=android, ownerUid=1000, ownerPid=1357, workSource=WorkSource{10117}
06-15 12:53:45.729 D/PowerManagerService( 1357): updateWakeLockSummaryLocked: mWakefulness=Awake, mWakeLockSummary=0x23
06-15 12:53:45.729 D/PowerManagerService( 1357): updateUserActivitySummaryLocked: groupId=0, mWakefulness=Awake, mUserActivitySummary=0x1, nextTimeout=7101035 (in 59950 ms)
06-15 12:53:45.729 D/PowerManagerNotifier( 1357): onScreenPolicyUpdate: newPolicy=3
06-15 12:53:45.729 D/PowerManagerService( 1357): updateDisplayPowerStateLocked: displayReady=true, groupId=0, policy=BRIGHT, mWakefulness=Awake, mWakeLockSummary=0x23, mUserActivitySummary=0x1, mBootCompleted=true, screenBrightnessOverride=NaN, useAutoBrightness=true, mScreenBrightnessBoostInProgress=false, mIsVrModeEnabled= false, sQuiescent=false
06-15 12:53:45.734 D/PowerManagerService( 1357): releaseWakeLockInternal: lock=231804768 [SyncLoopWakeLock], flags=0x0
06-15 12:53:45.734 D/PowerManagerNotifier( 1357): onWakeLockReleased: flags=1, tag="SyncLoopWakeLock", packageName=android, ownerUid=1000, ownerPid=1357, workSource=null
06-15 12:53:45.735 D/PowerManagerService( 1357): updateWakeLockSummaryLocked: mWakefulness=Awake, mWakeLockSummary=0x23
06-15 12:53:45.735 D/PowerManagerService( 1357): updateUserActivitySummaryLocked: groupId=0, mWakefulness=Awake, mUserActivitySummary=0x1, nextTimeout=7101035 (in 59944 ms)
06-15 12:53:45.735 D/PowerManagerNotifier( 1357): onScreenPolicyUpdate: newPolicy=3
06-15 12:53:45.735 D/PowerManagerService( 1357): updateDisplayPowerStateLocked: displayReady=true, groupId=0, policy=BRIGHT, mWakefulness=Awake, mWakeLockSummary=0x23, mUserActivitySummary=0x1, mBootCompleted=true, screenBrightnessOverride=NaN, useAutoBrightness=true, mScreenBrightnessBoostInProgress=false, mIsVrModeEnabled= false, sQuiescent=false
06-15 12:53:45.735 D/PowerManagerService( 1357): acquireWakeLockInternal: lock=231804768, flags=0x1, tag="SyncLoopWakeLock", ws=null, uid=1000, pid=1357
06-15 12:53:45.735 D/PowerManagerService( 1357): updateWakeLockSummaryLocked: mWakefulness=Awake, mWakeLockSummary=0x23
06-15 12:53:45.735 D/PowerManagerService( 1357): updateUserActivitySummaryLocked: groupId=0, mWakefulness=Awake, mUserActivitySummary=0x1, nextTimeout=7101035 (in 59943 ms)
06-15 12:53:45.735 D/PowerManagerNotifier( 1357): onScreenPolicyUpdate: newPolicy=3
06-15 12:53:45.735 D/PowerManagerService( 1357): updateDisplayPowerStateLocked: displayReady=true, groupId=0, policy=BRIGHT, mWakefulness=Awake, mWakeLockSummary=0x23, mUserActivitySummary=0x1, mBootCompleted=true, screenBrightnessOverride=NaN, useAutoBrightness=true, mScreenBrightnessBoostInProgress=false, mIsVrModeEnabled= false, sQuiescent=false
06-15 12:53:45.735 D/PowerManagerNotifier( 1357): onWakeLockAcquired: flags=1, tag="SyncLoopWakeLock", packageName=android, ownerUid=1000, ownerPid=1357, workSource=null
06-15 12:53:45.737 D/PowerManagerService( 1357): releaseWakeLockInternal: lock=231804768 [SyncLoopWakeLock], flags=0x0
06-15 12:53:45.737 D/PowerManagerNotifier( 1357): onWakeLockReleased: flags=1, tag="SyncLoopWakeLock", packageName=android, ownerUid=1000, ownerPid=1357, workSource=null
06-15 12:53:45.737 D/PowerManagerService( 1357): updateWakeLockSummaryLocked: mWakefulness=Awake, mWakeLockSummary=0x23
06-15 12:53:45.737 D/PowerManagerService( 1357): updateUserActivitySummaryLocked: groupId=0, mWakefulness=Awake, mUserActivitySummary=0x1, nextTimeout=7101035 (in 59941 ms)
06-15 12:53:45.737 D/PowerManagerNotifier( 1357): onScreenPolicyUpdate: newPolicy=3
06-15 12:53:45.737 D/PowerManagerService( 1357): updateDisplayPowerStateLocked: displayReady=true, groupId=0, policy=BRIGHT, mWakefulness=Awake, mWakeLockSummary=0x23, mUserActivitySummary=0x1, mBootCompleted=true, screenBrightnessOverride=NaN, useAutoBrightness=true, mScreenBrightnessBoostInProgress=false, mIsVrModeEnabled= false, sQuiescent=false
06-15 12:53:45.881 D/PowerManagerService( 1357): releaseWakeLockInternal: lock=171647933 [AudioMix], flags=0x0
06-15 12:53:45.881 D/PowerManagerNotifier( 1357): onWakeLockReleased: flags=1, tag="AudioMix", packageName=audioserver, ownerUid=1041, ownerPid=0, workSource=null
06-15 12:53:45.881 D/PowerManagerService( 1357): updateWakeLockSummaryLocked: mWakefulness=Awake, mWakeLockSummary=0x23
06-15 12:53:45.881 D/PowerManagerService( 1357): updateUserActivitySummaryLocked: groupId=0, mWakefulness=Awake, mUserActivitySummary=0x1, nextTimeout=7101035 (in 59797 ms)
06-15 12:53:45.881 D/PowerManagerNotifier( 1357): onScreenPolicyUpdate: newPolicy=3
06-15 12:53:45.882 D/PowerManagerService( 1357): updateDisplayPowerStateLocked: displayReady=true, groupId=0, policy=BRIGHT, mWakefulness=Awake, mWakeLockSummary=0x23, mUserActivitySummary=0x1, mBootCompleted=true, screenBrightnessOverride=NaN, useAutoBrightness=true, mScreenBrightnessBoostInProgress=false, mIsVrModeEnabled= false, sQuiescent=false
06-15 12:53:45.884 D/PowerManagerService( 1357): releaseWakeLockInternal: lock=20970930 [AudioMix], flags=0x0
06-15 12:53:45.884 D/PowerManagerNotifier( 1357): onWakeLockReleased: flags=1, tag="AudioMix", packageName=audioserver, ownerUid=1041, ownerPid=0, workSource=null
06-15 12:53:45.884 D/PowerManagerService( 1357): updateWakeLockSummaryLocked: mWakefulness=Awake, mWakeLockSummary=0x23
06-15 12:53:45.884 D/PowerManagerService( 1357): updateUserActivitySummaryLocked: groupId=0, mWakefulness=Awake, mUserActivitySummary=0x1, nextTimeout=7101035 (in 59794 ms)
06-15 12:53:45.884 D/PowerManagerNotifier( 1357): onScreenPolicyUpdate: newPolicy=3
06-15 12:53:45.884 D/PowerManagerService( 1357): updateDisplayPowerStateLocked: displayReady=true, groupId=0, policy=BRIGHT, mWakefulness=Awake, mWakeLockSummary=0x23, mUserActivitySummary=0x1, mBootCompleted=true, screenBrightnessOverride=NaN, useAutoBrightness=true, mScreenBrightnessBoostInProgress=false, mIsVrModeEnabled= false, sQuiescent=false
06-15 12:53:45.887 D/PowerManagerService( 1357): releaseWakeLockInternal: lock=154156820 [AudioMix], flags=0x0
06-15 12:53:45.888 D/PowerManagerNotifier( 1357): onWakeLockReleased: flags=1, tag="AudioMix", packageName=audioserver, ownerUid=1041, ownerPid=0, workSource=null
06-15 12:53:45.888 D/PowerManagerService( 1357): updateWakeLockSummaryLocked: mWakefulness=Awake, mWakeLockSummary=0x23
06-15 12:53:45.888 D/PowerManagerService( 1357): updateUserActivitySummaryLocked: groupId=0, mWakefulness=Awake, mUserActivitySummary=0x1, nextTimeout=7101035 (in 59790 ms)
06-15 12:53:45.888 D/PowerManagerNotifier( 1357): onScreenPolicyUpdate: newPolicy=3
06-15 12:53:45.888 D/PowerManagerService( 1357): updateDisplayPowerStateLocked: displayReady=true, groupId=0, policy=BRIGHT, mWakefulness=Awake, mWakeLockSummary=0x23, mUserActivitySummary=0x1, mBootCompleted=true, screenBrightnessOverride=NaN, useAutoBrightness=true, mScreenBrightnessBoostInProgress=false, mIsVrModeEnabled= false, sQuiescent=false
06-15 12:53:46.583 I/[ 7041.938890] init( 0): processing action (sys.tlog.tlogdshc.active=1) from (/system/etc/init/tlogd.rc:195)
06-15 12:53:46.583 I/[ 7041.939613] init( 0): starting service 'tlogdshc'...
06-15 12:53:46.707 I/[ 7042.060298] init( 0): Service 'tlogdshc' (pid 12906) exited with status 0 oneshot service took 0.116000 seconds in background
06-15 12:53:46.707 I/[ 7042.060329] init( 0): Sending signal 9 to service 'tlogdshc' (pid 12906) process group...
06-15 12:53:46.707 I/[ 7042.060573] libprocessgroup( 0): Successfully killed process cgroup uid 0 pid 12906 in 0ms
06-15 12:53:48.287 D/PowerManagerService( 1357): userActivityNoUpdateLocked: groupId=0, eventTime=7043643, event=0, flags=0x0, uid=1000
06-15 12:53:48.287 D/PowerManagerNotifier( 1357): onUserActivity: event=0, uid=1000
06-15 12:53:48.287 D/PowerManagerService( 1357): updateUserActivitySummaryLocked: groupId=0, mWakefulness=Awake, mUserActivitySummary=0x1, nextTimeout=7103643 (in 59999 ms)
06-15 12:53:48.287 D/PowerManagerNotifier( 1357): onScreenPolicyUpdate: newPolicy=3
06-15 12:53:48.287 D/PowerManagerService( 1357): updateDisplayPowerStateLocked: displayReady=true, groupId=0, policy=BRIGHT, mWakefulness=Awake, mWakeLockSummary=0x23, mUserActivitySummary=0x1, mBootCompleted=true, screenBrightnessOverride=NaN, useAutoBrightness=true, mScreenBrightnessBoostInProgress=false, mIsVrModeEnabled= false, sQuiescent=false
06-15 12:53:49.827 E/[ 7045.169147] [MAX975X( 0): max96755x_vc1_lcd_dtc_check] *ERROR* DTC_Display: screen not ready(0), bl_sta(1), lvl(20)
06-15 12:53:51.035 D/PowerManagerService( 1357): acquireWakeLockInternal: lock=207476059, flags=0x1, tag="AudioMix", ws=null, uid=1041, pid=0
06-15 12:53:51.035 D/PowerManagerService( 1357): updateWakeLockSummaryLocked: mWakefulness=Awake, mWakeLockSummary=0x23
06-15 12:53:51.035 D/PowerManagerService( 1357): updateUserActivitySummaryLocked: groupId=0, mWakefulness=Awake, mUserActivitySummary=0x1, nextTimeout=7103643 (in 57251 ms)
06-15 12:53:51.035 D/PowerManagerNotifier( 1357): onScreenPolicyUpdate: newPolicy=3
06-15 12:53:51.035 D/PowerManagerService( 1357): updateDisplayPowerStateLocked: displayReady=true, groupId=0, policy=BRIGHT, mWakefulness=Awake, mWakeLockSummary=0x23, mUserActivitySummary=0x1, mBootCompleted=true, screenBrightnessOverride=NaN, useAutoBrightness=true, mScreenBrightnessBoostInProgress=false, mIsVrModeEnabled= false, sQuiescent=false
06-15 12:53:51.036 D/PowerManagerNotifier( 1357): onWakeLockAcquired: flags=1, tag="AudioMix", packageName=audioserver, ownerUid=1041, ownerPid=0, workSource=null
06-15 12:53:51.036 D/PowerManagerService( 1357): updateWakeLockWorkSourceInternal: lock=207476059 [AudioMix], ws=null
06-15 12:53:51.039 D/PowerManagerService( 1357): acquireWakeLockInternal: lock=173523448, flags=0x1, tag="AudioMix", ws=null, uid=1041, pid=0
06-15 12:53:51.039 D/PowerManagerService( 1357): updateWakeLockSummaryLocked: mWakefulness=Awake, mWakeLockSummary=0x23
06-15 12:53:51.039 D/PowerManagerService( 1357): updateUserActivitySummaryLocked: groupId=0, mWakefulness=Awake, mUserActivitySummary=0x1, nextTimeout=7103643 (in 57247 ms)
06-15 12:53:51.044 D/PowerManagerNotifier( 1357): onScreenPolicyUpdate: newPolicy=3
06-15 12:53:51.044 D/PowerManagerService( 1357): updateDisplayPowerStateLocked: displayReady=true, groupId=0, policy=BRIGHT, mWakefulness=Awake, mWakeLockSummary=0x23, mUserActivitySummary=0x1, mBootCompleted=true, screenBrightnessOverride=NaN, useAutoBrightness=true, mScreenBrightnessBoostInProgress=false, mIsVrModeEnabled= false, sQuiescent=false
06-15 12:53:51.044 D/PowerManagerNotifier( 1357): onWakeLockAcquired: flags=1, tag="AudioMix", packageName=audioserver, ownerUid=1041, ownerPid=0, workSource=null
06-15 12:53:51.045 D/PowerManagerService( 1357): acquireWakeLockInternal: lock=38229713, flags=0x1, tag="AudioMix", ws=null, uid=1041, pid=0
06-15 12:53:51.045 D/PowerManagerService( 1357): updateWakeLockSummaryLocked: mWakefulness=Awake, mWakeLockSummary=0x23
06-15 12:53:51.045 D/PowerManagerService( 1357): updateUserActivitySummaryLocked: groupId=0, mWakefulness=Awake, mUserActivitySummary=0x1, nextTimeout=7103643 (in 57242 ms)
06-15 12:53:51.045 D/PowerManagerNotifier( 1357): onScreenPolicyUpdate: newPolicy=3
06-15 12:53:51.045 D/PowerManagerService( 1357): updateDisplayPowerStateLocked: displayReady=true, groupId=0, policy=BRIGHT, mWakefulness=Awake, mWakeLockSummary=0x23, mUserActivitySummary=0x1, mBootCompleted=true, screenBrightnessOverride=NaN, useAutoBrightness=true, mScreenBrightnessBoostInProgress=false, mIsVrModeEnabled= false, sQuiescent=false
06-15 12:53:51.045 D/PowerManagerNotifier( 1357): onWakeLockAcquired: flags=1, tag="AudioMix", packageName=audioserver, ownerUid=1041, ownerPid=0, workSource=null
06-15 12:53:51.046 D/PowerManagerService( 1357): updateWakeLockWorkSourceInternal: lock=173523448 [AudioMix], ws=null
06-15 12:53:51.046 D/PowerManagerService( 1357): updateWakeLockWorkSourceInternal: lock=38229713 [AudioMix], ws=null
06-15 12:53:54.045 D/PowerManagerService( 1357): releaseWakeLockInternal: lock=207476059 [AudioMix], flags=0x0
06-15 12:53:54.045 D/PowerManagerNotifier( 1357): onWakeLockReleased: flags=1, tag="AudioMix", packageName=audioserver, ownerUid=1041, ownerPid=0, workSource=null
06-15 12:53:54.046 D/PowerManagerService( 1357): updateWakeLockSummaryLocked: mWakefulness=Awake, mWakeLockSummary=0x23
06-15 12:53:54.046 D/PowerManagerService( 1357): updateUserActivitySummaryLocked: groupId=0, mWakefulness=Awake, mUserActivitySummary=0x1, nextTimeout=7103643 (in 54241 ms)
06-15 12:53:54.046 D/PowerManagerNotifier( 1357): onScreenPolicyUpdate: newPolicy=3
06-15 12:53:54.046 D/PowerManagerService( 1357): updateDisplayPowerStateLocked: displayReady=true, groupId=0, policy=BRIGHT, mWakefulness=Awake, mWakeLockSummary=0x23, mUserActivitySummary=0x1, mBootCompleted=true, screenBrightnessOverride=NaN, useAutoBrightness=true, mScreenBrightnessBoostInProgress=false, mIsVrModeEnabled= false, sQuiescent=false
06-15 12:53:54.049 D/PowerManagerService( 1357): releaseWakeLockInternal: lock=38229713 [AudioMix], flags=0x0
06-15 12:53:54.049 D/PowerManagerNotifier( 1357): onWakeLockReleased: flags=1, tag="AudioMix", packageName=audioserver, ownerUid=1041, ownerPid=0, workSource=null
06-15 12:53:54.050 D/PowerManagerService( 1357): updateWakeLockSummaryLocked: mWakefulness=Awake, mWakeLockSummary=0x23
06-15 12:53:54.050 D/PowerManagerService( 1357): updateUserActivitySummaryLocked: groupId=0, mWakefulness=Awake, mUserActivitySummary=0x1, nextTimeout=7103643 (in 54237 ms)
06-15 12:53:54.050 D/PowerManagerNotifier( 1357): onScreenPolicyUpdate: newPolicy=3
06-15 12:53:54.050 D/PowerManagerService( 1357): updateDisplayPowerStateLocked: displayReady=true, groupId=0, policy=BRIGHT, mWakefulness=Awake, mWakeLockSummary=0x23, mUserActivitySummary=0x1, mBootCompleted=true, screenBrightnessOverride=NaN, useAutoBrightness=true, mScreenBrightnessBoostInProgress=false, mIsVrModeEnabled= false, sQuiescent=false
06-15 12:53:54.050 D/PowerManagerService( 1357): releaseWakeLockInternal: lock=173523448 [AudioMix], flags=0x0
06-15 12:53:54.050 D/PowerManagerNotifier( 1357): onWakeLockReleased: flags=1, tag="AudioMix", packageName=audioserver, ownerUid=1041, ownerPid=0, workSource=null
06-15 12:53:54.050 D/PowerManagerService( 1357): updateWakeLockSummaryLocked: mWakefulness=Awake, mWakeLockSummary=0x23
06-15 12:53:54.051 D/PowerManagerService( 1357): updateUserActivitySummaryLocked: groupId=0, mWakefulness=Awake, mUserActivitySummary=0x1, nextTimeout=7103643 (in 54236 ms)
06-15 12:53:54.051 D/PowerManagerNotifier( 1357): onScreenPolicyUpdate: newPolicy=3
06-15 12:53:54.051 D/PowerManagerService( 1357): updateDisplayPowerStateLocked: displayReady=true, groupId=0, policy=BRIGHT, mWakefulness=Awake, mWakeLockSummary=0x23, mUserActivitySummary=0x1, mBootCompleted=true, screenBrightnessOverride=NaN, useAutoBrightness=true, mScreenBrightnessBoostInProgress=false, mIsVrModeEnabled= false, sQuiescent=false
06-15 12:53:54.111 E/[ 7049.456672] [MAX975X( 0): max96755x_vc1_lcd_dtc_check] *ERROR* DTC_Display: screen not ready(0), bl_sta(1), lvl(20)
06-15 12:53:58.394 E/[ 7053.740700] [MAX975X( 0): max96755x_vc1_lcd_dtc_check] *ERROR* DTC_Display: screen not ready(0), bl_sta(1), lvl(20)
06-15 12:53:59.008 D/PowerManagerService( 1357): userActivityNoUpdateLocked: groupId=0, eventTime=7054363, event=0, flags=0x0, uid=1000
06-15 12:53:59.008 D/PowerManagerNotifier( 1357): onUserActivity: event=0, uid=1000
06-15 12:53:59.009 D/PowerManagerService( 1357): updateUserActivitySummaryLocked: groupId=0, mWakefulness=Awake, mUserActivitySummary=0x1, nextTimeout=7114363 (in 59998 ms)
06-15 12:53:59.009 D/PowerManagerNotifier( 1357): onScreenPolicyUpdate: newPolicy=3
06-15 12:53:59.009 D/PowerManagerService( 1357): updateDisplayPowerStateLocked: displayReady=true, groupId=0, policy=BRIGHT, mWakefulness=Awake, mWakeLockSummary=0x23, mUserActivitySummary=0x1, mBootCompleted=true, screenBrightnessOverride=NaN, useAutoBrightness=true, mScreenBrightnessBoostInProgress=false, mIsVrModeEnabled= false, sQuiescent=false
06-15 12:53:59.156 D/PowerManagerService( 1357): acquireWakeLockInternal: lock=192533814, flags=0x1, tag="AudioMix", ws=null, uid=1041, pid=0
06-15 12:53:59.157 D/PowerManagerService( 1357): updateWakeLockSummaryLocked: mWakefulness=Awake, mWakeLockSummary=0x23
06-15 12:53:59.157 D/PowerManagerService( 1357): updateUserActivitySummaryLocked: groupId=0, mWakefulness=Awake, mUserActivitySummary=0x1, nextTimeout=7114363 (in 59850 ms)
06-15 12:53:59.157 D/PowerManagerNotifier( 1357): onScreenPolicyUpdate: newPolicy=3
06-15 12:53:59.157 D/PowerManagerService( 1357): updateDisplayPowerStateLocked: displayReady=true, groupId=0, policy=BRIGHT, mWakefulness=Awake, mWakeLockSummary=0x23, mUserActivitySummary=0x1, mBootCompleted=true, screenBrightnessOverride=NaN, useAutoBrightness=true, mScreenBrightnessBoostInProgress=false, mIsVrModeEnabled= false, sQuiescent=false
06-15 12:53:59.157 D/PowerManagerNotifier( 1357): onWakeLockAcquired: flags=1, tag="AudioMix", packageName=audioserver, ownerUid=1041, ownerPid=0, workSource=null
06-15 12:53:59.162 D/PowerManagerService( 1357): acquireWakeLockInternal: lock=261778487, flags=0x1, tag="AudioMix", ws=null, uid=1041, pid=0
06-15 12:53:59.162 D/PowerManagerService( 1357): updateWakeLockSummaryLocked: mWakefulness=Awake, mWakeLockSummary=0x23
06-15 12:53:59.162 D/PowerManagerService( 1357): updateUserActivitySummaryLocked: groupId=0, mWakefulness=Awake, mUserActivitySummary=0x1, nextTimeout=7114363 (in 59844 ms)
06-15 12:53:59.162 D/PowerManagerNotifier( 1357): onScreenPolicyUpdate: newPolicy=3
06-15 12:53:59.162 D/PowerManagerService( 1357): updateDisplayPowerStateLocked: displayReady=true, groupId=0, policy=BRIGHT, mWakefulness=Awake, mWakeLockSummary=0x23, mUserActivitySummary=0x1, mBootCompleted=true, screenBrightnessOverride=NaN, useAutoBrightness=true, mScreenBrightnessBoostInProgress=false, mIsVrModeEnabled= false, sQuiescent=false
06-15 12:53:59.162 D/PowerManagerNotifier( 1357): onWakeLockAcquired: flags=1, tag="AudioMix", packageName=audioserver, ownerUid=1041, ownerPid=0, workSource=null
06-15 12:53:59.163 D/PowerManagerService( 1357): acquireWakeLockInternal: lock=188941732, flags=0x1, tag="AudioMix", ws=null, uid=1041, pid=0
06-15 12:53:59.165 D/PowerManagerService( 1357): updateWakeLockSummaryLocked: mWakefulness=Awake, mWakeLockSummary=0x23
06-15 12:53:59.165 D/PowerManagerService( 1357): updateUserActivitySummaryLocked: groupId=0, mWakefulness=Awake, mUserActivitySummary=0x1, nextTimeout=7114363 (in 59842 ms)
06-15 12:53:59.165 D/PowerManagerNotifier( 1357): onScreenPolicyUpdate: newPolicy=3
06-15 12:53:59.165 D/PowerManagerService( 1357): updateDisplayPowerStateLocked: displayReady=true, groupId=0, policy=BRIGHT, mWakefulness=Awake, mWakeLockSummary=0x23, mUserActivitySummary=0x1, mBootCompleted=true, screenBrightnessOverride=NaN, useAutoBrightness=true, mScreenBrightnessBoostInProgress=false, mIsVrModeEnabled= false, sQuiescent=false
06-15 12:53:59.165 D/PowerManagerNotifier( 1357): onWakeLockAcquired: flags=1, tag="AudioMix", packageName=audioserver, ownerUid=1041, ownerPid=0, workSource=null
06-15 12:53:59.165 D/PowerManagerService( 1357): updateWakeLockWorkSourceInternal: lock=261778487 [AudioMix], ws=null
06-15 12:53:59.165 D/PowerManagerService( 1357): updateWakeLockWorkSourceInternal: lock=192533814 [AudioMix], ws=null
06-15 12:53:59.165 D/PowerManagerService( 1357): updateWakeLockWorkSourceInternal: lock=188941732 [AudioMix], ws=null
06-15 12:54:00.002 D/PowerManagerService( 1357): acquireWakeLockInternal: lock=181927960, flags=0x1, tag="*alarm*", ws=WorkSource{1000}, uid=1000, pid=1357
06-15 12:54:00.002 D/PowerManagerService( 1357): updateWakeLockSummaryLocked: mWakefulness=Awake, mWakeLockSummary=0x23
06-15 12:54:00.002 D/PowerManagerService( 1357): updateUserActivitySummaryLocked: groupId=0, mWakefulness=Awake, mUserActivitySummary=0x1, nextTimeout=7114363 (in 59004 ms)
06-15 12:54:00.002 D/PowerManagerNotifier( 1357): onScreenPolicyUpdate: newPolicy=3
06-15 12:54:00.002 D/PowerManagerService( 1357): updateDisplayPowerStateLocked: displayReady=true, groupId=0, policy=BRIGHT, mWakefulness=Awake, mWakeLockSummary=0x23, mUserActivitySummary=0x1, mBootCompleted=true, screenBrightnessOverride=NaN, useAutoBrightness=true, mScreenBrightnessBoostInProgress=false, mIsVrModeEnabled= false, sQuiescent=false
06-15 12:54:00.002 D/PowerManagerNotifier( 1357): onWakeLockAcquired: flags=1, tag="*alarm*", packageName=android, ownerUid=1000, ownerPid=1357, workSource=WorkSource{1000}
06-15 12:54:00.003 D/PowerManagerService( 1357): releaseWakeLockInternal: lock=181927960 [*alarm*], flags=0x0
06-15 12:54:00.003 D/PowerManagerNotifier( 1357): onWakeLockReleased: flags=1, tag="*alarm*", packageName=android, ownerUid=1000, ownerPid=1357, workSource=WorkSource{1000}
06-15 12:54:00.003 D/PowerManagerService( 1357): updateWakeLockSummaryLocked: mWakefulness=Awake, mWakeLockSummary=0x23
06-15 12:54:00.003 D/PowerManagerService( 1357): updateUserActivitySummaryLocked: groupId=0, mWakefulness=Awake, mUserActivitySummary=0x1, nextTimeout=7114363 (in 59003 ms)
06-15 12:54:00.003 D/PowerManagerNotifier( 1357): onScreenPolicyUpdate: newPolicy=3
06-15 12:54:00.003 D/PowerManagerService( 1357): updateDisplayPowerStateLocked: displayReady=true, groupId=0, policy=BRIGHT, mWakefulness=Awake, mWakeLockSummary=0x23, mUserActivitySummary=0x1, mBootCompleted=true, screenBrightnessOverride=NaN, useAutoBrightness=true, mScreenBrightnessBoostInProgress=false, mIsVrModeEnabled= false, sQuiescent=false
06-15 12:54:02.162 D/PowerManagerService( 1357): releaseWakeLockInternal: lock=188941732 [AudioMix], flags=0x0
06-15 12:54:02.162 D/PowerManagerNotifier( 1357): onWakeLockReleased: flags=1, tag="AudioMix", packageName=audioserver, ownerUid=1041, ownerPid=0, workSource=null
06-15 12:54:02.163 D/PowerManagerService( 1357): updateWakeLockSummaryLocked: mWakefulness=Awake, mWakeLockSummary=0x23
06-15 12:54:02.163 D/PowerManagerService( 1357): updateUserActivitySummaryLocked: groupId=0, mWakefulness=Awake, mUserActivitySummary=0x1, nextTimeout=7114363 (in 56844 ms)
06-15 12:54:02.163 D/PowerManagerNotifier( 1357): onScreenPolicyUpdate: newPolicy=3
06-15 12:54:02.163 D/PowerManagerService( 1357): updateDisplayPowerStateLocked: displayReady=true, groupId=0, policy=BRIGHT, mWakefulness=Awake, mWakeLockSummary=0x23, mUserActivitySummary=0x1, mBootCompleted=true, screenBrightnessOverride=NaN, useAutoBrightness=true, mScreenBrightnessBoostInProgress=false, mIsVrModeEnabled= false, sQuiescent=false
06-15 12:54:02.164 D/PowerManagerService( 1357): releaseWakeLockInternal: lock=192533814 [AudioMix], flags=0x0
06-15 12:54:02.164 D/PowerManagerNotifier( 1357): onWakeLockReleased: flags=1, tag="AudioMix", packageName=audioserver, ownerUid=1041, ownerPid=0, workSource=null
06-15 12:54:02.165 D/PowerManagerService( 1357): updateWakeLockSummaryLocked: mWakefulness=Awake, mWakeLockSummary=0x23
06-15 12:54:02.165 D/PowerManagerService( 1357): updateUserActivitySummaryLocked: groupId=0, mWakefulness=Awake, mUserActivitySummary=0x1, nextTimeout=7114363 (in 56842 ms)
06-15 12:54:02.165 D/PowerManagerNotifier( 1357): onScreenPolicyUpdate: newPolicy=3
06-15 12:54:02.165 D/PowerManagerService( 1357): updateDisplayPowerStateLocked: displayReady=true, groupId=0, policy=BRIGHT, mWakefulness=Awake, mWakeLockSummary=0x23, mUserActivitySummary=0x1, mBootCompleted=true, screenBrightnessOverride=NaN, useAutoBrightness=true, mScreenBrightnessBoostInProgress=false, mIsVrModeEnabled= false, sQuiescent=false
06-15 12:54:02.165 D/PowerManagerService( 1357): releaseWakeLockInternal: lock=261778487 [AudioMix], flags=0x0
06-15 12:54:02.165 D/PowerManagerNotifier( 1357): onWakeLockReleased: flags=1, tag="AudioMix", packageName=audioserver, ownerUid=1041, ownerPid=0, workSource=null
06-15 12:54:02.166 D/PowerManagerService( 1357): updateWakeLockSummaryLocked: mWakefulness=Awake, mWakeLockSummary=0x23
06-15 12:54:02.166 D/PowerManagerService( 1357): updateUserActivitySummaryLocked: groupId=0, mWakefulness=Awake, mUserActivitySummary=0x1, nextTimeout=7114363 (in 56841 ms)
06-15 12:54:02.166 D/PowerManagerNotifier( 1357): onScreenPolicyUpdate: newPolicy=3
06-15 12:54:02.166 D/PowerManagerService( 1357): updateDisplayPowerStateLocked: displayReady=true, groupId=0, policy=BRIGHT, mWakefulness=Awake, mWakeLockSummary=0x23, mUserActivitySummary=0x1, mBootCompleted=true, screenBrightnessOverride=NaN, useAutoBrightness=true, mScreenBrightnessBoostInProgress=false, mIsVrModeEnabled= false, sQuiescent=false
06-15 12:54:02.683 E/[ 7058.025617] [MAX975X( 0): max96755x_vc1_lcd_dtc_check] *ERROR* DTC_Display: screen not ready(0), bl_sta(1), lvl(20)
06-15 12:54:05.674 D/PowerManagerService( 1357): acquireWakeLockInternal: lock=215266838, flags=0x20000001, tag="TPNS:VIP", ws=null, uid=10102, pid=1921
06-15 12:54:05.674 D/PowerManagerService( 1357): updateWakeLockSummaryLocked: mWakefulness=Awake, mWakeLockSummary=0x23
06-15 12:54:05.675 D/PowerManagerService( 1357): updateUserActivitySummaryLocked: groupId=0, mWakefulness=Awake, mUserActivitySummary=0x1, nextTimeout=7114363 (in 53332 ms)
06-15 12:54:05.675 D/PowerManagerNotifier( 1357): onScreenPolicyUpdate: newPolicy=3
06-15 12:54:05.675 D/PowerManagerService( 1357): updateDisplayPowerStateLocked: displayReady=true, groupId=0, policy=BRIGHT, mWakefulness=Awake, mWakeLockSummary=0x23, mUserActivitySummary=0x1, mBootCompleted=true, screenBrightnessOverride=NaN, useAutoBrightness=true, mScreenBrightnessBoostInProgress=false, mIsVrModeEnabled= false, sQuiescent=false
06-15 12:54:05.675 D/PowerManagerNotifier( 1357): onWakeLockAcquired: flags=536870913, tag="TPNS:VIP", packageName=com.tencent.tmgp.pubgmhd, ownerUid=10102, ownerPid=1921, workSource=null
06-15 12:54:05.678 W/ProcessStats( 1357): Tracking association SourceState{d6e69b1 com.tencent.android.qqdownloader:live/10117 BTopFgs #8693} whose proc state 2 is better than process ProcessState{5bbea17 com.tencent.android.qqdownloader:daemon/10117 pkg=com.tencent.android.qqdownloader} proc state 3 (20 skipped)
06-15 12:54:05.685 W/ActivityManager( 1357): Unable to start service Intent { act=com.tencent.tpns.mqttchannel.FEEDBACK pkg=com.tencent.tmgp.pubgmhd } U=0: not found
06-15 12:54:05.741 D/PowerManagerService( 1357): releaseWakeLockInternal: lock=215266838 [TPNS:VIP], flags=0x0
06-15 12:54:05.741 D/PowerManagerNotifier( 1357): onWakeLockReleased: flags=536870913, tag="TPNS:VIP", packageName=com.tencent.tmgp.pubgmhd, ownerUid=10102, ownerPid=1921, workSource=null
06-15 12:54:05.742 D/PowerManagerService( 1357): updateWakeLockSummaryLocked: mWakefulness=Awake, mWakeLockSummary=0x23
06-15 12:54:05.742 D/PowerManagerService( 1357): updateUserActivitySummaryLocked: groupId=0, mWakefulness=Awake, mUserActivitySummary=0x1, nextTimeout=7114363 (in 53265 ms)
06-15 12:54:05.742 D/PowerManagerNotifier( 1357): onScreenPolicyUpdate: newPolicy=3
06-15 12:54:05.742 D/PowerManagerService( 1357): updateDisplayPowerStateLocked: displayReady=true, groupId=0, policy=BRIGHT, mWakefulness=Awake, mWakeLockSummary=0x23, mUserActivitySummary=0x1, mBootCompleted=true, screenBrightnessOverride=NaN, useAutoBrightness=true, mScreenBrightnessBoostInProgress=false, mIsVrModeEnabled= false, sQuiescent=false
06-15 12:54:06.987 E/[ 7062.328766] [MAX975X( 0): max96755x_vc1_lcd_dtc_check] *ERROR* DTC_Display: screen not ready(0), bl_sta(1), lvl(20)
06-15 12:54:07.278 D/PowerManagerService( 1357): acquireWakeLockInternal: lock=240979721, flags=0x1, tag="AudioMix", ws=null, uid=1041, pid=0
06-15 12:54:07.278 D/PowerManagerService( 1357): updateWakeLockSummaryLocked: mWakefulness=Awake, mWakeLockSummary=0x23
06-15 12:54:07.278 D/PowerManagerService( 1357): updateUserActivitySummaryLocked: groupId=0, mWakefulness=Awake, mUserActivitySummary=0x1, nextTimeout=7114363 (in 51728 ms)
06-15 12:54:07.279 D/PowerManagerNotifier( 1357): onScreenPolicyUpdate: newPolicy=3
06-15 12:54:07.279 D/PowerManagerService( 1357): updateDisplayPowerStateLocked: displayReady=true, groupId=0, policy=BRIGHT, mWakefulness=Awake, mWakeLockSummary=0x23, mUserActivitySummary=0x1, mBootCompleted=true, screenBrightnessOverride=NaN, useAutoBrightness=true, mScreenBrightnessBoostInProgress=false, mIsVrModeEnabled= false, sQuiescent=false
06-15 12:54:07.280 D/PowerManagerNotifier( 1357): onWakeLockAcquired: flags=1, tag="AudioMix", packageName=audioserver, ownerUid=1041, ownerPid=0, workSource=null
06-15 12:54:07.281 D/PowerManagerService( 1357): updateWakeLockWorkSourceInternal: lock=240979721 [AudioMix], ws=null
06-15 12:54:07.281 D/PowerManagerService( 1357): acquireWakeLockInternal: lock=36328718, flags=0x1, tag="AudioMix", ws=null, uid=1041, pid=0
06-15 12:54:07.281 D/PowerManagerService( 1357): updateWakeLockSummaryLocked: mWakefulness=Awake, mWakeLockSummary=0x23
06-15 12:54:07.281 D/PowerManagerService( 1357): updateUserActivitySummaryLocked: groupId=0, mWakefulness=Awake, mUserActivitySummary=0x1, nextTimeout=7114363 (in 51725 ms)
06-15 12:54:07.281 D/PowerManagerNotifier( 1357): onScreenPolicyUpdate: newPolicy=3
06-15 12:54:07.281 D/PowerManagerService( 1357): updateDisplayPowerStateLocked: displayReady=true, groupId=0, policy=BRIGHT, mWakefulness=Awake, mWakeLockSummary=0x23, mUserActivitySummary=0x1, mBootCompleted=true, screenBrightnessOverride=NaN, useAutoBrightness=true, mScreenBrightnessBoostInProgress=false, mIsVrModeEnabled= false, sQuiescent=false
06-15 12:54:07.281 D/PowerManagerNotifier( 1357): onWakeLockAcquired: flags=1, tag="AudioMix", packageName=audioserver, ownerUid=1041, ownerPid=0, workSource=null
06-15 12:54:07.282 D/PowerManagerService( 1357): updateWakeLockWorkSourceInternal: lock=36328718 [AudioMix], ws=null
06-15 12:54:07.282 D/PowerManagerService( 1357): acquireWakeLockInternal: lock=147106607, flags=0x1, tag="AudioMix", ws=null, uid=1041, pid=0
06-15 12:54:07.282 D/PowerManagerService( 1357): updateWakeLockSummaryLocked: mWakefulness=Awake, mWakeLockSummary=0x23
06-15 12:54:07.282 D/PowerManagerService( 1357): updateUserActivitySummaryLocked: groupId=0, mWakefulness=Awake, mUserActivitySummary=0x1, nextTimeout=7114363 (in 51724 ms)
06-15 12:54:07.282 D/PowerManagerNotifier( 1357): onScreenPolicyUpdate: newPolicy=3
06-15 12:54:07.282 D/PowerManagerService( 1357): updateDisplayPowerStateLocked: displayReady=true, groupId=0, policy=BRIGHT, mWakefulness=Awake, mWakeLockSummary=0x23, mUserActivitySummary=0x1, mBootCompleted=true, screenBrightnessOverride=NaN, useAutoBrightness=true, mScreenBrightnessBoostInProgress=false, mIsVrModeEnabled= false, sQuiescent=false
06-15 12:54:07.282 D/PowerManagerNotifier( 1357): onWakeLockAcquired: flags=1, tag="AudioMix", packageName=audioserver, ownerUid=1041, ownerPid=0, workSource=null
06-15 12:54:07.283 D/PowerManagerService( 1357): updateWakeLockWorkSourceInternal: lock=147106607 [AudioMix], ws=null
06-15 12:54:10.284 D/PowerManagerService( 1357): releaseWakeLockInternal: lock=240979721 [AudioMix], flags=0x0
06-15 12:54:10.284 D/PowerManagerNotifier( 1357): onWakeLockReleased: flags=1, tag="AudioMix", packageName=audioserver, ownerUid=1041, ownerPid=0, workSource=null
06-15 12:54:10.285 D/PowerManagerService( 1357): updateWakeLockSummaryLocked: mWakefulness=Awake, mWakeLockSummary=0x23
06-15 12:54:10.285 D/PowerManagerService( 1357): updateUserActivitySummaryLocked: groupId=0, mWakefulness=Awake, mUserActivitySummary=0x1, nextTimeout=7114363 (in 48721 ms)
06-15 12:54:10.285 D/PowerManagerNotifier( 1357): onScreenPolicyUpdate: newPolicy=3
06-15 12:54:10.286 D/PowerManagerService( 1357): updateDisplayPowerStateLocked: displayReady=true, groupId=0, policy=BRIGHT, mWakefulness=Awake, mWakeLockSummary=0x23, mUserActivitySummary=0x1, mBootCompleted=true, screenBrightnessOverride=NaN, useAutoBrightness=true, mScreenBrightnessBoostInProgress=false, mIsVrModeEnabled= false, sQuiescent=false
06-15 12:54:10.286 D/PowerManagerService( 1357): releaseWakeLockInternal: lock=147106607 [AudioMix], flags=0x0
06-15 12:54:10.286 D/PowerManagerNotifier( 1357): onWakeLockReleased: flags=1, tag="AudioMix", packageName=audioserver, ownerUid=1041, ownerPid=0, workSource=null
06-15 12:54:10.286 D/PowerManagerService( 1357): updateWakeLockSummaryLocked: mWakefulness=Awake, mWakeLockSummary=0x23
06-15 12:54:10.287 D/PowerManagerService( 1357): updateUserActivitySummaryLocked: groupId=0, mWakefulness=Awake, mUserActivitySummary=0x1, nextTimeout=7114363 (in 48720 ms)
06-15 12:54:10.287 D/PowerManagerNotifier( 1357): onScreenPolicyUpdate: newPolicy=3
06-15 12:54:10.287 D/PowerManagerService( 1357): updateDisplayPowerStateLocked: displayReady=true, groupId=0, policy=BRIGHT, mWakefulness=Awake, mWakeLockSummary=0x23, mUserActivitySummary=0x1, mBootCompleted=true, screenBrightnessOverride=NaN, useAutoBrightness=true, mScreenBrightnessBoostInProgress=false, mIsVrModeEnabled= false, sQuiescent=false
06-15 12:54:10.287 D/PowerManagerService( 1357): releaseWakeLockInternal: lock=36328718 [AudioMix], flags=0x0
06-15 12:54:10.287 D/PowerManagerNotifier( 1357): onWakeLockReleased: flags=1, tag="AudioMix", packageName=audioserver, ownerUid=1041, ownerPid=0, workSource=null
06-15 12:54:10.288 D/PowerManagerService( 1357): updateWakeLockSummaryLocked: mWakefulness=Awake, mWakeLockSummary=0x23
06-15 12:54:10.288 D/PowerManagerService( 1357): updateUserActivitySummaryLocked: groupId=0, mWakefulness=Awake, mUserActivitySummary=0x1, nextTimeout=7114363 (in 48719 ms)
06-15 12:54:10.288 D/PowerManagerNotifier( 1357): onScreenPolicyUpdate: newPolicy=3
06-15 12:54:10.288 D/PowerManagerService( 1357): updateDisplayPowerStateLocked: displayReady=true, groupId=0, policy=BRIGHT, mWakefulness=Awake, mWakeLockSummary=0x23, mUserActivitySummary=0x1, mBootCompleted=true, screenBrightnessOverride=NaN, useAutoBrightness=true, mScreenBrightnessBoostInProgress=false, mIsVrModeEnabled= false, sQuiescent=false
06-15 12:54:11.118 E/[ 7066.464787] [MAX975X( 0): max96755x_vc1_lcd_dtc_check] *ERROR* DTC_Display: screen not ready(0), bl_sta(1), lvl(20)
06-15 12:54:15.254 E/[ 7070.600757] [MAX975X( 0): max96755x_vc1_lcd_dtc_check] *ERROR* DTC_Display: screen not ready(0), bl_sta(1), lvl(20)
06-15 12:54:15.396 D/PowerManagerService( 1357): acquireWakeLockInternal: lock=222258492, flags=0x1, tag="AudioMix", ws=null, uid=1041, pid=0
06-15 12:54:15.396 D/PowerManagerService( 1357): updateWakeLockSummaryLocked: mWakefulness=Awake, mWakeLockSummary=0x23
06-15 12:54:15.396 D/PowerManagerService( 1357): updateUserActivitySummaryLocked: groupId=0, mWakefulness=Awake, mUserActivitySummary=0x1, nextTimeout=7114363 (in 43610 ms)
06-15 12:54:15.396 D/PowerManagerNotifier( 1357): onScreenPolicyUpdate: newPolicy=3
06-15 12:54:15.397 D/PowerManagerService( 1357): updateDisplayPowerStateLocked: displayReady=true, groupId=0, policy=BRIGHT, mWakefulness=Awake, mWakeLockSummary=0x23, mUserActivitySummary=0x1, mBootCompleted=true, screenBrightnessOverride=NaN, useAutoBrightness=true, mScreenBrightnessBoostInProgress=false, mIsVrModeEnabled= false, sQuiescent=false
06-15 12:54:15.397 D/PowerManagerNotifier( 1357): onWakeLockAcquired: flags=1, tag="AudioMix", packageName=audioserver, ownerUid=1041, ownerPid=0, workSource=null
06-15 12:54:15.397 D/PowerManagerService( 1357): updateWakeLockWorkSourceInternal: lock=222258492 [AudioMix], ws=null
06-15 12:54:15.401 D/PowerManagerService( 1357): acquireWakeLockInternal: lock=222204613, flags=0x1, tag="AudioMix", ws=null, uid=1041, pid=0
06-15 12:54:15.401 D/PowerManagerService( 1357): updateWakeLockSummaryLocked: mWakefulness=Awake, mWakeLockSummary=0x23
06-15 12:54:15.401 D/PowerManagerService( 1357): updateUserActivitySummaryLocked: groupId=0, mWakefulness=Awake, mUserActivitySummary=0x1, nextTimeout=7114363 (in 43605 ms)
